2024-04-05T23:09:10.895+0000 7f9acaa00700 1 --2- >> [v2:172.21.15.29:3300/0,v1:172.21.15.29:6789/0] conn(0x7f9acc07be60 0x7f9acc07a2c0 unknown :-1 s=BANNER_CONNECTING pgs=0 cs=0 l=0 rev1=0 crypto rx=0 tx=0 comp rx=0 tx=0)._handle_peer_banner_payload supported=3 required=0
2024-04-05T23:09:12.061 INFO:teuthology.orchestra.run.smithi029.stdout:/usr/bin/ceph: stderr
2024-04-05T23:09:10.895+0000 7f9acaa00700 1 --2- >> [v2:172.21.15.29:3300/0,v1:172.21.15.29:6789/0] conn(0x7f9acc07be60 0x7f9acc07a2c0 unknown :-1 s=HELLO_CONNECTING pgs=0 cs=0 l=0 rev1=1 crypto rx=0 tx=0 comp rx=0 tx=0).handle_hello peer v2:172.21.15.29:3300/0 says I am v2:172.21.15.29:48448/0 (socket says 172.21.15.29:48448)
2024-04-05T23:09:12.061 INFO:teuthology.orchestra.run.smithi029.stdout:/usr/bin/ceph: stderr
2024-04-05T23:09:10.895+0000 7f9acaa00700 1 -- 172.21.15.29:0/1472379589 learned_addr learned my addr 172.21.15.29:0/1472379589 (peer_addr_for_me v2:172.21.15.29:0/0)
2024-04-05T23:09:12.061 INFO:teuthology.orchestra.run.smithi029.stdout:/usr/bin/ceph: stderr
2024-04-05T23:09:10.895+0000 7f9acaa00700 1 -- 172.21.15.29:0/1472379589 --> [v2:172.21.15.29:3300/0,v1:172.21.15.29:6789/0] -- mon_subscribe({config=0+,monmap=0+}) v3 -- 0x7f9acc07a9d0 con 0x7f9acc07be60
2024-04-05T23:09:12.061 INFO:teuthology.orchestra.run.smithi029.stdout:/usr/bin/ceph: stderr
2024-04-05T23:09:10.895+0000 7f9acaa00700 1 --2- 172.21.15.29:0/1472379589 >> [v2:172.21.15.29:3300/0,v1:172.21.15.29:6789/0] conn(0x7f9acc07be60 0x7f9acc07a2c0 secure :-1 s=READY pgs=16 cs=0 l=1 rev1=1 crypto rx=0x7f9abc0098a0 tx=0x7f9abc009bb0 comp rx=0 tx=0).ready entity=mon.0 client_cookie=7b099466f7b76139 server_cookie=0 in_seq=0 out_seq=0
2024-04-05T23:09:12.061 INFO:teuthology.orchestra.run.smithi029.stdout:/usr/bin/ceph: stderr
2024-04-05T23:09:10.896+0000 7f9ac9600700 1 -- 172.21.15.29:0/1472379589 <== mon.0 v2:172.21.15.29:3300/0 1 ==== mon_map magic: 0 v1 ==== 205+0+0 (secure 0 0 0) 0x7f9abc004160 con 0x7f9acc07be60
2024-04-05T23:09:12.062 INFO:teuthology.orchestra.run.smithi029.stdout:/usr/bin/ceph: stderr
2024-04-05T23:09:10.896+0000 7f9ac9600700 1 -- 172.21.15.29:0/1472379589 <== mon.0 v2:172.21.15.29:3300/0 2 ==== config(26 keys) v1 ==== 1074+0+0 (secure 0 0 0) 0x7f9abc0042c0 con 0x7f9acc07be60
2024-04-05T23:09:12.062 INFO:teuthology.orchestra.run.smithi029.stdout:/usr/bin/ceph: stderr
2024-04-05T23:09:10.896+0000 7f9ac9600700 1 -- 172.21.15.29:0/1472379589 <== mon.0 v2:172.21.15.29:3300/0 3 ==== mon_map magic: 0 v1 ==== 205+0+0 (secure 0 0 0) 0x7f9abc011a00 con 0x7f9acc07be60
2024-04-05T23:09:12.062 INFO:teuthology.orchestra.run.smithi029.stdout:/usr/bin/ceph: stderr
2024-04-05T23:09:10.896+0000 7f9ad1600700 1 -- 172.21.15.29:0/1472379589 >> [v2:172.21.15.29:3300/0,v1:172.21.15.29:6789/0] conn(0x7f9acc07be60 msgr2=0x7f9acc07a2c0 secure :-1 s=STATE_CONNECTION_ESTABLISHED l=1).mark_down
2024-04-05T23:09:12.062 INFO:teuthology.orchestra.run.smithi029.stdout:/usr/bin/ceph: stderr
2024-04-05T23:09:10.896+0000 7f9ad1600700 1 --2- 172.21.15.29:0/1472379589 >> [v2:172.21.15.29:3300/0,v1:172.21.15.29:6789/0] conn(0x7f9acc07be60 0x7f9acc07a2c0 secure :-1 s=READY pgs=16 cs=0 l=1 rev1=1 crypto rx=0x7f9abc0098a0 tx=0x7f9abc009bb0 comp rx=0 tx=0).stop
2024-04-05T23:09:12.062 INFO:teuthology.orchestra.run.smithi029.stdout:/usr/bin/ceph: stderr
2024-04-05T23:09:10.896+0000 7f9ad1600700 1 -- 172.21.15.29:0/1472379589 shutdown_connections
2024-04-05T23:09:12.062 INFO:teuthology.orchestra.run.smithi029.stdout:/usr/bin/ceph: stderr
2024-04-05T23:09:10.896+0000 7f9ad1600700 1 --2- 172.21.15.29:0/1472379589 >> [v2:172.21.15.29:3300/0,v1:172.21.15.29:6789/0] conn(0x7f9acc07be60 0x7f9acc07a2c0 unknown :-1 s=CLOSED pgs=16 cs=0 l=1 rev1=1 crypto rx=0 tx=0 comp rx=0 tx=0).stop
2024-04-05T23:09:12.062 INFO:teuthology.orchestra.run.smithi029.stdout:/usr/bin/ceph: stderr
2024-04-05T23:09:10.896+0000 7f9ad1600700 1 -- 172.21.15.29:0/1472379589 >> 172.21.15.29:0/1472379589 conn(0x7f9acc101bd0 msgr2=0x7f9acc104030 unknown :-1 s=STATE_NONE l=0).mark_down
2024-04-05T23:09:12.062 INFO:teuthology.orchestra.run.smithi029.stdout:/usr/bin/ceph: stderr
2024-04-05T23:09:10.896+0000 7f9ad1600700 1 -- 172.21.15.29:0/1472379589 shutdown_connections
2024-04-05T23:09:12.062 INFO:teuthology.orchestra.run.smithi029.stdout:/usr/bin/ceph: stderr
2024-04-05T23:09:10.896+0000 7f9ad1600700 1 -- 172.21.15.29:0/1472379589 wait complete.
2024-04-05T23:09:12.062 INFO:teuthology.orchestra.run.smithi029.stdout:/usr/bin/ceph: stderr
2024-04-05T23:09:10.897+0000 7f9ad1600700 1 Processor -- start
2024-04-05T23:09:12.062 INFO:teuthology.orchestra.run.smithi029.stdout:/usr/bin/ceph: stderr
2024-04-05T23:09:10.898+0000 7f9ad1600700 1 -- start start
2024-04-05T23:09:12.062 INFO:teuthology.orchestra.run.smithi029.stdout:/usr/bin/ceph: stderr
2024-04-05T23:09:10.898+0000 7f9ad1600700 1 --2- >> [v2:172.21.15.29:3300/0,v1:172.21.15.29:6789/0] conn(0x7f9acc07be60 0x7f9acc19c590 unknown :-1 s=NONE pgs=0 cs=0 l=1 rev1=0 crypto rx=0 tx=0 comp rx=0 tx=0).connect
2024-04-05T23:09:12.062 INFO:teuthology.orchestra.run.smithi029.stdout:/usr/bin/ceph: stderr
2024-04-05T23:09:10.898+0000 7f9ad1600700 1 -- --> [v2:172.21.15.29:3300/0,v1:172.21.15.29:6789/0] -- mon_getmap magic: 0 v1 -- 0x7f9acc19cad0 con 0x7f9acc07be60
2024-04-05T23:09:12.063 INFO:teuthology.orchestra.run.smithi029.stdout:/usr/bin/ceph: stderr
2024-04-05T23:09:10.898+0000 7f9acaa00700 1 --2- >> [v2:172.21.15.29:3300/0,v1:172.21.15.29:6789/0] conn(0x7f9acc07be60 0x7f9acc19c590 unknown :-1 s=BANNER_CONNECTING pgs=0 cs=0 l=1 rev1=0 crypto rx=0 tx=0 comp rx=0 tx=0)._handle_peer_banner_payload supported=3 required=0
2024-04-05T23:09:12.063 INFO:teuthology.orchestra.run.smithi029.stdout:/usr/bin/ceph: stderr
2024-04-05T23:09:10.898+0000 7f9acaa00700 1 --2- >> [v2:172.21.15.29:3300/0,v1:172.21.15.29:6789/0] conn(0x7f9acc07be60 0x7f9acc19c590 unknown :-1 s=HELLO_CONNECTING pgs=0 cs=0 l=1 rev1=1 crypto rx=0 tx=0 comp rx=0 tx=0).handle_hello peer v2:172.21.15.29:3300/0 says I am v2:172.21.15.29:48462/0 (socket says 172.21.15.29:48462)
2024-04-05T23:09:12.063 INFO:teuthology.orchestra.run.smithi029.stdout:/usr/bin/ceph: stderr
2024-04-05T23:09:10.898+0000 7f9acaa00700 1 -- 172.21.15.29:0/919288480 learned_addr learned my addr 172.21.15.29:0/919288480 (peer_addr_for_me v2:172.21.15.29:0/0)
2024-04-05T23:09:12.063 INFO:teuthology.orchestra.run.smithi029.stdout:/usr/bin/ceph: stderr
2024-04-05T23:09:10.898+0000 7f9acaa00700 1 -- 172.21.15.29:0/919288480 --> [v2:172.21.15.29:3300/0,v1:172.21.15.29:6789/0] -- mon_subscribe({config=0+,monmap=0+}) v3 -- 0x7f9abc009550 con 0x7f9acc07be60
2024-04-05T23:09:12.063 INFO:teuthology.orchestra.run.smithi029.stdout:/usr/bin/ceph: stderr
2024-04-05T23:09:10.899+0000 7f9acaa00700 1 --2- 172.21.15.29:0/919288480 >> [v2:172.21.15.29:3300/0,v1:172.21.15.29:6789/0] conn(0x7f9acc07be60 0x7f9acc19c590 secure :-1 s=READY pgs=17 cs=0 l=1 rev1=1 crypto rx=0x7f9abc009130 tx=0x7f9abc011ad0 comp rx=0 tx=0).ready entity=mon.0 client_cookie=0 server_cookie=0 in_seq=0 out_seq=0
2024-04-05T23:09:12.063 INFO:teuthology.orchestra.run.smithi029.stdout:/usr/bin/ceph: stderr
2024-04-05T23:09:10.899+0000 7f9ac3400700 1 -- 172.21.15.29:0/919288480 <== mon.0 v2:172.21.15.29:3300/0 1 ==== mon_map magic: 0 v1 ==== 205+0+0 (secure 0 0 0) 0x7f9abc003b70 con 0x7f9acc07be60
2024-04-05T23:09:12.063 INFO:teuthology.orchestra.run.smithi029.stdout:/usr/bin/ceph: stderr
2024-04-05T23:09:10.899+0000 7f9ac3400700 1 -- 172.21.15.29:0/919288480 <== mon.0 v2:172.21.15.29:3300/0 2 ==== config(26 keys) v1 ==== 1074+0+0 (secure 0 0 0) 0x7f9abc003cd0 con 0x7f9acc07be60
2024-04-05T23:09:12.063 INFO:teuthology.orchestra.run.smithi029.stdout:/usr/bin/ceph: stderr
2024-04-05T23:09:10.899+0000 7f9ad1600700 1 -- 172.21.15.29:0/919288480 --> [v2:172.21.15.29:3300/0,v1:172.21.15.29:6789/0] -- mon_subscribe({mgrmap=0+}) v3 -- 0x7f9acc19ccd0 con 0x7f9acc07be60
2024-04-05T23:09:12.063 INFO:teuthology.orchestra.run.smithi029.stdout:/usr/bin/ceph: stderr
2024-04-05T23:09:10.899+0000 7f9ac3400700 1 -- 172.21.15.29:0/919288480 <== mon.0 v2:172.21.15.29:3300/0 3 ==== mon_map magic: 0 v1 ==== 205+0+0 (secure 0 0 0) 0x7f9abc0197d0 con 0x7f9acc07be60
2024-04-05T23:09:12.063 INFO:teuthology.orchestra.run.smithi029.stdout:/usr/bin/ceph: stderr
2024-04-05T23:09:10.899+0000 7f9ad1600700 1 -- 172.21.15.29:0/919288480 --> [v2:172.21.15.29:3300/0,v1:172.21.15.29:6789/0] -- mon_subscribe({osdmap=0}) v3 -- 0x7f9acc19d170 con 0x7f9acc07be60
2024-04-05T23:09:12.063 INFO:teuthology.orchestra.run.smithi029.stdout:/usr/bin/ceph: stderr
2024-04-05T23:09:10.900+0000 7f9ac3400700 1 -- 172.21.15.29:0/919288480 <== mon.0 v2:172.21.15.29:3300/0 4 ==== mgrmap(e 4) v1 ==== 45530+0+0 (secure 0 0 0) 0x7f9abc01abb0 con 0x7f9acc07be60
2024-04-05T23:09:12.063 INFO:teuthology.orchestra.run.smithi029.stdout:/usr/bin/ceph: stderr
2024-04-05T23:09:10.900+0000 7f9ad1600700 1 -- 172.21.15.29:0/919288480 --> [v2:172.21.15.29:3300/0,v1:172.21.15.29:6789/0] -- mon_command({"prefix": "get_command_descriptions"} v 0) v1 -- 0x7f9acc10ca40 con 0x7f9acc07be60
2024-04-05T23:09:12.063 INFO:teuthology.orchestra.run.smithi029.stdout:/usr/bin/ceph: stderr
2024-04-05T23:09:10.900+0000 7f9ac3400700 1 --2- 172.21.15.29:0/919288480 >> [v2:172.21.15.29:6800/1191618865,v1:172.21.15.29:6801/1191618865] conn(0x7f9ab0038700 0x7f9ab003abc0 unknown :-1 s=NONE pgs=0 cs=0 l=1 rev1=0 crypto rx=0 tx=0 comp rx=0 tx=0).connect
2024-04-05T23:09:12.063 INFO:teuthology.orchestra.run.smithi029.stdout:/usr/bin/ceph: stderr
2024-04-05T23:09:10.900+0000 7f9ac3400700 1 -- 172.21.15.29:0/919288480 <== mon.0 v2:172.21.15.29:3300/0 5 ==== osd_map(1..1 src has 1..1) v4 ==== 725+0+0 (secure 0 0 0) 0x7f9abc04c8d0 con 0x7f9acc07be60
2024-04-05T23:09:12.064 INFO:teuthology.orchestra.run.smithi029.stdout:/usr/bin/ceph: stderr
2024-04-05T23:09:10.901+0000 7f9aca000700 1 --2- 172.21.15.29:0/919288480 >> [v2:172.21.15.29:6800/1191618865,v1:172.21.15.29:6801/1191618865] conn(0x7f9ab0038700 0x7f9ab003abc0 unknown :-1 s=BANNER_CONNECTING pgs=0 cs=0 l=1 rev1=0 crypto rx=0 tx=0 comp rx=0 tx=0)._handle_peer_banner_payload supported=3 required=0
2024-04-05T23:09:12.064 INFO:teuthology.orchestra.run.smithi029.stdout:/usr/bin/ceph: stderr
2024-04-05T23:09:10.901+0000 7f9aca000700 1 --2- 172.21.15.29:0/919288480 >> [v2:172.21.15.29:6800/1191618865,v1:172.21.15.29:6801/1191618865] conn(0x7f9ab0038700 0x7f9ab003abc0 secure :-1 s=READY pgs=7 cs=0 l=1 rev1=1 crypto rx=0x7f9ab8006fd0 tx=0x7f9ab8006e40 comp rx=0 tx=0).ready entity=mgr.14100 client_cookie=0 server_cookie=0 in_seq=0 out_seq=0
2024-04-05T23:09:12.064 INFO:teuthology.orchestra.run.smithi029.stdout:/usr/bin/ceph: stderr
2024-04-05T23:09:10.906+0000 7f9ac3400700 1 -- 172.21.15.29:0/919288480 <== mon.0 v2:172.21.15.29:3300/0 6 ==== mon_command_ack([{"prefix": "get_command_descriptions"}]=0 v0) v1 ==== 72+0+182936 (secure 0 0 0) 0x7f9abc01a430 con 0x7f9acc07be60
2024-04-05T23:09:12.064 INFO:teuthology.orchestra.run.smithi029.stdout:/usr/bin/ceph: stderr
2024-04-05T23:09:11.117+0000 7f9ad1600700 1 -- 172.21.15.29:0/919288480 --> [v2:172.21.15.29:3300/0,v1:172.21.15.29:6789/0] -- mon_command({"prefix": "config assimilate-conf"} v 0) v1 -- 0x7f9acc19fa60 con 0x7f9acc07be60
2024-04-05T23:09:12.064 INFO:teuthology.orchestra.run.smithi029.stdout:/usr/bin/ceph: stderr
2024-04-05T23:09:11.117+0000 7f9ac3400700 1 -- 172.21.15.29:0/919288480 <== mon.0 v2:172.21.15.29:3300/0 7 ==== mon_command_ack([{"prefix": "config assimilate-conf"}]=0 v3) v1 ==== 70+0+373 (secure 0 0 0) 0x7f9abc023370 con 0x7f9acc07be60
2024-04-05T23:09:12.064 INFO:teuthology.orchestra.run.smithi029.stdout:/usr/bin/ceph: stderr
2024-04-05T23:09:11.120+0000 7f9ad1600700 1 -- 172.21.15.29:0/919288480 >> [v2:172.21.15.29:6800/1191618865,v1:172.21.15.29:6801/1191618865] conn(0x7f9ab0038700 msgr2=0x7f9ab003abc0 secure :-1 s=STATE_CONNECTION_ESTABLISHED l=1).mark_down
2024-04-05T23:09:12.064 INFO:teuthology.orchestra.run.smithi029.stdout:/usr/bin/ceph: stderr
2024-04-05T23:09:11.120+0000 7f9ad1600700 1 --2- 172.21.15.29:0/919288480 >> [v2:172.21.15.29:6800/1191618865,v1:172.21.15.29:6801/1191618865] conn(0x7f9ab0038700 0x7f9ab003abc0 secure :-1 s=READY pgs=7 cs=0 l=1 rev1=1 crypto rx=0x7f9ab8006fd0 tx=0x7f9ab8006e40 comp rx=0 tx=0).stop
2024-04-05T23:09:12.064 INFO:teuthology.orchestra.run.smithi029.stdout:/usr/bin/ceph: stderr
2024-04-05T23:09:11.120+0000 7f9ad1600700 1 -- 172.21.15.29:0/919288480 >> [v2:172.21.15.29:3300/0,v1:172.21.15.29:6789/0] conn(0x7f9acc07be60 msgr2=0x7f9acc19c590 secure :-1 s=STATE_CONNECTION_ESTABLISHED l=1).mark_down
2024-04-05T23:09:12.064 INFO:teuthology.orchestra.run.smithi029.stdout:/usr/bin/ceph: stderr
2024-04-05T23:09:11.120+0000 7f9ad1600700 1 --2- 172.21.15.29:0/919288480 >> [v2:172.21.15.29:3300/0,v1:172.21.15.29:6789/0] conn(0x7f9acc07be60 0x7f9acc19c590 secure :-1 s=READY pgs=17 cs=0 l=1 rev1=1 crypto rx=0x7f9abc009130 tx=0x7f9abc011ad0 comp rx=0 tx=0).stop
2024-04-05T23:09:12.064 INFO:teuthology.orchestra.run.smithi029.stdout:/usr/bin/ceph: stderr
2024-04-05T23:09:11.120+0000 7f9ad1600700 1 -- 172.21.15.29:0/919288480 shutdown_connections
2024-04-05T23:09:12.064 INFO:teuthology.orchestra.run.smithi029.stdout:/usr/bin/ceph: stderr
2024-04-05T23:09:11.120+0000 7f9ad1600700 1 --2- 172.21.15.29:0/919288480 >> [v2:172.21.15.29:6800/1191618865,v1:172.21.15.29:6801/1191618865] conn(0x7f9ab0038700 0x7f9ab003abc0 unknown :-1 s=CLOSED pgs=7 cs=0 l=1 rev1=1 crypto rx=0 tx=0 comp rx=0 tx=0).stop
2024-04-05T23:09:12.064 INFO:teuthology.orchestra.run.smithi029.stdout:/usr/bin/ceph: stderr
2024-04-05T23:09:11.120+0000 7f9ad1600700 1 --2- 172.21.15.29:0/919288480 >> [v2:172.21.15.29:3300/0,v1:172.21.15.29:6789/0] conn(0x7f9acc07be60 0x7f9acc19c590 unknown :-1 s=CLOSED pgs=17 cs=0 l=1 rev1=1 crypto rx=0 tx=0 comp rx=0 tx=0).stop
2024-04-05T23:09:12.064 INFO:teuthology.orchestra.run.smithi029.stdout:/usr/bin/ceph: stderr
2024-04-05T23:09:11.120+0000 7f9ad1600700 1 -- 172.21.15.29:0/919288480 >> 172.21.15.29:0/919288480 conn(0x7f9acc101bd0 msgr2=0x7f9acc102840 unknown :-1 s=STATE_NONE l=0).mark_down
2024-04-05T23:09:12.064 INFO:teuthology.orchestra.run.smithi029.stdout:/usr/bin/ceph: stderr
2024-04-05T23:09:11.120+0000 7f9ad1600700 1 -- 172.21.15.29:0/919288480 shutdown_connections
2024-04-05T23:09:12.065 INFO:teuthology.orchestra.run.smithi029.stdout:/usr/bin/ceph: stderr
2024-04-05T23:09:11.120+0000 7f9ad1600700 1 -- 172.21.15.29:0/919288480 wait complete.
2024-04-05T23:09:12.065 INFO:teuthology.orchestra.run.smithi029.stdout:Enabling cephadm module...
2024-04-05T23:09:13.136 INFO:teuthology.orchestra.run.smithi029.stdout:/usr/bin/ceph: stderr
2024-04-05T23:09:12.462+0000 7f08c2000700 1 Processor -- start
2024-04-05T23:09:13.137 INFO:teuthology.orchestra.run.smithi029.stdout:/usr/bin/ceph: stderr
2024-04-05T23:09:12.462+0000 7f08c2000700 1 -- start start
2024-04-05T23:09:13.137 INFO:teuthology.orchestra.run.smithi029.stdout:/usr/bin/ceph: stderr
2024-04-05T23:09:12.463+0000 7f08c2000700 1 --2- >> [v2:172.21.15.29:3300/0,v1:172.21.15.29:6789/0] conn(0x7f08bc106660 0x7f08bc106a80 unknown :-1 s=NONE pgs=0 cs=0 l=0 rev1=0 crypto rx=0 tx=0 comp rx=0 tx=0).connect
2024-04-05T23:09:13.137 INFO:teuthology.orchestra.run.smithi029.stdout:/usr/bin/ceph: stderr
2024-04-05T23:09:12.463+0000 7f08c2000700 1 -- --> [v2:172.21.15.29:3300/0,v1:172.21.15.29:6789/0] -- mon_getmap magic: 0 v1 -- 0x7f08bc107050 con 0x7f08bc106660
2024-04-05T23:09:13.137 INFO:journalctl@ceph.mon.a.smithi029.stdout:Apr 05 23:09:12 smithi029 ceph-mon[38266]: from='client.? 172.21.15.29:0/821040082' entity='client.admin' cmd=[{"prefix": "mgr module enable", "module": "cephadm"}]: dispatch
2024-04-05T23:09:13.137 INFO:journalctl@ceph.mgr.x.smithi029.stdout:Apr 05 23:09:12 smithi029 ceph-54e8afec-f3a1-11ee-b649-cb9ed24678a4-mgr-x[38517]: ignoring --setuser ceph since I am not root
2024-04-05T23:09:13.137 INFO:journalctl@ceph.mgr.x.smithi029.stdout:Apr 05 23:09:12 smithi029 ceph-54e8afec-f3a1-11ee-b649-cb9ed24678a4-mgr-x[38517]: ignoring --setgroup ceph since I am not root
2024-04-05T23:09:13.143 INFO:teuthology.orchestra.run.smithi029.stdout:/usr/bin/ceph: stderr
2024-04-05T23:09:12.463+0000 7f08bb400700 1 --2- >> [v2:172.21.15.29:3300/0,v1:172.21.15.29:6789/0] conn(0x7f08bc106660 0x7f08bc106a80 unknown :-1 s=BANNER_CONNECTING pgs=0 cs=0 l=0 rev1=0 crypto rx=0 tx=0 comp rx=0 tx=0)._handle_peer_banner_payload supported=3 required=0
2024-04-05T23:09:13.143 INFO:teuthology.orchestra.run.smithi029.stdout:/usr/bin/ceph: stderr
2024-04-05T23:09:12.463+0000 7f08bb400700 1 --2- >> [v2:172.21.15.29:3300/0,v1:172.21.15.29:6789/0] conn(0x7f08bc106660 0x7f08bc106a80 unknown :-1 s=HELLO_CONNECTING pgs=0 cs=0 l=0 rev1=1 crypto rx=0 tx=0 comp rx=0 tx=0).handle_hello peer v2:172.21.15.29:3300/0 says I am v2:172.21.15.29:48476/0 (socket says 172.21.15.29:48476)
2024-04-05T23:09:13.143 INFO:teuthology.orchestra.run.smithi029.stdout:/usr/bin/ceph: stderr
2024-04-05T23:09:12.463+0000 7f08bb400700 1 -- 172.21.15.29:0/2567372835 learned_addr learned my addr 172.21.15.29:0/2567372835 (peer_addr_for_me v2:172.21.15.29:0/0)
2024-04-05T23:09:13.143 INFO:teuthology.orchestra.run.smithi029.stdout:/usr/bin/ceph: stderr
2024-04-05T23:09:12.464+0000 7f08bb400700 1 -- 172.21.15.29:0/2567372835 --> [v2:172.21.15.29:3300/0,v1:172.21.15.29:6789/0] -- mon_subscribe({config=0+,monmap=0+}) v3 -- 0x7f08bc107860 con 0x7f08bc106660
2024-04-05T23:09:13.143 INFO:teuthology.orchestra.run.smithi029.stdout:/usr/bin/ceph: stderr
2024-04-05T23:09:12.464+0000 7f08bb400700 1 --2- 172.21.15.29:0/2567372835 >> [v2:172.21.15.29:3300/0,v1:172.21.15.29:6789/0] conn(0x7f08bc106660 0x7f08bc106a80 secure :-1 s=READY pgs=18 cs=0 l=1 rev1=1 crypto rx=0x7f08ac0098a0 tx=0x7f08ac009bb0 comp rx=0 tx=0).ready entity=mon.0 client_cookie=31e73ba9405fb1fc server_cookie=0 in_seq=0 out_seq=0
2024-04-05T23:09:13.143 INFO:teuthology.orchestra.run.smithi029.stdout:/usr/bin/ceph: stderr
2024-04-05T23:09:12.464+0000 7f08ba000700 1 -- 172.21.15.29:0/2567372835 <== mon.0 v2:172.21.15.29:3300/0 1 ==== mon_map magic: 0 v1 ==== 205+0+0 (secure 0 0 0) 0x7f08ac004160 con 0x7f08bc106660
2024-04-05T23:09:13.143 INFO:teuthology.orchestra.run.smithi029.stdout:/usr/bin/ceph: stderr
2024-04-05T23:09:12.464+0000 7f08ba000700 1 -- 172.21.15.29:0/2567372835 <== mon.0 v2:172.21.15.29:3300/0 2 ==== config(26 keys) v1 ==== 1074+0+0 (secure 0 0 0) 0x7f08ac0042c0 con 0x7f08bc106660
2024-04-05T23:09:13.144 INFO:teuthology.orchestra.run.smithi029.stdout:/usr/bin/ceph: stderr
2024-04-05T23:09:12.464+0000 7f08ba000700 1 -- 172.21.15.29:0/2567372835 <== mon.0 v2:172.21.15.29:3300/0 3 ==== mon_map magic: 0 v1 ==== 205+0+0 (secure 0 0 0) 0x7f08ac011a00 con 0x7f08bc106660
2024-04-05T23:09:13.144 INFO:teuthology.orchestra.run.smithi029.stdout:/usr/bin/ceph: stderr
2024-04-05T23:09:12.465+0000 7f08c2000700 1 -- 172.21.15.29:0/2567372835 >> [v2:172.21.15.29:3300/0,v1:172.21.15.29:6789/0] conn(0x7f08bc106660 msgr2=0x7f08bc106a80 secure :-1 s=STATE_CONNECTION_ESTABLISHED l=1).mark_down
2024-04-05T23:09:13.144 INFO:teuthology.orchestra.run.smithi029.stdout:/usr/bin/ceph: stderr
2024-04-05T23:09:12.465+0000 7f08c2000700 1 --2- 172.21.15.29:0/2567372835 >> [v2:172.21.15.29:3300/0,v1:172.21.15.29:6789/0] conn(0x7f08bc106660 0x7f08bc106a80 secure :-1 s=READY pgs=18 cs=0 l=1 rev1=1 crypto rx=0x7f08ac0098a0 tx=0x7f08ac009bb0 comp rx=0 tx=0).stop
2024-04-05T23:09:13.144 INFO:teuthology.orchestra.run.smithi029.stdout:/usr/bin/ceph: stderr
2024-04-05T23:09:12.465+0000 7f08c2000700 1 -- 172.21.15.29:0/2567372835 shutdown_connections
2024-04-05T23:09:13.144 INFO:teuthology.orchestra.run.smithi029.stdout:/usr/bin/ceph: stderr
2024-04-05T23:09:12.465+0000 7f08c2000700 1 --2- 172.21.15.29:0/2567372835 >> [v2:172.21.15.29:3300/0,v1:172.21.15.29:6789/0] conn(0x7f08bc106660 0x7f08bc106a80 unknown :-1 s=CLOSED pgs=18 cs=0 l=1 rev1=1 crypto rx=0 tx=0 comp rx=0 tx=0).stop
2024-04-05T23:09:13.144 INFO:teuthology.orchestra.run.smithi029.stdout:/usr/bin/ceph: stderr
2024-04-05T23:09:12.465+0000 7f08c2000700 1 -- 172.21.15.29:0/2567372835 >> 172.21.15.29:0/2567372835 conn(0x7f08bc101c20 msgr2=0x7f08bc104040 unknown :-1 s=STATE_NONE l=0).mark_down
2024-04-05T23:09:13.144 INFO:teuthology.orchestra.run.smithi029.stdout:/usr/bin/ceph: stderr
2024-04-05T23:09:12.465+0000 7f08c2000700 1 -- 172.21.15.29:0/2567372835 shutdown_connections
2024-04-05T23:09:13.144 INFO:teuthology.orchestra.run.smithi029.stdout:/usr/bin/ceph: stderr
2024-04-05T23:09:12.465+0000 7f08c2000700 1 -- 172.21.15.29:0/2567372835 wait complete.
2024-04-05T23:09:13.144 INFO:teuthology.orchestra.run.smithi029.stdout:/usr/bin/ceph: stderr
2024-04-05T23:09:12.466+0000 7f08c2000700 1 Processor -- start
2024-04-05T23:09:13.144 INFO:teuthology.orchestra.run.smithi029.stdout:/usr/bin/ceph: stderr
2024-04-05T23:09:12.467+0000 7f08c2000700 1 -- start start
2024-04-05T23:09:13.144 INFO:teuthology.orchestra.run.smithi029.stdout:/usr/bin/ceph: stderr
2024-04-05T23:09:12.467+0000 7f08c2000700 1 --2- >> [v2:172.21.15.29:3300/0,v1:172.21.15.29:6789/0] conn(0x7f08bc106660 0x7f08bc19c620 unknown :-1 s=NONE pgs=0 cs=0 l=1 rev1=0 crypto rx=0 tx=0 comp rx=0 tx=0).connect
2024-04-05T23:09:13.144 INFO:teuthology.orchestra.run.smithi029.stdout:/usr/bin/ceph: stderr
2024-04-05T23:09:12.467+0000 7f08c2000700 1 -- --> [v2:172.21.15.29:3300/0,v1:172.21.15.29:6789/0] -- mon_getmap magic: 0 v1 -- 0x7f08bc19cb60 con 0x7f08bc106660
2024-04-05T23:09:13.144 INFO:teuthology.orchestra.run.smithi029.stdout:/usr/bin/ceph: stderr
2024-04-05T23:09:12.467+0000 7f08bb400700 1 --2- >> [v2:172.21.15.29:3300/0,v1:172.21.15.29:6789/0] conn(0x7f08bc106660 0x7f08bc19c620 unknown :-1 s=BANNER_CONNECTING pgs=0 cs=0 l=1 rev1=0 crypto rx=0 tx=0 comp rx=0 tx=0)._handle_peer_banner_payload supported=3 required=0
2024-04-05T23:09:13.145 INFO:teuthology.orchestra.run.smithi029.stdout:/usr/bin/ceph: stderr
2024-04-05T23:09:12.467+0000 7f08bb400700 1 --2- >> [v2:172.21.15.29:3300/0,v1:172.21.15.29:6789/0] conn(0x7f08bc106660 0x7f08bc19c620 unknown :-1 s=HELLO_CONNECTING pgs=0 cs=0 l=1 rev1=1 crypto rx=0 tx=0 comp rx=0 tx=0).handle_hello peer v2:172.21.15.29:3300/0 says I am v2:172.21.15.29:48490/0 (socket says 172.21.15.29:48490)
2024-04-05T23:09:13.145 INFO:teuthology.orchestra.run.smithi029.stdout:/usr/bin/ceph: stderr
2024-04-05T23:09:12.467+0000 7f08bb400700 1 -- 172.21.15.29:0/821040082 learned_addr learned my addr 172.21.15.29:0/821040082 (peer_addr_for_me v2:172.21.15.29:0/0)
2024-04-05T23:09:13.145 INFO:teuthology.orchestra.run.smithi029.stdout:/usr/bin/ceph: stderr
2024-04-05T23:09:12.468+0000 7f08bb400700 1 -- 172.21.15.29:0/821040082 --> [v2:172.21.15.29:3300/0,v1:172.21.15.29:6789/0] -- mon_subscribe({config=0+,monmap=0+}) v3 -- 0x7f08ac009550 con 0x7f08bc106660
2024-04-05T23:09:13.145 INFO:teuthology.orchestra.run.smithi029.stdout:/usr/bin/ceph: stderr
2024-04-05T23:09:12.468+0000 7f08bb400700 1 --2- 172.21.15.29:0/821040082 >> [v2:172.21.15.29:3300/0,v1:172.21.15.29:6789/0] conn(0x7f08bc106660 0x7f08bc19c620 secure :-1 s=READY pgs=19 cs=0 l=1 rev1=1 crypto rx=0x7f08ac011710 tx=0x7f08ac011ad0 comp rx=0 tx=0).ready entity=mon.0 client_cookie=0 server_cookie=0 in_seq=0 out_seq=0
2024-04-05T23:09:13.145 INFO:teuthology.orchestra.run.smithi029.stdout:/usr/bin/ceph: stderr
2024-04-05T23:09:12.468+0000 7f08b3e00700 1 -- 172.21.15.29:0/821040082 <== mon.0 v2:172.21.15.29:3300/0 1 ==== mon_map magic: 0 v1 ==== 205+0+0 (secure 0 0 0) 0x7f08ac003aa0 con 0x7f08bc106660
2024-04-05T23:09:13.145 INFO:teuthology.orchestra.run.smithi029.stdout:/usr/bin/ceph: stderr
2024-04-05T23:09:12.468+0000 7f08b3e00700 1 -- 172.21.15.29:0/821040082 <== mon.0 v2:172.21.15.29:3300/0 2 ==== config(26 keys) v1 ==== 1074+0+0 (secure 0 0 0) 0x7f08ac003c00 con 0x7f08bc106660
2024-04-05T23:09:13.145 INFO:teuthology.orchestra.run.smithi029.stdout:/usr/bin/ceph: stderr
2024-04-05T23:09:12.468+0000 7f08b3e00700 1 -- 172.21.15.29:0/821040082 <== mon.0 v2:172.21.15.29:3300/0 3 ==== mon_map magic: 0 v1 ==== 205+0+0 (secure 0 0 0) 0x7f08ac024800 con 0x7f08bc106660
2024-04-05T23:09:13.145 INFO:teuthology.orchestra.run.smithi029.stdout:/usr/bin/ceph: stderr
2024-04-05T23:09:12.468+0000 7f08c2000700 1 -- 172.21.15.29:0/821040082 --> [v2:172.21.15.29:3300/0,v1:172.21.15.29:6789/0] -- mon_subscribe({mgrmap=0+}) v3 -- 0x7f08bc19cd60 con 0x7f08bc106660
2024-04-05T23:09:13.145 INFO:teuthology.orchestra.run.smithi029.stdout:/usr/bin/ceph: stderr
2024-04-05T23:09:12.468+0000 7f08c2000700 1 -- 172.21.15.29:0/821040082 --> [v2:172.21.15.29:3300/0,v1:172.21.15.29:6789/0] -- mon_subscribe({osdmap=0}) v3 -- 0x7f08bc19d200 con 0x7f08bc106660
2024-04-05T23:09:13.145 INFO:teuthology.orchestra.run.smithi029.stdout:/usr/bin/ceph: stderr
2024-04-05T23:09:12.469+0000 7f08b3e00700 1 -- 172.21.15.29:0/821040082 <== mon.0 v2:172.21.15.29:3300/0 4 ==== mgrmap(e 4) v1 ==== 45530+0+0 (secure 0 0 0) 0x7f08ac01abd0 con 0x7f08bc106660
2024-04-05T23:09:13.145 INFO:teuthology.orchestra.run.smithi029.stdout:/usr/bin/ceph: stderr
2024-04-05T23:09:12.469+0000 7f08c2000700 1 -- 172.21.15.29:0/821040082 --> [v2:172.21.15.29:3300/0,v1:172.21.15.29:6789/0] -- mon_command({"prefix": "get_command_descriptions"} v 0) v1 -- 0x7f08bc10aa90 con 0x7f08bc106660
2024-04-05T23:09:13.145 INFO:teuthology.orchestra.run.smithi029.stdout:/usr/bin/ceph: stderr
2024-04-05T23:09:12.470+0000 7f08b3e00700 1 --2- 172.21.15.29:0/821040082 >> [v2:172.21.15.29:6800/1191618865,v1:172.21.15.29:6801/1191618865] conn(0x7f08a0038700 0x7f08a003abc0 unknown :-1 s=NONE pgs=0 cs=0 l=1 rev1=0 crypto rx=0 tx=0 comp rx=0 tx=0).connect
2024-04-05T23:09:13.145 INFO:teuthology.orchestra.run.smithi029.stdout:/usr/bin/ceph: stderr
2024-04-05T23:09:12.470+0000 7f08b3e00700 1 -- 172.21.15.29:0/821040082 <== mon.0 v2:172.21.15.29:3300/0 5 ==== osd_map(1..1 src has 1..1) v4 ==== 725+0+0 (secure 0 0 0) 0x7f08ac04c2d0 con 0x7f08bc106660
2024-04-05T23:09:13.145 INFO:teuthology.orchestra.run.smithi029.stdout:/usr/bin/ceph: stderr
2024-04-05T23:09:12.470+0000 7f08baa00700 1 --2- 172.21.15.29:0/821040082 >> [v2:172.21.15.29:6800/1191618865,v1:172.21.15.29:6801/1191618865] conn(0x7f08a0038700 0x7f08a003abc0 unknown :-1 s=BANNER_CONNECTING pgs=0 cs=0 l=1 rev1=0 crypto rx=0 tx=0 comp rx=0 tx=0)._handle_peer_banner_payload supported=3 required=0
2024-04-05T23:09:13.146 INFO:teuthology.orchestra.run.smithi029.stdout:/usr/bin/ceph: stderr
2024-04-05T23:09:12.471+0000 7f08baa00700 1 --2- 172.21.15.29:0/821040082 >> [v2:172.21.15.29:6800/1191618865,v1:172.21.15.29:6801/1191618865] conn(0x7f08a0038700 0x7f08a003abc0 secure :-1 s=READY pgs=8 cs=0 l=1 rev1=1 crypto rx=0x7f08a8006fd0 tx=0x7f08a8006e40 comp rx=0 tx=0).ready entity=mgr.14100 client_cookie=0 server_cookie=0 in_seq=0 out_seq=0
2024-04-05T23:09:13.146 INFO:teuthology.orchestra.run.smithi029.stdout:/usr/bin/ceph: stderr
2024-04-05T23:09:12.475+0000 7f08b3e00700 1 -- 172.21.15.29:0/821040082 <== mon.0 v2:172.21.15.29:3300/0 6 ==== mon_command_ack([{"prefix": "get_command_descriptions"}]=0 v0) v1 ==== 72+0+182936 (secure 0 0 0) 0x7f08ac02cb40 con 0x7f08bc106660
2024-04-05T23:09:13.146 INFO:teuthology.orchestra.run.smithi029.stdout:/usr/bin/ceph: stderr
2024-04-05T23:09:12.742+0000 7f08c2000700 1 -- 172.21.15.29:0/821040082 --> [v2:172.21.15.29:3300/0,v1:172.21.15.29:6789/0] -- mon_command({"prefix": "mgr module enable", "module": "cephadm"} v 0) v1 -- 0x7f08bc19faf0 con 0x7f08bc106660
2024-04-05T23:09:13.146 INFO:teuthology.orchestra.run.smithi029.stdout:/usr/bin/ceph: stderr
2024-04-05T23:09:12.785+0000 7f08b3e00700 1 -- 172.21.15.29:0/821040082 <== mon.0 v2:172.21.15.29:3300/0 7 ==== mgrmap(e 5) v1 ==== 45541+0+0 (secure 0 0 0) 0x7f08ac01a7b0 con 0x7f08bc106660
2024-04-05T23:09:13.146 INFO:teuthology.orchestra.run.smithi029.stdout:/usr/bin/ceph: stderr
2024-04-05T23:09:12.786+0000 7f08b3e00700 1 -- 172.21.15.29:0/821040082 <== mon.0 v2:172.21.15.29:3300/0 8 ==== mon_command_ack([{"prefix": "mgr module enable", "module": "cephadm"}]=0 v5) v1 ==== 86+0+0 (secure 0 0 0) 0x7f08ac04c030 con 0x7f08bc106660
2024-04-05T23:09:13.146 INFO:teuthology.orchestra.run.smithi029.stdout:/usr/bin/ceph: stderr
2024-04-05T23:09:12.789+0000 7f08c2000700 1 -- 172.21.15.29:0/821040082 >> [v2:172.21.15.29:6800/1191618865,v1:172.21.15.29:6801/1191618865] conn(0x7f08a0038700 msgr2=0x7f08a003abc0 secure :-1 s=STATE_CONNECTION_ESTABLISHED l=1).mark_down
2024-04-05T23:09:13.146 INFO:teuthology.orchestra.run.smithi029.stdout:/usr/bin/ceph: stderr
2024-04-05T23:09:12.789+0000 7f08c2000700 1 --2- 172.21.15.29:0/821040082 >> [v2:172.21.15.29:6800/1191618865,v1:172.21.15.29:6801/1191618865] conn(0x7f08a0038700 0x7f08a003abc0 secure :-1 s=READY pgs=8 cs=0 l=1 rev1=1 crypto rx=0x7f08a8006fd0 tx=0x7f08a8006e40 comp rx=0 tx=0).stop
2024-04-05T23:09:13.146 INFO:teuthology.orchestra.run.smithi029.stdout:/usr/bin/ceph: stderr
2024-04-05T23:09:12.789+0000 7f08c2000700 1 -- 172.21.15.29:0/821040082 >> [v2:172.21.15.29:3300/0,v1:172.21.15.29:6789/0] conn(0x7f08bc106660 msgr2=0x7f08bc19c620 secure :-1 s=STATE_CONNECTION_ESTABLISHED l=1).mark_down
2024-04-05T23:09:13.146 INFO:teuthology.orchestra.run.smithi029.stdout:/usr/bin/ceph: stderr
2024-04-05T23:09:12.789+0000 7f08c2000700 1 --2- 172.21.15.29:0/821040082 >> [v2:172.21.15.29:3300/0,v1:172.21.15.29:6789/0] conn(0x7f08bc106660 0x7f08bc19c620 secure :-1 s=READY pgs=19 cs=0 l=1 rev1=1 crypto rx=0x7f08ac011710 tx=0x7f08ac011ad0 comp rx=0 tx=0).stop
2024-04-05T23:09:13.147 INFO:teuthology.orchestra.run.smithi029.stdout:/usr/bin/ceph: stderr
2024-04-05T23:09:12.789+0000 7f08c2000700 1 -- 172.21.15.29:0/821040082 shutdown_connections
2024-04-05T23:09:13.147 INFO:teuthology.orchestra.run.smithi029.stdout:/usr/bin/ceph: stderr
2024-04-05T23:09:12.789+0000 7f08c2000700 1 --2- 172.21.15.29:0/821040082 >> [v2:172.21.15.29:6800/1191618865,v1:172.21.15.29:6801/1191618865] conn(0x7f08a0038700 0x7f08a003abc0 unknown :-1 s=CLOSED pgs=8 cs=0 l=1 rev1=1 crypto rx=0 tx=0 comp rx=0 tx=0).stop
2024-04-05T23:09:13.147 INFO:teuthology.orchestra.run.smithi029.stdout:/usr/bin/ceph: stderr
2024-04-05T23:09:12.789+0000 7f08c2000700 1 --2- 172.21.15.29:0/821040082 >> [v2:172.21.15.29:3300/0,v1:172.21.15.29:6789/0] conn(0x7f08bc106660 0x7f08bc19c620 unknown :-1 s=CLOSED pgs=19 cs=0 l=1 rev1=1 crypto rx=0 tx=0 comp rx=0 tx=0).stop
2024-04-05T23:09:13.147 INFO:teuthology.orchestra.run.smithi029.stdout:/usr/bin/ceph: stderr
2024-04-05T23:09:12.789+0000 7f08c2000700 1 -- 172.21.15.29:0/821040082 >> 172.21.15.29:0/821040082 conn(0x7f08bc101c20 msgr2=0x7f08bc1027b0 unknown :-1 s=STATE_NONE l=0).mark_down
2024-04-05T23:09:13.147 INFO:teuthology.orchestra.run.smithi029.stdout:/usr/bin/ceph: stderr
2024-04-05T23:09:12.789+0000 7f08c2000700 1 -- 172.21.15.29:0/821040082 shutdown_connections
2024-04-05T23:09:13.147 INFO:teuthology.orchestra.run.smithi029.stdout:/usr/bin/ceph: stderr
2024-04-05T23:09:12.789+0000 7f08c2000700 1 -- 172.21.15.29:0/821040082 wait complete.
2024-04-05T23:09:13.772 INFO:journalctl@ceph.mgr.x.smithi029.stdout:Apr 05 23:09:13 smithi029 ceph-54e8afec-f3a1-11ee-b649-cb9ed24678a4-mgr-x[38517]:
2024-04-05T23:09:13.412+0000 7fd6a6691200 -1 mgr[py] Module prometheus has missing NOTIFY_TYPES member
2024-04-05T23:09:13.772 INFO:journalctl@ceph.mgr.x.smithi029.stdout:Apr 05 23:09:13 smithi029 ceph-54e8afec-f3a1-11ee-b649-cb9ed24678a4-mgr-x[38517]:
2024-04-05T23:09:13.540+0000 7fd6a6691200 -1 mgr[py] Module alerts has missing NOTIFY_TYPES member
2024-04-05T23:09:13.773 INFO:journalctl@ceph.mgr.x.smithi029.stdout:Apr 05 23:09:13 smithi029 ceph-54e8afec-f3a1-11ee-b649-cb9ed24678a4-mgr-x[38517]:
2024-04-05T23:09:13.662+0000 7fd6a6691200 -1 mgr[py] Module osd_perf_query has missing NOTIFY_TYPES member
2024-04-05T23:09:14.119 INFO:journalctl@ceph.mon.a.smithi029.stdout:Apr 05 23:09:13 smithi029 ceph-mon[38266]: from='client.? 172.21.15.29:0/821040082' entity='client.admin' cmd='[{"prefix": "mgr module enable", "module": "cephadm"}]': finished
2024-04-05T23:09:14.119 INFO:journalctl@ceph.mon.a.smithi029.stdout:Apr 05 23:09:13 smithi029 ceph-mon[38266]: mgrmap e5: x(active, since 4s)
2024-04-05T23:09:14.119 INFO:journalctl@ceph.mgr.x.smithi029.stdout:Apr 05 23:09:13 smithi029 ceph-54e8afec-f3a1-11ee-b649-cb9ed24678a4-mgr-x[38517]:
2024-04-05T23:09:13.776+0000 7fd6a6691200 -1 mgr[py] Module progress has missing NOTIFY_TYPES member
2024-04-05T23:09:14.272 INFO:teuthology.orchestra.run.smithi029.stdout:/usr/bin/ceph: stdout {
2024-04-05T23:09:14.272 INFO:teuthology.orchestra.run.smithi029.stdout:/usr/bin/ceph: stdout "epoch": 5,
2024-04-05T23:09:14.273 INFO:teuthology.orchestra.run.smithi029.stdout:/usr/bin/ceph: stdout "available": true,
2024-04-05T23:09:14.273 INFO:teuthology.orchestra.run.smithi029.stdout:/usr/bin/ceph: stdout "active_name": "x",
2024-04-05T23:09:14.273 INFO:teuthology.orchestra.run.smithi029.stdout:/usr/bin/ceph: stdout "num_standby": 0
2024-04-05T23:09:14.273 INFO:teuthology.orchestra.run.smithi029.stdout:/usr/bin/ceph: stdout }
2024-04-05T23:09:14.273 INFO:teuthology.orchestra.run.smithi029.stdout:/usr/bin/ceph: stderr
2024-04-05T23:09:13.604+0000 7fbbdba00700 1 Processor -- start
2024-04-05T23:09:14.273 INFO:teuthology.orchestra.run.smithi029.stdout:/usr/bin/ceph: stderr
2024-04-05T23:09:13.604+0000 7fbbdba00700 1 -- start start
2024-04-05T23:09:14.273 INFO:teuthology.orchestra.run.smithi029.stdout:/usr/bin/ceph: stderr
2024-04-05T23:09:13.604+0000 7fbbdba00700 1 --2- >> [v2:172.21.15.29:3300/0,v1:172.21.15.29:6789/0] conn(0x7fbbd4106650 0x7fbbd4106a70 unknown :-1 s=NONE pgs=0 cs=0 l=0 rev1=0 crypto rx=0 tx=0 comp rx=0 tx=0).connect
2024-04-05T23:09:14.273 INFO:teuthology.orchestra.run.smithi029.stdout:/usr/bin/ceph: stderr
2024-04-05T23:09:13.604+0000 7fbbdba00700 1 -- --> [v2:172.21.15.29:3300/0,v1:172.21.15.29:6789/0] -- mon_getmap magic: 0 v1 -- 0x7fbbd4107040 con 0x7fbbd4106650
2024-04-05T23:09:14.273 INFO:teuthology.orchestra.run.smithi029.stdout:/usr/bin/ceph: stderr
2024-04-05T23:09:13.605+0000 7fbbd9000700 1 --2- >> [v2:172.21.15.29:3300/0,v1:172.21.15.29:6789/0] conn(0x7fbbd4106650 0x7fbbd4106a70 unknown :-1 s=BANNER_CONNECTING pgs=0 cs=0 l=0 rev1=0 crypto rx=0 tx=0 comp rx=0 tx=0)._handle_peer_banner_payload supported=3 required=0
2024-04-05T23:09:14.273 INFO:teuthology.orchestra.run.smithi029.stdout:/usr/bin/ceph: stderr
2024-04-05T23:09:13.605+0000 7fbbd9000700 1 --2- >> [v2:172.21.15.29:3300/0,v1:172.21.15.29:6789/0] conn(0x7fbbd4106650 0x7fbbd4106a70 unknown :-1 s=HELLO_CONNECTING pgs=0 cs=0 l=0 rev1=1 crypto rx=0 tx=0 comp rx=0 tx=0).handle_hello peer v2:172.21.15.29:3300/0 says I am v2:172.21.15.29:48518/0 (socket says 172.21.15.29:48518)
2024-04-05T23:09:14.273 INFO:teuthology.orchestra.run.smithi029.stdout:/usr/bin/ceph: stderr
2024-04-05T23:09:13.605+0000 7fbbd9000700 1 -- 172.21.15.29:0/1486247007 learned_addr learned my addr 172.21.15.29:0/1486247007 (peer_addr_for_me v2:172.21.15.29:0/0)
2024-04-05T23:09:14.273 INFO:teuthology.orchestra.run.smithi029.stdout:/usr/bin/ceph: stderr
2024-04-05T23:09:13.605+0000 7fbbd9000700 1 -- 172.21.15.29:0/1486247007 --> [v2:172.21.15.29:3300/0,v1:172.21.15.29:6789/0] -- mon_subscribe({config=0+,monmap=0+}) v3 -- 0x7fbbd4107850 con 0x7fbbd4106650
2024-04-05T23:09:14.273 INFO:teuthology.orchestra.run.smithi029.stdout:/usr/bin/ceph: stderr
2024-04-05T23:09:13.605+0000 7fbbd9000700 1 --2- 172.21.15.29:0/1486247007 >> [v2:172.21.15.29:3300/0,v1:172.21.15.29:6789/0] conn(0x7fbbd4106650 0x7fbbd4106a70 secure :-1 s=READY pgs=22 cs=0 l=1 rev1=1 crypto rx=0x7fbbc80098a0 tx=0x7fbbc8009bb0 comp rx=0 tx=0).ready entity=mon.0 client_cookie=c8d8781e540d712d server_cookie=0 in_seq=0 out_seq=0
2024-04-05T23:09:14.274 INFO:teuthology.orchestra.run.smithi029.stdout:/usr/bin/ceph: stderr
2024-04-05T23:09:13.606+0000 7fbbd3400700 1 -- 172.21.15.29:0/1486247007 <== mon.0 v2:172.21.15.29:3300/0 1 ==== mon_map magic: 0 v1 ==== 205+0+0 (secure 0 0 0) 0x7fbbc8004160 con 0x7fbbd4106650
2024-04-05T23:09:14.274 INFO:teuthology.orchestra.run.smithi029.stdout:/usr/bin/ceph: stderr
2024-04-05T23:09:13.606+0000 7fbbd3400700 1 -- 172.21.15.29:0/1486247007 <== mon.0 v2:172.21.15.29:3300/0 2 ==== config(26 keys) v1 ==== 1074+0+0 (secure 0 0 0) 0x7fbbc80042c0 con 0x7fbbd4106650
2024-04-05T23:09:14.274 INFO:teuthology.orchestra.run.smithi029.stdout:/usr/bin/ceph: stderr
2024-04-05T23:09:13.606+0000 7fbbd3400700 1 -- 172.21.15.29:0/1486247007 <== mon.0 v2:172.21.15.29:3300/0 3 ==== mon_map magic: 0 v1 ==== 205+0+0 (secure 0 0 0) 0x7fbbc8011a00 con 0x7fbbd4106650
2024-04-05T23:09:14.274 INFO:teuthology.orchestra.run.smithi029.stdout:/usr/bin/ceph: stderr
2024-04-05T23:09:13.606+0000 7fbbdba00700 1 -- 172.21.15.29:0/1486247007 >> [v2:172.21.15.29:3300/0,v1:172.21.15.29:6789/0] conn(0x7fbbd4106650 msgr2=0x7fbbd4106a70 secure :-1 s=STATE_CONNECTION_ESTABLISHED l=1).mark_down
2024-04-05T23:09:14.274 INFO:teuthology.orchestra.run.smithi029.stdout:/usr/bin/ceph: stderr
2024-04-05T23:09:13.606+0000 7fbbdba00700 1 --2- 172.21.15.29:0/1486247007 >> [v2:172.21.15.29:3300/0,v1:172.21.15.29:6789/0] conn(0x7fbbd4106650 0x7fbbd4106a70 secure :-1 s=READY pgs=22 cs=0 l=1 rev1=1 crypto rx=0x7fbbc80098a0 tx=0x7fbbc8009bb0 comp rx=0 tx=0).stop
2024-04-05T23:09:14.274 INFO:teuthology.orchestra.run.smithi029.stdout:/usr/bin/ceph: stderr
2024-04-05T23:09:13.606+0000 7fbbdba00700 1 -- 172.21.15.29:0/1486247007 shutdown_connections
2024-04-05T23:09:14.274 INFO:teuthology.orchestra.run.smithi029.stdout:/usr/bin/ceph: stderr
2024-04-05T23:09:13.606+0000 7fbbdba00700 1 --2- 172.21.15.29:0/1486247007 >> [v2:172.21.15.29:3300/0,v1:172.21.15.29:6789/0] conn(0x7fbbd4106650 0x7fbbd4106a70 unknown :-1 s=CLOSED pgs=22 cs=0 l=1 rev1=1 crypto rx=0 tx=0 comp rx=0 tx=0).stop
2024-04-05T23:09:14.274 INFO:teuthology.orchestra.run.smithi029.stdout:/usr/bin/ceph: stderr
2024-04-05T23:09:13.606+0000 7fbbdba00700 1 -- 172.21.15.29:0/1486247007 >> 172.21.15.29:0/1486247007 conn(0x7fbbd4101bd0 msgr2=0x7fbbd4104030 unknown :-1 s=STATE_NONE l=0).mark_down
2024-04-05T23:09:14.274 INFO:teuthology.orchestra.run.smithi029.stdout:/usr/bin/ceph: stderr
2024-04-05T23:09:13.607+0000 7fbbdba00700 1 -- 172.21.15.29:0/1486247007 shutdown_connections
2024-04-05T23:09:14.274 INFO:teuthology.orchestra.run.smithi029.stdout:/usr/bin/ceph: stderr
2024-04-05T23:09:13.607+0000 7fbbdba00700 1 -- 172.21.15.29:0/1486247007 wait complete.
2024-04-05T23:09:14.274 INFO:teuthology.orchestra.run.smithi029.stdout:/usr/bin/ceph: stderr
2024-04-05T23:09:13.608+0000 7fbbdba00700 1 Processor -- start
2024-04-05T23:09:14.274 INFO:teuthology.orchestra.run.smithi029.stdout:/usr/bin/ceph: stderr
2024-04-05T23:09:13.608+0000 7fbbdba00700 1 -- start start
2024-04-05T23:09:14.274 INFO:teuthology.orchestra.run.smithi029.stdout:/usr/bin/ceph: stderr
2024-04-05T23:09:13.608+0000 7fbbdba00700 1 --2- >> [v2:172.21.15.29:3300/0,v1:172.21.15.29:6789/0] conn(0x7fbbd4106650 0x7fbbd419c5b0 unknown :-1 s=NONE pgs=0 cs=0 l=1 rev1=0 crypto rx=0 tx=0 comp rx=0 tx=0).connect
2024-04-05T23:09:14.274 INFO:teuthology.orchestra.run.smithi029.stdout:/usr/bin/ceph: stderr
2024-04-05T23:09:13.608+0000 7fbbdba00700 1 -- --> [v2:172.21.15.29:3300/0,v1:172.21.15.29:6789/0] -- mon_getmap magic: 0 v1 -- 0x7fbbd419caf0 con 0x7fbbd4106650
2024-04-05T23:09:14.275 INFO:teuthology.orchestra.run.smithi029.stdout:/usr/bin/ceph: stderr
2024-04-05T23:09:13.608+0000 7fbbd9000700 1 --2- >> [v2:172.21.15.29:3300/0,v1:172.21.15.29:6789/0] conn(0x7fbbd4106650 0x7fbbd419c5b0 unknown :-1 s=BANNER_CONNECTING pgs=0 cs=0 l=1 rev1=0 crypto rx=0 tx=0 comp rx=0 tx=0)._handle_peer_banner_payload supported=3 required=0
2024-04-05T23:09:14.275 INFO:teuthology.orchestra.run.smithi029.stdout:/usr/bin/ceph: stderr
2024-04-05T23:09:13.609+0000 7fbbd9000700 1 --2- >> [v2:172.21.15.29:3300/0,v1:172.21.15.29:6789/0] conn(0x7fbbd4106650 0x7fbbd419c5b0 unknown :-1 s=HELLO_CONNECTING pgs=0 cs=0 l=1 rev1=1 crypto rx=0 tx=0 comp rx=0 tx=0).handle_hello peer v2:172.21.15.29:3300/0 says I am v2:172.21.15.29:48522/0 (socket says 172.21.15.29:48522)
2024-04-05T23:09:14.275 INFO:teuthology.orchestra.run.smithi029.stdout:/usr/bin/ceph: stderr
2024-04-05T23:09:13.609+0000 7fbbd9000700 1 -- 172.21.15.29:0/3377462652 learned_addr learned my addr 172.21.15.29:0/3377462652 (peer_addr_for_me v2:172.21.15.29:0/0)
2024-04-05T23:09:14.275 INFO:teuthology.orchestra.run.smithi029.stdout:/usr/bin/ceph: stderr
2024-04-05T23:09:13.609+0000 7fbbd9000700 1 -- 172.21.15.29:0/3377462652 --> [v2:172.21.15.29:3300/0,v1:172.21.15.29:6789/0] -- mon_subscribe({config=0+,monmap=0+}) v3 -- 0x7fbbc8009550 con 0x7fbbd4106650
2024-04-05T23:09:14.275 INFO:teuthology.orchestra.run.smithi029.stdout:/usr/bin/ceph: stderr
2024-04-05T23:09:13.609+0000 7fbbd9000700 1 --2- 172.21.15.29:0/3377462652 >> [v2:172.21.15.29:3300/0,v1:172.21.15.29:6789/0] conn(0x7fbbd4106650 0x7fbbd419c5b0 secure :-1 s=READY pgs=23 cs=0 l=1 rev1=1 crypto rx=0x7fbbc8009130 tx=0x7fbbc8011ad0 comp rx=0 tx=0).ready entity=mon.0 client_cookie=0 server_cookie=0 in_seq=0 out_seq=0
2024-04-05T23:09:14.275 INFO:teuthology.orchestra.run.smithi029.stdout:/usr/bin/ceph: stderr
2024-04-05T23:09:13.609+0000 7fbbd1600700 1 -- 172.21.15.29:0/3377462652 <== mon.0 v2:172.21.15.29:3300/0 1 ==== mon_map magic: 0 v1 ==== 205+0+0 (secure 0 0 0) 0x7fbbc8003ab0 con 0x7fbbd4106650
2024-04-05T23:09:14.275 INFO:teuthology.orchestra.run.smithi029.stdout:/usr/bin/ceph: stderr
2024-04-05T23:09:13.609+0000 7fbbd1600700 1 -- 172.21.15.29:0/3377462652 <== mon.0 v2:172.21.15.29:3300/0 2 ==== config(26 keys) v1 ==== 1074+0+0 (secure 0 0 0) 0x7fbbc8003c10 con 0x7fbbd4106650
2024-04-05T23:09:14.275 INFO:teuthology.orchestra.run.smithi029.stdout:/usr/bin/ceph: stderr
2024-04-05T23:09:13.609+0000 7fbbdba00700 1 -- 172.21.15.29:0/3377462652 --> [v2:172.21.15.29:3300/0,v1:172.21.15.29:6789/0] -- mon_subscribe({mgrmap=0+}) v3 -- 0x7fbbd419ccf0 con 0x7fbbd4106650
2024-04-05T23:09:14.275 INFO:teuthology.orchestra.run.smithi029.stdout:/usr/bin/ceph: stderr
2024-04-05T23:09:13.610+0000 7fbbd1600700 1 -- 172.21.15.29:0/3377462652 <== mon.0 v2:172.21.15.29:3300/0 3 ==== mon_map magic: 0 v1 ==== 205+0+0 (secure 0 0 0) 0x7fbbc80247d0 con 0x7fbbd4106650
2024-04-05T23:09:14.275 INFO:teuthology.orchestra.run.smithi029.stdout:/usr/bin/ceph: stderr
2024-04-05T23:09:13.610+0000 7fbbdba00700 1 -- 172.21.15.29:0/3377462652 --> [v2:172.21.15.29:3300/0,v1:172.21.15.29:6789/0] -- mon_subscribe({osdmap=0}) v3 -- 0x7fbbd419d190 con 0x7fbbd4106650
2024-04-05T23:09:14.275 INFO:teuthology.orchestra.run.smithi029.stdout:/usr/bin/ceph: stderr
2024-04-05T23:09:13.611+0000 7fbbd1600700 1 -- 172.21.15.29:0/3377462652 <== mon.0 v2:172.21.15.29:3300/0 4 ==== mgrmap(e 5) v1 ==== 45541+0+0 (secure 0 0 0) 0x7fbbc801a430 con 0x7fbbd4106650
2024-04-05T23:09:14.275 INFO:teuthology.orchestra.run.smithi029.stdout:/usr/bin/ceph: stderr
2024-04-05T23:09:13.611+0000 7fbbc6a00700 1 -- 172.21.15.29:0/3377462652 --> [v2:172.21.15.29:3300/0,v1:172.21.15.29:6789/0] -- mon_command({"prefix": "get_command_descriptions"} v 0) v1 -- 0x7fbbd410aa80 con 0x7fbbd4106650
2024-04-05T23:09:14.275 INFO:teuthology.orchestra.run.smithi029.stdout:/usr/bin/ceph: stderr
2024-04-05T23:09:13.611+0000 7fbbd1600700 1 --2- 172.21.15.29:0/3377462652 >> [v2:172.21.15.29:6800/1191618865,v1:172.21.15.29:6801/1191618865] conn(0x7fbbbc038750 0x7fbbbc03ac10 unknown :-1 s=NONE pgs=0 cs=0 l=1 rev1=0 crypto rx=0 tx=0 comp rx=0 tx=0).connect
2024-04-05T23:09:14.275 INFO:teuthology.orchestra.run.smithi029.stdout:/usr/bin/ceph: stderr
2024-04-05T23:09:13.611+0000 7fbbd1600700 1 -- 172.21.15.29:0/3377462652 <== mon.0 v2:172.21.15.29:3300/0 5 ==== osd_map(1..1 src has 1..1) v4 ==== 725+0+0 (secure 0 0 0) 0x7fbbc804c470 con 0x7fbbd4106650
2024-04-05T23:09:14.276 INFO:teuthology.orchestra.run.smithi029.stdout:/usr/bin/ceph: stderr
2024-04-05T23:09:13.611+0000 7fbbd3e00700 1 -- 172.21.15.29:0/3377462652 >> [v2:172.21.15.29:6800/1191618865,v1:172.21.15.29:6801/1191618865] conn(0x7fbbbc038750 msgr2=0x7fbbbc03ac10 unknown :-1 s=STATE_CONNECTING_RE l=1).process reconnect failed to v2:172.21.15.29:6800/1191618865
2024-04-05T23:09:14.276 INFO:teuthology.orchestra.run.smithi029.stdout:/usr/bin/ceph: stderr
2024-04-05T23:09:13.611+0000 7fbbd3e00700 1 --2- 172.21.15.29:0/3377462652 >> [v2:172.21.15.29:6800/1191618865,v1:172.21.15.29:6801/1191618865] conn(0x7fbbbc038750 0x7fbbbc03ac10 unknown :-1 s=START_CONNECT pgs=0 cs=0 l=1 rev1=0 crypto rx=0 tx=0 comp rx=0 tx=0)._fault waiting 0.200000
2024-04-05T23:09:14.276 INFO:teuthology.orchestra.run.smithi029.stdout:/usr/bin/ceph: stderr
2024-04-05T23:09:13.616+0000 7fbbd1600700 1 -- 172.21.15.29:0/3377462652 <== mon.0 v2:172.21.15.29:3300/0 6 ==== mon_command_ack([{"prefix": "get_command_descriptions"}]=0 v0) v1 ==== 72+0+182936 (secure 0 0 0) 0x7fbbc8018b40 con 0x7fbbd4106650
2024-04-05T23:09:14.276 INFO:teuthology.orchestra.run.smithi029.stdout:/usr/bin/ceph: stderr
2024-04-05T23:09:13.812+0000 7fbbd3e00700 1 -- 172.21.15.29:0/3377462652 >> [v2:172.21.15.29:6800/1191618865,v1:172.21.15.29:6801/1191618865] conn(0x7fbbbc038750 msgr2=0x7fbbbc03ac10 unknown :-1 s=STATE_CONNECTING_RE l=1).process reconnect failed to v2:172.21.15.29:6800/1191618865
2024-04-05T23:09:14.276 INFO:teuthology.orchestra.run.smithi029.stdout:/usr/bin/ceph: stderr
2024-04-05T23:09:13.812+0000 7fbbd3e00700 1 --2- 172.21.15.29:0/3377462652 >> [v2:172.21.15.29:6800/1191618865,v1:172.21.15.29:6801/1191618865] conn(0x7fbbbc038750 0x7fbbbc03ac10 unknown :-1 s=START_CONNECT pgs=0 cs=0 l=1 rev1=0 crypto rx=0 tx=0 comp rx=0 tx=0)._fault waiting 0.400000
2024-04-05T23:09:14.276 INFO:teuthology.orchestra.run.smithi029.stdout:/usr/bin/ceph: stderr
2024-04-05T23:09:13.887+0000 7fbbc6a00700 1 -- 172.21.15.29:0/3377462652 --> [v2:172.21.15.29:3300/0,v1:172.21.15.29:6789/0] -- mon_command({"prefix": "mgr stat"} v 0) v1 -- 0x7fbbd4061d70 con 0x7fbbd4106650
2024-04-05T23:09:14.276 INFO:teuthology.orchestra.run.smithi029.stdout:/usr/bin/ceph: stderr
2024-04-05T23:09:13.887+0000 7fbbd1600700 1 -- 172.21.15.29:0/3377462652 <== mon.0 v2:172.21.15.29:3300/0 7 ==== mon_command_ack([{"prefix": "mgr stat"}]=0 v5) v1 ==== 56+0+88 (secure 0 0 0) 0x7fbbc8018b40 con 0x7fbbd4106650
2024-04-05T23:09:14.276 INFO:teuthology.orchestra.run.smithi029.stdout:/usr/bin/ceph: stderr
2024-04-05T23:09:13.890+0000 7fbbc6a00700 1 -- 172.21.15.29:0/3377462652 >> [v2:172.21.15.29:6800/1191618865,v1:172.21.15.29:6801/1191618865] conn(0x7fbbbc038750 msgr2=0x7fbbbc03ac10 unknown :-1 s=STATE_CONNECTING l=1).mark_down
2024-04-05T23:09:14.276 INFO:teuthology.orchestra.run.smithi029.stdout:/usr/bin/ceph: stderr
2024-04-05T23:09:13.890+0000 7fbbc6a00700 1 --2- 172.21.15.29:0/3377462652 >> [v2:172.21.15.29:6800/1191618865,v1:172.21.15.29:6801/1191618865] conn(0x7fbbbc038750 0x7fbbbc03ac10 unknown :-1 s=START_CONNECT pgs=0 cs=0 l=1 rev1=0 crypto rx=0 tx=0 comp rx=0 tx=0).stop
2024-04-05T23:09:14.276 INFO:teuthology.orchestra.run.smithi029.stdout:/usr/bin/ceph: stderr
2024-04-05T23:09:13.890+0000 7fbbc6a00700 1 -- 172.21.15.29:0/3377462652 >> [v2:172.21.15.29:3300/0,v1:172.21.15.29:6789/0] conn(0x7fbbd4106650 msgr2=0x7fbbd419c5b0 secure :-1 s=STATE_CONNECTION_ESTABLISHED l=1).mark_down
2024-04-05T23:09:14.276 INFO:teuthology.orchestra.run.smithi029.stdout:/usr/bin/ceph: stderr
2024-04-05T23:09:13.890+0000 7fbbc6a00700 1 --2- 172.21.15.29:0/3377462652 >> [v2:172.21.15.29:3300/0,v1:172.21.15.29:6789/0] conn(0x7fbbd4106650 0x7fbbd419c5b0 secure :-1 s=READY pgs=23 cs=0 l=1 rev1=1 crypto rx=0x7fbbc8009130 tx=0x7fbbc8011ad0 comp rx=0 tx=0).stop
2024-04-05T23:09:14.276 INFO:teuthology.orchestra.run.smithi029.stdout:/usr/bin/ceph: stderr
2024-04-05T23:09:13.890+0000 7fbbc6a00700 1 -- 172.21.15.29:0/3377462652 shutdown_connections
2024-04-05T23:09:14.276 INFO:teuthology.orchestra.run.smithi029.stdout:/usr/bin/ceph: stderr
2024-04-05T23:09:13.890+0000 7fbbc6a00700 1 --2- 172.21.15.29:0/3377462652 >> [v2:172.21.15.29:6800/1191618865,v1:172.21.15.29:6801/1191618865] conn(0x7fbbbc038750 0x7fbbbc03ac10 unknown :-1 s=CLOSED pgs=0 cs=0 l=1 rev1=0 crypto rx=0 tx=0 comp rx=0 tx=0).stop
2024-04-05T23:09:14.276 INFO:teuthology.orchestra.run.smithi029.stdout:/usr/bin/ceph: stderr
2024-04-05T23:09:13.890+0000 7fbbc6a00700 1 --2- 172.21.15.29:0/3377462652 >> [v2:172.21.15.29:3300/0,v1:172.21.15.29:6789/0] conn(0x7fbbd4106650 0x7fbbd419c5b0 unknown :-1 s=CLOSED pgs=23 cs=0 l=1 rev1=1 crypto rx=0 tx=0 comp rx=0 tx=0).stop
2024-04-05T23:09:14.277 INFO:teuthology.orchestra.run.smithi029.stdout:/usr/bin/ceph: stderr
2024-04-05T23:09:13.890+0000 7fbbc6a00700 1 -- 172.21.15.29:0/3377462652 >> 172.21.15.29:0/3377462652 conn(0x7fbbd4101bd0 msgr2=0x7fbbd4102790 unknown :-1 s=STATE_NONE l=0).mark_down
2024-04-05T23:09:14.277 INFO:teuthology.orchestra.run.smithi029.stdout:/usr/bin/ceph: stderr
2024-04-05T23:09:13.890+0000 7fbbc6a00700 1 -- 172.21.15.29:0/3377462652 shutdown_connections
2024-04-05T23:09:14.277 INFO:teuthology.orchestra.run.smithi029.stdout:/usr/bin/ceph: stderr
2024-04-05T23:09:13.890+0000 7fbbc6a00700 1 -- 172.21.15.29:0/3377462652 wait complete.
2024-04-05T23:09:14.277 INFO:teuthology.orchestra.run.smithi029.stdout:Waiting for the mgr to restart...
2024-04-05T23:09:14.277 INFO:teuthology.orchestra.run.smithi029.stdout:Waiting for mgr epoch 5...
2024-04-05T23:09:15.023 INFO:journalctl@ceph.mon.a.smithi029.stdout:Apr 05 23:09:14 smithi029 ceph-mon[38266]: from='client.? 172.21.15.29:0/3377462652' entity='client.admin' cmd=[{"prefix": "mgr stat"}]: dispatch
2024-04-05T23:09:15.023 INFO:journalctl@ceph.mgr.x.smithi029.stdout:Apr 05 23:09:14 smithi029 ceph-54e8afec-f3a1-11ee-b649-cb9ed24678a4-mgr-x[38517]:
2024-04-05T23:09:14.703+0000 7fd6a6691200 -1 mgr[py] Module orchestrator has missing NOTIFY_TYPES member
2024-04-05T23:09:15.283 INFO:journalctl@ceph.mgr.x.smithi029.stdout:Apr 05 23:09:15 smithi029 ceph-54e8afec-f3a1-11ee-b649-cb9ed24678a4-mgr-x[38517]:
2024-04-05T23:09:15.028+0000 7fd6a6691200 -1 mgr[py] Module nfs has missing NOTIFY_TYPES member
