2024-04-05T23:09:52.097 INFO:teuthology.orchestra.run.smithi029.stdout:Saving cluster configuration to /var/lib/ceph/54e8afec-f3a1-11ee-b649-cb9ed24678a4/config directory
2024-04-05T23:09:52.097 INFO:teuthology.orchestra.run.smithi029.stdout:Enabling autotune for osd_memory_target
2024-04-05T23:09:52.922 INFO:journalctl@ceph.mon.a.smithi029.stdout:Apr 05 23:09:52 smithi029 ceph-mon[38266]: from='client.? 172.21.15.29:0/1347439750' entity='client.admin' cmd=[{"prefix": "config get", "who": "mgr", "key": "mgr/dashboard/ssl_server_port"}]: dispatch
2024-04-05T23:09:53.084 INFO:teuthology.orchestra.run.smithi029.stdout:/usr/bin/ceph: stderr
2024-04-05T23:09:52.525+0000 7f3ab2a00700 1 Processor -- start
2024-04-05T23:09:53.085 INFO:teuthology.orchestra.run.smithi029.stdout:/usr/bin/ceph: stderr
2024-04-05T23:09:52.526+0000 7f3ab2a00700 1 -- start start
2024-04-05T23:09:53.085 INFO:teuthology.orchestra.run.smithi029.stdout:/usr/bin/ceph: stderr
2024-04-05T23:09:52.526+0000 7f3ab2a00700 1 --2- >> [v2:172.21.15.29:3300/0,v1:172.21.15.29:6789/0] conn(0x7f3aac07be60 0x7f3aac07a2c0 unknown :-1 s=NONE pgs=0 cs=0 l=0 rev1=0 crypto rx=0 tx=0 comp rx=0 tx=0).connect
2024-04-05T23:09:53.085 INFO:teuthology.orchestra.run.smithi029.stdout:/usr/bin/ceph: stderr
2024-04-05T23:09:52.526+0000 7f3ab2a00700 1 -- --> [v2:172.21.15.29:3300/0,v1:172.21.15.29:6789/0] -- mon_getmap magic: 0 v1 -- 0x7f3aac07a890 con 0x7f3aac07be60
2024-04-05T23:09:53.085 INFO:teuthology.orchestra.run.smithi029.stdout:/usr/bin/ceph: stderr
2024-04-05T23:09:52.526+0000 7f3aabe00700 1 --2- >> [v2:172.21.15.29:3300/0,v1:172.21.15.29:6789/0] conn(0x7f3aac07be60 0x7f3aac07a2c0 unknown :-1 s=BANNER_CONNECTING pgs=0 cs=0 l=0 rev1=0 crypto rx=0 tx=0 comp rx=0 tx=0)._handle_peer_banner_payload supported=3 required=0
2024-04-05T23:09:53.085 INFO:teuthology.orchestra.run.smithi029.stdout:/usr/bin/ceph: stderr
2024-04-05T23:09:52.527+0000 7f3aabe00700 1 --2- >> [v2:172.21.15.29:3300/0,v1:172.21.15.29:6789/0] conn(0x7f3aac07be60 0x7f3aac07a2c0 unknown :-1 s=HELLO_CONNECTING pgs=0 cs=0 l=0 rev1=1 crypto rx=0 tx=0 comp rx=0 tx=0).handle_hello peer v2:172.21.15.29:3300/0 says I am v2:172.21.15.29:53378/0 (socket says 172.21.15.29:53378)
2024-04-05T23:09:53.085 INFO:teuthology.orchestra.run.smithi029.stdout:/usr/bin/ceph: stderr
2024-04-05T23:09:52.527+0000 7f3aabe00700 1 -- 172.21.15.29:0/1583687890 learned_addr learned my addr 172.21.15.29:0/1583687890 (peer_addr_for_me v2:172.21.15.29:0/0)
2024-04-05T23:09:53.085 INFO:teuthology.orchestra.run.smithi029.stdout:/usr/bin/ceph: stderr
2024-04-05T23:09:52.527+0000 7f3aabe00700 1 -- 172.21.15.29:0/1583687890 --> [v2:172.21.15.29:3300/0,v1:172.21.15.29:6789/0] -- mon_subscribe({config=0+,monmap=0+}) v3 -- 0x7f3aac07a9d0 con 0x7f3aac07be60
2024-04-05T23:09:53.085 INFO:teuthology.orchestra.run.smithi029.stdout:/usr/bin/ceph: stderr
2024-04-05T23:09:52.527+0000 7f3aabe00700 1 --2- 172.21.15.29:0/1583687890 >> [v2:172.21.15.29:3300/0,v1:172.21.15.29:6789/0] conn(0x7f3aac07be60 0x7f3aac07a2c0 secure :-1 s=READY pgs=72 cs=0 l=1 rev1=1 crypto rx=0x7f3a9c0098a0 tx=0x7f3a9c009bb0 comp rx=0 tx=0).ready entity=mon.0 client_cookie=5cbc31121b840c92 server_cookie=0 in_seq=0 out_seq=0
2024-04-05T23:09:53.085 INFO:teuthology.orchestra.run.smithi029.stdout:/usr/bin/ceph: stderr
2024-04-05T23:09:52.527+0000 7f3aaaa00700 1 -- 172.21.15.29:0/1583687890 <== mon.0 v2:172.21.15.29:3300/0 1 ==== mon_map magic: 0 v1 ==== 205+0+0 (secure 0 0 0) 0x7f3a9c004160 con 0x7f3aac07be60
2024-04-05T23:09:53.085 INFO:teuthology.orchestra.run.smithi029.stdout:/usr/bin/ceph: stderr
2024-04-05T23:09:52.527+0000 7f3aaaa00700 1 -- 172.21.15.29:0/1583687890 <== mon.0 v2:172.21.15.29:3300/0 2 ==== config(26 keys) v1 ==== 1105+0+0 (secure 0 0 0) 0x7f3a9c0042c0 con 0x7f3aac07be60
2024-04-05T23:09:53.085 INFO:teuthology.orchestra.run.smithi029.stdout:/usr/bin/ceph: stderr
2024-04-05T23:09:52.527+0000 7f3aaaa00700 1 -- 172.21.15.29:0/1583687890 <== mon.0 v2:172.21.15.29:3300/0 3 ==== mon_map magic: 0 v1 ==== 205+0+0 (secure 0 0 0) 0x7f3a9c0119b0 con 0x7f3aac07be60
2024-04-05T23:09:53.085 INFO:teuthology.orchestra.run.smithi029.stdout:/usr/bin/ceph: stderr
2024-04-05T23:09:52.528+0000 7f3ab2a00700 1 -- 172.21.15.29:0/1583687890 >> [v2:172.21.15.29:3300/0,v1:172.21.15.29:6789/0] conn(0x7f3aac07be60 msgr2=0x7f3aac07a2c0 secure :-1 s=STATE_CONNECTION_ESTABLISHED l=1).mark_down
2024-04-05T23:09:53.086 INFO:teuthology.orchestra.run.smithi029.stdout:/usr/bin/ceph: stderr
2024-04-05T23:09:52.528+0000 7f3ab2a00700 1 --2- 172.21.15.29:0/1583687890 >> [v2:172.21.15.29:3300/0,v1:172.21.15.29:6789/0] conn(0x7f3aac07be60 0x7f3aac07a2c0 secure :-1 s=READY pgs=72 cs=0 l=1 rev1=1 crypto rx=0x7f3a9c0098a0 tx=0x7f3a9c009bb0 comp rx=0 tx=0).stop
2024-04-05T23:09:53.086 INFO:teuthology.orchestra.run.smithi029.stdout:/usr/bin/ceph: stderr
2024-04-05T23:09:52.528+0000 7f3ab2a00700 1 -- 172.21.15.29:0/1583687890 shutdown_connections
2024-04-05T23:09:53.086 INFO:teuthology.orchestra.run.smithi029.stdout:/usr/bin/ceph: stderr
2024-04-05T23:09:52.528+0000 7f3ab2a00700 1 --2- 172.21.15.29:0/1583687890 >> [v2:172.21.15.29:3300/0,v1:172.21.15.29:6789/0] conn(0x7f3aac07be60 0x7f3aac07a2c0 unknown :-1 s=CLOSED pgs=72 cs=0 l=1 rev1=1 crypto rx=0 tx=0 comp rx=0 tx=0).stop
2024-04-05T23:09:53.086 INFO:teuthology.orchestra.run.smithi029.stdout:/usr/bin/ceph: stderr
2024-04-05T23:09:52.528+0000 7f3ab2a00700 1 -- 172.21.15.29:0/1583687890 >> 172.21.15.29:0/1583687890 conn(0x7f3aac101c20 msgr2=0x7f3aac104040 unknown :-1 s=STATE_NONE l=0).mark_down
2024-04-05T23:09:53.086 INFO:teuthology.orchestra.run.smithi029.stdout:/usr/bin/ceph: stderr
2024-04-05T23:09:52.528+0000 7f3ab2a00700 1 -- 172.21.15.29:0/1583687890 shutdown_connections
2024-04-05T23:09:53.086 INFO:teuthology.orchestra.run.smithi029.stdout:/usr/bin/ceph: stderr
2024-04-05T23:09:52.528+0000 7f3ab2a00700 1 -- 172.21.15.29:0/1583687890 wait complete.
2024-04-05T23:09:53.086 INFO:teuthology.orchestra.run.smithi029.stdout:/usr/bin/ceph: stderr
2024-04-05T23:09:52.529+0000 7f3ab2a00700 1 Processor -- start
2024-04-05T23:09:53.086 INFO:teuthology.orchestra.run.smithi029.stdout:/usr/bin/ceph: stderr
2024-04-05T23:09:52.529+0000 7f3ab2a00700 1 -- start start
2024-04-05T23:09:53.086 INFO:teuthology.orchestra.run.smithi029.stdout:/usr/bin/ceph: stderr
2024-04-05T23:09:52.530+0000 7f3ab2a00700 1 --2- >> [v2:172.21.15.29:3300/0,v1:172.21.15.29:6789/0] conn(0x7f3aac07be60 0x7f3aac19c610 unknown :-1 s=NONE pgs=0 cs=0 l=1 rev1=0 crypto rx=0 tx=0 comp rx=0 tx=0).connect
2024-04-05T23:09:53.086 INFO:teuthology.orchestra.run.smithi029.stdout:/usr/bin/ceph: stderr
2024-04-05T23:09:52.530+0000 7f3ab2a00700 1 -- --> [v2:172.21.15.29:3300/0,v1:172.21.15.29:6789/0] -- mon_getmap magic: 0 v1 -- 0x7f3aac19cb50 con 0x7f3aac07be60
2024-04-05T23:09:53.086 INFO:teuthology.orchestra.run.smithi029.stdout:/usr/bin/ceph: stderr
2024-04-05T23:09:52.530+0000 7f3aabe00700 1 --2- >> [v2:172.21.15.29:3300/0,v1:172.21.15.29:6789/0] conn(0x7f3aac07be60 0x7f3aac19c610 unknown :-1 s=BANNER_CONNECTING pgs=0 cs=0 l=1 rev1=0 crypto rx=0 tx=0 comp rx=0 tx=0)._handle_peer_banner_payload supported=3 required=0
2024-04-05T23:09:53.086 INFO:teuthology.orchestra.run.smithi029.stdout:/usr/bin/ceph: stderr
2024-04-05T23:09:52.530+0000 7f3aabe00700 1 --2- >> [v2:172.21.15.29:3300/0,v1:172.21.15.29:6789/0] conn(0x7f3aac07be60 0x7f3aac19c610 unknown :-1 s=HELLO_CONNECTING pgs=0 cs=0 l=1 rev1=1 crypto rx=0 tx=0 comp rx=0 tx=0).handle_hello peer v2:172.21.15.29:3300/0 says I am v2:172.21.15.29:53388/0 (socket says 172.21.15.29:53388)
2024-04-05T23:09:53.086 INFO:teuthology.orchestra.run.smithi029.stdout:/usr/bin/ceph: stderr
2024-04-05T23:09:52.530+0000 7f3aabe00700 1 -- 172.21.15.29:0/3487979492 learned_addr learned my addr 172.21.15.29:0/3487979492 (peer_addr_for_me v2:172.21.15.29:0/0)
2024-04-05T23:09:53.086 INFO:teuthology.orchestra.run.smithi029.stdout:/usr/bin/ceph: stderr
2024-04-05T23:09:52.530+0000 7f3aabe00700 1 -- 172.21.15.29:0/3487979492 --> [v2:172.21.15.29:3300/0,v1:172.21.15.29:6789/0] -- mon_subscribe({config=0+,monmap=0+}) v3 -- 0x7f3a9c009550 con 0x7f3aac07be60
2024-04-05T23:09:53.087 INFO:teuthology.orchestra.run.smithi029.stdout:/usr/bin/ceph: stderr
2024-04-05T23:09:52.530+0000 7f3aabe00700 1 --2- 172.21.15.29:0/3487979492 >> [v2:172.21.15.29:3300/0,v1:172.21.15.29:6789/0] conn(0x7f3aac07be60 0x7f3aac19c610 secure :-1 s=READY pgs=73 cs=0 l=1 rev1=1 crypto rx=0x7f3a9c011980 tx=0x7f3a9c011a60 comp rx=0 tx=0).ready entity=mon.0 client_cookie=0 server_cookie=0 in_seq=0 out_seq=0
2024-04-05T23:09:53.087 INFO:teuthology.orchestra.run.smithi029.stdout:/usr/bin/ceph: stderr
2024-04-05T23:09:52.531+0000 7f3aa8c00700 1 -- 172.21.15.29:0/3487979492 <== mon.0 v2:172.21.15.29:3300/0 1 ==== mon_map magic: 0 v1 ==== 205+0+0 (secure 0 0 0) 0x7f3a9c003af0 con 0x7f3aac07be60
2024-04-05T23:09:53.087 INFO:teuthology.orchestra.run.smithi029.stdout:/usr/bin/ceph: stderr
2024-04-05T23:09:52.531+0000 7f3aa8c00700 1 -- 172.21.15.29:0/3487979492 <== mon.0 v2:172.21.15.29:3300/0 2 ==== config(26 keys) v1 ==== 1105+0+0 (secure 0 0 0) 0x7f3a9c003c50 con 0x7f3aac07be60
2024-04-05T23:09:53.087 INFO:teuthology.orchestra.run.smithi029.stdout:/usr/bin/ceph: stderr
2024-04-05T23:09:52.531+0000 7f3aa8c00700 1 -- 172.21.15.29:0/3487979492 <== mon.0 v2:172.21.15.29:3300/0 3 ==== mon_map magic: 0 v1 ==== 205+0+0 (secure 0 0 0) 0x7f3a9c019760 con 0x7f3aac07be60
2024-04-05T23:09:53.087 INFO:teuthology.orchestra.run.smithi029.stdout:/usr/bin/ceph: stderr
2024-04-05T23:09:52.531+0000 7f3ab2a00700 1 -- 172.21.15.29:0/3487979492 --> [v2:172.21.15.29:3300/0,v1:172.21.15.29:6789/0] -- mon_subscribe({mgrmap=0+}) v3 -- 0x7f3aac19cd50 con 0x7f3aac07be60
2024-04-05T23:09:53.087 INFO:teuthology.orchestra.run.smithi029.stdout:/usr/bin/ceph: stderr
2024-04-05T23:09:52.531+0000 7f3ab2a00700 1 -- 172.21.15.29:0/3487979492 --> [v2:172.21.15.29:3300/0,v1:172.21.15.29:6789/0] -- mon_subscribe({osdmap=0}) v3 -- 0x7f3aac19d1f0 con 0x7f3aac07be60
2024-04-05T23:09:53.087 INFO:teuthology.orchestra.run.smithi029.stdout:/usr/bin/ceph: stderr
2024-04-05T23:09:52.532+0000 7f3ab2a00700 1 -- 172.21.15.29:0/3487979492 --> [v2:172.21.15.29:3300/0,v1:172.21.15.29:6789/0] -- mon_command({"prefix": "get_command_descriptions"} v 0) v1 -- 0x7f3aac10caa0 con 0x7f3aac07be60
2024-04-05T23:09:53.087 INFO:teuthology.orchestra.run.smithi029.stdout:/usr/bin/ceph: stderr
2024-04-05T23:09:52.532+0000 7f3aa8c00700 1 -- 172.21.15.29:0/3487979492 <== mon.0 v2:172.21.15.29:3300/0 4 ==== mgrmap(e 12) v1 ==== 45554+0+0 (secure 0 0 0) 0x7f3a9c01ab10 con 0x7f3aac07be60
2024-04-05T23:09:53.087 INFO:teuthology.orchestra.run.smithi029.stdout:/usr/bin/ceph: stderr
2024-04-05T23:09:52.532+0000 7f3aa8c00700 1 --2- 172.21.15.29:0/3487979492 >> [v2:172.21.15.29:6800/1286355401,v1:172.21.15.29:6801/1286355401] conn(0x7f3a900387a0 0x7f3a9003ac60 unknown :-1 s=NONE pgs=0 cs=0 l=1 rev1=0 crypto rx=0 tx=0 comp rx=0 tx=0).connect
2024-04-05T23:09:53.087 INFO:teuthology.orchestra.run.smithi029.stdout:/usr/bin/ceph: stderr
2024-04-05T23:09:52.532+0000 7f3aa8c00700 1 -- 172.21.15.29:0/3487979492 <== mon.0 v2:172.21.15.29:3300/0 5 ==== osd_map(3..3 src has 1..3) v4 ==== 1155+0+0 (secure 0 0 0) 0x7f3a9c04cb50 con 0x7f3aac07be60
2024-04-05T23:09:53.087 INFO:teuthology.orchestra.run.smithi029.stdout:/usr/bin/ceph: stderr
2024-04-05T23:09:52.532+0000 7f3aab400700 1 --2- 172.21.15.29:0/3487979492 >> [v2:172.21.15.29:6800/1286355401,v1:172.21.15.29:6801/1286355401] conn(0x7f3a900387a0 0x7f3a9003ac60 unknown :-1 s=BANNER_CONNECTING pgs=0 cs=0 l=1 rev1=0 crypto rx=0 tx=0 comp rx=0 tx=0)._handle_peer_banner_payload supported=3 required=0
2024-04-05T23:09:53.087 INFO:teuthology.orchestra.run.smithi029.stdout:/usr/bin/ceph: stderr
2024-04-05T23:09:52.533+0000 7f3aab400700 1 --2- 172.21.15.29:0/3487979492 >> [v2:172.21.15.29:6800/1286355401,v1:172.21.15.29:6801/1286355401] conn(0x7f3a900387a0 0x7f3a9003ac60 secure :-1 s=READY pgs=10 cs=0 l=1 rev1=1 crypto rx=0x7f3a98006fd0 tx=0x7f3a98006e40 comp rx=0 tx=0).ready entity=mgr.14148 client_cookie=0 server_cookie=0 in_seq=0 out_seq=0
2024-04-05T23:09:53.087 INFO:teuthology.orchestra.run.smithi029.stdout:/usr/bin/ceph: stderr
2024-04-05T23:09:52.537+0000 7f3aa8c00700 1 -- 172.21.15.29:0/3487979492 <== mon.0 v2:172.21.15.29:3300/0 6 ==== mon_command_ack([{"prefix": "get_command_descriptions"}]=0 v0) v1 ==== 72+0+182936 (secure 0 0 0) 0x7f3a9c01a430 con 0x7f3aac07be60
2024-04-05T23:09:53.087 INFO:teuthology.orchestra.run.smithi029.stdout:/usr/bin/ceph: stderr
2024-04-05T23:09:52.750+0000 7f3ab2a00700 1 -- 172.21.15.29:0/3487979492 --> [v2:172.21.15.29:3300/0,v1:172.21.15.29:6789/0] -- mon_command([{prefix=config set, name=osd_memory_target_autotune}] v 0) v1 -- 0x7f3aac10ccb0 con 0x7f3aac07be60
2024-04-05T23:09:53.088 INFO:teuthology.orchestra.run.smithi029.stdout:/usr/bin/ceph: stderr
2024-04-05T23:09:52.751+0000 7f3aa8c00700 1 -- 172.21.15.29:0/3487979492 <== mon.0 v2:172.21.15.29:3300/0 7 ==== mon_command_ack([{prefix=config set, name=osd_memory_target_autotune}]=0 v8)=0 v8) v1 ==== 127+0+0 (secure 0 0 0) 0x7f3a9c02db40 con 0x7f3aac07be60
2024-04-05T23:09:53.088 INFO:teuthology.orchestra.run.smithi029.stdout:/usr/bin/ceph: stderr
2024-04-05T23:09:52.753+0000 7f3ab2a00700 1 -- 172.21.15.29:0/3487979492 >> [v2:172.21.15.29:6800/1286355401,v1:172.21.15.29:6801/1286355401] conn(0x7f3a900387a0 msgr2=0x7f3a9003ac60 secure :-1 s=STATE_CONNECTION_ESTABLISHED l=1).mark_down
2024-04-05T23:09:53.088 INFO:teuthology.orchestra.run.smithi029.stdout:/usr/bin/ceph: stderr
2024-04-05T23:09:52.753+0000 7f3ab2a00700 1 --2- 172.21.15.29:0/3487979492 >> [v2:172.21.15.29:6800/1286355401,v1:172.21.15.29:6801/1286355401] conn(0x7f3a900387a0 0x7f3a9003ac60 secure :-1 s=READY pgs=10 cs=0 l=1 rev1=1 crypto rx=0x7f3a98006fd0 tx=0x7f3a98006e40 comp rx=0 tx=0).stop
2024-04-05T23:09:53.088 INFO:teuthology.orchestra.run.smithi029.stdout:/usr/bin/ceph: stderr
2024-04-05T23:09:52.753+0000 7f3ab2a00700 1 -- 172.21.15.29:0/3487979492 >> [v2:172.21.15.29:3300/0,v1:172.21.15.29:6789/0] conn(0x7f3aac07be60 msgr2=0x7f3aac19c610 secure :-1 s=STATE_CONNECTION_ESTABLISHED l=1).mark_down
2024-04-05T23:09:53.088 INFO:teuthology.orchestra.run.smithi029.stdout:/usr/bin/ceph: stderr
2024-04-05T23:09:52.753+0000 7f3ab2a00700 1 --2- 172.21.15.29:0/3487979492 >> [v2:172.21.15.29:3300/0,v1:172.21.15.29:6789/0] conn(0x7f3aac07be60 0x7f3aac19c610 secure :-1 s=READY pgs=73 cs=0 l=1 rev1=1 crypto rx=0x7f3a9c011980 tx=0x7f3a9c011a60 comp rx=0 tx=0).stop
2024-04-05T23:09:53.088 INFO:teuthology.orchestra.run.smithi029.stdout:/usr/bin/ceph: stderr
2024-04-05T23:09:52.753+0000 7f3ab2a00700 1 -- 172.21.15.29:0/3487979492 shutdown_connections
2024-04-05T23:09:53.088 INFO:teuthology.orchestra.run.smithi029.stdout:/usr/bin/ceph: stderr
2024-04-05T23:09:52.753+0000 7f3ab2a00700 1 --2- 172.21.15.29:0/3487979492 >> [v2:172.21.15.29:6800/1286355401,v1:172.21.15.29:6801/1286355401] conn(0x7f3a900387a0 0x7f3a9003ac60 unknown :-1 s=CLOSED pgs=10 cs=0 l=1 rev1=1 crypto rx=0 tx=0 comp rx=0 tx=0).stop
2024-04-05T23:09:53.088 INFO:teuthology.orchestra.run.smithi029.stdout:/usr/bin/ceph: stderr
2024-04-05T23:09:52.753+0000 7f3ab2a00700 1 --2- 172.21.15.29:0/3487979492 >> [v2:172.21.15.29:3300/0,v1:172.21.15.29:6789/0] conn(0x7f3aac07be60 0x7f3aac19c610 unknown :-1 s=CLOSED pgs=73 cs=0 l=1 rev1=1 crypto rx=0 tx=0 comp rx=0 tx=0).stop
2024-04-05T23:09:53.088 INFO:teuthology.orchestra.run.smithi029.stdout:/usr/bin/ceph: stderr
2024-04-05T23:09:52.753+0000 7f3ab2a00700 1 -- 172.21.15.29:0/3487979492 >> 172.21.15.29:0/3487979492 conn(0x7f3aac101c20 msgr2=0x7f3aac1027d0 unknown :-1 s=STATE_NONE l=0).mark_down
2024-04-05T23:09:53.088 INFO:teuthology.orchestra.run.smithi029.stdout:/usr/bin/ceph: stderr
2024-04-05T23:09:52.753+0000 7f3ab2a00700 1 -- 172.21.15.29:0/3487979492 shutdown_connections
2024-04-05T23:09:53.088 INFO:teuthology.orchestra.run.smithi029.stdout:/usr/bin/ceph: stderr
2024-04-05T23:09:52.753+0000 7f3ab2a00700 1 -- 172.21.15.29:0/3487979492 wait complete.
2024-04-05T23:09:54.272 INFO:teuthology.orchestra.run.smithi029.stdout:/usr/bin/ceph: stderr
2024-04-05T23:09:53.540+0000 7f5148200700 1 Processor -- start
2024-04-05T23:09:54.279 INFO:teuthology.orchestra.run.smithi029.stdout:/usr/bin/ceph: stderr
2024-04-05T23:09:53.541+0000 7f5148200700 1 -- start start
2024-04-05T23:09:54.279 INFO:teuthology.orchestra.run.smithi029.stdout:/usr/bin/ceph: stderr
2024-04-05T23:09:53.541+0000 7f5148200700 1 --2- >> [v2:172.21.15.29:3300/0,v1:172.21.15.29:6789/0] conn(0x7f51401071a0 0x7f5140109590 unknown :-1 s=NONE pgs=0 cs=0 l=0 rev1=0 crypto rx=0 tx=0 comp rx=0 tx=0).connect
2024-04-05T23:09:54.279 INFO:teuthology.orchestra.run.smithi029.stdout:/usr/bin/ceph: stderr
2024-04-05T23:09:53.541+0000 7f5148200700 1 -- --> [v2:172.21.15.29:3300/0,v1:172.21.15.29:6789/0] -- mon_getmap magic: 0 v1 -- 0x7f5140079dd0 con 0x7f51401071a0
2024-04-05T23:09:54.279 INFO:teuthology.orchestra.run.smithi029.stdout:/usr/bin/ceph: stderr
2024-04-05T23:09:53.541+0000 7f5145800700 1 --2- >> [v2:172.21.15.29:3300/0,v1:172.21.15.29:6789/0] conn(0x7f51401071a0 0x7f5140109590 unknown :-1 s=BANNER_CONNECTING pgs=0 cs=0 l=0 rev1=0 crypto rx=0 tx=0 comp rx=0 tx=0)._handle_peer_banner_payload supported=3 required=0
2024-04-05T23:09:54.280 INFO:teuthology.orchestra.run.smithi029.stdout:/usr/bin/ceph: stderr
2024-04-05T23:09:53.541+0000 7f5145800700 1 --2- >> [v2:172.21.15.29:3300/0,v1:172.21.15.29:6789/0] conn(0x7f51401071a0 0x7f5140109590 unknown :-1 s=HELLO_CONNECTING pgs=0 cs=0 l=0 rev1=1 crypto rx=0 tx=0 comp rx=0 tx=0).handle_hello peer v2:172.21.15.29:3300/0 says I am v2:172.21.15.29:53390/0 (socket says 172.21.15.29:53390)
2024-04-05T23:09:54.280 INFO:teuthology.orchestra.run.smithi029.stdout:/usr/bin/ceph: stderr
2024-04-05T23:09:53.541+0000 7f5145800700 1 -- 172.21.15.29:0/4134018580 learned_addr learned my addr 172.21.15.29:0/4134018580 (peer_addr_for_me v2:172.21.15.29:0/0)
2024-04-05T23:09:54.280 INFO:teuthology.orchestra.run.smithi029.stdout:/usr/bin/ceph: stderr
2024-04-05T23:09:53.542+0000 7f5145800700 1 -- 172.21.15.29:0/4134018580 --> [v2:172.21.15.29:3300/0,v1:172.21.15.29:6789/0] -- mon_subscribe({config=0+,monmap=0+}) v3 -- 0x7f5140079f10 con 0x7f51401071a0
2024-04-05T23:09:54.280 INFO:teuthology.orchestra.run.smithi029.stdout:/usr/bin/ceph: stderr
2024-04-05T23:09:53.542+0000 7f5145800700 1 --2- 172.21.15.29:0/4134018580 >> [v2:172.21.15.29:3300/0,v1:172.21.15.29:6789/0] conn(0x7f51401071a0 0x7f5140109590 secure :-1 s=READY pgs=74 cs=0 l=1 rev1=1 crypto rx=0x7f51340098a0 tx=0x7f5134009bb0 comp rx=0 tx=0).ready entity=mon.0 client_cookie=ee2246165fc98c68 server_cookie=0 in_seq=0 out_seq=0
2024-04-05T23:09:54.280 INFO:teuthology.orchestra.run.smithi029.stdout:/usr/bin/ceph: stderr
2024-04-05T23:09:53.542+0000 7f513fe00700 1 -- 172.21.15.29:0/4134018580 <== mon.0 v2:172.21.15.29:3300/0 1 ==== mon_map magic: 0 v1 ==== 205+0+0 (secure 0 0 0) 0x7f5134004160 con 0x7f51401071a0
2024-04-05T23:09:54.280 INFO:teuthology.orchestra.run.smithi029.stdout:/usr/bin/ceph: stderr
2024-04-05T23:09:53.542+0000 7f513fe00700 1 -- 172.21.15.29:0/4134018580 <== mon.0 v2:172.21.15.29:3300/0 2 ==== config(26 keys) v1 ==== 1105+0+0 (secure 0 0 0) 0x7f51340042c0 con 0x7f51401071a0
2024-04-05T23:09:54.280 INFO:teuthology.orchestra.run.smithi029.stdout:/usr/bin/ceph: stderr
2024-04-05T23:09:53.542+0000 7f513fe00700 1 -- 172.21.15.29:0/4134018580 <== mon.0 v2:172.21.15.29:3300/0 3 ==== mon_map magic: 0 v1 ==== 205+0+0 (secure 0 0 0) 0x7f51340119b0 con 0x7f51401071a0
2024-04-05T23:09:54.280 INFO:teuthology.orchestra.run.smithi029.stdout:/usr/bin/ceph: stderr
2024-04-05T23:09:53.543+0000 7f5148200700 1 -- 172.21.15.29:0/4134018580 >> [v2:172.21.15.29:3300/0,v1:172.21.15.29:6789/0] conn(0x7f51401071a0 msgr2=0x7f5140109590 secure :-1 s=STATE_CONNECTION_ESTABLISHED l=1).mark_down
2024-04-05T23:09:54.280 INFO:teuthology.orchestra.run.smithi029.stdout:/usr/bin/ceph: stderr
2024-04-05T23:09:53.543+0000 7f5148200700 1 --2- 172.21.15.29:0/4134018580 >> [v2:172.21.15.29:3300/0,v1:172.21.15.29:6789/0] conn(0x7f51401071a0 0x7f5140109590 secure :-1 s=READY pgs=74 cs=0 l=1 rev1=1 crypto rx=0x7f51340098a0 tx=0x7f5134009bb0 comp rx=0 tx=0).stop
2024-04-05T23:09:54.280 INFO:teuthology.orchestra.run.smithi029.stdout:/usr/bin/ceph: stderr
2024-04-05T23:09:53.543+0000 7f5148200700 1 -- 172.21.15.29:0/4134018580 shutdown_connections
2024-04-05T23:09:54.280 INFO:teuthology.orchestra.run.smithi029.stdout:/usr/bin/ceph: stderr
2024-04-05T23:09:53.543+0000 7f5148200700 1 --2- 172.21.15.29:0/4134018580 >> [v2:172.21.15.29:3300/0,v1:172.21.15.29:6789/0] conn(0x7f51401071a0 0x7f5140109590 unknown :-1 s=CLOSED pgs=74 cs=0 l=1 rev1=1 crypto rx=0 tx=0 comp rx=0 tx=0).stop
2024-04-05T23:09:54.280 INFO:teuthology.orchestra.run.smithi029.stdout:/usr/bin/ceph: stderr
2024-04-05T23:09:53.543+0000 7f5148200700 1 -- 172.21.15.29:0/4134018580 >> 172.21.15.29:0/4134018580 conn(0x7f5140100b70 msgr2=0x7f5140102f90 unknown :-1 s=STATE_NONE l=0).mark_down
2024-04-05T23:09:54.280 INFO:teuthology.orchestra.run.smithi029.stdout:/usr/bin/ceph: stderr
2024-04-05T23:09:53.543+0000 7f5148200700 1 -- 172.21.15.29:0/4134018580 shutdown_connections
2024-04-05T23:09:54.281 INFO:teuthology.orchestra.run.smithi029.stdout:/usr/bin/ceph: stderr
2024-04-05T23:09:53.543+0000 7f5148200700 1 -- 172.21.15.29:0/4134018580 wait complete.
2024-04-05T23:09:54.281 INFO:teuthology.orchestra.run.smithi029.stdout:/usr/bin/ceph: stderr
2024-04-05T23:09:53.544+0000 7f5148200700 1 Processor -- start
2024-04-05T23:09:54.281 INFO:teuthology.orchestra.run.smithi029.stdout:/usr/bin/ceph: stderr
2024-04-05T23:09:53.544+0000 7f5148200700 1 -- start start
2024-04-05T23:09:54.281 INFO:teuthology.orchestra.run.smithi029.stdout:/usr/bin/ceph: stderr
2024-04-05T23:09:53.544+0000 7f5148200700 1 --2- >> [v2:172.21.15.29:3300/0,v1:172.21.15.29:6789/0] conn(0x7f51401071a0 0x7f514019a3e0 unknown :-1 s=NONE pgs=0 cs=0 l=1 rev1=0 crypto rx=0 tx=0 comp rx=0 tx=0).connect
2024-04-05T23:09:54.281 INFO:teuthology.orchestra.run.smithi029.stdout:/usr/bin/ceph: stderr
2024-04-05T23:09:53.544+0000 7f5148200700 1 -- --> [v2:172.21.15.29:3300/0,v1:172.21.15.29:6789/0] -- mon_getmap magic: 0 v1 -- 0x7f514019a920 con 0x7f51401071a0
2024-04-05T23:09:54.281 INFO:teuthology.orchestra.run.smithi029.stdout:/usr/bin/ceph: stderr
2024-04-05T23:09:53.545+0000 7f5145800700 1 --2- >> [v2:172.21.15.29:3300/0,v1:172.21.15.29:6789/0] conn(0x7f51401071a0 0x7f514019a3e0 unknown :-1 s=BANNER_CONNECTING pgs=0 cs=0 l=1 rev1=0 crypto rx=0 tx=0 comp rx=0 tx=0)._handle_peer_banner_payload supported=3 required=0
2024-04-05T23:09:54.281 INFO:teuthology.orchestra.run.smithi029.stdout:/usr/bin/ceph: stderr
2024-04-05T23:09:53.545+0000 7f5145800700 1 --2- >> [v2:172.21.15.29:3300/0,v1:172.21.15.29:6789/0] conn(0x7f51401071a0 0x7f514019a3e0 unknown :-1 s=HELLO_CONNECTING pgs=0 cs=0 l=1 rev1=1 crypto rx=0 tx=0 comp rx=0 tx=0).handle_hello peer v2:172.21.15.29:3300/0 says I am v2:172.21.15.29:53396/0 (socket says 172.21.15.29:53396)
2024-04-05T23:09:54.281 INFO:teuthology.orchestra.run.smithi029.stdout:/usr/bin/ceph: stderr
2024-04-05T23:09:53.545+0000 7f5145800700 1 -- 172.21.15.29:0/1647278696 learned_addr learned my addr 172.21.15.29:0/1647278696 (peer_addr_for_me v2:172.21.15.29:0/0)
2024-04-05T23:09:54.281 INFO:teuthology.orchestra.run.smithi029.stdout:/usr/bin/ceph: stderr
2024-04-05T23:09:53.545+0000 7f5145800700 1 -- 172.21.15.29:0/1647278696 --> [v2:172.21.15.29:3300/0,v1:172.21.15.29:6789/0] -- mon_subscribe({config=0+,monmap=0+}) v3 -- 0x7f5134009550 con 0x7f51401071a0
2024-04-05T23:09:54.281 INFO:teuthology.orchestra.run.smithi029.stdout:/usr/bin/ceph: stderr
2024-04-05T23:09:53.545+0000 7f5145800700 1 --2- 172.21.15.29:0/1647278696 >> [v2:172.21.15.29:3300/0,v1:172.21.15.29:6789/0] conn(0x7f51401071a0 0x7f514019a3e0 secure :-1 s=READY pgs=75 cs=0 l=1 rev1=1 crypto rx=0x7f5134011980 tx=0x7f5134011a60 comp rx=0 tx=0).ready entity=mon.0 client_cookie=0 server_cookie=0 in_seq=0 out_seq=0
2024-04-05T23:09:54.281 INFO:teuthology.orchestra.run.smithi029.stdout:/usr/bin/ceph: stderr
2024-04-05T23:09:53.545+0000 7f513e000700 1 -- 172.21.15.29:0/1647278696 <== mon.0 v2:172.21.15.29:3300/0 1 ==== mon_map magic: 0 v1 ==== 205+0+0 (secure 0 0 0) 0x7f5134003af0 con 0x7f51401071a0
2024-04-05T23:09:54.281 INFO:teuthology.orchestra.run.smithi029.stdout:/usr/bin/ceph: stderr
2024-04-05T23:09:53.545+0000 7f513e000700 1 -- 172.21.15.29:0/1647278696 <== mon.0 v2:172.21.15.29:3300/0 2 ==== config(26 keys) v1 ==== 1105+0+0 (secure 0 0 0) 0x7f5134003c50 con 0x7f51401071a0
2024-04-05T23:09:54.281 INFO:teuthology.orchestra.run.smithi029.stdout:/usr/bin/ceph: stderr
2024-04-05T23:09:53.545+0000 7f5148200700 1 -- 172.21.15.29:0/1647278696 --> [v2:172.21.15.29:3300/0,v1:172.21.15.29:6789/0] -- mon_subscribe({mgrmap=0+}) v3 -- 0x7f514019ab20 con 0x7f51401071a0
2024-04-05T23:09:54.282 INFO:teuthology.orchestra.run.smithi029.stdout:/usr/bin/ceph: stderr
2024-04-05T23:09:53.545+0000 7f513e000700 1 -- 172.21.15.29:0/1647278696 <== mon.0 v2:172.21.15.29:3300/0 3 ==== mon_map magic: 0 v1 ==== 205+0+0 (secure 0 0 0) 0x7f5134019760 con 0x7f51401071a0
2024-04-05T23:09:54.282 INFO:teuthology.orchestra.run.smithi029.stdout:/usr/bin/ceph: stderr
2024-04-05T23:09:53.546+0000 7f5148200700 1 -- 172.21.15.29:0/1647278696 --> [v2:172.21.15.29:3300/0,v1:172.21.15.29:6789/0] -- mon_subscribe({osdmap=0}) v3 -- 0x7f514019afc0 con 0x7f51401071a0
2024-04-05T23:09:54.282 INFO:teuthology.orchestra.run.smithi029.stdout:/usr/bin/ceph: stderr
2024-04-05T23:09:53.547+0000 7f513e000700 1 -- 172.21.15.29:0/1647278696 <== mon.0 v2:172.21.15.29:3300/0 4 ==== mgrmap(e 12) v1 ==== 45554+0+0 (secure 0 0 0) 0x7f513401ab10 con 0x7f51401071a0
2024-04-05T23:09:54.282 INFO:teuthology.orchestra.run.smithi029.stdout:/usr/bin/ceph: stderr
2024-04-05T23:09:53.547+0000 7f5148200700 1 -- 172.21.15.29:0/1647278696 --> [v2:172.21.15.29:3300/0,v1:172.21.15.29:6789/0] -- mon_command({"prefix": "get_command_descriptions"} v 0) v1 -- 0x7f514010a840 con 0x7f51401071a0
2024-04-05T23:09:54.282 INFO:teuthology.orchestra.run.smithi029.stdout:/usr/bin/ceph: stderr
2024-04-05T23:09:53.547+0000 7f513e000700 1 --2- 172.21.15.29:0/1647278696 >> [v2:172.21.15.29:6800/1286355401,v1:172.21.15.29:6801/1286355401] conn(0x7f5128038750 0x7f512803ac10 unknown :-1 s=NONE pgs=0 cs=0 l=1 rev1=0 crypto rx=0 tx=0 comp rx=0 tx=0).connect
2024-04-05T23:09:54.282 INFO:teuthology.orchestra.run.smithi029.stdout:/usr/bin/ceph: stderr
2024-04-05T23:09:53.547+0000 7f513e000700 1 -- 172.21.15.29:0/1647278696 <== mon.0 v2:172.21.15.29:3300/0 5 ==== osd_map(3..3 src has 1..3) v4 ==== 1155+0+0 (secure 0 0 0) 0x7f513404cba0 con 0x7f51401071a0
2024-04-05T23:09:54.282 INFO:teuthology.orchestra.run.smithi029.stdout:/usr/bin/ceph: stderr
2024-04-05T23:09:53.547+0000 7f5144e00700 1 --2- 172.21.15.29:0/1647278696 >> [v2:172.21.15.29:6800/1286355401,v1:172.21.15.29:6801/1286355401] conn(0x7f5128038750 0x7f512803ac10 unknown :-1 s=BANNER_CONNECTING pgs=0 cs=0 l=1 rev1=0 crypto rx=0 tx=0 comp rx=0 tx=0)._handle_peer_banner_payload supported=3 required=0
2024-04-05T23:09:54.282 INFO:teuthology.orchestra.run.smithi029.stdout:/usr/bin/ceph: stderr
2024-04-05T23:09:53.548+0000 7f5144e00700 1 --2- 172.21.15.29:0/1647278696 >> [v2:172.21.15.29:6800/1286355401,v1:172.21.15.29:6801/1286355401] conn(0x7f5128038750 0x7f512803ac10 secure :-1 s=READY pgs=11 cs=0 l=1 rev1=1 crypto rx=0x7f512c006fd0 tx=0x7f512c006e40 comp rx=0 tx=0).ready entity=mgr.14148 client_cookie=0 server_cookie=0 in_seq=0 out_seq=0
2024-04-05T23:09:54.282 INFO:teuthology.orchestra.run.smithi029.stdout:/usr/bin/ceph: stderr
2024-04-05T23:09:53.552+0000 7f513e000700 1 -- 172.21.15.29:0/1647278696 <== mon.0 v2:172.21.15.29:3300/0 6 ==== mon_command_ack([{"prefix": "get_command_descriptions"}]=0 v0) v1 ==== 72+0+182936 (secure 0 0 0) 0x7f513401a430 con 0x7f51401071a0
2024-04-05T23:09:54.282 INFO:teuthology.orchestra.run.smithi029.stdout:/usr/bin/ceph: stderr
2024-04-05T23:09:53.596+0000 7f513e000700 1 -- 172.21.15.29:0/1647278696 <== mon.0 v2:172.21.15.29:3300/0 7 ==== mgrmap(e 13) v1 ==== 45597+0+0 (secure 0 0 0) 0x7f513401a7b0 con 0x7f51401071a0
2024-04-05T23:09:54.283 INFO:teuthology.orchestra.run.smithi029.stdout:/usr/bin/ceph: stderr
2024-04-05T23:09:53.883+0000 7f5148200700 1 -- 172.21.15.29:0/1647278696 --> [v2:172.21.15.29:3300/0,v1:172.21.15.29:6789/0] -- mon_command([{prefix=config-key set, key=mgr/dashboard/cluster/status}] v 0) v1 -- 0x7f514010aa80 con 0x7f51401071a0
2024-04-05T23:09:54.283 INFO:teuthology.orchestra.run.smithi029.stdout:/usr/bin/ceph: stderr
2024-04-05T23:09:53.886+0000 7f513e000700 1 -- 172.21.15.29:0/1647278696 <== mon.0 v2:172.21.15.29:3300/0 8 ==== mon_command_ack([{prefix=config-key set, key=mgr/dashboard/cluster/status}]=0 set mgr/dashboard/cluster/status v28)=0 set mgr/dashboard/cluster/status v28) v1 ==== 153+0+0 (secure 0 0 0) 0x7f513401a430 con 0x7f51401071a0
2024-04-05T23:09:54.283 INFO:teuthology.orchestra.run.smithi029.stdout:/usr/bin/ceph: stderr
2024-04-05T23:09:53.888+0000 7f5148200700 1 -- 172.21.15.29:0/1647278696 >> [v2:172.21.15.29:6800/1286355401,v1:172.21.15.29:6801/1286355401] conn(0x7f5128038750 msgr2=0x7f512803ac10 secure :-1 s=STATE_CONNECTION_ESTABLISHED l=1).mark_down
2024-04-05T23:09:54.283 INFO:teuthology.orchestra.run.smithi029.stdout:/usr/bin/ceph: stderr
2024-04-05T23:09:53.888+0000 7f5148200700 1 --2- 172.21.15.29:0/1647278696 >> [v2:172.21.15.29:6800/1286355401,v1:172.21.15.29:6801/1286355401] conn(0x7f5128038750 0x7f512803ac10 secure :-1 s=READY pgs=11 cs=0 l=1 rev1=1 crypto rx=0x7f512c006fd0 tx=0x7f512c006e40 comp rx=0 tx=0).stop
2024-04-05T23:09:54.283 INFO:teuthology.orchestra.run.smithi029.stdout:/usr/bin/ceph: stderr
2024-04-05T23:09:53.888+0000 7f5148200700 1 -- 172.21.15.29:0/1647278696 >> [v2:172.21.15.29:3300/0,v1:172.21.15.29:6789/0] conn(0x7f51401071a0 msgr2=0x7f514019a3e0 secure :-1 s=STATE_CONNECTION_ESTABLISHED l=1).mark_down
2024-04-05T23:09:54.283 INFO:teuthology.orchestra.run.smithi029.stdout:/usr/bin/ceph: stderr
2024-04-05T23:09:53.888+0000 7f5148200700 1 --2- 172.21.15.29:0/1647278696 >> [v2:172.21.15.29:3300/0,v1:172.21.15.29:6789/0] conn(0x7f51401071a0 0x7f514019a3e0 secure :-1 s=READY pgs=75 cs=0 l=1 rev1=1 crypto rx=0x7f5134011980 tx=0x7f5134011a60 comp rx=0 tx=0).stop
2024-04-05T23:09:54.283 INFO:teuthology.orchestra.run.smithi029.stdout:/usr/bin/ceph: stderr
2024-04-05T23:09:53.888+0000 7f5148200700 1 -- 172.21.15.29:0/1647278696 shutdown_connections
2024-04-05T23:09:54.283 INFO:teuthology.orchestra.run.smithi029.stdout:/usr/bin/ceph: stderr
2024-04-05T23:09:53.888+0000 7f5148200700 1 --2- 172.21.15.29:0/1647278696 >> [v2:172.21.15.29:6800/1286355401,v1:172.21.15.29:6801/1286355401] conn(0x7f5128038750 0x7f512803ac10 unknown :-1 s=CLOSED pgs=11 cs=0 l=1 rev1=1 crypto rx=0 tx=0 comp rx=0 tx=0).stop
2024-04-05T23:09:54.283 INFO:teuthology.orchestra.run.smithi029.stdout:/usr/bin/ceph: stderr
2024-04-05T23:09:53.888+0000 7f5148200700 1 --2- 172.21.15.29:0/1647278696 >> [v2:172.21.15.29:3300/0,v1:172.21.15.29:6789/0] conn(0x7f51401071a0 0x7f514019a3e0 unknown :-1 s=CLOSED pgs=75 cs=0 l=1 rev1=1 crypto rx=0 tx=0 comp rx=0 tx=0).stop
2024-04-05T23:09:54.283 INFO:teuthology.orchestra.run.smithi029.stdout:/usr/bin/ceph: stderr
2024-04-05T23:09:53.888+0000 7f5148200700 1 -- 172.21.15.29:0/1647278696 >> 172.21.15.29:0/1647278696 conn(0x7f5140100b70 msgr2=0x7f51401016f0 unknown :-1 s=STATE_NONE l=0).mark_down
2024-04-05T23:09:54.283 INFO:teuthology.orchestra.run.smithi029.stdout:/usr/bin/ceph: stderr
2024-04-05T23:09:53.888+0000 7f5148200700 1 -- 172.21.15.29:0/1647278696 shutdown_connections
2024-04-05T23:09:54.283 INFO:teuthology.orchestra.run.smithi029.stdout:/usr/bin/ceph: stderr
2024-04-05T23:09:53.889+0000 7f5148200700 1 -- 172.21.15.29:0/1647278696 wait complete.
2024-04-05T23:09:54.284 INFO:teuthology.orchestra.run.smithi029.stdout:/usr/bin/ceph: stderr set mgr/dashboard/cluster/status
2024-04-05T23:09:54.284 INFO:teuthology.orchestra.run.smithi029.stdout:You can access the Ceph CLI as following in case of multi-cluster or non-default config:
2024-04-05T23:09:54.284 INFO:teuthology.orchestra.run.smithi029.stdout:
2024-04-05T23:09:54.284 INFO:teuthology.orchestra.run.smithi029.stdout: sudo /home/ubuntu/cephtest/cephadm shell --fsid 54e8afec-f3a1-11ee-b649-cb9ed24678a4 -c /etc/ceph/ceph.conf -k /etc/ceph/ceph.client.admin.keyring
2024-04-05T23:09:54.284 INFO:teuthology.orchestra.run.smithi029.stdout:
2024-04-05T23:09:54.284 INFO:teuthology.orchestra.run.smithi029.stdout:Or, if you are only running a single cluster on this host:
2024-04-05T23:09:54.284 INFO:teuthology.orchestra.run.smithi029.stdout:
2024-04-05T23:09:54.284 INFO:teuthology.orchestra.run.smithi029.stdout: sudo /home/ubuntu/cephtest/cephadm shell
2024-04-05T23:09:54.284 INFO:teuthology.orchestra.run.smithi029.stdout:
2024-04-05T23:09:54.284 INFO:teuthology.orchestra.run.smithi029.stdout:Please consider enabling telemetry to help improve Ceph:
2024-04-05T23:09:54.284 INFO:teuthology.orchestra.run.smithi029.stdout:
2024-04-05T23:09:54.284 INFO:teuthology.orchestra.run.smithi029.stdout: ceph telemetry on
2024-04-05T23:09:54.284 INFO:teuthology.orchestra.run.smithi029.stdout:
2024-04-05T23:09:54.285 INFO:teuthology.orchestra.run.smithi029.stdout:For more information see:
2024-04-05T23:09:54.285 INFO:teuthology.orchestra.run.smithi029.stdout:
2024-04-05T23:09:54.285 INFO:teuthology.orchestra.run.smithi029.stdout: https://docs.ceph.com/en/latest/mgr/telemetry/
2024-04-05T23:09:54.285 INFO:teuthology.orchestra.run.smithi029.stdout:
2024-04-05T23:09:54.285 INFO:teuthology.orchestra.run.smithi029.stdout:Bootstrap complete.
2024-04-05T23:09:54.336 INFO:tasks.cephadm:Fetching config...
2024-04-05T23:09:54.337 DEBUG:teuthology.orchestra.run.smithi029:> set -ex
2024-04-05T23:09:54.337 DEBUG:teuthology.orchestra.run.smithi029:> dd if=/etc/ceph/ceph.conf of=/dev/stdout
2024-04-05T23:09:54.379 INFO:tasks.cephadm:Fetching client.admin keyring...
2024-04-05T23:09:54.379 DEBUG:teuthology.orchestra.run.smithi029:> set -ex
2024-04-05T23:09:54.380 DEBUG:teuthology.orchestra.run.smithi029:> dd if=/etc/ceph/ceph.client.admin.keyring of=/dev/stdout
2024-04-05T23:09:54.464 INFO:tasks.cephadm:Fetching mon keyring...
2024-04-05T23:09:54.464 DEBUG:teuthology.orchestra.run.smithi029:> set -ex
2024-04-05T23:09:54.464 DEBUG:teuthology.orchestra.run.smithi029:> sudo dd if=/var/lib/ceph/54e8afec-f3a1-11ee-b649-cb9ed24678a4/mon.a/keyring of=/dev/stdout
2024-04-05T23:09:54.579 INFO:tasks.cephadm:Fetching pub ssh key...
2024-04-05T23:09:54.579 DEBUG:teuthology.orchestra.run.smithi029:> set -ex
2024-04-05T23:09:54.579 DEBUG:teuthology.orchestra.run.smithi029:> dd if=/home/ubuntu/cephtest/ceph.pub of=/dev/stdout
2024-04-05T23:09:54.662 INFO:tasks.cephadm:Installing pub ssh key for root users...
2024-04-05T23:09:54.663 DEBUG:teuthology.orchestra.run.smithi029:> sudo install -d -m 0700 /root/.ssh && echo 'ssh-rsa AAAAB3NzaC1yc2EAAAADAQABAAABgQCRmLd+lZqOXtj+4UMZsnDuD6TYpv6xsoIR4n0Cg5qQMpILoQuc7ST6/T3c+qX/xz9pJSR4M7CxFZbvwIMHvDX7tcKd9rT5aB5dv8ZgOoNIGXrN6igyApJMSHqESKExUHSU6IfRQSWQk69z693vcz/tW26nMUnMtYE73YwUrFY1TYt1O7F3gHgdmO6jNpoQQBjf9GT94SEzBGI4o71Nm+YdI28lhKBkxl/6Ga6UqbswP2ylz52bk5wG23IkV6PcOAHb1yrWvnL/YbMDaZ7ayc1ArTIjiFyWlpBYbGb3LMLLhf8DowDZhOYtkEbSWiyqWgyh0NQvjXJKvx99Jt6/LrJi6ny4U5WD+AhB2YO6xMPq8fkElaFALH27/mdUjCltoL2d6stOG9wPDWNndc8QXsUrdflDBsyOHaXW3dol/0+qIGxu4FSfEXOF+t2jkDtZZPddaohAImGwqsBgXV7EAyRDeh5CZghOaRwWvJGYLqgPJ3zV8GCVnCja6pySgCrC6Ec= ceph-54e8afec-f3a1-11ee-b649-cb9ed24678a4' | sudo tee -a /root/.ssh/authorized_keys && sudo chmod 0600 /root/.ssh/authorized_keys
2024-04-05T23:09:54.795 INFO:teuthology.orchestra.run.smithi029.stdout:ssh-rsa AAAAB3NzaC1yc2EAAAADAQABAAABgQCRmLd+lZqOXtj+4UMZsnDuD6TYpv6xsoIR4n0Cg5qQMpILoQuc7ST6/T3c+qX/xz9pJSR4M7CxFZbvwIMHvDX7tcKd9rT5aB5dv8ZgOoNIGXrN6igyApJMSHqESKExUHSU6IfRQSWQk69z693vcz/tW26nMUnMtYE73YwUrFY1TYt1O7F3gHgdmO6jNpoQQBjf9GT94SEzBGI4o71Nm+YdI28lhKBkxl/6Ga6UqbswP2ylz52bk5wG23IkV6PcOAHb1yrWvnL/YbMDaZ7ayc1ArTIjiFyWlpBYbGb3LMLLhf8DowDZhOYtkEbSWiyqWgyh0NQvjXJKvx99Jt6/LrJi6ny4U5WD+AhB2YO6xMPq8fkElaFALH27/mdUjCltoL2d6stOG9wPDWNndc8QXsUrdflDBsyOHaXW3dol/0+qIGxu4FSfEXOF+t2jkDtZZPddaohAImGwqsBgXV7EAyRDeh5CZghOaRwWvJGYLqgPJ3zV8GCVnCja6pySgCrC6Ec= ceph-54e8afec-f3a1-11ee-b649-cb9ed24678a4
2024-04-05T23:09:54.795 INFO:journalctl@ceph.mon.a.smithi029.stdout:Apr 05 23:09:54 smithi029 ceph-mon[38266]: mgrmap e13: x(active, since 6s)
2024-04-05T23:09:54.796 INFO:journalctl@ceph.mon.a.smithi029.stdout:Apr 05 23:09:54 smithi029 ceph-mon[38266]: from='client.? 172.21.15.29:0/1647278696' entity='client.admin'
2024-04-05T23:09:54.824 DEBUG:teuthology.orchestra.run.smithi092:> sudo install -d -m 0700 /root/.ssh && echo 'ssh-rsa AAAAB3NzaC1yc2EAAAADAQABAAABgQCRmLd+lZqOXtj+4UMZsnDuD6TYpv6xsoIR4n0Cg5qQMpILoQuc7ST6/T3c+qX/xz9pJSR4M7CxFZbvwIMHvDX7tcKd9rT5aB5dv8ZgOoNIGXrN6igyApJMSHqESKExUHSU6IfRQSWQk69z693vcz/tW26nMUnMtYE73YwUrFY1TYt1O7F3gHgdmO6jNpoQQBjf9GT94SEzBGI4o71Nm+YdI28lhKBkxl/6Ga6UqbswP2ylz52bk5wG23IkV6PcOAHb1yrWvnL/YbMDaZ7ayc1ArTIjiFyWlpBYbGb3LMLLhf8DowDZhOYtkEbSWiyqWgyh0NQvjXJKvx99Jt6/LrJi6ny4U5WD+AhB2YO6xMPq8fkElaFALH27/mdUjCltoL2d6stOG9wPDWNndc8QXsUrdflDBsyOHaXW3dol/0+qIGxu4FSfEXOF+t2jkDtZZPddaohAImGwqsBgXV7EAyRDeh5CZghOaRwWvJGYLqgPJ3zV8GCVnCja6pySgCrC6Ec= ceph-54e8afec-f3a1-11ee-b649-cb9ed24678a4' | sudo tee -a /root/.ssh/authorized_keys && sudo chmod 0600 /root/.ssh/authorized_keys
2024-04-05T23:09:54.869 INFO:teuthology.orchestra.run.smithi092.stdout:ssh-rsa AAAAB3NzaC1yc2EAAAADAQABAAABgQCRmLd+lZqOXtj+4UMZsnDuD6TYpv6xsoIR4n0Cg5qQMpILoQuc7ST6/T3c+qX/xz9pJSR4M7CxFZbvwIMHvDX7tcKd9rT5aB5dv8ZgOoNIGXrN6igyApJMSHqESKExUHSU6IfRQSWQk69z693vcz/tW26nMUnMtYE73YwUrFY1TYt1O7F3gHgdmO6jNpoQQBjf9GT94SEzBGI4o71Nm+YdI28lhKBkxl/6Ga6UqbswP2ylz52bk5wG23IkV6PcOAHb1yrWvnL/YbMDaZ7ayc1ArTIjiFyWlpBYbGb3LMLLhf8DowDZhOYtkEbSWiyqWgyh0NQvjXJKvx99Jt6/LrJi6ny4U5WD+AhB2YO6xMPq8fkElaFALH27/mdUjCltoL2d6stOG9wPDWNndc8QXsUrdflDBsyOHaXW3dol/0+qIGxu4FSfEXOF+t2jkDtZZPddaohAImGwqsBgXV7EAyRDeh5CZghOaRwWvJGYLqgPJ3zV8GCVnCja6pySgCrC6Ec= ceph-54e8afec-f3a1-11ee-b649-cb9ed24678a4
2024-04-05T23:09:54.882 DEBUG:teuthology.orchestra.run.smithi194:> sudo install -d -m 0700 /root/.ssh && echo 'ssh-rsa AAAAB3NzaC1yc2EAAAADAQABAAABgQCRmLd+lZqOXtj+4UMZsnDuD6TYpv6xsoIR4n0Cg5qQMpILoQuc7ST6/T3c+qX/xz9pJSR4M7CxFZbvwIMHvDX7tcKd9rT5aB5dv8ZgOoNIGXrN6igyApJMSHqESKExUHSU6IfRQSWQk69z693vcz/tW26nMUnMtYE73YwUrFY1TYt1O7F3gHgdmO6jNpoQQBjf9GT94SEzBGI4o71Nm+YdI28lhKBkxl/6Ga6UqbswP2ylz52bk5wG23IkV6PcOAHb1yrWvnL/YbMDaZ7ayc1ArTIjiFyWlpBYbGb3LMLLhf8DowDZhOYtkEbSWiyqWgyh0NQvjXJKvx99Jt6/LrJi6ny4U5WD+AhB2YO6xMPq8fkElaFALH27/mdUjCltoL2d6stOG9wPDWNndc8QXsUrdflDBsyOHaXW3dol/0+qIGxu4FSfEXOF+t2jkDtZZPddaohAImGwqsBgXV7EAyRDeh5CZghOaRwWvJGYLqgPJ3zV8GCVnCja6pySgCrC6Ec= ceph-54e8afec-f3a1-11ee-b649-cb9ed24678a4' | sudo tee -a /root/.ssh/authorized_keys && sudo chmod 0600 /root/.ssh/authorized_keys
2024-04-05T23:09:54.927 INFO:teuthology.orchestra.run.smithi194.stdout:ssh-rsa AAAAB3NzaC1yc2EAAAADAQABAAABgQCRmLd+lZqOXtj+4UMZsnDuD6TYpv6xsoIR4n0Cg5qQMpILoQuc7ST6/T3c+qX/xz9pJSR4M7CxFZbvwIMHvDX7tcKd9rT5aB5dv8ZgOoNIGXrN6igyApJMSHqESKExUHSU6IfRQSWQk69z693vcz/tW26nMUnMtYE73YwUrFY1TYt1O7F3gHgdmO6jNpoQQBjf9GT94SEzBGI4o71Nm+YdI28lhKBkxl/6Ga6UqbswP2ylz52bk5wG23IkV6PcOAHb1yrWvnL/YbMDaZ7ayc1ArTIjiFyWlpBYbGb3LMLLhf8DowDZhOYtkEbSWiyqWgyh0NQvjXJKvx99Jt6/LrJi6ny4U5WD+AhB2YO6xMPq8fkElaFALH27/mdUjCltoL2d6stOG9wPDWNndc8QXsUrdflDBsyOHaXW3dol/0+qIGxu4FSfEXOF+t2jkDtZZPddaohAImGwqsBgXV7EAyRDeh5CZghOaRwWvJGYLqgPJ3zV8GCVnCja6pySgCrC6Ec= ceph-54e8afec-f3a1-11ee-b649-cb9ed24678a4
2024-04-05T23:09:54.941 DEBUG:teuthology.orchestra.run.smithi029:> sudo /home/ubuntu/cephtest/cephadm --image quay-quay-quay.apps.os.sepia.ceph.com/ceph-ci/ceph:8919605b0a5dc1f1650c8aec3051c77c0e3e240e shell -c /etc/ceph/ceph.conf -k /etc/ceph/ceph.client.admin.keyring --fsid 54e8afec-f3a1-11ee-b649-cb9ed24678a4 -- ceph config set mgr mgr/cephadm/allow_ptrace true
2024-04-05T23:09:55.299 INFO:teuthology.orchestra.run.smithi029.stderr:Inferring config /var/lib/ceph/54e8afec-f3a1-11ee-b649-cb9ed24678a4/mon.a/config
2024-04-05T23:09:56.528 INFO:teuthology.orchestra.run.smithi029.stderr:2024-04-05T23:09:56.530+0000 7f2456000700 1 -- 172.21.15.29:0/1848550171 >> [v2:172.21.15.29:3300/0,v1:172.21.15.29:6789/0] conn(0x7f2450100870 msgr2=0x7f2450100c90 secure :-1 s=STATE_CONNECTION_ESTABLISHED l=1).mark_down
2024-04-05T23:09:56.528 INFO:teuthology.orchestra.run.smithi029.stderr:2024-04-05T23:09:56.530+0000 7f2456000700 1 --2- 172.21.15.29:0/1848550171 >> [v2:172.21.15.29:3300/0,v1:172.21.15.29:6789/0] conn(0x7f2450100870 0x7f2450100c90 secure :-1 s=READY pgs=76 cs=0 l=1 rev1=1 crypto rx=0x7f2440009910 tx=0x7f2440009c20 comp rx=0 tx=0).stop
2024-04-05T23:09:56.528 INFO:teuthology.orchestra.run.smithi029.stderr:2024-04-05T23:09:56.530+0000 7f2456000700 1 -- 172.21.15.29:0/1848550171 shutdown_connections
2024-04-05T23:09:56.528 INFO:teuthology.orchestra.run.smithi029.stderr:2024-04-05T23:09:56.530+0000 7f2456000700 1 --2- 172.21.15.29:0/1848550171 >> [v2:172.21.15.29:3300/0,v1:172.21.15.29:6789/0] conn(0x7f2450100870 0x7f2450100c90 unknown :-1 s=CLOSED pgs=76 cs=0 l=1 rev1=1 crypto rx=0 tx=0 comp rx=0 tx=0).stop
2024-04-05T23:09:56.528 INFO:teuthology.orchestra.run.smithi029.stderr:2024-04-05T23:09:56.530+0000 7f2456000700 1 -- 172.21.15.29:0/1848550171 >> 172.21.15.29:0/1848550171 conn(0x7f24500fbe10 msgr2=0x7f24500fe250 unknown :-1 s=STATE_NONE l=0).mark_down
2024-04-05T23:09:56.528 INFO:teuthology.orchestra.run.smithi029.stderr:2024-04-05T23:09:56.530+0000 7f2456000700 1 -- 172.21.15.29:0/1848550171 shutdown_connections
2024-04-05T23:09:56.528 INFO:teuthology.orchestra.run.smithi029.stderr:2024-04-05T23:09:56.530+0000 7f2456000700 1 -- 172.21.15.29:0/1848550171 wait complete.
2024-04-05T23:09:56.529 INFO:teuthology.orchestra.run.smithi029.stderr:2024-04-05T23:09:56.532+0000 7f2456000700 1 Processor -- start
2024-04-05T23:09:56.529 INFO:teuthology.orchestra.run.smithi029.stderr:2024-04-05T23:09:56.532+0000 7f2456000700 1 -- start start
2024-04-05T23:09:56.529 INFO:teuthology.orchestra.run.smithi029.stderr:2024-04-05T23:09:56.532+0000 7f2456000700 1 --2- >> [v2:172.21.15.29:3300/0,v1:172.21.15.29:6789/0] conn(0x7f2450100870 0x7f2450074b50 unknown :-1 s=NONE pgs=0 cs=0 l=1 rev1=0 crypto rx=0 tx=0 comp rx=0 tx=0).connect
2024-04-05T23:09:56.529 INFO:teuthology.orchestra.run.smithi029.stderr:2024-04-05T23:09:56.532+0000 7f2456000700 1 -- --> [v2:172.21.15.29:3300/0,v1:172.21.15.29:6789/0] -- mon_getmap magic: 0 v1 -- 0x7f2450075090 con 0x7f2450100870
2024-04-05T23:09:56.530 INFO:teuthology.orchestra.run.smithi029.stderr:2024-04-05T23:09:56.533+0000 7f244f400700 1 --2- >> [v2:172.21.15.29:3300/0,v1:172.21.15.29:6789/0] conn(0x7f2450100870 0x7f2450074b50 unknown :-1 s=BANNER_CONNECTING pgs=0 cs=0 l=1 rev1=0 crypto rx=0 tx=0 comp rx=0 tx=0)._handle_peer_banner_payload supported=3 required=0
2024-04-05T23:09:56.530 INFO:teuthology.orchestra.run.smithi029.stderr:2024-04-05T23:09:56.533+0000 7f244f400700 1 --2- >> [v2:172.21.15.29:3300/0,v1:172.21.15.29:6789/0] conn(0x7f2450100870 0x7f2450074b50 unknown :-1 s=HELLO_CONNECTING pgs=0 cs=0 l=1 rev1=1 crypto rx=0 tx=0 comp rx=0 tx=0).handle_hello peer v2:172.21.15.29:3300/0 says I am v2:172.21.15.29:41098/0 (socket says 172.21.15.29:41098)
2024-04-05T23:09:56.530 INFO:teuthology.orchestra.run.smithi029.stderr:2024-04-05T23:09:56.533+0000 7f244f400700 1 -- 172.21.15.29:0/2187226778 learned_addr learned my addr 172.21.15.29:0/2187226778 (peer_addr_for_me v2:172.21.15.29:0/0)
2024-04-05T23:09:56.530 INFO:teuthology.orchestra.run.smithi029.stderr:2024-04-05T23:09:56.533+0000 7f244f400700 1 -- 172.21.15.29:0/2187226778 --> [v2:172.21.15.29:3300/0,v1:172.21.15.29:6789/0] -- mon_subscribe({config=0+,monmap=0+}) v3 -- 0x7f24400095f0 con 0x7f2450100870
2024-04-05T23:09:56.530 INFO:teuthology.orchestra.run.smithi029.stderr:2024-04-05T23:09:56.533+0000 7f244f400700 1 --2- 172.21.15.29:0/2187226778 >> [v2:172.21.15.29:3300/0,v1:172.21.15.29:6789/0] conn(0x7f2450100870 0x7f2450074b50 secure :-1 s=READY pgs=77 cs=0 l=1 rev1=1 crypto rx=0x7f2440005950 tx=0x7f24400057c0 comp rx=0 tx=0).ready entity=mon.0 client_cookie=0 server_cookie=0 in_seq=0 out_seq=0
2024-04-05T23:09:56.531 INFO:teuthology.orchestra.run.smithi029.stderr:2024-04-05T23:09:56.534+0000 7f2447e00700 1 -- 172.21.15.29:0/2187226778 <== mon.0 v2:172.21.15.29:3300/0 1 ==== mon_map magic: 0 v1 ==== 205+0+0 (secure 0 0 0) 0x7f244001d070 con 0x7f2450100870
2024-04-05T23:09:56.531 INFO:teuthology.orchestra.run.smithi029.stderr:2024-04-05T23:09:56.534+0000 7f2447e00700 1 -- 172.21.15.29:0/2187226778 <== mon.0 v2:172.21.15.29:3300/0 2 ==== config(26 keys) v1 ==== 1105+0+0 (secure 0 0 0) 0x7f244000bc10 con 0x7f2450100870
2024-04-05T23:09:56.531 INFO:teuthology.orchestra.run.smithi029.stderr:2024-04-05T23:09:56.534+0000 7f2456000700 1 -- 172.21.15.29:0/2187226778 --> [v2:172.21.15.29:3300/0,v1:172.21.15.29:6789/0] -- mon_subscribe({mgrmap=0+}) v3 -- 0x7f24500732d0 con 0x7f2450100870
2024-04-05T23:09:56.531 INFO:teuthology.orchestra.run.smithi029.stderr:2024-04-05T23:09:56.534+0000 7f2447e00700 1 -- 172.21.15.29:0/2187226778 <== mon.0 v2:172.21.15.29:3300/0 3 ==== mon_map magic: 0 v1 ==== 205+0+0 (secure 0 0 0) 0x7f2440003a10 con 0x7f2450100870
2024-04-05T23:09:56.531 INFO:teuthology.orchestra.run.smithi029.stderr:2024-04-05T23:09:56.534+0000 7f2456000700 1 -- 172.21.15.29:0/2187226778 --> [v2:172.21.15.29:3300/0,v1:172.21.15.29:6789/0] -- mon_subscribe({osdmap=0}) v3 -- 0x7f2450073770 con 0x7f2450100870
2024-04-05T23:09:56.532 INFO:teuthology.orchestra.run.smithi029.stderr:2024-04-05T23:09:56.535+0000 7f2447e00700 1 -- 172.21.15.29:0/2187226778 <== mon.0 v2:172.21.15.29:3300/0 4 ==== mgrmap(e 13) v1 ==== 45597+0+0 (secure 0 0 0) 0x7f2440003cd0 con 0x7f2450100870
2024-04-05T23:09:56.532 INFO:teuthology.orchestra.run.smithi029.stderr:2024-04-05T23:09:56.536+0000 7f2456000700 1 -- 172.21.15.29:0/2187226778 --> [v2:172.21.15.29:3300/0,v1:172.21.15.29:6789/0] -- mon_command({"prefix": "get_command_descriptions"} v 0) v1 -- 0x7f2450106ec0 con 0x7f2450100870
2024-04-05T23:09:56.533 INFO:teuthology.orchestra.run.smithi029.stderr:2024-04-05T23:09:56.536+0000 7f2447e00700 1 --2- 172.21.15.29:0/2187226778 >> [v2:172.21.15.29:6800/1286355401,v1:172.21.15.29:6801/1286355401] conn(0x7f24340387a0 0x7f243403ac60 unknown :-1 s=NONE pgs=0 cs=0 l=1 rev1=0 crypto rx=0 tx=0 comp rx=0 tx=0).connect
2024-04-05T23:09:56.533 INFO:teuthology.orchestra.run.smithi029.stderr:2024-04-05T23:09:56.536+0000 7f2447e00700 1 -- 172.21.15.29:0/2187226778 <== mon.0 v2:172.21.15.29:3300/0 5 ==== osd_map(3..3 src has 1..3) v4 ==== 1155+0+0 (secure 0 0 0) 0x7f244004c5e0 con 0x7f2450100870
2024-04-05T23:09:56.533 INFO:teuthology.orchestra.run.smithi029.stderr:2024-04-05T23:09:56.536+0000 7f244ea00700 1 --2- 172.21.15.29:0/2187226778 >> [v2:172.21.15.29:6800/1286355401,v1:172.21.15.29:6801/1286355401] conn(0x7f24340387a0 0x7f243403ac60 unknown :-1 s=BANNER_CONNECTING pgs=0 cs=0 l=1 rev1=0 crypto rx=0 tx=0 comp rx=0 tx=0)._handle_peer_banner_payload supported=3 required=0
2024-04-05T23:09:56.533 INFO:teuthology.orchestra.run.smithi029.stderr:2024-04-05T23:09:56.537+0000 7f244ea00700 1 --2- 172.21.15.29:0/2187226778 >> [v2:172.21.15.29:6800/1286355401,v1:172.21.15.29:6801/1286355401] conn(0x7f24340387a0 0x7f243403ac60 secure :-1 s=READY pgs=12 cs=0 l=1 rev1=1 crypto rx=0x7f243c006fd0 tx=0x7f243c006e40 comp rx=0 tx=0).ready entity=mgr.14148 client_cookie=0 server_cookie=0 in_seq=0 out_seq=0
2024-04-05T23:09:56.537 INFO:teuthology.orchestra.run.smithi029.stderr:2024-04-05T23:09:56.541+0000 7f2447e00700 1 -- 172.21.15.29:0/2187226778 <== mon.0 v2:172.21.15.29:3300/0 6 ==== mon_command_ack([{"prefix": "get_command_descriptions"}]=0 v0) v1 ==== 72+0+182936 (secure 0 0 0) 0x7f2440029950 con 0x7f2450100870
2024-04-05T23:09:56.757 INFO:teuthology.orchestra.run.smithi029.stderr:2024-04-05T23:09:56.760+0000 7f2456000700 1 -- 172.21.15.29:0/2187226778 --> [v2:172.21.15.29:3300/0,v1:172.21.15.29:6789/0] -- mon_command([{prefix=config set, name=mgr/cephadm/allow_ptrace}] v 0) v1 -- 0x7f2450062510 con 0x7f2450100870
2024-04-05T23:09:56.760 INFO:teuthology.orchestra.run.smithi029.stderr:2024-04-05T23:09:56.764+0000 7f2447e00700 1 -- 172.21.15.29:0/2187226778 <== mon.0 v2:172.21.15.29:3300/0 7 ==== mon_command_ack([{prefix=config set, name=mgr/cephadm/allow_ptrace}]=0 v9)=0 v9) v1 ==== 125+0+0 (secure 0 0 0) 0x7f2440026070 con 0x7f2450100870
2024-04-05T23:09:56.763 INFO:teuthology.orchestra.run.smithi029.stderr:2024-04-05T23:09:56.766+0000 7f2456000700 1 -- 172.21.15.29:0/2187226778 >> [v2:172.21.15.29:6800/1286355401,v1:172.21.15.29:6801/1286355401] conn(0x7f24340387a0 msgr2=0x7f243403ac60 secure :-1 s=STATE_CONNECTION_ESTABLISHED l=1).mark_down
2024-04-05T23:09:56.763 INFO:teuthology.orchestra.run.smithi029.stderr:2024-04-05T23:09:56.766+0000 7f2456000700 1 --2- 172.21.15.29:0/2187226778 >> [v2:172.21.15.29:6800/1286355401,v1:172.21.15.29:6801/1286355401] conn(0x7f24340387a0 0x7f243403ac60 secure :-1 s=READY pgs=12 cs=0 l=1 rev1=1 crypto rx=0x7f243c006fd0 tx=0x7f243c006e40 comp rx=0 tx=0).stop
2024-04-05T23:09:56.763 INFO:teuthology.orchestra.run.smithi029.stderr:2024-04-05T23:09:56.766+0000 7f2456000700 1 -- 172.21.15.29:0/2187226778 >> [v2:172.21.15.29:3300/0,v1:172.21.15.29:6789/0] conn(0x7f2450100870 msgr2=0x7f2450074b50 secure :-1 s=STATE_CONNECTION_ESTABLISHED l=1).mark_down
2024-04-05T23:09:56.764 INFO:teuthology.orchestra.run.smithi029.stderr:2024-04-05T23:09:56.766+0000 7f2456000700 1 --2- 172.21.15.29:0/2187226778 >> [v2:172.21.15.29:3300/0,v1:172.21.15.29:6789/0] conn(0x7f2450100870 0x7f2450074b50 secure :-1 s=READY pgs=77 cs=0 l=1 rev1=1 crypto rx=0x7f2440005950 tx=0x7f24400057c0 comp rx=0 tx=0).stop
2024-04-05T23:09:56.764 INFO:teuthology.orchestra.run.smithi029.stderr:2024-04-05T23:09:56.766+0000 7f2456000700 1 -- 172.21.15.29:0/2187226778 shutdown_connections
