2024-04-05T23:09:24.651+0000 7f6296e00700 1 --2- >> [v2:172.21.15.29:3300/0,v1:172.21.15.29:6789/0] conn(0x7f629007be80 0x7f629007a2e0 unknown :-1 s=NONE pgs=0 cs=0 l=0 rev1=0 crypto rx=0 tx=0 comp rx=0 tx=0).connect
2024-04-05T23:09:25.237 INFO:teuthology.orchestra.run.smithi029.stdout:/usr/bin/ceph: stderr
2024-04-05T23:09:24.652+0000 7f6296e00700 1 -- --> [v2:172.21.15.29:3300/0,v1:172.21.15.29:6789/0] -- mon_getmap magic: 0 v1 -- 0x7f629007a8b0 con 0x7f629007be80
2024-04-05T23:09:25.237 INFO:teuthology.orchestra.run.smithi029.stdout:/usr/bin/ceph: stderr
2024-04-05T23:09:24.652+0000 7f628fe00700 1 --2- >> [v2:172.21.15.29:3300/0,v1:172.21.15.29:6789/0] conn(0x7f629007be80 0x7f629007a2e0 unknown :-1 s=BANNER_CONNECTING pgs=0 cs=0 l=0 rev1=0 crypto rx=0 tx=0 comp rx=0 tx=0)._handle_peer_banner_payload supported=3 required=0
2024-04-05T23:09:25.237 INFO:teuthology.orchestra.run.smithi029.stdout:/usr/bin/ceph: stderr
2024-04-05T23:09:24.652+0000 7f628fe00700 1 --2- >> [v2:172.21.15.29:3300/0,v1:172.21.15.29:6789/0] conn(0x7f629007be80 0x7f629007a2e0 unknown :-1 s=HELLO_CONNECTING pgs=0 cs=0 l=0 rev1=1 crypto rx=0 tx=0 comp rx=0 tx=0).handle_hello peer v2:172.21.15.29:3300/0 says I am v2:172.21.15.29:50780/0 (socket says 172.21.15.29:50780)
2024-04-05T23:09:25.238 INFO:teuthology.orchestra.run.smithi029.stdout:/usr/bin/ceph: stderr
2024-04-05T23:09:24.652+0000 7f628fe00700 1 -- 172.21.15.29:0/2416098418 learned_addr learned my addr 172.21.15.29:0/2416098418 (peer_addr_for_me v2:172.21.15.29:0/0)
2024-04-05T23:09:25.238 INFO:teuthology.orchestra.run.smithi029.stdout:/usr/bin/ceph: stderr
2024-04-05T23:09:24.652+0000 7f628fe00700 1 -- 172.21.15.29:0/2416098418 --> [v2:172.21.15.29:3300/0,v1:172.21.15.29:6789/0] -- mon_subscribe({config=0+,monmap=0+}) v3 -- 0x7f629007a9f0 con 0x7f629007be80
2024-04-05T23:09:25.238 INFO:teuthology.orchestra.run.smithi029.stdout:/usr/bin/ceph: stderr
2024-04-05T23:09:24.652+0000 7f628fe00700 1 --2- 172.21.15.29:0/2416098418 >> [v2:172.21.15.29:3300/0,v1:172.21.15.29:6789/0] conn(0x7f629007be80 0x7f629007a2e0 secure :-1 s=READY pgs=35 cs=0 l=1 rev1=1 crypto rx=0x7f62800098a0 tx=0x7f6280009bb0 comp rx=0 tx=0).ready entity=mon.0 client_cookie=989410addf584459 server_cookie=0 in_seq=0 out_seq=0
2024-04-05T23:09:25.238 INFO:teuthology.orchestra.run.smithi029.stdout:/usr/bin/ceph: stderr
2024-04-05T23:09:24.653+0000 7f628ea00700 1 -- 172.21.15.29:0/2416098418 <== mon.0 v2:172.21.15.29:3300/0 1 ==== mon_map magic: 0 v1 ==== 205+0+0 (secure 0 0 0) 0x7f6280004160 con 0x7f629007be80
2024-04-05T23:09:25.238 INFO:teuthology.orchestra.run.smithi029.stdout:/usr/bin/ceph: stderr
2024-04-05T23:09:24.653+0000 7f628ea00700 1 -- 172.21.15.29:0/2416098418 <== mon.0 v2:172.21.15.29:3300/0 2 ==== config(26 keys) v1 ==== 1074+0+0 (secure 0 0 0) 0x7f62800042c0 con 0x7f629007be80
2024-04-05T23:09:25.238 INFO:teuthology.orchestra.run.smithi029.stdout:/usr/bin/ceph: stderr
2024-04-05T23:09:24.653+0000 7f628ea00700 1 -- 172.21.15.29:0/2416098418 <== mon.0 v2:172.21.15.29:3300/0 3 ==== mon_map magic: 0 v1 ==== 205+0+0 (secure 0 0 0) 0x7f6280011a00 con 0x7f629007be80
2024-04-05T23:09:25.238 INFO:teuthology.orchestra.run.smithi029.stdout:/usr/bin/ceph: stderr
2024-04-05T23:09:24.653+0000 7f6296e00700 1 -- 172.21.15.29:0/2416098418 >> [v2:172.21.15.29:3300/0,v1:172.21.15.29:6789/0] conn(0x7f629007be80 msgr2=0x7f629007a2e0 secure :-1 s=STATE_CONNECTION_ESTABLISHED l=1).mark_down
2024-04-05T23:09:25.238 INFO:teuthology.orchestra.run.smithi029.stdout:/usr/bin/ceph: stderr
2024-04-05T23:09:24.653+0000 7f6296e00700 1 --2- 172.21.15.29:0/2416098418 >> [v2:172.21.15.29:3300/0,v1:172.21.15.29:6789/0] conn(0x7f629007be80 0x7f629007a2e0 secure :-1 s=READY pgs=35 cs=0 l=1 rev1=1 crypto rx=0x7f62800098a0 tx=0x7f6280009bb0 comp rx=0 tx=0).stop
2024-04-05T23:09:25.238 INFO:teuthology.orchestra.run.smithi029.stdout:/usr/bin/ceph: stderr
2024-04-05T23:09:24.653+0000 7f6296e00700 1 -- 172.21.15.29:0/2416098418 shutdown_connections
2024-04-05T23:09:25.238 INFO:teuthology.orchestra.run.smithi029.stdout:/usr/bin/ceph: stderr
2024-04-05T23:09:24.653+0000 7f6296e00700 1 --2- 172.21.15.29:0/2416098418 >> [v2:172.21.15.29:3300/0,v1:172.21.15.29:6789/0] conn(0x7f629007be80 0x7f629007a2e0 unknown :-1 s=CLOSED pgs=35 cs=0 l=1 rev1=1 crypto rx=0 tx=0 comp rx=0 tx=0).stop
2024-04-05T23:09:25.238 INFO:teuthology.orchestra.run.smithi029.stdout:/usr/bin/ceph: stderr
2024-04-05T23:09:24.653+0000 7f6296e00700 1 -- 172.21.15.29:0/2416098418 >> 172.21.15.29:0/2416098418 conn(0x7f6290101b20 msgr2=0x7f6290103f80 unknown :-1 s=STATE_NONE l=0).mark_down
2024-04-05T23:09:25.238 INFO:teuthology.orchestra.run.smithi029.stdout:/usr/bin/ceph: stderr
2024-04-05T23:09:24.654+0000 7f6296e00700 1 -- 172.21.15.29:0/2416098418 shutdown_connections
2024-04-05T23:09:25.238 INFO:teuthology.orchestra.run.smithi029.stdout:/usr/bin/ceph: stderr
2024-04-05T23:09:24.654+0000 7f6296e00700 1 -- 172.21.15.29:0/2416098418 wait complete.
2024-04-05T23:09:25.238 INFO:teuthology.orchestra.run.smithi029.stdout:/usr/bin/ceph: stderr
2024-04-05T23:09:24.655+0000 7f6296e00700 1 Processor -- start
2024-04-05T23:09:25.239 INFO:teuthology.orchestra.run.smithi029.stdout:/usr/bin/ceph: stderr
2024-04-05T23:09:24.655+0000 7f6296e00700 1 -- start start
2024-04-05T23:09:25.239 INFO:teuthology.orchestra.run.smithi029.stdout:/usr/bin/ceph: stderr
2024-04-05T23:09:24.656+0000 7f6296e00700 1 --2- >> [v2:172.21.15.29:3300/0,v1:172.21.15.29:6789/0] conn(0x7f629007be80 0x7f629019c570 unknown :-1 s=NONE pgs=0 cs=0 l=1 rev1=0 crypto rx=0 tx=0 comp rx=0 tx=0).connect
2024-04-05T23:09:25.239 INFO:teuthology.orchestra.run.smithi029.stdout:/usr/bin/ceph: stderr
2024-04-05T23:09:24.656+0000 7f6296e00700 1 -- --> [v2:172.21.15.29:3300/0,v1:172.21.15.29:6789/0] -- mon_getmap magic: 0 v1 -- 0x7f629019cab0 con 0x7f629007be80
2024-04-05T23:09:25.239 INFO:teuthology.orchestra.run.smithi029.stdout:/usr/bin/ceph: stderr
2024-04-05T23:09:24.656+0000 7f628fe00700 1 --2- >> [v2:172.21.15.29:3300/0,v1:172.21.15.29:6789/0] conn(0x7f629007be80 0x7f629019c570 unknown :-1 s=BANNER_CONNECTING pgs=0 cs=0 l=1 rev1=0 crypto rx=0 tx=0 comp rx=0 tx=0)._handle_peer_banner_payload supported=3 required=0
2024-04-05T23:09:25.239 INFO:teuthology.orchestra.run.smithi029.stdout:/usr/bin/ceph: stderr
2024-04-05T23:09:24.656+0000 7f628fe00700 1 --2- >> [v2:172.21.15.29:3300/0,v1:172.21.15.29:6789/0] conn(0x7f629007be80 0x7f629019c570 unknown :-1 s=HELLO_CONNECTING pgs=0 cs=0 l=1 rev1=1 crypto rx=0 tx=0 comp rx=0 tx=0).handle_hello peer v2:172.21.15.29:3300/0 says I am v2:172.21.15.29:50790/0 (socket says 172.21.15.29:50790)
2024-04-05T23:09:25.239 INFO:teuthology.orchestra.run.smithi029.stdout:/usr/bin/ceph: stderr
2024-04-05T23:09:24.656+0000 7f628fe00700 1 -- 172.21.15.29:0/544860056 learned_addr learned my addr 172.21.15.29:0/544860056 (peer_addr_for_me v2:172.21.15.29:0/0)
2024-04-05T23:09:25.239 INFO:teuthology.orchestra.run.smithi029.stdout:/usr/bin/ceph: stderr
2024-04-05T23:09:24.656+0000 7f628fe00700 1 -- 172.21.15.29:0/544860056 --> [v2:172.21.15.29:3300/0,v1:172.21.15.29:6789/0] -- mon_subscribe({config=0+,monmap=0+}) v3 -- 0x7f6280009550 con 0x7f629007be80
2024-04-05T23:09:25.239 INFO:teuthology.orchestra.run.smithi029.stdout:/usr/bin/ceph: stderr
2024-04-05T23:09:24.656+0000 7f628fe00700 1 --2- 172.21.15.29:0/544860056 >> [v2:172.21.15.29:3300/0,v1:172.21.15.29:6789/0] conn(0x7f629007be80 0x7f629019c570 secure :-1 s=READY pgs=36 cs=0 l=1 rev1=1 crypto rx=0x7f6280009130 tx=0x7f6280011ad0 comp rx=0 tx=0).ready entity=mon.0 client_cookie=0 server_cookie=0 in_seq=0 out_seq=0
2024-04-05T23:09:25.239 INFO:teuthology.orchestra.run.smithi029.stdout:/usr/bin/ceph: stderr
2024-04-05T23:09:24.657+0000 7f628cc00700 1 -- 172.21.15.29:0/544860056 <== mon.0 v2:172.21.15.29:3300/0 1 ==== mon_map magic: 0 v1 ==== 205+0+0 (secure 0 0 0) 0x7f6280003ab0 con 0x7f629007be80
2024-04-05T23:09:25.239 INFO:teuthology.orchestra.run.smithi029.stdout:/usr/bin/ceph: stderr
2024-04-05T23:09:24.657+0000 7f628cc00700 1 -- 172.21.15.29:0/544860056 <== mon.0 v2:172.21.15.29:3300/0 2 ==== config(26 keys) v1 ==== 1074+0+0 (secure 0 0 0) 0x7f6280003c10 con 0x7f629007be80
2024-04-05T23:09:25.239 INFO:teuthology.orchestra.run.smithi029.stdout:/usr/bin/ceph: stderr
2024-04-05T23:09:24.657+0000 7f628cc00700 1 -- 172.21.15.29:0/544860056 <== mon.0 v2:172.21.15.29:3300/0 3 ==== mon_map magic: 0 v1 ==== 205+0+0 (secure 0 0 0) 0x7f62800247d0 con 0x7f629007be80
2024-04-05T23:09:25.239 INFO:teuthology.orchestra.run.smithi029.stdout:/usr/bin/ceph: stderr
2024-04-05T23:09:24.657+0000 7f6296e00700 1 -- 172.21.15.29:0/544860056 --> [v2:172.21.15.29:3300/0,v1:172.21.15.29:6789/0] -- mon_subscribe({mgrmap=0+}) v3 -- 0x7f629019ccb0 con 0x7f629007be80
2024-04-05T23:09:25.239 INFO:teuthology.orchestra.run.smithi029.stdout:/usr/bin/ceph: stderr
2024-04-05T23:09:24.657+0000 7f6296e00700 1 -- 172.21.15.29:0/544860056 --> [v2:172.21.15.29:3300/0,v1:172.21.15.29:6789/0] -- mon_subscribe({osdmap=0}) v3 -- 0x7f629019d150 con 0x7f629007be80
2024-04-05T23:09:25.239 INFO:teuthology.orchestra.run.smithi029.stdout:/usr/bin/ceph: stderr
2024-04-05T23:09:24.658+0000 7f628cc00700 1 -- 172.21.15.29:0/544860056 <== mon.0 v2:172.21.15.29:3300/0 4 ==== mgrmap(e 8) v1 ==== 45541+0+0 (secure 0 0 0) 0x7f628001abb0 con 0x7f629007be80
2024-04-05T23:09:25.240 INFO:teuthology.orchestra.run.smithi029.stdout:/usr/bin/ceph: stderr
2024-04-05T23:09:24.658+0000 7f6296e00700 1 -- 172.21.15.29:0/544860056 --> [v2:172.21.15.29:3300/0,v1:172.21.15.29:6789/0] -- mon_command({"prefix": "get_command_descriptions"} v 0) v1 -- 0x7f629010c970 con 0x7f629007be80
2024-04-05T23:09:25.240 INFO:teuthology.orchestra.run.smithi029.stdout:/usr/bin/ceph: stderr
2024-04-05T23:09:24.658+0000 7f628cc00700 1 --2- 172.21.15.29:0/544860056 >> [v2:172.21.15.29:6800/591443181,v1:172.21.15.29:6801/591443181] conn(0x7f6274038750 0x7f627403ac10 unknown :-1 s=NONE pgs=0 cs=0 l=1 rev1=0 crypto rx=0 tx=0 comp rx=0 tx=0).connect
2024-04-05T23:09:25.240 INFO:teuthology.orchestra.run.smithi029.stdout:/usr/bin/ceph: stderr
2024-04-05T23:09:24.658+0000 7f628cc00700 1 -- 172.21.15.29:0/544860056 <== mon.0 v2:172.21.15.29:3300/0 5 ==== osd_map(2..2 src has 1..2) v4 ==== 940+0+0 (secure 0 0 0) 0x7f628004c850 con 0x7f629007be80
2024-04-05T23:09:25.240 INFO:teuthology.orchestra.run.smithi029.stdout:/usr/bin/ceph: stderr
2024-04-05T23:09:24.659+0000 7f628f400700 1 --2- 172.21.15.29:0/544860056 >> [v2:172.21.15.29:6800/591443181,v1:172.21.15.29:6801/591443181] conn(0x7f6274038750 0x7f627403ac10 unknown :-1 s=BANNER_CONNECTING pgs=0 cs=0 l=1 rev1=0 crypto rx=0 tx=0 comp rx=0 tx=0)._handle_peer_banner_payload supported=3 required=0
2024-04-05T23:09:25.240 INFO:teuthology.orchestra.run.smithi029.stdout:/usr/bin/ceph: stderr
2024-04-05T23:09:24.659+0000 7f628f400700 1 --2- 172.21.15.29:0/544860056 >> [v2:172.21.15.29:6800/591443181,v1:172.21.15.29:6801/591443181] conn(0x7f6274038750 0x7f627403ac10 secure :-1 s=READY pgs=8 cs=0 l=1 rev1=1 crypto rx=0x7f627c006fd0 tx=0x7f627c006e40 comp rx=0 tx=0).ready entity=mgr.14116 client_cookie=0 server_cookie=0 in_seq=0 out_seq=0
2024-04-05T23:09:25.240 INFO:teuthology.orchestra.run.smithi029.stdout:/usr/bin/ceph: stderr
2024-04-05T23:09:24.664+0000 7f628cc00700 1 -- 172.21.15.29:0/544860056 <== mon.0 v2:172.21.15.29:3300/0 6 ==== mon_command_ack([{"prefix": "get_command_descriptions"}]=0 v0) v1 ==== 72+0+182936 (secure 0 0 0) 0x7f6280018530 con 0x7f629007be80
2024-04-05T23:09:25.240 INFO:teuthology.orchestra.run.smithi029.stdout:/usr/bin/ceph: stderr
2024-04-05T23:09:24.878+0000 7f6296e00700 1 -- 172.21.15.29:0/544860056 --> [v2:172.21.15.29:6800/591443181,v1:172.21.15.29:6801/591443181] -- mgr_command(tid 0: {"prefix": "cephadm set-user", "user": "root", "target": ["mon-mgr", ""]}) v1 -- 0x7f6290102e70 con 0x7f6274038750
2024-04-05T23:09:25.240 INFO:teuthology.orchestra.run.smithi029.stdout:/usr/bin/ceph: stderr
2024-04-05T23:09:24.879+0000 7f628cc00700 1 -- 172.21.15.29:0/544860056 <== mgr.14116 v2:172.21.15.29:6800/591443181 1 ==== mgr_command_reply(tid 0: 0 ) v1 ==== 8+0+16 (secure 0 0 0) 0x7f6290102e70 con 0x7f6274038750
2024-04-05T23:09:25.240 INFO:teuthology.orchestra.run.smithi029.stdout:/usr/bin/ceph: stderr
2024-04-05T23:09:24.881+0000 7f6296e00700 1 -- 172.21.15.29:0/544860056 >> [v2:172.21.15.29:6800/591443181,v1:172.21.15.29:6801/591443181] conn(0x7f6274038750 msgr2=0x7f627403ac10 secure :-1 s=STATE_CONNECTION_ESTABLISHED l=1).mark_down
2024-04-05T23:09:25.240 INFO:teuthology.orchestra.run.smithi029.stdout:/usr/bin/ceph: stderr
2024-04-05T23:09:24.881+0000 7f6296e00700 1 --2- 172.21.15.29:0/544860056 >> [v2:172.21.15.29:6800/591443181,v1:172.21.15.29:6801/591443181] conn(0x7f6274038750 0x7f627403ac10 secure :-1 s=READY pgs=8 cs=0 l=1 rev1=1 crypto rx=0x7f627c006fd0 tx=0x7f627c006e40 comp rx=0 tx=0).stop
2024-04-05T23:09:25.240 INFO:teuthology.orchestra.run.smithi029.stdout:/usr/bin/ceph: stderr
2024-04-05T23:09:24.881+0000 7f6296e00700 1 -- 172.21.15.29:0/544860056 >> [v2:172.21.15.29:3300/0,v1:172.21.15.29:6789/0] conn(0x7f629007be80 msgr2=0x7f629019c570 secure :-1 s=STATE_CONNECTION_ESTABLISHED l=1).mark_down
2024-04-05T23:09:25.240 INFO:teuthology.orchestra.run.smithi029.stdout:/usr/bin/ceph: stderr
2024-04-05T23:09:24.881+0000 7f6296e00700 1 --2- 172.21.15.29:0/544860056 >> [v2:172.21.15.29:3300/0,v1:172.21.15.29:6789/0] conn(0x7f629007be80 0x7f629019c570 secure :-1 s=READY pgs=36 cs=0 l=1 rev1=1 crypto rx=0x7f6280009130 tx=0x7f6280011ad0 comp rx=0 tx=0).stop
2024-04-05T23:09:25.240 INFO:teuthology.orchestra.run.smithi029.stdout:/usr/bin/ceph: stderr
2024-04-05T23:09:24.881+0000 7f6296e00700 1 -- 172.21.15.29:0/544860056 shutdown_connections
2024-04-05T23:09:25.240 INFO:teuthology.orchestra.run.smithi029.stdout:/usr/bin/ceph: stderr
2024-04-05T23:09:24.881+0000 7f6296e00700 1 --2- 172.21.15.29:0/544860056 >> [v2:172.21.15.29:6800/591443181,v1:172.21.15.29:6801/591443181] conn(0x7f6274038750 0x7f627403ac10 unknown :-1 s=CLOSED pgs=8 cs=0 l=1 rev1=1 crypto rx=0 tx=0 comp rx=0 tx=0).stop
2024-04-05T23:09:25.240 INFO:teuthology.orchestra.run.smithi029.stdout:/usr/bin/ceph: stderr
2024-04-05T23:09:24.881+0000 7f6296e00700 1 --2- 172.21.15.29:0/544860056 >> [v2:172.21.15.29:3300/0,v1:172.21.15.29:6789/0] conn(0x7f629007be80 0x7f629019c570 unknown :-1 s=CLOSED pgs=36 cs=0 l=1 rev1=1 crypto rx=0 tx=0 comp rx=0 tx=0).stop
2024-04-05T23:09:25.241 INFO:teuthology.orchestra.run.smithi029.stdout:/usr/bin/ceph: stderr
2024-04-05T23:09:24.881+0000 7f6296e00700 1 -- 172.21.15.29:0/544860056 >> 172.21.15.29:0/544860056 conn(0x7f6290101b20 msgr2=0x7f6290102760 unknown :-1 s=STATE_NONE l=0).mark_down
2024-04-05T23:09:25.241 INFO:teuthology.orchestra.run.smithi029.stdout:/usr/bin/ceph: stderr
2024-04-05T23:09:24.881+0000 7f6296e00700 1 -- 172.21.15.29:0/544860056 shutdown_connections
2024-04-05T23:09:25.241 INFO:teuthology.orchestra.run.smithi029.stdout:/usr/bin/ceph: stderr
2024-04-05T23:09:24.881+0000 7f6296e00700 1 -- 172.21.15.29:0/544860056 wait complete.
2024-04-05T23:09:25.241 INFO:teuthology.orchestra.run.smithi029.stdout:Generating ssh key...
2024-04-05T23:09:26.272 INFO:journalctl@ceph.mon.a.smithi029.stdout:Apr 05 23:09:25 smithi029 ceph-mon[38266]: from='client.14130 -' entity='client.admin' cmd=[{"prefix": "cephadm set-user", "user": "root", "target": ["mon-mgr", ""]}]: dispatch
2024-04-05T23:09:26.674 INFO:teuthology.orchestra.run.smithi029.stdout:/usr/bin/ceph: stderr
2024-04-05T23:09:25.623+0000 7f080c800700 1 Processor -- start
2024-04-05T23:09:26.674 INFO:teuthology.orchestra.run.smithi029.stdout:/usr/bin/ceph: stderr
2024-04-05T23:09:25.624+0000 7f080c800700 1 -- start start
2024-04-05T23:09:26.675 INFO:teuthology.orchestra.run.smithi029.stdout:/usr/bin/ceph: stderr
2024-04-05T23:09:25.624+0000 7f080c800700 1 --2- >> [v2:172.21.15.29:3300/0,v1:172.21.15.29:6789/0] conn(0x7f0804104f50 0x7f0804105370 unknown :-1 s=NONE pgs=0 cs=0 l=0 rev1=0 crypto rx=0 tx=0 comp rx=0 tx=0).connect
2024-04-05T23:09:26.675 INFO:teuthology.orchestra.run.smithi029.stdout:/usr/bin/ceph: stderr
2024-04-05T23:09:25.624+0000 7f080c800700 1 -- --> [v2:172.21.15.29:3300/0,v1:172.21.15.29:6789/0] -- mon_getmap magic: 0 v1 -- 0x7f0804079e10 con 0x7f0804104f50
2024-04-05T23:09:26.675 INFO:teuthology.orchestra.run.smithi029.stdout:/usr/bin/ceph: stderr
2024-04-05T23:09:25.624+0000 7f0809e00700 1 --2- >> [v2:172.21.15.29:3300/0,v1:172.21.15.29:6789/0] conn(0x7f0804104f50 0x7f0804105370 unknown :-1 s=BANNER_CONNECTING pgs=0 cs=0 l=0 rev1=0 crypto rx=0 tx=0 comp rx=0 tx=0)._handle_peer_banner_payload supported=3 required=0
2024-04-05T23:09:26.675 INFO:teuthology.orchestra.run.smithi029.stdout:/usr/bin/ceph: stderr
2024-04-05T23:09:25.624+0000 7f0809e00700 1 --2- >> [v2:172.21.15.29:3300/0,v1:172.21.15.29:6789/0] conn(0x7f0804104f50 0x7f0804105370 unknown :-1 s=HELLO_CONNECTING pgs=0 cs=0 l=0 rev1=1 crypto rx=0 tx=0 comp rx=0 tx=0).handle_hello peer v2:172.21.15.29:3300/0 says I am v2:172.21.15.29:39222/0 (socket says 172.21.15.29:39222)
2024-04-05T23:09:26.675 INFO:teuthology.orchestra.run.smithi029.stdout:/usr/bin/ceph: stderr
2024-04-05T23:09:25.624+0000 7f0809e00700 1 -- 172.21.15.29:0/2977073597 learned_addr learned my addr 172.21.15.29:0/2977073597 (peer_addr_for_me v2:172.21.15.29:0/0)
2024-04-05T23:09:26.675 INFO:teuthology.orchestra.run.smithi029.stdout:/usr/bin/ceph: stderr
2024-04-05T23:09:25.625+0000 7f0809e00700 1 -- 172.21.15.29:0/2977073597 --> [v2:172.21.15.29:3300/0,v1:172.21.15.29:6789/0] -- mon_subscribe({config=0+,monmap=0+}) v3 -- 0x7f08041058b0 con 0x7f0804104f50
2024-04-05T23:09:26.675 INFO:teuthology.orchestra.run.smithi029.stdout:/usr/bin/ceph: stderr
2024-04-05T23:09:25.625+0000 7f0809e00700 1 --2- 172.21.15.29:0/2977073597 >> [v2:172.21.15.29:3300/0,v1:172.21.15.29:6789/0] conn(0x7f0804104f50 0x7f0804105370 secure :-1 s=READY pgs=37 cs=0 l=1 rev1=1 crypto rx=0x7f07f80098a0 tx=0x7f07f8009bb0 comp rx=0 tx=0).ready entity=mon.0 client_cookie=284f78fc51e2997d server_cookie=0 in_seq=0 out_seq=0
2024-04-05T23:09:26.675 INFO:teuthology.orchestra.run.smithi029.stdout:/usr/bin/ceph: stderr
2024-04-05T23:09:25.625+0000 7f0808a00700 1 -- 172.21.15.29:0/2977073597 <== mon.0 v2:172.21.15.29:3300/0 1 ==== mon_map magic: 0 v1 ==== 205+0+0 (secure 0 0 0) 0x7f07f8004160 con 0x7f0804104f50
2024-04-05T23:09:26.675 INFO:teuthology.orchestra.run.smithi029.stdout:/usr/bin/ceph: stderr
2024-04-05T23:09:25.625+0000 7f0808a00700 1 -- 172.21.15.29:0/2977073597 <== mon.0 v2:172.21.15.29:3300/0 2 ==== config(26 keys) v1 ==== 1074+0+0 (secure 0 0 0) 0x7f07f80042c0 con 0x7f0804104f50
2024-04-05T23:09:26.675 INFO:teuthology.orchestra.run.smithi029.stdout:/usr/bin/ceph: stderr
2024-04-05T23:09:25.625+0000 7f0808a00700 1 -- 172.21.15.29:0/2977073597 <== mon.0 v2:172.21.15.29:3300/0 3 ==== mon_map magic: 0 v1 ==== 205+0+0 (secure 0 0 0) 0x7f07f8011a00 con 0x7f0804104f50
2024-04-05T23:09:26.675 INFO:teuthology.orchestra.run.smithi029.stdout:/usr/bin/ceph: stderr
2024-04-05T23:09:25.626+0000 7f080c800700 1 -- 172.21.15.29:0/2977073597 >> [v2:172.21.15.29:3300/0,v1:172.21.15.29:6789/0] conn(0x7f0804104f50 msgr2=0x7f0804105370 secure :-1 s=STATE_CONNECTION_ESTABLISHED l=1).mark_down
2024-04-05T23:09:26.675 INFO:teuthology.orchestra.run.smithi029.stdout:/usr/bin/ceph: stderr
2024-04-05T23:09:25.626+0000 7f080c800700 1 --2- 172.21.15.29:0/2977073597 >> [v2:172.21.15.29:3300/0,v1:172.21.15.29:6789/0] conn(0x7f0804104f50 0x7f0804105370 secure :-1 s=READY pgs=37 cs=0 l=1 rev1=1 crypto rx=0x7f07f80098a0 tx=0x7f07f8009bb0 comp rx=0 tx=0).stop
2024-04-05T23:09:26.675 INFO:teuthology.orchestra.run.smithi029.stdout:/usr/bin/ceph: stderr
2024-04-05T23:09:25.626+0000 7f080c800700 1 -- 172.21.15.29:0/2977073597 shutdown_connections
2024-04-05T23:09:26.675 INFO:teuthology.orchestra.run.smithi029.stdout:/usr/bin/ceph: stderr
2024-04-05T23:09:25.626+0000 7f080c800700 1 --2- 172.21.15.29:0/2977073597 >> [v2:172.21.15.29:3300/0,v1:172.21.15.29:6789/0] conn(0x7f0804104f50 0x7f0804105370 unknown :-1 s=CLOSED pgs=37 cs=0 l=1 rev1=1 crypto rx=0 tx=0 comp rx=0 tx=0).stop
2024-04-05T23:09:26.676 INFO:teuthology.orchestra.run.smithi029.stdout:/usr/bin/ceph: stderr
2024-04-05T23:09:25.626+0000 7f080c800700 1 -- 172.21.15.29:0/2977073597 >> 172.21.15.29:0/2977073597 conn(0x7f0804100b30 msgr2=0x7f0804102f50 unknown :-1 s=STATE_NONE l=0).mark_down
2024-04-05T23:09:26.676 INFO:teuthology.orchestra.run.smithi029.stdout:/usr/bin/ceph: stderr
2024-04-05T23:09:25.626+0000 7f080c800700 1 -- 172.21.15.29:0/2977073597 shutdown_connections
2024-04-05T23:09:26.676 INFO:teuthology.orchestra.run.smithi029.stdout:/usr/bin/ceph: stderr
2024-04-05T23:09:25.626+0000 7f080c800700 1 -- 172.21.15.29:0/2977073597 wait complete.
2024-04-05T23:09:26.676 INFO:teuthology.orchestra.run.smithi029.stdout:/usr/bin/ceph: stderr
2024-04-05T23:09:25.627+0000 7f080c800700 1 Processor -- start
2024-04-05T23:09:26.676 INFO:teuthology.orchestra.run.smithi029.stdout:/usr/bin/ceph: stderr
2024-04-05T23:09:25.627+0000 7f080c800700 1 -- start start
2024-04-05T23:09:26.676 INFO:teuthology.orchestra.run.smithi029.stdout:/usr/bin/ceph: stderr
2024-04-05T23:09:25.627+0000 7f080c800700 1 --2- >> [v2:172.21.15.29:3300/0,v1:172.21.15.29:6789/0] conn(0x7f0804104f50 0x7f08041a09d0 unknown :-1 s=NONE pgs=0 cs=0 l=1 rev1=0 crypto rx=0 tx=0 comp rx=0 tx=0).connect
2024-04-05T23:09:26.676 INFO:teuthology.orchestra.run.smithi029.stdout:/usr/bin/ceph: stderr
2024-04-05T23:09:25.627+0000 7f080c800700 1 -- --> [v2:172.21.15.29:3300/0,v1:172.21.15.29:6789/0] -- mon_getmap magic: 0 v1 -- 0x7f08041a0f10 con 0x7f0804104f50
2024-04-05T23:09:26.676 INFO:teuthology.orchestra.run.smithi029.stdout:/usr/bin/ceph: stderr
2024-04-05T23:09:25.628+0000 7f0809e00700 1 --2- >> [v2:172.21.15.29:3300/0,v1:172.21.15.29:6789/0] conn(0x7f0804104f50 0x7f08041a09d0 unknown :-1 s=BANNER_CONNECTING pgs=0 cs=0 l=1 rev1=0 crypto rx=0 tx=0 comp rx=0 tx=0)._handle_peer_banner_payload supported=3 required=0
2024-04-05T23:09:26.676 INFO:teuthology.orchestra.run.smithi029.stdout:/usr/bin/ceph: stderr
2024-04-05T23:09:25.628+0000 7f0809e00700 1 --2- >> [v2:172.21.15.29:3300/0,v1:172.21.15.29:6789/0] conn(0x7f0804104f50 0x7f08041a09d0 unknown :-1 s=HELLO_CONNECTING pgs=0 cs=0 l=1 rev1=1 crypto rx=0 tx=0 comp rx=0 tx=0).handle_hello peer v2:172.21.15.29:3300/0 says I am v2:172.21.15.29:39224/0 (socket says 172.21.15.29:39224)
2024-04-05T23:09:26.676 INFO:teuthology.orchestra.run.smithi029.stdout:/usr/bin/ceph: stderr
2024-04-05T23:09:25.628+0000 7f0809e00700 1 -- 172.21.15.29:0/842345400 learned_addr learned my addr 172.21.15.29:0/842345400 (peer_addr_for_me v2:172.21.15.29:0/0)
2024-04-05T23:09:26.676 INFO:teuthology.orchestra.run.smithi029.stdout:/usr/bin/ceph: stderr
2024-04-05T23:09:25.628+0000 7f0809e00700 1 -- 172.21.15.29:0/842345400 --> [v2:172.21.15.29:3300/0,v1:172.21.15.29:6789/0] -- mon_subscribe({config=0+,monmap=0+}) v3 -- 0x7f07f8009550 con 0x7f0804104f50
2024-04-05T23:09:26.676 INFO:teuthology.orchestra.run.smithi029.stdout:/usr/bin/ceph: stderr
2024-04-05T23:09:25.628+0000 7f0809e00700 1 --2- 172.21.15.29:0/842345400 >> [v2:172.21.15.29:3300/0,v1:172.21.15.29:6789/0] conn(0x7f0804104f50 0x7f08041a09d0 secure :-1 s=READY pgs=38 cs=0 l=1 rev1=1 crypto rx=0x7f07f8009130 tx=0x7f07f8011ad0 comp rx=0 tx=0).ready entity=mon.0 client_cookie=0 server_cookie=0 in_seq=0 out_seq=0
2024-04-05T23:09:26.676 INFO:teuthology.orchestra.run.smithi029.stdout:/usr/bin/ceph: stderr
2024-04-05T23:09:25.629+0000 7f07fea00700 1 -- 172.21.15.29:0/842345400 <== mon.0 v2:172.21.15.29:3300/0 1 ==== mon_map magic: 0 v1 ==== 205+0+0 (secure 0 0 0) 0x7f07f8003b70 con 0x7f0804104f50
2024-04-05T23:09:26.676 INFO:teuthology.orchestra.run.smithi029.stdout:/usr/bin/ceph: stderr
2024-04-05T23:09:25.629+0000 7f07fea00700 1 -- 172.21.15.29:0/842345400 <== mon.0 v2:172.21.15.29:3300/0 2 ==== config(26 keys) v1 ==== 1074+0+0 (secure 0 0 0) 0x7f07f8003cd0 con 0x7f0804104f50
2024-04-05T23:09:26.677 INFO:teuthology.orchestra.run.smithi029.stdout:/usr/bin/ceph: stderr
2024-04-05T23:09:25.629+0000 7f07fea00700 1 -- 172.21.15.29:0/842345400 <== mon.0 v2:172.21.15.29:3300/0 3 ==== mon_map magic: 0 v1 ==== 205+0+0 (secure 0 0 0) 0x7f07f80197d0 con 0x7f0804104f50
2024-04-05T23:09:26.677 INFO:teuthology.orchestra.run.smithi029.stdout:/usr/bin/ceph: stderr
2024-04-05T23:09:25.629+0000 7f080c800700 1 -- 172.21.15.29:0/842345400 --> [v2:172.21.15.29:3300/0,v1:172.21.15.29:6789/0] -- mon_subscribe({mgrmap=0+}) v3 -- 0x7f08041a1110 con 0x7f0804104f50
2024-04-05T23:09:26.677 INFO:teuthology.orchestra.run.smithi029.stdout:/usr/bin/ceph: stderr
2024-04-05T23:09:25.629+0000 7f080c800700 1 -- 172.21.15.29:0/842345400 --> [v2:172.21.15.29:3300/0,v1:172.21.15.29:6789/0] -- mon_subscribe({osdmap=0}) v3 -- 0x7f08041a15b0 con 0x7f0804104f50
2024-04-05T23:09:26.677 INFO:teuthology.orchestra.run.smithi029.stdout:/usr/bin/ceph: stderr
2024-04-05T23:09:25.630+0000 7f07fea00700 1 -- 172.21.15.29:0/842345400 <== mon.0 v2:172.21.15.29:3300/0 4 ==== mgrmap(e 8) v1 ==== 45541+0+0 (secure 0 0 0) 0x7f07f801abb0 con 0x7f0804104f50
2024-04-05T23:09:26.677 INFO:teuthology.orchestra.run.smithi029.stdout:/usr/bin/ceph: stderr
2024-04-05T23:09:25.630+0000 7f080c800700 1 -- 172.21.15.29:0/842345400 --> [v2:172.21.15.29:3300/0,v1:172.21.15.29:6789/0] -- mon_command({"prefix": "get_command_descriptions"} v 0) v1 -- 0x7f0804106720 con 0x7f0804104f50
2024-04-05T23:09:26.677 INFO:teuthology.orchestra.run.smithi029.stdout:/usr/bin/ceph: stderr
2024-04-05T23:09:25.630+0000 7f07fea00700 1 --2- 172.21.15.29:0/842345400 >> [v2:172.21.15.29:6800/591443181,v1:172.21.15.29:6801/591443181] conn(0x7f07ec038750 0x7f07ec03ac10 unknown :-1 s=NONE pgs=0 cs=0 l=1 rev1=0 crypto rx=0 tx=0 comp rx=0 tx=0).connect
2024-04-05T23:09:26.677 INFO:teuthology.orchestra.run.smithi029.stdout:/usr/bin/ceph: stderr
2024-04-05T23:09:25.630+0000 7f07fea00700 1 -- 172.21.15.29:0/842345400 <== mon.0 v2:172.21.15.29:3300/0 5 ==== osd_map(2..2 src has 1..2) v4 ==== 940+0+0 (secure 0 0 0) 0x7f07f804c9a0 con 0x7f0804104f50
2024-04-05T23:09:26.677 INFO:teuthology.orchestra.run.smithi029.stdout:/usr/bin/ceph: stderr
2024-04-05T23:09:25.631+0000 7f0809400700 1 --2- 172.21.15.29:0/842345400 >> [v2:172.21.15.29:6800/591443181,v1:172.21.15.29:6801/591443181] conn(0x7f07ec038750 0x7f07ec03ac10 unknown :-1 s=BANNER_CONNECTING pgs=0 cs=0 l=1 rev1=0 crypto rx=0 tx=0 comp rx=0 tx=0)._handle_peer_banner_payload supported=3 required=0
2024-04-05T23:09:26.677 INFO:teuthology.orchestra.run.smithi029.stdout:/usr/bin/ceph: stderr
2024-04-05T23:09:25.631+0000 7f0809400700 1 --2- 172.21.15.29:0/842345400 >> [v2:172.21.15.29:6800/591443181,v1:172.21.15.29:6801/591443181] conn(0x7f07ec038750 0x7f07ec03ac10 secure :-1 s=READY pgs=9 cs=0 l=1 rev1=1 crypto rx=0x7f07f4006fd0 tx=0x7f07f4006e40 comp rx=0 tx=0).ready entity=mgr.14116 client_cookie=0 server_cookie=0 in_seq=0 out_seq=0
2024-04-05T23:09:26.677 INFO:teuthology.orchestra.run.smithi029.stdout:/usr/bin/ceph: stderr
2024-04-05T23:09:25.636+0000 7f07fea00700 1 -- 172.21.15.29:0/842345400 <== mon.0 v2:172.21.15.29:3300/0 6 ==== mon_command_ack([{"prefix": "get_command_descriptions"}]=0 v0) v1 ==== 72+0+182936 (secure 0 0 0) 0x7f07f801a430 con 0x7f0804104f50
2024-04-05T23:09:26.677 INFO:teuthology.orchestra.run.smithi029.stdout:/usr/bin/ceph: stderr
2024-04-05T23:09:25.848+0000 7f080c800700 1 -- 172.21.15.29:0/842345400 --> [v2:172.21.15.29:6800/591443181,v1:172.21.15.29:6801/591443181] -- mgr_command(tid 0: {"prefix": "cephadm generate-key", "target": ["mon-mgr", ""]}) v1 -- 0x7f080410a890 con 0x7f07ec038750
2024-04-05T23:09:26.677 INFO:teuthology.orchestra.run.smithi029.stdout:/usr/bin/ceph: stderr
2024-04-05T23:09:26.300+0000 7f07fea00700 1 -- 172.21.15.29:0/842345400 <== mgr.14116 v2:172.21.15.29:6800/591443181 1 ==== mgr_command_reply(tid 0: 0 ) v1 ==== 8+0+0 (secure 0 0 0) 0x7f080410a890 con 0x7f07ec038750
2024-04-05T23:09:26.677 INFO:teuthology.orchestra.run.smithi029.stdout:/usr/bin/ceph: stderr
2024-04-05T23:09:26.302+0000 7f080c800700 1 -- 172.21.15.29:0/842345400 >> [v2:172.21.15.29:6800/591443181,v1:172.21.15.29:6801/591443181] conn(0x7f07ec038750 msgr2=0x7f07ec03ac10 secure :-1 s=STATE_CONNECTION_ESTABLISHED l=1).mark_down
2024-04-05T23:09:26.677 INFO:teuthology.orchestra.run.smithi029.stdout:/usr/bin/ceph: stderr
2024-04-05T23:09:26.302+0000 7f080c800700 1 --2- 172.21.15.29:0/842345400 >> [v2:172.21.15.29:6800/591443181,v1:172.21.15.29:6801/591443181] conn(0x7f07ec038750 0x7f07ec03ac10 secure :-1 s=READY pgs=9 cs=0 l=1 rev1=1 crypto rx=0x7f07f4006fd0 tx=0x7f07f4006e40 comp rx=0 tx=0).stop
2024-04-05T23:09:26.677 INFO:teuthology.orchestra.run.smithi029.stdout:/usr/bin/ceph: stderr
2024-04-05T23:09:26.302+0000 7f080c800700 1 -- 172.21.15.29:0/842345400 >> [v2:172.21.15.29:3300/0,v1:172.21.15.29:6789/0] conn(0x7f0804104f50 msgr2=0x7f08041a09d0 secure :-1 s=STATE_CONNECTION_ESTABLISHED l=1).mark_down
2024-04-05T23:09:26.678 INFO:teuthology.orchestra.run.smithi029.stdout:/usr/bin/ceph: stderr
2024-04-05T23:09:26.302+0000 7f080c800700 1 --2- 172.21.15.29:0/842345400 >> [v2:172.21.15.29:3300/0,v1:172.21.15.29:6789/0] conn(0x7f0804104f50 0x7f08041a09d0 secure :-1 s=READY pgs=38 cs=0 l=1 rev1=1 crypto rx=0x7f07f8009130 tx=0x7f07f8011ad0 comp rx=0 tx=0).stop
2024-04-05T23:09:26.678 INFO:teuthology.orchestra.run.smithi029.stdout:/usr/bin/ceph: stderr
2024-04-05T23:09:26.303+0000 7f080c800700 1 -- 172.21.15.29:0/842345400 shutdown_connections
2024-04-05T23:09:26.678 INFO:teuthology.orchestra.run.smithi029.stdout:/usr/bin/ceph: stderr
2024-04-05T23:09:26.303+0000 7f080c800700 1 --2- 172.21.15.29:0/842345400 >> [v2:172.21.15.29:6800/591443181,v1:172.21.15.29:6801/591443181] conn(0x7f07ec038750 0x7f07ec03ac10 unknown :-1 s=CLOSED pgs=9 cs=0 l=1 rev1=1 crypto rx=0 tx=0 comp rx=0 tx=0).stop
2024-04-05T23:09:26.678 INFO:teuthology.orchestra.run.smithi029.stdout:/usr/bin/ceph: stderr
2024-04-05T23:09:26.303+0000 7f080c800700 1 --2- 172.21.15.29:0/842345400 >> [v2:172.21.15.29:3300/0,v1:172.21.15.29:6789/0] conn(0x7f0804104f50 0x7f08041a09d0 unknown :-1 s=CLOSED pgs=38 cs=0 l=1 rev1=1 crypto rx=0 tx=0 comp rx=0 tx=0).stop
2024-04-05T23:09:26.678 INFO:teuthology.orchestra.run.smithi029.stdout:/usr/bin/ceph: stderr
2024-04-05T23:09:26.303+0000 7f080c800700 1 -- 172.21.15.29:0/842345400 >> 172.21.15.29:0/842345400 conn(0x7f0804100b30 msgr2=0x7f0804109170 unknown :-1 s=STATE_NONE l=0).mark_down
2024-04-05T23:09:26.678 INFO:teuthology.orchestra.run.smithi029.stdout:/usr/bin/ceph: stderr
2024-04-05T23:09:26.303+0000 7f080c800700 1 -- 172.21.15.29:0/842345400 shutdown_connections
2024-04-05T23:09:26.678 INFO:teuthology.orchestra.run.smithi029.stdout:/usr/bin/ceph: stderr
2024-04-05T23:09:26.303+0000 7f080c800700 1 -- 172.21.15.29:0/842345400 wait complete.
2024-04-05T23:09:26.678 INFO:journalctl@ceph.mgr.x.smithi029.stdout:Apr 05 23:09:26 smithi029 ceph-54e8afec-f3a1-11ee-b649-cb9ed24678a4-mgr-x[38517]: Generating public/private rsa key pair.
2024-04-05T23:09:26.679 INFO:journalctl@ceph.mgr.x.smithi029.stdout:Apr 05 23:09:26 smithi029 ceph-54e8afec-f3a1-11ee-b649-cb9ed24678a4-mgr-x[38517]: Your identification has been saved in /tmp/tmposjjz7uo/key.
2024-04-05T23:09:26.679 INFO:journalctl@ceph.mgr.x.smithi029.stdout:Apr 05 23:09:26 smithi029 ceph-54e8afec-f3a1-11ee-b649-cb9ed24678a4-mgr-x[38517]: Your public key has been saved in /tmp/tmposjjz7uo/key.pub.
2024-04-05T23:09:26.679 INFO:journalctl@ceph.mgr.x.smithi029.stdout:Apr 05 23:09:26 smithi029 ceph-54e8afec-f3a1-11ee-b649-cb9ed24678a4-mgr-x[38517]: The key fingerprint is:
2024-04-05T23:09:26.679 INFO:journalctl@ceph.mgr.x.smithi029.stdout:Apr 05 23:09:26 smithi029 ceph-54e8afec-f3a1-11ee-b649-cb9ed24678a4-mgr-x[38517]: SHA256:/B4CyYTUlPxTnQJIYEuRDTCEtxBGnI4ex4Tv0pm0hIg ceph-54e8afec-f3a1-11ee-b649-cb9ed24678a4
2024-04-05T23:09:26.679 INFO:journalctl@ceph.mgr.x.smithi029.stdout:Apr 05 23:09:26 smithi029 ceph-54e8afec-f3a1-11ee-b649-cb9ed24678a4-mgr-x[38517]: The key's randomart image is:
2024-04-05T23:09:26.679 INFO:journalctl@ceph.mgr.x.smithi029.stdout:Apr 05 23:09:26 smithi029 ceph-54e8afec-f3a1-11ee-b649-cb9ed24678a4-mgr-x[38517]: +---[RSA 3072]----+
2024-04-05T23:09:26.679 INFO:journalctl@ceph.mgr.x.smithi029.stdout:Apr 05 23:09:26 smithi029 ceph-54e8afec-f3a1-11ee-b649-cb9ed24678a4-mgr-x[38517]: |+**.B@oo.. . . |
2024-04-05T23:09:26.679 INFO:journalctl@ceph.mgr.x.smithi029.stdout:Apr 05 23:09:26 smithi029 ceph-54e8afec-f3a1-11ee-b649-cb9ed24678a4-mgr-x[38517]: |++.*.o* o o |
2024-04-05T23:09:26.679 INFO:journalctl@ceph.mgr.x.smithi029.stdout:Apr 05 23:09:26 smithi029 ceph-54e8afec-f3a1-11ee-b649-cb9ed24678a4-mgr-x[38517]: |=o=.o .. . . |
2024-04-05T23:09:26.679 INFO:journalctl@ceph.mgr.x.smithi029.stdout:Apr 05 23:09:26 smithi029 ceph-54e8afec-f3a1-11ee-b649-cb9ed24678a4-mgr-x[38517]: |E+.* o oo |
2024-04-05T23:09:26.679 INFO:journalctl@ceph.mgr.x.smithi029.stdout:Apr 05 23:09:26 smithi029 ceph-54e8afec-f3a1-11ee-b649-cb9ed24678a4-mgr-x[38517]: |. B + + S. |
2024-04-05T23:09:26.679 INFO:journalctl@ceph.mgr.x.smithi029.stdout:Apr 05 23:09:26 smithi029 ceph-54e8afec-f3a1-11ee-b649-cb9ed24678a4-mgr-x[38517]: | o * . . |
2024-04-05T23:09:26.679 INFO:journalctl@ceph.mgr.x.smithi029.stdout:Apr 05 23:09:26 smithi029 ceph-54e8afec-f3a1-11ee-b649-cb9ed24678a4-mgr-x[38517]: | . . o |
2024-04-05T23:09:26.679 INFO:journalctl@ceph.mgr.x.smithi029.stdout:Apr 05 23:09:26 smithi029 ceph-54e8afec-f3a1-11ee-b649-cb9ed24678a4-mgr-x[38517]: | o . |
2024-04-05T23:09:26.679 INFO:journalctl@ceph.mgr.x.smithi029.stdout:Apr 05 23:09:26 smithi029 ceph-54e8afec-f3a1-11ee-b649-cb9ed24678a4-mgr-x[38517]: | . |
2024-04-05T23:09:26.680 INFO:journalctl@ceph.mgr.x.smithi029.stdout:Apr 05 23:09:26 smithi029 ceph-54e8afec-f3a1-11ee-b649-cb9ed24678a4-mgr-x[38517]: +----[SHA256]-----+
2024-04-05T23:09:27.022 INFO:journalctl@ceph.mon.a.smithi029.stdout:Apr 05 23:09:26 smithi029 ceph-mon[38266]: from='client.14132 -' entity='client.admin' cmd=[{"prefix": "cephadm generate-key", "target": ["mon-mgr", ""]}]: dispatch
2024-04-05T23:09:27.023 INFO:journalctl@ceph.mon.a.smithi029.stdout:Apr 05 23:09:26 smithi029 ceph-mon[38266]: Generating ssh key...
2024-04-05T23:09:27.023 INFO:journalctl@ceph.mon.a.smithi029.stdout:Apr 05 23:09:26 smithi029 ceph-mon[38266]: from='mgr.14116 172.21.15.29:0/1475355174' entity='mgr.x'
2024-04-05T23:09:27.023 INFO:journalctl@ceph.mon.a.smithi029.stdout:Apr 05 23:09:26 smithi029 ceph-mon[38266]: from='mgr.14116 172.21.15.29:0/1475355174' entity='mgr.x'
2024-04-05T23:09:27.676 INFO:teuthology.orchestra.run.smithi029.stdout:/usr/bin/ceph: stdout ssh-rsa AAAAB3NzaC1yc2EAAAADAQABAAABgQCRmLd+lZqOXtj+4UMZsnDuD6TYpv6xsoIR4n0Cg5qQMpILoQuc7ST6/T3c+qX/xz9pJSR4M7CxFZbvwIMHvDX7tcKd9rT5aB5dv8ZgOoNIGXrN6igyApJMSHqESKExUHSU6IfRQSWQk69z693vcz/tW26nMUnMtYE73YwUrFY1TYt1O7F3gHgdmO6jNpoQQBjf9GT94SEzBGI4o71Nm+YdI28lhKBkxl/6Ga6UqbswP2ylz52bk5wG23IkV6PcOAHb1yrWvnL/YbMDaZ7ayc1ArTIjiFyWlpBYbGb3LMLLhf8DowDZhOYtkEbSWiyqWgyh0NQvjXJKvx99Jt6/LrJi6ny4U5WD+AhB2YO6xMPq8fkElaFALH27/mdUjCltoL2d6stOG9wPDWNndc8QXsUrdflDBsyOHaXW3dol/0+qIGxu4FSfEXOF+t2jkDtZZPddaohAImGwqsBgXV7EAyRDeh5CZghOaRwWvJGYLqgPJ3zV8GCVnCja6pySgCrC6Ec= ceph-54e8afec-f3a1-11ee-b649-cb9ed24678a4
2024-04-05T23:09:27.676 INFO:teuthology.orchestra.run.smithi029.stdout:/usr/bin/ceph: stderr
2024-04-05T23:09:27.058+0000 7f38cdc00700 1 Processor -- start
2024-04-05T23:09:27.676 INFO:teuthology.orchestra.run.smithi029.stdout:/usr/bin/ceph: stderr
2024-04-05T23:09:27.058+0000 7f38cdc00700 1 -- start start
2024-04-05T23:09:27.676 INFO:teuthology.orchestra.run.smithi029.stdout:/usr/bin/ceph: stderr
2024-04-05T23:09:27.059+0000 7f38cdc00700 1 --2- >> [v2:172.21.15.29:3300/0,v1:172.21.15.29:6789/0] conn(0x7f38c807be40 0x7f38c807a2a0 unknown :-1 s=NONE pgs=0 cs=0 l=0 rev1=0 crypto rx=0 tx=0 comp rx=0 tx=0).connect
2024-04-05T23:09:27.676 INFO:teuthology.orchestra.run.smithi029.stdout:/usr/bin/ceph: stderr
2024-04-05T23:09:27.059+0000 7f38cdc00700 1 -- --> [v2:172.21.15.29:3300/0,v1:172.21.15.29:6789/0] -- mon_getmap magic: 0 v1 -- 0x7f38c807a870 con 0x7f38c807be40
2024-04-05T23:09:27.676 INFO:teuthology.orchestra.run.smithi029.stdout:/usr/bin/ceph: stderr
2024-04-05T23:09:27.059+0000 7f38c6a00700 1 --2- >> [v2:172.21.15.29:3300/0,v1:172.21.15.29:6789/0] conn(0x7f38c807be40 0x7f38c807a2a0 unknown :-1 s=BANNER_CONNECTING pgs=0 cs=0 l=0 rev1=0 crypto rx=0 tx=0 comp rx=0 tx=0)._handle_peer_banner_payload supported=3 required=0
2024-04-05T23:09:27.676 INFO:teuthology.orchestra.run.smithi029.stdout:/usr/bin/ceph: stderr
2024-04-05T23:09:27.059+0000 7f38c6a00700 1 --2- >> [v2:172.21.15.29:3300/0,v1:172.21.15.29:6789/0] conn(0x7f38c807be40 0x7f38c807a2a0 unknown :-1 s=HELLO_CONNECTING pgs=0 cs=0 l=0 rev1=1 crypto rx=0 tx=0 comp rx=0 tx=0).handle_hello peer v2:172.21.15.29:3300/0 says I am v2:172.21.15.29:39236/0 (socket says 172.21.15.29:39236)
2024-04-05T23:09:27.676 INFO:teuthology.orchestra.run.smithi029.stdout:/usr/bin/ceph: stderr
2024-04-05T23:09:27.059+0000 7f38c6a00700 1 -- 172.21.15.29:0/2444536416 learned_addr learned my addr 172.21.15.29:0/2444536416 (peer_addr_for_me v2:172.21.15.29:0/0)
2024-04-05T23:09:27.676 INFO:teuthology.orchestra.run.smithi029.stdout:/usr/bin/ceph: stderr
2024-04-05T23:09:27.059+0000 7f38c6a00700 1 -- 172.21.15.29:0/2444536416 --> [v2:172.21.15.29:3300/0,v1:172.21.15.29:6789/0] -- mon_subscribe({config=0+,monmap=0+}) v3 -- 0x7f38c807a9b0 con 0x7f38c807be40
2024-04-05T23:09:27.677 INFO:teuthology.orchestra.run.smithi029.stdout:/usr/bin/ceph: stderr
2024-04-05T23:09:27.060+0000 7f38c6a00700 1 --2- 172.21.15.29:0/2444536416 >> [v2:172.21.15.29:3300/0,v1:172.21.15.29:6789/0] conn(0x7f38c807be40 0x7f38c807a2a0 secure :-1 s=READY pgs=39 cs=0 l=1 rev1=1 crypto rx=0x7f38b80098a0 tx=0x7f38b8009bb0 comp rx=0 tx=0).ready entity=mon.0 client_cookie=96eacdcec732d12f server_cookie=0 in_seq=0 out_seq=0
2024-04-05T23:09:27.677 INFO:teuthology.orchestra.run.smithi029.stdout:/usr/bin/ceph: stderr
2024-04-05T23:09:27.060+0000 7f38c5600700 1 -- 172.21.15.29:0/2444536416 <== mon.0 v2:172.21.15.29:3300/0 1 ==== mon_map magic: 0 v1 ==== 205+0+0 (secure 0 0 0) 0x7f38b8004160 con 0x7f38c807be40
2024-04-05T23:09:27.677 INFO:teuthology.orchestra.run.smithi029.stdout:/usr/bin/ceph: stderr
2024-04-05T23:09:27.060+0000 7f38c5600700 1 -- 172.21.15.29:0/2444536416 <== mon.0 v2:172.21.15.29:3300/0 2 ==== config(26 keys) v1 ==== 1074+0+0 (secure 0 0 0) 0x7f38b80042c0 con 0x7f38c807be40
2024-04-05T23:09:27.677 INFO:teuthology.orchestra.run.smithi029.stdout:/usr/bin/ceph: stderr
2024-04-05T23:09:27.060+0000 7f38c5600700 1 -- 172.21.15.29:0/2444536416 <== mon.0 v2:172.21.15.29:3300/0 3 ==== mon_map magic: 0 v1 ==== 205+0+0 (secure 0 0 0) 0x7f38b8011a00 con 0x7f38c807be40
2024-04-05T23:09:27.677 INFO:teuthology.orchestra.run.smithi029.stdout:/usr/bin/ceph: stderr
2024-04-05T23:09:27.060+0000 7f38cdc00700 1 -- 172.21.15.29:0/2444536416 >> [v2:172.21.15.29:3300/0,v1:172.21.15.29:6789/0] conn(0x7f38c807be40 msgr2=0x7f38c807a2a0 secure :-1 s=STATE_CONNECTION_ESTABLISHED l=1).mark_down
2024-04-05T23:09:27.677 INFO:teuthology.orchestra.run.smithi029.stdout:/usr/bin/ceph: stderr
2024-04-05T23:09:27.060+0000 7f38cdc00700 1 --2- 172.21.15.29:0/2444536416 >> [v2:172.21.15.29:3300/0,v1:172.21.15.29:6789/0] conn(0x7f38c807be40 0x7f38c807a2a0 secure :-1 s=READY pgs=39 cs=0 l=1 rev1=1 crypto rx=0x7f38b80098a0 tx=0x7f38b8009bb0 comp rx=0 tx=0).stop
2024-04-05T23:09:27.677 INFO:teuthology.orchestra.run.smithi029.stdout:/usr/bin/ceph: stderr
2024-04-05T23:09:27.061+0000 7f38cdc00700 1 -- 172.21.15.29:0/2444536416 shutdown_connections
2024-04-05T23:09:27.677 INFO:teuthology.orchestra.run.smithi029.stdout:/usr/bin/ceph: stderr
2024-04-05T23:09:27.061+0000 7f38cdc00700 1 --2- 172.21.15.29:0/2444536416 >> [v2:172.21.15.29:3300/0,v1:172.21.15.29:6789/0] conn(0x7f38c807be40 0x7f38c807a2a0 unknown :-1 s=CLOSED pgs=39 cs=0 l=1 rev1=1 crypto rx=0 tx=0 comp rx=0 tx=0).stop
2024-04-05T23:09:27.677 INFO:teuthology.orchestra.run.smithi029.stdout:/usr/bin/ceph: stderr
2024-04-05T23:09:27.061+0000 7f38cdc00700 1 -- 172.21.15.29:0/2444536416 >> 172.21.15.29:0/2444536416 conn(0x7f38c8101bd0 msgr2=0x7f38c8104030 unknown :-1 s=STATE_NONE l=0).mark_down
2024-04-05T23:09:27.677 INFO:teuthology.orchestra.run.smithi029.stdout:/usr/bin/ceph: stderr
2024-04-05T23:09:27.061+0000 7f38cdc00700 1 -- 172.21.15.29:0/2444536416 shutdown_connections
2024-04-05T23:09:27.677 INFO:teuthology.orchestra.run.smithi029.stdout:/usr/bin/ceph: stderr
2024-04-05T23:09:27.061+0000 7f38cdc00700 1 -- 172.21.15.29:0/2444536416 wait complete.
2024-04-05T23:09:27.678 INFO:teuthology.orchestra.run.smithi029.stdout:/usr/bin/ceph: stderr
2024-04-05T23:09:27.062+0000 7f38cdc00700 1 Processor -- start
2024-04-05T23:09:27.678 INFO:teuthology.orchestra.run.smithi029.stdout:/usr/bin/ceph: stderr
2024-04-05T23:09:27.062+0000 7f38cdc00700 1 -- start start
2024-04-05T23:09:27.678 INFO:teuthology.orchestra.run.smithi029.stdout:/usr/bin/ceph: stderr
2024-04-05T23:09:27.062+0000 7f38cdc00700 1 --2- >> [v2:172.21.15.29:3300/0,v1:172.21.15.29:6789/0] conn(0x7f38c807be40 0x7f38c819c570 unknown :-1 s=NONE pgs=0 cs=0 l=1 rev1=0 crypto rx=0 tx=0 comp rx=0 tx=0).connect
2024-04-05T23:09:27.678 INFO:teuthology.orchestra.run.smithi029.stdout:/usr/bin/ceph: stderr
2024-04-05T23:09:27.062+0000 7f38cdc00700 1 -- --> [v2:172.21.15.29:3300/0,v1:172.21.15.29:6789/0] -- mon_getmap magic: 0 v1 -- 0x7f38c819cab0 con 0x7f38c807be40
2024-04-05T23:09:27.678 INFO:teuthology.orchestra.run.smithi029.stdout:/usr/bin/ceph: stderr
2024-04-05T23:09:27.062+0000 7f38c6a00700 1 --2- >> [v2:172.21.15.29:3300/0,v1:172.21.15.29:6789/0] conn(0x7f38c807be40 0x7f38c819c570 unknown :-1 s=BANNER_CONNECTING pgs=0 cs=0 l=1 rev1=0 crypto rx=0 tx=0 comp rx=0 tx=0)._handle_peer_banner_payload supported=3 required=0
2024-04-05T23:09:27.678 INFO:teuthology.orchestra.run.smithi029.stdout:/usr/bin/ceph: stderr
2024-04-05T23:09:27.062+0000 7f38c6a00700 1 --2- >> [v2:172.21.15.29:3300/0,v1:172.21.15.29:6789/0] conn(0x7f38c807be40 0x7f38c819c570 unknown :-1 s=HELLO_CONNECTING pgs=0 cs=0 l=1 rev1=1 crypto rx=0 tx=0 comp rx=0 tx=0).handle_hello peer v2:172.21.15.29:3300/0 says I am v2:172.21.15.29:39246/0 (socket says 172.21.15.29:39246)
2024-04-05T23:09:27.678 INFO:teuthology.orchestra.run.smithi029.stdout:/usr/bin/ceph: stderr
2024-04-05T23:09:27.062+0000 7f38c6a00700 1 -- 172.21.15.29:0/3689293448 learned_addr learned my addr 172.21.15.29:0/3689293448 (peer_addr_for_me v2:172.21.15.29:0/0)
2024-04-05T23:09:27.678 INFO:teuthology.orchestra.run.smithi029.stdout:/usr/bin/ceph: stderr
2024-04-05T23:09:27.063+0000 7f38c6a00700 1 -- 172.21.15.29:0/3689293448 --> [v2:172.21.15.29:3300/0,v1:172.21.15.29:6789/0] -- mon_subscribe({config=0+,monmap=0+}) v3 -- 0x7f38b8009550 con 0x7f38c807be40
2024-04-05T23:09:27.678 INFO:teuthology.orchestra.run.smithi029.stdout:/usr/bin/ceph: stderr
2024-04-05T23:09:27.063+0000 7f38c6a00700 1 --2- 172.21.15.29:0/3689293448 >> [v2:172.21.15.29:3300/0,v1:172.21.15.29:6789/0] conn(0x7f38c807be40 0x7f38c819c570 secure :-1 s=READY pgs=40 cs=0 l=1 rev1=1 crypto rx=0x7f38b8009130 tx=0x7f38b8011ad0 comp rx=0 tx=0).ready entity=mon.0 client_cookie=0 server_cookie=0 in_seq=0 out_seq=0
2024-04-05T23:09:27.678 INFO:teuthology.orchestra.run.smithi029.stdout:/usr/bin/ceph: stderr
2024-04-05T23:09:27.063+0000 7f38bf400700 1 -- 172.21.15.29:0/3689293448 <== mon.0 v2:172.21.15.29:3300/0 1 ==== mon_map magic: 0 v1 ==== 205+0+0 (secure 0 0 0) 0x7f38b8003b70 con 0x7f38c807be40
2024-04-05T23:09:27.678 INFO:teuthology.orchestra.run.smithi029.stdout:/usr/bin/ceph: stderr
2024-04-05T23:09:27.063+0000 7f38bf400700 1 -- 172.21.15.29:0/3689293448 <== mon.0 v2:172.21.15.29:3300/0 2 ==== config(26 keys) v1 ==== 1074+0+0 (secure 0 0 0) 0x7f38b8003cd0 con 0x7f38c807be40
2024-04-05T23:09:27.679 INFO:teuthology.orchestra.run.smithi029.stdout:/usr/bin/ceph: stderr
2024-04-05T23:09:27.063+0000 7f38bf400700 1 -- 172.21.15.29:0/3689293448 <== mon.0 v2:172.21.15.29:3300/0 3 ==== mon_map magic: 0 v1 ==== 205+0+0 (secure 0 0 0) 0x7f38b80197d0 con 0x7f38c807be40
2024-04-05T23:09:27.679 INFO:teuthology.orchestra.run.smithi029.stdout:/usr/bin/ceph: stderr
2024-04-05T23:09:27.063+0000 7f38cdc00700 1 -- 172.21.15.29:0/3689293448 --> [v2:172.21.15.29:3300/0,v1:172.21.15.29:6789/0] -- mon_subscribe({mgrmap=0+}) v3 -- 0x7f38c819ccb0 con 0x7f38c807be40
2024-04-05T23:09:27.679 INFO:teuthology.orchestra.run.smithi029.stdout:/usr/bin/ceph: stderr
2024-04-05T23:09:27.063+0000 7f38cdc00700 1 -- 172.21.15.29:0/3689293448 --> [v2:172.21.15.29:3300/0,v1:172.21.15.29:6789/0] -- mon_subscribe({osdmap=0}) v3 -- 0x7f38c819d150 con 0x7f38c807be40
2024-04-05T23:09:27.679 INFO:teuthology.orchestra.run.smithi029.stdout:/usr/bin/ceph: stderr
2024-04-05T23:09:27.064+0000 7f38bf400700 1 -- 172.21.15.29:0/3689293448 <== mon.0 v2:172.21.15.29:3300/0 4 ==== mgrmap(e 8) v1 ==== 45541+0+0 (secure 0 0 0) 0x7f38b801abb0 con 0x7f38c807be40
2024-04-05T23:09:27.679 INFO:teuthology.orchestra.run.smithi029.stdout:/usr/bin/ceph: stderr
2024-04-05T23:09:27.064+0000 7f38cdc00700 1 -- 172.21.15.29:0/3689293448 --> [v2:172.21.15.29:3300/0,v1:172.21.15.29:6789/0] -- mon_command({"prefix": "get_command_descriptions"} v 0) v1 -- 0x7f38c810ca00 con 0x7f38c807be40
2024-04-05T23:09:27.679 INFO:teuthology.orchestra.run.smithi029.stdout:/usr/bin/ceph: stderr
2024-04-05T23:09:27.065+0000 7f38bf400700 1 --2- 172.21.15.29:0/3689293448 >> [v2:172.21.15.29:6800/591443181,v1:172.21.15.29:6801/591443181] conn(0x7f38ac038750 0x7f38ac03ac10 unknown :-1 s=NONE pgs=0 cs=0 l=1 rev1=0 crypto rx=0 tx=0 comp rx=0 tx=0).connect
2024-04-05T23:09:27.679 INFO:teuthology.orchestra.run.smithi029.stdout:/usr/bin/ceph: stderr
2024-04-05T23:09:27.065+0000 7f38bf400700 1 -- 172.21.15.29:0/3689293448 <== mon.0 v2:172.21.15.29:3300/0 5 ==== osd_map(2..2 src has 1..2) v4 ==== 940+0+0 (secure 0 0 0) 0x7f38b804c8f0 con 0x7f38c807be40
2024-04-05T23:09:27.679 INFO:teuthology.orchestra.run.smithi029.stdout:/usr/bin/ceph: stderr
2024-04-05T23:09:27.065+0000 7f38c6000700 1 --2- 172.21.15.29:0/3689293448 >> [v2:172.21.15.29:6800/591443181,v1:172.21.15.29:6801/591443181] conn(0x7f38ac038750 0x7f38ac03ac10 unknown :-1 s=BANNER_CONNECTING pgs=0 cs=0 l=1 rev1=0 crypto rx=0 tx=0 comp rx=0 tx=0)._handle_peer_banner_payload supported=3 required=0
2024-04-05T23:09:27.679 INFO:teuthology.orchestra.run.smithi029.stdout:/usr/bin/ceph: stderr
2024-04-05T23:09:27.066+0000 7f38c6000700 1 --2- 172.21.15.29:0/3689293448 >> [v2:172.21.15.29:6800/591443181,v1:172.21.15.29:6801/591443181] conn(0x7f38ac038750 0x7f38ac03ac10 secure :-1 s=READY pgs=10 cs=0 l=1 rev1=1 crypto rx=0x7f38b4006fd0 tx=0x7f38b4006e40 comp rx=0 tx=0).ready entity=mgr.14116 client_cookie=0 server_cookie=0 in_seq=0 out_seq=0
2024-04-05T23:09:27.679 INFO:teuthology.orchestra.run.smithi029.stdout:/usr/bin/ceph: stderr
2024-04-05T23:09:27.070+0000 7f38bf400700 1 -- 172.21.15.29:0/3689293448 <== mon.0 v2:172.21.15.29:3300/0 6 ==== mon_command_ack([{"prefix": "get_command_descriptions"}]=0 v0) v1 ==== 72+0+182936 (secure 0 0 0) 0x7f38b801a430 con 0x7f38c807be40
2024-04-05T23:09:27.679 INFO:teuthology.orchestra.run.smithi029.stdout:/usr/bin/ceph: stderr
2024-04-05T23:09:27.280+0000 7f38cdc00700 1 -- 172.21.15.29:0/3689293448 --> [v2:172.21.15.29:6800/591443181,v1:172.21.15.29:6801/591443181] -- mgr_command(tid 0: {"prefix": "cephadm get-pub-key", "target": ["mon-mgr", ""]}) v1 -- 0x7f38c8102f00 con 0x7f38ac038750
2024-04-05T23:09:27.680 INFO:teuthology.orchestra.run.smithi029.stdout:/usr/bin/ceph: stderr
2024-04-05T23:09:27.281+0000 7f38bf400700 1 -- 172.21.15.29:0/3689293448 <== mgr.14116 v2:172.21.15.29:6800/591443181 1 ==== mgr_command_reply(tid 0: 0 ) v1 ==== 8+0+595 (secure 0 0 0) 0x7f38c8102f00 con 0x7f38ac038750
2024-04-05T23:09:27.680 INFO:teuthology.orchestra.run.smithi029.stdout:/usr/bin/ceph: stderr
2024-04-05T23:09:27.283+0000 7f38cdc00700 1 -- 172.21.15.29:0/3689293448 >> [v2:172.21.15.29:6800/591443181,v1:172.21.15.29:6801/591443181] conn(0x7f38ac038750 msgr2=0x7f38ac03ac10 secure :-1 s=STATE_CONNECTION_ESTABLISHED l=1).mark_down
2024-04-05T23:09:27.680 INFO:teuthology.orchestra.run.smithi029.stdout:/usr/bin/ceph: stderr
2024-04-05T23:09:27.283+0000 7f38cdc00700 1 --2- 172.21.15.29:0/3689293448 >> [v2:172.21.15.29:6800/591443181,v1:172.21.15.29:6801/591443181] conn(0x7f38ac038750 0x7f38ac03ac10 secure :-1 s=READY pgs=10 cs=0 l=1 rev1=1 crypto rx=0x7f38b4006fd0 tx=0x7f38b4006e40 comp rx=0 tx=0).stop
2024-04-05T23:09:27.680 INFO:teuthology.orchestra.run.smithi029.stdout:/usr/bin/ceph: stderr
2024-04-05T23:09:27.283+0000 7f38cdc00700 1 -- 172.21.15.29:0/3689293448 >> [v2:172.21.15.29:3300/0,v1:172.21.15.29:6789/0] conn(0x7f38c807be40 msgr2=0x7f38c819c570 secure :-1 s=STATE_CONNECTION_ESTABLISHED l=1).mark_down
2024-04-05T23:09:27.680 INFO:teuthology.orchestra.run.smithi029.stdout:/usr/bin/ceph: stderr
2024-04-05T23:09:27.283+0000 7f38cdc00700 1 --2- 172.21.15.29:0/3689293448 >> [v2:172.21.15.29:3300/0,v1:172.21.15.29:6789/0] conn(0x7f38c807be40 0x7f38c819c570 secure :-1 s=READY pgs=40 cs=0 l=1 rev1=1 crypto rx=0x7f38b8009130 tx=0x7f38b8011ad0 comp rx=0 tx=0).stop
2024-04-05T23:09:27.680 INFO:teuthology.orchestra.run.smithi029.stdout:/usr/bin/ceph: stderr
2024-04-05T23:09:27.283+0000 7f38cdc00700 1 -- 172.21.15.29:0/3689293448 shutdown_connections
2024-04-05T23:09:27.680 INFO:teuthology.orchestra.run.smithi029.stdout:/usr/bin/ceph: stderr
2024-04-05T23:09:27.283+0000 7f38cdc00700 1 --2- 172.21.15.29:0/3689293448 >> [v2:172.21.15.29:6800/591443181,v1:172.21.15.29:6801/591443181] conn(0x7f38ac038750 0x7f38ac03ac10 unknown :-1 s=CLOSED pgs=10 cs=0 l=1 rev1=1 crypto rx=0 tx=0 comp rx=0 tx=0).stop
2024-04-05T23:09:27.680 INFO:teuthology.orchestra.run.smithi029.stdout:/usr/bin/ceph: stderr
