2024-04-05T23:26:04.641+0000 7fa48ae00700 1 --2- 172.21.15.16:0/2221210096 >> [v2:172.21.15.16:3300/0,v1:172.21.15.16:6789/0] conn(0x7fa4841066d0 0x7fa484106af0 secure :-1 s=READY pgs=28 cs=0 l=1 rev1=1 crypto rx=0x7fa4740098a0 tx=0x7fa474009bb0 comp rx=0 tx=0).stop
2024-04-05T23:26:13.055 INFO:teuthology.orchestra.run.smithi016.stdout:/usr/bin/ceph: stderr
2024-04-05T23:26:04.641+0000 7fa48ae00700 1 -- 172.21.15.16:0/2221210096 shutdown_connections
2024-04-05T23:26:13.055 INFO:teuthology.orchestra.run.smithi016.stdout:/usr/bin/ceph: stderr
2024-04-05T23:26:04.641+0000 7fa48ae00700 1 --2- 172.21.15.16:0/2221210096 >> [v2:172.21.15.16:3300/0,v1:172.21.15.16:6789/0] conn(0x7fa4841066d0 0x7fa484106af0 unknown :-1 s=CLOSED pgs=28 cs=0 l=1 rev1=1 crypto rx=0 tx=0 comp rx=0 tx=0).stop
2024-04-05T23:26:13.055 INFO:teuthology.orchestra.run.smithi016.stdout:/usr/bin/ceph: stderr
2024-04-05T23:26:04.641+0000 7fa48ae00700 1 -- 172.21.15.16:0/2221210096 >> 172.21.15.16:0/2221210096 conn(0x7fa484101c90 msgr2=0x7fa4841040b0 unknown :-1 s=STATE_NONE l=0).mark_down
2024-04-05T23:26:13.055 INFO:teuthology.orchestra.run.smithi016.stdout:/usr/bin/ceph: stderr
2024-04-05T23:26:04.641+0000 7fa48ae00700 1 -- 172.21.15.16:0/2221210096 shutdown_connections
2024-04-05T23:26:13.055 INFO:teuthology.orchestra.run.smithi016.stdout:/usr/bin/ceph: stderr
2024-04-05T23:26:04.641+0000 7fa48ae00700 1 -- 172.21.15.16:0/2221210096 wait complete.
2024-04-05T23:26:13.055 INFO:teuthology.orchestra.run.smithi016.stdout:/usr/bin/ceph: stderr
2024-04-05T23:26:04.642+0000 7fa48ae00700 1 Processor -- start
2024-04-05T23:26:13.055 INFO:teuthology.orchestra.run.smithi016.stdout:/usr/bin/ceph: stderr
2024-04-05T23:26:04.643+0000 7fa48ae00700 1 -- start start
2024-04-05T23:26:13.055 INFO:teuthology.orchestra.run.smithi016.stdout:/usr/bin/ceph: stderr
2024-04-05T23:26:04.643+0000 7fa48ae00700 1 --2- >> [v2:172.21.15.16:3300/0,v1:172.21.15.16:6789/0] conn(0x7fa4841066d0 0x7fa48419a470 unknown :-1 s=NONE pgs=0 cs=0 l=1 rev1=0 crypto rx=0 tx=0 comp rx=0 tx=0).connect
2024-04-05T23:26:13.056 INFO:teuthology.orchestra.run.smithi016.stdout:/usr/bin/ceph: stderr
2024-04-05T23:26:04.643+0000 7fa48ae00700 1 -- --> [v2:172.21.15.16:3300/0,v1:172.21.15.16:6789/0] -- mon_getmap magic: 0 v1 -- 0x7fa48419a9b0 con 0x7fa4841066d0
2024-04-05T23:26:13.056 INFO:teuthology.orchestra.run.smithi016.stdout:/usr/bin/ceph: stderr
2024-04-05T23:26:04.643+0000 7fa483e00700 1 --2- >> [v2:172.21.15.16:3300/0,v1:172.21.15.16:6789/0] conn(0x7fa4841066d0 0x7fa48419a470 unknown :-1 s=BANNER_CONNECTING pgs=0 cs=0 l=1 rev1=0 crypto rx=0 tx=0 comp rx=0 tx=0)._handle_peer_banner_payload supported=3 required=0
2024-04-05T23:26:13.056 INFO:teuthology.orchestra.run.smithi016.stdout:/usr/bin/ceph: stderr
2024-04-05T23:26:04.643+0000 7fa483e00700 1 --2- >> [v2:172.21.15.16:3300/0,v1:172.21.15.16:6789/0] conn(0x7fa4841066d0 0x7fa48419a470 unknown :-1 s=HELLO_CONNECTING pgs=0 cs=0 l=1 rev1=1 crypto rx=0 tx=0 comp rx=0 tx=0).handle_hello peer v2:172.21.15.16:3300/0 says I am v2:172.21.15.16:56146/0 (socket says 172.21.15.16:56146)
2024-04-05T23:26:13.056 INFO:teuthology.orchestra.run.smithi016.stdout:/usr/bin/ceph: stderr
2024-04-05T23:26:04.643+0000 7fa483e00700 1 -- 172.21.15.16:0/1779337358 learned_addr learned my addr 172.21.15.16:0/1779337358 (peer_addr_for_me v2:172.21.15.16:0/0)
2024-04-05T23:26:13.056 INFO:teuthology.orchestra.run.smithi016.stdout:/usr/bin/ceph: stderr
2024-04-05T23:26:04.643+0000 7fa483e00700 1 -- 172.21.15.16:0/1779337358 --> [v2:172.21.15.16:3300/0,v1:172.21.15.16:6789/0] -- mon_subscribe({config=0+,monmap=0+}) v3 -- 0x7fa474009550 con 0x7fa4841066d0
2024-04-05T23:26:13.056 INFO:teuthology.orchestra.run.smithi016.stdout:/usr/bin/ceph: stderr
2024-04-05T23:26:04.644+0000 7fa483e00700 1 --2- 172.21.15.16:0/1779337358 >> [v2:172.21.15.16:3300/0,v1:172.21.15.16:6789/0] conn(0x7fa4841066d0 0x7fa48419a470 secure :-1 s=READY pgs=29 cs=0 l=1 rev1=1 crypto rx=0x7fa474009130 tx=0x7fa474011ad0 comp rx=0 tx=0).ready entity=mon.0 client_cookie=0 server_cookie=0 in_seq=0 out_seq=0
2024-04-05T23:26:13.056 INFO:teuthology.orchestra.run.smithi016.stdout:/usr/bin/ceph: stderr
2024-04-05T23:26:04.644+0000 7fa480c00700 1 -- 172.21.15.16:0/1779337358 <== mon.0 v2:172.21.15.16:3300/0 1 ==== mon_map magic: 0 v1 ==== 205+0+0 (secure 0 0 0) 0x7fa474003ab0 con 0x7fa4841066d0
2024-04-05T23:26:13.056 INFO:teuthology.orchestra.run.smithi016.stdout:/usr/bin/ceph: stderr
2024-04-05T23:26:04.644+0000 7fa480c00700 1 -- 172.21.15.16:0/1779337358 <== mon.0 v2:172.21.15.16:3300/0 2 ==== config(26 keys) v1 ==== 1074+0+0 (secure 0 0 0) 0x7fa474003c10 con 0x7fa4841066d0
2024-04-05T23:26:13.056 INFO:teuthology.orchestra.run.smithi016.stdout:/usr/bin/ceph: stderr
2024-04-05T23:26:04.644+0000 7fa480c00700 1 -- 172.21.15.16:0/1779337358 <== mon.0 v2:172.21.15.16:3300/0 3 ==== mon_map magic: 0 v1 ==== 205+0+0 (secure 0 0 0) 0x7fa4740247d0 con 0x7fa4841066d0
2024-04-05T23:26:13.056 INFO:teuthology.orchestra.run.smithi016.stdout:/usr/bin/ceph: stderr
2024-04-05T23:26:04.644+0000 7fa48ae00700 1 -- 172.21.15.16:0/1779337358 --> [v2:172.21.15.16:3300/0,v1:172.21.15.16:6789/0] -- mon_subscribe({mgrmap=0+}) v3 -- 0x7fa48419abb0 con 0x7fa4841066d0
2024-04-05T23:26:13.056 INFO:teuthology.orchestra.run.smithi016.stdout:/usr/bin/ceph: stderr
2024-04-05T23:26:04.644+0000 7fa48ae00700 1 -- 172.21.15.16:0/1779337358 --> [v2:172.21.15.16:3300/0,v1:172.21.15.16:6789/0] -- mon_subscribe({osdmap=0}) v3 -- 0x7fa48419b050 con 0x7fa4841066d0
2024-04-05T23:26:13.056 INFO:teuthology.orchestra.run.smithi016.stdout:/usr/bin/ceph: stderr
2024-04-05T23:26:04.645+0000 7fa480c00700 1 -- 172.21.15.16:0/1779337358 <== mon.0 v2:172.21.15.16:3300/0 4 ==== mgrmap(e 5) v1 ==== 45541+0+0 (secure 0 0 0) 0x7fa47401a430 con 0x7fa4841066d0
2024-04-05T23:26:13.056 INFO:teuthology.orchestra.run.smithi016.stdout:/usr/bin/ceph: stderr
2024-04-05T23:26:04.646+0000 7fa480c00700 1 --2- 172.21.15.16:0/1779337358 >> [v2:172.21.15.16:6800/3856233973,v1:172.21.15.16:6801/3856233973] conn(0x7fa468038750 0x7fa46803ac10 unknown :-1 s=NONE pgs=0 cs=0 l=1 rev1=0 crypto rx=0 tx=0 comp rx=0 tx=0).connect
2024-04-05T23:26:13.056 INFO:teuthology.orchestra.run.smithi016.stdout:/usr/bin/ceph: stderr
2024-04-05T23:26:04.646+0000 7fa480c00700 1 -- 172.21.15.16:0/1779337358 --> [v2:172.21.15.16:6800/3856233973,v1:172.21.15.16:6801/3856233973] -- command(tid 0: {"prefix": "get_command_descriptions"}) v1 -- 0x7fa46803b320 con 0x7fa468038750
2024-04-05T23:26:13.057 INFO:teuthology.orchestra.run.smithi016.stdout:/usr/bin/ceph: stderr
2024-04-05T23:26:04.646+0000 7fa480c00700 1 -- 172.21.15.16:0/1779337358 <== mon.0 v2:172.21.15.16:3300/0 5 ==== osd_map(1..1 src has 1..1) v4 ==== 725+0+0 (secure 0 0 0) 0x7fa47404c450 con 0x7fa4841066d0
2024-04-05T23:26:13.057 INFO:teuthology.orchestra.run.smithi016.stdout:/usr/bin/ceph: stderr
2024-04-05T23:26:04.646+0000 7fa483400700 1 -- 172.21.15.16:0/1779337358 >> [v2:172.21.15.16:6800/3856233973,v1:172.21.15.16:6801/3856233973] conn(0x7fa468038750 msgr2=0x7fa46803ac10 unknown :-1 s=STATE_CONNECTING_RE l=1).process reconnect failed to v2:172.21.15.16:6800/3856233973
2024-04-05T23:26:13.057 INFO:teuthology.orchestra.run.smithi016.stdout:/usr/bin/ceph: stderr
2024-04-05T23:26:04.646+0000 7fa483400700 1 --2- 172.21.15.16:0/1779337358 >> [v2:172.21.15.16:6800/3856233973,v1:172.21.15.16:6801/3856233973] conn(0x7fa468038750 0x7fa46803ac10 unknown :-1 s=START_CONNECT pgs=0 cs=0 l=1 rev1=0 crypto rx=0 tx=0 comp rx=0 tx=0)._fault waiting 0.200000
2024-04-05T23:26:13.057 INFO:teuthology.orchestra.run.smithi016.stdout:/usr/bin/ceph: stderr
2024-04-05T23:26:04.847+0000 7fa483400700 1 -- 172.21.15.16:0/1779337358 >> [v2:172.21.15.16:6800/3856233973,v1:172.21.15.16:6801/3856233973] conn(0x7fa468038750 msgr2=0x7fa46803ac10 unknown :-1 s=STATE_CONNECTING_RE l=1).process reconnect failed to v2:172.21.15.16:6800/3856233973
2024-04-05T23:26:13.057 INFO:teuthology.orchestra.run.smithi016.stdout:/usr/bin/ceph: stderr
2024-04-05T23:26:04.847+0000 7fa483400700 1 --2- 172.21.15.16:0/1779337358 >> [v2:172.21.15.16:6800/3856233973,v1:172.21.15.16:6801/3856233973] conn(0x7fa468038750 0x7fa46803ac10 unknown :-1 s=START_CONNECT pgs=0 cs=0 l=1 rev1=0 crypto rx=0 tx=0 comp rx=0 tx=0)._fault waiting 0.400000
2024-04-05T23:26:13.057 INFO:teuthology.orchestra.run.smithi016.stdout:/usr/bin/ceph: stderr
2024-04-05T23:26:05.248+0000 7fa483400700 1 -- 172.21.15.16:0/1779337358 >> [v2:172.21.15.16:6800/3856233973,v1:172.21.15.16:6801/3856233973] conn(0x7fa468038750 msgr2=0x7fa46803ac10 unknown :-1 s=STATE_CONNECTING_RE l=1).process reconnect failed to v2:172.21.15.16:6800/3856233973
2024-04-05T23:26:13.057 INFO:teuthology.orchestra.run.smithi016.stdout:/usr/bin/ceph: stderr
2024-04-05T23:26:05.248+0000 7fa483400700 1 --2- 172.21.15.16:0/1779337358 >> [v2:172.21.15.16:6800/3856233973,v1:172.21.15.16:6801/3856233973] conn(0x7fa468038750 0x7fa46803ac10 unknown :-1 s=START_CONNECT pgs=0 cs=0 l=1 rev1=0 crypto rx=0 tx=0 comp rx=0 tx=0)._fault waiting 0.800000
2024-04-05T23:26:13.057 INFO:teuthology.orchestra.run.smithi016.stdout:/usr/bin/ceph: stderr
2024-04-05T23:26:06.049+0000 7fa483400700 1 -- 172.21.15.16:0/1779337358 >> [v2:172.21.15.16:6800/3856233973,v1:172.21.15.16:6801/3856233973] conn(0x7fa468038750 msgr2=0x7fa46803ac10 unknown :-1 s=STATE_CONNECTING_RE l=1).process reconnect failed to v2:172.21.15.16:6800/3856233973
2024-04-05T23:26:13.057 INFO:teuthology.orchestra.run.smithi016.stdout:/usr/bin/ceph: stderr
2024-04-05T23:26:06.049+0000 7fa483400700 1 --2- 172.21.15.16:0/1779337358 >> [v2:172.21.15.16:6800/3856233973,v1:172.21.15.16:6801/3856233973] conn(0x7fa468038750 0x7fa46803ac10 unknown :-1 s=START_CONNECT pgs=0 cs=0 l=1 rev1=0 crypto rx=0 tx=0 comp rx=0 tx=0)._fault waiting 1.600000
2024-04-05T23:26:13.057 INFO:teuthology.orchestra.run.smithi016.stdout:/usr/bin/ceph: stderr
2024-04-05T23:26:07.651+0000 7fa483400700 1 -- 172.21.15.16:0/1779337358 >> [v2:172.21.15.16:6800/3856233973,v1:172.21.15.16:6801/3856233973] conn(0x7fa468038750 msgr2=0x7fa46803ac10 unknown :-1 s=STATE_CONNECTING_RE l=1).process reconnect failed to v2:172.21.15.16:6800/3856233973
2024-04-05T23:26:13.057 INFO:teuthology.orchestra.run.smithi016.stdout:/usr/bin/ceph: stderr
2024-04-05T23:26:07.651+0000 7fa483400700 1 --2- 172.21.15.16:0/1779337358 >> [v2:172.21.15.16:6800/3856233973,v1:172.21.15.16:6801/3856233973] conn(0x7fa468038750 0x7fa46803ac10 unknown :-1 s=START_CONNECT pgs=0 cs=0 l=1 rev1=0 crypto rx=0 tx=0 comp rx=0 tx=0)._fault waiting 3.200000
2024-04-05T23:26:13.057 INFO:teuthology.orchestra.run.smithi016.stdout:/usr/bin/ceph: stderr
2024-04-05T23:26:10.854+0000 7fa483400700 1 -- 172.21.15.16:0/1779337358 >> [v2:172.21.15.16:6800/3856233973,v1:172.21.15.16:6801/3856233973] conn(0x7fa468038750 msgr2=0x7fa46803ac10 unknown :-1 s=STATE_CONNECTING_RE l=1).process reconnect failed to v2:172.21.15.16:6800/3856233973
2024-04-05T23:26:13.058 INFO:teuthology.orchestra.run.smithi016.stdout:/usr/bin/ceph: stderr
2024-04-05T23:26:10.854+0000 7fa483400700 1 --2- 172.21.15.16:0/1779337358 >> [v2:172.21.15.16:6800/3856233973,v1:172.21.15.16:6801/3856233973] conn(0x7fa468038750 0x7fa46803ac10 unknown :-1 s=START_CONNECT pgs=0 cs=0 l=1 rev1=0 crypto rx=0 tx=0 comp rx=0 tx=0)._fault waiting 6.400000
2024-04-05T23:26:13.058 INFO:teuthology.orchestra.run.smithi016.stdout:/usr/bin/ceph: stderr
2024-04-05T23:26:11.602+0000 7fa480c00700 1 -- 172.21.15.16:0/1779337358 <== mon.0 v2:172.21.15.16:3300/0 6 ==== mgrmap(e 6) v1 ==== 45308+0+0 (secure 0 0 0) 0x7fa47401abb0 con 0x7fa4841066d0
2024-04-05T23:26:13.058 INFO:teuthology.orchestra.run.smithi016.stdout:/usr/bin/ceph: stderr
2024-04-05T23:26:11.602+0000 7fa480c00700 1 -- 172.21.15.16:0/1779337358 >> [v2:172.21.15.16:6800/3856233973,v1:172.21.15.16:6801/3856233973] conn(0x7fa468038750 msgr2=0x7fa46803ac10 unknown :-1 s=STATE_CONNECTING l=1).mark_down
2024-04-05T23:26:13.058 INFO:teuthology.orchestra.run.smithi016.stdout:/usr/bin/ceph: stderr
2024-04-05T23:26:11.602+0000 7fa480c00700 1 --2- 172.21.15.16:0/1779337358 >> [v2:172.21.15.16:6800/3856233973,v1:172.21.15.16:6801/3856233973] conn(0x7fa468038750 0x7fa46803ac10 unknown :-1 s=START_CONNECT pgs=0 cs=0 l=1 rev1=0 crypto rx=0 tx=0 comp rx=0 tx=0).stop
2024-04-05T23:26:13.058 INFO:teuthology.orchestra.run.smithi016.stdout:/usr/bin/ceph: stderr
2024-04-05T23:26:12.603+0000 7fa480c00700 1 -- 172.21.15.16:0/1779337358 <== mon.0 v2:172.21.15.16:3300/0 7 ==== mgrmap(e 7) v1 ==== 45435+0+0 (secure 0 0 0) 0x7fa47404e200 con 0x7fa4841066d0
2024-04-05T23:26:13.058 INFO:teuthology.orchestra.run.smithi016.stdout:/usr/bin/ceph: stderr
2024-04-05T23:26:12.604+0000 7fa480c00700 1 --2- 172.21.15.16:0/1779337358 >> [v2:172.21.15.16:6800/2429779560,v1:172.21.15.16:6801/2429779560] conn(0x7fa46803bfe0 0x7fa46803e3d0 unknown :-1 s=NONE pgs=0 cs=0 l=1 rev1=0 crypto rx=0 tx=0 comp rx=0 tx=0).connect
2024-04-05T23:26:13.058 INFO:teuthology.orchestra.run.smithi016.stdout:/usr/bin/ceph: stderr
2024-04-05T23:26:12.604+0000 7fa480c00700 1 -- 172.21.15.16:0/1779337358 --> [v2:172.21.15.16:6800/2429779560,v1:172.21.15.16:6801/2429779560] -- command(tid 0: {"prefix": "get_command_descriptions"}) v1 -- 0x7fa46803b320 con 0x7fa46803bfe0
2024-04-05T23:26:13.058 INFO:teuthology.orchestra.run.smithi016.stdout:/usr/bin/ceph: stderr
2024-04-05T23:26:12.605+0000 7fa483400700 1 --2- 172.21.15.16:0/1779337358 >> [v2:172.21.15.16:6800/2429779560,v1:172.21.15.16:6801/2429779560] conn(0x7fa46803bfe0 0x7fa46803e3d0 unknown :-1 s=BANNER_CONNECTING pgs=0 cs=0 l=1 rev1=0 crypto rx=0 tx=0 comp rx=0 tx=0)._handle_peer_banner_payload supported=3 required=0
2024-04-05T23:26:13.058 INFO:teuthology.orchestra.run.smithi016.stdout:/usr/bin/ceph: stderr
2024-04-05T23:26:12.607+0000 7fa483400700 1 --2- 172.21.15.16:0/1779337358 >> [v2:172.21.15.16:6800/2429779560,v1:172.21.15.16:6801/2429779560] conn(0x7fa46803bfe0 0x7fa46803e3d0 secure :-1 s=READY pgs=4 cs=0 l=1 rev1=1 crypto rx=0x7fa470003a10 tx=0x7fa4700092b0 comp rx=0 tx=0).ready entity=mgr.14120 client_cookie=0 server_cookie=0 in_seq=0 out_seq=0
2024-04-05T23:26:13.058 INFO:teuthology.orchestra.run.smithi016.stdout:/usr/bin/ceph: stderr
2024-04-05T23:26:12.607+0000 7fa480c00700 1 -- 172.21.15.16:0/1779337358 <== mgr.14120 v2:172.21.15.16:6800/2429779560 1 ==== command_reply(tid 0: 0 ) v1 ==== 8+0+6910 (secure 0 0 0) 0x7fa46803b320 con 0x7fa46803bfe0
2024-04-05T23:26:13.058 INFO:teuthology.orchestra.run.smithi016.stdout:/usr/bin/ceph: stderr
2024-04-05T23:26:12.614+0000 7fa48ae00700 1 -- 172.21.15.16:0/1779337358 --> [v2:172.21.15.16:6800/2429779560,v1:172.21.15.16:6801/2429779560] -- command(tid 1: {"prefix": "mgr_status"}) v1 -- 0x7fa484067f50 con 0x7fa46803bfe0
2024-04-05T23:26:13.059 INFO:teuthology.orchestra.run.smithi016.stdout:/usr/bin/ceph: stderr
2024-04-05T23:26:12.614+0000 7fa480c00700 1 -- 172.21.15.16:0/1779337358 <== mgr.14120 v2:172.21.15.16:6800/2429779560 2 ==== command_reply(tid 1: 0 ) v1 ==== 8+0+51 (secure 0 0 0) 0x7fa484067f50 con 0x7fa46803bfe0
2024-04-05T23:26:13.059 INFO:teuthology.orchestra.run.smithi016.stdout:/usr/bin/ceph: stderr
2024-04-05T23:26:12.615+0000 7fa48ae00700 1 -- 172.21.15.16:0/1779337358 >> [v2:172.21.15.16:6800/2429779560,v1:172.21.15.16:6801/2429779560] conn(0x7fa46803bfe0 msgr2=0x7fa46803e3d0 secure :-1 s=STATE_CONNECTION_ESTABLISHED l=1).mark_down
2024-04-05T23:26:13.059 INFO:teuthology.orchestra.run.smithi016.stdout:/usr/bin/ceph: stderr
2024-04-05T23:26:12.615+0000 7fa48ae00700 1 --2- 172.21.15.16:0/1779337358 >> [v2:172.21.15.16:6800/2429779560,v1:172.21.15.16:6801/2429779560] conn(0x7fa46803bfe0 0x7fa46803e3d0 secure :-1 s=READY pgs=4 cs=0 l=1 rev1=1 crypto rx=0x7fa470003a10 tx=0x7fa4700092b0 comp rx=0 tx=0).stop
2024-04-05T23:26:13.059 INFO:teuthology.orchestra.run.smithi016.stdout:/usr/bin/ceph: stderr
2024-04-05T23:26:12.615+0000 7fa48ae00700 1 -- 172.21.15.16:0/1779337358 >> [v2:172.21.15.16:3300/0,v1:172.21.15.16:6789/0] conn(0x7fa4841066d0 msgr2=0x7fa48419a470 secure :-1 s=STATE_CONNECTION_ESTABLISHED l=1).mark_down
2024-04-05T23:26:13.059 INFO:teuthology.orchestra.run.smithi016.stdout:/usr/bin/ceph: stderr
2024-04-05T23:26:12.615+0000 7fa48ae00700 1 --2- 172.21.15.16:0/1779337358 >> [v2:172.21.15.16:3300/0,v1:172.21.15.16:6789/0] conn(0x7fa4841066d0 0x7fa48419a470 secure :-1 s=READY pgs=29 cs=0 l=1 rev1=1 crypto rx=0x7fa474009130 tx=0x7fa474011ad0 comp rx=0 tx=0).stop
2024-04-05T23:26:13.059 INFO:teuthology.orchestra.run.smithi016.stdout:/usr/bin/ceph: stderr
2024-04-05T23:26:12.615+0000 7fa48ae00700 1 -- 172.21.15.16:0/1779337358 shutdown_connections
2024-04-05T23:26:13.059 INFO:teuthology.orchestra.run.smithi016.stdout:/usr/bin/ceph: stderr
2024-04-05T23:26:12.615+0000 7fa48ae00700 1 --2- 172.21.15.16:0/1779337358 >> [v2:172.21.15.16:3300/0,v1:172.21.15.16:6789/0] conn(0x7fa4841066d0 0x7fa48419a470 unknown :-1 s=CLOSED pgs=29 cs=0 l=1 rev1=1 crypto rx=0 tx=0 comp rx=0 tx=0).stop
2024-04-05T23:26:13.059 INFO:teuthology.orchestra.run.smithi016.stdout:/usr/bin/ceph: stderr
2024-04-05T23:26:12.615+0000 7fa48ae00700 1 --2- 172.21.15.16:0/1779337358 >> [v2:172.21.15.16:6800/2429779560,v1:172.21.15.16:6801/2429779560] conn(0x7fa46803bfe0 0x7fa46803e3d0 unknown :-1 s=CLOSED pgs=4 cs=0 l=1 rev1=1 crypto rx=0 tx=0 comp rx=0 tx=0).stop
2024-04-05T23:26:13.059 INFO:teuthology.orchestra.run.smithi016.stdout:/usr/bin/ceph: stderr
2024-04-05T23:26:12.615+0000 7fa48ae00700 1 --2- 172.21.15.16:0/1779337358 >> [v2:172.21.15.16:6800/3856233973,v1:172.21.15.16:6801/3856233973] conn(0x7fa468038750 0x7fa46803ac10 unknown :-1 s=CLOSED pgs=0 cs=0 l=1 rev1=0 crypto rx=0 tx=0 comp rx=0 tx=0).stop
2024-04-05T23:26:13.059 INFO:teuthology.orchestra.run.smithi016.stdout:/usr/bin/ceph: stderr
2024-04-05T23:26:12.615+0000 7fa48ae00700 1 -- 172.21.15.16:0/1779337358 >> 172.21.15.16:0/1779337358 conn(0x7fa484101c90 msgr2=0x7fa484102860 unknown :-1 s=STATE_NONE l=0).mark_down
2024-04-05T23:26:13.059 INFO:teuthology.orchestra.run.smithi016.stdout:/usr/bin/ceph: stderr
2024-04-05T23:26:12.615+0000 7fa48ae00700 1 -- 172.21.15.16:0/1779337358 shutdown_connections
2024-04-05T23:26:13.059 INFO:teuthology.orchestra.run.smithi016.stdout:/usr/bin/ceph: stderr
2024-04-05T23:26:12.615+0000 7fa48ae00700 1 -- 172.21.15.16:0/1779337358 wait complete.
2024-04-05T23:26:13.059 INFO:teuthology.orchestra.run.smithi016.stdout:mgr epoch 5 is available
2024-04-05T23:26:13.059 INFO:teuthology.orchestra.run.smithi016.stdout:Setting orchestrator backend to cephadm...
2024-04-05T23:26:14.028 INFO:journalctl@ceph.mon.a.smithi016.stdout:Apr 05 23:26:13 smithi016 ceph-mon[38248]: from='client.14124 -' entity='client.admin' cmd=[{"prefix": "get_command_descriptions"}]: dispatch
2024-04-05T23:26:14.029 INFO:journalctl@ceph.mon.a.smithi016.stdout:Apr 05 23:26:13 smithi016 ceph-mon[38248]: from='client.14124 -' entity='client.admin' cmd=[{"prefix": "mgr_status"}]: dispatch
2024-04-05T23:26:14.029 INFO:journalctl@ceph.mon.a.smithi016.stdout:Apr 05 23:26:13 smithi016 ceph-mon[38248]: from='mgr.14120 172.21.15.16:0/686731546' entity='mgr.x'
2024-04-05T23:26:14.029 INFO:journalctl@ceph.mon.a.smithi016.stdout:Apr 05 23:26:13 smithi016 ceph-mon[38248]: from='mgr.14120 172.21.15.16:0/686731546' entity='mgr.x'
2024-04-05T23:26:14.207 INFO:teuthology.orchestra.run.smithi016.stdout:/usr/bin/ceph: stderr
2024-04-05T23:26:13.461+0000 7fce71600700 1 Processor -- start
2024-04-05T23:26:14.213 INFO:teuthology.orchestra.run.smithi016.stdout:/usr/bin/ceph: stderr
2024-04-05T23:26:13.461+0000 7fce71600700 1 -- start start
2024-04-05T23:26:14.213 INFO:teuthology.orchestra.run.smithi016.stdout:/usr/bin/ceph: stderr
2024-04-05T23:26:13.461+0000 7fce71600700 1 --2- >> [v2:172.21.15.16:3300/0,v1:172.21.15.16:6789/0] conn(0x7fce6c07adb0 0x7fce6c079210 unknown :-1 s=NONE pgs=0 cs=0 l=0 rev1=0 crypto rx=0 tx=0 comp rx=0 tx=0).connect
2024-04-05T23:26:14.213 INFO:teuthology.orchestra.run.smithi016.stdout:/usr/bin/ceph: stderr
2024-04-05T23:26:13.461+0000 7fce71600700 1 -- --> [v2:172.21.15.16:3300/0,v1:172.21.15.16:6789/0] -- mon_getmap magic: 0 v1 -- 0x7fce6c0797e0 con 0x7fce6c07adb0
2024-04-05T23:26:14.213 INFO:teuthology.orchestra.run.smithi016.stdout:/usr/bin/ceph: stderr
2024-04-05T23:26:13.462+0000 7fce6aa00700 1 --2- >> [v2:172.21.15.16:3300/0,v1:172.21.15.16:6789/0] conn(0x7fce6c07adb0 0x7fce6c079210 unknown :-1 s=BANNER_CONNECTING pgs=0 cs=0 l=0 rev1=0 crypto rx=0 tx=0 comp rx=0 tx=0)._handle_peer_banner_payload supported=3 required=0
2024-04-05T23:26:14.214 INFO:teuthology.orchestra.run.smithi016.stdout:/usr/bin/ceph: stderr
2024-04-05T23:26:13.462+0000 7fce6aa00700 1 --2- >> [v2:172.21.15.16:3300/0,v1:172.21.15.16:6789/0] conn(0x7fce6c07adb0 0x7fce6c079210 unknown :-1 s=HELLO_CONNECTING pgs=0 cs=0 l=0 rev1=1 crypto rx=0 tx=0 comp rx=0 tx=0).handle_hello peer v2:172.21.15.16:3300/0 says I am v2:172.21.15.16:38784/0 (socket says 172.21.15.16:38784)
2024-04-05T23:26:14.214 INFO:teuthology.orchestra.run.smithi016.stdout:/usr/bin/ceph: stderr
2024-04-05T23:26:13.462+0000 7fce6aa00700 1 -- 172.21.15.16:0/3909923585 learned_addr learned my addr 172.21.15.16:0/3909923585 (peer_addr_for_me v2:172.21.15.16:0/0)
2024-04-05T23:26:14.214 INFO:teuthology.orchestra.run.smithi016.stdout:/usr/bin/ceph: stderr
2024-04-05T23:26:13.462+0000 7fce6aa00700 1 -- 172.21.15.16:0/3909923585 --> [v2:172.21.15.16:3300/0,v1:172.21.15.16:6789/0] -- mon_subscribe({config=0+,monmap=0+}) v3 -- 0x7fce6c079920 con 0x7fce6c07adb0
2024-04-05T23:26:14.214 INFO:teuthology.orchestra.run.smithi016.stdout:/usr/bin/ceph: stderr
2024-04-05T23:26:13.462+0000 7fce6aa00700 1 --2- 172.21.15.16:0/3909923585 >> [v2:172.21.15.16:3300/0,v1:172.21.15.16:6789/0] conn(0x7fce6c07adb0 0x7fce6c079210 secure :-1 s=READY pgs=37 cs=0 l=1 rev1=1 crypto rx=0x7fce5c0098a0 tx=0x7fce5c009bb0 comp rx=0 tx=0).ready entity=mon.0 client_cookie=7f9bb8841270eef1 server_cookie=0 in_seq=0 out_seq=0
2024-04-05T23:26:14.214 INFO:teuthology.orchestra.run.smithi016.stdout:/usr/bin/ceph: stderr
2024-04-05T23:26:13.463+0000 7fce69600700 1 -- 172.21.15.16:0/3909923585 <== mon.0 v2:172.21.15.16:3300/0 1 ==== mon_map magic: 0 v1 ==== 205+0+0 (secure 0 0 0) 0x7fce5c004160 con 0x7fce6c07adb0
2024-04-05T23:26:14.214 INFO:teuthology.orchestra.run.smithi016.stdout:/usr/bin/ceph: stderr
2024-04-05T23:26:13.463+0000 7fce69600700 1 -- 172.21.15.16:0/3909923585 <== mon.0 v2:172.21.15.16:3300/0 2 ==== config(26 keys) v1 ==== 1074+0+0 (secure 0 0 0) 0x7fce5c0042c0 con 0x7fce6c07adb0
2024-04-05T23:26:14.214 INFO:teuthology.orchestra.run.smithi016.stdout:/usr/bin/ceph: stderr
2024-04-05T23:26:13.463+0000 7fce69600700 1 -- 172.21.15.16:0/3909923585 <== mon.0 v2:172.21.15.16:3300/0 3 ==== mon_map magic: 0 v1 ==== 205+0+0 (secure 0 0 0) 0x7fce5c011a00 con 0x7fce6c07adb0
2024-04-05T23:26:14.214 INFO:teuthology.orchestra.run.smithi016.stdout:/usr/bin/ceph: stderr
2024-04-05T23:26:13.463+0000 7fce71600700 1 -- 172.21.15.16:0/3909923585 >> [v2:172.21.15.16:3300/0,v1:172.21.15.16:6789/0] conn(0x7fce6c07adb0 msgr2=0x7fce6c079210 secure :-1 s=STATE_CONNECTION_ESTABLISHED l=1).mark_down
2024-04-05T23:26:14.214 INFO:teuthology.orchestra.run.smithi016.stdout:/usr/bin/ceph: stderr
2024-04-05T23:26:13.463+0000 7fce71600700 1 --2- 172.21.15.16:0/3909923585 >> [v2:172.21.15.16:3300/0,v1:172.21.15.16:6789/0] conn(0x7fce6c07adb0 0x7fce6c079210 secure :-1 s=READY pgs=37 cs=0 l=1 rev1=1 crypto rx=0x7fce5c0098a0 tx=0x7fce5c009bb0 comp rx=0 tx=0).stop
2024-04-05T23:26:14.214 INFO:teuthology.orchestra.run.smithi016.stdout:/usr/bin/ceph: stderr
2024-04-05T23:26:13.463+0000 7fce71600700 1 -- 172.21.15.16:0/3909923585 shutdown_connections
2024-04-05T23:26:14.214 INFO:teuthology.orchestra.run.smithi016.stdout:/usr/bin/ceph: stderr
2024-04-05T23:26:13.463+0000 7fce71600700 1 --2- 172.21.15.16:0/3909923585 >> [v2:172.21.15.16:3300/0,v1:172.21.15.16:6789/0] conn(0x7fce6c07adb0 0x7fce6c079210 unknown :-1 s=CLOSED pgs=37 cs=0 l=1 rev1=1 crypto rx=0 tx=0 comp rx=0 tx=0).stop
2024-04-05T23:26:14.215 INFO:teuthology.orchestra.run.smithi016.stdout:/usr/bin/ceph: stderr
2024-04-05T23:26:13.463+0000 7fce71600700 1 -- 172.21.15.16:0/3909923585 >> 172.21.15.16:0/3909923585 conn(0x7fce6c101c60 msgr2=0x7fce6c1040a0 unknown :-1 s=STATE_NONE l=0).mark_down
2024-04-05T23:26:14.215 INFO:teuthology.orchestra.run.smithi016.stdout:/usr/bin/ceph: stderr
2024-04-05T23:26:13.463+0000 7fce71600700 1 -- 172.21.15.16:0/3909923585 shutdown_connections
2024-04-05T23:26:14.215 INFO:teuthology.orchestra.run.smithi016.stdout:/usr/bin/ceph: stderr
2024-04-05T23:26:13.463+0000 7fce71600700 1 -- 172.21.15.16:0/3909923585 wait complete.
2024-04-05T23:26:14.215 INFO:teuthology.orchestra.run.smithi016.stdout:/usr/bin/ceph: stderr
2024-04-05T23:26:13.464+0000 7fce71600700 1 Processor -- start
2024-04-05T23:26:14.215 INFO:teuthology.orchestra.run.smithi016.stdout:/usr/bin/ceph: stderr
2024-04-05T23:26:13.464+0000 7fce71600700 1 -- start start
2024-04-05T23:26:14.215 INFO:teuthology.orchestra.run.smithi016.stdout:/usr/bin/ceph: stderr
2024-04-05T23:26:13.465+0000 7fce71600700 1 --2- >> [v2:172.21.15.16:3300/0,v1:172.21.15.16:6789/0] conn(0x7fce6c07adb0 0x7fce6c19c680 unknown :-1 s=NONE pgs=0 cs=0 l=1 rev1=0 crypto rx=0 tx=0 comp rx=0 tx=0).connect
2024-04-05T23:26:14.215 INFO:teuthology.orchestra.run.smithi016.stdout:/usr/bin/ceph: stderr
2024-04-05T23:26:13.465+0000 7fce71600700 1 -- --> [v2:172.21.15.16:3300/0,v1:172.21.15.16:6789/0] -- mon_getmap magic: 0 v1 -- 0x7fce6c19cbc0 con 0x7fce6c07adb0
2024-04-05T23:26:14.215 INFO:teuthology.orchestra.run.smithi016.stdout:/usr/bin/ceph: stderr
2024-04-05T23:26:13.465+0000 7fce6aa00700 1 --2- >> [v2:172.21.15.16:3300/0,v1:172.21.15.16:6789/0] conn(0x7fce6c07adb0 0x7fce6c19c680 unknown :-1 s=BANNER_CONNECTING pgs=0 cs=0 l=1 rev1=0 crypto rx=0 tx=0 comp rx=0 tx=0)._handle_peer_banner_payload supported=3 required=0
2024-04-05T23:26:14.215 INFO:teuthology.orchestra.run.smithi016.stdout:/usr/bin/ceph: stderr
2024-04-05T23:26:13.465+0000 7fce6aa00700 1 --2- >> [v2:172.21.15.16:3300/0,v1:172.21.15.16:6789/0] conn(0x7fce6c07adb0 0x7fce6c19c680 unknown :-1 s=HELLO_CONNECTING pgs=0 cs=0 l=1 rev1=1 crypto rx=0 tx=0 comp rx=0 tx=0).handle_hello peer v2:172.21.15.16:3300/0 says I am v2:172.21.15.16:38790/0 (socket says 172.21.15.16:38790)
2024-04-05T23:26:14.215 INFO:teuthology.orchestra.run.smithi016.stdout:/usr/bin/ceph: stderr
2024-04-05T23:26:13.465+0000 7fce6aa00700 1 -- 172.21.15.16:0/1911745446 learned_addr learned my addr 172.21.15.16:0/1911745446 (peer_addr_for_me v2:172.21.15.16:0/0)
2024-04-05T23:26:14.215 INFO:teuthology.orchestra.run.smithi016.stdout:/usr/bin/ceph: stderr
2024-04-05T23:26:13.465+0000 7fce6aa00700 1 -- 172.21.15.16:0/1911745446 --> [v2:172.21.15.16:3300/0,v1:172.21.15.16:6789/0] -- mon_subscribe({config=0+,monmap=0+}) v3 -- 0x7fce5c009550 con 0x7fce6c07adb0
2024-04-05T23:26:14.215 INFO:teuthology.orchestra.run.smithi016.stdout:/usr/bin/ceph: stderr
2024-04-05T23:26:13.466+0000 7fce6aa00700 1 --2- 172.21.15.16:0/1911745446 >> [v2:172.21.15.16:3300/0,v1:172.21.15.16:6789/0] conn(0x7fce6c07adb0 0x7fce6c19c680 secure :-1 s=READY pgs=38 cs=0 l=1 rev1=1 crypto rx=0x7fce5c009130 tx=0x7fce5c011ad0 comp rx=0 tx=0).ready entity=mon.0 client_cookie=0 server_cookie=0 in_seq=0 out_seq=0
2024-04-05T23:26:14.215 INFO:teuthology.orchestra.run.smithi016.stdout:/usr/bin/ceph: stderr
2024-04-05T23:26:13.466+0000 7fce63400700 1 -- 172.21.15.16:0/1911745446 <== mon.0 v2:172.21.15.16:3300/0 1 ==== mon_map magic: 0 v1 ==== 205+0+0 (secure 0 0 0) 0x7fce5c003ab0 con 0x7fce6c07adb0
2024-04-05T23:26:14.216 INFO:teuthology.orchestra.run.smithi016.stdout:/usr/bin/ceph: stderr
2024-04-05T23:26:13.466+0000 7fce63400700 1 -- 172.21.15.16:0/1911745446 <== mon.0 v2:172.21.15.16:3300/0 2 ==== config(26 keys) v1 ==== 1074+0+0 (secure 0 0 0) 0x7fce5c003c10 con 0x7fce6c07adb0
2024-04-05T23:26:14.216 INFO:teuthology.orchestra.run.smithi016.stdout:/usr/bin/ceph: stderr
2024-04-05T23:26:13.466+0000 7fce71600700 1 -- 172.21.15.16:0/1911745446 --> [v2:172.21.15.16:3300/0,v1:172.21.15.16:6789/0] -- mon_subscribe({mgrmap=0+}) v3 -- 0x7fce6c19cdc0 con 0x7fce6c07adb0
2024-04-05T23:26:14.216 INFO:teuthology.orchestra.run.smithi016.stdout:/usr/bin/ceph: stderr
2024-04-05T23:26:13.466+0000 7fce63400700 1 -- 172.21.15.16:0/1911745446 <== mon.0 v2:172.21.15.16:3300/0 3 ==== mon_map magic: 0 v1 ==== 205+0+0 (secure 0 0 0) 0x7fce5c0247d0 con 0x7fce6c07adb0
2024-04-05T23:26:14.216 INFO:teuthology.orchestra.run.smithi016.stdout:/usr/bin/ceph: stderr
2024-04-05T23:26:13.466+0000 7fce71600700 1 -- 172.21.15.16:0/1911745446 --> [v2:172.21.15.16:3300/0,v1:172.21.15.16:6789/0] -- mon_subscribe({osdmap=0}) v3 -- 0x7fce6c19d260 con 0x7fce6c07adb0
2024-04-05T23:26:14.216 INFO:teuthology.orchestra.run.smithi016.stdout:/usr/bin/ceph: stderr
2024-04-05T23:26:13.467+0000 7fce63400700 1 -- 172.21.15.16:0/1911745446 <== mon.0 v2:172.21.15.16:3300/0 4 ==== mgrmap(e 7) v1 ==== 45435+0+0 (secure 0 0 0) 0x7fce5c01abb0 con 0x7fce6c07adb0
2024-04-05T23:26:14.216 INFO:teuthology.orchestra.run.smithi016.stdout:/usr/bin/ceph: stderr
2024-04-05T23:26:13.467+0000 7fce71600700 1 -- 172.21.15.16:0/1911745446 --> [v2:172.21.15.16:3300/0,v1:172.21.15.16:6789/0] -- mon_command({"prefix": "get_command_descriptions"} v 0) v1 -- 0x7fce6c10ca90 con 0x7fce6c07adb0
2024-04-05T23:26:14.216 INFO:teuthology.orchestra.run.smithi016.stdout:/usr/bin/ceph: stderr
2024-04-05T23:26:13.468+0000 7fce63400700 1 --2- 172.21.15.16:0/1911745446 >> [v2:172.21.15.16:6800/2429779560,v1:172.21.15.16:6801/2429779560] conn(0x7fce500385d0 0x7fce5003aa90 unknown :-1 s=NONE pgs=0 cs=0 l=1 rev1=0 crypto rx=0 tx=0 comp rx=0 tx=0).connect
2024-04-05T23:26:14.216 INFO:teuthology.orchestra.run.smithi016.stdout:/usr/bin/ceph: stderr
2024-04-05T23:26:13.468+0000 7fce63400700 1 -- 172.21.15.16:0/1911745446 <== mon.0 v2:172.21.15.16:3300/0 5 ==== osd_map(2..2 src has 1..2) v4 ==== 940+0+0 (secure 0 0 0) 0x7fce5c04c660 con 0x7fce6c07adb0
2024-04-05T23:26:14.216 INFO:teuthology.orchestra.run.smithi016.stdout:/usr/bin/ceph: stderr
2024-04-05T23:26:13.468+0000 7fce6a000700 1 --2- 172.21.15.16:0/1911745446 >> [v2:172.21.15.16:6800/2429779560,v1:172.21.15.16:6801/2429779560] conn(0x7fce500385d0 0x7fce5003aa90 unknown :-1 s=BANNER_CONNECTING pgs=0 cs=0 l=1 rev1=0 crypto rx=0 tx=0 comp rx=0 tx=0)._handle_peer_banner_payload supported=3 required=0
2024-04-05T23:26:14.216 INFO:teuthology.orchestra.run.smithi016.stdout:/usr/bin/ceph: stderr
2024-04-05T23:26:13.469+0000 7fce6a000700 1 --2- 172.21.15.16:0/1911745446 >> [v2:172.21.15.16:6800/2429779560,v1:172.21.15.16:6801/2429779560] conn(0x7fce500385d0 0x7fce5003aa90 secure :-1 s=READY pgs=7 cs=0 l=1 rev1=1 crypto rx=0x7fce58006fd0 tx=0x7fce58006e40 comp rx=0 tx=0).ready entity=mgr.14120 client_cookie=0 server_cookie=0 in_seq=0 out_seq=0
2024-04-05T23:26:14.216 INFO:teuthology.orchestra.run.smithi016.stdout:/usr/bin/ceph: stderr
2024-04-05T23:26:13.473+0000 7fce63400700 1 -- 172.21.15.16:0/1911745446 <== mon.0 v2:172.21.15.16:3300/0 6 ==== mon_command_ack([{"prefix": "get_command_descriptions"}]=0 v0) v1 ==== 72+0+182936 (secure 0 0 0) 0x7fce5c018920 con 0x7fce6c07adb0
2024-04-05T23:26:14.216 INFO:teuthology.orchestra.run.smithi016.stdout:/usr/bin/ceph: stderr
2024-04-05T23:26:13.702+0000 7fce71600700 1 -- 172.21.15.16:0/1911745446 --> [v2:172.21.15.16:6800/2429779560,v1:172.21.15.16:6801/2429779560] -- mgr_command(tid 0: {"prefix": "orch set backend", "module_name": "cephadm", "target": ["mon-mgr", ""]}) v1 -- 0x7fce6c102fe0 con 0x7fce500385d0
2024-04-05T23:26:14.216 INFO:teuthology.orchestra.run.smithi016.stdout:/usr/bin/ceph: stderr
2024-04-05T23:26:13.717+0000 7fce63400700 1 -- 172.21.15.16:0/1911745446 <== mgr.14120 v2:172.21.15.16:6800/2429779560 1 ==== mgr_command_reply(tid 0: 0 ) v1 ==== 8+0+0 (secure 0 0 0) 0x7fce6c102fe0 con 0x7fce500385d0
2024-04-05T23:26:14.217 INFO:teuthology.orchestra.run.smithi016.stdout:/usr/bin/ceph: stderr
2024-04-05T23:26:13.719+0000 7fce71600700 1 -- 172.21.15.16:0/1911745446 >> [v2:172.21.15.16:6800/2429779560,v1:172.21.15.16:6801/2429779560] conn(0x7fce500385d0 msgr2=0x7fce5003aa90 secure :-1 s=STATE_CONNECTION_ESTABLISHED l=1).mark_down
2024-04-05T23:26:14.217 INFO:teuthology.orchestra.run.smithi016.stdout:/usr/bin/ceph: stderr
2024-04-05T23:26:13.719+0000 7fce71600700 1 --2- 172.21.15.16:0/1911745446 >> [v2:172.21.15.16:6800/2429779560,v1:172.21.15.16:6801/2429779560] conn(0x7fce500385d0 0x7fce5003aa90 secure :-1 s=READY pgs=7 cs=0 l=1 rev1=1 crypto rx=0x7fce58006fd0 tx=0x7fce58006e40 comp rx=0 tx=0).stop
2024-04-05T23:26:14.217 INFO:teuthology.orchestra.run.smithi016.stdout:/usr/bin/ceph: stderr
2024-04-05T23:26:13.719+0000 7fce71600700 1 -- 172.21.15.16:0/1911745446 >> [v2:172.21.15.16:3300/0,v1:172.21.15.16:6789/0] conn(0x7fce6c07adb0 msgr2=0x7fce6c19c680 secure :-1 s=STATE_CONNECTION_ESTABLISHED l=1).mark_down
2024-04-05T23:26:14.217 INFO:teuthology.orchestra.run.smithi016.stdout:/usr/bin/ceph: stderr
2024-04-05T23:26:13.719+0000 7fce71600700 1 --2- 172.21.15.16:0/1911745446 >> [v2:172.21.15.16:3300/0,v1:172.21.15.16:6789/0] conn(0x7fce6c07adb0 0x7fce6c19c680 secure :-1 s=READY pgs=38 cs=0 l=1 rev1=1 crypto rx=0x7fce5c009130 tx=0x7fce5c011ad0 comp rx=0 tx=0).stop
2024-04-05T23:26:14.217 INFO:teuthology.orchestra.run.smithi016.stdout:/usr/bin/ceph: stderr
2024-04-05T23:26:13.719+0000 7fce71600700 1 -- 172.21.15.16:0/1911745446 shutdown_connections
2024-04-05T23:26:14.217 INFO:teuthology.orchestra.run.smithi016.stdout:/usr/bin/ceph: stderr
2024-04-05T23:26:13.719+0000 7fce71600700 1 --2- 172.21.15.16:0/1911745446 >> [v2:172.21.15.16:6800/2429779560,v1:172.21.15.16:6801/2429779560] conn(0x7fce500385d0 0x7fce5003aa90 unknown :-1 s=CLOSED pgs=7 cs=0 l=1 rev1=1 crypto rx=0 tx=0 comp rx=0 tx=0).stop
2024-04-05T23:26:14.217 INFO:teuthology.orchestra.run.smithi016.stdout:/usr/bin/ceph: stderr
2024-04-05T23:26:13.719+0000 7fce71600700 1 --2- 172.21.15.16:0/1911745446 >> [v2:172.21.15.16:3300/0,v1:172.21.15.16:6789/0] conn(0x7fce6c07adb0 0x7fce6c19c680 unknown :-1 s=CLOSED pgs=38 cs=0 l=1 rev1=1 crypto rx=0 tx=0 comp rx=0 tx=0).stop
2024-04-05T23:26:14.217 INFO:teuthology.orchestra.run.smithi016.stdout:/usr/bin/ceph: stderr
2024-04-05T23:26:13.719+0000 7fce71600700 1 -- 172.21.15.16:0/1911745446 >> 172.21.15.16:0/1911745446 conn(0x7fce6c101c60 msgr2=0x7fce6c1028b0 unknown :-1 s=STATE_NONE l=0).mark_down
2024-04-05T23:26:14.217 INFO:teuthology.orchestra.run.smithi016.stdout:/usr/bin/ceph: stderr
2024-04-05T23:26:13.720+0000 7fce71600700 1 -- 172.21.15.16:0/1911745446 shutdown_connections
2024-04-05T23:26:14.217 INFO:teuthology.orchestra.run.smithi016.stdout:/usr/bin/ceph: stderr
2024-04-05T23:26:13.720+0000 7fce71600700 1 -- 172.21.15.16:0/1911745446 wait complete.
2024-04-05T23:26:15.012 INFO:journalctl@ceph.mon.a.smithi016.stdout:Apr 05 23:26:14 smithi016 ceph-mon[38248]: from='client.14132 -' entity='client.admin' cmd=[{"prefix": "orch set backend", "module_name": "cephadm", "target": ["mon-mgr", ""]}]: dispatch
2024-04-05T23:26:15.012 INFO:journalctl@ceph.mon.a.smithi016.stdout:Apr 05 23:26:14 smithi016 ceph-mon[38248]: from='mgr.14120 172.21.15.16:0/686731546' entity='mgr.x'
2024-04-05T23:26:15.012 INFO:journalctl@ceph.mon.a.smithi016.stdout:Apr 05 23:26:14 smithi016 ceph-mon[38248]: from='mgr.14120 172.21.15.16:0/686731546' entity='mgr.x' cmd=[{"prefix": "config dump", "format": "json"}]: dispatch
2024-04-05T23:26:15.012 INFO:journalctl@ceph.mon.a.smithi016.stdout:Apr 05 23:26:14 smithi016 ceph-mon[38248]: mgrmap e8: x(active, since 2s)
2024-04-05T23:26:15.191 INFO:teuthology.orchestra.run.smithi016.stdout:/usr/bin/ceph: stdout value unchanged
2024-04-05T23:26:15.191 INFO:teuthology.orchestra.run.smithi016.stdout:/usr/bin/ceph: stderr
2024-04-05T23:26:14.616+0000 7f9c03a00700 1 Processor -- start
2024-04-05T23:26:15.192 INFO:teuthology.orchestra.run.smithi016.stdout:/usr/bin/ceph: stderr
2024-04-05T23:26:14.616+0000 7f9c03a00700 1 -- start start
2024-04-05T23:26:15.192 INFO:teuthology.orchestra.run.smithi016.stdout:/usr/bin/ceph: stderr
2024-04-05T23:26:14.616+0000 7f9c03a00700 1 --2- >> [v2:172.21.15.16:3300/0,v1:172.21.15.16:6789/0] conn(0x7f9bfc104f90 0x7f9bfc1053b0 unknown :-1 s=NONE pgs=0 cs=0 l=0 rev1=0 crypto rx=0 tx=0 comp rx=0 tx=0).connect
2024-04-05T23:26:15.192 INFO:teuthology.orchestra.run.smithi016.stdout:/usr/bin/ceph: stderr
2024-04-05T23:26:14.616+0000 7f9c03a00700 1 -- --> [v2:172.21.15.16:3300/0,v1:172.21.15.16:6789/0] -- mon_getmap magic: 0 v1 -- 0x7f9bfc074660 con 0x7f9bfc104f90
2024-04-05T23:26:15.192 INFO:teuthology.orchestra.run.smithi016.stdout:/usr/bin/ceph: stderr
2024-04-05T23:26:14.617+0000 7f9c01000700 1 --2- >> [v2:172.21.15.16:3300/0,v1:172.21.15.16:6789/0] conn(0x7f9bfc104f90 0x7f9bfc1053b0 unknown :-1 s=BANNER_CONNECTING pgs=0 cs=0 l=0 rev1=0 crypto rx=0 tx=0 comp rx=0 tx=0)._handle_peer_banner_payload supported=3 required=0
2024-04-05T23:26:15.192 INFO:teuthology.orchestra.run.smithi016.stdout:/usr/bin/ceph: stderr
2024-04-05T23:26:14.617+0000 7f9c01000700 1 --2- >> [v2:172.21.15.16:3300/0,v1:172.21.15.16:6789/0] conn(0x7f9bfc104f90 0x7f9bfc1053b0 unknown :-1 s=HELLO_CONNECTING pgs=0 cs=0 l=0 rev1=1 crypto rx=0 tx=0 comp rx=0 tx=0).handle_hello peer v2:172.21.15.16:3300/0 says I am v2:172.21.15.16:38796/0 (socket says 172.21.15.16:38796)
2024-04-05T23:26:15.192 INFO:teuthology.orchestra.run.smithi016.stdout:/usr/bin/ceph: stderr
2024-04-05T23:26:14.617+0000 7f9c01000700 1 -- 172.21.15.16:0/1961395102 learned_addr learned my addr 172.21.15.16:0/1961395102 (peer_addr_for_me v2:172.21.15.16:0/0)
2024-04-05T23:26:15.192 INFO:teuthology.orchestra.run.smithi016.stdout:/usr/bin/ceph: stderr
2024-04-05T23:26:14.617+0000 7f9c01000700 1 -- 172.21.15.16:0/1961395102 --> [v2:172.21.15.16:3300/0,v1:172.21.15.16:6789/0] -- mon_subscribe({config=0+,monmap=0+}) v3 -- 0x7f9bfc1058f0 con 0x7f9bfc104f90
2024-04-05T23:26:15.192 INFO:teuthology.orchestra.run.smithi016.stdout:/usr/bin/ceph: stderr
2024-04-05T23:26:14.617+0000 7f9c01000700 1 --2- 172.21.15.16:0/1961395102 >> [v2:172.21.15.16:3300/0,v1:172.21.15.16:6789/0] conn(0x7f9bfc104f90 0x7f9bfc1053b0 secure :-1 s=READY pgs=39 cs=0 l=1 rev1=1 crypto rx=0x7f9bf00098a0 tx=0x7f9bf0009bb0 comp rx=0 tx=0).ready entity=mon.0 client_cookie=87bff1f97650f569 server_cookie=0 in_seq=0 out_seq=0
2024-04-05T23:26:15.192 INFO:teuthology.orchestra.run.smithi016.stdout:/usr/bin/ceph: stderr
2024-04-05T23:26:14.618+0000 7f9bfb400700 1 -- 172.21.15.16:0/1961395102 <== mon.0 v2:172.21.15.16:3300/0 1 ==== mon_map magic: 0 v1 ==== 205+0+0 (secure 0 0 0) 0x7f9bf0004160 con 0x7f9bfc104f90
2024-04-05T23:26:15.192 INFO:teuthology.orchestra.run.smithi016.stdout:/usr/bin/ceph: stderr
2024-04-05T23:26:14.618+0000 7f9bfb400700 1 -- 172.21.15.16:0/1961395102 <== mon.0 v2:172.21.15.16:3300/0 2 ==== config(26 keys) v1 ==== 1074+0+0 (secure 0 0 0) 0x7f9bf00042c0 con 0x7f9bfc104f90
2024-04-05T23:26:15.192 INFO:teuthology.orchestra.run.smithi016.stdout:/usr/bin/ceph: stderr
2024-04-05T23:26:14.618+0000 7f9bfb400700 1 -- 172.21.15.16:0/1961395102 <== mon.0 v2:172.21.15.16:3300/0 3 ==== mon_map magic: 0 v1 ==== 205+0+0 (secure 0 0 0) 0x7f9bf0011a00 con 0x7f9bfc104f90
2024-04-05T23:26:15.192 INFO:teuthology.orchestra.run.smithi016.stdout:/usr/bin/ceph: stderr
2024-04-05T23:26:14.618+0000 7f9c03a00700 1 -- 172.21.15.16:0/1961395102 >> [v2:172.21.15.16:3300/0,v1:172.21.15.16:6789/0] conn(0x7f9bfc104f90 msgr2=0x7f9bfc1053b0 secure :-1 s=STATE_CONNECTION_ESTABLISHED l=1).mark_down
2024-04-05T23:26:15.192 INFO:teuthology.orchestra.run.smithi016.stdout:/usr/bin/ceph: stderr
2024-04-05T23:26:14.618+0000 7f9c03a00700 1 --2- 172.21.15.16:0/1961395102 >> [v2:172.21.15.16:3300/0,v1:172.21.15.16:6789/0] conn(0x7f9bfc104f90 0x7f9bfc1053b0 secure :-1 s=READY pgs=39 cs=0 l=1 rev1=1 crypto rx=0x7f9bf00098a0 tx=0x7f9bf0009bb0 comp rx=0 tx=0).stop
2024-04-05T23:26:15.193 INFO:teuthology.orchestra.run.smithi016.stdout:/usr/bin/ceph: stderr
2024-04-05T23:26:14.618+0000 7f9c03a00700 1 -- 172.21.15.16:0/1961395102 shutdown_connections
2024-04-05T23:26:15.193 INFO:teuthology.orchestra.run.smithi016.stdout:/usr/bin/ceph: stderr
2024-04-05T23:26:14.618+0000 7f9c03a00700 1 --2- 172.21.15.16:0/1961395102 >> [v2:172.21.15.16:3300/0,v1:172.21.15.16:6789/0] conn(0x7f9bfc104f90 0x7f9bfc1053b0 unknown :-1 s=CLOSED pgs=39 cs=0 l=1 rev1=1 crypto rx=0 tx=0 comp rx=0 tx=0).stop
2024-04-05T23:26:15.193 INFO:teuthology.orchestra.run.smithi016.stdout:/usr/bin/ceph: stderr
2024-04-05T23:26:14.618+0000 7f9c03a00700 1 -- 172.21.15.16:0/1961395102 >> 172.21.15.16:0/1961395102 conn(0x7f9bfc100b50 msgr2=0x7f9bfc102f90 unknown :-1 s=STATE_NONE l=0).mark_down
2024-04-05T23:26:15.193 INFO:teuthology.orchestra.run.smithi016.stdout:/usr/bin/ceph: stderr
2024-04-05T23:26:14.618+0000 7f9c03a00700 1 -- 172.21.15.16:0/1961395102 shutdown_connections
2024-04-05T23:26:15.193 INFO:teuthology.orchestra.run.smithi016.stdout:/usr/bin/ceph: stderr
2024-04-05T23:26:14.618+0000 7f9c03a00700 1 -- 172.21.15.16:0/1961395102 wait complete.
2024-04-05T23:26:15.193 INFO:teuthology.orchestra.run.smithi016.stdout:/usr/bin/ceph: stderr
2024-04-05T23:26:14.619+0000 7f9c03a00700 1 Processor -- start
2024-04-05T23:26:15.193 INFO:teuthology.orchestra.run.smithi016.stdout:/usr/bin/ceph: stderr
2024-04-05T23:26:14.620+0000 7f9c03a00700 1 -- start start
2024-04-05T23:26:15.193 INFO:teuthology.orchestra.run.smithi016.stdout:/usr/bin/ceph: stderr
2024-04-05T23:26:14.620+0000 7f9c03a00700 1 --2- >> [v2:172.21.15.16:3300/0,v1:172.21.15.16:6789/0] conn(0x7f9bfc104f90 0x7f9bfc19c630 unknown :-1 s=NONE pgs=0 cs=0 l=1 rev1=0 crypto rx=0 tx=0 comp rx=0 tx=0).connect
2024-04-05T23:26:15.193 INFO:teuthology.orchestra.run.smithi016.stdout:/usr/bin/ceph: stderr
2024-04-05T23:26:14.620+0000 7f9c03a00700 1 -- --> [v2:172.21.15.16:3300/0,v1:172.21.15.16:6789/0] -- mon_getmap magic: 0 v1 -- 0x7f9bfc19cb70 con 0x7f9bfc104f90
2024-04-05T23:26:15.193 INFO:teuthology.orchestra.run.smithi016.stdout:/usr/bin/ceph: stderr
2024-04-05T23:26:14.620+0000 7f9c01000700 1 --2- >> [v2:172.21.15.16:3300/0,v1:172.21.15.16:6789/0] conn(0x7f9bfc104f90 0x7f9bfc19c630 unknown :-1 s=BANNER_CONNECTING pgs=0 cs=0 l=1 rev1=0 crypto rx=0 tx=0 comp rx=0 tx=0)._handle_peer_banner_payload supported=3 required=0
2024-04-05T23:26:15.193 INFO:teuthology.orchestra.run.smithi016.stdout:/usr/bin/ceph: stderr
2024-04-05T23:26:14.620+0000 7f9c01000700 1 --2- >> [v2:172.21.15.16:3300/0,v1:172.21.15.16:6789/0] conn(0x7f9bfc104f90 0x7f9bfc19c630 unknown :-1 s=HELLO_CONNECTING pgs=0 cs=0 l=1 rev1=1 crypto rx=0 tx=0 comp rx=0 tx=0).handle_hello peer v2:172.21.15.16:3300/0 says I am v2:172.21.15.16:38800/0 (socket says 172.21.15.16:38800)
2024-04-05T23:26:15.193 INFO:teuthology.orchestra.run.smithi016.stdout:/usr/bin/ceph: stderr
2024-04-05T23:26:14.620+0000 7f9c01000700 1 -- 172.21.15.16:0/3097566588 learned_addr learned my addr 172.21.15.16:0/3097566588 (peer_addr_for_me v2:172.21.15.16:0/0)
2024-04-05T23:26:15.193 INFO:teuthology.orchestra.run.smithi016.stdout:/usr/bin/ceph: stderr
2024-04-05T23:26:14.620+0000 7f9c01000700 1 -- 172.21.15.16:0/3097566588 --> [v2:172.21.15.16:3300/0,v1:172.21.15.16:6789/0] -- mon_subscribe({config=0+,monmap=0+}) v3 -- 0x7f9bf0009550 con 0x7f9bfc104f90
2024-04-05T23:26:15.194 INFO:teuthology.orchestra.run.smithi016.stdout:/usr/bin/ceph: stderr
2024-04-05T23:26:14.621+0000 7f9c01000700 1 --2- 172.21.15.16:0/3097566588 >> [v2:172.21.15.16:3300/0,v1:172.21.15.16:6789/0] conn(0x7f9bfc104f90 0x7f9bfc19c630 secure :-1 s=READY pgs=40 cs=0 l=1 rev1=1 crypto rx=0x7f9bf0009130 tx=0x7f9bf0011ad0 comp rx=0 tx=0).ready entity=mon.0 client_cookie=0 server_cookie=0 in_seq=0 out_seq=0
2024-04-05T23:26:15.194 INFO:teuthology.orchestra.run.smithi016.stdout:/usr/bin/ceph: stderr
2024-04-05T23:26:14.621+0000 7f9bf9600700 1 -- 172.21.15.16:0/3097566588 <== mon.0 v2:172.21.15.16:3300/0 1 ==== mon_map magic: 0 v1 ==== 205+0+0 (secure 0 0 0) 0x7f9bf0003b70 con 0x7f9bfc104f90
2024-04-05T23:26:15.194 INFO:teuthology.orchestra.run.smithi016.stdout:/usr/bin/ceph: stderr
2024-04-05T23:26:14.621+0000 7f9bf9600700 1 -- 172.21.15.16:0/3097566588 <== mon.0 v2:172.21.15.16:3300/0 2 ==== config(26 keys) v1 ==== 1074+0+0 (secure 0 0 0) 0x7f9bf0003cd0 con 0x7f9bfc104f90
2024-04-05T23:26:15.194 INFO:teuthology.orchestra.run.smithi016.stdout:/usr/bin/ceph: stderr
2024-04-05T23:26:14.621+0000 7f9bf9600700 1 -- 172.21.15.16:0/3097566588 <== mon.0 v2:172.21.15.16:3300/0 3 ==== mon_map magic: 0 v1 ==== 205+0+0 (secure 0 0 0) 0x7f9bf00197d0 con 0x7f9bfc104f90
2024-04-05T23:26:15.194 INFO:teuthology.orchestra.run.smithi016.stdout:/usr/bin/ceph: stderr
2024-04-05T23:26:14.621+0000 7f9c03a00700 1 -- 172.21.15.16:0/3097566588 --> [v2:172.21.15.16:3300/0,v1:172.21.15.16:6789/0] -- mon_subscribe({mgrmap=0+}) v3 -- 0x7f9bfc19cd70 con 0x7f9bfc104f90
2024-04-05T23:26:15.194 INFO:teuthology.orchestra.run.smithi016.stdout:/usr/bin/ceph: stderr
2024-04-05T23:26:14.621+0000 7f9c03a00700 1 -- 172.21.15.16:0/3097566588 --> [v2:172.21.15.16:3300/0,v1:172.21.15.16:6789/0] -- mon_subscribe({osdmap=0}) v3 -- 0x7f9bfc19d210 con 0x7f9bfc104f90
2024-04-05T23:26:15.194 INFO:teuthology.orchestra.run.smithi016.stdout:/usr/bin/ceph: stderr
2024-04-05T23:26:14.622+0000 7f9bf9600700 1 -- 172.21.15.16:0/3097566588 <== mon.0 v2:172.21.15.16:3300/0 4 ==== mgrmap(e 8) v1 ==== 45541+0+0 (secure 0 0 0) 0x7f9bf001abb0 con 0x7f9bfc104f90
2024-04-05T23:26:15.194 INFO:teuthology.orchestra.run.smithi016.stdout:/usr/bin/ceph: stderr
2024-04-05T23:26:14.622+0000 7f9c03a00700 1 -- 172.21.15.16:0/3097566588 --> [v2:172.21.15.16:3300/0,v1:172.21.15.16:6789/0] -- mon_command({"prefix": "get_command_descriptions"} v 0) v1 -- 0x7f9bfc196360 con 0x7f9bfc104f90
2024-04-05T23:26:15.194 INFO:teuthology.orchestra.run.smithi016.stdout:/usr/bin/ceph: stderr
2024-04-05T23:26:14.622+0000 7f9bf9600700 1 --2- 172.21.15.16:0/3097566588 >> [v2:172.21.15.16:6800/2429779560,v1:172.21.15.16:6801/2429779560] conn(0x7f9be4038750 0x7f9be403ac10 unknown :-1 s=NONE pgs=0 cs=0 l=1 rev1=0 crypto rx=0 tx=0 comp rx=0 tx=0).connect
2024-04-05T23:26:15.194 INFO:teuthology.orchestra.run.smithi016.stdout:/usr/bin/ceph: stderr
2024-04-05T23:26:14.623+0000 7f9bf9600700 1 -- 172.21.15.16:0/3097566588 <== mon.0 v2:172.21.15.16:3300/0 5 ==== osd_map(2..2 src has 1..2) v4 ==== 940+0+0 (secure 0 0 0) 0x7f9bf004c9b0 con 0x7f9bfc104f90
2024-04-05T23:26:15.194 INFO:teuthology.orchestra.run.smithi016.stdout:/usr/bin/ceph: stderr
2024-04-05T23:26:14.623+0000 7f9bfbe00700 1 --2- 172.21.15.16:0/3097566588 >> [v2:172.21.15.16:6800/2429779560,v1:172.21.15.16:6801/2429779560] conn(0x7f9be4038750 0x7f9be403ac10 unknown :-1 s=BANNER_CONNECTING pgs=0 cs=0 l=1 rev1=0 crypto rx=0 tx=0 comp rx=0 tx=0)._handle_peer_banner_payload supported=3 required=0
2024-04-05T23:26:15.194 INFO:teuthology.orchestra.run.smithi016.stdout:/usr/bin/ceph: stderr
2024-04-05T23:26:14.623+0000 7f9bfbe00700 1 --2- 172.21.15.16:0/3097566588 >> [v2:172.21.15.16:6800/2429779560,v1:172.21.15.16:6801/2429779560] conn(0x7f9be4038750 0x7f9be403ac10 secure :-1 s=READY pgs=8 cs=0 l=1 rev1=1 crypto rx=0x7f9be8006fd0 tx=0x7f9be8006e40 comp rx=0 tx=0).ready entity=mgr.14120 client_cookie=0 server_cookie=0 in_seq=0 out_seq=0
2024-04-05T23:26:15.194 INFO:teuthology.orchestra.run.smithi016.stdout:/usr/bin/ceph: stderr
2024-04-05T23:26:14.628+0000 7f9bf9600700 1 -- 172.21.15.16:0/3097566588 <== mon.0 v2:172.21.15.16:3300/0 6 ==== mon_command_ack([{"prefix": "get_command_descriptions"}]=0 v0) v1 ==== 72+0+182936 (secure 0 0 0) 0x7f9bf001a430 con 0x7f9bfc104f90
2024-04-05T23:26:15.195 INFO:teuthology.orchestra.run.smithi016.stdout:/usr/bin/ceph: stderr
2024-04-05T23:26:14.840+0000 7f9c03a00700 1 -- 172.21.15.16:0/3097566588 --> [v2:172.21.15.16:6800/2429779560,v1:172.21.15.16:6801/2429779560] -- mgr_command(tid 0: {"prefix": "cephadm set-user", "user": "root", "target": ["mon-mgr", ""]}) v1 -- 0x7f9bfc02cfb0 con 0x7f9be4038750
2024-04-05T23:26:15.195 INFO:teuthology.orchestra.run.smithi016.stdout:/usr/bin/ceph: stderr
2024-04-05T23:26:14.841+0000 7f9bf9600700 1 -- 172.21.15.16:0/3097566588 <== mgr.14120 v2:172.21.15.16:6800/2429779560 1 ==== mgr_command_reply(tid 0: 0 ) v1 ==== 8+0+16 (secure 0 0 0) 0x7f9bfc02cfb0 con 0x7f9be4038750
2024-04-05T23:26:15.195 INFO:teuthology.orchestra.run.smithi016.stdout:/usr/bin/ceph: stderr
2024-04-05T23:26:14.843+0000 7f9c03a00700 1 -- 172.21.15.16:0/3097566588 >> [v2:172.21.15.16:6800/2429779560,v1:172.21.15.16:6801/2429779560] conn(0x7f9be4038750 msgr2=0x7f9be403ac10 secure :-1 s=STATE_CONNECTION_ESTABLISHED l=1).mark_down
2024-04-05T23:26:15.195 INFO:teuthology.orchestra.run.smithi016.stdout:/usr/bin/ceph: stderr
2024-04-05T23:26:14.843+0000 7f9c03a00700 1 --2- 172.21.15.16:0/3097566588 >> [v2:172.21.15.16:6800/2429779560,v1:172.21.15.16:6801/2429779560] conn(0x7f9be4038750 0x7f9be403ac10 secure :-1 s=READY pgs=8 cs=0 l=1 rev1=1 crypto rx=0x7f9be8006fd0 tx=0x7f9be8006e40 comp rx=0 tx=0).stop
2024-04-05T23:26:15.195 INFO:teuthology.orchestra.run.smithi016.stdout:/usr/bin/ceph: stderr
2024-04-05T23:26:14.843+0000 7f9c03a00700 1 -- 172.21.15.16:0/3097566588 >> [v2:172.21.15.16:3300/0,v1:172.21.15.16:6789/0] conn(0x7f9bfc104f90 msgr2=0x7f9bfc19c630 secure :-1 s=STATE_CONNECTION_ESTABLISHED l=1).mark_down
2024-04-05T23:26:15.195 INFO:teuthology.orchestra.run.smithi016.stdout:/usr/bin/ceph: stderr
2024-04-05T23:26:14.843+0000 7f9c03a00700 1 --2- 172.21.15.16:0/3097566588 >> [v2:172.21.15.16:3300/0,v1:172.21.15.16:6789/0] conn(0x7f9bfc104f90 0x7f9bfc19c630 secure :-1 s=READY pgs=40 cs=0 l=1 rev1=1 crypto rx=0x7f9bf0009130 tx=0x7f9bf0011ad0 comp rx=0 tx=0).stop
2024-04-05T23:26:15.195 INFO:teuthology.orchestra.run.smithi016.stdout:/usr/bin/ceph: stderr
2024-04-05T23:26:14.844+0000 7f9c03a00700 1 -- 172.21.15.16:0/3097566588 shutdown_connections
2024-04-05T23:26:15.195 INFO:teuthology.orchestra.run.smithi016.stdout:/usr/bin/ceph: stderr
