2024-04-05T23:26:14.844+0000 7f9c03a00700 1 --2- 172.21.15.16:0/3097566588 >> [v2:172.21.15.16:6800/2429779560,v1:172.21.15.16:6801/2429779560] conn(0x7f9be4038750 0x7f9be403ac10 unknown :-1 s=CLOSED pgs=8 cs=0 l=1 rev1=1 crypto rx=0 tx=0 comp rx=0 tx=0).stop
2024-04-05T23:26:15.195 INFO:teuthology.orchestra.run.smithi016.stdout:/usr/bin/ceph: stderr
2024-04-05T23:26:14.844+0000 7f9c03a00700 1 --2- 172.21.15.16:0/3097566588 >> [v2:172.21.15.16:3300/0,v1:172.21.15.16:6789/0] conn(0x7f9bfc104f90 0x7f9bfc19c630 unknown :-1 s=CLOSED pgs=40 cs=0 l=1 rev1=1 crypto rx=0 tx=0 comp rx=0 tx=0).stop
2024-04-05T23:26:15.195 INFO:teuthology.orchestra.run.smithi016.stdout:/usr/bin/ceph: stderr
2024-04-05T23:26:14.844+0000 7f9c03a00700 1 -- 172.21.15.16:0/3097566588 >> 172.21.15.16:0/3097566588 conn(0x7f9bfc100b50 msgr2=0x7f9bfc1934a0 unknown :-1 s=STATE_NONE l=0).mark_down
2024-04-05T23:26:15.195 INFO:teuthology.orchestra.run.smithi016.stdout:/usr/bin/ceph: stderr
2024-04-05T23:26:14.844+0000 7f9c03a00700 1 -- 172.21.15.16:0/3097566588 shutdown_connections
2024-04-05T23:26:15.195 INFO:teuthology.orchestra.run.smithi016.stdout:/usr/bin/ceph: stderr
2024-04-05T23:26:14.844+0000 7f9c03a00700 1 -- 172.21.15.16:0/3097566588 wait complete.
2024-04-05T23:26:15.195 INFO:teuthology.orchestra.run.smithi016.stdout:Generating ssh key...
2024-04-05T23:26:16.083 INFO:journalctl@ceph.mon.a.smithi016.stdout:Apr 05 23:26:15 smithi016 ceph-mon[38248]: [05/Apr/2024:23:26:14] ENGINE Bus STARTING
2024-04-05T23:26:16.083 INFO:journalctl@ceph.mon.a.smithi016.stdout:Apr 05 23:26:15 smithi016 ceph-mon[38248]: [05/Apr/2024:23:26:14] ENGINE Serving on https://172.21.15.16:7150
2024-04-05T23:26:16.083 INFO:journalctl@ceph.mon.a.smithi016.stdout:Apr 05 23:26:15 smithi016 ceph-mon[38248]: [05/Apr/2024:23:26:14] ENGINE Serving on http://172.21.15.16:8765
2024-04-05T23:26:16.083 INFO:journalctl@ceph.mon.a.smithi016.stdout:Apr 05 23:26:15 smithi016 ceph-mon[38248]: [05/Apr/2024:23:26:14] ENGINE Bus STARTED
2024-04-05T23:26:16.083 INFO:journalctl@ceph.mon.a.smithi016.stdout:Apr 05 23:26:15 smithi016 ceph-mon[38248]: from='mgr.14120 172.21.15.16:0/686731546' entity='mgr.x' cmd=[{"prefix": "config dump", "format": "json"}]: dispatch
2024-04-05T23:26:17.052 INFO:teuthology.orchestra.run.smithi016.stdout:/usr/bin/ceph: stderr
2024-04-05T23:26:15.573+0000 7f7336400700 1 Processor -- start
2024-04-05T23:26:17.053 INFO:teuthology.orchestra.run.smithi016.stdout:/usr/bin/ceph: stderr
2024-04-05T23:26:15.573+0000 7f7336400700 1 -- start start
2024-04-05T23:26:17.053 INFO:teuthology.orchestra.run.smithi016.stdout:/usr/bin/ceph: stderr
2024-04-05T23:26:15.573+0000 7f7336400700 1 --2- >> [v2:172.21.15.16:3300/0,v1:172.21.15.16:6789/0] conn(0x7f73301066c0 0x7f7330106ae0 unknown :-1 s=NONE pgs=0 cs=0 l=0 rev1=0 crypto rx=0 tx=0 comp rx=0 tx=0).connect
2024-04-05T23:26:17.053 INFO:teuthology.orchestra.run.smithi016.stdout:/usr/bin/ceph: stderr
2024-04-05T23:26:15.573+0000 7f7336400700 1 -- --> [v2:172.21.15.16:3300/0,v1:172.21.15.16:6789/0] -- mon_getmap magic: 0 v1 -- 0x7f73301070b0 con 0x7f73301066c0
2024-04-05T23:26:17.053 INFO:teuthology.orchestra.run.smithi016.stdout:/usr/bin/ceph: stderr
2024-04-05T23:26:15.574+0000 7f732f400700 1 --2- >> [v2:172.21.15.16:3300/0,v1:172.21.15.16:6789/0] conn(0x7f73301066c0 0x7f7330106ae0 unknown :-1 s=BANNER_CONNECTING pgs=0 cs=0 l=0 rev1=0 crypto rx=0 tx=0 comp rx=0 tx=0)._handle_peer_banner_payload supported=3 required=0
2024-04-05T23:26:17.053 INFO:teuthology.orchestra.run.smithi016.stdout:/usr/bin/ceph: stderr
2024-04-05T23:26:15.574+0000 7f732f400700 1 --2- >> [v2:172.21.15.16:3300/0,v1:172.21.15.16:6789/0] conn(0x7f73301066c0 0x7f7330106ae0 unknown :-1 s=HELLO_CONNECTING pgs=0 cs=0 l=0 rev1=1 crypto rx=0 tx=0 comp rx=0 tx=0).handle_hello peer v2:172.21.15.16:3300/0 says I am v2:172.21.15.16:38812/0 (socket says 172.21.15.16:38812)
2024-04-05T23:26:17.053 INFO:teuthology.orchestra.run.smithi016.stdout:/usr/bin/ceph: stderr
2024-04-05T23:26:15.574+0000 7f732f400700 1 -- 172.21.15.16:0/1762587100 learned_addr learned my addr 172.21.15.16:0/1762587100 (peer_addr_for_me v2:172.21.15.16:0/0)
2024-04-05T23:26:17.053 INFO:teuthology.orchestra.run.smithi016.stdout:/usr/bin/ceph: stderr
2024-04-05T23:26:15.574+0000 7f732f400700 1 -- 172.21.15.16:0/1762587100 --> [v2:172.21.15.16:3300/0,v1:172.21.15.16:6789/0] -- mon_subscribe({config=0+,monmap=0+}) v3 -- 0x7f73301078c0 con 0x7f73301066c0
2024-04-05T23:26:17.053 INFO:teuthology.orchestra.run.smithi016.stdout:/usr/bin/ceph: stderr
2024-04-05T23:26:15.574+0000 7f732f400700 1 --2- 172.21.15.16:0/1762587100 >> [v2:172.21.15.16:3300/0,v1:172.21.15.16:6789/0] conn(0x7f73301066c0 0x7f7330106ae0 secure :-1 s=READY pgs=41 cs=0 l=1 rev1=1 crypto rx=0x7f73200098a0 tx=0x7f7320009bb0 comp rx=0 tx=0).ready entity=mon.0 client_cookie=18b501e1c4498c53 server_cookie=0 in_seq=0 out_seq=0
2024-04-05T23:26:17.053 INFO:teuthology.orchestra.run.smithi016.stdout:/usr/bin/ceph: stderr
2024-04-05T23:26:15.574+0000 7f732e000700 1 -- 172.21.15.16:0/1762587100 <== mon.0 v2:172.21.15.16:3300/0 1 ==== mon_map magic: 0 v1 ==== 205+0+0 (secure 0 0 0) 0x7f7320004160 con 0x7f73301066c0
2024-04-05T23:26:17.053 INFO:teuthology.orchestra.run.smithi016.stdout:/usr/bin/ceph: stderr
2024-04-05T23:26:15.575+0000 7f732e000700 1 -- 172.21.15.16:0/1762587100 <== mon.0 v2:172.21.15.16:3300/0 2 ==== config(26 keys) v1 ==== 1074+0+0 (secure 0 0 0) 0x7f73200042c0 con 0x7f73301066c0
2024-04-05T23:26:17.053 INFO:teuthology.orchestra.run.smithi016.stdout:/usr/bin/ceph: stderr
2024-04-05T23:26:15.575+0000 7f732e000700 1 -- 172.21.15.16:0/1762587100 <== mon.0 v2:172.21.15.16:3300/0 3 ==== mon_map magic: 0 v1 ==== 205+0+0 (secure 0 0 0) 0x7f7320011a00 con 0x7f73301066c0
2024-04-05T23:26:17.053 INFO:teuthology.orchestra.run.smithi016.stdout:/usr/bin/ceph: stderr
2024-04-05T23:26:15.575+0000 7f7336400700 1 -- 172.21.15.16:0/1762587100 >> [v2:172.21.15.16:3300/0,v1:172.21.15.16:6789/0] conn(0x7f73301066c0 msgr2=0x7f7330106ae0 secure :-1 s=STATE_CONNECTION_ESTABLISHED l=1).mark_down
2024-04-05T23:26:17.054 INFO:teuthology.orchestra.run.smithi016.stdout:/usr/bin/ceph: stderr
2024-04-05T23:26:15.575+0000 7f7336400700 1 --2- 172.21.15.16:0/1762587100 >> [v2:172.21.15.16:3300/0,v1:172.21.15.16:6789/0] conn(0x7f73301066c0 0x7f7330106ae0 secure :-1 s=READY pgs=41 cs=0 l=1 rev1=1 crypto rx=0x7f73200098a0 tx=0x7f7320009bb0 comp rx=0 tx=0).stop
2024-04-05T23:26:17.054 INFO:teuthology.orchestra.run.smithi016.stdout:/usr/bin/ceph: stderr
2024-04-05T23:26:15.575+0000 7f7336400700 1 -- 172.21.15.16:0/1762587100 shutdown_connections
2024-04-05T23:26:17.054 INFO:teuthology.orchestra.run.smithi016.stdout:/usr/bin/ceph: stderr
2024-04-05T23:26:15.575+0000 7f7336400700 1 --2- 172.21.15.16:0/1762587100 >> [v2:172.21.15.16:3300/0,v1:172.21.15.16:6789/0] conn(0x7f73301066c0 0x7f7330106ae0 unknown :-1 s=CLOSED pgs=41 cs=0 l=1 rev1=1 crypto rx=0 tx=0 comp rx=0 tx=0).stop
2024-04-05T23:26:17.054 INFO:teuthology.orchestra.run.smithi016.stdout:/usr/bin/ceph: stderr
2024-04-05T23:26:15.575+0000 7f7336400700 1 -- 172.21.15.16:0/1762587100 >> 172.21.15.16:0/1762587100 conn(0x7f7330101c60 msgr2=0x7f73301040a0 unknown :-1 s=STATE_NONE l=0).mark_down
2024-04-05T23:26:17.054 INFO:teuthology.orchestra.run.smithi016.stdout:/usr/bin/ceph: stderr
2024-04-05T23:26:15.575+0000 7f7336400700 1 -- 172.21.15.16:0/1762587100 shutdown_connections
2024-04-05T23:26:17.054 INFO:teuthology.orchestra.run.smithi016.stdout:/usr/bin/ceph: stderr
2024-04-05T23:26:15.575+0000 7f7336400700 1 -- 172.21.15.16:0/1762587100 wait complete.
2024-04-05T23:26:17.054 INFO:teuthology.orchestra.run.smithi016.stdout:/usr/bin/ceph: stderr
2024-04-05T23:26:15.576+0000 7f7336400700 1 Processor -- start
2024-04-05T23:26:17.054 INFO:teuthology.orchestra.run.smithi016.stdout:/usr/bin/ceph: stderr
2024-04-05T23:26:15.576+0000 7f7336400700 1 -- start start
2024-04-05T23:26:17.054 INFO:teuthology.orchestra.run.smithi016.stdout:/usr/bin/ceph: stderr
2024-04-05T23:26:15.577+0000 7f7336400700 1 --2- >> [v2:172.21.15.16:3300/0,v1:172.21.15.16:6789/0] conn(0x7f73301066c0 0x7f733007aa30 unknown :-1 s=NONE pgs=0 cs=0 l=1 rev1=0 crypto rx=0 tx=0 comp rx=0 tx=0).connect
2024-04-05T23:26:17.054 INFO:teuthology.orchestra.run.smithi016.stdout:/usr/bin/ceph: stderr
2024-04-05T23:26:15.577+0000 7f7336400700 1 -- --> [v2:172.21.15.16:3300/0,v1:172.21.15.16:6789/0] -- mon_getmap magic: 0 v1 -- 0x7f733007af70 con 0x7f73301066c0
2024-04-05T23:26:17.054 INFO:teuthology.orchestra.run.smithi016.stdout:/usr/bin/ceph: stderr
2024-04-05T23:26:15.577+0000 7f732f400700 1 --2- >> [v2:172.21.15.16:3300/0,v1:172.21.15.16:6789/0] conn(0x7f73301066c0 0x7f733007aa30 unknown :-1 s=BANNER_CONNECTING pgs=0 cs=0 l=1 rev1=0 crypto rx=0 tx=0 comp rx=0 tx=0)._handle_peer_banner_payload supported=3 required=0
2024-04-05T23:26:17.054 INFO:teuthology.orchestra.run.smithi016.stdout:/usr/bin/ceph: stderr
2024-04-05T23:26:15.577+0000 7f732f400700 1 --2- >> [v2:172.21.15.16:3300/0,v1:172.21.15.16:6789/0] conn(0x7f73301066c0 0x7f733007aa30 unknown :-1 s=HELLO_CONNECTING pgs=0 cs=0 l=1 rev1=1 crypto rx=0 tx=0 comp rx=0 tx=0).handle_hello peer v2:172.21.15.16:3300/0 says I am v2:172.21.15.16:38820/0 (socket says 172.21.15.16:38820)
2024-04-05T23:26:17.054 INFO:teuthology.orchestra.run.smithi016.stdout:/usr/bin/ceph: stderr
2024-04-05T23:26:15.577+0000 7f732f400700 1 -- 172.21.15.16:0/2750176451 learned_addr learned my addr 172.21.15.16:0/2750176451 (peer_addr_for_me v2:172.21.15.16:0/0)
2024-04-05T23:26:17.055 INFO:teuthology.orchestra.run.smithi016.stdout:/usr/bin/ceph: stderr
2024-04-05T23:26:15.577+0000 7f732f400700 1 -- 172.21.15.16:0/2750176451 --> [v2:172.21.15.16:3300/0,v1:172.21.15.16:6789/0] -- mon_subscribe({config=0+,monmap=0+}) v3 -- 0x7f7320009550 con 0x7f73301066c0
2024-04-05T23:26:17.055 INFO:teuthology.orchestra.run.smithi016.stdout:/usr/bin/ceph: stderr
2024-04-05T23:26:15.578+0000 7f732f400700 1 --2- 172.21.15.16:0/2750176451 >> [v2:172.21.15.16:3300/0,v1:172.21.15.16:6789/0] conn(0x7f73301066c0 0x7f733007aa30 secure :-1 s=READY pgs=42 cs=0 l=1 rev1=1 crypto rx=0x7f7320009130 tx=0x7f7320011ad0 comp rx=0 tx=0).ready entity=mon.0 client_cookie=0 server_cookie=0 in_seq=0 out_seq=0
2024-04-05T23:26:17.055 INFO:teuthology.orchestra.run.smithi016.stdout:/usr/bin/ceph: stderr
2024-04-05T23:26:15.578+0000 7f7327e00700 1 -- 172.21.15.16:0/2750176451 <== mon.0 v2:172.21.15.16:3300/0 1 ==== mon_map magic: 0 v1 ==== 205+0+0 (secure 0 0 0) 0x7f7320003ab0 con 0x7f73301066c0
2024-04-05T23:26:17.055 INFO:teuthology.orchestra.run.smithi016.stdout:/usr/bin/ceph: stderr
2024-04-05T23:26:15.578+0000 7f7327e00700 1 -- 172.21.15.16:0/2750176451 <== mon.0 v2:172.21.15.16:3300/0 2 ==== config(26 keys) v1 ==== 1074+0+0 (secure 0 0 0) 0x7f7320003c10 con 0x7f73301066c0
2024-04-05T23:26:17.055 INFO:teuthology.orchestra.run.smithi016.stdout:/usr/bin/ceph: stderr
2024-04-05T23:26:15.578+0000 7f7327e00700 1 -- 172.21.15.16:0/2750176451 <== mon.0 v2:172.21.15.16:3300/0 3 ==== mon_map magic: 0 v1 ==== 205+0+0 (secure 0 0 0) 0x7f73200247d0 con 0x7f73301066c0
2024-04-05T23:26:17.055 INFO:teuthology.orchestra.run.smithi016.stdout:/usr/bin/ceph: stderr
2024-04-05T23:26:15.578+0000 7f7336400700 1 -- 172.21.15.16:0/2750176451 --> [v2:172.21.15.16:3300/0,v1:172.21.15.16:6789/0] -- mon_subscribe({mgrmap=0+}) v3 -- 0x7f73300791b0 con 0x7f73301066c0
2024-04-05T23:26:17.055 INFO:teuthology.orchestra.run.smithi016.stdout:/usr/bin/ceph: stderr
2024-04-05T23:26:15.578+0000 7f7336400700 1 -- 172.21.15.16:0/2750176451 --> [v2:172.21.15.16:3300/0,v1:172.21.15.16:6789/0] -- mon_subscribe({osdmap=0}) v3 -- 0x7f7330079650 con 0x7f73301066c0
2024-04-05T23:26:17.055 INFO:teuthology.orchestra.run.smithi016.stdout:/usr/bin/ceph: stderr
2024-04-05T23:26:15.579+0000 7f7336400700 1 -- 172.21.15.16:0/2750176451 --> [v2:172.21.15.16:3300/0,v1:172.21.15.16:6789/0] -- mon_command({"prefix": "get_command_descriptions"} v 0) v1 -- 0x7f7330067f50 con 0x7f73301066c0
2024-04-05T23:26:17.055 INFO:teuthology.orchestra.run.smithi016.stdout:/usr/bin/ceph: stderr
2024-04-05T23:26:15.579+0000 7f7327e00700 1 -- 172.21.15.16:0/2750176451 <== mon.0 v2:172.21.15.16:3300/0 4 ==== mgrmap(e 8) v1 ==== 45541+0+0 (secure 0 0 0) 0x7f732001abb0 con 0x7f73301066c0
2024-04-05T23:26:17.055 INFO:teuthology.orchestra.run.smithi016.stdout:/usr/bin/ceph: stderr
2024-04-05T23:26:15.579+0000 7f7327e00700 1 --2- 172.21.15.16:0/2750176451 >> [v2:172.21.15.16:6800/2429779560,v1:172.21.15.16:6801/2429779560] conn(0x7f7314038750 0x7f731403ac10 unknown :-1 s=NONE pgs=0 cs=0 l=1 rev1=0 crypto rx=0 tx=0 comp rx=0 tx=0).connect
2024-04-05T23:26:17.055 INFO:teuthology.orchestra.run.smithi016.stdout:/usr/bin/ceph: stderr
2024-04-05T23:26:15.580+0000 7f7327e00700 1 -- 172.21.15.16:0/2750176451 <== mon.0 v2:172.21.15.16:3300/0 5 ==== osd_map(2..2 src has 1..2) v4 ==== 940+0+0 (secure 0 0 0) 0x7f732004c850 con 0x7f73301066c0
2024-04-05T23:26:17.055 INFO:teuthology.orchestra.run.smithi016.stdout:/usr/bin/ceph: stderr
2024-04-05T23:26:15.580+0000 7f732ea00700 1 --2- 172.21.15.16:0/2750176451 >> [v2:172.21.15.16:6800/2429779560,v1:172.21.15.16:6801/2429779560] conn(0x7f7314038750 0x7f731403ac10 unknown :-1 s=BANNER_CONNECTING pgs=0 cs=0 l=1 rev1=0 crypto rx=0 tx=0 comp rx=0 tx=0)._handle_peer_banner_payload supported=3 required=0
2024-04-05T23:26:17.055 INFO:teuthology.orchestra.run.smithi016.stdout:/usr/bin/ceph: stderr
2024-04-05T23:26:15.580+0000 7f732ea00700 1 --2- 172.21.15.16:0/2750176451 >> [v2:172.21.15.16:6800/2429779560,v1:172.21.15.16:6801/2429779560] conn(0x7f7314038750 0x7f731403ac10 secure :-1 s=READY pgs=9 cs=0 l=1 rev1=1 crypto rx=0x7f731c006fd0 tx=0x7f731c006e40 comp rx=0 tx=0).ready entity=mgr.14120 client_cookie=0 server_cookie=0 in_seq=0 out_seq=0
2024-04-05T23:26:17.055 INFO:teuthology.orchestra.run.smithi016.stdout:/usr/bin/ceph: stderr
2024-04-05T23:26:15.584+0000 7f7327e00700 1 -- 172.21.15.16:0/2750176451 <== mon.0 v2:172.21.15.16:3300/0 6 ==== mon_command_ack([{"prefix": "get_command_descriptions"}]=0 v0) v1 ==== 72+0+182936 (secure 0 0 0) 0x7f7320018530 con 0x7f73301066c0
2024-04-05T23:26:17.056 INFO:teuthology.orchestra.run.smithi016.stdout:/usr/bin/ceph: stderr
2024-04-05T23:26:15.799+0000 7f7336400700 1 -- 172.21.15.16:0/2750176451 --> [v2:172.21.15.16:6800/2429779560,v1:172.21.15.16:6801/2429779560] -- mgr_command(tid 0: {"prefix": "cephadm generate-key", "target": ["mon-mgr", ""]}) v1 -- 0x7f7330079c90 con 0x7f7314038750
2024-04-05T23:26:17.056 INFO:teuthology.orchestra.run.smithi016.stdout:/usr/bin/ceph: stderr
2024-04-05T23:26:16.693+0000 7f7327e00700 1 -- 172.21.15.16:0/2750176451 <== mgr.14120 v2:172.21.15.16:6800/2429779560 1 ==== mgr_command_reply(tid 0: 0 ) v1 ==== 8+0+0 (secure 0 0 0) 0x7f7330079c90 con 0x7f7314038750
2024-04-05T23:26:17.056 INFO:teuthology.orchestra.run.smithi016.stdout:/usr/bin/ceph: stderr
2024-04-05T23:26:16.695+0000 7f7336400700 1 -- 172.21.15.16:0/2750176451 >> [v2:172.21.15.16:6800/2429779560,v1:172.21.15.16:6801/2429779560] conn(0x7f7314038750 msgr2=0x7f731403ac10 secure :-1 s=STATE_CONNECTION_ESTABLISHED l=1).mark_down
2024-04-05T23:26:17.056 INFO:teuthology.orchestra.run.smithi016.stdout:/usr/bin/ceph: stderr
2024-04-05T23:26:16.695+0000 7f7336400700 1 --2- 172.21.15.16:0/2750176451 >> [v2:172.21.15.16:6800/2429779560,v1:172.21.15.16:6801/2429779560] conn(0x7f7314038750 0x7f731403ac10 secure :-1 s=READY pgs=9 cs=0 l=1 rev1=1 crypto rx=0x7f731c006fd0 tx=0x7f731c006e40 comp rx=0 tx=0).stop
2024-04-05T23:26:17.056 INFO:teuthology.orchestra.run.smithi016.stdout:/usr/bin/ceph: stderr
2024-04-05T23:26:16.695+0000 7f7336400700 1 -- 172.21.15.16:0/2750176451 >> [v2:172.21.15.16:3300/0,v1:172.21.15.16:6789/0] conn(0x7f73301066c0 msgr2=0x7f733007aa30 secure :-1 s=STATE_CONNECTION_ESTABLISHED l=1).mark_down
2024-04-05T23:26:17.056 INFO:teuthology.orchestra.run.smithi016.stdout:/usr/bin/ceph: stderr
2024-04-05T23:26:16.695+0000 7f7336400700 1 --2- 172.21.15.16:0/2750176451 >> [v2:172.21.15.16:3300/0,v1:172.21.15.16:6789/0] conn(0x7f73301066c0 0x7f733007aa30 secure :-1 s=READY pgs=42 cs=0 l=1 rev1=1 crypto rx=0x7f7320009130 tx=0x7f7320011ad0 comp rx=0 tx=0).stop
2024-04-05T23:26:17.056 INFO:teuthology.orchestra.run.smithi016.stdout:/usr/bin/ceph: stderr
2024-04-05T23:26:16.695+0000 7f7336400700 1 -- 172.21.15.16:0/2750176451 shutdown_connections
2024-04-05T23:26:17.056 INFO:teuthology.orchestra.run.smithi016.stdout:/usr/bin/ceph: stderr
2024-04-05T23:26:16.695+0000 7f7336400700 1 --2- 172.21.15.16:0/2750176451 >> [v2:172.21.15.16:6800/2429779560,v1:172.21.15.16:6801/2429779560] conn(0x7f7314038750 0x7f731403ac10 unknown :-1 s=CLOSED pgs=9 cs=0 l=1 rev1=1 crypto rx=0 tx=0 comp rx=0 tx=0).stop
2024-04-05T23:26:17.056 INFO:teuthology.orchestra.run.smithi016.stdout:/usr/bin/ceph: stderr
2024-04-05T23:26:16.695+0000 7f7336400700 1 --2- 172.21.15.16:0/2750176451 >> [v2:172.21.15.16:3300/0,v1:172.21.15.16:6789/0] conn(0x7f73301066c0 0x7f733007aa30 unknown :-1 s=CLOSED pgs=42 cs=0 l=1 rev1=1 crypto rx=0 tx=0 comp rx=0 tx=0).stop
2024-04-05T23:26:17.056 INFO:teuthology.orchestra.run.smithi016.stdout:/usr/bin/ceph: stderr
2024-04-05T23:26:16.695+0000 7f7336400700 1 -- 172.21.15.16:0/2750176451 >> 172.21.15.16:0/2750176451 conn(0x7f7330101c60 msgr2=0x7f73301028b0 unknown :-1 s=STATE_NONE l=0).mark_down
2024-04-05T23:26:17.056 INFO:teuthology.orchestra.run.smithi016.stdout:/usr/bin/ceph: stderr
2024-04-05T23:26:16.696+0000 7f7336400700 1 -- 172.21.15.16:0/2750176451 shutdown_connections
2024-04-05T23:26:17.056 INFO:teuthology.orchestra.run.smithi016.stdout:/usr/bin/ceph: stderr
2024-04-05T23:26:16.696+0000 7f7336400700 1 -- 172.21.15.16:0/2750176451 wait complete.
2024-04-05T23:26:17.057 INFO:journalctl@ceph.mon.a.smithi016.stdout:Apr 05 23:26:16 smithi016 ceph-mon[38248]: from='client.14134 -' entity='client.admin' cmd=[{"prefix": "cephadm set-user", "user": "root", "target": ["mon-mgr", ""]}]: dispatch
2024-04-05T23:26:17.057 INFO:journalctl@ceph.mon.a.smithi016.stdout:Apr 05 23:26:16 smithi016 ceph-mon[38248]: from='mgr.14120 172.21.15.16:0/686731546' entity='mgr.x'
2024-04-05T23:26:17.057 INFO:journalctl@ceph.mon.a.smithi016.stdout:Apr 05 23:26:16 smithi016 ceph-mon[38248]: from='mgr.14120 172.21.15.16:0/686731546' entity='mgr.x'
2024-04-05T23:26:17.057 INFO:journalctl@ceph.mgr.x.smithi016.stdout:Apr 05 23:26:16 smithi016 ceph-b3471b30-f3a3-11ee-b649-cb9ed24678a4-mgr-x[38500]: Generating public/private rsa key pair.
2024-04-05T23:26:17.057 INFO:journalctl@ceph.mgr.x.smithi016.stdout:Apr 05 23:26:16 smithi016 ceph-b3471b30-f3a3-11ee-b649-cb9ed24678a4-mgr-x[38500]: Your identification has been saved in /tmp/tmpvtjh4cbs/key.
2024-04-05T23:26:17.057 INFO:journalctl@ceph.mgr.x.smithi016.stdout:Apr 05 23:26:16 smithi016 ceph-b3471b30-f3a3-11ee-b649-cb9ed24678a4-mgr-x[38500]: Your public key has been saved in /tmp/tmpvtjh4cbs/key.pub.
2024-04-05T23:26:17.057 INFO:journalctl@ceph.mgr.x.smithi016.stdout:Apr 05 23:26:16 smithi016 ceph-b3471b30-f3a3-11ee-b649-cb9ed24678a4-mgr-x[38500]: The key fingerprint is:
2024-04-05T23:26:17.057 INFO:journalctl@ceph.mgr.x.smithi016.stdout:Apr 05 23:26:16 smithi016 ceph-b3471b30-f3a3-11ee-b649-cb9ed24678a4-mgr-x[38500]: SHA256:onGJaXJB/rQN3CEIDO1WhF2jSyU9ijafJPikaezDxdE ceph-b3471b30-f3a3-11ee-b649-cb9ed24678a4
2024-04-05T23:26:17.057 INFO:journalctl@ceph.mgr.x.smithi016.stdout:Apr 05 23:26:16 smithi016 ceph-b3471b30-f3a3-11ee-b649-cb9ed24678a4-mgr-x[38500]: The key's randomart image is:
2024-04-05T23:26:17.057 INFO:journalctl@ceph.mgr.x.smithi016.stdout:Apr 05 23:26:16 smithi016 ceph-b3471b30-f3a3-11ee-b649-cb9ed24678a4-mgr-x[38500]: +---[RSA 3072]----+
2024-04-05T23:26:17.057 INFO:journalctl@ceph.mgr.x.smithi016.stdout:Apr 05 23:26:16 smithi016 ceph-b3471b30-f3a3-11ee-b649-cb9ed24678a4-mgr-x[38500]: |.+.=++= . |
2024-04-05T23:26:17.058 INFO:journalctl@ceph.mgr.x.smithi016.stdout:Apr 05 23:26:16 smithi016 ceph-b3471b30-f3a3-11ee-b649-cb9ed24678a4-mgr-x[38500]: | +o+=o+ . |
2024-04-05T23:26:17.058 INFO:journalctl@ceph.mgr.x.smithi016.stdout:Apr 05 23:26:16 smithi016 ceph-b3471b30-f3a3-11ee-b649-cb9ed24678a4-mgr-x[38500]: | o o*.+.. |
2024-04-05T23:26:17.058 INFO:journalctl@ceph.mgr.x.smithi016.stdout:Apr 05 23:26:16 smithi016 ceph-b3471b30-f3a3-11ee-b649-cb9ed24678a4-mgr-x[38500]: |. OooE = |
2024-04-05T23:26:17.058 INFO:journalctl@ceph.mgr.x.smithi016.stdout:Apr 05 23:26:16 smithi016 ceph-b3471b30-f3a3-11ee-b649-cb9ed24678a4-mgr-x[38500]: |.Bo=O.* S |
2024-04-05T23:26:17.058 INFO:journalctl@ceph.mgr.x.smithi016.stdout:Apr 05 23:26:16 smithi016 ceph-b3471b30-f3a3-11ee-b649-cb9ed24678a4-mgr-x[38500]: |oo.*o+ . |
2024-04-05T23:26:17.058 INFO:journalctl@ceph.mgr.x.smithi016.stdout:Apr 05 23:26:16 smithi016 ceph-b3471b30-f3a3-11ee-b649-cb9ed24678a4-mgr-x[38500]: |+ . . |
2024-04-05T23:26:17.058 INFO:journalctl@ceph.mgr.x.smithi016.stdout:Apr 05 23:26:16 smithi016 ceph-b3471b30-f3a3-11ee-b649-cb9ed24678a4-mgr-x[38500]: | + |
2024-04-05T23:26:17.058 INFO:journalctl@ceph.mgr.x.smithi016.stdout:Apr 05 23:26:16 smithi016 ceph-b3471b30-f3a3-11ee-b649-cb9ed24678a4-mgr-x[38500]: | . |
2024-04-05T23:26:17.058 INFO:journalctl@ceph.mgr.x.smithi016.stdout:Apr 05 23:26:16 smithi016 ceph-b3471b30-f3a3-11ee-b649-cb9ed24678a4-mgr-x[38500]: +----[SHA256]-----+
2024-04-05T23:26:18.058 INFO:teuthology.orchestra.run.smithi016.stdout:/usr/bin/ceph: stdout ssh-rsa AAAAB3NzaC1yc2EAAAADAQABAAABgQDDBD+3pbLOJbhKPHoBxGja0yX3uIAk9Q0MvND3y4qdMzRrdb3aRvbQfisjNiN9kwZxA858fNYNXW9r9+ZiqbsT7WO4cdRNI97q1SVS75ukiGX4COU35tWQbKDm7r2NqXSWWRc32mWUw803JgzAzx/0baqdhjdkz9W96Hb7Wl9wA+oA7O/KrqyZ8Yo5MdgniKzuPp/l45hEs0OMiobY7hAzNRI9CEV4038Bra+WdGhZ2avTscSZDyPze47KGxy1zCguepU6AjwBNcZ5Q6jmXkrwBFQOuROFuFaXPTShp6SgstrhGxhb+VuYLyLL5Jp+T+7XeD8OCiRMbL3XmWE4BrDxOaAZHiOyXSWJkXyYUF36D9KJFbqXGV5lzqSnD22JmFaEwGKDXuFppOTe7eyImdRCZ6/Mp7/AdqUQ2UjA7N+IWAeSpy6I+Cvou7xNtrwhqZzNgfzQ2e/Mq2/FZEkjFaNVLfzJ38L/zkq1VByOawEkSJMkv2EVelU5LWQa/uCw0eM= ceph-b3471b30-f3a3-11ee-b649-cb9ed24678a4
2024-04-05T23:26:18.059 INFO:teuthology.orchestra.run.smithi016.stdout:/usr/bin/ceph: stderr
2024-04-05T23:26:17.465+0000 7fd43ec00700 1 Processor -- start
2024-04-05T23:26:18.059 INFO:teuthology.orchestra.run.smithi016.stdout:/usr/bin/ceph: stderr
2024-04-05T23:26:17.466+0000 7fd43ec00700 1 -- start start
2024-04-05T23:26:18.059 INFO:teuthology.orchestra.run.smithi016.stdout:/usr/bin/ceph: stderr
2024-04-05T23:26:17.466+0000 7fd43ec00700 1 --2- >> [v2:172.21.15.16:3300/0,v1:172.21.15.16:6789/0] conn(0x7fd4381066d0 0x7fd438106af0 unknown :-1 s=NONE pgs=0 cs=0 l=0 rev1=0 crypto rx=0 tx=0 comp rx=0 tx=0).connect
2024-04-05T23:26:18.059 INFO:teuthology.orchestra.run.smithi016.stdout:/usr/bin/ceph: stderr
2024-04-05T23:26:17.466+0000 7fd43ec00700 1 -- --> [v2:172.21.15.16:3300/0,v1:172.21.15.16:6789/0] -- mon_getmap magic: 0 v1 -- 0x7fd4381070c0 con 0x7fd4381066d0
2024-04-05T23:26:18.059 INFO:teuthology.orchestra.run.smithi016.stdout:/usr/bin/ceph: stderr
2024-04-05T23:26:17.466+0000 7fd437e00700 1 --2- >> [v2:172.21.15.16:3300/0,v1:172.21.15.16:6789/0] conn(0x7fd4381066d0 0x7fd438106af0 unknown :-1 s=BANNER_CONNECTING pgs=0 cs=0 l=0 rev1=0 crypto rx=0 tx=0 comp rx=0 tx=0)._handle_peer_banner_payload supported=3 required=0
2024-04-05T23:26:18.059 INFO:teuthology.orchestra.run.smithi016.stdout:/usr/bin/ceph: stderr
2024-04-05T23:26:17.467+0000 7fd437e00700 1 --2- >> [v2:172.21.15.16:3300/0,v1:172.21.15.16:6789/0] conn(0x7fd4381066d0 0x7fd438106af0 unknown :-1 s=HELLO_CONNECTING pgs=0 cs=0 l=0 rev1=1 crypto rx=0 tx=0 comp rx=0 tx=0).handle_hello peer v2:172.21.15.16:3300/0 says I am v2:172.21.15.16:38832/0 (socket says 172.21.15.16:38832)
2024-04-05T23:26:18.059 INFO:teuthology.orchestra.run.smithi016.stdout:/usr/bin/ceph: stderr
2024-04-05T23:26:17.467+0000 7fd437e00700 1 -- 172.21.15.16:0/2814956765 learned_addr learned my addr 172.21.15.16:0/2814956765 (peer_addr_for_me v2:172.21.15.16:0/0)
2024-04-05T23:26:18.059 INFO:teuthology.orchestra.run.smithi016.stdout:/usr/bin/ceph: stderr
2024-04-05T23:26:17.467+0000 7fd437e00700 1 -- 172.21.15.16:0/2814956765 --> [v2:172.21.15.16:3300/0,v1:172.21.15.16:6789/0] -- mon_subscribe({config=0+,monmap=0+}) v3 -- 0x7fd4381078d0 con 0x7fd4381066d0
2024-04-05T23:26:18.059 INFO:teuthology.orchestra.run.smithi016.stdout:/usr/bin/ceph: stderr
2024-04-05T23:26:17.467+0000 7fd437e00700 1 --2- 172.21.15.16:0/2814956765 >> [v2:172.21.15.16:3300/0,v1:172.21.15.16:6789/0] conn(0x7fd4381066d0 0x7fd438106af0 secure :-1 s=READY pgs=43 cs=0 l=1 rev1=1 crypto rx=0x7fd4280098a0 tx=0x7fd428009bb0 comp rx=0 tx=0).ready entity=mon.0 client_cookie=5d19b54111304f88 server_cookie=0 in_seq=0 out_seq=0
2024-04-05T23:26:18.059 INFO:teuthology.orchestra.run.smithi016.stdout:/usr/bin/ceph: stderr
2024-04-05T23:26:17.467+0000 7fd436a00700 1 -- 172.21.15.16:0/2814956765 <== mon.0 v2:172.21.15.16:3300/0 1 ==== mon_map magic: 0 v1 ==== 205+0+0 (secure 0 0 0) 0x7fd428004160 con 0x7fd4381066d0
2024-04-05T23:26:18.059 INFO:teuthology.orchestra.run.smithi016.stdout:/usr/bin/ceph: stderr
2024-04-05T23:26:17.467+0000 7fd436a00700 1 -- 172.21.15.16:0/2814956765 <== mon.0 v2:172.21.15.16:3300/0 2 ==== config(26 keys) v1 ==== 1074+0+0 (secure 0 0 0) 0x7fd4280042c0 con 0x7fd4381066d0
2024-04-05T23:26:18.059 INFO:teuthology.orchestra.run.smithi016.stdout:/usr/bin/ceph: stderr
2024-04-05T23:26:17.467+0000 7fd436a00700 1 -- 172.21.15.16:0/2814956765 <== mon.0 v2:172.21.15.16:3300/0 3 ==== mon_map magic: 0 v1 ==== 205+0+0 (secure 0 0 0) 0x7fd428011a00 con 0x7fd4381066d0
2024-04-05T23:26:18.059 INFO:teuthology.orchestra.run.smithi016.stdout:/usr/bin/ceph: stderr
2024-04-05T23:26:17.468+0000 7fd43ec00700 1 -- 172.21.15.16:0/2814956765 >> [v2:172.21.15.16:3300/0,v1:172.21.15.16:6789/0] conn(0x7fd4381066d0 msgr2=0x7fd438106af0 secure :-1 s=STATE_CONNECTION_ESTABLISHED l=1).mark_down
2024-04-05T23:26:18.060 INFO:teuthology.orchestra.run.smithi016.stdout:/usr/bin/ceph: stderr
2024-04-05T23:26:17.468+0000 7fd43ec00700 1 --2- 172.21.15.16:0/2814956765 >> [v2:172.21.15.16:3300/0,v1:172.21.15.16:6789/0] conn(0x7fd4381066d0 0x7fd438106af0 secure :-1 s=READY pgs=43 cs=0 l=1 rev1=1 crypto rx=0x7fd4280098a0 tx=0x7fd428009bb0 comp rx=0 tx=0).stop
2024-04-05T23:26:18.060 INFO:teuthology.orchestra.run.smithi016.stdout:/usr/bin/ceph: stderr
2024-04-05T23:26:17.468+0000 7fd43ec00700 1 -- 172.21.15.16:0/2814956765 shutdown_connections
2024-04-05T23:26:18.063 INFO:teuthology.orchestra.run.smithi016.stdout:/usr/bin/ceph: stderr
2024-04-05T23:26:17.468+0000 7fd43ec00700 1 --2- 172.21.15.16:0/2814956765 >> [v2:172.21.15.16:3300/0,v1:172.21.15.16:6789/0] conn(0x7fd4381066d0 0x7fd438106af0 unknown :-1 s=CLOSED pgs=43 cs=0 l=1 rev1=1 crypto rx=0 tx=0 comp rx=0 tx=0).stop
2024-04-05T23:26:18.063 INFO:teuthology.orchestra.run.smithi016.stdout:/usr/bin/ceph: stderr
2024-04-05T23:26:17.468+0000 7fd43ec00700 1 -- 172.21.15.16:0/2814956765 >> 172.21.15.16:0/2814956765 conn(0x7fd438101cd0 msgr2=0x7fd4381040f0 unknown :-1 s=STATE_NONE l=0).mark_down
2024-04-05T23:26:18.064 INFO:teuthology.orchestra.run.smithi016.stdout:/usr/bin/ceph: stderr
2024-04-05T23:26:17.468+0000 7fd43ec00700 1 -- 172.21.15.16:0/2814956765 shutdown_connections
2024-04-05T23:26:18.064 INFO:teuthology.orchestra.run.smithi016.stdout:/usr/bin/ceph: stderr
2024-04-05T23:26:17.468+0000 7fd43ec00700 1 -- 172.21.15.16:0/2814956765 wait complete.
2024-04-05T23:26:18.064 INFO:teuthology.orchestra.run.smithi016.stdout:/usr/bin/ceph: stderr
2024-04-05T23:26:17.469+0000 7fd43ec00700 1 Processor -- start
2024-04-05T23:26:18.064 INFO:teuthology.orchestra.run.smithi016.stdout:/usr/bin/ceph: stderr
2024-04-05T23:26:17.469+0000 7fd43ec00700 1 -- start start
2024-04-05T23:26:18.064 INFO:teuthology.orchestra.run.smithi016.stdout:/usr/bin/ceph: stderr
2024-04-05T23:26:17.470+0000 7fd43ec00700 1 --2- >> [v2:172.21.15.16:3300/0,v1:172.21.15.16:6789/0] conn(0x7fd4381066d0 0x7fd43819c640 unknown :-1 s=NONE pgs=0 cs=0 l=1 rev1=0 crypto rx=0 tx=0 comp rx=0 tx=0).connect
2024-04-05T23:26:18.064 INFO:teuthology.orchestra.run.smithi016.stdout:/usr/bin/ceph: stderr
2024-04-05T23:26:17.470+0000 7fd43ec00700 1 -- --> [v2:172.21.15.16:3300/0,v1:172.21.15.16:6789/0] -- mon_getmap magic: 0 v1 -- 0x7fd43819cb80 con 0x7fd4381066d0
2024-04-05T23:26:18.064 INFO:teuthology.orchestra.run.smithi016.stdout:/usr/bin/ceph: stderr
2024-04-05T23:26:17.470+0000 7fd437e00700 1 --2- >> [v2:172.21.15.16:3300/0,v1:172.21.15.16:6789/0] conn(0x7fd4381066d0 0x7fd43819c640 unknown :-1 s=BANNER_CONNECTING pgs=0 cs=0 l=1 rev1=0 crypto rx=0 tx=0 comp rx=0 tx=0)._handle_peer_banner_payload supported=3 required=0
2024-04-05T23:26:18.064 INFO:teuthology.orchestra.run.smithi016.stdout:/usr/bin/ceph: stderr
2024-04-05T23:26:17.470+0000 7fd437e00700 1 --2- >> [v2:172.21.15.16:3300/0,v1:172.21.15.16:6789/0] conn(0x7fd4381066d0 0x7fd43819c640 unknown :-1 s=HELLO_CONNECTING pgs=0 cs=0 l=1 rev1=1 crypto rx=0 tx=0 comp rx=0 tx=0).handle_hello peer v2:172.21.15.16:3300/0 says I am v2:172.21.15.16:38846/0 (socket says 172.21.15.16:38846)
2024-04-05T23:26:18.064 INFO:teuthology.orchestra.run.smithi016.stdout:/usr/bin/ceph: stderr
2024-04-05T23:26:17.470+0000 7fd437e00700 1 -- 172.21.15.16:0/1871967492 learned_addr learned my addr 172.21.15.16:0/1871967492 (peer_addr_for_me v2:172.21.15.16:0/0)
2024-04-05T23:26:18.064 INFO:teuthology.orchestra.run.smithi016.stdout:/usr/bin/ceph: stderr
2024-04-05T23:26:17.470+0000 7fd437e00700 1 -- 172.21.15.16:0/1871967492 --> [v2:172.21.15.16:3300/0,v1:172.21.15.16:6789/0] -- mon_subscribe({config=0+,monmap=0+}) v3 -- 0x7fd428009550 con 0x7fd4381066d0
2024-04-05T23:26:18.064 INFO:teuthology.orchestra.run.smithi016.stdout:/usr/bin/ceph: stderr
2024-04-05T23:26:17.470+0000 7fd437e00700 1 --2- 172.21.15.16:0/1871967492 >> [v2:172.21.15.16:3300/0,v1:172.21.15.16:6789/0] conn(0x7fd4381066d0 0x7fd43819c640 secure :-1 s=READY pgs=44 cs=0 l=1 rev1=1 crypto rx=0x7fd428009130 tx=0x7fd428011ad0 comp rx=0 tx=0).ready entity=mon.0 client_cookie=0 server_cookie=0 in_seq=0 out_seq=0
2024-04-05T23:26:18.064 INFO:teuthology.orchestra.run.smithi016.stdout:/usr/bin/ceph: stderr
2024-04-05T23:26:17.471+0000 7fd434c00700 1 -- 172.21.15.16:0/1871967492 <== mon.0 v2:172.21.15.16:3300/0 1 ==== mon_map magic: 0 v1 ==== 205+0+0 (secure 0 0 0) 0x7fd428003ab0 con 0x7fd4381066d0
2024-04-05T23:26:18.064 INFO:teuthology.orchestra.run.smithi016.stdout:/usr/bin/ceph: stderr
2024-04-05T23:26:17.471+0000 7fd434c00700 1 -- 172.21.15.16:0/1871967492 <== mon.0 v2:172.21.15.16:3300/0 2 ==== config(26 keys) v1 ==== 1074+0+0 (secure 0 0 0) 0x7fd428003c10 con 0x7fd4381066d0
2024-04-05T23:26:18.064 INFO:teuthology.orchestra.run.smithi016.stdout:/usr/bin/ceph: stderr
2024-04-05T23:26:17.471+0000 7fd434c00700 1 -- 172.21.15.16:0/1871967492 <== mon.0 v2:172.21.15.16:3300/0 3 ==== mon_map magic: 0 v1 ==== 205+0+0 (secure 0 0 0) 0x7fd4280247d0 con 0x7fd4381066d0
2024-04-05T23:26:18.064 INFO:teuthology.orchestra.run.smithi016.stdout:/usr/bin/ceph: stderr
2024-04-05T23:26:17.471+0000 7fd43ec00700 1 -- 172.21.15.16:0/1871967492 --> [v2:172.21.15.16:3300/0,v1:172.21.15.16:6789/0] -- mon_subscribe({mgrmap=0+}) v3 -- 0x7fd43819cd80 con 0x7fd4381066d0
2024-04-05T23:26:18.065 INFO:teuthology.orchestra.run.smithi016.stdout:/usr/bin/ceph: stderr
2024-04-05T23:26:17.471+0000 7fd43ec00700 1 -- 172.21.15.16:0/1871967492 --> [v2:172.21.15.16:3300/0,v1:172.21.15.16:6789/0] -- mon_subscribe({osdmap=0}) v3 -- 0x7fd43819d220 con 0x7fd4381066d0
2024-04-05T23:26:18.065 INFO:teuthology.orchestra.run.smithi016.stdout:/usr/bin/ceph: stderr
2024-04-05T23:26:17.472+0000 7fd434c00700 1 -- 172.21.15.16:0/1871967492 <== mon.0 v2:172.21.15.16:3300/0 4 ==== mgrmap(e 8) v1 ==== 45541+0+0 (secure 0 0 0) 0x7fd42801abb0 con 0x7fd4381066d0
2024-04-05T23:26:18.065 INFO:teuthology.orchestra.run.smithi016.stdout:/usr/bin/ceph: stderr
2024-04-05T23:26:17.472+0000 7fd43ec00700 1 -- 172.21.15.16:0/1871967492 --> [v2:172.21.15.16:3300/0,v1:172.21.15.16:6789/0] -- mon_command({"prefix": "get_command_descriptions"} v 0) v1 -- 0x7fd43810ab00 con 0x7fd4381066d0
2024-04-05T23:26:18.065 INFO:teuthology.orchestra.run.smithi016.stdout:/usr/bin/ceph: stderr
2024-04-05T23:26:17.472+0000 7fd434c00700 1 --2- 172.21.15.16:0/1871967492 >> [v2:172.21.15.16:6800/2429779560,v1:172.21.15.16:6801/2429779560] conn(0x7fd41c038750 0x7fd41c03ac10 unknown :-1 s=NONE pgs=0 cs=0 l=1 rev1=0 crypto rx=0 tx=0 comp rx=0 tx=0).connect
2024-04-05T23:26:18.065 INFO:teuthology.orchestra.run.smithi016.stdout:/usr/bin/ceph: stderr
2024-04-05T23:26:17.472+0000 7fd434c00700 1 -- 172.21.15.16:0/1871967492 <== mon.0 v2:172.21.15.16:3300/0 5 ==== osd_map(2..2 src has 1..2) v4 ==== 940+0+0 (secure 0 0 0) 0x7fd42804c790 con 0x7fd4381066d0
2024-04-05T23:26:18.065 INFO:teuthology.orchestra.run.smithi016.stdout:/usr/bin/ceph: stderr
2024-04-05T23:26:17.473+0000 7fd437400700 1 --2- 172.21.15.16:0/1871967492 >> [v2:172.21.15.16:6800/2429779560,v1:172.21.15.16:6801/2429779560] conn(0x7fd41c038750 0x7fd41c03ac10 unknown :-1 s=BANNER_CONNECTING pgs=0 cs=0 l=1 rev1=0 crypto rx=0 tx=0 comp rx=0 tx=0)._handle_peer_banner_payload supported=3 required=0
2024-04-05T23:26:18.065 INFO:teuthology.orchestra.run.smithi016.stdout:/usr/bin/ceph: stderr
2024-04-05T23:26:17.473+0000 7fd437400700 1 --2- 172.21.15.16:0/1871967492 >> [v2:172.21.15.16:6800/2429779560,v1:172.21.15.16:6801/2429779560] conn(0x7fd41c038750 0x7fd41c03ac10 secure :-1 s=READY pgs=10 cs=0 l=1 rev1=1 crypto rx=0x7fd424006fd0 tx=0x7fd424006e40 comp rx=0 tx=0).ready entity=mgr.14120 client_cookie=0 server_cookie=0 in_seq=0 out_seq=0
2024-04-05T23:26:18.065 INFO:teuthology.orchestra.run.smithi016.stdout:/usr/bin/ceph: stderr
2024-04-05T23:26:17.478+0000 7fd434c00700 1 -- 172.21.15.16:0/1871967492 <== mon.0 v2:172.21.15.16:3300/0 6 ==== mon_command_ack([{"prefix": "get_command_descriptions"}]=0 v0) v1 ==== 72+0+182936 (secure 0 0 0) 0x7fd428018530 con 0x7fd4381066d0
2024-04-05T23:26:18.065 INFO:teuthology.orchestra.run.smithi016.stdout:/usr/bin/ceph: stderr
2024-04-05T23:26:17.693+0000 7fd43ec00700 1 -- 172.21.15.16:0/1871967492 --> [v2:172.21.15.16:6800/2429779560,v1:172.21.15.16:6801/2429779560] -- mgr_command(tid 0: {"prefix": "cephadm get-pub-key", "target": ["mon-mgr", ""]}) v1 -- 0x7fd438102f30 con 0x7fd41c038750
2024-04-05T23:26:18.065 INFO:teuthology.orchestra.run.smithi016.stdout:/usr/bin/ceph: stderr
2024-04-05T23:26:17.694+0000 7fd434c00700 1 -- 172.21.15.16:0/1871967492 <== mgr.14120 v2:172.21.15.16:6800/2429779560 1 ==== mgr_command_reply(tid 0: 0 ) v1 ==== 8+0+595 (secure 0 0 0) 0x7fd438102f30 con 0x7fd41c038750
2024-04-05T23:26:18.065 INFO:teuthology.orchestra.run.smithi016.stdout:/usr/bin/ceph: stderr
2024-04-05T23:26:17.696+0000 7fd43ec00700 1 -- 172.21.15.16:0/1871967492 >> [v2:172.21.15.16:6800/2429779560,v1:172.21.15.16:6801/2429779560] conn(0x7fd41c038750 msgr2=0x7fd41c03ac10 secure :-1 s=STATE_CONNECTION_ESTABLISHED l=1).mark_down
2024-04-05T23:26:18.065 INFO:teuthology.orchestra.run.smithi016.stdout:/usr/bin/ceph: stderr
2024-04-05T23:26:17.696+0000 7fd43ec00700 1 --2- 172.21.15.16:0/1871967492 >> [v2:172.21.15.16:6800/2429779560,v1:172.21.15.16:6801/2429779560] conn(0x7fd41c038750 0x7fd41c03ac10 secure :-1 s=READY pgs=10 cs=0 l=1 rev1=1 crypto rx=0x7fd424006fd0 tx=0x7fd424006e40 comp rx=0 tx=0).stop
2024-04-05T23:26:18.065 INFO:teuthology.orchestra.run.smithi016.stdout:/usr/bin/ceph: stderr
2024-04-05T23:26:17.696+0000 7fd43ec00700 1 -- 172.21.15.16:0/1871967492 >> [v2:172.21.15.16:3300/0,v1:172.21.15.16:6789/0] conn(0x7fd4381066d0 msgr2=0x7fd43819c640 secure :-1 s=STATE_CONNECTION_ESTABLISHED l=1).mark_down
2024-04-05T23:26:18.065 INFO:teuthology.orchestra.run.smithi016.stdout:/usr/bin/ceph: stderr
2024-04-05T23:26:17.696+0000 7fd43ec00700 1 --2- 172.21.15.16:0/1871967492 >> [v2:172.21.15.16:3300/0,v1:172.21.15.16:6789/0] conn(0x7fd4381066d0 0x7fd43819c640 secure :-1 s=READY pgs=44 cs=0 l=1 rev1=1 crypto rx=0x7fd428009130 tx=0x7fd428011ad0 comp rx=0 tx=0).stop
2024-04-05T23:26:18.065 INFO:teuthology.orchestra.run.smithi016.stdout:/usr/bin/ceph: stderr
2024-04-05T23:26:17.696+0000 7fd43ec00700 1 -- 172.21.15.16:0/1871967492 shutdown_connections
2024-04-05T23:26:18.065 INFO:teuthology.orchestra.run.smithi016.stdout:/usr/bin/ceph: stderr
2024-04-05T23:26:17.696+0000 7fd43ec00700 1 --2- 172.21.15.16:0/1871967492 >> [v2:172.21.15.16:6800/2429779560,v1:172.21.15.16:6801/2429779560] conn(0x7fd41c038750 0x7fd41c03ac10 unknown :-1 s=CLOSED pgs=10 cs=0 l=1 rev1=1 crypto rx=0 tx=0 comp rx=0 tx=0).stop
2024-04-05T23:26:18.066 INFO:teuthology.orchestra.run.smithi016.stdout:/usr/bin/ceph: stderr
2024-04-05T23:26:17.696+0000 7fd43ec00700 1 --2- 172.21.15.16:0/1871967492 >> [v2:172.21.15.16:3300/0,v1:172.21.15.16:6789/0] conn(0x7fd4381066d0 0x7fd43819c640 unknown :-1 s=CLOSED pgs=44 cs=0 l=1 rev1=1 crypto rx=0 tx=0 comp rx=0 tx=0).stop
2024-04-05T23:26:18.066 INFO:teuthology.orchestra.run.smithi016.stdout:/usr/bin/ceph: stderr
2024-04-05T23:26:17.696+0000 7fd43ec00700 1 -- 172.21.15.16:0/1871967492 >> 172.21.15.16:0/1871967492 conn(0x7fd438101cd0 msgr2=0x7fd438102820 unknown :-1 s=STATE_NONE l=0).mark_down
2024-04-05T23:26:18.066 INFO:teuthology.orchestra.run.smithi016.stdout:/usr/bin/ceph: stderr
2024-04-05T23:26:17.696+0000 7fd43ec00700 1 -- 172.21.15.16:0/1871967492 shutdown_connections
2024-04-05T23:26:18.066 INFO:teuthology.orchestra.run.smithi016.stdout:/usr/bin/ceph: stderr
2024-04-05T23:26:17.696+0000 7fd43ec00700 1 -- 172.21.15.16:0/1871967492 wait complete.
2024-04-05T23:26:18.066 INFO:teuthology.orchestra.run.smithi016.stdout:Wrote public SSH key to /home/ubuntu/cephtest/ceph.pub
2024-04-05T23:26:18.066 INFO:teuthology.orchestra.run.smithi016.stdout:Adding key to root@localhost authorized_keys...
2024-04-05T23:26:18.067 INFO:journalctl@ceph.mon.a.smithi016.stdout:Apr 05 23:26:17 smithi016 ceph-mon[38248]: from='client.14136 -' entity='client.admin' cmd=[{"prefix": "cephadm generate-key", "target": ["mon-mgr", ""]}]: dispatch
2024-04-05T23:26:18.067 INFO:journalctl@ceph.mon.a.smithi016.stdout:Apr 05 23:26:17 smithi016 ceph-mon[38248]: Generating ssh key...
2024-04-05T23:26:18.067 INFO:teuthology.orchestra.run.smithi016.stdout:Adding host smithi016...
2024-04-05T23:26:19.062 INFO:journalctl@ceph.mon.a.smithi016.stdout:Apr 05 23:26:18 smithi016 ceph-mon[38248]: from='client.14138 -' entity='client.admin' cmd=[{"prefix": "cephadm get-pub-key", "target": ["mon-mgr", ""]}]: dispatch
2024-04-05T23:26:19.945 INFO:journalctl@ceph.mon.a.smithi016.stdout:Apr 05 23:26:19 smithi016 ceph-mon[38248]: from='client.14140 -' entity='client.admin' cmd=[{"prefix": "orch host add", "hostname": "smithi016", "addr": "172.21.15.16", "target": ["mon-mgr", ""]}]: dispatch
2024-04-05T23:26:20.987 INFO:journalctl@ceph.mon.a.smithi016.stdout:Apr 05 23:26:20 smithi016 ceph-mon[38248]: Deploying cephadm binary to smithi016
2024-04-05T23:26:22.044 INFO:teuthology.orchestra.run.smithi016.stdout:/usr/bin/ceph: stdout Added host 'smithi016' with addr '172.21.15.16'
2024-04-05T23:26:22.044 INFO:teuthology.orchestra.run.smithi016.stdout:/usr/bin/ceph: stderr
2024-04-05T23:26:18.451+0000 7f45d2000700 1 Processor -- start
2024-04-05T23:26:22.044 INFO:teuthology.orchestra.run.smithi016.stdout:/usr/bin/ceph: stderr
2024-04-05T23:26:18.452+0000 7f45d2000700 1 -- start start
2024-04-05T23:26:22.044 INFO:teuthology.orchestra.run.smithi016.stdout:/usr/bin/ceph: stderr
2024-04-05T23:26:18.452+0000 7f45d2000700 1 --2- >> [v2:172.21.15.16:3300/0,v1:172.21.15.16:6789/0] conn(0x7f45cc1066c0 0x7f45cc106ae0 unknown :-1 s=NONE pgs=0 cs=0 l=0 rev1=0 crypto rx=0 tx=0 comp rx=0 tx=0).connect
2024-04-05T23:26:22.044 INFO:teuthology.orchestra.run.smithi016.stdout:/usr/bin/ceph: stderr
2024-04-05T23:26:18.452+0000 7f45d2000700 1 -- --> [v2:172.21.15.16:3300/0,v1:172.21.15.16:6789/0] -- mon_getmap magic: 0 v1 -- 0x7f45cc1070b0 con 0x7f45cc1066c0
2024-04-05T23:26:22.044 INFO:teuthology.orchestra.run.smithi016.stdout:/usr/bin/ceph: stderr
2024-04-05T23:26:18.452+0000 7f45cb400700 1 --2- >> [v2:172.21.15.16:3300/0,v1:172.21.15.16:6789/0] conn(0x7f45cc1066c0 0x7f45cc106ae0 unknown :-1 s=BANNER_CONNECTING pgs=0 cs=0 l=0 rev1=0 crypto rx=0 tx=0 comp rx=0 tx=0)._handle_peer_banner_payload supported=3 required=0
2024-04-05T23:26:22.044 INFO:teuthology.orchestra.run.smithi016.stdout:/usr/bin/ceph: stderr
2024-04-05T23:26:18.452+0000 7f45cb400700 1 --2- >> [v2:172.21.15.16:3300/0,v1:172.21.15.16:6789/0] conn(0x7f45cc1066c0 0x7f45cc106ae0 unknown :-1 s=HELLO_CONNECTING pgs=0 cs=0 l=0 rev1=1 crypto rx=0 tx=0 comp rx=0 tx=0).handle_hello peer v2:172.21.15.16:3300/0 says I am v2:172.21.15.16:38862/0 (socket says 172.21.15.16:38862)
2024-04-05T23:26:22.045 INFO:teuthology.orchestra.run.smithi016.stdout:/usr/bin/ceph: stderr
2024-04-05T23:26:18.452+0000 7f45cb400700 1 -- 172.21.15.16:0/1231301092 learned_addr learned my addr 172.21.15.16:0/1231301092 (peer_addr_for_me v2:172.21.15.16:0/0)
2024-04-05T23:26:22.045 INFO:teuthology.orchestra.run.smithi016.stdout:/usr/bin/ceph: stderr
2024-04-05T23:26:18.453+0000 7f45cb400700 1 -- 172.21.15.16:0/1231301092 --> [v2:172.21.15.16:3300/0,v1:172.21.15.16:6789/0] -- mon_subscribe({config=0+,monmap=0+}) v3 -- 0x7f45cc1078c0 con 0x7f45cc1066c0
2024-04-05T23:26:22.045 INFO:teuthology.orchestra.run.smithi016.stdout:/usr/bin/ceph: stderr
2024-04-05T23:26:18.453+0000 7f45cb400700 1 --2- 172.21.15.16:0/1231301092 >> [v2:172.21.15.16:3300/0,v1:172.21.15.16:6789/0] conn(0x7f45cc1066c0 0x7f45cc106ae0 secure :-1 s=READY pgs=45 cs=0 l=1 rev1=1 crypto rx=0x7f45bc0098a0 tx=0x7f45bc009bb0 comp rx=0 tx=0).ready entity=mon.0 client_cookie=5ea05b0b68f29b7c server_cookie=0 in_seq=0 out_seq=0
2024-04-05T23:26:22.045 INFO:teuthology.orchestra.run.smithi016.stdout:/usr/bin/ceph: stderr
2024-04-05T23:26:18.453+0000 7f45caa00700 1 -- 172.21.15.16:0/1231301092 <== mon.0 v2:172.21.15.16:3300/0 1 ==== mon_map magic: 0 v1 ==== 205+0+0 (secure 0 0 0) 0x7f45bc004160 con 0x7f45cc1066c0
2024-04-05T23:26:22.045 INFO:teuthology.orchestra.run.smithi016.stdout:/usr/bin/ceph: stderr
2024-04-05T23:26:18.453+0000 7f45caa00700 1 -- 172.21.15.16:0/1231301092 <== mon.0 v2:172.21.15.16:3300/0 2 ==== config(26 keys) v1 ==== 1074+0+0 (secure 0 0 0) 0x7f45bc0042c0 con 0x7f45cc1066c0
2024-04-05T23:26:22.045 INFO:teuthology.orchestra.run.smithi016.stdout:/usr/bin/ceph: stderr
2024-04-05T23:26:18.453+0000 7f45caa00700 1 -- 172.21.15.16:0/1231301092 <== mon.0 v2:172.21.15.16:3300/0 3 ==== mon_map magic: 0 v1 ==== 205+0+0 (secure 0 0 0) 0x7f45bc011a00 con 0x7f45cc1066c0
2024-04-05T23:26:22.045 INFO:teuthology.orchestra.run.smithi016.stdout:/usr/bin/ceph: stderr
2024-04-05T23:26:18.454+0000 7f45d2000700 1 -- 172.21.15.16:0/1231301092 >> [v2:172.21.15.16:3300/0,v1:172.21.15.16:6789/0] conn(0x7f45cc1066c0 msgr2=0x7f45cc106ae0 secure :-1 s=STATE_CONNECTION_ESTABLISHED l=1).mark_down
2024-04-05T23:26:22.045 INFO:teuthology.orchestra.run.smithi016.stdout:/usr/bin/ceph: stderr
2024-04-05T23:26:18.454+0000 7f45d2000700 1 --2- 172.21.15.16:0/1231301092 >> [v2:172.21.15.16:3300/0,v1:172.21.15.16:6789/0] conn(0x7f45cc1066c0 0x7f45cc106ae0 secure :-1 s=READY pgs=45 cs=0 l=1 rev1=1 crypto rx=0x7f45bc0098a0 tx=0x7f45bc009bb0 comp rx=0 tx=0).stop
2024-04-05T23:26:22.045 INFO:teuthology.orchestra.run.smithi016.stdout:/usr/bin/ceph: stderr
2024-04-05T23:26:18.454+0000 7f45d2000700 1 -- 172.21.15.16:0/1231301092 shutdown_connections
2024-04-05T23:26:22.045 INFO:teuthology.orchestra.run.smithi016.stdout:/usr/bin/ceph: stderr
2024-04-05T23:26:18.454+0000 7f45d2000700 1 --2- 172.21.15.16:0/1231301092 >> [v2:172.21.15.16:3300/0,v1:172.21.15.16:6789/0] conn(0x7f45cc1066c0 0x7f45cc106ae0 unknown :-1 s=CLOSED pgs=45 cs=0 l=1 rev1=1 crypto rx=0 tx=0 comp rx=0 tx=0).stop
2024-04-05T23:26:22.045 INFO:teuthology.orchestra.run.smithi016.stdout:/usr/bin/ceph: stderr
2024-04-05T23:26:18.454+0000 7f45d2000700 1 -- 172.21.15.16:0/1231301092 >> 172.21.15.16:0/1231301092 conn(0x7f45cc101c60 msgr2=0x7f45cc1040a0 unknown :-1 s=STATE_NONE l=0).mark_down
2024-04-05T23:26:22.045 INFO:teuthology.orchestra.run.smithi016.stdout:/usr/bin/ceph: stderr
2024-04-05T23:26:18.454+0000 7f45d2000700 1 -- 172.21.15.16:0/1231301092 shutdown_connections
2024-04-05T23:26:22.045 INFO:teuthology.orchestra.run.smithi016.stdout:/usr/bin/ceph: stderr
2024-04-05T23:26:18.454+0000 7f45d2000700 1 -- 172.21.15.16:0/1231301092 wait complete.
2024-04-05T23:26:22.045 INFO:teuthology.orchestra.run.smithi016.stdout:/usr/bin/ceph: stderr
2024-04-05T23:26:18.455+0000 7f45d2000700 1 Processor -- start
2024-04-05T23:26:22.046 INFO:teuthology.orchestra.run.smithi016.stdout:/usr/bin/ceph: stderr
2024-04-05T23:26:18.455+0000 7f45d2000700 1 -- start start
2024-04-05T23:26:22.046 INFO:teuthology.orchestra.run.smithi016.stdout:/usr/bin/ceph: stderr
2024-04-05T23:26:18.455+0000 7f45d2000700 1 --2- >> [v2:172.21.15.16:3300/0,v1:172.21.15.16:6789/0] conn(0x7f45cc1066c0 0x7f45cc19c660 unknown :-1 s=NONE pgs=0 cs=0 l=1 rev1=0 crypto rx=0 tx=0 comp rx=0 tx=0).connect
2024-04-05T23:26:22.046 INFO:teuthology.orchestra.run.smithi016.stdout:/usr/bin/ceph: stderr
2024-04-05T23:26:18.455+0000 7f45d2000700 1 -- --> [v2:172.21.15.16:3300/0,v1:172.21.15.16:6789/0] -- mon_getmap magic: 0 v1 -- 0x7f45cc19cba0 con 0x7f45cc1066c0
2024-04-05T23:26:22.046 INFO:teuthology.orchestra.run.smithi016.stdout:/usr/bin/ceph: stderr
2024-04-05T23:26:18.456+0000 7f45cb400700 1 --2- >> [v2:172.21.15.16:3300/0,v1:172.21.15.16:6789/0] conn(0x7f45cc1066c0 0x7f45cc19c660 unknown :-1 s=BANNER_CONNECTING pgs=0 cs=0 l=1 rev1=0 crypto rx=0 tx=0 comp rx=0 tx=0)._handle_peer_banner_payload supported=3 required=0
2024-04-05T23:26:22.046 INFO:teuthology.orchestra.run.smithi016.stdout:/usr/bin/ceph: stderr
2024-04-05T23:26:18.456+0000 7f45cb400700 1 --2- >> [v2:172.21.15.16:3300/0,v1:172.21.15.16:6789/0] conn(0x7f45cc1066c0 0x7f45cc19c660 unknown :-1 s=HELLO_CONNECTING pgs=0 cs=0 l=1 rev1=1 crypto rx=0 tx=0 comp rx=0 tx=0).handle_hello peer v2:172.21.15.16:3300/0 says I am v2:172.21.15.16:38872/0 (socket says 172.21.15.16:38872)
2024-04-05T23:26:22.046 INFO:teuthology.orchestra.run.smithi016.stdout:/usr/bin/ceph: stderr
2024-04-05T23:26:18.456+0000 7f45cb400700 1 -- 172.21.15.16:0/2751899654 learned_addr learned my addr 172.21.15.16:0/2751899654 (peer_addr_for_me v2:172.21.15.16:0/0)
2024-04-05T23:26:22.046 INFO:teuthology.orchestra.run.smithi016.stdout:/usr/bin/ceph: stderr
2024-04-05T23:26:18.456+0000 7f45cb400700 1 -- 172.21.15.16:0/2751899654 --> [v2:172.21.15.16:3300/0,v1:172.21.15.16:6789/0] -- mon_subscribe({config=0+,monmap=0+}) v3 -- 0x7f45bc009550 con 0x7f45cc1066c0
2024-04-05T23:26:22.046 INFO:teuthology.orchestra.run.smithi016.stdout:/usr/bin/ceph: stderr
2024-04-05T23:26:18.456+0000 7f45cb400700 1 --2- 172.21.15.16:0/2751899654 >> [v2:172.21.15.16:3300/0,v1:172.21.15.16:6789/0] conn(0x7f45cc1066c0 0x7f45cc19c660 secure :-1 s=READY pgs=46 cs=0 l=1 rev1=1 crypto rx=0x7f45bc009fb0 tx=0x7f45bc011ad0 comp rx=0 tx=0).ready entity=mon.0 client_cookie=0 server_cookie=0 in_seq=0 out_seq=0
2024-04-05T23:26:22.046 INFO:teuthology.orchestra.run.smithi016.stdout:/usr/bin/ceph: stderr
2024-04-05T23:26:18.456+0000 7f45c8c00700 1 -- 172.21.15.16:0/2751899654 <== mon.0 v2:172.21.15.16:3300/0 1 ==== mon_map magic: 0 v1 ==== 205+0+0 (secure 0 0 0) 0x7f45bc003a40 con 0x7f45cc1066c0
2024-04-05T23:26:22.046 INFO:teuthology.orchestra.run.smithi016.stdout:/usr/bin/ceph: stderr
2024-04-05T23:26:18.456+0000 7f45c8c00700 1 -- 172.21.15.16:0/2751899654 <== mon.0 v2:172.21.15.16:3300/0 2 ==== config(26 keys) v1 ==== 1074+0+0 (secure 0 0 0) 0x7f45bc003ba0 con 0x7f45cc1066c0
2024-04-05T23:26:22.046 INFO:teuthology.orchestra.run.smithi016.stdout:/usr/bin/ceph: stderr
2024-04-05T23:26:18.457+0000 7f45c8c00700 1 -- 172.21.15.16:0/2751899654 <== mon.0 v2:172.21.15.16:3300/0 3 ==== mon_map magic: 0 v1 ==== 205+0+0 (secure 0 0 0) 0x7f45bc01a750 con 0x7f45cc1066c0
2024-04-05T23:26:22.046 INFO:teuthology.orchestra.run.smithi016.stdout:/usr/bin/ceph: stderr
2024-04-05T23:26:18.457+0000 7f45d2000700 1 -- 172.21.15.16:0/2751899654 --> [v2:172.21.15.16:3300/0,v1:172.21.15.16:6789/0] -- mon_subscribe({mgrmap=0+}) v3 -- 0x7f45cc19cda0 con 0x7f45cc1066c0
2024-04-05T23:26:22.046 INFO:teuthology.orchestra.run.smithi016.stdout:/usr/bin/ceph: stderr
2024-04-05T23:26:18.457+0000 7f45d2000700 1 -- 172.21.15.16:0/2751899654 --> [v2:172.21.15.16:3300/0,v1:172.21.15.16:6789/0] -- mon_subscribe({osdmap=0}) v3 -- 0x7f45cc19d240 con 0x7f45cc1066c0
2024-04-05T23:26:22.047 INFO:teuthology.orchestra.run.smithi016.stdout:/usr/bin/ceph: stderr
2024-04-05T23:26:18.458+0000 7f45d2000700 1 -- 172.21.15.16:0/2751899654 --> [v2:172.21.15.16:3300/0,v1:172.21.15.16:6789/0] -- mon_command({"prefix": "get_command_descriptions"} v 0) v1 -- 0x7f45cc10aaf0 con 0x7f45cc1066c0
2024-04-05T23:26:22.047 INFO:teuthology.orchestra.run.smithi016.stdout:/usr/bin/ceph: stderr
2024-04-05T23:26:18.458+0000 7f45c8c00700 1 -- 172.21.15.16:0/2751899654 <== mon.0 v2:172.21.15.16:3300/0 4 ==== mgrmap(e 8) v1 ==== 45541+0+0 (secure 0 0 0) 0x7f45bc024b60 con 0x7f45cc1066c0
2024-04-05T23:26:22.047 INFO:teuthology.orchestra.run.smithi016.stdout:/usr/bin/ceph: stderr
2024-04-05T23:26:18.458+0000 7f45c8c00700 1 --2- 172.21.15.16:0/2751899654 >> [v2:172.21.15.16:6800/2429779560,v1:172.21.15.16:6801/2429779560] conn(0x7f45b0038700 0x7f45b003abc0 unknown :-1 s=NONE pgs=0 cs=0 l=1 rev1=0 crypto rx=0 tx=0 comp rx=0 tx=0).connect
2024-04-05T23:26:22.047 INFO:teuthology.orchestra.run.smithi016.stdout:/usr/bin/ceph: stderr
2024-04-05T23:26:18.458+0000 7f45c8c00700 1 -- 172.21.15.16:0/2751899654 <== mon.0 v2:172.21.15.16:3300/0 5 ==== osd_map(2..2 src has 1..2) v4 ==== 940+0+0 (secure 0 0 0) 0x7f45bc04c6c0 con 0x7f45cc1066c0
2024-04-05T23:26:22.047 INFO:teuthology.orchestra.run.smithi016.stdout:/usr/bin/ceph: stderr
