2024-04-10T01:58:53.754+0000 7f6d03fff700 1 -- 172.21.15.16:0/3810692903 <== mon.0 v2:172.21.15.16:3300/0 5 ==== osd_map(2..2 src has 1..2) v4 ==== 936+0+0 (secure 0 0 0) 0x7f6d1004ab10 con 0x7f6d1c1017f0
2024-04-10T01:58:54.757 INFO:teuthology.orchestra.run.smithi016.stdout:/usr/bin/ceph: stderr
2024-04-10T01:58:53.755+0000 7f6d21e02700 1 -- 172.21.15.16:0/3810692903 --> [v2:172.21.15.16:3300/0,v1:172.21.15.16:6789/0] -- mon_command({"prefix": "get_command_descriptions"} v 0) v1 -- 0x7f6d1c04bed0 con 0x7f6d1c1017f0
2024-04-10T01:58:54.757 INFO:teuthology.orchestra.run.smithi016.stdout:/usr/bin/ceph: stderr
2024-04-10T01:58:53.755+0000 7f6d1affd700 1 --2- 172.21.15.16:0/3810692903 >> [v2:172.21.15.16:6800/2713532414,v1:172.21.15.16:6801/2713532414] conn(0x7f6d04036790 0x7f6d04038c40 unknown :-1 s=BANNER_CONNECTING pgs=0 cs=0 l=1 rev1=0 crypto rx=0 tx=0 comp rx=0 tx=0)._handle_peer_banner_payload supported=3 required=0
2024-04-10T01:58:54.757 INFO:teuthology.orchestra.run.smithi016.stdout:/usr/bin/ceph: stderr
2024-04-10T01:58:53.755+0000 7f6d1affd700 1 --2- 172.21.15.16:0/3810692903 >> [v2:172.21.15.16:6800/2713532414,v1:172.21.15.16:6801/2713532414] conn(0x7f6d04036790 0x7f6d04038c40 secure :-1 s=READY pgs=20 cs=0 l=1 rev1=1 crypto rx=0x7f6d0c009990 tx=0x7f6d0c006e40 comp rx=0 tx=0).ready entity=mgr.14118 client_cookie=0 server_cookie=0 in_seq=0 out_seq=0
2024-04-10T01:58:54.757 INFO:teuthology.orchestra.run.smithi016.stdout:/usr/bin/ceph: stderr
2024-04-10T01:58:53.763+0000 7f6d03fff700 1 -- 172.21.15.16:0/3810692903 <== mon.0 v2:172.21.15.16:3300/0 6 ==== mon_command_ack([{"prefix": "get_command_descriptions"}]=0 v0) v1 ==== 72+0+176504 (secure 0 0 0) 0x7f6d1002e440 con 0x7f6d1c1017f0
2024-04-10T01:58:54.757 INFO:teuthology.orchestra.run.smithi016.stdout:/usr/bin/ceph: stderr
2024-04-10T01:58:53.960+0000 7f6d21e02700 1 -- 172.21.15.16:0/3810692903 --> [v2:172.21.15.16:3300/0,v1:172.21.15.16:6789/0] -- mon_command([{prefix=config set, name=mgr/dashboard/ssl_server_port}] v 0) v1 -- 0x7f6d1c103540 con 0x7f6d1c1017f0
2024-04-10T01:58:54.757 INFO:teuthology.orchestra.run.smithi016.stdout:/usr/bin/ceph: stderr
2024-04-10T01:58:53.963+0000 7f6d03fff700 1 -- 172.21.15.16:0/3810692903 <== mon.0 v2:172.21.15.16:3300/0 7 ==== mon_command_ack([{prefix=config set, name=mgr/dashboard/ssl_server_port}]=0 v8)=0 v8) v1 ==== 130+0+0 (secure 0 0 0) 0x7f6d10048020 con 0x7f6d1c1017f0
2024-04-10T01:58:54.757 INFO:teuthology.orchestra.run.smithi016.stdout:/usr/bin/ceph: stderr
2024-04-10T01:58:53.965+0000 7f6d21e02700 1 -- 172.21.15.16:0/3810692903 >> [v2:172.21.15.16:6800/2713532414,v1:172.21.15.16:6801/2713532414] conn(0x7f6d04036790 msgr2=0x7f6d04038c40 secure :-1 s=STATE_CONNECTION_ESTABLISHED l=1).mark_down
2024-04-10T01:58:54.757 INFO:teuthology.orchestra.run.smithi016.stdout:/usr/bin/ceph: stderr
2024-04-10T01:58:53.965+0000 7f6d21e02700 1 --2- 172.21.15.16:0/3810692903 >> [v2:172.21.15.16:6800/2713532414,v1:172.21.15.16:6801/2713532414] conn(0x7f6d04036790 0x7f6d04038c40 secure :-1 s=READY pgs=20 cs=0 l=1 rev1=1 crypto rx=0x7f6d0c009990 tx=0x7f6d0c006e40 comp rx=0 tx=0).stop
2024-04-10T01:58:54.758 INFO:teuthology.orchestra.run.smithi016.stdout:/usr/bin/ceph: stderr
2024-04-10T01:58:53.965+0000 7f6d21e02700 1 -- 172.21.15.16:0/3810692903 >> [v2:172.21.15.16:3300/0,v1:172.21.15.16:6789/0] conn(0x7f6d1c1017f0 msgr2=0x7f6d1c071290 secure :-1 s=STATE_CONNECTION_ESTABLISHED l=1).mark_down
2024-04-10T01:58:54.758 INFO:teuthology.orchestra.run.smithi016.stdout:/usr/bin/ceph: stderr
2024-04-10T01:58:53.965+0000 7f6d21e02700 1 --2- 172.21.15.16:0/3810692903 >> [v2:172.21.15.16:3300/0,v1:172.21.15.16:6789/0] conn(0x7f6d1c1017f0 0x7f6d1c071290 secure :-1 s=READY pgs=62 cs=0 l=1 rev1=1 crypto rx=0x7f6d10006b00 tx=0x7f6d10009250 comp rx=0 tx=0).stop
2024-04-10T01:58:54.758 INFO:teuthology.orchestra.run.smithi016.stdout:/usr/bin/ceph: stderr
2024-04-10T01:58:53.965+0000 7f6d21e02700 1 -- 172.21.15.16:0/3810692903 shutdown_connections
2024-04-10T01:58:54.758 INFO:teuthology.orchestra.run.smithi016.stdout:/usr/bin/ceph: stderr
2024-04-10T01:58:53.965+0000 7f6d21e02700 1 --2- 172.21.15.16:0/3810692903 >> [v2:172.21.15.16:6800/2713532414,v1:172.21.15.16:6801/2713532414] conn(0x7f6d04036790 0x7f6d04038c40 unknown :-1 s=CLOSED pgs=20 cs=0 l=1 rev1=1 crypto rx=0 tx=0 comp rx=0 tx=0).stop
2024-04-10T01:58:54.758 INFO:teuthology.orchestra.run.smithi016.stdout:/usr/bin/ceph: stderr
2024-04-10T01:58:53.965+0000 7f6d21e02700 1 --2- 172.21.15.16:0/3810692903 >> [v2:172.21.15.16:3300/0,v1:172.21.15.16:6789/0] conn(0x7f6d1c1017f0 0x7f6d1c071290 unknown :-1 s=CLOSED pgs=62 cs=0 l=1 rev1=1 crypto rx=0 tx=0 comp rx=0 tx=0).stop
2024-04-10T01:58:54.758 INFO:teuthology.orchestra.run.smithi016.stdout:/usr/bin/ceph: stderr
2024-04-10T01:58:53.965+0000 7f6d21e02700 1 -- 172.21.15.16:0/3810692903 >> 172.21.15.16:0/3810692903 conn(0x7f6d1c0fcfb0 msgr2=0x7f6d1c0fdba0 unknown :-1 s=STATE_NONE l=0).mark_down
2024-04-10T01:58:54.758 INFO:teuthology.orchestra.run.smithi016.stdout:/usr/bin/ceph: stderr
2024-04-10T01:58:53.965+0000 7f6d21e02700 1 -- 172.21.15.16:0/3810692903 shutdown_connections
2024-04-10T01:58:54.758 INFO:teuthology.orchestra.run.smithi016.stdout:/usr/bin/ceph: stderr
2024-04-10T01:58:53.965+0000 7f6d21e02700 1 -- 172.21.15.16:0/3810692903 wait complete.
2024-04-10T01:58:54.758 INFO:teuthology.orchestra.run.smithi016.stdout:Enabling the dashboard module...
2024-04-10T01:58:55.116 INFO:journalctl@ceph.mon.smithi016.smithi016.stdout:Apr 10 01:58:54 smithi016 ceph-mon[29440]: from='client.? 172.21.15.16:0/3810692903' entity='client.admin'
2024-04-10T01:58:55.116 INFO:journalctl@ceph.mon.smithi016.smithi016.stdout:Apr 10 01:58:54 smithi016 ceph-mon[29440]: pgmap v4: 0 pgs: ; 0 B data, 0 B used, 0 B / 0 B avail
2024-04-10T01:58:56.228 INFO:journalctl@ceph.mon.smithi016.smithi016.stdout:Apr 10 01:58:55 smithi016 ceph-mon[29440]: from='client.? 172.21.15.16:0/1611829286' entity='client.admin' cmd=[{"prefix": "mgr module enable", "module": "dashboard"}]: dispatch
2024-04-10T01:58:56.554 INFO:teuthology.orchestra.run.smithi016.stdout:/usr/bin/ceph: stderr
2024-04-10T01:58:55.217+0000 7f11e1c99700 1 Processor -- start
2024-04-10T01:58:56.555 INFO:teuthology.orchestra.run.smithi016.stdout:/usr/bin/ceph: stderr
2024-04-10T01:58:55.217+0000 7f11e1c99700 1 -- start start
2024-04-10T01:58:56.555 INFO:teuthology.orchestra.run.smithi016.stdout:/usr/bin/ceph: stderr
2024-04-10T01:58:55.217+0000 7f11e1c99700 1 --2- >> [v2:172.21.15.16:3300/0,v1:172.21.15.16:6789/0] conn(0x7f11dc102920 0x7f11dc102d30 unknown :-1 s=NONE pgs=0 cs=0 l=0 rev1=0 crypto rx=0 tx=0 comp rx=0 tx=0).connect
2024-04-10T01:58:56.555 INFO:teuthology.orchestra.run.smithi016.stdout:/usr/bin/ceph: stderr
2024-04-10T01:58:55.217+0000 7f11e1c99700 1 -- --> [v2:172.21.15.16:3300/0,v1:172.21.15.16:6789/0] -- mon_getmap magic: 0 v1 -- 0x7f11dc103270 con 0x7f11dc102920
2024-04-10T01:58:56.555 INFO:teuthology.orchestra.run.smithi016.stdout:/usr/bin/ceph: stderr
2024-04-10T01:58:55.217+0000 7f11db7fe700 1 --2- >> [v2:172.21.15.16:3300/0,v1:172.21.15.16:6789/0] conn(0x7f11dc102920 0x7f11dc102d30 unknown :-1 s=BANNER_CONNECTING pgs=0 cs=0 l=0 rev1=0 crypto rx=0 tx=0 comp rx=0 tx=0)._handle_peer_banner_payload supported=3 required=0
2024-04-10T01:58:56.555 INFO:teuthology.orchestra.run.smithi016.stdout:/usr/bin/ceph: stderr
2024-04-10T01:58:55.217+0000 7f11db7fe700 1 --2- >> [v2:172.21.15.16:3300/0,v1:172.21.15.16:6789/0] conn(0x7f11dc102920 0x7f11dc102d30 unknown :-1 s=HELLO_CONNECTING pgs=0 cs=0 l=0 rev1=1 crypto rx=0 tx=0 comp rx=0 tx=0).handle_hello peer v2:172.21.15.16:3300/0 says I am v2:172.21.15.16:52300/0 (socket says 172.21.15.16:52300)
2024-04-10T01:58:56.555 INFO:teuthology.orchestra.run.smithi016.stdout:/usr/bin/ceph: stderr
2024-04-10T01:58:55.217+0000 7f11db7fe700 1 -- 172.21.15.16:0/69968690 learned_addr learned my addr 172.21.15.16:0/69968690 (peer_addr_for_me v2:172.21.15.16:0/0)
2024-04-10T01:58:56.555 INFO:teuthology.orchestra.run.smithi016.stdout:/usr/bin/ceph: stderr
2024-04-10T01:58:55.217+0000 7f11db7fe700 1 -- 172.21.15.16:0/69968690 --> [v2:172.21.15.16:3300/0,v1:172.21.15.16:6789/0] -- mon_subscribe({config=0+,monmap=0+}) v3 -- 0x7f11dc1033b0 con 0x7f11dc102920
2024-04-10T01:58:56.555 INFO:teuthology.orchestra.run.smithi016.stdout:/usr/bin/ceph: stderr
2024-04-10T01:58:55.217+0000 7f11db7fe700 1 --2- 172.21.15.16:0/69968690 >> [v2:172.21.15.16:3300/0,v1:172.21.15.16:6789/0] conn(0x7f11dc102920 0x7f11dc102d30 secure :-1 s=READY pgs=63 cs=0 l=1 rev1=1 crypto rx=0x7f11cc0098e0 tx=0x7f11cc009250 comp rx=0 tx=0).ready entity=mon.0 client_cookie=58601c853a61f057 server_cookie=0 in_seq=0 out_seq=0
2024-04-10T01:58:56.555 INFO:teuthology.orchestra.run.smithi016.stdout:/usr/bin/ceph: stderr
2024-04-10T01:58:55.218+0000 7f11da7fc700 1 -- 172.21.15.16:0/69968690 <== mon.0 v2:172.21.15.16:3300/0 1 ==== mon_map magic: 0 v1 ==== 229+0+0 (secure 0 0 0) 0x7f11cc00b860 con 0x7f11dc102920
2024-04-10T01:58:56.556 INFO:teuthology.orchestra.run.smithi016.stdout:/usr/bin/ceph: stderr
2024-04-10T01:58:55.218+0000 7f11da7fc700 1 -- 172.21.15.16:0/69968690 <== mon.0 v2:172.21.15.16:3300/0 2 ==== config(27 keys) v1 ==== 1109+0+0 (secure 0 0 0) 0x7f11cc00be90 con 0x7f11dc102920
2024-04-10T01:58:56.556 INFO:teuthology.orchestra.run.smithi016.stdout:/usr/bin/ceph: stderr
2024-04-10T01:58:55.218+0000 7f11da7fc700 1 -- 172.21.15.16:0/69968690 <== mon.0 v2:172.21.15.16:3300/0 3 ==== mon_map magic: 0 v1 ==== 229+0+0 (secure 0 0 0) 0x7f11cc0103c0 con 0x7f11dc102920
2024-04-10T01:58:56.556 INFO:teuthology.orchestra.run.smithi016.stdout:/usr/bin/ceph: stderr
2024-04-10T01:58:55.218+0000 7f11e1c99700 1 -- 172.21.15.16:0/69968690 >> [v2:172.21.15.16:3300/0,v1:172.21.15.16:6789/0] conn(0x7f11dc102920 msgr2=0x7f11dc102d30 secure :-1 s=STATE_CONNECTION_ESTABLISHED l=1).mark_down
2024-04-10T01:58:56.556 INFO:teuthology.orchestra.run.smithi016.stdout:/usr/bin/ceph: stderr
2024-04-10T01:58:55.218+0000 7f11e1c99700 1 --2- 172.21.15.16:0/69968690 >> [v2:172.21.15.16:3300/0,v1:172.21.15.16:6789/0] conn(0x7f11dc102920 0x7f11dc102d30 secure :-1 s=READY pgs=63 cs=0 l=1 rev1=1 crypto rx=0x7f11cc0098e0 tx=0x7f11cc009250 comp rx=0 tx=0).stop
2024-04-10T01:58:56.556 INFO:teuthology.orchestra.run.smithi016.stdout:/usr/bin/ceph: stderr
2024-04-10T01:58:55.218+0000 7f11e1c99700 1 -- 172.21.15.16:0/69968690 shutdown_connections
2024-04-10T01:58:56.556 INFO:teuthology.orchestra.run.smithi016.stdout:/usr/bin/ceph: stderr
2024-04-10T01:58:55.218+0000 7f11e1c99700 1 --2- 172.21.15.16:0/69968690 >> [v2:172.21.15.16:3300/0,v1:172.21.15.16:6789/0] conn(0x7f11dc102920 0x7f11dc102d30 unknown :-1 s=CLOSED pgs=63 cs=0 l=1 rev1=1 crypto rx=0 tx=0 comp rx=0 tx=0).stop
2024-04-10T01:58:56.556 INFO:teuthology.orchestra.run.smithi016.stdout:/usr/bin/ceph: stderr
2024-04-10T01:58:55.218+0000 7f11e1c99700 1 -- 172.21.15.16:0/69968690 >> 172.21.15.16:0/69968690 conn(0x7f11dc0fe0a0 msgr2=0x7f11dc1004b0 unknown :-1 s=STATE_NONE l=0).mark_down
2024-04-10T01:58:56.556 INFO:teuthology.orchestra.run.smithi016.stdout:/usr/bin/ceph: stderr
2024-04-10T01:58:55.218+0000 7f11e1c99700 1 -- 172.21.15.16:0/69968690 shutdown_connections
2024-04-10T01:58:56.556 INFO:teuthology.orchestra.run.smithi016.stdout:/usr/bin/ceph: stderr
2024-04-10T01:58:55.218+0000 7f11e1c99700 1 -- 172.21.15.16:0/69968690 wait complete.
2024-04-10T01:58:56.556 INFO:teuthology.orchestra.run.smithi016.stdout:/usr/bin/ceph: stderr
2024-04-10T01:58:55.219+0000 7f11e1c99700 1 Processor -- start
2024-04-10T01:58:56.556 INFO:teuthology.orchestra.run.smithi016.stdout:/usr/bin/ceph: stderr
2024-04-10T01:58:55.219+0000 7f11e1c99700 1 -- start start
2024-04-10T01:58:56.557 INFO:teuthology.orchestra.run.smithi016.stdout:/usr/bin/ceph: stderr
2024-04-10T01:58:55.219+0000 7f11e1c99700 1 --2- >> [v2:172.21.15.16:3300/0,v1:172.21.15.16:6789/0] conn(0x7f11dc102920 0x7f11dc111700 unknown :-1 s=NONE pgs=0 cs=0 l=1 rev1=0 crypto rx=0 tx=0 comp rx=0 tx=0).connect
2024-04-10T01:58:56.557 INFO:teuthology.orchestra.run.smithi016.stdout:/usr/bin/ceph: stderr
2024-04-10T01:58:55.219+0000 7f11e1c99700 1 -- --> [v2:172.21.15.16:3300/0,v1:172.21.15.16:6789/0] -- mon_getmap magic: 0 v1 -- 0x7f11dc111c40 con 0x7f11dc102920
2024-04-10T01:58:56.557 INFO:teuthology.orchestra.run.smithi016.stdout:/usr/bin/ceph: stderr
2024-04-10T01:58:55.219+0000 7f11db7fe700 1 --2- >> [v2:172.21.15.16:3300/0,v1:172.21.15.16:6789/0] conn(0x7f11dc102920 0x7f11dc111700 unknown :-1 s=BANNER_CONNECTING pgs=0 cs=0 l=1 rev1=0 crypto rx=0 tx=0 comp rx=0 tx=0)._handle_peer_banner_payload supported=3 required=0
2024-04-10T01:58:56.557 INFO:teuthology.orchestra.run.smithi016.stdout:/usr/bin/ceph: stderr
2024-04-10T01:58:55.219+0000 7f11db7fe700 1 --2- >> [v2:172.21.15.16:3300/0,v1:172.21.15.16:6789/0] conn(0x7f11dc102920 0x7f11dc111700 unknown :-1 s=HELLO_CONNECTING pgs=0 cs=0 l=1 rev1=1 crypto rx=0 tx=0 comp rx=0 tx=0).handle_hello peer v2:172.21.15.16:3300/0 says I am v2:172.21.15.16:52304/0 (socket says 172.21.15.16:52304)
2024-04-10T01:58:56.557 INFO:teuthology.orchestra.run.smithi016.stdout:/usr/bin/ceph: stderr
2024-04-10T01:58:55.219+0000 7f11db7fe700 1 -- 172.21.15.16:0/1611829286 learned_addr learned my addr 172.21.15.16:0/1611829286 (peer_addr_for_me v2:172.21.15.16:0/0)
2024-04-10T01:58:56.557 INFO:teuthology.orchestra.run.smithi016.stdout:/usr/bin/ceph: stderr
2024-04-10T01:58:55.219+0000 7f11db7fe700 1 -- 172.21.15.16:0/1611829286 --> [v2:172.21.15.16:3300/0,v1:172.21.15.16:6789/0] -- mon_subscribe({config=0+,monmap=0+}) v3 -- 0x7f11cc0094f0 con 0x7f11dc102920
2024-04-10T01:58:56.557 INFO:teuthology.orchestra.run.smithi016.stdout:/usr/bin/ceph: stderr
2024-04-10T01:58:55.220+0000 7f11db7fe700 1 --2- 172.21.15.16:0/1611829286 >> [v2:172.21.15.16:3300/0,v1:172.21.15.16:6789/0] conn(0x7f11dc102920 0x7f11dc111700 secure :-1 s=READY pgs=64 cs=0 l=1 rev1=1 crypto rx=0x7f11cc011680 tx=0x7f11cc009250 comp rx=0 tx=0).ready entity=mon.0 client_cookie=0 server_cookie=0 in_seq=0 out_seq=0
2024-04-10T01:58:56.557 INFO:teuthology.orchestra.run.smithi016.stdout:/usr/bin/ceph: stderr
2024-04-10T01:58:55.220+0000 7f11c3fff700 1 -- 172.21.15.16:0/1611829286 <== mon.0 v2:172.21.15.16:3300/0 1 ==== mon_map magic: 0 v1 ==== 229+0+0 (secure 0 0 0) 0x7f11cc010890 con 0x7f11dc102920
2024-04-10T01:58:56.557 INFO:teuthology.orchestra.run.smithi016.stdout:/usr/bin/ceph: stderr
2024-04-10T01:58:55.220+0000 7f11c3fff700 1 -- 172.21.15.16:0/1611829286 <== mon.0 v2:172.21.15.16:3300/0 2 ==== config(27 keys) v1 ==== 1109+0+0 (secure 0 0 0) 0x7f11cc010ec0 con 0x7f11dc102920
2024-04-10T01:58:56.557 INFO:teuthology.orchestra.run.smithi016.stdout:/usr/bin/ceph: stderr
2024-04-10T01:58:55.220+0000 7f11e1c99700 1 -- 172.21.15.16:0/1611829286 --> [v2:172.21.15.16:3300/0,v1:172.21.15.16:6789/0] -- mon_subscribe({mgrmap=0+}) v3 -- 0x7f11dc111e40 con 0x7f11dc102920
2024-04-10T01:58:56.557 INFO:teuthology.orchestra.run.smithi016.stdout:/usr/bin/ceph: stderr
2024-04-10T01:58:55.220+0000 7f11c3fff700 1 -- 172.21.15.16:0/1611829286 <== mon.0 v2:172.21.15.16:3300/0 3 ==== mon_map magic: 0 v1 ==== 229+0+0 (secure 0 0 0) 0x7f11cc0243f0 con 0x7f11dc102920
2024-04-10T01:58:56.557 INFO:teuthology.orchestra.run.smithi016.stdout:/usr/bin/ceph: stderr
2024-04-10T01:58:55.220+0000 7f11e1c99700 1 -- 172.21.15.16:0/1611829286 --> [v2:172.21.15.16:3300/0,v1:172.21.15.16:6789/0] -- mon_subscribe({osdmap=0}) v3 -- 0x7f11dc1129b0 con 0x7f11dc102920
2024-04-10T01:58:56.557 INFO:teuthology.orchestra.run.smithi016.stdout:/usr/bin/ceph: stderr
2024-04-10T01:58:55.221+0000 7f11c3fff700 1 -- 172.21.15.16:0/1611829286 <== mon.0 v2:172.21.15.16:3300/0 4 ==== mgrmap(e 8) v1 ==== 43368+0+0 (secure 0 0 0) 0x7f11cc02d3f0 con 0x7f11dc102920
2024-04-10T01:58:56.558 INFO:teuthology.orchestra.run.smithi016.stdout:/usr/bin/ceph: stderr
2024-04-10T01:58:55.221+0000 7f11c3fff700 1 --2- 172.21.15.16:0/1611829286 >> [v2:172.21.15.16:6800/2713532414,v1:172.21.15.16:6801/2713532414] conn(0x7f11c4036790 0x7f11c4038c40 unknown :-1 s=NONE pgs=0 cs=0 l=1 rev1=0 crypto rx=0 tx=0 comp rx=0 tx=0).connect
2024-04-10T01:58:56.558 INFO:teuthology.orchestra.run.smithi016.stdout:/usr/bin/ceph: stderr
2024-04-10T01:58:55.221+0000 7f11c3fff700 1 -- 172.21.15.16:0/1611829286 <== mon.0 v2:172.21.15.16:3300/0 5 ==== osd_map(2..2 src has 1..2) v4 ==== 936+0+0 (secure 0 0 0) 0x7f11cc04a280 con 0x7f11dc102920
2024-04-10T01:58:56.558 INFO:teuthology.orchestra.run.smithi016.stdout:/usr/bin/ceph: stderr
2024-04-10T01:58:55.221+0000 7f11e1c99700 1 -- 172.21.15.16:0/1611829286 --> [v2:172.21.15.16:3300/0,v1:172.21.15.16:6789/0] -- mon_command({"prefix": "get_command_descriptions"} v 0) v1 -- 0x7f11dc05f5f0 con 0x7f11dc102920
2024-04-10T01:58:56.558 INFO:teuthology.orchestra.run.smithi016.stdout:/usr/bin/ceph: stderr
2024-04-10T01:58:55.221+0000 7f11daffd700 1 --2- 172.21.15.16:0/1611829286 >> [v2:172.21.15.16:6800/2713532414,v1:172.21.15.16:6801/2713532414] conn(0x7f11c4036790 0x7f11c4038c40 unknown :-1 s=BANNER_CONNECTING pgs=0 cs=0 l=1 rev1=0 crypto rx=0 tx=0 comp rx=0 tx=0)._handle_peer_banner_payload supported=3 required=0
2024-04-10T01:58:56.558 INFO:teuthology.orchestra.run.smithi016.stdout:/usr/bin/ceph: stderr
2024-04-10T01:58:55.221+0000 7f11daffd700 1 --2- 172.21.15.16:0/1611829286 >> [v2:172.21.15.16:6800/2713532414,v1:172.21.15.16:6801/2713532414] conn(0x7f11c4036790 0x7f11c4038c40 secure :-1 s=READY pgs=21 cs=0 l=1 rev1=1 crypto rx=0x7f11d0009990 tx=0x7f11d0006e40 comp rx=0 tx=0).ready entity=mgr.14118 client_cookie=0 server_cookie=0 in_seq=0 out_seq=0
2024-04-10T01:58:56.558 INFO:teuthology.orchestra.run.smithi016.stdout:/usr/bin/ceph: stderr
2024-04-10T01:58:55.226+0000 7f11c3fff700 1 -- 172.21.15.16:0/1611829286 <== mon.0 v2:172.21.15.16:3300/0 6 ==== mon_command_ack([{"prefix": "get_command_descriptions"}]=0 v0) v1 ==== 72+0+176504 (secure 0 0 0) 0x7f11cc02b8e0 con 0x7f11dc102920
2024-04-10T01:58:56.558 INFO:teuthology.orchestra.run.smithi016.stdout:/usr/bin/ceph: stderr
2024-04-10T01:58:55.476+0000 7f11e1c99700 1 -- 172.21.15.16:0/1611829286 --> [v2:172.21.15.16:3300/0,v1:172.21.15.16:6789/0] -- mon_command({"prefix": "mgr module enable", "module": "dashboard"} v 0) v1 -- 0x7f11dc112cb0 con 0x7f11dc102920
2024-04-10T01:58:56.558 INFO:teuthology.orchestra.run.smithi016.stdout:/usr/bin/ceph: stderr
2024-04-10T01:58:55.967+0000 7f11c3fff700 1 -- 172.21.15.16:0/1611829286 <== mon.0 v2:172.21.15.16:3300/0 7 ==== mgrmap(e 9) v1 ==== 43381+0+0 (secure 0 0 0) 0x7f11cc01a8c0 con 0x7f11dc102920
2024-04-10T01:58:56.558 INFO:teuthology.orchestra.run.smithi016.stdout:/usr/bin/ceph: stderr
2024-04-10T01:58:55.969+0000 7f11c3fff700 1 -- 172.21.15.16:0/1611829286 <== mon.0 v2:172.21.15.16:3300/0 8 ==== mon_command_ack([{"prefix": "mgr module enable", "module": "dashboard"}]=0 v9) v1 ==== 88+0+0 (secure 0 0 0) 0x7f11cc02cdf0 con 0x7f11dc102920
2024-04-10T01:58:56.558 INFO:teuthology.orchestra.run.smithi016.stdout:/usr/bin/ceph: stderr
2024-04-10T01:58:55.972+0000 7f11e1c99700 1 -- 172.21.15.16:0/1611829286 >> [v2:172.21.15.16:6800/2713532414,v1:172.21.15.16:6801/2713532414] conn(0x7f11c4036790 msgr2=0x7f11c4038c40 secure :-1 s=STATE_CONNECTION_ESTABLISHED l=1).mark_down
2024-04-10T01:58:56.558 INFO:teuthology.orchestra.run.smithi016.stdout:/usr/bin/ceph: stderr
2024-04-10T01:58:55.972+0000 7f11e1c99700 1 --2- 172.21.15.16:0/1611829286 >> [v2:172.21.15.16:6800/2713532414,v1:172.21.15.16:6801/2713532414] conn(0x7f11c4036790 0x7f11c4038c40 secure :-1 s=READY pgs=21 cs=0 l=1 rev1=1 crypto rx=0x7f11d0009990 tx=0x7f11d0006e40 comp rx=0 tx=0).stop
2024-04-10T01:58:56.559 INFO:teuthology.orchestra.run.smithi016.stdout:/usr/bin/ceph: stderr
2024-04-10T01:58:55.972+0000 7f11e1c99700 1 -- 172.21.15.16:0/1611829286 >> [v2:172.21.15.16:3300/0,v1:172.21.15.16:6789/0] conn(0x7f11dc102920 msgr2=0x7f11dc111700 secure :-1 s=STATE_CONNECTION_ESTABLISHED l=1).mark_down
2024-04-10T01:58:56.559 INFO:teuthology.orchestra.run.smithi016.stdout:/usr/bin/ceph: stderr
2024-04-10T01:58:55.972+0000 7f11e1c99700 1 --2- 172.21.15.16:0/1611829286 >> [v2:172.21.15.16:3300/0,v1:172.21.15.16:6789/0] conn(0x7f11dc102920 0x7f11dc111700 secure :-1 s=READY pgs=64 cs=0 l=1 rev1=1 crypto rx=0x7f11cc011680 tx=0x7f11cc009250 comp rx=0 tx=0).stop
2024-04-10T01:58:56.559 INFO:teuthology.orchestra.run.smithi016.stdout:/usr/bin/ceph: stderr
2024-04-10T01:58:55.972+0000 7f11e1c99700 1 -- 172.21.15.16:0/1611829286 shutdown_connections
2024-04-10T01:58:56.559 INFO:teuthology.orchestra.run.smithi016.stdout:/usr/bin/ceph: stderr
2024-04-10T01:58:55.972+0000 7f11e1c99700 1 --2- 172.21.15.16:0/1611829286 >> [v2:172.21.15.16:6800/2713532414,v1:172.21.15.16:6801/2713532414] conn(0x7f11c4036790 0x7f11c4038c40 unknown :-1 s=CLOSED pgs=21 cs=0 l=1 rev1=1 crypto rx=0 tx=0 comp rx=0 tx=0).stop
2024-04-10T01:58:56.559 INFO:teuthology.orchestra.run.smithi016.stdout:/usr/bin/ceph: stderr
2024-04-10T01:58:55.972+0000 7f11e1c99700 1 --2- 172.21.15.16:0/1611829286 >> [v2:172.21.15.16:3300/0,v1:172.21.15.16:6789/0] conn(0x7f11dc102920 0x7f11dc111700 unknown :-1 s=CLOSED pgs=64 cs=0 l=1 rev1=1 crypto rx=0 tx=0 comp rx=0 tx=0).stop
2024-04-10T01:58:56.559 INFO:teuthology.orchestra.run.smithi016.stdout:/usr/bin/ceph: stderr
2024-04-10T01:58:55.972+0000 7f11e1c99700 1 -- 172.21.15.16:0/1611829286 >> 172.21.15.16:0/1611829286 conn(0x7f11dc0fe0a0 msgr2=0x7f11dc0fec90 unknown :-1 s=STATE_NONE l=0).mark_down
2024-04-10T01:58:56.559 INFO:teuthology.orchestra.run.smithi016.stdout:/usr/bin/ceph: stderr
2024-04-10T01:58:55.972+0000 7f11e1c99700 1 -- 172.21.15.16:0/1611829286 shutdown_connections
2024-04-10T01:58:56.559 INFO:teuthology.orchestra.run.smithi016.stdout:/usr/bin/ceph: stderr
2024-04-10T01:58:55.972+0000 7f11e1c99700 1 -- 172.21.15.16:0/1611829286 wait complete.
2024-04-10T01:58:57.186 INFO:journalctl@ceph.mon.smithi016.smithi016.stdout:Apr 10 01:58:56 smithi016 ceph-mon[29440]: from='client.? 172.21.15.16:0/1611829286' entity='client.admin' cmd='[{"prefix": "mgr module enable", "module": "dashboard"}]': finished
2024-04-10T01:58:57.186 INFO:journalctl@ceph.mon.smithi016.smithi016.stdout:Apr 10 01:58:56 smithi016 ceph-mon[29440]: mgrmap e9: smithi016.vqnctu(active, since 23s)
2024-04-10T01:58:57.873 INFO:teuthology.orchestra.run.smithi016.stdout:/usr/bin/ceph: stdout {
2024-04-10T01:58:57.873 INFO:teuthology.orchestra.run.smithi016.stdout:/usr/bin/ceph: stdout "epoch": 9,
2024-04-10T01:58:57.874 INFO:teuthology.orchestra.run.smithi016.stdout:/usr/bin/ceph: stdout "available": true,
2024-04-10T01:58:57.874 INFO:teuthology.orchestra.run.smithi016.stdout:/usr/bin/ceph: stdout "active_name": "smithi016.vqnctu",
2024-04-10T01:58:57.874 INFO:teuthology.orchestra.run.smithi016.stdout:/usr/bin/ceph: stdout "num_standby": 0
2024-04-10T01:58:57.874 INFO:teuthology.orchestra.run.smithi016.stdout:/usr/bin/ceph: stdout }
2024-04-10T01:58:57.874 INFO:teuthology.orchestra.run.smithi016.stdout:/usr/bin/ceph: stderr
2024-04-10T01:58:56.980+0000 7f5a9c40b700 1 Processor -- start
2024-04-10T01:58:57.874 INFO:teuthology.orchestra.run.smithi016.stdout:/usr/bin/ceph: stderr
2024-04-10T01:58:56.980+0000 7f5a9c40b700 1 -- start start
2024-04-10T01:58:57.874 INFO:teuthology.orchestra.run.smithi016.stdout:/usr/bin/ceph: stderr
2024-04-10T01:58:56.980+0000 7f5a9c40b700 1 --2- >> [v2:172.21.15.16:3300/0,v1:172.21.15.16:6789/0] conn(0x7f5a94076b70 0x7f5a94105540 unknown :-1 s=NONE pgs=0 cs=0 l=0 rev1=0 crypto rx=0 tx=0 comp rx=0 tx=0).connect
2024-04-10T01:58:57.874 INFO:teuthology.orchestra.run.smithi016.stdout:/usr/bin/ceph: stderr
2024-04-10T01:58:56.980+0000 7f5a9c40b700 1 -- --> [v2:172.21.15.16:3300/0,v1:172.21.15.16:6789/0] -- mon_getmap magic: 0 v1 -- 0x7f5a94076f80 con 0x7f5a94076b70
2024-04-10T01:58:57.874 INFO:teuthology.orchestra.run.smithi016.stdout:/usr/bin/ceph: stderr
2024-04-10T01:58:56.980+0000 7f5a9a1a7700 1 --2- >> [v2:172.21.15.16:3300/0,v1:172.21.15.16:6789/0] conn(0x7f5a94076b70 0x7f5a94105540 unknown :-1 s=BANNER_CONNECTING pgs=0 cs=0 l=0 rev1=0 crypto rx=0 tx=0 comp rx=0 tx=0)._handle_peer_banner_payload supported=3 required=0
2024-04-10T01:58:57.875 INFO:teuthology.orchestra.run.smithi016.stdout:/usr/bin/ceph: stderr
2024-04-10T01:58:56.980+0000 7f5a9a1a7700 1 --2- >> [v2:172.21.15.16:3300/0,v1:172.21.15.16:6789/0] conn(0x7f5a94076b70 0x7f5a94105540 unknown :-1 s=HELLO_CONNECTING pgs=0 cs=0 l=0 rev1=1 crypto rx=0 tx=0 comp rx=0 tx=0).handle_hello peer v2:172.21.15.16:3300/0 says I am v2:172.21.15.16:58652/0 (socket says 172.21.15.16:58652)
2024-04-10T01:58:57.875 INFO:teuthology.orchestra.run.smithi016.stdout:/usr/bin/ceph: stderr
2024-04-10T01:58:56.980+0000 7f5a9a1a7700 1 -- 172.21.15.16:0/1005592924 learned_addr learned my addr 172.21.15.16:0/1005592924 (peer_addr_for_me v2:172.21.15.16:0/0)
2024-04-10T01:58:57.875 INFO:teuthology.orchestra.run.smithi016.stdout:/usr/bin/ceph: stderr
2024-04-10T01:58:56.981+0000 7f5a9a1a7700 1 -- 172.21.15.16:0/1005592924 --> [v2:172.21.15.16:3300/0,v1:172.21.15.16:6789/0] -- mon_subscribe({config=0+,monmap=0+}) v3 -- 0x7f5a94105a80 con 0x7f5a94076b70
2024-04-10T01:58:57.875 INFO:teuthology.orchestra.run.smithi016.stdout:/usr/bin/ceph: stderr
2024-04-10T01:58:56.981+0000 7f5a9a1a7700 1 --2- 172.21.15.16:0/1005592924 >> [v2:172.21.15.16:3300/0,v1:172.21.15.16:6789/0] conn(0x7f5a94076b70 0x7f5a94105540 secure :-1 s=READY pgs=67 cs=0 l=1 rev1=1 crypto rx=0x7f5a840098e0 tx=0x7f5a84009250 comp rx=0 tx=0).ready entity=mon.0 client_cookie=ec7543cd5b9b8696 server_cookie=0 in_seq=0 out_seq=0
2024-04-10T01:58:57.875 INFO:teuthology.orchestra.run.smithi016.stdout:/usr/bin/ceph: stderr
2024-04-10T01:58:56.981+0000 7f5a991a5700 1 -- 172.21.15.16:0/1005592924 <== mon.0 v2:172.21.15.16:3300/0 1 ==== mon_map magic: 0 v1 ==== 229+0+0 (secure 0 0 0) 0x7f5a8400b860 con 0x7f5a94076b70
2024-04-10T01:58:57.875 INFO:teuthology.orchestra.run.smithi016.stdout:/usr/bin/ceph: stderr
2024-04-10T01:58:56.981+0000 7f5a991a5700 1 -- 172.21.15.16:0/1005592924 <== mon.0 v2:172.21.15.16:3300/0 2 ==== config(27 keys) v1 ==== 1109+0+0 (secure 0 0 0) 0x7f5a8400be90 con 0x7f5a94076b70
2024-04-10T01:58:57.875 INFO:teuthology.orchestra.run.smithi016.stdout:/usr/bin/ceph: stderr
2024-04-10T01:58:56.981+0000 7f5a991a5700 1 -- 172.21.15.16:0/1005592924 <== mon.0 v2:172.21.15.16:3300/0 3 ==== mon_map magic: 0 v1 ==== 229+0+0 (secure 0 0 0) 0x7f5a840103c0 con 0x7f5a94076b70
2024-04-10T01:58:57.875 INFO:teuthology.orchestra.run.smithi016.stdout:/usr/bin/ceph: stderr
2024-04-10T01:58:56.982+0000 7f5a9c40b700 1 -- 172.21.15.16:0/1005592924 >> [v2:172.21.15.16:3300/0,v1:172.21.15.16:6789/0] conn(0x7f5a94076b70 msgr2=0x7f5a94105540 secure :-1 s=STATE_CONNECTION_ESTABLISHED l=1).mark_down
2024-04-10T01:58:57.875 INFO:teuthology.orchestra.run.smithi016.stdout:/usr/bin/ceph: stderr
2024-04-10T01:58:56.982+0000 7f5a9c40b700 1 --2- 172.21.15.16:0/1005592924 >> [v2:172.21.15.16:3300/0,v1:172.21.15.16:6789/0] conn(0x7f5a94076b70 0x7f5a94105540 secure :-1 s=READY pgs=67 cs=0 l=1 rev1=1 crypto rx=0x7f5a840098e0 tx=0x7f5a84009250 comp rx=0 tx=0).stop
2024-04-10T01:58:57.875 INFO:teuthology.orchestra.run.smithi016.stdout:/usr/bin/ceph: stderr
2024-04-10T01:58:56.982+0000 7f5a9c40b700 1 -- 172.21.15.16:0/1005592924 shutdown_connections
2024-04-10T01:58:57.875 INFO:teuthology.orchestra.run.smithi016.stdout:/usr/bin/ceph: stderr
2024-04-10T01:58:56.982+0000 7f5a9c40b700 1 --2- 172.21.15.16:0/1005592924 >> [v2:172.21.15.16:3300/0,v1:172.21.15.16:6789/0] conn(0x7f5a94076b70 0x7f5a94105540 unknown :-1 s=CLOSED pgs=67 cs=0 l=1 rev1=1 crypto rx=0 tx=0 comp rx=0 tx=0).stop
2024-04-10T01:58:57.875 INFO:teuthology.orchestra.run.smithi016.stdout:/usr/bin/ceph: stderr
2024-04-10T01:58:56.982+0000 7f5a9c40b700 1 -- 172.21.15.16:0/1005592924 >> 172.21.15.16:0/1005592924 conn(0x7f5a940fcfd0 msgr2=0x7f5a940ff3e0 unknown :-1 s=STATE_NONE l=0).mark_down
2024-04-10T01:58:57.875 INFO:teuthology.orchestra.run.smithi016.stdout:/usr/bin/ceph: stderr
2024-04-10T01:58:56.982+0000 7f5a9c40b700 1 -- 172.21.15.16:0/1005592924 shutdown_connections
2024-04-10T01:58:57.875 INFO:teuthology.orchestra.run.smithi016.stdout:/usr/bin/ceph: stderr
2024-04-10T01:58:56.982+0000 7f5a9c40b700 1 -- 172.21.15.16:0/1005592924 wait complete.
2024-04-10T01:58:57.876 INFO:teuthology.orchestra.run.smithi016.stdout:/usr/bin/ceph: stderr
2024-04-10T01:58:56.983+0000 7f5a9c40b700 1 Processor -- start
2024-04-10T01:58:57.876 INFO:teuthology.orchestra.run.smithi016.stdout:/usr/bin/ceph: stderr
2024-04-10T01:58:56.983+0000 7f5a9c40b700 1 -- start start
2024-04-10T01:58:57.876 INFO:teuthology.orchestra.run.smithi016.stdout:/usr/bin/ceph: stderr
2024-04-10T01:58:56.983+0000 7f5a9c40b700 1 --2- >> [v2:172.21.15.16:3300/0,v1:172.21.15.16:6789/0] conn(0x7f5a94076b70 0x7f5a941117a0 unknown :-1 s=NONE pgs=0 cs=0 l=1 rev1=0 crypto rx=0 tx=0 comp rx=0 tx=0).connect
2024-04-10T01:58:57.876 INFO:teuthology.orchestra.run.smithi016.stdout:/usr/bin/ceph: stderr
2024-04-10T01:58:56.983+0000 7f5a9c40b700 1 -- --> [v2:172.21.15.16:3300/0,v1:172.21.15.16:6789/0] -- mon_getmap magic: 0 v1 -- 0x7f5a94111ce0 con 0x7f5a94076b70
2024-04-10T01:58:57.876 INFO:teuthology.orchestra.run.smithi016.stdout:/usr/bin/ceph: stderr
2024-04-10T01:58:56.983+0000 7f5a9a1a7700 1 --2- >> [v2:172.21.15.16:3300/0,v1:172.21.15.16:6789/0] conn(0x7f5a94076b70 0x7f5a941117a0 unknown :-1 s=BANNER_CONNECTING pgs=0 cs=0 l=1 rev1=0 crypto rx=0 tx=0 comp rx=0 tx=0)._handle_peer_banner_payload supported=3 required=0
2024-04-10T01:58:57.876 INFO:teuthology.orchestra.run.smithi016.stdout:/usr/bin/ceph: stderr
2024-04-10T01:58:56.983+0000 7f5a9a1a7700 1 --2- >> [v2:172.21.15.16:3300/0,v1:172.21.15.16:6789/0] conn(0x7f5a94076b70 0x7f5a941117a0 unknown :-1 s=HELLO_CONNECTING pgs=0 cs=0 l=1 rev1=1 crypto rx=0 tx=0 comp rx=0 tx=0).handle_hello peer v2:172.21.15.16:3300/0 says I am v2:172.21.15.16:58666/0 (socket says 172.21.15.16:58666)
2024-04-10T01:58:57.876 INFO:teuthology.orchestra.run.smithi016.stdout:/usr/bin/ceph: stderr
2024-04-10T01:58:56.983+0000 7f5a9a1a7700 1 -- 172.21.15.16:0/3394012520 learned_addr learned my addr 172.21.15.16:0/3394012520 (peer_addr_for_me v2:172.21.15.16:0/0)
2024-04-10T01:58:57.876 INFO:teuthology.orchestra.run.smithi016.stdout:/usr/bin/ceph: stderr
2024-04-10T01:58:56.983+0000 7f5a9a1a7700 1 -- 172.21.15.16:0/3394012520 --> [v2:172.21.15.16:3300/0,v1:172.21.15.16:6789/0] -- mon_subscribe({config=0+,monmap=0+}) v3 -- 0x7f5a840094f0 con 0x7f5a94076b70
2024-04-10T01:58:57.876 INFO:teuthology.orchestra.run.smithi016.stdout:/usr/bin/ceph: stderr
2024-04-10T01:58:56.984+0000 7f5a9a1a7700 1 --2- 172.21.15.16:0/3394012520 >> [v2:172.21.15.16:3300/0,v1:172.21.15.16:6789/0] conn(0x7f5a94076b70 0x7f5a941117a0 secure :-1 s=READY pgs=68 cs=0 l=1 rev1=1 crypto rx=0x7f5a840105b0 tx=0x7f5a84009250 comp rx=0 tx=0).ready entity=mon.0 client_cookie=0 server_cookie=0 in_seq=0 out_seq=0
2024-04-10T01:58:57.876 INFO:teuthology.orchestra.run.smithi016.stdout:/usr/bin/ceph: stderr
2024-04-10T01:58:56.984+0000 7f5a8affd700 1 -- 172.21.15.16:0/3394012520 <== mon.0 v2:172.21.15.16:3300/0 1 ==== mon_map magic: 0 v1 ==== 229+0+0 (secure 0 0 0) 0x7f5a84010840 con 0x7f5a94076b70
2024-04-10T01:58:57.876 INFO:teuthology.orchestra.run.smithi016.stdout:/usr/bin/ceph: stderr
2024-04-10T01:58:56.984+0000 7f5a8affd700 1 -- 172.21.15.16:0/3394012520 <== mon.0 v2:172.21.15.16:3300/0 2 ==== config(27 keys) v1 ==== 1109+0+0 (secure 0 0 0) 0x7f5a84010e70 con 0x7f5a94076b70
2024-04-10T01:58:57.877 INFO:teuthology.orchestra.run.smithi016.stdout:/usr/bin/ceph: stderr
2024-04-10T01:58:56.984+0000 7f5a8affd700 1 -- 172.21.15.16:0/3394012520 <== mon.0 v2:172.21.15.16:3300/0 3 ==== mon_map magic: 0 v1 ==== 229+0+0 (secure 0 0 0) 0x7f5a8401ae30 con 0x7f5a94076b70
2024-04-10T01:58:57.877 INFO:teuthology.orchestra.run.smithi016.stdout:/usr/bin/ceph: stderr
2024-04-10T01:58:56.984+0000 7f5a9c40b700 1 -- 172.21.15.16:0/3394012520 --> [v2:172.21.15.16:3300/0,v1:172.21.15.16:6789/0] -- mon_subscribe({mgrmap=0+}) v3 -- 0x7f5a94111ee0 con 0x7f5a94076b70
2024-04-10T01:58:57.877 INFO:teuthology.orchestra.run.smithi016.stdout:/usr/bin/ceph: stderr
2024-04-10T01:58:56.984+0000 7f5a9c40b700 1 -- 172.21.15.16:0/3394012520 --> [v2:172.21.15.16:3300/0,v1:172.21.15.16:6789/0] -- mon_subscribe({osdmap=0}) v3 -- 0x7f5a94112a50 con 0x7f5a94076b70
2024-04-10T01:58:57.877 INFO:teuthology.orchestra.run.smithi016.stdout:/usr/bin/ceph: stderr
2024-04-10T01:58:56.985+0000 7f5a8affd700 1 -- 172.21.15.16:0/3394012520 <== mon.0 v2:172.21.15.16:3300/0 4 ==== mgrmap(e 9) v1 ==== 43381+0+0 (secure 0 0 0) 0x7f5a840109a0 con 0x7f5a94076b70
2024-04-10T01:58:57.877 INFO:teuthology.orchestra.run.smithi016.stdout:/usr/bin/ceph: stderr
2024-04-10T01:58:56.985+0000 7f5a9c40b700 1 -- 172.21.15.16:0/3394012520 --> [v2:172.21.15.16:3300/0,v1:172.21.15.16:6789/0] -- mon_command({"prefix": "get_command_descriptions"} v 0) v1 -- 0x7f5a9405f5f0 con 0x7f5a94076b70
2024-04-10T01:58:57.877 INFO:teuthology.orchestra.run.smithi016.stdout:/usr/bin/ceph: stderr
2024-04-10T01:58:56.985+0000 7f5a8affd700 1 --2- 172.21.15.16:0/3394012520 >> [v2:172.21.15.16:6800/2713532414,v1:172.21.15.16:6801/2713532414] conn(0x7f5a800367e0 0x7f5a80038c90 unknown :-1 s=NONE pgs=0 cs=0 l=1 rev1=0 crypto rx=0 tx=0 comp rx=0 tx=0).connect
2024-04-10T01:58:57.877 INFO:teuthology.orchestra.run.smithi016.stdout:/usr/bin/ceph: stderr
2024-04-10T01:58:56.985+0000 7f5a999a6700 1 -- 172.21.15.16:0/3394012520 >> [v2:172.21.15.16:6800/2713532414,v1:172.21.15.16:6801/2713532414] conn(0x7f5a800367e0 msgr2=0x7f5a80038c90 unknown :-1 s=STATE_CONNECTING_RE l=1).process reconnect failed to v2:172.21.15.16:6800/2713532414
2024-04-10T01:58:57.877 INFO:teuthology.orchestra.run.smithi016.stdout:/usr/bin/ceph: stderr
2024-04-10T01:58:56.985+0000 7f5a8affd700 1 -- 172.21.15.16:0/3394012520 <== mon.0 v2:172.21.15.16:3300/0 5 ==== osd_map(2..2 src has 1..2) v4 ==== 936+0+0 (secure 0 0 0) 0x7f5a8404a240 con 0x7f5a94076b70
2024-04-10T01:58:57.877 INFO:teuthology.orchestra.run.smithi016.stdout:/usr/bin/ceph: stderr
2024-04-10T01:58:56.985+0000 7f5a999a6700 1 --2- 172.21.15.16:0/3394012520 >> [v2:172.21.15.16:6800/2713532414,v1:172.21.15.16:6801/2713532414] conn(0x7f5a800367e0 0x7f5a80038c90 unknown :-1 s=START_CONNECT pgs=0 cs=0 l=1 rev1=0 crypto rx=0 tx=0 comp rx=0 tx=0)._fault waiting 0.200000
2024-04-10T01:58:57.877 INFO:teuthology.orchestra.run.smithi016.stdout:/usr/bin/ceph: stderr
2024-04-10T01:58:56.990+0000 7f5a8affd700 1 -- 172.21.15.16:0/3394012520 <== mon.0 v2:172.21.15.16:3300/0 6 ==== mon_command_ack([{"prefix": "get_command_descriptions"}]=0 v0) v1 ==== 72+0+176504 (secure 0 0 0) 0x7f5a8402b4d0 con 0x7f5a94076b70
2024-04-10T01:58:57.877 INFO:teuthology.orchestra.run.smithi016.stdout:/usr/bin/ceph: stderr
2024-04-10T01:58:57.186+0000 7f5a999a6700 1 -- 172.21.15.16:0/3394012520 >> [v2:172.21.15.16:6800/2713532414,v1:172.21.15.16:6801/2713532414] conn(0x7f5a800367e0 msgr2=0x7f5a80038c90 unknown :-1 s=STATE_CONNECTING_RE l=1).process reconnect failed to v2:172.21.15.16:6800/2713532414
2024-04-10T01:58:57.877 INFO:teuthology.orchestra.run.smithi016.stdout:/usr/bin/ceph: stderr
2024-04-10T01:58:57.186+0000 7f5a999a6700 1 --2- 172.21.15.16:0/3394012520 >> [v2:172.21.15.16:6800/2713532414,v1:172.21.15.16:6801/2713532414] conn(0x7f5a800367e0 0x7f5a80038c90 unknown :-1 s=START_CONNECT pgs=0 cs=0 l=1 rev1=0 crypto rx=0 tx=0 comp rx=0 tx=0)._fault waiting 0.400000
2024-04-10T01:58:57.877 INFO:teuthology.orchestra.run.smithi016.stdout:/usr/bin/ceph: stderr
2024-04-10T01:58:57.239+0000 7f5a9c40b700 1 -- 172.21.15.16:0/3394012520 --> [v2:172.21.15.16:3300/0,v1:172.21.15.16:6789/0] -- mon_command({"prefix": "mgr stat"} v 0) v1 -- 0x7f5a94112d90 con 0x7f5a94076b70
2024-04-10T01:58:57.878 INFO:teuthology.orchestra.run.smithi016.stdout:/usr/bin/ceph: stderr
2024-04-10T01:58:57.239+0000 7f5a8affd700 1 -- 172.21.15.16:0/3394012520 <== mon.0 v2:172.21.15.16:3300/0 7 ==== mon_command_ack([{"prefix": "mgr stat"}]=0 v9) v1 ==== 56+0+103 (secure 0 0 0) 0x7f5a8402b2f0 con 0x7f5a94076b70
2024-04-10T01:58:57.878 INFO:teuthology.orchestra.run.smithi016.stdout:/usr/bin/ceph: stderr
2024-04-10T01:58:57.242+0000 7f5a9c40b700 1 -- 172.21.15.16:0/3394012520 >> [v2:172.21.15.16:6800/2713532414,v1:172.21.15.16:6801/2713532414] conn(0x7f5a800367e0 msgr2=0x7f5a80038c90 unknown :-1 s=STATE_CONNECTING l=1).mark_down
2024-04-10T01:58:57.878 INFO:teuthology.orchestra.run.smithi016.stdout:/usr/bin/ceph: stderr
2024-04-10T01:58:57.242+0000 7f5a9c40b700 1 --2- 172.21.15.16:0/3394012520 >> [v2:172.21.15.16:6800/2713532414,v1:172.21.15.16:6801/2713532414] conn(0x7f5a800367e0 0x7f5a80038c90 unknown :-1 s=START_CONNECT pgs=0 cs=0 l=1 rev1=0 crypto rx=0 tx=0 comp rx=0 tx=0).stop
2024-04-10T01:58:57.878 INFO:teuthology.orchestra.run.smithi016.stdout:/usr/bin/ceph: stderr
2024-04-10T01:58:57.242+0000 7f5a9c40b700 1 -- 172.21.15.16:0/3394012520 >> [v2:172.21.15.16:3300/0,v1:172.21.15.16:6789/0] conn(0x7f5a94076b70 msgr2=0x7f5a941117a0 secure :-1 s=STATE_CONNECTION_ESTABLISHED l=1).mark_down
2024-04-10T01:58:57.878 INFO:teuthology.orchestra.run.smithi016.stdout:/usr/bin/ceph: stderr
2024-04-10T01:58:57.242+0000 7f5a9c40b700 1 --2- 172.21.15.16:0/3394012520 >> [v2:172.21.15.16:3300/0,v1:172.21.15.16:6789/0] conn(0x7f5a94076b70 0x7f5a941117a0 secure :-1 s=READY pgs=68 cs=0 l=1 rev1=1 crypto rx=0x7f5a840105b0 tx=0x7f5a84009250 comp rx=0 tx=0).stop
2024-04-10T01:58:57.878 INFO:teuthology.orchestra.run.smithi016.stdout:/usr/bin/ceph: stderr
2024-04-10T01:58:57.242+0000 7f5a9c40b700 1 -- 172.21.15.16:0/3394012520 shutdown_connections
2024-04-10T01:58:57.878 INFO:teuthology.orchestra.run.smithi016.stdout:/usr/bin/ceph: stderr
2024-04-10T01:58:57.242+0000 7f5a9c40b700 1 --2- 172.21.15.16:0/3394012520 >> [v2:172.21.15.16:6800/2713532414,v1:172.21.15.16:6801/2713532414] conn(0x7f5a800367e0 0x7f5a80038c90 unknown :-1 s=CLOSED pgs=0 cs=0 l=1 rev1=0 crypto rx=0 tx=0 comp rx=0 tx=0).stop
2024-04-10T01:58:57.878 INFO:teuthology.orchestra.run.smithi016.stdout:/usr/bin/ceph: stderr
2024-04-10T01:58:57.242+0000 7f5a9c40b700 1 --2- 172.21.15.16:0/3394012520 >> [v2:172.21.15.16:3300/0,v1:172.21.15.16:6789/0] conn(0x7f5a94076b70 0x7f5a941117a0 unknown :-1 s=CLOSED pgs=68 cs=0 l=1 rev1=1 crypto rx=0 tx=0 comp rx=0 tx=0).stop
2024-04-10T01:58:57.878 INFO:teuthology.orchestra.run.smithi016.stdout:/usr/bin/ceph: stderr
2024-04-10T01:58:57.242+0000 7f5a9c40b700 1 -- 172.21.15.16:0/3394012520 >> 172.21.15.16:0/3394012520 conn(0x7f5a940fcfd0 msgr2=0x7f5a940fdc30 unknown :-1 s=STATE_NONE l=0).mark_down
2024-04-10T01:58:57.878 INFO:teuthology.orchestra.run.smithi016.stdout:/usr/bin/ceph: stderr
2024-04-10T01:58:57.242+0000 7f5a9c40b700 1 -- 172.21.15.16:0/3394012520 shutdown_connections
2024-04-10T01:58:57.878 INFO:teuthology.orchestra.run.smithi016.stdout:/usr/bin/ceph: stderr
2024-04-10T01:58:57.242+0000 7f5a9c40b700 1 -- 172.21.15.16:0/3394012520 wait complete.
2024-04-10T01:58:57.878 INFO:teuthology.orchestra.run.smithi016.stdout:Waiting for the mgr to restart...
2024-04-10T01:58:57.878 INFO:teuthology.orchestra.run.smithi016.stdout:Waiting for mgr epoch 9...
2024-04-10T01:58:58.128 INFO:journalctl@ceph.mon.smithi016.smithi016.stdout:Apr 10 01:58:57 smithi016 ceph-mon[29440]: from='client.? 172.21.15.16:0/3394012520' entity='client.admin' cmd=[{"prefix": "mgr stat"}]: dispatch
2024-04-10T01:59:03.229 INFO:journalctl@ceph.mon.smithi016.smithi016.stdout:Apr 10 01:59:02 smithi016 ceph-mon[29440]: Active manager daemon smithi016.vqnctu restarted
2024-04-10T01:59:03.229 INFO:journalctl@ceph.mon.smithi016.smithi016.stdout:Apr 10 01:59:02 smithi016 ceph-mon[29440]: Activating manager daemon smithi016.vqnctu
2024-04-10T01:59:03.229 INFO:journalctl@ceph.mon.smithi016.smithi016.stdout:Apr 10 01:59:02 smithi016 ceph-mon[29440]: osdmap e3: 0 total, 0 up, 0 in
2024-04-10T01:59:03.229 INFO:journalctl@ceph.mon.smithi016.smithi016.stdout:Apr 10 01:59:02 smithi016 ceph-mon[29440]: mgrmap e10: smithi016.vqnctu(active, starting, since 0.00339491s)
2024-04-10T01:59:03.229 INFO:journalctl@ceph.mon.smithi016.smithi016.stdout:Apr 10 01:59:02 smithi016 ceph-mon[29440]: from='mgr.14160 172.21.15.16:0/1830920295' entity='mgr.smithi016.vqnctu' cmd=[{"prefix": "mon metadata", "id": "smithi016"}]: dispatch
2024-04-10T01:59:03.229 INFO:journalctl@ceph.mon.smithi016.smithi016.stdout:Apr 10 01:59:02 smithi016 ceph-mon[29440]: from='mgr.14160 172.21.15.16:0/1830920295' entity='mgr.smithi016.vqnctu' cmd=[{"prefix": "mgr metadata", "who": "smithi016.vqnctu", "id": "smithi016.vqnctu"}]: dispatch
2024-04-10T01:59:03.229 INFO:journalctl@ceph.mon.smithi016.smithi016.stdout:Apr 10 01:59:02 smithi016 ceph-mon[29440]: from='mgr.14160 172.21.15.16:0/1830920295' entity='mgr.smithi016.vqnctu' cmd=[{"prefix": "mds metadata"}]: dispatch
2024-04-10T01:59:03.229 INFO:journalctl@ceph.mon.smithi016.smithi016.stdout:Apr 10 01:59:02 smithi016 ceph-mon[29440]: from='mgr.14160 172.21.15.16:0/1830920295' entity='mgr.smithi016.vqnctu' cmd=[{"prefix": "osd metadata"}]: dispatch
2024-04-10T01:59:03.230 INFO:journalctl@ceph.mon.smithi016.smithi016.stdout:Apr 10 01:59:02 smithi016 ceph-mon[29440]: from='mgr.14160 172.21.15.16:0/1830920295' entity='mgr.smithi016.vqnctu' cmd=[{"prefix": "mon metadata"}]: dispatch
2024-04-10T01:59:03.230 INFO:journalctl@ceph.mon.smithi016.smithi016.stdout:Apr 10 01:59:02 smithi016 ceph-mon[29440]: Manager daemon smithi016.vqnctu is now available
2024-04-10T01:59:03.230 INFO:journalctl@ceph.mon.smithi016.smithi016.stdout:Apr 10 01:59:02 smithi016 ceph-mon[29440]: from='mgr.14160 172.21.15.16:0/1830920295' entity='mgr.smithi016.vqnctu' cmd=[{"prefix": "config dump", "format": "json"}]: dispatch
2024-04-10T01:59:03.230 INFO:journalctl@ceph.mon.smithi016.smithi016.stdout:Apr 10 01:59:02 smithi016 ceph-mon[29440]: from='mgr.14160 172.21.15.16:0/1830920295' entity='mgr.smithi016.vqnctu' cmd=[{"prefix": "config dump", "format": "json"}]: dispatch
2024-04-10T01:59:03.230 INFO:journalctl@ceph.mon.smithi016.smithi016.stdout:Apr 10 01:59:02 smithi016 ceph-mon[29440]: from='mgr.14160 172.21.15.16:0/1830920295' entity='mgr.smithi016.vqnctu' cmd=[{"prefix":"config rm","who":"mgr","name":"mgr/rbd_support/smithi016.vqnctu/mirror_snapshot_schedule"}]: dispatch
2024-04-10T01:59:03.230 INFO:journalctl@ceph.mon.smithi016.smithi016.stdout:Apr 10 01:59:02 smithi016 ceph-mon[29440]: from='mgr.14160 172.21.15.16:0/1830920295' entity='mgr.smithi016.vqnctu' cmd=[{"prefix":"config rm","who":"mgr","name":"mgr/rbd_support/smithi016.vqnctu/trash_purge_schedule"}]: dispatch
2024-04-10T01:59:03.978 INFO:journalctl@ceph.mon.smithi016.smithi016.stdout:Apr 10 01:59:03 smithi016 ceph-mon[29440]: [10/Apr/2024:01:59:02] ENGINE Bus STARTING
2024-04-10T01:59:03.979 INFO:journalctl@ceph.mon.smithi016.smithi016.stdout:Apr 10 01:59:03 smithi016 ceph-mon[29440]: from='mgr.14160 172.21.15.16:0/1830920295' entity='mgr.smithi016.vqnctu'
2024-04-10T01:59:03.979 INFO:journalctl@ceph.mon.smithi016.smithi016.stdout:Apr 10 01:59:03 smithi016 ceph-mon[29440]: mgrmap e11: smithi016.vqnctu(active, since 1.00542s)
2024-04-10T01:59:04.321 INFO:teuthology.orchestra.run.smithi016.stdout:/usr/bin/ceph: stdout {
2024-04-10T01:59:04.321 INFO:teuthology.orchestra.run.smithi016.stdout:/usr/bin/ceph: stdout "mgrmap_epoch": 11,
2024-04-10T01:59:04.321 INFO:teuthology.orchestra.run.smithi016.stdout:/usr/bin/ceph: stdout "initialized": true
2024-04-10T01:59:04.321 INFO:teuthology.orchestra.run.smithi016.stdout:/usr/bin/ceph: stdout }
2024-04-10T01:59:04.321 INFO:teuthology.orchestra.run.smithi016.stdout:/usr/bin/ceph: stderr
2024-04-10T01:58:58.370+0000 7f8fe3ee9700 1 Processor -- start
2024-04-10T01:59:04.321 INFO:teuthology.orchestra.run.smithi016.stdout:/usr/bin/ceph: stderr
2024-04-10T01:58:58.370+0000 7f8fe3ee9700 1 -- start start
2024-04-10T01:59:04.322 INFO:teuthology.orchestra.run.smithi016.stdout:/usr/bin/ceph: stderr
2024-04-10T01:58:58.370+0000 7f8fe3ee9700 1 --2- >> [v2:172.21.15.16:3300/0,v1:172.21.15.16:6789/0] conn(0x7f8fdc100cc0 0x7f8fdc1010d0 unknown :-1 s=NONE pgs=0 cs=0 l=0 rev1=0 crypto rx=0 tx=0 comp rx=0 tx=0).connect
2024-04-10T01:59:04.322 INFO:teuthology.orchestra.run.smithi016.stdout:/usr/bin/ceph: stderr
2024-04-10T01:58:58.370+0000 7f8fe3ee9700 1 -- --> [v2:172.21.15.16:3300/0,v1:172.21.15.16:6789/0] -- mon_getmap magic: 0 v1 -- 0x7f8fdc101610 con 0x7f8fdc100cc0
2024-04-10T01:59:04.322 INFO:teuthology.orchestra.run.smithi016.stdout:/usr/bin/ceph: stderr
2024-04-10T01:58:58.370+0000 7f8fe1c85700 1 --2- >> [v2:172.21.15.16:3300/0,v1:172.21.15.16:6789/0] conn(0x7f8fdc100cc0 0x7f8fdc1010d0 unknown :-1 s=BANNER_CONNECTING pgs=0 cs=0 l=0 rev1=0 crypto rx=0 tx=0 comp rx=0 tx=0)._handle_peer_banner_payload supported=3 required=0
2024-04-10T01:59:04.322 INFO:teuthology.orchestra.run.smithi016.stdout:/usr/bin/ceph: stderr
2024-04-10T01:58:58.371+0000 7f8fe1c85700 1 --2- >> [v2:172.21.15.16:3300/0,v1:172.21.15.16:6789/0] conn(0x7f8fdc100cc0 0x7f8fdc1010d0 unknown :-1 s=HELLO_CONNECTING pgs=0 cs=0 l=0 rev1=1 crypto rx=0 tx=0 comp rx=0 tx=0).handle_hello peer v2:172.21.15.16:3300/0 says I am v2:172.21.15.16:58682/0 (socket says 172.21.15.16:58682)
2024-04-10T01:59:04.322 INFO:teuthology.orchestra.run.smithi016.stdout:/usr/bin/ceph: stderr
2024-04-10T01:58:58.371+0000 7f8fe1c85700 1 -- 172.21.15.16:0/3472185684 learned_addr learned my addr 172.21.15.16:0/3472185684 (peer_addr_for_me v2:172.21.15.16:0/0)
2024-04-10T01:59:04.322 INFO:teuthology.orchestra.run.smithi016.stdout:/usr/bin/ceph: stderr
2024-04-10T01:58:58.371+0000 7f8fe1c85700 1 -- 172.21.15.16:0/3472185684 --> [v2:172.21.15.16:3300/0,v1:172.21.15.16:6789/0] -- mon_subscribe({config=0+,monmap=0+}) v3 -- 0x7f8fdc101750 con 0x7f8fdc100cc0
2024-04-10T01:59:04.322 INFO:teuthology.orchestra.run.smithi016.stdout:/usr/bin/ceph: stderr
2024-04-10T01:58:58.371+0000 7f8fe1c85700 1 --2- 172.21.15.16:0/3472185684 >> [v2:172.21.15.16:3300/0,v1:172.21.15.16:6789/0] conn(0x7f8fdc100cc0 0x7f8fdc1010d0 secure :-1 s=READY pgs=69 cs=0 l=1 rev1=1 crypto rx=0x7f8fcc0098e0 tx=0x7f8fcc009250 comp rx=0 tx=0).ready entity=mon.0 client_cookie=3ad4fe93ffd99c6 server_cookie=0 in_seq=0 out_seq=0
2024-04-10T01:59:04.322 INFO:teuthology.orchestra.run.smithi016.stdout:/usr/bin/ceph: stderr
2024-04-10T01:58:58.371+0000 7f8fe0c83700 1 -- 172.21.15.16:0/3472185684 <== mon.0 v2:172.21.15.16:3300/0 1 ==== mon_map magic: 0 v1 ==== 229+0+0 (secure 0 0 0) 0x7f8fcc00b860 con 0x7f8fdc100cc0
2024-04-10T01:59:04.322 INFO:teuthology.orchestra.run.smithi016.stdout:/usr/bin/ceph: stderr
2024-04-10T01:58:58.371+0000 7f8fe0c83700 1 -- 172.21.15.16:0/3472185684 <== mon.0 v2:172.21.15.16:3300/0 2 ==== config(27 keys) v1 ==== 1109+0+0 (secure 0 0 0) 0x7f8fcc00be90 con 0x7f8fdc100cc0
2024-04-10T01:59:04.322 INFO:teuthology.orchestra.run.smithi016.stdout:/usr/bin/ceph: stderr
2024-04-10T01:58:58.371+0000 7f8fe0c83700 1 -- 172.21.15.16:0/3472185684 <== mon.0 v2:172.21.15.16:3300/0 3 ==== mon_map magic: 0 v1 ==== 229+0+0 (secure 0 0 0) 0x7f8fcc0103c0 con 0x7f8fdc100cc0
2024-04-10T01:59:04.322 INFO:teuthology.orchestra.run.smithi016.stdout:/usr/bin/ceph: stderr
2024-04-10T01:58:58.372+0000 7f8fe3ee9700 1 -- 172.21.15.16:0/3472185684 >> [v2:172.21.15.16:3300/0,v1:172.21.15.16:6789/0] conn(0x7f8fdc100cc0 msgr2=0x7f8fdc1010d0 secure :-1 s=STATE_CONNECTION_ESTABLISHED l=1).mark_down
2024-04-10T01:59:04.322 INFO:teuthology.orchestra.run.smithi016.stdout:/usr/bin/ceph: stderr
2024-04-10T01:58:58.372+0000 7f8fe3ee9700 1 --2- 172.21.15.16:0/3472185684 >> [v2:172.21.15.16:3300/0,v1:172.21.15.16:6789/0] conn(0x7f8fdc100cc0 0x7f8fdc1010d0 secure :-1 s=READY pgs=69 cs=0 l=1 rev1=1 crypto rx=0x7f8fcc0098e0 tx=0x7f8fcc009250 comp rx=0 tx=0).stop
2024-04-10T01:59:04.322 INFO:teuthology.orchestra.run.smithi016.stdout:/usr/bin/ceph: stderr
2024-04-10T01:58:58.372+0000 7f8fe3ee9700 1 -- 172.21.15.16:0/3472185684 shutdown_connections
2024-04-10T01:59:04.322 INFO:teuthology.orchestra.run.smithi016.stdout:/usr/bin/ceph: stderr
2024-04-10T01:58:58.372+0000 7f8fe3ee9700 1 --2- 172.21.15.16:0/3472185684 >> [v2:172.21.15.16:3300/0,v1:172.21.15.16:6789/0] conn(0x7f8fdc100cc0 0x7f8fdc1010d0 unknown :-1 s=CLOSED pgs=69 cs=0 l=1 rev1=1 crypto rx=0 tx=0 comp rx=0 tx=0).stop
2024-04-10T01:59:04.323 INFO:teuthology.orchestra.run.smithi016.stdout:/usr/bin/ceph: stderr
2024-04-10T01:58:58.372+0000 7f8fe3ee9700 1 -- 172.21.15.16:0/3472185684 >> 172.21.15.16:0/3472185684 conn(0x7f8fdc0fc6e0 msgr2=0x7f8fdc0feb10 unknown :-1 s=STATE_NONE l=0).mark_down
2024-04-10T01:59:04.323 INFO:teuthology.orchestra.run.smithi016.stdout:/usr/bin/ceph: stderr
2024-04-10T01:58:58.372+0000 7f8fe3ee9700 1 -- 172.21.15.16:0/3472185684 shutdown_connections
2024-04-10T01:59:04.323 INFO:teuthology.orchestra.run.smithi016.stdout:/usr/bin/ceph: stderr
2024-04-10T01:58:58.372+0000 7f8fe3ee9700 1 -- 172.21.15.16:0/3472185684 wait complete.
2024-04-10T01:59:04.323 INFO:teuthology.orchestra.run.smithi016.stdout:/usr/bin/ceph: stderr
2024-04-10T01:58:58.372+0000 7f8fe3ee9700 1 Processor -- start
2024-04-10T01:59:04.323 INFO:teuthology.orchestra.run.smithi016.stdout:/usr/bin/ceph: stderr
2024-04-10T01:58:58.372+0000 7f8fe3ee9700 1 -- start start
2024-04-10T01:59:04.323 INFO:teuthology.orchestra.run.smithi016.stdout:/usr/bin/ceph: stderr
2024-04-10T01:58:58.373+0000 7f8fe3ee9700 1 --2- >> [v2:172.21.15.16:3300/0,v1:172.21.15.16:6789/0] conn(0x7f8fdc100cc0 0x7f8fdc1036f0 unknown :-1 s=NONE pgs=0 cs=0 l=1 rev1=0 crypto rx=0 tx=0 comp rx=0 tx=0).connect
2024-04-10T01:59:04.323 INFO:teuthology.orchestra.run.smithi016.stdout:/usr/bin/ceph: stderr
2024-04-10T01:58:58.373+0000 7f8fe3ee9700 1 -- --> [v2:172.21.15.16:3300/0,v1:172.21.15.16:6789/0] -- mon_getmap magic: 0 v1 -- 0x7f8fdc103c30 con 0x7f8fdc100cc0
2024-04-10T01:59:04.323 INFO:teuthology.orchestra.run.smithi016.stdout:/usr/bin/ceph: stderr
