2024-04-10T01:58:45.453+0000 7f21897fa700 1 -- 172.21.15.16:0/2657820981 <== mon.0 v2:172.21.15.16:3300/0 2 ==== config(27 keys) v1 ==== 1044+0+0 (secure 0 0 0) 0x7f2180010d50 con 0x7f218c102920
2024-04-10T01:58:46.550 INFO:teuthology.orchestra.run.smithi016.stdout:/usr/bin/ceph: stderr
2024-04-10T01:58:45.453+0000 7f21897fa700 1 -- 172.21.15.16:0/2657820981 <== mon.0 v2:172.21.15.16:3300/0 3 ==== mon_map magic: 0 v1 ==== 229+0+0 (secure 0 0 0) 0x7f218001ae20 con 0x7f218c102920
2024-04-10T01:58:46.550 INFO:teuthology.orchestra.run.smithi016.stdout:/usr/bin/ceph: stderr
2024-04-10T01:58:45.453+0000 7f2192be0700 1 -- 172.21.15.16:0/2657820981 --> [v2:172.21.15.16:3300/0,v1:172.21.15.16:6789/0] -- mon_subscribe({osdmap=0}) v3 -- 0x7f218c0776e0 con 0x7f218c102920
2024-04-10T01:58:46.551 INFO:teuthology.orchestra.run.smithi016.stdout:/usr/bin/ceph: stderr
2024-04-10T01:58:45.454+0000 7f21897fa700 1 -- 172.21.15.16:0/2657820981 <== mon.0 v2:172.21.15.16:3300/0 4 ==== mgrmap(e 8) v1 ==== 43368+0+0 (secure 0 0 0) 0x7f218002e440 con 0x7f218c102920
2024-04-10T01:58:46.551 INFO:teuthology.orchestra.run.smithi016.stdout:/usr/bin/ceph: stderr
2024-04-10T01:58:45.454+0000 7f21897fa700 1 --2- 172.21.15.16:0/2657820981 >> [v2:172.21.15.16:6800/2713532414,v1:172.21.15.16:6801/2713532414] conn(0x7f217c036770 0x7f217c038c20 unknown :-1 s=NONE pgs=0 cs=0 l=1 rev1=0 crypto rx=0 tx=0 comp rx=0 tx=0).connect
2024-04-10T01:58:46.551 INFO:teuthology.orchestra.run.smithi016.stdout:/usr/bin/ceph: stderr
2024-04-10T01:58:45.454+0000 7f21897fa700 1 -- 172.21.15.16:0/2657820981 <== mon.0 v2:172.21.15.16:3300/0 5 ==== osd_map(2..2 src has 1..2) v4 ==== 936+0+0 (secure 0 0 0) 0x7f218004a860 con 0x7f218c102920
2024-04-10T01:58:46.551 INFO:teuthology.orchestra.run.smithi016.stdout:/usr/bin/ceph: stderr
2024-04-10T01:58:45.454+0000 7f2192be0700 1 -- 172.21.15.16:0/2657820981 --> [v2:172.21.15.16:3300/0,v1:172.21.15.16:6789/0] -- mon_command({"prefix": "get_command_descriptions"} v 0) v1 -- 0x7f218c04bed0 con 0x7f218c102920
2024-04-10T01:58:46.551 INFO:teuthology.orchestra.run.smithi016.stdout:/usr/bin/ceph: stderr
2024-04-10T01:58:45.454+0000 7f218bfff700 1 --2- 172.21.15.16:0/2657820981 >> [v2:172.21.15.16:6800/2713532414,v1:172.21.15.16:6801/2713532414] conn(0x7f217c036770 0x7f217c038c20 unknown :-1 s=BANNER_CONNECTING pgs=0 cs=0 l=1 rev1=0 crypto rx=0 tx=0 comp rx=0 tx=0)._handle_peer_banner_payload supported=3 required=0
2024-04-10T01:58:46.551 INFO:teuthology.orchestra.run.smithi016.stdout:/usr/bin/ceph: stderr
2024-04-10T01:58:45.454+0000 7f218bfff700 1 --2- 172.21.15.16:0/2657820981 >> [v2:172.21.15.16:6800/2713532414,v1:172.21.15.16:6801/2713532414] conn(0x7f217c036770 0x7f217c038c20 secure :-1 s=READY pgs=14 cs=0 l=1 rev1=1 crypto rx=0x7f2178009990 tx=0x7f2178006e40 comp rx=0 tx=0).ready entity=mgr.14118 client_cookie=0 server_cookie=0 in_seq=0 out_seq=0
2024-04-10T01:58:46.551 INFO:teuthology.orchestra.run.smithi016.stdout:/usr/bin/ceph: stderr
2024-04-10T01:58:45.459+0000 7f21897fa700 1 -- 172.21.15.16:0/2657820981 <== mon.0 v2:172.21.15.16:3300/0 6 ==== mon_command_ack([{"prefix": "get_command_descriptions"}]=0 v0) v1 ==== 72+0+176504 (secure 0 0 0) 0x7f2180018940 con 0x7f218c102920
2024-04-10T01:58:46.551 INFO:teuthology.orchestra.run.smithi016.stdout:/usr/bin/ceph: stderr
2024-04-10T01:58:45.665+0000 7f2192be0700 1 -- 172.21.15.16:0/2657820981 --> [v2:172.21.15.16:6800/2713532414,v1:172.21.15.16:6801/2713532414] -- mgr_command(tid 0: {"prefix": "orch apply", "service_type": "crash", "target": ["mon-mgr", ""]}) v1 -- 0x7f218c077d70 con 0x7f217c036770
2024-04-10T01:58:46.551 INFO:teuthology.orchestra.run.smithi016.stdout:/usr/bin/ceph: stderr
2024-04-10T01:58:45.669+0000 7f21897fa700 1 -- 172.21.15.16:0/2657820981 <== mgr.14118 v2:172.21.15.16:6800/2713532414 1 ==== mgr_command_reply(tid 0: 0 ) v1 ==== 8+0+26 (secure 0 0 0) 0x7f218c077d70 con 0x7f217c036770
2024-04-10T01:58:46.551 INFO:teuthology.orchestra.run.smithi016.stdout:/usr/bin/ceph: stderr
2024-04-10T01:58:45.671+0000 7f2192be0700 1 -- 172.21.15.16:0/2657820981 >> [v2:172.21.15.16:6800/2713532414,v1:172.21.15.16:6801/2713532414] conn(0x7f217c036770 msgr2=0x7f217c038c20 secure :-1 s=STATE_CONNECTION_ESTABLISHED l=1).mark_down
2024-04-10T01:58:46.551 INFO:teuthology.orchestra.run.smithi016.stdout:/usr/bin/ceph: stderr
2024-04-10T01:58:45.671+0000 7f2192be0700 1 --2- 172.21.15.16:0/2657820981 >> [v2:172.21.15.16:6800/2713532414,v1:172.21.15.16:6801/2713532414] conn(0x7f217c036770 0x7f217c038c20 secure :-1 s=READY pgs=14 cs=0 l=1 rev1=1 crypto rx=0x7f2178009990 tx=0x7f2178006e40 comp rx=0 tx=0).stop
2024-04-10T01:58:46.551 INFO:teuthology.orchestra.run.smithi016.stdout:/usr/bin/ceph: stderr
2024-04-10T01:58:45.671+0000 7f2192be0700 1 -- 172.21.15.16:0/2657820981 >> [v2:172.21.15.16:3300/0,v1:172.21.15.16:6789/0] conn(0x7f218c102920 msgr2=0x7f218c078c40 secure :-1 s=STATE_CONNECTION_ESTABLISHED l=1).mark_down
2024-04-10T01:58:46.551 INFO:teuthology.orchestra.run.smithi016.stdout:/usr/bin/ceph: stderr
2024-04-10T01:58:45.671+0000 7f2192be0700 1 --2- 172.21.15.16:0/2657820981 >> [v2:172.21.15.16:3300/0,v1:172.21.15.16:6789/0] conn(0x7f218c102920 0x7f218c078c40 secure :-1 s=READY pgs=50 cs=0 l=1 rev1=1 crypto rx=0x7f218000b440 tx=0x7f2180009250 comp rx=0 tx=0).stop
2024-04-10T01:58:46.551 INFO:teuthology.orchestra.run.smithi016.stdout:/usr/bin/ceph: stderr
2024-04-10T01:58:45.671+0000 7f2192be0700 1 -- 172.21.15.16:0/2657820981 shutdown_connections
2024-04-10T01:58:46.552 INFO:teuthology.orchestra.run.smithi016.stdout:/usr/bin/ceph: stderr
2024-04-10T01:58:45.671+0000 7f2192be0700 1 --2- 172.21.15.16:0/2657820981 >> [v2:172.21.15.16:6800/2713532414,v1:172.21.15.16:6801/2713532414] conn(0x7f217c036770 0x7f217c038c20 unknown :-1 s=CLOSED pgs=14 cs=0 l=1 rev1=1 crypto rx=0 tx=0 comp rx=0 tx=0).stop
2024-04-10T01:58:46.552 INFO:teuthology.orchestra.run.smithi016.stdout:/usr/bin/ceph: stderr
2024-04-10T01:58:45.671+0000 7f2192be0700 1 --2- 172.21.15.16:0/2657820981 >> [v2:172.21.15.16:3300/0,v1:172.21.15.16:6789/0] conn(0x7f218c102920 0x7f218c078c40 unknown :-1 s=CLOSED pgs=50 cs=0 l=1 rev1=1 crypto rx=0 tx=0 comp rx=0 tx=0).stop
2024-04-10T01:58:46.552 INFO:teuthology.orchestra.run.smithi016.stdout:/usr/bin/ceph: stderr
2024-04-10T01:58:45.671+0000 7f2192be0700 1 -- 172.21.15.16:0/2657820981 >> 172.21.15.16:0/2657820981 conn(0x7f218c0fe0a0 msgr2=0x7f218c0fec00 unknown :-1 s=STATE_NONE l=0).mark_down
2024-04-10T01:58:46.552 INFO:teuthology.orchestra.run.smithi016.stdout:/usr/bin/ceph: stderr
2024-04-10T01:58:45.671+0000 7f2192be0700 1 -- 172.21.15.16:0/2657820981 shutdown_connections
2024-04-10T01:58:46.552 INFO:teuthology.orchestra.run.smithi016.stdout:/usr/bin/ceph: stderr
2024-04-10T01:58:45.671+0000 7f2192be0700 1 -- 172.21.15.16:0/2657820981 wait complete.
2024-04-10T01:58:46.552 INFO:teuthology.orchestra.run.smithi016.stdout:Deploying prometheus service with default placement...
2024-04-10T01:58:46.934 INFO:journalctl@ceph.mon.smithi016.smithi016.stdout:Apr 10 01:58:46 smithi016 ceph-mon[29440]: from='client.14144 -' entity='client.admin' cmd=[{"prefix": "orch apply", "service_type": "crash", "target": ["mon-mgr", ""]}]: dispatch
2024-04-10T01:58:46.934 INFO:journalctl@ceph.mon.smithi016.smithi016.stdout:Apr 10 01:58:46 smithi016 ceph-mon[29440]: Saving service crash spec with placement *
2024-04-10T01:58:46.934 INFO:journalctl@ceph.mon.smithi016.smithi016.stdout:Apr 10 01:58:46 smithi016 ceph-mon[29440]: from='mgr.14118 172.21.15.16:0/2226199818' entity='mgr.smithi016.vqnctu'
2024-04-10T01:58:46.934 INFO:journalctl@ceph.mon.smithi016.smithi016.stdout:Apr 10 01:58:46 smithi016 ceph-mon[29440]: from='mgr.14118 172.21.15.16:0/2226199818' entity='mgr.smithi016.vqnctu'
2024-04-10T01:58:47.782 INFO:teuthology.orchestra.run.smithi016.stdout:/usr/bin/ceph: stdout Scheduled prometheus update...
2024-04-10T01:58:47.783 INFO:teuthology.orchestra.run.smithi016.stdout:/usr/bin/ceph: stderr
2024-04-10T01:58:46.956+0000 7f650f650700 1 Processor -- start
2024-04-10T01:58:47.783 INFO:teuthology.orchestra.run.smithi016.stdout:/usr/bin/ceph: stderr
2024-04-10T01:58:46.956+0000 7f650f650700 1 -- start start
2024-04-10T01:58:47.783 INFO:teuthology.orchestra.run.smithi016.stdout:/usr/bin/ceph: stderr
2024-04-10T01:58:46.956+0000 7f650f650700 1 --2- >> [v2:172.21.15.16:3300/0,v1:172.21.15.16:6789/0] conn(0x7f6508078c70 0x7f6508077270 unknown :-1 s=NONE pgs=0 cs=0 l=0 rev1=0 crypto rx=0 tx=0 comp rx=0 tx=0).connect
2024-04-10T01:58:47.783 INFO:teuthology.orchestra.run.smithi016.stdout:/usr/bin/ceph: stderr
2024-04-10T01:58:46.956+0000 7f650f650700 1 -- --> [v2:172.21.15.16:3300/0,v1:172.21.15.16:6789/0] -- mon_getmap magic: 0 v1 -- 0x7f6508079080 con 0x7f6508078c70
2024-04-10T01:58:47.783 INFO:teuthology.orchestra.run.smithi016.stdout:/usr/bin/ceph: stderr
2024-04-10T01:58:46.957+0000 7f650d3ec700 1 --2- >> [v2:172.21.15.16:3300/0,v1:172.21.15.16:6789/0] conn(0x7f6508078c70 0x7f6508077270 unknown :-1 s=BANNER_CONNECTING pgs=0 cs=0 l=0 rev1=0 crypto rx=0 tx=0 comp rx=0 tx=0)._handle_peer_banner_payload supported=3 required=0
2024-04-10T01:58:47.783 INFO:teuthology.orchestra.run.smithi016.stdout:/usr/bin/ceph: stderr
2024-04-10T01:58:46.957+0000 7f650d3ec700 1 --2- >> [v2:172.21.15.16:3300/0,v1:172.21.15.16:6789/0] conn(0x7f6508078c70 0x7f6508077270 unknown :-1 s=HELLO_CONNECTING pgs=0 cs=0 l=0 rev1=1 crypto rx=0 tx=0 comp rx=0 tx=0).handle_hello peer v2:172.21.15.16:3300/0 says I am v2:172.21.15.16:52214/0 (socket says 172.21.15.16:52214)
2024-04-10T01:58:47.783 INFO:teuthology.orchestra.run.smithi016.stdout:/usr/bin/ceph: stderr
2024-04-10T01:58:46.957+0000 7f650d3ec700 1 -- 172.21.15.16:0/3523740321 learned_addr learned my addr 172.21.15.16:0/3523740321 (peer_addr_for_me v2:172.21.15.16:0/0)
2024-04-10T01:58:47.783 INFO:teuthology.orchestra.run.smithi016.stdout:/usr/bin/ceph: stderr
2024-04-10T01:58:46.957+0000 7f650d3ec700 1 -- 172.21.15.16:0/3523740321 --> [v2:172.21.15.16:3300/0,v1:172.21.15.16:6789/0] -- mon_subscribe({config=0+,monmap=0+}) v3 -- 0x7f65080777b0 con 0x7f6508078c70
2024-04-10T01:58:47.783 INFO:teuthology.orchestra.run.smithi016.stdout:/usr/bin/ceph: stderr
2024-04-10T01:58:46.957+0000 7f650d3ec700 1 --2- 172.21.15.16:0/3523740321 >> [v2:172.21.15.16:3300/0,v1:172.21.15.16:6789/0] conn(0x7f6508078c70 0x7f6508077270 secure :-1 s=READY pgs=51 cs=0 l=1 rev1=1 crypto rx=0x7f65040098e0 tx=0x7f6504009250 comp rx=0 tx=0).ready entity=mon.0 client_cookie=ea37c8b53fd865b4 server_cookie=0 in_seq=0 out_seq=0
2024-04-10T01:58:47.783 INFO:teuthology.orchestra.run.smithi016.stdout:/usr/bin/ceph: stderr
2024-04-10T01:58:46.957+0000 7f64fffff700 1 -- 172.21.15.16:0/3523740321 <== mon.0 v2:172.21.15.16:3300/0 1 ==== mon_map magic: 0 v1 ==== 229+0+0 (secure 0 0 0) 0x7f650400b860 con 0x7f6508078c70
2024-04-10T01:58:47.783 INFO:teuthology.orchestra.run.smithi016.stdout:/usr/bin/ceph: stderr
2024-04-10T01:58:46.957+0000 7f64fffff700 1 -- 172.21.15.16:0/3523740321 <== mon.0 v2:172.21.15.16:3300/0 2 ==== config(27 keys) v1 ==== 1109+0+0 (secure 0 0 0) 0x7f650400be90 con 0x7f6508078c70
2024-04-10T01:58:47.784 INFO:teuthology.orchestra.run.smithi016.stdout:/usr/bin/ceph: stderr
2024-04-10T01:58:46.957+0000 7f64fffff700 1 -- 172.21.15.16:0/3523740321 <== mon.0 v2:172.21.15.16:3300/0 3 ==== mon_map magic: 0 v1 ==== 229+0+0 (secure 0 0 0) 0x7f65040103c0 con 0x7f6508078c70
2024-04-10T01:58:47.784 INFO:teuthology.orchestra.run.smithi016.stdout:/usr/bin/ceph: stderr
2024-04-10T01:58:46.958+0000 7f650f650700 1 -- 172.21.15.16:0/3523740321 >> [v2:172.21.15.16:3300/0,v1:172.21.15.16:6789/0] conn(0x7f6508078c70 msgr2=0x7f6508077270 secure :-1 s=STATE_CONNECTION_ESTABLISHED l=1).mark_down
2024-04-10T01:58:47.784 INFO:teuthology.orchestra.run.smithi016.stdout:/usr/bin/ceph: stderr
2024-04-10T01:58:46.958+0000 7f650f650700 1 --2- 172.21.15.16:0/3523740321 >> [v2:172.21.15.16:3300/0,v1:172.21.15.16:6789/0] conn(0x7f6508078c70 0x7f6508077270 secure :-1 s=READY pgs=51 cs=0 l=1 rev1=1 crypto rx=0x7f65040098e0 tx=0x7f6504009250 comp rx=0 tx=0).stop
2024-04-10T01:58:47.784 INFO:teuthology.orchestra.run.smithi016.stdout:/usr/bin/ceph: stderr
2024-04-10T01:58:46.958+0000 7f650f650700 1 -- 172.21.15.16:0/3523740321 shutdown_connections
2024-04-10T01:58:47.784 INFO:teuthology.orchestra.run.smithi016.stdout:/usr/bin/ceph: stderr
2024-04-10T01:58:46.958+0000 7f650f650700 1 --2- 172.21.15.16:0/3523740321 >> [v2:172.21.15.16:3300/0,v1:172.21.15.16:6789/0] conn(0x7f6508078c70 0x7f6508077270 unknown :-1 s=CLOSED pgs=51 cs=0 l=1 rev1=1 crypto rx=0 tx=0 comp rx=0 tx=0).stop
2024-04-10T01:58:47.784 INFO:teuthology.orchestra.run.smithi016.stdout:/usr/bin/ceph: stderr
2024-04-10T01:58:46.958+0000 7f650f650700 1 -- 172.21.15.16:0/3523740321 >> 172.21.15.16:0/3523740321 conn(0x7f65080fe0a0 msgr2=0x7f65081004b0 unknown :-1 s=STATE_NONE l=0).mark_down
2024-04-10T01:58:47.784 INFO:teuthology.orchestra.run.smithi016.stdout:/usr/bin/ceph: stderr
2024-04-10T01:58:46.958+0000 7f650f650700 1 -- 172.21.15.16:0/3523740321 shutdown_connections
2024-04-10T01:58:47.784 INFO:teuthology.orchestra.run.smithi016.stdout:/usr/bin/ceph: stderr
2024-04-10T01:58:46.958+0000 7f650f650700 1 -- 172.21.15.16:0/3523740321 wait complete.
2024-04-10T01:58:47.784 INFO:teuthology.orchestra.run.smithi016.stdout:/usr/bin/ceph: stderr
2024-04-10T01:58:46.958+0000 7f650f650700 1 Processor -- start
2024-04-10T01:58:47.784 INFO:teuthology.orchestra.run.smithi016.stdout:/usr/bin/ceph: stderr
2024-04-10T01:58:46.958+0000 7f650f650700 1 -- start start
2024-04-10T01:58:47.784 INFO:teuthology.orchestra.run.smithi016.stdout:/usr/bin/ceph: stderr
2024-04-10T01:58:46.959+0000 7f650f650700 1 --2- >> [v2:172.21.15.16:3300/0,v1:172.21.15.16:6789/0] conn(0x7f6508078c70 0x7f6508113930 unknown :-1 s=NONE pgs=0 cs=0 l=1 rev1=0 crypto rx=0 tx=0 comp rx=0 tx=0).connect
2024-04-10T01:58:47.784 INFO:teuthology.orchestra.run.smithi016.stdout:/usr/bin/ceph: stderr
2024-04-10T01:58:46.959+0000 7f650f650700 1 -- --> [v2:172.21.15.16:3300/0,v1:172.21.15.16:6789/0] -- mon_getmap magic: 0 v1 -- 0x7f6508113e70 con 0x7f6508078c70
2024-04-10T01:58:47.784 INFO:teuthology.orchestra.run.smithi016.stdout:/usr/bin/ceph: stderr
2024-04-10T01:58:46.959+0000 7f650d3ec700 1 --2- >> [v2:172.21.15.16:3300/0,v1:172.21.15.16:6789/0] conn(0x7f6508078c70 0x7f6508113930 unknown :-1 s=BANNER_CONNECTING pgs=0 cs=0 l=1 rev1=0 crypto rx=0 tx=0 comp rx=0 tx=0)._handle_peer_banner_payload supported=3 required=0
2024-04-10T01:58:47.784 INFO:teuthology.orchestra.run.smithi016.stdout:/usr/bin/ceph: stderr
2024-04-10T01:58:46.959+0000 7f650d3ec700 1 --2- >> [v2:172.21.15.16:3300/0,v1:172.21.15.16:6789/0] conn(0x7f6508078c70 0x7f6508113930 unknown :-1 s=HELLO_CONNECTING pgs=0 cs=0 l=1 rev1=1 crypto rx=0 tx=0 comp rx=0 tx=0).handle_hello peer v2:172.21.15.16:3300/0 says I am v2:172.21.15.16:52226/0 (socket says 172.21.15.16:52226)
2024-04-10T01:58:47.785 INFO:teuthology.orchestra.run.smithi016.stdout:/usr/bin/ceph: stderr
2024-04-10T01:58:46.959+0000 7f650d3ec700 1 -- 172.21.15.16:0/3346667557 learned_addr learned my addr 172.21.15.16:0/3346667557 (peer_addr_for_me v2:172.21.15.16:0/0)
2024-04-10T01:58:47.785 INFO:teuthology.orchestra.run.smithi016.stdout:/usr/bin/ceph: stderr
2024-04-10T01:58:46.959+0000 7f650d3ec700 1 -- 172.21.15.16:0/3346667557 --> [v2:172.21.15.16:3300/0,v1:172.21.15.16:6789/0] -- mon_subscribe({config=0+,monmap=0+}) v3 -- 0x7f65040094f0 con 0x7f6508078c70
2024-04-10T01:58:47.785 INFO:teuthology.orchestra.run.smithi016.stdout:/usr/bin/ceph: stderr
2024-04-10T01:58:46.959+0000 7f650d3ec700 1 --2- 172.21.15.16:0/3346667557 >> [v2:172.21.15.16:3300/0,v1:172.21.15.16:6789/0] conn(0x7f6508078c70 0x7f6508113930 secure :-1 s=READY pgs=52 cs=0 l=1 rev1=1 crypto rx=0x7f65040094c0 tx=0x7f6504009250 comp rx=0 tx=0).ready entity=mon.0 client_cookie=0 server_cookie=0 in_seq=0 out_seq=0
2024-04-10T01:58:47.785 INFO:teuthology.orchestra.run.smithi016.stdout:/usr/bin/ceph: stderr
2024-04-10T01:58:46.959+0000 7f64fdffb700 1 -- 172.21.15.16:0/3346667557 <== mon.0 v2:172.21.15.16:3300/0 1 ==== mon_map magic: 0 v1 ==== 229+0+0 (secure 0 0 0) 0x7f6504010890 con 0x7f6508078c70
2024-04-10T01:58:47.785 INFO:teuthology.orchestra.run.smithi016.stdout:/usr/bin/ceph: stderr
2024-04-10T01:58:46.959+0000 7f64fdffb700 1 -- 172.21.15.16:0/3346667557 <== mon.0 v2:172.21.15.16:3300/0 2 ==== config(27 keys) v1 ==== 1109+0+0 (secure 0 0 0) 0x7f6504010ec0 con 0x7f6508078c70
2024-04-10T01:58:47.785 INFO:teuthology.orchestra.run.smithi016.stdout:/usr/bin/ceph: stderr
2024-04-10T01:58:46.959+0000 7f650f650700 1 -- 172.21.15.16:0/3346667557 --> [v2:172.21.15.16:3300/0,v1:172.21.15.16:6789/0] -- mon_subscribe({mgrmap=0+}) v3 -- 0x7f6508114070 con 0x7f6508078c70
2024-04-10T01:58:47.785 INFO:teuthology.orchestra.run.smithi016.stdout:/usr/bin/ceph: stderr
2024-04-10T01:58:46.959+0000 7f64fdffb700 1 -- 172.21.15.16:0/3346667557 <== mon.0 v2:172.21.15.16:3300/0 3 ==== mon_map magic: 0 v1 ==== 229+0+0 (secure 0 0 0) 0x7f65040243f0 con 0x7f6508078c70
2024-04-10T01:58:47.785 INFO:teuthology.orchestra.run.smithi016.stdout:/usr/bin/ceph: stderr
2024-04-10T01:58:46.960+0000 7f650f650700 1 -- 172.21.15.16:0/3346667557 --> [v2:172.21.15.16:3300/0,v1:172.21.15.16:6789/0] -- mon_subscribe({osdmap=0}) v3 -- 0x7f6508114be0 con 0x7f6508078c70
2024-04-10T01:58:47.785 INFO:teuthology.orchestra.run.smithi016.stdout:/usr/bin/ceph: stderr
2024-04-10T01:58:46.960+0000 7f64fdffb700 1 -- 172.21.15.16:0/3346667557 <== mon.0 v2:172.21.15.16:3300/0 4 ==== mgrmap(e 8) v1 ==== 43368+0+0 (secure 0 0 0) 0x7f650402d3f0 con 0x7f6508078c70
2024-04-10T01:58:47.785 INFO:teuthology.orchestra.run.smithi016.stdout:/usr/bin/ceph: stderr
2024-04-10T01:58:46.960+0000 7f650f650700 1 -- 172.21.15.16:0/3346667557 --> [v2:172.21.15.16:3300/0,v1:172.21.15.16:6789/0] -- mon_command({"prefix": "get_command_descriptions"} v 0) v1 -- 0x7f650805f5f0 con 0x7f6508078c70
2024-04-10T01:58:47.785 INFO:teuthology.orchestra.run.smithi016.stdout:/usr/bin/ceph: stderr
2024-04-10T01:58:46.961+0000 7f64fdffb700 1 --2- 172.21.15.16:0/3346667557 >> [v2:172.21.15.16:6800/2713532414,v1:172.21.15.16:6801/2713532414] conn(0x7f64f4036790 0x7f64f4038c40 unknown :-1 s=NONE pgs=0 cs=0 l=1 rev1=0 crypto rx=0 tx=0 comp rx=0 tx=0).connect
2024-04-10T01:58:47.785 INFO:teuthology.orchestra.run.smithi016.stdout:/usr/bin/ceph: stderr
2024-04-10T01:58:46.961+0000 7f64fdffb700 1 -- 172.21.15.16:0/3346667557 <== mon.0 v2:172.21.15.16:3300/0 5 ==== osd_map(2..2 src has 1..2) v4 ==== 936+0+0 (secure 0 0 0) 0x7f650404a500 con 0x7f6508078c70
2024-04-10T01:58:47.786 INFO:teuthology.orchestra.run.smithi016.stdout:/usr/bin/ceph: stderr
2024-04-10T01:58:46.961+0000 7f650cbeb700 1 --2- 172.21.15.16:0/3346667557 >> [v2:172.21.15.16:6800/2713532414,v1:172.21.15.16:6801/2713532414] conn(0x7f64f4036790 0x7f64f4038c40 unknown :-1 s=BANNER_CONNECTING pgs=0 cs=0 l=1 rev1=0 crypto rx=0 tx=0 comp rx=0 tx=0)._handle_peer_banner_payload supported=3 required=0
2024-04-10T01:58:47.786 INFO:teuthology.orchestra.run.smithi016.stdout:/usr/bin/ceph: stderr
2024-04-10T01:58:46.961+0000 7f650cbeb700 1 --2- 172.21.15.16:0/3346667557 >> [v2:172.21.15.16:6800/2713532414,v1:172.21.15.16:6801/2713532414] conn(0x7f64f4036790 0x7f64f4038c40 secure :-1 s=READY pgs=15 cs=0 l=1 rev1=1 crypto rx=0x7f64f8009990 tx=0x7f64f8006e40 comp rx=0 tx=0).ready entity=mgr.14118 client_cookie=0 server_cookie=0 in_seq=0 out_seq=0
2024-04-10T01:58:47.786 INFO:teuthology.orchestra.run.smithi016.stdout:/usr/bin/ceph: stderr
2024-04-10T01:58:46.965+0000 7f64fdffb700 1 -- 172.21.15.16:0/3346667557 <== mon.0 v2:172.21.15.16:3300/0 6 ==== mon_command_ack([{"prefix": "get_command_descriptions"}]=0 v0) v1 ==== 72+0+176504 (secure 0 0 0) 0x7f650402b8e0 con 0x7f6508078c70
2024-04-10T01:58:47.786 INFO:teuthology.orchestra.run.smithi016.stdout:/usr/bin/ceph: stderr
2024-04-10T01:58:47.174+0000 7f650f650700 1 -- 172.21.15.16:0/3346667557 --> [v2:172.21.15.16:6800/2713532414,v1:172.21.15.16:6801/2713532414] -- mgr_command(tid 0: {"prefix": "orch apply", "service_type": "prometheus", "target": ["mon-mgr", ""]}) v1 -- 0x7f65080ff390 con 0x7f64f4036790
2024-04-10T01:58:47.786 INFO:teuthology.orchestra.run.smithi016.stdout:/usr/bin/ceph: stderr
2024-04-10T01:58:47.178+0000 7f64fdffb700 1 -- 172.21.15.16:0/3346667557 <== mgr.14118 v2:172.21.15.16:6800/2713532414 1 ==== mgr_command_reply(tid 0: 0 ) v1 ==== 8+0+31 (secure 0 0 0) 0x7f65080ff390 con 0x7f64f4036790
2024-04-10T01:58:47.786 INFO:teuthology.orchestra.run.smithi016.stdout:/usr/bin/ceph: stderr
2024-04-10T01:58:47.182+0000 7f650f650700 1 -- 172.21.15.16:0/3346667557 >> [v2:172.21.15.16:6800/2713532414,v1:172.21.15.16:6801/2713532414] conn(0x7f64f4036790 msgr2=0x7f64f4038c40 secure :-1 s=STATE_CONNECTION_ESTABLISHED l=1).mark_down
2024-04-10T01:58:47.786 INFO:teuthology.orchestra.run.smithi016.stdout:/usr/bin/ceph: stderr
2024-04-10T01:58:47.182+0000 7f650f650700 1 --2- 172.21.15.16:0/3346667557 >> [v2:172.21.15.16:6800/2713532414,v1:172.21.15.16:6801/2713532414] conn(0x7f64f4036790 0x7f64f4038c40 secure :-1 s=READY pgs=15 cs=0 l=1 rev1=1 crypto rx=0x7f64f8009990 tx=0x7f64f8006e40 comp rx=0 tx=0).stop
2024-04-10T01:58:47.786 INFO:teuthology.orchestra.run.smithi016.stdout:/usr/bin/ceph: stderr
2024-04-10T01:58:47.182+0000 7f650f650700 1 -- 172.21.15.16:0/3346667557 >> [v2:172.21.15.16:3300/0,v1:172.21.15.16:6789/0] conn(0x7f6508078c70 msgr2=0x7f6508113930 secure :-1 s=STATE_CONNECTION_ESTABLISHED l=1).mark_down
2024-04-10T01:58:47.786 INFO:teuthology.orchestra.run.smithi016.stdout:/usr/bin/ceph: stderr
2024-04-10T01:58:47.182+0000 7f650f650700 1 --2- 172.21.15.16:0/3346667557 >> [v2:172.21.15.16:3300/0,v1:172.21.15.16:6789/0] conn(0x7f6508078c70 0x7f6508113930 secure :-1 s=READY pgs=52 cs=0 l=1 rev1=1 crypto rx=0x7f65040094c0 tx=0x7f6504009250 comp rx=0 tx=0).stop
2024-04-10T01:58:47.786 INFO:teuthology.orchestra.run.smithi016.stdout:/usr/bin/ceph: stderr
2024-04-10T01:58:47.182+0000 7f650f650700 1 -- 172.21.15.16:0/3346667557 shutdown_connections
2024-04-10T01:58:47.786 INFO:teuthology.orchestra.run.smithi016.stdout:/usr/bin/ceph: stderr
2024-04-10T01:58:47.182+0000 7f650f650700 1 --2- 172.21.15.16:0/3346667557 >> [v2:172.21.15.16:6800/2713532414,v1:172.21.15.16:6801/2713532414] conn(0x7f64f4036790 0x7f64f4038c40 unknown :-1 s=CLOSED pgs=15 cs=0 l=1 rev1=1 crypto rx=0 tx=0 comp rx=0 tx=0).stop
2024-04-10T01:58:47.787 INFO:teuthology.orchestra.run.smithi016.stdout:/usr/bin/ceph: stderr
2024-04-10T01:58:47.182+0000 7f650f650700 1 --2- 172.21.15.16:0/3346667557 >> [v2:172.21.15.16:3300/0,v1:172.21.15.16:6789/0] conn(0x7f6508078c70 0x7f6508113930 unknown :-1 s=CLOSED pgs=52 cs=0 l=1 rev1=1 crypto rx=0 tx=0 comp rx=0 tx=0).stop
2024-04-10T01:58:47.787 INFO:teuthology.orchestra.run.smithi016.stdout:/usr/bin/ceph: stderr
2024-04-10T01:58:47.182+0000 7f650f650700 1 -- 172.21.15.16:0/3346667557 >> 172.21.15.16:0/3346667557 conn(0x7f65080fe0a0 msgr2=0x7f65080fec20 unknown :-1 s=STATE_NONE l=0).mark_down
2024-04-10T01:58:47.787 INFO:teuthology.orchestra.run.smithi016.stdout:/usr/bin/ceph: stderr
2024-04-10T01:58:47.182+0000 7f650f650700 1 -- 172.21.15.16:0/3346667557 shutdown_connections
2024-04-10T01:58:47.787 INFO:teuthology.orchestra.run.smithi016.stdout:/usr/bin/ceph: stderr
2024-04-10T01:58:47.182+0000 7f650f650700 1 -- 172.21.15.16:0/3346667557 wait complete.
2024-04-10T01:58:47.787 INFO:teuthology.orchestra.run.smithi016.stdout:Deploying grafana service with default placement...
2024-04-10T01:58:48.155 INFO:journalctl@ceph.mon.smithi016.smithi016.stdout:Apr 10 01:58:48 smithi016 ceph-mon[29440]: from='mgr.14118 172.21.15.16:0/2226199818' entity='mgr.smithi016.vqnctu'
2024-04-10T01:58:48.155 INFO:journalctl@ceph.mon.smithi016.smithi016.stdout:Apr 10 01:58:48 smithi016 ceph-mon[29440]: from='client.14146 -' entity='client.admin' cmd=[{"prefix": "orch apply", "service_type": "prometheus", "target": ["mon-mgr", ""]}]: dispatch
2024-04-10T01:58:48.155 INFO:journalctl@ceph.mon.smithi016.smithi016.stdout:Apr 10 01:58:48 smithi016 ceph-mon[29440]: Saving service prometheus spec with placement count:1
2024-04-10T01:58:48.155 INFO:journalctl@ceph.mon.smithi016.smithi016.stdout:Apr 10 01:58:48 smithi016 ceph-mon[29440]: from='mgr.14118 172.21.15.16:0/2226199818' entity='mgr.smithi016.vqnctu'
2024-04-10T01:58:49.472 INFO:teuthology.orchestra.run.smithi016.stdout:/usr/bin/ceph: stdout Scheduled grafana update...
2024-04-10T01:58:49.472 INFO:teuthology.orchestra.run.smithi016.stdout:/usr/bin/ceph: stderr
2024-04-10T01:58:48.155+0000 7fbc05c28700 1 Processor -- start
2024-04-10T01:58:49.472 INFO:teuthology.orchestra.run.smithi016.stdout:/usr/bin/ceph: stderr
2024-04-10T01:58:48.155+0000 7fbc05c28700 1 -- start start
2024-04-10T01:58:49.472 INFO:teuthology.orchestra.run.smithi016.stdout:/usr/bin/ceph: stderr
2024-04-10T01:58:48.155+0000 7fbc05c28700 1 --2- >> [v2:172.21.15.16:3300/0,v1:172.21.15.16:6789/0] conn(0x7fbc00078c80 0x7fbc00077270 unknown :-1 s=NONE pgs=0 cs=0 l=0 rev1=0 crypto rx=0 tx=0 comp rx=0 tx=0).connect
2024-04-10T01:58:49.472 INFO:teuthology.orchestra.run.smithi016.stdout:/usr/bin/ceph: stderr
2024-04-10T01:58:48.155+0000 7fbc05c28700 1 -- --> [v2:172.21.15.16:3300/0,v1:172.21.15.16:6789/0] -- mon_getmap magic: 0 v1 -- 0x7fbc00079090 con 0x7fbc00078c80
2024-04-10T01:58:49.472 INFO:teuthology.orchestra.run.smithi016.stdout:/usr/bin/ceph: stderr
2024-04-10T01:58:48.155+0000 7fbbff7fe700 1 --2- >> [v2:172.21.15.16:3300/0,v1:172.21.15.16:6789/0] conn(0x7fbc00078c80 0x7fbc00077270 unknown :-1 s=BANNER_CONNECTING pgs=0 cs=0 l=0 rev1=0 crypto rx=0 tx=0 comp rx=0 tx=0)._handle_peer_banner_payload supported=3 required=0
2024-04-10T01:58:49.473 INFO:teuthology.orchestra.run.smithi016.stdout:/usr/bin/ceph: stderr
2024-04-10T01:58:48.155+0000 7fbbff7fe700 1 --2- >> [v2:172.21.15.16:3300/0,v1:172.21.15.16:6789/0] conn(0x7fbc00078c80 0x7fbc00077270 unknown :-1 s=HELLO_CONNECTING pgs=0 cs=0 l=0 rev1=1 crypto rx=0 tx=0 comp rx=0 tx=0).handle_hello peer v2:172.21.15.16:3300/0 says I am v2:172.21.15.16:52242/0 (socket says 172.21.15.16:52242)
2024-04-10T01:58:49.473 INFO:teuthology.orchestra.run.smithi016.stdout:/usr/bin/ceph: stderr
2024-04-10T01:58:48.155+0000 7fbbff7fe700 1 -- 172.21.15.16:0/1756165825 learned_addr learned my addr 172.21.15.16:0/1756165825 (peer_addr_for_me v2:172.21.15.16:0/0)
2024-04-10T01:58:49.473 INFO:teuthology.orchestra.run.smithi016.stdout:/usr/bin/ceph: stderr
2024-04-10T01:58:48.155+0000 7fbbff7fe700 1 -- 172.21.15.16:0/1756165825 --> [v2:172.21.15.16:3300/0,v1:172.21.15.16:6789/0] -- mon_subscribe({config=0+,monmap=0+}) v3 -- 0x7fbc000777b0 con 0x7fbc00078c80
2024-04-10T01:58:49.473 INFO:teuthology.orchestra.run.smithi016.stdout:/usr/bin/ceph: stderr
2024-04-10T01:58:48.155+0000 7fbbff7fe700 1 --2- 172.21.15.16:0/1756165825 >> [v2:172.21.15.16:3300/0,v1:172.21.15.16:6789/0] conn(0x7fbc00078c80 0x7fbc00077270 secure :-1 s=READY pgs=53 cs=0 l=1 rev1=1 crypto rx=0x7fbbf00098e0 tx=0x7fbbf0009250 comp rx=0 tx=0).ready entity=mon.0 client_cookie=d37edbd18d2b287d server_cookie=0 in_seq=0 out_seq=0
2024-04-10T01:58:49.473 INFO:teuthology.orchestra.run.smithi016.stdout:/usr/bin/ceph: stderr
2024-04-10T01:58:48.156+0000 7fbbfe7fc700 1 -- 172.21.15.16:0/1756165825 <== mon.0 v2:172.21.15.16:3300/0 1 ==== mon_map magic: 0 v1 ==== 229+0+0 (secure 0 0 0) 0x7fbbf000b860 con 0x7fbc00078c80
2024-04-10T01:58:49.473 INFO:teuthology.orchestra.run.smithi016.stdout:/usr/bin/ceph: stderr
2024-04-10T01:58:48.156+0000 7fbbfe7fc700 1 -- 172.21.15.16:0/1756165825 <== mon.0 v2:172.21.15.16:3300/0 2 ==== config(27 keys) v1 ==== 1109+0+0 (secure 0 0 0) 0x7fbbf000be90 con 0x7fbc00078c80
2024-04-10T01:58:49.473 INFO:teuthology.orchestra.run.smithi016.stdout:/usr/bin/ceph: stderr
2024-04-10T01:58:48.156+0000 7fbbfe7fc700 1 -- 172.21.15.16:0/1756165825 <== mon.0 v2:172.21.15.16:3300/0 3 ==== mon_map magic: 0 v1 ==== 229+0+0 (secure 0 0 0) 0x7fbbf00103c0 con 0x7fbc00078c80
2024-04-10T01:58:49.473 INFO:teuthology.orchestra.run.smithi016.stdout:/usr/bin/ceph: stderr
2024-04-10T01:58:48.156+0000 7fbc05c28700 1 -- 172.21.15.16:0/1756165825 >> [v2:172.21.15.16:3300/0,v1:172.21.15.16:6789/0] conn(0x7fbc00078c80 msgr2=0x7fbc00077270 secure :-1 s=STATE_CONNECTION_ESTABLISHED l=1).mark_down
2024-04-10T01:58:49.473 INFO:teuthology.orchestra.run.smithi016.stdout:/usr/bin/ceph: stderr
2024-04-10T01:58:48.156+0000 7fbc05c28700 1 --2- 172.21.15.16:0/1756165825 >> [v2:172.21.15.16:3300/0,v1:172.21.15.16:6789/0] conn(0x7fbc00078c80 0x7fbc00077270 secure :-1 s=READY pgs=53 cs=0 l=1 rev1=1 crypto rx=0x7fbbf00098e0 tx=0x7fbbf0009250 comp rx=0 tx=0).stop
2024-04-10T01:58:49.473 INFO:teuthology.orchestra.run.smithi016.stdout:/usr/bin/ceph: stderr
2024-04-10T01:58:48.156+0000 7fbc05c28700 1 -- 172.21.15.16:0/1756165825 shutdown_connections
2024-04-10T01:58:49.473 INFO:teuthology.orchestra.run.smithi016.stdout:/usr/bin/ceph: stderr
2024-04-10T01:58:48.156+0000 7fbc05c28700 1 --2- 172.21.15.16:0/1756165825 >> [v2:172.21.15.16:3300/0,v1:172.21.15.16:6789/0] conn(0x7fbc00078c80 0x7fbc00077270 unknown :-1 s=CLOSED pgs=53 cs=0 l=1 rev1=1 crypto rx=0 tx=0 comp rx=0 tx=0).stop
2024-04-10T01:58:49.473 INFO:teuthology.orchestra.run.smithi016.stdout:/usr/bin/ceph: stderr
2024-04-10T01:58:48.156+0000 7fbc05c28700 1 -- 172.21.15.16:0/1756165825 >> 172.21.15.16:0/1756165825 conn(0x7fbc000fe0a0 msgr2=0x7fbc001004b0 unknown :-1 s=STATE_NONE l=0).mark_down
2024-04-10T01:58:49.474 INFO:teuthology.orchestra.run.smithi016.stdout:/usr/bin/ceph: stderr
2024-04-10T01:58:48.156+0000 7fbc05c28700 1 -- 172.21.15.16:0/1756165825 shutdown_connections
2024-04-10T01:58:49.474 INFO:teuthology.orchestra.run.smithi016.stdout:/usr/bin/ceph: stderr
2024-04-10T01:58:48.156+0000 7fbc05c28700 1 -- 172.21.15.16:0/1756165825 wait complete.
2024-04-10T01:58:49.474 INFO:teuthology.orchestra.run.smithi016.stdout:/usr/bin/ceph: stderr
2024-04-10T01:58:48.157+0000 7fbc05c28700 1 Processor -- start
2024-04-10T01:58:49.474 INFO:teuthology.orchestra.run.smithi016.stdout:/usr/bin/ceph: stderr
2024-04-10T01:58:48.157+0000 7fbc05c28700 1 -- start start
2024-04-10T01:58:49.474 INFO:teuthology.orchestra.run.smithi016.stdout:/usr/bin/ceph: stderr
2024-04-10T01:58:48.157+0000 7fbc05c28700 1 --2- >> [v2:172.21.15.16:3300/0,v1:172.21.15.16:6789/0] conn(0x7fbc00078c80 0x7fbc00113960 unknown :-1 s=NONE pgs=0 cs=0 l=1 rev1=0 crypto rx=0 tx=0 comp rx=0 tx=0).connect
2024-04-10T01:58:49.474 INFO:teuthology.orchestra.run.smithi016.stdout:/usr/bin/ceph: stderr
2024-04-10T01:58:48.157+0000 7fbc05c28700 1 -- --> [v2:172.21.15.16:3300/0,v1:172.21.15.16:6789/0] -- mon_getmap magic: 0 v1 -- 0x7fbc00113ea0 con 0x7fbc00078c80
2024-04-10T01:58:49.474 INFO:teuthology.orchestra.run.smithi016.stdout:/usr/bin/ceph: stderr
2024-04-10T01:58:48.157+0000 7fbbff7fe700 1 --2- >> [v2:172.21.15.16:3300/0,v1:172.21.15.16:6789/0] conn(0x7fbc00078c80 0x7fbc00113960 unknown :-1 s=BANNER_CONNECTING pgs=0 cs=0 l=1 rev1=0 crypto rx=0 tx=0 comp rx=0 tx=0)._handle_peer_banner_payload supported=3 required=0
2024-04-10T01:58:49.474 INFO:teuthology.orchestra.run.smithi016.stdout:/usr/bin/ceph: stderr
2024-04-10T01:58:48.157+0000 7fbbff7fe700 1 --2- >> [v2:172.21.15.16:3300/0,v1:172.21.15.16:6789/0] conn(0x7fbc00078c80 0x7fbc00113960 unknown :-1 s=HELLO_CONNECTING pgs=0 cs=0 l=1 rev1=1 crypto rx=0 tx=0 comp rx=0 tx=0).handle_hello peer v2:172.21.15.16:3300/0 says I am v2:172.21.15.16:52244/0 (socket says 172.21.15.16:52244)
2024-04-10T01:58:49.474 INFO:teuthology.orchestra.run.smithi016.stdout:/usr/bin/ceph: stderr
2024-04-10T01:58:48.157+0000 7fbbff7fe700 1 -- 172.21.15.16:0/3731884381 learned_addr learned my addr 172.21.15.16:0/3731884381 (peer_addr_for_me v2:172.21.15.16:0/0)
2024-04-10T01:58:49.474 INFO:teuthology.orchestra.run.smithi016.stdout:/usr/bin/ceph: stderr
2024-04-10T01:58:48.157+0000 7fbbff7fe700 1 -- 172.21.15.16:0/3731884381 --> [v2:172.21.15.16:3300/0,v1:172.21.15.16:6789/0] -- mon_subscribe({config=0+,monmap=0+}) v3 -- 0x7fbbf00094f0 con 0x7fbc00078c80
2024-04-10T01:58:49.474 INFO:teuthology.orchestra.run.smithi016.stdout:/usr/bin/ceph: stderr
2024-04-10T01:58:48.158+0000 7fbbff7fe700 1 --2- 172.21.15.16:0/3731884381 >> [v2:172.21.15.16:3300/0,v1:172.21.15.16:6789/0] conn(0x7fbc00078c80 0x7fbc00113960 secure :-1 s=READY pgs=54 cs=0 l=1 rev1=1 crypto rx=0x7fbbf00094c0 tx=0x7fbbf0009250 comp rx=0 tx=0).ready entity=mon.0 client_cookie=0 server_cookie=0 in_seq=0 out_seq=0
2024-04-10T01:58:49.474 INFO:teuthology.orchestra.run.smithi016.stdout:/usr/bin/ceph: stderr
2024-04-10T01:58:48.158+0000 7fbbe7fff700 1 -- 172.21.15.16:0/3731884381 <== mon.0 v2:172.21.15.16:3300/0 1 ==== mon_map magic: 0 v1 ==== 229+0+0 (secure 0 0 0) 0x7fbbf0010890 con 0x7fbc00078c80
2024-04-10T01:58:49.474 INFO:teuthology.orchestra.run.smithi016.stdout:/usr/bin/ceph: stderr
2024-04-10T01:58:48.158+0000 7fbbe7fff700 1 -- 172.21.15.16:0/3731884381 <== mon.0 v2:172.21.15.16:3300/0 2 ==== config(27 keys) v1 ==== 1109+0+0 (secure 0 0 0) 0x7fbbf0010ec0 con 0x7fbc00078c80
2024-04-10T01:58:49.474 INFO:teuthology.orchestra.run.smithi016.stdout:/usr/bin/ceph: stderr
2024-04-10T01:58:48.158+0000 7fbc05c28700 1 -- 172.21.15.16:0/3731884381 --> [v2:172.21.15.16:3300/0,v1:172.21.15.16:6789/0] -- mon_subscribe({mgrmap=0+}) v3 -- 0x7fbc001140a0 con 0x7fbc00078c80
2024-04-10T01:58:49.475 INFO:teuthology.orchestra.run.smithi016.stdout:/usr/bin/ceph: stderr
2024-04-10T01:58:48.158+0000 7fbbe7fff700 1 -- 172.21.15.16:0/3731884381 <== mon.0 v2:172.21.15.16:3300/0 3 ==== mon_map magic: 0 v1 ==== 229+0+0 (secure 0 0 0) 0x7fbbf00243f0 con 0x7fbc00078c80
2024-04-10T01:58:49.475 INFO:teuthology.orchestra.run.smithi016.stdout:/usr/bin/ceph: stderr
2024-04-10T01:58:48.158+0000 7fbc05c28700 1 -- 172.21.15.16:0/3731884381 --> [v2:172.21.15.16:3300/0,v1:172.21.15.16:6789/0] -- mon_subscribe({osdmap=0}) v3 -- 0x7fbc00114c10 con 0x7fbc00078c80
2024-04-10T01:58:49.475 INFO:teuthology.orchestra.run.smithi016.stdout:/usr/bin/ceph: stderr
2024-04-10T01:58:48.159+0000 7fbbe7fff700 1 -- 172.21.15.16:0/3731884381 <== mon.0 v2:172.21.15.16:3300/0 4 ==== mgrmap(e 8) v1 ==== 43368+0+0 (secure 0 0 0) 0x7fbbf002d3f0 con 0x7fbc00078c80
2024-04-10T01:58:49.475 INFO:teuthology.orchestra.run.smithi016.stdout:/usr/bin/ceph: stderr
2024-04-10T01:58:48.159+0000 7fbbe7fff700 1 --2- 172.21.15.16:0/3731884381 >> [v2:172.21.15.16:6800/2713532414,v1:172.21.15.16:6801/2713532414] conn(0x7fbbe80367e0 0x7fbbe8038c90 unknown :-1 s=NONE pgs=0 cs=0 l=1 rev1=0 crypto rx=0 tx=0 comp rx=0 tx=0).connect
2024-04-10T01:58:49.475 INFO:teuthology.orchestra.run.smithi016.stdout:/usr/bin/ceph: stderr
2024-04-10T01:58:48.159+0000 7fbbe7fff700 1 -- 172.21.15.16:0/3731884381 <== mon.0 v2:172.21.15.16:3300/0 5 ==== osd_map(2..2 src has 1..2) v4 ==== 936+0+0 (secure 0 0 0) 0x7fbbf004b2a0 con 0x7fbc00078c80
2024-04-10T01:58:49.475 INFO:teuthology.orchestra.run.smithi016.stdout:/usr/bin/ceph: stderr
2024-04-10T01:58:48.159+0000 7fbbfeffd700 1 --2- 172.21.15.16:0/3731884381 >> [v2:172.21.15.16:6800/2713532414,v1:172.21.15.16:6801/2713532414] conn(0x7fbbe80367e0 0x7fbbe8038c90 unknown :-1 s=BANNER_CONNECTING pgs=0 cs=0 l=1 rev1=0 crypto rx=0 tx=0 comp rx=0 tx=0)._handle_peer_banner_payload supported=3 required=0
2024-04-10T01:58:49.475 INFO:teuthology.orchestra.run.smithi016.stdout:/usr/bin/ceph: stderr
2024-04-10T01:58:48.159+0000 7fbc05c28700 1 -- 172.21.15.16:0/3731884381 --> [v2:172.21.15.16:3300/0,v1:172.21.15.16:6789/0] -- mon_command({"prefix": "get_command_descriptions"} v 0) v1 -- 0x7fbc0005f5f0 con 0x7fbc00078c80
2024-04-10T01:58:49.475 INFO:teuthology.orchestra.run.smithi016.stdout:/usr/bin/ceph: stderr
2024-04-10T01:58:48.159+0000 7fbbfeffd700 1 --2- 172.21.15.16:0/3731884381 >> [v2:172.21.15.16:6800/2713532414,v1:172.21.15.16:6801/2713532414] conn(0x7fbbe80367e0 0x7fbbe8038c90 secure :-1 s=READY pgs=16 cs=0 l=1 rev1=1 crypto rx=0x7fbbf4009990 tx=0x7fbbf4006e40 comp rx=0 tx=0).ready entity=mgr.14118 client_cookie=0 server_cookie=0 in_seq=0 out_seq=0
2024-04-10T01:58:49.475 INFO:teuthology.orchestra.run.smithi016.stdout:/usr/bin/ceph: stderr
2024-04-10T01:58:48.164+0000 7fbbe7fff700 1 -- 172.21.15.16:0/3731884381 <== mon.0 v2:172.21.15.16:3300/0 6 ==== mon_command_ack([{"prefix": "get_command_descriptions"}]=0 v0) v1 ==== 72+0+176504 (secure 0 0 0) 0x7fbbf002b8e0 con 0x7fbc00078c80
2024-04-10T01:58:49.475 INFO:teuthology.orchestra.run.smithi016.stdout:/usr/bin/ceph: stderr
2024-04-10T01:58:48.378+0000 7fbc05c28700 1 -- 172.21.15.16:0/3731884381 --> [v2:172.21.15.16:6800/2713532414,v1:172.21.15.16:6801/2713532414] -- mgr_command(tid 0: {"prefix": "orch apply", "service_type": "grafana", "target": ["mon-mgr", ""]}) v1 -- 0x7fbc000ff460 con 0x7fbbe80367e0
2024-04-10T01:58:49.475 INFO:teuthology.orchestra.run.smithi016.stdout:/usr/bin/ceph: stderr
2024-04-10T01:58:48.382+0000 7fbbe7fff700 1 -- 172.21.15.16:0/3731884381 <== mgr.14118 v2:172.21.15.16:6800/2713532414 1 ==== mgr_command_reply(tid 0: 0 ) v1 ==== 8+0+28 (secure 0 0 0) 0x7fbc000ff460 con 0x7fbbe80367e0
2024-04-10T01:58:49.475 INFO:teuthology.orchestra.run.smithi016.stdout:/usr/bin/ceph: stderr
2024-04-10T01:58:48.384+0000 7fbc05c28700 1 -- 172.21.15.16:0/3731884381 >> [v2:172.21.15.16:6800/2713532414,v1:172.21.15.16:6801/2713532414] conn(0x7fbbe80367e0 msgr2=0x7fbbe8038c90 secure :-1 s=STATE_CONNECTION_ESTABLISHED l=1).mark_down
2024-04-10T01:58:49.475 INFO:teuthology.orchestra.run.smithi016.stdout:/usr/bin/ceph: stderr
2024-04-10T01:58:48.384+0000 7fbc05c28700 1 --2- 172.21.15.16:0/3731884381 >> [v2:172.21.15.16:6800/2713532414,v1:172.21.15.16:6801/2713532414] conn(0x7fbbe80367e0 0x7fbbe8038c90 secure :-1 s=READY pgs=16 cs=0 l=1 rev1=1 crypto rx=0x7fbbf4009990 tx=0x7fbbf4006e40 comp rx=0 tx=0).stop
2024-04-10T01:58:49.475 INFO:teuthology.orchestra.run.smithi016.stdout:/usr/bin/ceph: stderr
2024-04-10T01:58:48.384+0000 7fbc05c28700 1 -- 172.21.15.16:0/3731884381 >> [v2:172.21.15.16:3300/0,v1:172.21.15.16:6789/0] conn(0x7fbc00078c80 msgr2=0x7fbc00113960 secure :-1 s=STATE_CONNECTION_ESTABLISHED l=1).mark_down
2024-04-10T01:58:49.476 INFO:teuthology.orchestra.run.smithi016.stdout:/usr/bin/ceph: stderr
2024-04-10T01:58:48.384+0000 7fbc05c28700 1 --2- 172.21.15.16:0/3731884381 >> [v2:172.21.15.16:3300/0,v1:172.21.15.16:6789/0] conn(0x7fbc00078c80 0x7fbc00113960 secure :-1 s=READY pgs=54 cs=0 l=1 rev1=1 crypto rx=0x7fbbf00094c0 tx=0x7fbbf0009250 comp rx=0 tx=0).stop
2024-04-10T01:58:49.476 INFO:teuthology.orchestra.run.smithi016.stdout:/usr/bin/ceph: stderr
2024-04-10T01:58:48.384+0000 7fbc05c28700 1 -- 172.21.15.16:0/3731884381 shutdown_connections
2024-04-10T01:58:49.476 INFO:teuthology.orchestra.run.smithi016.stdout:/usr/bin/ceph: stderr
2024-04-10T01:58:48.384+0000 7fbc05c28700 1 --2- 172.21.15.16:0/3731884381 >> [v2:172.21.15.16:6800/2713532414,v1:172.21.15.16:6801/2713532414] conn(0x7fbbe80367e0 0x7fbbe8038c90 unknown :-1 s=CLOSED pgs=16 cs=0 l=1 rev1=1 crypto rx=0 tx=0 comp rx=0 tx=0).stop
2024-04-10T01:58:49.476 INFO:teuthology.orchestra.run.smithi016.stdout:/usr/bin/ceph: stderr
2024-04-10T01:58:48.384+0000 7fbc05c28700 1 --2- 172.21.15.16:0/3731884381 >> [v2:172.21.15.16:3300/0,v1:172.21.15.16:6789/0] conn(0x7fbc00078c80 0x7fbc00113960 unknown :-1 s=CLOSED pgs=54 cs=0 l=1 rev1=1 crypto rx=0 tx=0 comp rx=0 tx=0).stop
2024-04-10T01:58:49.476 INFO:teuthology.orchestra.run.smithi016.stdout:/usr/bin/ceph: stderr
2024-04-10T01:58:48.384+0000 7fbc05c28700 1 -- 172.21.15.16:0/3731884381 >> 172.21.15.16:0/3731884381 conn(0x7fbc000fe0a0 msgr2=0x7fbc000fec90 unknown :-1 s=STATE_NONE l=0).mark_down
2024-04-10T01:58:49.476 INFO:teuthology.orchestra.run.smithi016.stdout:/usr/bin/ceph: stderr
2024-04-10T01:58:48.384+0000 7fbc05c28700 1 -- 172.21.15.16:0/3731884381 shutdown_connections
2024-04-10T01:58:49.476 INFO:teuthology.orchestra.run.smithi016.stdout:/usr/bin/ceph: stderr
2024-04-10T01:58:48.384+0000 7fbc05c28700 1 -- 172.21.15.16:0/3731884381 wait complete.
2024-04-10T01:58:49.476 INFO:teuthology.orchestra.run.smithi016.stdout:Deploying node-exporter service with default placement...
2024-04-10T01:58:49.590 INFO:journalctl@ceph.mon.smithi016.smithi016.stdout:Apr 10 01:58:49 smithi016 ceph-mon[29440]: from='client.14148 -' entity='client.admin' cmd=[{"prefix": "orch apply", "service_type": "grafana", "target": ["mon-mgr", ""]}]: dispatch
2024-04-10T01:58:49.590 INFO:journalctl@ceph.mon.smithi016.smithi016.stdout:Apr 10 01:58:49 smithi016 ceph-mon[29440]: Saving service grafana spec with placement count:1
2024-04-10T01:58:49.590 INFO:journalctl@ceph.mon.smithi016.smithi016.stdout:Apr 10 01:58:49 smithi016 ceph-mon[29440]: from='mgr.14118 172.21.15.16:0/2226199818' entity='mgr.smithi016.vqnctu'
2024-04-10T01:58:50.696 INFO:journalctl@ceph.mon.smithi016.smithi016.stdout:Apr 10 01:58:50 smithi016 ceph-mon[29440]: from='mgr.14118 172.21.15.16:0/2226199818' entity='mgr.smithi016.vqnctu'
2024-04-10T01:58:50.696 INFO:journalctl@ceph.mon.smithi016.smithi016.stdout:Apr 10 01:58:50 smithi016 ceph-mon[29440]: from='mgr.14118 172.21.15.16:0/2226199818' entity='mgr.smithi016.vqnctu'
2024-04-10T01:58:50.703 INFO:teuthology.orchestra.run.smithi016.stdout:/usr/bin/ceph: stdout Scheduled node-exporter update...
2024-04-10T01:58:50.703 INFO:teuthology.orchestra.run.smithi016.stdout:/usr/bin/ceph: stderr
2024-04-10T01:58:49.898+0000 7f9ec7bce700 1 Processor -- start
2024-04-10T01:58:50.703 INFO:teuthology.orchestra.run.smithi016.stdout:/usr/bin/ceph: stderr
2024-04-10T01:58:49.898+0000 7f9ec7bce700 1 -- start start
2024-04-10T01:58:50.704 INFO:teuthology.orchestra.run.smithi016.stdout:/usr/bin/ceph: stderr
2024-04-10T01:58:49.899+0000 7f9ec7bce700 1 --2- >> [v2:172.21.15.16:3300/0,v1:172.21.15.16:6789/0] conn(0x7f9ec0101830 0x7f9ec0101c40 unknown :-1 s=NONE pgs=0 cs=0 l=0 rev1=0 crypto rx=0 tx=0 comp rx=0 tx=0).connect
2024-04-10T01:58:50.704 INFO:teuthology.orchestra.run.smithi016.stdout:/usr/bin/ceph: stderr
2024-04-10T01:58:49.899+0000 7f9ec7bce700 1 -- --> [v2:172.21.15.16:3300/0,v1:172.21.15.16:6789/0] -- mon_getmap magic: 0 v1 -- 0x7f9ec0102180 con 0x7f9ec0101830
2024-04-10T01:58:50.704 INFO:teuthology.orchestra.run.smithi016.stdout:/usr/bin/ceph: stderr
2024-04-10T01:58:49.899+0000 7f9ec596a700 1 --2- >> [v2:172.21.15.16:3300/0,v1:172.21.15.16:6789/0] conn(0x7f9ec0101830 0x7f9ec0101c40 unknown :-1 s=BANNER_CONNECTING pgs=0 cs=0 l=0 rev1=0 crypto rx=0 tx=0 comp rx=0 tx=0)._handle_peer_banner_payload supported=3 required=0
2024-04-10T01:58:50.704 INFO:teuthology.orchestra.run.smithi016.stdout:/usr/bin/ceph: stderr
2024-04-10T01:58:49.899+0000 7f9ec596a700 1 --2- >> [v2:172.21.15.16:3300/0,v1:172.21.15.16:6789/0] conn(0x7f9ec0101830 0x7f9ec0101c40 unknown :-1 s=HELLO_CONNECTING pgs=0 cs=0 l=0 rev1=1 crypto rx=0 tx=0 comp rx=0 tx=0).handle_hello peer v2:172.21.15.16:3300/0 says I am v2:172.21.15.16:52256/0 (socket says 172.21.15.16:52256)
2024-04-10T01:58:50.704 INFO:teuthology.orchestra.run.smithi016.stdout:/usr/bin/ceph: stderr
2024-04-10T01:58:49.899+0000 7f9ec596a700 1 -- 172.21.15.16:0/3396442879 learned_addr learned my addr 172.21.15.16:0/3396442879 (peer_addr_for_me v2:172.21.15.16:0/0)
2024-04-10T01:58:50.704 INFO:teuthology.orchestra.run.smithi016.stdout:/usr/bin/ceph: stderr
2024-04-10T01:58:49.899+0000 7f9ec596a700 1 -- 172.21.15.16:0/3396442879 --> [v2:172.21.15.16:3300/0,v1:172.21.15.16:6789/0] -- mon_subscribe({config=0+,monmap=0+}) v3 -- 0x7f9ec01022c0 con 0x7f9ec0101830
2024-04-10T01:58:50.704 INFO:teuthology.orchestra.run.smithi016.stdout:/usr/bin/ceph: stderr
2024-04-10T01:58:49.899+0000 7f9ec596a700 1 --2- 172.21.15.16:0/3396442879 >> [v2:172.21.15.16:3300/0,v1:172.21.15.16:6789/0] conn(0x7f9ec0101830 0x7f9ec0101c40 secure :-1 s=READY pgs=55 cs=0 l=1 rev1=1 crypto rx=0x7f9eb0009e50 tx=0x7f9eb0009840 comp rx=0 tx=0).ready entity=mon.0 client_cookie=673101e268232511 server_cookie=0 in_seq=0 out_seq=0
2024-04-10T01:58:50.704 INFO:teuthology.orchestra.run.smithi016.stdout:/usr/bin/ceph: stderr
2024-04-10T01:58:49.899+0000 7f9ec4968700 1 -- 172.21.15.16:0/3396442879 <== mon.0 v2:172.21.15.16:3300/0 1 ==== mon_map magic: 0 v1 ==== 229+0+0 (secure 0 0 0) 0x7f9eb00092e0 con 0x7f9ec0101830
2024-04-10T01:58:50.704 INFO:teuthology.orchestra.run.smithi016.stdout:/usr/bin/ceph: stderr
2024-04-10T01:58:49.899+0000 7f9ec4968700 1 -- 172.21.15.16:0/3396442879 <== mon.0 v2:172.21.15.16:3300/0 2 ==== config(27 keys) v1 ==== 1109+0+0 (secure 0 0 0) 0x7f9eb0012430 con 0x7f9ec0101830
2024-04-10T01:58:50.704 INFO:teuthology.orchestra.run.smithi016.stdout:/usr/bin/ceph: stderr
2024-04-10T01:58:49.899+0000 7f9ec4968700 1 -- 172.21.15.16:0/3396442879 <== mon.0 v2:172.21.15.16:3300/0 3 ==== mon_map magic: 0 v1 ==== 229+0+0 (secure 0 0 0) 0x7f9eb00075a0 con 0x7f9ec0101830
2024-04-10T01:58:50.705 INFO:teuthology.orchestra.run.smithi016.stdout:/usr/bin/ceph: stderr
2024-04-10T01:58:49.900+0000 7f9ec7bce700 1 -- 172.21.15.16:0/3396442879 >> [v2:172.21.15.16:3300/0,v1:172.21.15.16:6789/0] conn(0x7f9ec0101830 msgr2=0x7f9ec0101c40 secure :-1 s=STATE_CONNECTION_ESTABLISHED l=1).mark_down
2024-04-10T01:58:50.705 INFO:teuthology.orchestra.run.smithi016.stdout:/usr/bin/ceph: stderr
2024-04-10T01:58:49.900+0000 7f9ec7bce700 1 --2- 172.21.15.16:0/3396442879 >> [v2:172.21.15.16:3300/0,v1:172.21.15.16:6789/0] conn(0x7f9ec0101830 0x7f9ec0101c40 secure :-1 s=READY pgs=55 cs=0 l=1 rev1=1 crypto rx=0x7f9eb0009e50 tx=0x7f9eb0009840 comp rx=0 tx=0).stop
2024-04-10T01:58:50.705 INFO:teuthology.orchestra.run.smithi016.stdout:/usr/bin/ceph: stderr
2024-04-10T01:58:49.900+0000 7f9ec7bce700 1 -- 172.21.15.16:0/3396442879 shutdown_connections
2024-04-10T01:58:50.705 INFO:teuthology.orchestra.run.smithi016.stdout:/usr/bin/ceph: stderr
2024-04-10T01:58:49.900+0000 7f9ec7bce700 1 --2- 172.21.15.16:0/3396442879 >> [v2:172.21.15.16:3300/0,v1:172.21.15.16:6789/0] conn(0x7f9ec0101830 0x7f9ec0101c40 unknown :-1 s=CLOSED pgs=55 cs=0 l=1 rev1=1 crypto rx=0 tx=0 comp rx=0 tx=0).stop
2024-04-10T01:58:50.705 INFO:teuthology.orchestra.run.smithi016.stdout:/usr/bin/ceph: stderr
2024-04-10T01:58:49.900+0000 7f9ec7bce700 1 -- 172.21.15.16:0/3396442879 >> 172.21.15.16:0/3396442879 conn(0x7f9ec00fcfb0 msgr2=0x7f9ec00ff3c0 unknown :-1 s=STATE_NONE l=0).mark_down
2024-04-10T01:58:50.705 INFO:teuthology.orchestra.run.smithi016.stdout:/usr/bin/ceph: stderr
2024-04-10T01:58:49.900+0000 7f9ec7bce700 1 -- 172.21.15.16:0/3396442879 shutdown_connections
2024-04-10T01:58:50.706 INFO:teuthology.orchestra.run.smithi016.stdout:/usr/bin/ceph: stderr
2024-04-10T01:58:49.900+0000 7f9ec7bce700 1 -- 172.21.15.16:0/3396442879 wait complete.
2024-04-10T01:58:50.706 INFO:teuthology.orchestra.run.smithi016.stdout:/usr/bin/ceph: stderr
2024-04-10T01:58:49.901+0000 7f9ec7bce700 1 Processor -- start
2024-04-10T01:58:50.706 INFO:teuthology.orchestra.run.smithi016.stdout:/usr/bin/ceph: stderr
2024-04-10T01:58:49.901+0000 7f9ec7bce700 1 -- start start
2024-04-10T01:58:50.706 INFO:teuthology.orchestra.run.smithi016.stdout:/usr/bin/ceph: stderr
2024-04-10T01:58:49.901+0000 7f9ec7bce700 1 --2- >> [v2:172.21.15.16:3300/0,v1:172.21.15.16:6789/0] conn(0x7f9ec0101830 0x7f9ec01117a0 unknown :-1 s=NONE pgs=0 cs=0 l=1 rev1=0 crypto rx=0 tx=0 comp rx=0 tx=0).connect
2024-04-10T01:58:50.706 INFO:teuthology.orchestra.run.smithi016.stdout:/usr/bin/ceph: stderr
2024-04-10T01:58:49.901+0000 7f9ec7bce700 1 -- --> [v2:172.21.15.16:3300/0,v1:172.21.15.16:6789/0] -- mon_getmap magic: 0 v1 -- 0x7f9ec0111ce0 con 0x7f9ec0101830
2024-04-10T01:58:50.706 INFO:teuthology.orchestra.run.smithi016.stdout:/usr/bin/ceph: stderr
2024-04-10T01:58:49.901+0000 7f9ec596a700 1 --2- >> [v2:172.21.15.16:3300/0,v1:172.21.15.16:6789/0] conn(0x7f9ec0101830 0x7f9ec01117a0 unknown :-1 s=BANNER_CONNECTING pgs=0 cs=0 l=1 rev1=0 crypto rx=0 tx=0 comp rx=0 tx=0)._handle_peer_banner_payload supported=3 required=0
2024-04-10T01:58:50.706 INFO:teuthology.orchestra.run.smithi016.stdout:/usr/bin/ceph: stderr
2024-04-10T01:58:49.901+0000 7f9ec596a700 1 --2- >> [v2:172.21.15.16:3300/0,v1:172.21.15.16:6789/0] conn(0x7f9ec0101830 0x7f9ec01117a0 unknown :-1 s=HELLO_CONNECTING pgs=0 cs=0 l=1 rev1=1 crypto rx=0 tx=0 comp rx=0 tx=0).handle_hello peer v2:172.21.15.16:3300/0 says I am v2:172.21.15.16:52258/0 (socket says 172.21.15.16:52258)
2024-04-10T01:58:50.706 INFO:teuthology.orchestra.run.smithi016.stdout:/usr/bin/ceph: stderr
2024-04-10T01:58:49.901+0000 7f9ec596a700 1 -- 172.21.15.16:0/4040275669 learned_addr learned my addr 172.21.15.16:0/4040275669 (peer_addr_for_me v2:172.21.15.16:0/0)
2024-04-10T01:58:50.706 INFO:teuthology.orchestra.run.smithi016.stdout:/usr/bin/ceph: stderr
2024-04-10T01:58:49.901+0000 7f9ec596a700 1 -- 172.21.15.16:0/4040275669 --> [v2:172.21.15.16:3300/0,v1:172.21.15.16:6789/0] -- mon_subscribe({config=0+,monmap=0+}) v3 -- 0x7f9eb0009ae0 con 0x7f9ec0101830
2024-04-10T01:58:50.707 INFO:teuthology.orchestra.run.smithi016.stdout:/usr/bin/ceph: stderr
2024-04-10T01:58:49.901+0000 7f9ec596a700 1 --2- 172.21.15.16:0/4040275669 >> [v2:172.21.15.16:3300/0,v1:172.21.15.16:6789/0] conn(0x7f9ec0101830 0x7f9ec01117a0 secure :-1 s=READY pgs=56 cs=0 l=1 rev1=1 crypto rx=0x7f9eb0012de0 tx=0x7f9eb0009840 comp rx=0 tx=0).ready entity=mon.0 client_cookie=0 server_cookie=0 in_seq=0 out_seq=0
2024-04-10T01:58:50.710 INFO:teuthology.orchestra.run.smithi016.stdout:/usr/bin/ceph: stderr
2024-04-10T01:58:49.901+0000 7f9ebe7fc700 1 -- 172.21.15.16:0/4040275669 <== mon.0 v2:172.21.15.16:3300/0 1 ==== mon_map magic: 0 v1 ==== 229+0+0 (secure 0 0 0) 0x7f9eb00092e0 con 0x7f9ec0101830
2024-04-10T01:58:50.710 INFO:teuthology.orchestra.run.smithi016.stdout:/usr/bin/ceph: stderr
2024-04-10T01:58:49.901+0000 7f9ebe7fc700 1 -- 172.21.15.16:0/4040275669 <== mon.0 v2:172.21.15.16:3300/0 2 ==== config(27 keys) v1 ==== 1109+0+0 (secure 0 0 0) 0x7f9eb0007d30 con 0x7f9ec0101830
2024-04-10T01:58:50.710 INFO:teuthology.orchestra.run.smithi016.stdout:/usr/bin/ceph: stderr
