2024-04-10T01:58:32.479 INFO:journalctl@ceph.mon.smithi016.smithi016.stdout:Apr 10 01:58:32 smithi016 ceph-mon[29440]: from='mgr.14118 172.21.15.16:0/2226199818' entity='mgr.smithi016.vqnctu' cmd=[{"prefix": "osd metadata"}]: dispatch
2024-04-10T01:58:32.479 INFO:journalctl@ceph.mon.smithi016.smithi016.stdout:Apr 10 01:58:32 smithi016 ceph-mon[29440]: from='mgr.14118 172.21.15.16:0/2226199818' entity='mgr.smithi016.vqnctu' cmd=[{"prefix": "mon metadata"}]: dispatch
2024-04-10T01:58:32.479 INFO:journalctl@ceph.mon.smithi016.smithi016.stdout:Apr 10 01:58:32 smithi016 ceph-mon[29440]: Manager daemon smithi016.vqnctu is now available
2024-04-10T01:58:32.479 INFO:journalctl@ceph.mon.smithi016.smithi016.stdout:Apr 10 01:58:32 smithi016 ceph-mon[29440]: from='mgr.14118 172.21.15.16:0/2226199818' entity='mgr.smithi016.vqnctu'
2024-04-10T01:58:32.479 INFO:journalctl@ceph.mon.smithi016.smithi016.stdout:Apr 10 01:58:32 smithi016 ceph-mon[29440]: from='mgr.14118 172.21.15.16:0/2226199818' entity='mgr.smithi016.vqnctu'
2024-04-10T01:58:32.479 INFO:journalctl@ceph.mon.smithi016.smithi016.stdout:Apr 10 01:58:32 smithi016 ceph-mon[29440]: from='mgr.14118 172.21.15.16:0/2226199818' entity='mgr.smithi016.vqnctu' cmd=[{"prefix": "config dump", "format": "json"}]: dispatch
2024-04-10T01:58:32.479 INFO:journalctl@ceph.mon.smithi016.smithi016.stdout:Apr 10 01:58:32 smithi016 ceph-mon[29440]: from='mgr.14118 172.21.15.16:0/2226199818' entity='mgr.smithi016.vqnctu' cmd=[{"prefix": "config dump", "format": "json"}]: dispatch
2024-04-10T01:58:32.480 INFO:journalctl@ceph.mon.smithi016.smithi016.stdout:Apr 10 01:58:32 smithi016 ceph-mon[29440]: from='mgr.14118 172.21.15.16:0/2226199818' entity='mgr.smithi016.vqnctu' cmd=[{"prefix": "config dump", "format": "json"}]: dispatch
2024-04-10T01:58:32.480 INFO:journalctl@ceph.mon.smithi016.smithi016.stdout:Apr 10 01:58:32 smithi016 ceph-mon[29440]: from='mgr.14118 172.21.15.16:0/2226199818' entity='mgr.smithi016.vqnctu' cmd=[{"prefix":"config rm","who":"mgr","name":"mgr/rbd_support/smithi016.vqnctu/mirror_snapshot_schedule"}]: dispatch
2024-04-10T01:58:32.480 INFO:journalctl@ceph.mon.smithi016.smithi016.stdout:Apr 10 01:58:32 smithi016 ceph-mon[29440]: from='mgr.14118 172.21.15.16:0/2226199818' entity='mgr.smithi016.vqnctu' cmd=[{"prefix":"config rm","who":"mgr","name":"mgr/rbd_support/smithi016.vqnctu/trash_purge_schedule"}]: dispatch
2024-04-10T01:58:33.567 INFO:journalctl@ceph.mon.smithi016.smithi016.stdout:Apr 10 01:58:33 smithi016 ceph-mon[29440]: Found migration_current of "None". Setting to last migration.
2024-04-10T01:58:33.567 INFO:journalctl@ceph.mon.smithi016.smithi016.stdout:Apr 10 01:58:33 smithi016 ceph-mon[29440]: mgrmap e7: smithi016.vqnctu(active, since 1.00507s)
2024-04-10T01:58:33.796 INFO:teuthology.orchestra.run.smithi016.stdout:/usr/bin/ceph: stdout {
2024-04-10T01:58:33.796 INFO:teuthology.orchestra.run.smithi016.stdout:/usr/bin/ceph: stdout "mgrmap_epoch": 7,
2024-04-10T01:58:33.796 INFO:teuthology.orchestra.run.smithi016.stdout:/usr/bin/ceph: stdout "initialized": true
2024-04-10T01:58:33.796 INFO:teuthology.orchestra.run.smithi016.stdout:/usr/bin/ceph: stdout }
2024-04-10T01:58:33.796 INFO:teuthology.orchestra.run.smithi016.stdout:/usr/bin/ceph: stderr
2024-04-10T01:58:28.733+0000 7f5fdf135700 1 Processor -- start
2024-04-10T01:58:33.796 INFO:teuthology.orchestra.run.smithi016.stdout:/usr/bin/ceph: stderr
2024-04-10T01:58:28.733+0000 7f5fdf135700 1 -- start start
2024-04-10T01:58:33.796 INFO:teuthology.orchestra.run.smithi016.stdout:/usr/bin/ceph: stderr
2024-04-10T01:58:28.733+0000 7f5fdf135700 1 --2- >> [v2:172.21.15.16:3300/0,v1:172.21.15.16:6789/0] conn(0x7f5fd8076a90 0x7f5fd81079c0 unknown :-1 s=NONE pgs=0 cs=0 l=0 rev1=0 crypto rx=0 tx=0 comp rx=0 tx=0).connect
2024-04-10T01:58:33.796 INFO:teuthology.orchestra.run.smithi016.stdout:/usr/bin/ceph: stderr
2024-04-10T01:58:28.733+0000 7f5fdf135700 1 -- --> [v2:172.21.15.16:3300/0,v1:172.21.15.16:6789/0] -- mon_getmap magic: 0 v1 -- 0x7f5fd81033b0 con 0x7f5fd8076a90
2024-04-10T01:58:33.796 INFO:teuthology.orchestra.run.smithi016.stdout:/usr/bin/ceph: stderr
2024-04-10T01:58:28.733+0000 7f5fdced1700 1 --2- >> [v2:172.21.15.16:3300/0,v1:172.21.15.16:6789/0] conn(0x7f5fd8076a90 0x7f5fd81079c0 unknown :-1 s=BANNER_CONNECTING pgs=0 cs=0 l=0 rev1=0 crypto rx=0 tx=0 comp rx=0 tx=0)._handle_peer_banner_payload supported=3 required=0
2024-04-10T01:58:33.796 INFO:teuthology.orchestra.run.smithi016.stdout:/usr/bin/ceph: stderr
2024-04-10T01:58:28.733+0000 7f5fdced1700 1 --2- >> [v2:172.21.15.16:3300/0,v1:172.21.15.16:6789/0] conn(0x7f5fd8076a90 0x7f5fd81079c0 unknown :-1 s=HELLO_CONNECTING pgs=0 cs=0 l=0 rev1=1 crypto rx=0 tx=0 comp rx=0 tx=0).handle_hello peer v2:172.21.15.16:3300/0 says I am v2:172.21.15.16:33628/0 (socket says 172.21.15.16:33628)
2024-04-10T01:58:33.796 INFO:teuthology.orchestra.run.smithi016.stdout:/usr/bin/ceph: stderr
2024-04-10T01:58:28.733+0000 7f5fdced1700 1 -- 172.21.15.16:0/4259265704 learned_addr learned my addr 172.21.15.16:0/4259265704 (peer_addr_for_me v2:172.21.15.16:0/0)
2024-04-10T01:58:33.796 INFO:teuthology.orchestra.run.smithi016.stdout:/usr/bin/ceph: stderr
2024-04-10T01:58:28.733+0000 7f5fdced1700 1 -- 172.21.15.16:0/4259265704 --> [v2:172.21.15.16:3300/0,v1:172.21.15.16:6789/0] -- mon_subscribe({config=0+,monmap=0+}) v3 -- 0x7f5fd8076ea0 con 0x7f5fd8076a90
2024-04-10T01:58:33.797 INFO:teuthology.orchestra.run.smithi016.stdout:/usr/bin/ceph: stderr
2024-04-10T01:58:28.733+0000 7f5fdced1700 1 --2- 172.21.15.16:0/4259265704 >> [v2:172.21.15.16:3300/0,v1:172.21.15.16:6789/0] conn(0x7f5fd8076a90 0x7f5fd81079c0 secure :-1 s=READY pgs=26 cs=0 l=1 rev1=1 crypto rx=0x7f5fcc0098e0 tx=0x7f5fcc009250 comp rx=0 tx=0).ready entity=mon.0 client_cookie=c6260f8cc0f8bfda server_cookie=0 in_seq=0 out_seq=0
2024-04-10T01:58:33.797 INFO:teuthology.orchestra.run.smithi016.stdout:/usr/bin/ceph: stderr
2024-04-10T01:58:28.734+0000 7f5fd77fe700 1 -- 172.21.15.16:0/4259265704 <== mon.0 v2:172.21.15.16:3300/0 1 ==== mon_map magic: 0 v1 ==== 229+0+0 (secure 0 0 0) 0x7f5fcc00b8f0 con 0x7f5fd8076a90
2024-04-10T01:58:33.797 INFO:teuthology.orchestra.run.smithi016.stdout:/usr/bin/ceph: stderr
2024-04-10T01:58:28.734+0000 7f5fd77fe700 1 -- 172.21.15.16:0/4259265704 <== mon.0 v2:172.21.15.16:3300/0 2 ==== config(27 keys) v1 ==== 1044+0+0 (secure 0 0 0) 0x7f5fcc011420 con 0x7f5fd8076a90
2024-04-10T01:58:33.797 INFO:teuthology.orchestra.run.smithi016.stdout:/usr/bin/ceph: stderr
2024-04-10T01:58:28.734+0000 7f5fd77fe700 1 -- 172.21.15.16:0/4259265704 <== mon.0 v2:172.21.15.16:3300/0 3 ==== mon_map magic: 0 v1 ==== 229+0+0 (secure 0 0 0) 0x7f5fcc010540 con 0x7f5fd8076a90
2024-04-10T01:58:33.797 INFO:teuthology.orchestra.run.smithi016.stdout:/usr/bin/ceph: stderr
2024-04-10T01:58:28.734+0000 7f5fdf135700 1 -- 172.21.15.16:0/4259265704 >> [v2:172.21.15.16:3300/0,v1:172.21.15.16:6789/0] conn(0x7f5fd8076a90 msgr2=0x7f5fd81079c0 secure :-1 s=STATE_CONNECTION_ESTABLISHED l=1).mark_down
2024-04-10T01:58:33.797 INFO:teuthology.orchestra.run.smithi016.stdout:/usr/bin/ceph: stderr
2024-04-10T01:58:28.734+0000 7f5fdf135700 1 --2- 172.21.15.16:0/4259265704 >> [v2:172.21.15.16:3300/0,v1:172.21.15.16:6789/0] conn(0x7f5fd8076a90 0x7f5fd81079c0 secure :-1 s=READY pgs=26 cs=0 l=1 rev1=1 crypto rx=0x7f5fcc0098e0 tx=0x7f5fcc009250 comp rx=0 tx=0).stop
2024-04-10T01:58:33.797 INFO:teuthology.orchestra.run.smithi016.stdout:/usr/bin/ceph: stderr
2024-04-10T01:58:28.734+0000 7f5fdf135700 1 -- 172.21.15.16:0/4259265704 shutdown_connections
2024-04-10T01:58:33.797 INFO:teuthology.orchestra.run.smithi016.stdout:/usr/bin/ceph: stderr
2024-04-10T01:58:28.734+0000 7f5fdf135700 1 --2- 172.21.15.16:0/4259265704 >> [v2:172.21.15.16:3300/0,v1:172.21.15.16:6789/0] conn(0x7f5fd8076a90 0x7f5fd81079c0 unknown :-1 s=CLOSED pgs=26 cs=0 l=1 rev1=1 crypto rx=0 tx=0 comp rx=0 tx=0).stop
2024-04-10T01:58:33.797 INFO:teuthology.orchestra.run.smithi016.stdout:/usr/bin/ceph: stderr
2024-04-10T01:58:28.734+0000 7f5fdf135700 1 -- 172.21.15.16:0/4259265704 >> 172.21.15.16:0/4259265704 conn(0x7f5fd80fcf70 msgr2=0x7f5fd80ff3e0 unknown :-1 s=STATE_NONE l=0).mark_down
2024-04-10T01:58:33.797 INFO:teuthology.orchestra.run.smithi016.stdout:/usr/bin/ceph: stderr
2024-04-10T01:58:28.734+0000 7f5fdf135700 1 -- 172.21.15.16:0/4259265704 shutdown_connections
2024-04-10T01:58:33.797 INFO:teuthology.orchestra.run.smithi016.stdout:/usr/bin/ceph: stderr
2024-04-10T01:58:28.735+0000 7f5fdf135700 1 -- 172.21.15.16:0/4259265704 wait complete.
2024-04-10T01:58:33.797 INFO:teuthology.orchestra.run.smithi016.stdout:/usr/bin/ceph: stderr
2024-04-10T01:58:28.735+0000 7f5fdf135700 1 Processor -- start
2024-04-10T01:58:33.797 INFO:teuthology.orchestra.run.smithi016.stdout:/usr/bin/ceph: stderr
2024-04-10T01:58:28.735+0000 7f5fdf135700 1 -- start start
2024-04-10T01:58:33.797 INFO:teuthology.orchestra.run.smithi016.stdout:/usr/bin/ceph: stderr
2024-04-10T01:58:28.736+0000 7f5fdf135700 1 --2- >> [v2:172.21.15.16:3300/0,v1:172.21.15.16:6789/0] conn(0x7f5fd8076a90 0x7f5fd8113920 unknown :-1 s=NONE pgs=0 cs=0 l=1 rev1=0 crypto rx=0 tx=0 comp rx=0 tx=0).connect
2024-04-10T01:58:33.797 INFO:teuthology.orchestra.run.smithi016.stdout:/usr/bin/ceph: stderr
2024-04-10T01:58:28.736+0000 7f5fdf135700 1 -- --> [v2:172.21.15.16:3300/0,v1:172.21.15.16:6789/0] -- mon_getmap magic: 0 v1 -- 0x7f5fd8113e60 con 0x7f5fd8076a90
2024-04-10T01:58:33.798 INFO:teuthology.orchestra.run.smithi016.stdout:/usr/bin/ceph: stderr
2024-04-10T01:58:28.736+0000 7f5fdced1700 1 --2- >> [v2:172.21.15.16:3300/0,v1:172.21.15.16:6789/0] conn(0x7f5fd8076a90 0x7f5fd8113920 unknown :-1 s=BANNER_CONNECTING pgs=0 cs=0 l=1 rev1=0 crypto rx=0 tx=0 comp rx=0 tx=0)._handle_peer_banner_payload supported=3 required=0
2024-04-10T01:58:33.798 INFO:teuthology.orchestra.run.smithi016.stdout:/usr/bin/ceph: stderr
2024-04-10T01:58:28.736+0000 7f5fdced1700 1 --2- >> [v2:172.21.15.16:3300/0,v1:172.21.15.16:6789/0] conn(0x7f5fd8076a90 0x7f5fd8113920 unknown :-1 s=HELLO_CONNECTING pgs=0 cs=0 l=1 rev1=1 crypto rx=0 tx=0 comp rx=0 tx=0).handle_hello peer v2:172.21.15.16:3300/0 says I am v2:172.21.15.16:33634/0 (socket says 172.21.15.16:33634)
2024-04-10T01:58:33.798 INFO:teuthology.orchestra.run.smithi016.stdout:/usr/bin/ceph: stderr
2024-04-10T01:58:28.736+0000 7f5fdced1700 1 -- 172.21.15.16:0/2710854891 learned_addr learned my addr 172.21.15.16:0/2710854891 (peer_addr_for_me v2:172.21.15.16:0/0)
2024-04-10T01:58:33.798 INFO:teuthology.orchestra.run.smithi016.stdout:/usr/bin/ceph: stderr
2024-04-10T01:58:28.736+0000 7f5fdced1700 1 -- 172.21.15.16:0/2710854891 --> [v2:172.21.15.16:3300/0,v1:172.21.15.16:6789/0] -- mon_subscribe({config=0+,monmap=0+}) v3 -- 0x7f5fcc0094f0 con 0x7f5fd8076a90
2024-04-10T01:58:33.798 INFO:teuthology.orchestra.run.smithi016.stdout:/usr/bin/ceph: stderr
2024-04-10T01:58:28.736+0000 7f5fdced1700 1 --2- 172.21.15.16:0/2710854891 >> [v2:172.21.15.16:3300/0,v1:172.21.15.16:6789/0] conn(0x7f5fd8076a90 0x7f5fd8113920 secure :-1 s=READY pgs=27 cs=0 l=1 rev1=1 crypto rx=0x7f5fcc000c00 tx=0x7f5fcc009250 comp rx=0 tx=0).ready entity=mon.0 client_cookie=0 server_cookie=0 in_seq=0 out_seq=0
2024-04-10T01:58:33.798 INFO:teuthology.orchestra.run.smithi016.stdout:/usr/bin/ceph: stderr
2024-04-10T01:58:28.736+0000 7f5fd57fa700 1 -- 172.21.15.16:0/2710854891 <== mon.0 v2:172.21.15.16:3300/0 1 ==== mon_map magic: 0 v1 ==== 229+0+0 (secure 0 0 0) 0x7f5fcc0107b0 con 0x7f5fd8076a90
2024-04-10T01:58:33.798 INFO:teuthology.orchestra.run.smithi016.stdout:/usr/bin/ceph: stderr
2024-04-10T01:58:28.736+0000 7f5fd57fa700 1 -- 172.21.15.16:0/2710854891 <== mon.0 v2:172.21.15.16:3300/0 2 ==== config(27 keys) v1 ==== 1044+0+0 (secure 0 0 0) 0x7f5fcc010da0 con 0x7f5fd8076a90
2024-04-10T01:58:33.798 INFO:teuthology.orchestra.run.smithi016.stdout:/usr/bin/ceph: stderr
2024-04-10T01:58:28.736+0000 7f5fdf135700 1 -- 172.21.15.16:0/2710854891 --> [v2:172.21.15.16:3300/0,v1:172.21.15.16:6789/0] -- mon_subscribe({mgrmap=0+}) v3 -- 0x7f5fd8114060 con 0x7f5fd8076a90
2024-04-10T01:58:33.798 INFO:teuthology.orchestra.run.smithi016.stdout:/usr/bin/ceph: stderr
2024-04-10T01:58:28.736+0000 7f5fd57fa700 1 -- 172.21.15.16:0/2710854891 <== mon.0 v2:172.21.15.16:3300/0 3 ==== mon_map magic: 0 v1 ==== 229+0+0 (secure 0 0 0) 0x7f5fcc01add0 con 0x7f5fd8076a90
2024-04-10T01:58:33.798 INFO:teuthology.orchestra.run.smithi016.stdout:/usr/bin/ceph: stderr
2024-04-10T01:58:28.736+0000 7f5fdf135700 1 -- 172.21.15.16:0/2710854891 --> [v2:172.21.15.16:3300/0,v1:172.21.15.16:6789/0] -- mon_subscribe({osdmap=0}) v3 -- 0x7f5fd8114bd0 con 0x7f5fd8076a90
2024-04-10T01:58:33.798 INFO:teuthology.orchestra.run.smithi016.stdout:/usr/bin/ceph: stderr
2024-04-10T01:58:28.737+0000 7f5fd57fa700 1 -- 172.21.15.16:0/2710854891 <== mon.0 v2:172.21.15.16:3300/0 4 ==== mgrmap(e 5) v1 ==== 43368+0+0 (secure 0 0 0) 0x7f5fcc02e440 con 0x7f5fd8076a90
2024-04-10T01:58:33.798 INFO:teuthology.orchestra.run.smithi016.stdout:/usr/bin/ceph: stderr
2024-04-10T01:58:28.737+0000 7f5fd57fa700 1 --2- 172.21.15.16:0/2710854891 >> [v2:172.21.15.16:6800/3630720356,v1:172.21.15.16:6801/3630720356] conn(0x7f5fc8036790 0x7f5fc8038c40 unknown :-1 s=NONE pgs=0 cs=0 l=1 rev1=0 crypto rx=0 tx=0 comp rx=0 tx=0).connect
2024-04-10T01:58:33.799 INFO:teuthology.orchestra.run.smithi016.stdout:/usr/bin/ceph: stderr
2024-04-10T01:58:28.737+0000 7f5fd57fa700 1 -- 172.21.15.16:0/2710854891 --> [v2:172.21.15.16:6800/3630720356,v1:172.21.15.16:6801/3630720356] -- command(tid 0: {"prefix": "get_command_descriptions"}) v1 -- 0x7f5fc8039350 con 0x7f5fc8036790
2024-04-10T01:58:33.799 INFO:teuthology.orchestra.run.smithi016.stdout:/usr/bin/ceph: stderr
2024-04-10T01:58:28.737+0000 7f5fd57fa700 1 -- 172.21.15.16:0/2710854891 <== mon.0 v2:172.21.15.16:3300/0 5 ==== osd_map(1..1 src has 1..1) v4 ==== 721+0+0 (secure 0 0 0) 0x7f5fcc04acd0 con 0x7f5fd8076a90
2024-04-10T01:58:33.799 INFO:teuthology.orchestra.run.smithi016.stdout:/usr/bin/ceph: stderr
2024-04-10T01:58:28.738+0000 7f5fd7fff700 1 -- 172.21.15.16:0/2710854891 >> [v2:172.21.15.16:6800/3630720356,v1:172.21.15.16:6801/3630720356] conn(0x7f5fc8036790 msgr2=0x7f5fc8038c40 unknown :-1 s=STATE_CONNECTING_RE l=1).process reconnect failed to v2:172.21.15.16:6800/3630720356
2024-04-10T01:58:33.799 INFO:teuthology.orchestra.run.smithi016.stdout:/usr/bin/ceph: stderr
2024-04-10T01:58:28.738+0000 7f5fd7fff700 1 --2- 172.21.15.16:0/2710854891 >> [v2:172.21.15.16:6800/3630720356,v1:172.21.15.16:6801/3630720356] conn(0x7f5fc8036790 0x7f5fc8038c40 unknown :-1 s=START_CONNECT pgs=0 cs=0 l=1 rev1=0 crypto rx=0 tx=0 comp rx=0 tx=0)._fault waiting 0.200000
2024-04-10T01:58:33.799 INFO:teuthology.orchestra.run.smithi016.stdout:/usr/bin/ceph: stderr
2024-04-10T01:58:28.939+0000 7f5fd7fff700 1 -- 172.21.15.16:0/2710854891 >> [v2:172.21.15.16:6800/3630720356,v1:172.21.15.16:6801/3630720356] conn(0x7f5fc8036790 msgr2=0x7f5fc8038c40 unknown :-1 s=STATE_CONNECTING_RE l=1).process reconnect failed to v2:172.21.15.16:6800/3630720356
2024-04-10T01:58:33.799 INFO:teuthology.orchestra.run.smithi016.stdout:/usr/bin/ceph: stderr
2024-04-10T01:58:28.939+0000 7f5fd7fff700 1 --2- 172.21.15.16:0/2710854891 >> [v2:172.21.15.16:6800/3630720356,v1:172.21.15.16:6801/3630720356] conn(0x7f5fc8036790 0x7f5fc8038c40 unknown :-1 s=START_CONNECT pgs=0 cs=0 l=1 rev1=0 crypto rx=0 tx=0 comp rx=0 tx=0)._fault waiting 0.400000
2024-04-10T01:58:33.799 INFO:teuthology.orchestra.run.smithi016.stdout:/usr/bin/ceph: stderr
2024-04-10T01:58:29.340+0000 7f5fd7fff700 1 -- 172.21.15.16:0/2710854891 >> [v2:172.21.15.16:6800/3630720356,v1:172.21.15.16:6801/3630720356] conn(0x7f5fc8036790 msgr2=0x7f5fc8038c40 unknown :-1 s=STATE_CONNECTING_RE l=1).process reconnect failed to v2:172.21.15.16:6800/3630720356
2024-04-10T01:58:33.799 INFO:teuthology.orchestra.run.smithi016.stdout:/usr/bin/ceph: stderr
2024-04-10T01:58:29.340+0000 7f5fd7fff700 1 --2- 172.21.15.16:0/2710854891 >> [v2:172.21.15.16:6800/3630720356,v1:172.21.15.16:6801/3630720356] conn(0x7f5fc8036790 0x7f5fc8038c40 unknown :-1 s=START_CONNECT pgs=0 cs=0 l=1 rev1=0 crypto rx=0 tx=0 comp rx=0 tx=0)._fault waiting 0.800000
2024-04-10T01:58:33.799 INFO:teuthology.orchestra.run.smithi016.stdout:/usr/bin/ceph: stderr
2024-04-10T01:58:30.141+0000 7f5fd7fff700 1 -- 172.21.15.16:0/2710854891 >> [v2:172.21.15.16:6800/3630720356,v1:172.21.15.16:6801/3630720356] conn(0x7f5fc8036790 msgr2=0x7f5fc8038c40 unknown :-1 s=STATE_CONNECTING_RE l=1).process reconnect failed to v2:172.21.15.16:6800/3630720356
2024-04-10T01:58:33.799 INFO:teuthology.orchestra.run.smithi016.stdout:/usr/bin/ceph: stderr
2024-04-10T01:58:30.141+0000 7f5fd7fff700 1 --2- 172.21.15.16:0/2710854891 >> [v2:172.21.15.16:6800/3630720356,v1:172.21.15.16:6801/3630720356] conn(0x7f5fc8036790 0x7f5fc8038c40 unknown :-1 s=START_CONNECT pgs=0 cs=0 l=1 rev1=0 crypto rx=0 tx=0 comp rx=0 tx=0)._fault waiting 1.600000
2024-04-10T01:58:33.799 INFO:teuthology.orchestra.run.smithi016.stdout:/usr/bin/ceph: stderr
2024-04-10T01:58:31.742+0000 7f5fd7fff700 1 -- 172.21.15.16:0/2710854891 >> [v2:172.21.15.16:6800/3630720356,v1:172.21.15.16:6801/3630720356] conn(0x7f5fc8036790 msgr2=0x7f5fc8038c40 unknown :-1 s=STATE_CONNECTING_RE l=1).process reconnect failed to v2:172.21.15.16:6800/3630720356
2024-04-10T01:58:33.799 INFO:teuthology.orchestra.run.smithi016.stdout:/usr/bin/ceph: stderr
2024-04-10T01:58:31.742+0000 7f5fd7fff700 1 --2- 172.21.15.16:0/2710854891 >> [v2:172.21.15.16:6800/3630720356,v1:172.21.15.16:6801/3630720356] conn(0x7f5fc8036790 0x7f5fc8038c40 unknown :-1 s=START_CONNECT pgs=0 cs=0 l=1 rev1=0 crypto rx=0 tx=0 comp rx=0 tx=0)._fault waiting 3.200000
2024-04-10T01:58:33.799 INFO:teuthology.orchestra.run.smithi016.stdout:/usr/bin/ceph: stderr
2024-04-10T01:58:32.268+0000 7f5fd57fa700 1 -- 172.21.15.16:0/2710854891 <== mon.0 v2:172.21.15.16:3300/0 6 ==== mgrmap(e 6) v1 ==== 43135+0+0 (secure 0 0 0) 0x7f5fcc02ecf0 con 0x7f5fd8076a90
2024-04-10T01:58:33.799 INFO:teuthology.orchestra.run.smithi016.stdout:/usr/bin/ceph: stderr
2024-04-10T01:58:32.269+0000 7f5fd57fa700 1 -- 172.21.15.16:0/2710854891 >> [v2:172.21.15.16:6800/3630720356,v1:172.21.15.16:6801/3630720356] conn(0x7f5fc8036790 msgr2=0x7f5fc8038c40 unknown :-1 s=STATE_CONNECTING l=1).mark_down
2024-04-10T01:58:33.800 INFO:teuthology.orchestra.run.smithi016.stdout:/usr/bin/ceph: stderr
2024-04-10T01:58:32.269+0000 7f5fd57fa700 1 --2- 172.21.15.16:0/2710854891 >> [v2:172.21.15.16:6800/3630720356,v1:172.21.15.16:6801/3630720356] conn(0x7f5fc8036790 0x7f5fc8038c40 unknown :-1 s=START_CONNECT pgs=0 cs=0 l=1 rev1=0 crypto rx=0 tx=0 comp rx=0 tx=0).stop
2024-04-10T01:58:33.800 INFO:teuthology.orchestra.run.smithi016.stdout:/usr/bin/ceph: stderr
2024-04-10T01:58:33.270+0000 7f5fd57fa700 1 -- 172.21.15.16:0/2710854891 <== mon.0 v2:172.21.15.16:3300/0 7 ==== mgrmap(e 7) v1 ==== 43262+0+0 (secure 0 0 0) 0x7f5fcc00fd30 con 0x7f5fd8076a90
2024-04-10T01:58:33.800 INFO:teuthology.orchestra.run.smithi016.stdout:/usr/bin/ceph: stderr
2024-04-10T01:58:33.270+0000 7f5fd57fa700 1 --2- 172.21.15.16:0/2710854891 >> [v2:172.21.15.16:6800/2713532414,v1:172.21.15.16:6801/2713532414] conn(0x7f5fc8039fc0 0x7f5fc803c3a0 unknown :-1 s=NONE pgs=0 cs=0 l=1 rev1=0 crypto rx=0 tx=0 comp rx=0 tx=0).connect
2024-04-10T01:58:33.800 INFO:teuthology.orchestra.run.smithi016.stdout:/usr/bin/ceph: stderr
2024-04-10T01:58:33.270+0000 7f5fd57fa700 1 -- 172.21.15.16:0/2710854891 --> [v2:172.21.15.16:6800/2713532414,v1:172.21.15.16:6801/2713532414] -- command(tid 0: {"prefix": "get_command_descriptions"}) v1 -- 0x7f5fc8039350 con 0x7f5fc8039fc0
2024-04-10T01:58:33.800 INFO:teuthology.orchestra.run.smithi016.stdout:/usr/bin/ceph: stderr
2024-04-10T01:58:33.270+0000 7f5fd7fff700 1 --2- 172.21.15.16:0/2710854891 >> [v2:172.21.15.16:6800/2713532414,v1:172.21.15.16:6801/2713532414] conn(0x7f5fc8039fc0 0x7f5fc803c3a0 unknown :-1 s=BANNER_CONNECTING pgs=0 cs=0 l=1 rev1=0 crypto rx=0 tx=0 comp rx=0 tx=0)._handle_peer_banner_payload supported=3 required=0
2024-04-10T01:58:33.800 INFO:teuthology.orchestra.run.smithi016.stdout:/usr/bin/ceph: stderr
2024-04-10T01:58:33.271+0000 7f5fd7fff700 1 --2- 172.21.15.16:0/2710854891 >> [v2:172.21.15.16:6800/2713532414,v1:172.21.15.16:6801/2713532414] conn(0x7f5fc8039fc0 0x7f5fc803c3a0 secure :-1 s=READY pgs=1 cs=0 l=1 rev1=1 crypto rx=0x7f5fc40039d0 tx=0x7f5fc4009350 comp rx=0 tx=0).ready entity=mgr.14118 client_cookie=0 server_cookie=0 in_seq=0 out_seq=0
2024-04-10T01:58:33.800 INFO:teuthology.orchestra.run.smithi016.stdout:/usr/bin/ceph: stderr
2024-04-10T01:58:33.271+0000 7f5fd57fa700 1 -- 172.21.15.16:0/2710854891 <== mgr.14118 v2:172.21.15.16:6800/2713532414 1 ==== command_reply(tid 0: 0 ) v1 ==== 8+0+6549 (secure 0 0 0) 0x7f5fc8039350 con 0x7f5fc8039fc0
2024-04-10T01:58:33.800 INFO:teuthology.orchestra.run.smithi016.stdout:/usr/bin/ceph: stderr
2024-04-10T01:58:33.277+0000 7f5fdf135700 1 -- 172.21.15.16:0/2710854891 --> [v2:172.21.15.16:6800/2713532414,v1:172.21.15.16:6801/2713532414] -- command(tid 1: {"prefix": "mgr_status"}) v1 -- 0x7f5fd81144f0 con 0x7f5fc8039fc0
2024-04-10T01:58:33.800 INFO:teuthology.orchestra.run.smithi016.stdout:/usr/bin/ceph: stderr
2024-04-10T01:58:33.277+0000 7f5fd57fa700 1 -- 172.21.15.16:0/2710854891 <== mgr.14118 v2:172.21.15.16:6800/2713532414 2 ==== command_reply(tid 1: 0 ) v1 ==== 8+0+51 (secure 0 0 0) 0x7f5fd81144f0 con 0x7f5fc8039fc0
2024-04-10T01:58:33.800 INFO:teuthology.orchestra.run.smithi016.stdout:/usr/bin/ceph: stderr
2024-04-10T01:58:33.278+0000 7f5fdf135700 1 -- 172.21.15.16:0/2710854891 >> [v2:172.21.15.16:6800/2713532414,v1:172.21.15.16:6801/2713532414] conn(0x7f5fc8039fc0 msgr2=0x7f5fc803c3a0 secure :-1 s=STATE_CONNECTION_ESTABLISHED l=1).mark_down
2024-04-10T01:58:33.800 INFO:teuthology.orchestra.run.smithi016.stdout:/usr/bin/ceph: stderr
2024-04-10T01:58:33.278+0000 7f5fdf135700 1 --2- 172.21.15.16:0/2710854891 >> [v2:172.21.15.16:6800/2713532414,v1:172.21.15.16:6801/2713532414] conn(0x7f5fc8039fc0 0x7f5fc803c3a0 secure :-1 s=READY pgs=1 cs=0 l=1 rev1=1 crypto rx=0x7f5fc40039d0 tx=0x7f5fc4009350 comp rx=0 tx=0).stop
2024-04-10T01:58:33.800 INFO:teuthology.orchestra.run.smithi016.stdout:/usr/bin/ceph: stderr
2024-04-10T01:58:33.278+0000 7f5fdf135700 1 -- 172.21.15.16:0/2710854891 >> [v2:172.21.15.16:3300/0,v1:172.21.15.16:6789/0] conn(0x7f5fd8076a90 msgr2=0x7f5fd8113920 secure :-1 s=STATE_CONNECTION_ESTABLISHED l=1).mark_down
2024-04-10T01:58:33.801 INFO:teuthology.orchestra.run.smithi016.stdout:/usr/bin/ceph: stderr
2024-04-10T01:58:33.278+0000 7f5fdf135700 1 --2- 172.21.15.16:0/2710854891 >> [v2:172.21.15.16:3300/0,v1:172.21.15.16:6789/0] conn(0x7f5fd8076a90 0x7f5fd8113920 secure :-1 s=READY pgs=27 cs=0 l=1 rev1=1 crypto rx=0x7f5fcc000c00 tx=0x7f5fcc009250 comp rx=0 tx=0).stop
2024-04-10T01:58:33.801 INFO:teuthology.orchestra.run.smithi016.stdout:/usr/bin/ceph: stderr
2024-04-10T01:58:33.278+0000 7f5fdf135700 1 -- 172.21.15.16:0/2710854891 shutdown_connections
2024-04-10T01:58:33.801 INFO:teuthology.orchestra.run.smithi016.stdout:/usr/bin/ceph: stderr
2024-04-10T01:58:33.278+0000 7f5fdf135700 1 --2- 172.21.15.16:0/2710854891 >> [v2:172.21.15.16:6800/2713532414,v1:172.21.15.16:6801/2713532414] conn(0x7f5fc8039fc0 0x7f5fc803c3a0 unknown :-1 s=CLOSED pgs=1 cs=0 l=1 rev1=1 crypto rx=0 tx=0 comp rx=0 tx=0).stop
2024-04-10T01:58:33.801 INFO:teuthology.orchestra.run.smithi016.stdout:/usr/bin/ceph: stderr
2024-04-10T01:58:33.278+0000 7f5fdf135700 1 --2- 172.21.15.16:0/2710854891 >> [v2:172.21.15.16:3300/0,v1:172.21.15.16:6789/0] conn(0x7f5fd8076a90 0x7f5fd8113920 unknown :-1 s=CLOSED pgs=27 cs=0 l=1 rev1=1 crypto rx=0 tx=0 comp rx=0 tx=0).stop
2024-04-10T01:58:33.801 INFO:teuthology.orchestra.run.smithi016.stdout:/usr/bin/ceph: stderr
2024-04-10T01:58:33.278+0000 7f5fdf135700 1 --2- 172.21.15.16:0/2710854891 >> [v2:172.21.15.16:6800/3630720356,v1:172.21.15.16:6801/3630720356] conn(0x7f5fc8036790 0x7f5fc8038c40 unknown :-1 s=CLOSED pgs=0 cs=0 l=1 rev1=0 crypto rx=0 tx=0 comp rx=0 tx=0).stop
2024-04-10T01:58:33.801 INFO:teuthology.orchestra.run.smithi016.stdout:/usr/bin/ceph: stderr
2024-04-10T01:58:33.278+0000 7f5fdf135700 1 -- 172.21.15.16:0/2710854891 >> 172.21.15.16:0/2710854891 conn(0x7f5fd80fcf70 msgr2=0x7f5fd80fdca0 unknown :-1 s=STATE_NONE l=0).mark_down
2024-04-10T01:58:33.801 INFO:teuthology.orchestra.run.smithi016.stdout:/usr/bin/ceph: stderr
2024-04-10T01:58:33.278+0000 7f5fdf135700 1 -- 172.21.15.16:0/2710854891 shutdown_connections
2024-04-10T01:58:33.801 INFO:teuthology.orchestra.run.smithi016.stdout:/usr/bin/ceph: stderr
2024-04-10T01:58:33.278+0000 7f5fdf135700 1 -- 172.21.15.16:0/2710854891 wait complete.
2024-04-10T01:58:33.801 INFO:teuthology.orchestra.run.smithi016.stdout:mgr epoch 5 is available
2024-04-10T01:58:33.801 INFO:teuthology.orchestra.run.smithi016.stdout:Setting orchestrator backend to cephadm...
2024-04-10T01:58:34.458 INFO:journalctl@ceph.mon.smithi016.smithi016.stdout:Apr 10 01:58:34 smithi016 ceph-mon[29440]: from='client.14122 -' entity='client.admin' cmd=[{"prefix": "get_command_descriptions"}]: dispatch
2024-04-10T01:58:34.458 INFO:journalctl@ceph.mon.smithi016.smithi016.stdout:Apr 10 01:58:34 smithi016 ceph-mon[29440]: from='client.14122 -' entity='client.admin' cmd=[{"prefix": "mgr_status"}]: dispatch
2024-04-10T01:58:35.016 INFO:teuthology.orchestra.run.smithi016.stdout:/usr/bin/ceph: stderr
2024-04-10T01:58:34.218+0000 7f39df9a9700 1 Processor -- start
2024-04-10T01:58:35.016 INFO:teuthology.orchestra.run.smithi016.stdout:/usr/bin/ceph: stderr
2024-04-10T01:58:34.218+0000 7f39df9a9700 1 -- start start
2024-04-10T01:58:35.016 INFO:teuthology.orchestra.run.smithi016.stdout:/usr/bin/ceph: stderr
2024-04-10T01:58:34.218+0000 7f39df9a9700 1 --2- >> [v2:172.21.15.16:3300/0,v1:172.21.15.16:6789/0] conn(0x7f39d8102920 0x7f39d8102d30 unknown :-1 s=NONE pgs=0 cs=0 l=0 rev1=0 crypto rx=0 tx=0 comp rx=0 tx=0).connect
2024-04-10T01:58:35.016 INFO:teuthology.orchestra.run.smithi016.stdout:/usr/bin/ceph: stderr
2024-04-10T01:58:34.218+0000 7f39df9a9700 1 -- --> [v2:172.21.15.16:3300/0,v1:172.21.15.16:6789/0] -- mon_getmap magic: 0 v1 -- 0x7f39d8103270 con 0x7f39d8102920
2024-04-10T01:58:35.016 INFO:teuthology.orchestra.run.smithi016.stdout:/usr/bin/ceph: stderr
2024-04-10T01:58:34.218+0000 7f39dd745700 1 --2- >> [v2:172.21.15.16:3300/0,v1:172.21.15.16:6789/0] conn(0x7f39d8102920 0x7f39d8102d30 unknown :-1 s=BANNER_CONNECTING pgs=0 cs=0 l=0 rev1=0 crypto rx=0 tx=0 comp rx=0 tx=0)._handle_peer_banner_payload supported=3 required=0
2024-04-10T01:58:35.016 INFO:teuthology.orchestra.run.smithi016.stdout:/usr/bin/ceph: stderr
2024-04-10T01:58:34.218+0000 7f39dd745700 1 --2- >> [v2:172.21.15.16:3300/0,v1:172.21.15.16:6789/0] conn(0x7f39d8102920 0x7f39d8102d30 unknown :-1 s=HELLO_CONNECTING pgs=0 cs=0 l=0 rev1=1 crypto rx=0 tx=0 comp rx=0 tx=0).handle_hello peer v2:172.21.15.16:3300/0 says I am v2:172.21.15.16:33702/0 (socket says 172.21.15.16:33702)
2024-04-10T01:58:35.016 INFO:teuthology.orchestra.run.smithi016.stdout:/usr/bin/ceph: stderr
2024-04-10T01:58:34.218+0000 7f39dd745700 1 -- 172.21.15.16:0/176429753 learned_addr learned my addr 172.21.15.16:0/176429753 (peer_addr_for_me v2:172.21.15.16:0/0)
2024-04-10T01:58:35.016 INFO:teuthology.orchestra.run.smithi016.stdout:/usr/bin/ceph: stderr
2024-04-10T01:58:34.219+0000 7f39dd745700 1 -- 172.21.15.16:0/176429753 --> [v2:172.21.15.16:3300/0,v1:172.21.15.16:6789/0] -- mon_subscribe({config=0+,monmap=0+}) v3 -- 0x7f39d81033b0 con 0x7f39d8102920
2024-04-10T01:58:35.016 INFO:teuthology.orchestra.run.smithi016.stdout:/usr/bin/ceph: stderr
2024-04-10T01:58:34.219+0000 7f39dd745700 1 --2- 172.21.15.16:0/176429753 >> [v2:172.21.15.16:3300/0,v1:172.21.15.16:6789/0] conn(0x7f39d8102920 0x7f39d8102d30 secure :-1 s=READY pgs=35 cs=0 l=1 rev1=1 crypto rx=0x7f39d40098e0 tx=0x7f39d4009250 comp rx=0 tx=0).ready entity=mon.0 client_cookie=e71eeac7a117b360 server_cookie=0 in_seq=0 out_seq=0
2024-04-10T01:58:35.016 INFO:teuthology.orchestra.run.smithi016.stdout:/usr/bin/ceph: stderr
2024-04-10T01:58:34.219+0000 7f39cffff700 1 -- 172.21.15.16:0/176429753 <== mon.0 v2:172.21.15.16:3300/0 1 ==== mon_map magic: 0 v1 ==== 229+0+0 (secure 0 0 0) 0x7f39d400b860 con 0x7f39d8102920
2024-04-10T01:58:35.016 INFO:teuthology.orchestra.run.smithi016.stdout:/usr/bin/ceph: stderr
2024-04-10T01:58:34.219+0000 7f39cffff700 1 -- 172.21.15.16:0/176429753 <== mon.0 v2:172.21.15.16:3300/0 2 ==== config(27 keys) v1 ==== 1044+0+0 (secure 0 0 0) 0x7f39d400be50 con 0x7f39d8102920
2024-04-10T01:58:35.016 INFO:teuthology.orchestra.run.smithi016.stdout:/usr/bin/ceph: stderr
2024-04-10T01:58:34.219+0000 7f39cffff700 1 -- 172.21.15.16:0/176429753 <== mon.0 v2:172.21.15.16:3300/0 3 ==== mon_map magic: 0 v1 ==== 229+0+0 (secure 0 0 0) 0x7f39d4010380 con 0x7f39d8102920
2024-04-10T01:58:35.017 INFO:teuthology.orchestra.run.smithi016.stdout:/usr/bin/ceph: stderr
2024-04-10T01:58:34.220+0000 7f39df9a9700 1 -- 172.21.15.16:0/176429753 >> [v2:172.21.15.16:3300/0,v1:172.21.15.16:6789/0] conn(0x7f39d8102920 msgr2=0x7f39d8102d30 secure :-1 s=STATE_CONNECTION_ESTABLISHED l=1).mark_down
2024-04-10T01:58:35.017 INFO:teuthology.orchestra.run.smithi016.stdout:/usr/bin/ceph: stderr
2024-04-10T01:58:34.220+0000 7f39df9a9700 1 --2- 172.21.15.16:0/176429753 >> [v2:172.21.15.16:3300/0,v1:172.21.15.16:6789/0] conn(0x7f39d8102920 0x7f39d8102d30 secure :-1 s=READY pgs=35 cs=0 l=1 rev1=1 crypto rx=0x7f39d40098e0 tx=0x7f39d4009250 comp rx=0 tx=0).stop
2024-04-10T01:58:35.017 INFO:teuthology.orchestra.run.smithi016.stdout:/usr/bin/ceph: stderr
2024-04-10T01:58:34.220+0000 7f39df9a9700 1 -- 172.21.15.16:0/176429753 shutdown_connections
2024-04-10T01:58:35.017 INFO:teuthology.orchestra.run.smithi016.stdout:/usr/bin/ceph: stderr
2024-04-10T01:58:34.220+0000 7f39df9a9700 1 --2- 172.21.15.16:0/176429753 >> [v2:172.21.15.16:3300/0,v1:172.21.15.16:6789/0] conn(0x7f39d8102920 0x7f39d8102d30 unknown :-1 s=CLOSED pgs=35 cs=0 l=1 rev1=1 crypto rx=0 tx=0 comp rx=0 tx=0).stop
2024-04-10T01:58:35.017 INFO:teuthology.orchestra.run.smithi016.stdout:/usr/bin/ceph: stderr
2024-04-10T01:58:34.220+0000 7f39df9a9700 1 -- 172.21.15.16:0/176429753 >> 172.21.15.16:0/176429753 conn(0x7f39d80fe0a0 msgr2=0x7f39d81004b0 unknown :-1 s=STATE_NONE l=0).mark_down
2024-04-10T01:58:35.017 INFO:teuthology.orchestra.run.smithi016.stdout:/usr/bin/ceph: stderr
2024-04-10T01:58:34.220+0000 7f39df9a9700 1 -- 172.21.15.16:0/176429753 shutdown_connections
2024-04-10T01:58:35.017 INFO:teuthology.orchestra.run.smithi016.stdout:/usr/bin/ceph: stderr
2024-04-10T01:58:34.220+0000 7f39df9a9700 1 -- 172.21.15.16:0/176429753 wait complete.
2024-04-10T01:58:35.017 INFO:teuthology.orchestra.run.smithi016.stdout:/usr/bin/ceph: stderr
2024-04-10T01:58:34.220+0000 7f39df9a9700 1 Processor -- start
2024-04-10T01:58:35.017 INFO:teuthology.orchestra.run.smithi016.stdout:/usr/bin/ceph: stderr
2024-04-10T01:58:34.220+0000 7f39df9a9700 1 -- start start
2024-04-10T01:58:35.017 INFO:teuthology.orchestra.run.smithi016.stdout:/usr/bin/ceph: stderr
2024-04-10T01:58:34.220+0000 7f39df9a9700 1 --2- >> [v2:172.21.15.16:3300/0,v1:172.21.15.16:6789/0] conn(0x7f39d8102920 0x7f39d81116c0 unknown :-1 s=NONE pgs=0 cs=0 l=1 rev1=0 crypto rx=0 tx=0 comp rx=0 tx=0).connect
2024-04-10T01:58:35.017 INFO:teuthology.orchestra.run.smithi016.stdout:/usr/bin/ceph: stderr
2024-04-10T01:58:34.220+0000 7f39df9a9700 1 -- --> [v2:172.21.15.16:3300/0,v1:172.21.15.16:6789/0] -- mon_getmap magic: 0 v1 -- 0x7f39d8111c00 con 0x7f39d8102920
2024-04-10T01:58:35.017 INFO:teuthology.orchestra.run.smithi016.stdout:/usr/bin/ceph: stderr
2024-04-10T01:58:34.221+0000 7f39dd745700 1 --2- >> [v2:172.21.15.16:3300/0,v1:172.21.15.16:6789/0] conn(0x7f39d8102920 0x7f39d81116c0 unknown :-1 s=BANNER_CONNECTING pgs=0 cs=0 l=1 rev1=0 crypto rx=0 tx=0 comp rx=0 tx=0)._handle_peer_banner_payload supported=3 required=0
2024-04-10T01:58:35.017 INFO:teuthology.orchestra.run.smithi016.stdout:/usr/bin/ceph: stderr
2024-04-10T01:58:34.221+0000 7f39dd745700 1 --2- >> [v2:172.21.15.16:3300/0,v1:172.21.15.16:6789/0] conn(0x7f39d8102920 0x7f39d81116c0 unknown :-1 s=HELLO_CONNECTING pgs=0 cs=0 l=1 rev1=1 crypto rx=0 tx=0 comp rx=0 tx=0).handle_hello peer v2:172.21.15.16:3300/0 says I am v2:172.21.15.16:33714/0 (socket says 172.21.15.16:33714)
2024-04-10T01:58:35.017 INFO:teuthology.orchestra.run.smithi016.stdout:/usr/bin/ceph: stderr
2024-04-10T01:58:34.221+0000 7f39dd745700 1 -- 172.21.15.16:0/3971007555 learned_addr learned my addr 172.21.15.16:0/3971007555 (peer_addr_for_me v2:172.21.15.16:0/0)
2024-04-10T01:58:35.017 INFO:teuthology.orchestra.run.smithi016.stdout:/usr/bin/ceph: stderr
2024-04-10T01:58:34.221+0000 7f39dd745700 1 -- 172.21.15.16:0/3971007555 --> [v2:172.21.15.16:3300/0,v1:172.21.15.16:6789/0] -- mon_subscribe({config=0+,monmap=0+}) v3 -- 0x7f39d40094f0 con 0x7f39d8102920
2024-04-10T01:58:35.018 INFO:teuthology.orchestra.run.smithi016.stdout:/usr/bin/ceph: stderr
2024-04-10T01:58:34.221+0000 7f39dd745700 1 --2- 172.21.15.16:0/3971007555 >> [v2:172.21.15.16:3300/0,v1:172.21.15.16:6789/0] conn(0x7f39d8102920 0x7f39d81116c0 secure :-1 s=READY pgs=36 cs=0 l=1 rev1=1 crypto rx=0x7f39d4000c00 tx=0x7f39d4009250 comp rx=0 tx=0).ready entity=mon.0 client_cookie=0 server_cookie=0 in_seq=0 out_seq=0
2024-04-10T01:58:35.018 INFO:teuthology.orchestra.run.smithi016.stdout:/usr/bin/ceph: stderr
2024-04-10T01:58:34.221+0000 7f39cdffb700 1 -- 172.21.15.16:0/3971007555 <== mon.0 v2:172.21.15.16:3300/0 1 ==== mon_map magic: 0 v1 ==== 229+0+0 (secure 0 0 0) 0x7f39d40107c0 con 0x7f39d8102920
2024-04-10T01:58:35.018 INFO:teuthology.orchestra.run.smithi016.stdout:/usr/bin/ceph: stderr
2024-04-10T01:58:34.221+0000 7f39cdffb700 1 -- 172.21.15.16:0/3971007555 <== mon.0 v2:172.21.15.16:3300/0 2 ==== config(27 keys) v1 ==== 1044+0+0 (secure 0 0 0) 0x7f39d4010db0 con 0x7f39d8102920
2024-04-10T01:58:35.018 INFO:teuthology.orchestra.run.smithi016.stdout:/usr/bin/ceph: stderr
2024-04-10T01:58:34.221+0000 7f39df9a9700 1 -- 172.21.15.16:0/3971007555 --> [v2:172.21.15.16:3300/0,v1:172.21.15.16:6789/0] -- mon_subscribe({mgrmap=0+}) v3 -- 0x7f39d8111e00 con 0x7f39d8102920
2024-04-10T01:58:35.018 INFO:teuthology.orchestra.run.smithi016.stdout:/usr/bin/ceph: stderr
2024-04-10T01:58:34.221+0000 7f39cdffb700 1 -- 172.21.15.16:0/3971007555 <== mon.0 v2:172.21.15.16:3300/0 3 ==== mon_map magic: 0 v1 ==== 229+0+0 (secure 0 0 0) 0x7f39d401ad00 con 0x7f39d8102920
2024-04-10T01:58:35.018 INFO:teuthology.orchestra.run.smithi016.stdout:/usr/bin/ceph: stderr
2024-04-10T01:58:34.221+0000 7f39df9a9700 1 -- 172.21.15.16:0/3971007555 --> [v2:172.21.15.16:3300/0,v1:172.21.15.16:6789/0] -- mon_subscribe({osdmap=0}) v3 -- 0x7f39d8112970 con 0x7f39d8102920
2024-04-10T01:58:35.018 INFO:teuthology.orchestra.run.smithi016.stdout:/usr/bin/ceph: stderr
2024-04-10T01:58:34.222+0000 7f39cdffb700 1 -- 172.21.15.16:0/3971007555 <== mon.0 v2:172.21.15.16:3300/0 4 ==== mgrmap(e 7) v1 ==== 43262+0+0 (secure 0 0 0) 0x7f39d40193c0 con 0x7f39d8102920
2024-04-10T01:58:35.018 INFO:teuthology.orchestra.run.smithi016.stdout:/usr/bin/ceph: stderr
2024-04-10T01:58:34.222+0000 7f39df9a9700 1 -- 172.21.15.16:0/3971007555 --> [v2:172.21.15.16:3300/0,v1:172.21.15.16:6789/0] -- mon_command({"prefix": "get_command_descriptions"} v 0) v1 -- 0x7f39d805f5f0 con 0x7f39d8102920
2024-04-10T01:58:35.018 INFO:teuthology.orchestra.run.smithi016.stdout:/usr/bin/ceph: stderr
2024-04-10T01:58:34.223+0000 7f39cdffb700 1 --2- 172.21.15.16:0/3971007555 >> [v2:172.21.15.16:6800/2713532414,v1:172.21.15.16:6801/2713532414] conn(0x7f39c40366b0 0x7f39c4038b60 unknown :-1 s=NONE pgs=0 cs=0 l=1 rev1=0 crypto rx=0 tx=0 comp rx=0 tx=0).connect
2024-04-10T01:58:35.018 INFO:teuthology.orchestra.run.smithi016.stdout:/usr/bin/ceph: stderr
2024-04-10T01:58:34.223+0000 7f39cdffb700 1 -- 172.21.15.16:0/3971007555 <== mon.0 v2:172.21.15.16:3300/0 5 ==== osd_map(2..2 src has 1..2) v4 ==== 936+0+0 (secure 0 0 0) 0x7f39d404a5b0 con 0x7f39d8102920
2024-04-10T01:58:35.018 INFO:teuthology.orchestra.run.smithi016.stdout:/usr/bin/ceph: stderr
2024-04-10T01:58:34.223+0000 7f39dcf44700 1 --2- 172.21.15.16:0/3971007555 >> [v2:172.21.15.16:6800/2713532414,v1:172.21.15.16:6801/2713532414] conn(0x7f39c40366b0 0x7f39c4038b60 unknown :-1 s=BANNER_CONNECTING pgs=0 cs=0 l=1 rev1=0 crypto rx=0 tx=0 comp rx=0 tx=0)._handle_peer_banner_payload supported=3 required=0
2024-04-10T01:58:35.018 INFO:teuthology.orchestra.run.smithi016.stdout:/usr/bin/ceph: stderr
2024-04-10T01:58:34.223+0000 7f39dcf44700 1 --2- 172.21.15.16:0/3971007555 >> [v2:172.21.15.16:6800/2713532414,v1:172.21.15.16:6801/2713532414] conn(0x7f39c40366b0 0x7f39c4038b60 secure :-1 s=READY pgs=7 cs=0 l=1 rev1=1 crypto rx=0x7f39c8009990 tx=0x7f39c8006e40 comp rx=0 tx=0).ready entity=mgr.14118 client_cookie=0 server_cookie=0 in_seq=0 out_seq=0
2024-04-10T01:58:35.018 INFO:teuthology.orchestra.run.smithi016.stdout:/usr/bin/ceph: stderr
2024-04-10T01:58:34.228+0000 7f39cdffb700 1 -- 172.21.15.16:0/3971007555 <== mon.0 v2:172.21.15.16:3300/0 6 ==== mon_command_ack([{"prefix": "get_command_descriptions"}]=0 v0) v1 ==== 72+0+176504 (secure 0 0 0) 0x7f39d4022340 con 0x7f39d8102920
2024-04-10T01:58:35.018 INFO:teuthology.orchestra.run.smithi016.stdout:/usr/bin/ceph: stderr
2024-04-10T01:58:34.323+0000 7f39cdffb700 1 -- 172.21.15.16:0/3971007555 <== mon.0 v2:172.21.15.16:3300/0 7 ==== mgrmap(e 8) v1 ==== 43368+0+0 (secure 0 0 0) 0x7f39d401a530 con 0x7f39d8102920
2024-04-10T01:58:35.019 INFO:teuthology.orchestra.run.smithi016.stdout:/usr/bin/ceph: stderr
2024-04-10T01:58:34.438+0000 7f39df9a9700 1 -- 172.21.15.16:0/3971007555 --> [v2:172.21.15.16:6800/2713532414,v1:172.21.15.16:6801/2713532414] -- mgr_command(tid 0: {"prefix": "orch set backend", "module_name": "cephadm", "target": ["mon-mgr", ""]}) v1 -- 0x7f39d80ff300 con 0x7f39c40366b0
2024-04-10T01:58:35.019 INFO:teuthology.orchestra.run.smithi016.stdout:/usr/bin/ceph: stderr
2024-04-10T01:58:34.445+0000 7f39cdffb700 1 -- 172.21.15.16:0/3971007555 <== mgr.14118 v2:172.21.15.16:6800/2713532414 1 ==== mgr_command_reply(tid 0: 0 ) v1 ==== 8+0+0 (secure 0 0 0) 0x7f39d80ff300 con 0x7f39c40366b0
2024-04-10T01:58:35.019 INFO:teuthology.orchestra.run.smithi016.stdout:/usr/bin/ceph: stderr
2024-04-10T01:58:34.447+0000 7f39df9a9700 1 -- 172.21.15.16:0/3971007555 >> [v2:172.21.15.16:6800/2713532414,v1:172.21.15.16:6801/2713532414] conn(0x7f39c40366b0 msgr2=0x7f39c4038b60 secure :-1 s=STATE_CONNECTION_ESTABLISHED l=1).mark_down
2024-04-10T01:58:35.019 INFO:teuthology.orchestra.run.smithi016.stdout:/usr/bin/ceph: stderr
2024-04-10T01:58:34.447+0000 7f39df9a9700 1 --2- 172.21.15.16:0/3971007555 >> [v2:172.21.15.16:6800/2713532414,v1:172.21.15.16:6801/2713532414] conn(0x7f39c40366b0 0x7f39c4038b60 secure :-1 s=READY pgs=7 cs=0 l=1 rev1=1 crypto rx=0x7f39c8009990 tx=0x7f39c8006e40 comp rx=0 tx=0).stop
2024-04-10T01:58:35.019 INFO:teuthology.orchestra.run.smithi016.stdout:/usr/bin/ceph: stderr
2024-04-10T01:58:34.447+0000 7f39df9a9700 1 -- 172.21.15.16:0/3971007555 >> [v2:172.21.15.16:3300/0,v1:172.21.15.16:6789/0] conn(0x7f39d8102920 msgr2=0x7f39d81116c0 secure :-1 s=STATE_CONNECTION_ESTABLISHED l=1).mark_down
2024-04-10T01:58:35.019 INFO:teuthology.orchestra.run.smithi016.stdout:/usr/bin/ceph: stderr
2024-04-10T01:58:34.447+0000 7f39df9a9700 1 --2- 172.21.15.16:0/3971007555 >> [v2:172.21.15.16:3300/0,v1:172.21.15.16:6789/0] conn(0x7f39d8102920 0x7f39d81116c0 secure :-1 s=READY pgs=36 cs=0 l=1 rev1=1 crypto rx=0x7f39d4000c00 tx=0x7f39d4009250 comp rx=0 tx=0).stop
2024-04-10T01:58:35.019 INFO:teuthology.orchestra.run.smithi016.stdout:/usr/bin/ceph: stderr
2024-04-10T01:58:34.447+0000 7f39df9a9700 1 -- 172.21.15.16:0/3971007555 shutdown_connections
2024-04-10T01:58:35.019 INFO:teuthology.orchestra.run.smithi016.stdout:/usr/bin/ceph: stderr
2024-04-10T01:58:34.447+0000 7f39df9a9700 1 --2- 172.21.15.16:0/3971007555 >> [v2:172.21.15.16:6800/2713532414,v1:172.21.15.16:6801/2713532414] conn(0x7f39c40366b0 0x7f39c4038b60 unknown :-1 s=CLOSED pgs=7 cs=0 l=1 rev1=1 crypto rx=0 tx=0 comp rx=0 tx=0).stop
2024-04-10T01:58:35.019 INFO:teuthology.orchestra.run.smithi016.stdout:/usr/bin/ceph: stderr
2024-04-10T01:58:34.447+0000 7f39df9a9700 1 --2- 172.21.15.16:0/3971007555 >> [v2:172.21.15.16:3300/0,v1:172.21.15.16:6789/0] conn(0x7f39d8102920 0x7f39d81116c0 unknown :-1 s=CLOSED pgs=36 cs=0 l=1 rev1=1 crypto rx=0 tx=0 comp rx=0 tx=0).stop
2024-04-10T01:58:35.019 INFO:teuthology.orchestra.run.smithi016.stdout:/usr/bin/ceph: stderr
2024-04-10T01:58:34.447+0000 7f39df9a9700 1 -- 172.21.15.16:0/3971007555 >> 172.21.15.16:0/3971007555 conn(0x7f39d80fe0a0 msgr2=0x7f39d80febf0 unknown :-1 s=STATE_NONE l=0).mark_down
2024-04-10T01:58:35.019 INFO:teuthology.orchestra.run.smithi016.stdout:/usr/bin/ceph: stderr
2024-04-10T01:58:34.447+0000 7f39df9a9700 1 -- 172.21.15.16:0/3971007555 shutdown_connections
2024-04-10T01:58:35.020 INFO:teuthology.orchestra.run.smithi016.stdout:/usr/bin/ceph: stderr
2024-04-10T01:58:34.447+0000 7f39df9a9700 1 -- 172.21.15.16:0/3971007555 wait complete.
2024-04-10T01:58:35.625 INFO:journalctl@ceph.mon.smithi016.smithi016.stdout:Apr 10 01:58:35 smithi016 ceph-mon[29440]: mgrmap e8: smithi016.vqnctu(active, since 2s)
2024-04-10T01:58:35.625 INFO:journalctl@ceph.mon.smithi016.smithi016.stdout:Apr 10 01:58:35 smithi016 ceph-mon[29440]: [10/Apr/2024:01:58:34] ENGINE Bus STARTING
2024-04-10T01:58:35.625 INFO:journalctl@ceph.mon.smithi016.smithi016.stdout:Apr 10 01:58:35 smithi016 ceph-mon[29440]: from='client.14130 -' entity='client.admin' cmd=[{"prefix": "orch set backend", "module_name": "cephadm", "target": ["mon-mgr", ""]}]: dispatch
2024-04-10T01:58:35.625 INFO:journalctl@ceph.mon.smithi016.smithi016.stdout:Apr 10 01:58:35 smithi016 ceph-mon[29440]: from='mgr.14118 172.21.15.16:0/2226199818' entity='mgr.smithi016.vqnctu'
2024-04-10T01:58:35.626 INFO:journalctl@ceph.mon.smithi016.smithi016.stdout:Apr 10 01:58:35 smithi016 ceph-mon[29440]: [10/Apr/2024:01:58:34] ENGINE Serving on https://172.21.15.16:7150
2024-04-10T01:58:35.626 INFO:journalctl@ceph.mon.smithi016.smithi016.stdout:Apr 10 01:58:35 smithi016 ceph-mon[29440]: [10/Apr/2024:01:58:34] ENGINE Bus STARTED
2024-04-10T01:58:35.626 INFO:journalctl@ceph.mon.smithi016.smithi016.stdout:Apr 10 01:58:35 smithi016 ceph-mon[29440]: from='mgr.14118 172.21.15.16:0/2226199818' entity='mgr.smithi016.vqnctu'
2024-04-10T01:58:35.626 INFO:journalctl@ceph.mon.smithi016.smithi016.stdout:Apr 10 01:58:35 smithi016 ceph-mon[29440]: from='mgr.14118 172.21.15.16:0/2226199818' entity='mgr.smithi016.vqnctu' cmd=[{"prefix": "config dump", "format": "json"}]: dispatch
2024-04-10T01:58:36.239 INFO:teuthology.orchestra.run.smithi016.stdout:/usr/bin/ceph: stdout value unchanged
2024-04-10T01:58:36.239 INFO:teuthology.orchestra.run.smithi016.stdout:/usr/bin/ceph: stderr
2024-04-10T01:58:35.418+0000 7fb46b502700 1 Processor -- start
2024-04-10T01:58:36.239 INFO:teuthology.orchestra.run.smithi016.stdout:/usr/bin/ceph: stderr
2024-04-10T01:58:35.418+0000 7fb46b502700 1 -- start start
2024-04-10T01:58:36.239 INFO:teuthology.orchestra.run.smithi016.stdout:/usr/bin/ceph: stderr
2024-04-10T01:58:35.418+0000 7fb46b502700 1 --2- >> [v2:172.21.15.16:3300/0,v1:172.21.15.16:6789/0] conn(0x7fb4641028f0 0x7fb464102d00 unknown :-1 s=NONE pgs=0 cs=0 l=0 rev1=0 crypto rx=0 tx=0 comp rx=0 tx=0).connect
2024-04-10T01:58:36.240 INFO:teuthology.orchestra.run.smithi016.stdout:/usr/bin/ceph: stderr
2024-04-10T01:58:35.418+0000 7fb46b502700 1 -- --> [v2:172.21.15.16:3300/0,v1:172.21.15.16:6789/0] -- mon_getmap magic: 0 v1 -- 0x7fb464103240 con 0x7fb4641028f0
2024-04-10T01:58:36.240 INFO:teuthology.orchestra.run.smithi016.stdout:/usr/bin/ceph: stderr
2024-04-10T01:58:35.419+0000 7fb46929e700 1 --2- >> [v2:172.21.15.16:3300/0,v1:172.21.15.16:6789/0] conn(0x7fb4641028f0 0x7fb464102d00 unknown :-1 s=BANNER_CONNECTING pgs=0 cs=0 l=0 rev1=0 crypto rx=0 tx=0 comp rx=0 tx=0)._handle_peer_banner_payload supported=3 required=0
2024-04-10T01:58:36.240 INFO:teuthology.orchestra.run.smithi016.stdout:/usr/bin/ceph: stderr
2024-04-10T01:58:35.419+0000 7fb46929e700 1 --2- >> [v2:172.21.15.16:3300/0,v1:172.21.15.16:6789/0] conn(0x7fb4641028f0 0x7fb464102d00 unknown :-1 s=HELLO_CONNECTING pgs=0 cs=0 l=0 rev1=1 crypto rx=0 tx=0 comp rx=0 tx=0).handle_hello peer v2:172.21.15.16:3300/0 says I am v2:172.21.15.16:33716/0 (socket says 172.21.15.16:33716)
2024-04-10T01:58:36.240 INFO:teuthology.orchestra.run.smithi016.stdout:/usr/bin/ceph: stderr
2024-04-10T01:58:35.419+0000 7fb46929e700 1 -- 172.21.15.16:0/850674969 learned_addr learned my addr 172.21.15.16:0/850674969 (peer_addr_for_me v2:172.21.15.16:0/0)
2024-04-10T01:58:36.240 INFO:teuthology.orchestra.run.smithi016.stdout:/usr/bin/ceph: stderr
2024-04-10T01:58:35.419+0000 7fb46929e700 1 -- 172.21.15.16:0/850674969 --> [v2:172.21.15.16:3300/0,v1:172.21.15.16:6789/0] -- mon_subscribe({config=0+,monmap=0+}) v3 -- 0x7fb464103380 con 0x7fb4641028f0
2024-04-10T01:58:36.240 INFO:teuthology.orchestra.run.smithi016.stdout:/usr/bin/ceph: stderr
2024-04-10T01:58:35.419+0000 7fb46929e700 1 --2- 172.21.15.16:0/850674969 >> [v2:172.21.15.16:3300/0,v1:172.21.15.16:6789/0] conn(0x7fb4641028f0 0x7fb464102d00 secure :-1 s=READY pgs=37 cs=0 l=1 rev1=1 crypto rx=0x7fb45c009e50 tx=0x7fb45c009840 comp rx=0 tx=0).ready entity=mon.0 client_cookie=229d4d90802a0413 server_cookie=0 in_seq=0 out_seq=0
2024-04-10T01:58:36.240 INFO:teuthology.orchestra.run.smithi016.stdout:/usr/bin/ceph: stderr
2024-04-10T01:58:35.419+0000 7fb463fff700 1 -- 172.21.15.16:0/850674969 <== mon.0 v2:172.21.15.16:3300/0 1 ==== mon_map magic: 0 v1 ==== 229+0+0 (secure 0 0 0) 0x7fb45c0092e0 con 0x7fb4641028f0
2024-04-10T01:58:36.240 INFO:teuthology.orchestra.run.smithi016.stdout:/usr/bin/ceph: stderr
2024-04-10T01:58:35.419+0000 7fb463fff700 1 -- 172.21.15.16:0/850674969 <== mon.0 v2:172.21.15.16:3300/0 2 ==== config(27 keys) v1 ==== 1044+0+0 (secure 0 0 0) 0x7fb45c012430 con 0x7fb4641028f0
2024-04-10T01:58:36.240 INFO:teuthology.orchestra.run.smithi016.stdout:/usr/bin/ceph: stderr
2024-04-10T01:58:35.419+0000 7fb463fff700 1 -- 172.21.15.16:0/850674969 <== mon.0 v2:172.21.15.16:3300/0 3 ==== mon_map magic: 0 v1 ==== 229+0+0 (secure 0 0 0) 0x7fb45c0075c0 con 0x7fb4641028f0
2024-04-10T01:58:36.240 INFO:teuthology.orchestra.run.smithi016.stdout:/usr/bin/ceph: stderr
2024-04-10T01:58:35.420+0000 7fb46b502700 1 -- 172.21.15.16:0/850674969 >> [v2:172.21.15.16:3300/0,v1:172.21.15.16:6789/0] conn(0x7fb4641028f0 msgr2=0x7fb464102d00 secure :-1 s=STATE_CONNECTION_ESTABLISHED l=1).mark_down
2024-04-10T01:58:36.240 INFO:teuthology.orchestra.run.smithi016.stdout:/usr/bin/ceph: stderr
2024-04-10T01:58:35.420+0000 7fb46b502700 1 --2- 172.21.15.16:0/850674969 >> [v2:172.21.15.16:3300/0,v1:172.21.15.16:6789/0] conn(0x7fb4641028f0 0x7fb464102d00 secure :-1 s=READY pgs=37 cs=0 l=1 rev1=1 crypto rx=0x7fb45c009e50 tx=0x7fb45c009840 comp rx=0 tx=0).stop
2024-04-10T01:58:36.240 INFO:teuthology.orchestra.run.smithi016.stdout:/usr/bin/ceph: stderr
2024-04-10T01:58:35.420+0000 7fb46b502700 1 -- 172.21.15.16:0/850674969 shutdown_connections
2024-04-10T01:58:36.240 INFO:teuthology.orchestra.run.smithi016.stdout:/usr/bin/ceph: stderr
2024-04-10T01:58:35.420+0000 7fb46b502700 1 --2- 172.21.15.16:0/850674969 >> [v2:172.21.15.16:3300/0,v1:172.21.15.16:6789/0] conn(0x7fb4641028f0 0x7fb464102d00 unknown :-1 s=CLOSED pgs=37 cs=0 l=1 rev1=1 crypto rx=0 tx=0 comp rx=0 tx=0).stop
2024-04-10T01:58:36.241 INFO:teuthology.orchestra.run.smithi016.stdout:/usr/bin/ceph: stderr
2024-04-10T01:58:35.420+0000 7fb46b502700 1 -- 172.21.15.16:0/850674969 >> 172.21.15.16:0/850674969 conn(0x7fb4640fe070 msgr2=0x7fb464100480 unknown :-1 s=STATE_NONE l=0).mark_down
2024-04-10T01:58:36.241 INFO:teuthology.orchestra.run.smithi016.stdout:/usr/bin/ceph: stderr
2024-04-10T01:58:35.420+0000 7fb46b502700 1 -- 172.21.15.16:0/850674969 shutdown_connections
2024-04-10T01:58:36.241 INFO:teuthology.orchestra.run.smithi016.stdout:/usr/bin/ceph: stderr
2024-04-10T01:58:35.420+0000 7fb46b502700 1 -- 172.21.15.16:0/850674969 wait complete.
2024-04-10T01:58:36.241 INFO:teuthology.orchestra.run.smithi016.stdout:/usr/bin/ceph: stderr
2024-04-10T01:58:35.420+0000 7fb46b502700 1 Processor -- start
2024-04-10T01:58:36.241 INFO:teuthology.orchestra.run.smithi016.stdout:/usr/bin/ceph: stderr
2024-04-10T01:58:35.421+0000 7fb46b502700 1 -- start start
2024-04-10T01:58:36.241 INFO:teuthology.orchestra.run.smithi016.stdout:/usr/bin/ceph: stderr
2024-04-10T01:58:35.421+0000 7fb46b502700 1 --2- >> [v2:172.21.15.16:3300/0,v1:172.21.15.16:6789/0] conn(0x7fb4641028f0 0x7fb4641116d0 unknown :-1 s=NONE pgs=0 cs=0 l=1 rev1=0 crypto rx=0 tx=0 comp rx=0 tx=0).connect
2024-04-10T01:58:36.241 INFO:teuthology.orchestra.run.smithi016.stdout:/usr/bin/ceph: stderr
2024-04-10T01:58:35.421+0000 7fb46b502700 1 -- --> [v2:172.21.15.16:3300/0,v1:172.21.15.16:6789/0] -- mon_getmap magic: 0 v1 -- 0x7fb464111c10 con 0x7fb4641028f0
2024-04-10T01:58:36.241 INFO:teuthology.orchestra.run.smithi016.stdout:/usr/bin/ceph: stderr
2024-04-10T01:58:35.421+0000 7fb46929e700 1 --2- >> [v2:172.21.15.16:3300/0,v1:172.21.15.16:6789/0] conn(0x7fb4641028f0 0x7fb4641116d0 unknown :-1 s=BANNER_CONNECTING pgs=0 cs=0 l=1 rev1=0 crypto rx=0 tx=0 comp rx=0 tx=0)._handle_peer_banner_payload supported=3 required=0
2024-04-10T01:58:36.241 INFO:teuthology.orchestra.run.smithi016.stdout:/usr/bin/ceph: stderr
2024-04-10T01:58:35.421+0000 7fb46929e700 1 --2- >> [v2:172.21.15.16:3300/0,v1:172.21.15.16:6789/0] conn(0x7fb4641028f0 0x7fb4641116d0 unknown :-1 s=HELLO_CONNECTING pgs=0 cs=0 l=1 rev1=1 crypto rx=0 tx=0 comp rx=0 tx=0).handle_hello peer v2:172.21.15.16:3300/0 says I am v2:172.21.15.16:33726/0 (socket says 172.21.15.16:33726)
2024-04-10T01:58:36.241 INFO:teuthology.orchestra.run.smithi016.stdout:/usr/bin/ceph: stderr
2024-04-10T01:58:35.421+0000 7fb46929e700 1 -- 172.21.15.16:0/454462769 learned_addr learned my addr 172.21.15.16:0/454462769 (peer_addr_for_me v2:172.21.15.16:0/0)
