2024-04-10T01:58:24.114+0000 7f696a881700 1 --2- >> [v2:172.21.15.16:3300/0,v1:172.21.15.16:6789/0] conn(0x7f6964102920 0x7f6964102d30 unknown :-1 s=NONE pgs=0 cs=0 l=0 rev1=0 crypto rx=0 tx=0 comp rx=0 tx=0).connect
2024-04-10T01:58:24.875 INFO:teuthology.orchestra.run.smithi016.stdout:/usr/bin/ceph: stderr
2024-04-10T01:58:24.114+0000 7f696a881700 1 -- --> [v2:172.21.15.16:3300/0,v1:172.21.15.16:6789/0] -- mon_getmap magic: 0 v1 -- 0x7f6964103270 con 0x7f6964102920
2024-04-10T01:58:24.875 INFO:teuthology.orchestra.run.smithi016.stdout:/usr/bin/ceph: stderr
2024-04-10T01:58:24.114+0000 7f6963fff700 1 --2- >> [v2:172.21.15.16:3300/0,v1:172.21.15.16:6789/0] conn(0x7f6964102920 0x7f6964102d30 unknown :-1 s=BANNER_CONNECTING pgs=0 cs=0 l=0 rev1=0 crypto rx=0 tx=0 comp rx=0 tx=0)._handle_peer_banner_payload supported=3 required=0
2024-04-10T01:58:24.875 INFO:teuthology.orchestra.run.smithi016.stdout:/usr/bin/ceph: stderr
2024-04-10T01:58:24.114+0000 7f6963fff700 1 --2- >> [v2:172.21.15.16:3300/0,v1:172.21.15.16:6789/0] conn(0x7f6964102920 0x7f6964102d30 unknown :-1 s=HELLO_CONNECTING pgs=0 cs=0 l=0 rev1=1 crypto rx=0 tx=0 comp rx=0 tx=0).handle_hello peer v2:172.21.15.16:3300/0 says I am v2:172.21.15.16:54122/0 (socket says 172.21.15.16:54122)
2024-04-10T01:58:24.875 INFO:teuthology.orchestra.run.smithi016.stdout:/usr/bin/ceph: stderr
2024-04-10T01:58:24.114+0000 7f6963fff700 1 -- 172.21.15.16:0/2066889644 learned_addr learned my addr 172.21.15.16:0/2066889644 (peer_addr_for_me v2:172.21.15.16:0/0)
2024-04-10T01:58:24.875 INFO:teuthology.orchestra.run.smithi016.stdout:/usr/bin/ceph: stderr
2024-04-10T01:58:24.115+0000 7f6963fff700 1 -- 172.21.15.16:0/2066889644 --> [v2:172.21.15.16:3300/0,v1:172.21.15.16:6789/0] -- mon_subscribe({config=0+,monmap=0+}) v3 -- 0x7f69641033b0 con 0x7f6964102920
2024-04-10T01:58:24.875 INFO:teuthology.orchestra.run.smithi016.stdout:/usr/bin/ceph: stderr
2024-04-10T01:58:24.115+0000 7f6963fff700 1 --2- 172.21.15.16:0/2066889644 >> [v2:172.21.15.16:3300/0,v1:172.21.15.16:6789/0] conn(0x7f6964102920 0x7f6964102d30 secure :-1 s=READY pgs=18 cs=0 l=1 rev1=1 crypto rx=0x7f69540098e0 tx=0x7f6954009250 comp rx=0 tx=0).ready entity=mon.0 client_cookie=fa80a7023eaa6150 server_cookie=0 in_seq=0 out_seq=0
2024-04-10T01:58:24.876 INFO:teuthology.orchestra.run.smithi016.stdout:/usr/bin/ceph: stderr
2024-04-10T01:58:24.115+0000 7f6962ffd700 1 -- 172.21.15.16:0/2066889644 <== mon.0 v2:172.21.15.16:3300/0 1 ==== mon_map magic: 0 v1 ==== 229+0+0 (secure 0 0 0) 0x7f695400b860 con 0x7f6964102920
2024-04-10T01:58:24.876 INFO:teuthology.orchestra.run.smithi016.stdout:/usr/bin/ceph: stderr
2024-04-10T01:58:24.115+0000 7f6962ffd700 1 -- 172.21.15.16:0/2066889644 <== mon.0 v2:172.21.15.16:3300/0 2 ==== config(27 keys) v1 ==== 1044+0+0 (secure 0 0 0) 0x7f695400be50 con 0x7f6964102920
2024-04-10T01:58:24.876 INFO:teuthology.orchestra.run.smithi016.stdout:/usr/bin/ceph: stderr
2024-04-10T01:58:24.115+0000 7f6962ffd700 1 -- 172.21.15.16:0/2066889644 <== mon.0 v2:172.21.15.16:3300/0 3 ==== mon_map magic: 0 v1 ==== 229+0+0 (secure 0 0 0) 0x7f6954010380 con 0x7f6964102920
2024-04-10T01:58:24.876 INFO:teuthology.orchestra.run.smithi016.stdout:/usr/bin/ceph: stderr
2024-04-10T01:58:24.115+0000 7f696a881700 1 -- 172.21.15.16:0/2066889644 >> [v2:172.21.15.16:3300/0,v1:172.21.15.16:6789/0] conn(0x7f6964102920 msgr2=0x7f6964102d30 secure :-1 s=STATE_CONNECTION_ESTABLISHED l=1).mark_down
2024-04-10T01:58:24.876 INFO:teuthology.orchestra.run.smithi016.stdout:/usr/bin/ceph: stderr
2024-04-10T01:58:24.115+0000 7f696a881700 1 --2- 172.21.15.16:0/2066889644 >> [v2:172.21.15.16:3300/0,v1:172.21.15.16:6789/0] conn(0x7f6964102920 0x7f6964102d30 secure :-1 s=READY pgs=18 cs=0 l=1 rev1=1 crypto rx=0x7f69540098e0 tx=0x7f6954009250 comp rx=0 tx=0).stop
2024-04-10T01:58:24.876 INFO:teuthology.orchestra.run.smithi016.stdout:/usr/bin/ceph: stderr
2024-04-10T01:58:24.115+0000 7f696a881700 1 -- 172.21.15.16:0/2066889644 shutdown_connections
2024-04-10T01:58:24.876 INFO:teuthology.orchestra.run.smithi016.stdout:/usr/bin/ceph: stderr
2024-04-10T01:58:24.115+0000 7f696a881700 1 --2- 172.21.15.16:0/2066889644 >> [v2:172.21.15.16:3300/0,v1:172.21.15.16:6789/0] conn(0x7f6964102920 0x7f6964102d30 unknown :-1 s=CLOSED pgs=18 cs=0 l=1 rev1=1 crypto rx=0 tx=0 comp rx=0 tx=0).stop
2024-04-10T01:58:24.876 INFO:teuthology.orchestra.run.smithi016.stdout:/usr/bin/ceph: stderr
2024-04-10T01:58:24.115+0000 7f696a881700 1 -- 172.21.15.16:0/2066889644 >> 172.21.15.16:0/2066889644 conn(0x7f69640fe0a0 msgr2=0x7f69641004b0 unknown :-1 s=STATE_NONE l=0).mark_down
2024-04-10T01:58:24.876 INFO:teuthology.orchestra.run.smithi016.stdout:/usr/bin/ceph: stderr
2024-04-10T01:58:24.116+0000 7f696a881700 1 -- 172.21.15.16:0/2066889644 shutdown_connections
2024-04-10T01:58:24.876 INFO:teuthology.orchestra.run.smithi016.stdout:/usr/bin/ceph: stderr
2024-04-10T01:58:24.116+0000 7f696a881700 1 -- 172.21.15.16:0/2066889644 wait complete.
2024-04-10T01:58:24.876 INFO:teuthology.orchestra.run.smithi016.stdout:/usr/bin/ceph: stderr
2024-04-10T01:58:24.116+0000 7f696a881700 1 Processor -- start
2024-04-10T01:58:24.876 INFO:teuthology.orchestra.run.smithi016.stdout:/usr/bin/ceph: stderr
2024-04-10T01:58:24.116+0000 7f696a881700 1 -- start start
2024-04-10T01:58:24.876 INFO:teuthology.orchestra.run.smithi016.stdout:/usr/bin/ceph: stderr
2024-04-10T01:58:24.116+0000 7f696a881700 1 --2- >> [v2:172.21.15.16:3300/0,v1:172.21.15.16:6789/0] conn(0x7f6964102920 0x7f6964078c40 unknown :-1 s=NONE pgs=0 cs=0 l=1 rev1=0 crypto rx=0 tx=0 comp rx=0 tx=0).connect
2024-04-10T01:58:24.876 INFO:teuthology.orchestra.run.smithi016.stdout:/usr/bin/ceph: stderr
2024-04-10T01:58:24.116+0000 7f696a881700 1 -- --> [v2:172.21.15.16:3300/0,v1:172.21.15.16:6789/0] -- mon_getmap magic: 0 v1 -- 0x7f6964079180 con 0x7f6964102920
2024-04-10T01:58:24.877 INFO:teuthology.orchestra.run.smithi016.stdout:/usr/bin/ceph: stderr
2024-04-10T01:58:24.116+0000 7f6963fff700 1 --2- >> [v2:172.21.15.16:3300/0,v1:172.21.15.16:6789/0] conn(0x7f6964102920 0x7f6964078c40 unknown :-1 s=BANNER_CONNECTING pgs=0 cs=0 l=1 rev1=0 crypto rx=0 tx=0 comp rx=0 tx=0)._handle_peer_banner_payload supported=3 required=0
2024-04-10T01:58:24.877 INFO:teuthology.orchestra.run.smithi016.stdout:/usr/bin/ceph: stderr
2024-04-10T01:58:24.116+0000 7f6963fff700 1 --2- >> [v2:172.21.15.16:3300/0,v1:172.21.15.16:6789/0] conn(0x7f6964102920 0x7f6964078c40 unknown :-1 s=HELLO_CONNECTING pgs=0 cs=0 l=1 rev1=1 crypto rx=0 tx=0 comp rx=0 tx=0).handle_hello peer v2:172.21.15.16:3300/0 says I am v2:172.21.15.16:54138/0 (socket says 172.21.15.16:54138)
2024-04-10T01:58:24.877 INFO:teuthology.orchestra.run.smithi016.stdout:/usr/bin/ceph: stderr
2024-04-10T01:58:24.116+0000 7f6963fff700 1 -- 172.21.15.16:0/3163454936 learned_addr learned my addr 172.21.15.16:0/3163454936 (peer_addr_for_me v2:172.21.15.16:0/0)
2024-04-10T01:58:24.877 INFO:teuthology.orchestra.run.smithi016.stdout:/usr/bin/ceph: stderr
2024-04-10T01:58:24.117+0000 7f6963fff700 1 -- 172.21.15.16:0/3163454936 --> [v2:172.21.15.16:3300/0,v1:172.21.15.16:6789/0] -- mon_subscribe({config=0+,monmap=0+}) v3 -- 0x7f69540094f0 con 0x7f6964102920
2024-04-10T01:58:24.877 INFO:teuthology.orchestra.run.smithi016.stdout:/usr/bin/ceph: stderr
2024-04-10T01:58:24.117+0000 7f6963fff700 1 --2- 172.21.15.16:0/3163454936 >> [v2:172.21.15.16:3300/0,v1:172.21.15.16:6789/0] conn(0x7f6964102920 0x7f6964078c40 secure :-1 s=READY pgs=19 cs=0 l=1 rev1=1 crypto rx=0x7f6954000c00 tx=0x7f6954009250 comp rx=0 tx=0).ready entity=mon.0 client_cookie=0 server_cookie=0 in_seq=0 out_seq=0
2024-04-10T01:58:24.877 INFO:teuthology.orchestra.run.smithi016.stdout:/usr/bin/ceph: stderr
2024-04-10T01:58:24.117+0000 7f6960ff9700 1 -- 172.21.15.16:0/3163454936 <== mon.0 v2:172.21.15.16:3300/0 1 ==== mon_map magic: 0 v1 ==== 229+0+0 (secure 0 0 0) 0x7f69540107c0 con 0x7f6964102920
2024-04-10T01:58:24.877 INFO:teuthology.orchestra.run.smithi016.stdout:/usr/bin/ceph: stderr
2024-04-10T01:58:24.117+0000 7f6960ff9700 1 -- 172.21.15.16:0/3163454936 <== mon.0 v2:172.21.15.16:3300/0 2 ==== config(27 keys) v1 ==== 1044+0+0 (secure 0 0 0) 0x7f6954010db0 con 0x7f6964102920
2024-04-10T01:58:24.877 INFO:teuthology.orchestra.run.smithi016.stdout:/usr/bin/ceph: stderr
2024-04-10T01:58:24.117+0000 7f696a881700 1 -- 172.21.15.16:0/3163454936 --> [v2:172.21.15.16:3300/0,v1:172.21.15.16:6789/0] -- mon_subscribe({mgrmap=0+}) v3 -- 0x7f69640771f0 con 0x7f6964102920
2024-04-10T01:58:24.877 INFO:teuthology.orchestra.run.smithi016.stdout:/usr/bin/ceph: stderr
2024-04-10T01:58:24.117+0000 7f6960ff9700 1 -- 172.21.15.16:0/3163454936 <== mon.0 v2:172.21.15.16:3300/0 3 ==== mon_map magic: 0 v1 ==== 229+0+0 (secure 0 0 0) 0x7f695401ad00 con 0x7f6964102920
2024-04-10T01:58:24.877 INFO:teuthology.orchestra.run.smithi016.stdout:/usr/bin/ceph: stderr
2024-04-10T01:58:24.117+0000 7f696a881700 1 -- 172.21.15.16:0/3163454936 --> [v2:172.21.15.16:3300/0,v1:172.21.15.16:6789/0] -- mon_subscribe({osdmap=0}) v3 -- 0x7f69640776e0 con 0x7f6964102920
2024-04-10T01:58:24.877 INFO:teuthology.orchestra.run.smithi016.stdout:/usr/bin/ceph: stderr
2024-04-10T01:58:24.118+0000 7f6960ff9700 1 -- 172.21.15.16:0/3163454936 <== mon.0 v2:172.21.15.16:3300/0 4 ==== mgrmap(e 4) v1 ==== 43357+0+0 (secure 0 0 0) 0x7f69540193c0 con 0x7f6964102920
2024-04-10T01:58:24.877 INFO:teuthology.orchestra.run.smithi016.stdout:/usr/bin/ceph: stderr
2024-04-10T01:58:24.118+0000 7f6960ff9700 1 --2- 172.21.15.16:0/3163454936 >> [v2:172.21.15.16:6800/3630720356,v1:172.21.15.16:6801/3630720356] conn(0x7f694c036790 0x7f694c038c40 unknown :-1 s=NONE pgs=0 cs=0 l=1 rev1=0 crypto rx=0 tx=0 comp rx=0 tx=0).connect
2024-04-10T01:58:24.877 INFO:teuthology.orchestra.run.smithi016.stdout:/usr/bin/ceph: stderr
2024-04-10T01:58:24.118+0000 7f696a881700 1 -- 172.21.15.16:0/3163454936 --> [v2:172.21.15.16:3300/0,v1:172.21.15.16:6789/0] -- mon_command({"prefix": "get_command_descriptions"} v 0) v1 -- 0x7f696404bed0 con 0x7f6964102920
2024-04-10T01:58:24.877 INFO:teuthology.orchestra.run.smithi016.stdout:/usr/bin/ceph: stderr
2024-04-10T01:58:24.118+0000 7f6960ff9700 1 -- 172.21.15.16:0/3163454936 <== mon.0 v2:172.21.15.16:3300/0 5 ==== osd_map(1..1 src has 1..1) v4 ==== 721+0+0 (secure 0 0 0) 0x7f695404a5a0 con 0x7f6964102920
2024-04-10T01:58:24.878 INFO:teuthology.orchestra.run.smithi016.stdout:/usr/bin/ceph: stderr
2024-04-10T01:58:24.118+0000 7f69637fe700 1 --2- 172.21.15.16:0/3163454936 >> [v2:172.21.15.16:6800/3630720356,v1:172.21.15.16:6801/3630720356] conn(0x7f694c036790 0x7f694c038c40 unknown :-1 s=BANNER_CONNECTING pgs=0 cs=0 l=1 rev1=0 crypto rx=0 tx=0 comp rx=0 tx=0)._handle_peer_banner_payload supported=3 required=0
2024-04-10T01:58:24.878 INFO:teuthology.orchestra.run.smithi016.stdout:/usr/bin/ceph: stderr
2024-04-10T01:58:24.118+0000 7f69637fe700 1 --2- 172.21.15.16:0/3163454936 >> [v2:172.21.15.16:6800/3630720356,v1:172.21.15.16:6801/3630720356] conn(0x7f694c036790 0x7f694c038c40 secure :-1 s=READY pgs=7 cs=0 l=1 rev1=1 crypto rx=0x7f6958009990 tx=0x7f6958006e40 comp rx=0 tx=0).ready entity=mgr.14100 client_cookie=0 server_cookie=0 in_seq=0 out_seq=0
2024-04-10T01:58:24.878 INFO:teuthology.orchestra.run.smithi016.stdout:/usr/bin/ceph: stderr
2024-04-10T01:58:24.123+0000 7f6960ff9700 1 -- 172.21.15.16:0/3163454936 <== mon.0 v2:172.21.15.16:3300/0 6 ==== mon_command_ack([{"prefix": "get_command_descriptions"}]=0 v0) v1 ==== 72+0+176504 (secure 0 0 0) 0x7f6954019670 con 0x7f6964102920
2024-04-10T01:58:24.878 INFO:teuthology.orchestra.run.smithi016.stdout:/usr/bin/ceph: stderr
2024-04-10T01:58:24.316+0000 7f696a881700 1 -- 172.21.15.16:0/3163454936 --> [v2:172.21.15.16:3300/0,v1:172.21.15.16:6789/0] -- mon_command({"prefix": "config assimilate-conf"} v 0) v1 -- 0x7f6964077b60 con 0x7f6964102920
2024-04-10T01:58:24.878 INFO:teuthology.orchestra.run.smithi016.stdout:/usr/bin/ceph: stderr
2024-04-10T01:58:24.317+0000 7f6960ff9700 1 -- 172.21.15.16:0/3163454936 <== mon.0 v2:172.21.15.16:3300/0 7 ==== mon_command_ack([{"prefix": "config assimilate-conf"}]=0 v3) v1 ==== 70+0+373 (secure 0 0 0) 0x7f6954048020 con 0x7f6964102920
2024-04-10T01:58:24.878 INFO:teuthology.orchestra.run.smithi016.stdout:/usr/bin/ceph: stderr
2024-04-10T01:58:24.318+0000 7f696a881700 1 -- 172.21.15.16:0/3163454936 >> [v2:172.21.15.16:6800/3630720356,v1:172.21.15.16:6801/3630720356] conn(0x7f694c036790 msgr2=0x7f694c038c40 secure :-1 s=STATE_CONNECTION_ESTABLISHED l=1).mark_down
2024-04-10T01:58:24.878 INFO:teuthology.orchestra.run.smithi016.stdout:/usr/bin/ceph: stderr
2024-04-10T01:58:24.318+0000 7f696a881700 1 --2- 172.21.15.16:0/3163454936 >> [v2:172.21.15.16:6800/3630720356,v1:172.21.15.16:6801/3630720356] conn(0x7f694c036790 0x7f694c038c40 secure :-1 s=READY pgs=7 cs=0 l=1 rev1=1 crypto rx=0x7f6958009990 tx=0x7f6958006e40 comp rx=0 tx=0).stop
2024-04-10T01:58:24.878 INFO:teuthology.orchestra.run.smithi016.stdout:/usr/bin/ceph: stderr
2024-04-10T01:58:24.318+0000 7f696a881700 1 -- 172.21.15.16:0/3163454936 >> [v2:172.21.15.16:3300/0,v1:172.21.15.16:6789/0] conn(0x7f6964102920 msgr2=0x7f6964078c40 secure :-1 s=STATE_CONNECTION_ESTABLISHED l=1).mark_down
2024-04-10T01:58:24.878 INFO:teuthology.orchestra.run.smithi016.stdout:/usr/bin/ceph: stderr
2024-04-10T01:58:24.318+0000 7f696a881700 1 --2- 172.21.15.16:0/3163454936 >> [v2:172.21.15.16:3300/0,v1:172.21.15.16:6789/0] conn(0x7f6964102920 0x7f6964078c40 secure :-1 s=READY pgs=19 cs=0 l=1 rev1=1 crypto rx=0x7f6954000c00 tx=0x7f6954009250 comp rx=0 tx=0).stop
2024-04-10T01:58:24.878 INFO:teuthology.orchestra.run.smithi016.stdout:/usr/bin/ceph: stderr
2024-04-10T01:58:24.319+0000 7f696a881700 1 -- 172.21.15.16:0/3163454936 shutdown_connections
2024-04-10T01:58:24.878 INFO:teuthology.orchestra.run.smithi016.stdout:/usr/bin/ceph: stderr
2024-04-10T01:58:24.319+0000 7f696a881700 1 --2- 172.21.15.16:0/3163454936 >> [v2:172.21.15.16:6800/3630720356,v1:172.21.15.16:6801/3630720356] conn(0x7f694c036790 0x7f694c038c40 unknown :-1 s=CLOSED pgs=7 cs=0 l=1 rev1=1 crypto rx=0 tx=0 comp rx=0 tx=0).stop
2024-04-10T01:58:24.878 INFO:teuthology.orchestra.run.smithi016.stdout:/usr/bin/ceph: stderr
2024-04-10T01:58:24.319+0000 7f696a881700 1 --2- 172.21.15.16:0/3163454936 >> [v2:172.21.15.16:3300/0,v1:172.21.15.16:6789/0] conn(0x7f6964102920 0x7f6964078c40 unknown :-1 s=CLOSED pgs=19 cs=0 l=1 rev1=1 crypto rx=0 tx=0 comp rx=0 tx=0).stop
2024-04-10T01:58:24.878 INFO:teuthology.orchestra.run.smithi016.stdout:/usr/bin/ceph: stderr
2024-04-10T01:58:24.319+0000 7f696a881700 1 -- 172.21.15.16:0/3163454936 >> 172.21.15.16:0/3163454936 conn(0x7f69640fe0a0 msgr2=0x7f69640fec00 unknown :-1 s=STATE_NONE l=0).mark_down
2024-04-10T01:58:24.878 INFO:teuthology.orchestra.run.smithi016.stdout:/usr/bin/ceph: stderr
2024-04-10T01:58:24.319+0000 7f696a881700 1 -- 172.21.15.16:0/3163454936 shutdown_connections
2024-04-10T01:58:24.879 INFO:teuthology.orchestra.run.smithi016.stdout:/usr/bin/ceph: stderr
2024-04-10T01:58:24.319+0000 7f696a881700 1 -- 172.21.15.16:0/3163454936 wait complete.
2024-04-10T01:58:24.879 INFO:teuthology.orchestra.run.smithi016.stdout:Enabling cephadm module...
2024-04-10T01:58:25.920 INFO:journalctl@ceph.mon.smithi016.smithi016.stdout:Apr 10 01:58:25 smithi016 ceph-mon[29440]: from='client.? 172.21.15.16:0/2759467044' entity='client.admin' cmd=[{"prefix": "mgr module enable", "module": "cephadm"}]: dispatch
2024-04-10T01:58:26.220 INFO:teuthology.orchestra.run.smithi016.stdout:/usr/bin/ceph: stderr
2024-04-10T01:58:25.299+0000 7f4f868f0700 1 Processor -- start
2024-04-10T01:58:26.220 INFO:teuthology.orchestra.run.smithi016.stdout:/usr/bin/ceph: stderr
2024-04-10T01:58:25.299+0000 7f4f868f0700 1 -- start start
2024-04-10T01:58:26.220 INFO:teuthology.orchestra.run.smithi016.stdout:/usr/bin/ceph: stderr
2024-04-10T01:58:25.299+0000 7f4f868f0700 1 --2- >> [v2:172.21.15.16:3300/0,v1:172.21.15.16:6789/0] conn(0x7f4f80102910 0x7f4f80102d20 unknown :-1 s=NONE pgs=0 cs=0 l=0 rev1=0 crypto rx=0 tx=0 comp rx=0 tx=0).connect
2024-04-10T01:58:26.220 INFO:teuthology.orchestra.run.smithi016.stdout:/usr/bin/ceph: stderr
2024-04-10T01:58:25.299+0000 7f4f868f0700 1 -- --> [v2:172.21.15.16:3300/0,v1:172.21.15.16:6789/0] -- mon_getmap magic: 0 v1 -- 0x7f4f80103260 con 0x7f4f80102910
2024-04-10T01:58:26.220 INFO:teuthology.orchestra.run.smithi016.stdout:/usr/bin/ceph: stderr
2024-04-10T01:58:25.299+0000 7f4f7ffff700 1 --2- >> [v2:172.21.15.16:3300/0,v1:172.21.15.16:6789/0] conn(0x7f4f80102910 0x7f4f80102d20 unknown :-1 s=BANNER_CONNECTING pgs=0 cs=0 l=0 rev1=0 crypto rx=0 tx=0 comp rx=0 tx=0)._handle_peer_banner_payload supported=3 required=0
2024-04-10T01:58:26.220 INFO:teuthology.orchestra.run.smithi016.stdout:/usr/bin/ceph: stderr
2024-04-10T01:58:25.299+0000 7f4f7ffff700 1 --2- >> [v2:172.21.15.16:3300/0,v1:172.21.15.16:6789/0] conn(0x7f4f80102910 0x7f4f80102d20 unknown :-1 s=HELLO_CONNECTING pgs=0 cs=0 l=0 rev1=1 crypto rx=0 tx=0 comp rx=0 tx=0).handle_hello peer v2:172.21.15.16:3300/0 says I am v2:172.21.15.16:54144/0 (socket says 172.21.15.16:54144)
2024-04-10T01:58:26.220 INFO:teuthology.orchestra.run.smithi016.stdout:/usr/bin/ceph: stderr
2024-04-10T01:58:25.299+0000 7f4f7ffff700 1 -- 172.21.15.16:0/777076492 learned_addr learned my addr 172.21.15.16:0/777076492 (peer_addr_for_me v2:172.21.15.16:0/0)
2024-04-10T01:58:26.220 INFO:teuthology.orchestra.run.smithi016.stdout:/usr/bin/ceph: stderr
2024-04-10T01:58:25.300+0000 7f4f7ffff700 1 -- 172.21.15.16:0/777076492 --> [v2:172.21.15.16:3300/0,v1:172.21.15.16:6789/0] -- mon_subscribe({config=0+,monmap=0+}) v3 -- 0x7f4f801033a0 con 0x7f4f80102910
2024-04-10T01:58:26.220 INFO:teuthology.orchestra.run.smithi016.stdout:/usr/bin/ceph: stderr
2024-04-10T01:58:25.300+0000 7f4f7ffff700 1 --2- 172.21.15.16:0/777076492 >> [v2:172.21.15.16:3300/0,v1:172.21.15.16:6789/0] conn(0x7f4f80102910 0x7f4f80102d20 secure :-1 s=READY pgs=20 cs=0 l=1 rev1=1 crypto rx=0x7f4f700098e0 tx=0x7f4f70009250 comp rx=0 tx=0).ready entity=mon.0 client_cookie=55feb9fe34d05de0 server_cookie=0 in_seq=0 out_seq=0
2024-04-10T01:58:26.220 INFO:teuthology.orchestra.run.smithi016.stdout:/usr/bin/ceph: stderr
2024-04-10T01:58:25.300+0000 7f4f7effd700 1 -- 172.21.15.16:0/777076492 <== mon.0 v2:172.21.15.16:3300/0 1 ==== mon_map magic: 0 v1 ==== 229+0+0 (secure 0 0 0) 0x7f4f7000b860 con 0x7f4f80102910
2024-04-10T01:58:26.220 INFO:teuthology.orchestra.run.smithi016.stdout:/usr/bin/ceph: stderr
2024-04-10T01:58:25.300+0000 7f4f7effd700 1 -- 172.21.15.16:0/777076492 <== mon.0 v2:172.21.15.16:3300/0 2 ==== config(27 keys) v1 ==== 1044+0+0 (secure 0 0 0) 0x7f4f7000be50 con 0x7f4f80102910
2024-04-10T01:58:26.221 INFO:teuthology.orchestra.run.smithi016.stdout:/usr/bin/ceph: stderr
2024-04-10T01:58:25.300+0000 7f4f7effd700 1 -- 172.21.15.16:0/777076492 <== mon.0 v2:172.21.15.16:3300/0 3 ==== mon_map magic: 0 v1 ==== 229+0+0 (secure 0 0 0) 0x7f4f70010380 con 0x7f4f80102910
2024-04-10T01:58:26.221 INFO:teuthology.orchestra.run.smithi016.stdout:/usr/bin/ceph: stderr
2024-04-10T01:58:25.300+0000 7f4f868f0700 1 -- 172.21.15.16:0/777076492 >> [v2:172.21.15.16:3300/0,v1:172.21.15.16:6789/0] conn(0x7f4f80102910 msgr2=0x7f4f80102d20 secure :-1 s=STATE_CONNECTION_ESTABLISHED l=1).mark_down
2024-04-10T01:58:26.221 INFO:teuthology.orchestra.run.smithi016.stdout:/usr/bin/ceph: stderr
2024-04-10T01:58:25.300+0000 7f4f868f0700 1 --2- 172.21.15.16:0/777076492 >> [v2:172.21.15.16:3300/0,v1:172.21.15.16:6789/0] conn(0x7f4f80102910 0x7f4f80102d20 secure :-1 s=READY pgs=20 cs=0 l=1 rev1=1 crypto rx=0x7f4f700098e0 tx=0x7f4f70009250 comp rx=0 tx=0).stop
2024-04-10T01:58:26.221 INFO:teuthology.orchestra.run.smithi016.stdout:/usr/bin/ceph: stderr
2024-04-10T01:58:25.301+0000 7f4f868f0700 1 -- 172.21.15.16:0/777076492 shutdown_connections
2024-04-10T01:58:26.221 INFO:teuthology.orchestra.run.smithi016.stdout:/usr/bin/ceph: stderr
2024-04-10T01:58:25.301+0000 7f4f868f0700 1 --2- 172.21.15.16:0/777076492 >> [v2:172.21.15.16:3300/0,v1:172.21.15.16:6789/0] conn(0x7f4f80102910 0x7f4f80102d20 unknown :-1 s=CLOSED pgs=20 cs=0 l=1 rev1=1 crypto rx=0 tx=0 comp rx=0 tx=0).stop
2024-04-10T01:58:26.221 INFO:teuthology.orchestra.run.smithi016.stdout:/usr/bin/ceph: stderr
2024-04-10T01:58:25.301+0000 7f4f868f0700 1 -- 172.21.15.16:0/777076492 >> 172.21.15.16:0/777076492 conn(0x7f4f800fe070 msgr2=0x7f4f801004a0 unknown :-1 s=STATE_NONE l=0).mark_down
2024-04-10T01:58:26.221 INFO:teuthology.orchestra.run.smithi016.stdout:/usr/bin/ceph: stderr
2024-04-10T01:58:25.301+0000 7f4f868f0700 1 -- 172.21.15.16:0/777076492 shutdown_connections
2024-04-10T01:58:26.221 INFO:teuthology.orchestra.run.smithi016.stdout:/usr/bin/ceph: stderr
2024-04-10T01:58:25.301+0000 7f4f868f0700 1 -- 172.21.15.16:0/777076492 wait complete.
2024-04-10T01:58:26.221 INFO:teuthology.orchestra.run.smithi016.stdout:/usr/bin/ceph: stderr
2024-04-10T01:58:25.301+0000 7f4f868f0700 1 Processor -- start
2024-04-10T01:58:26.222 INFO:teuthology.orchestra.run.smithi016.stdout:/usr/bin/ceph: stderr
2024-04-10T01:58:25.301+0000 7f4f868f0700 1 -- start start
2024-04-10T01:58:26.222 INFO:teuthology.orchestra.run.smithi016.stdout:/usr/bin/ceph: stderr
2024-04-10T01:58:25.301+0000 7f4f868f0700 1 --2- >> [v2:172.21.15.16:3300/0,v1:172.21.15.16:6789/0] conn(0x7f4f80102910 0x7f4f801116d0 unknown :-1 s=NONE pgs=0 cs=0 l=1 rev1=0 crypto rx=0 tx=0 comp rx=0 tx=0).connect
2024-04-10T01:58:26.222 INFO:teuthology.orchestra.run.smithi016.stdout:/usr/bin/ceph: stderr
2024-04-10T01:58:25.301+0000 7f4f868f0700 1 -- --> [v2:172.21.15.16:3300/0,v1:172.21.15.16:6789/0] -- mon_getmap magic: 0 v1 -- 0x7f4f80111c10 con 0x7f4f80102910
2024-04-10T01:58:26.222 INFO:teuthology.orchestra.run.smithi016.stdout:/usr/bin/ceph: stderr
2024-04-10T01:58:25.302+0000 7f4f7ffff700 1 --2- >> [v2:172.21.15.16:3300/0,v1:172.21.15.16:6789/0] conn(0x7f4f80102910 0x7f4f801116d0 unknown :-1 s=BANNER_CONNECTING pgs=0 cs=0 l=1 rev1=0 crypto rx=0 tx=0 comp rx=0 tx=0)._handle_peer_banner_payload supported=3 required=0
2024-04-10T01:58:26.222 INFO:teuthology.orchestra.run.smithi016.stdout:/usr/bin/ceph: stderr
2024-04-10T01:58:25.302+0000 7f4f7ffff700 1 --2- >> [v2:172.21.15.16:3300/0,v1:172.21.15.16:6789/0] conn(0x7f4f80102910 0x7f4f801116d0 unknown :-1 s=HELLO_CONNECTING pgs=0 cs=0 l=1 rev1=1 crypto rx=0 tx=0 comp rx=0 tx=0).handle_hello peer v2:172.21.15.16:3300/0 says I am v2:172.21.15.16:54160/0 (socket says 172.21.15.16:54160)
2024-04-10T01:58:26.222 INFO:teuthology.orchestra.run.smithi016.stdout:/usr/bin/ceph: stderr
2024-04-10T01:58:25.302+0000 7f4f7ffff700 1 -- 172.21.15.16:0/2759467044 learned_addr learned my addr 172.21.15.16:0/2759467044 (peer_addr_for_me v2:172.21.15.16:0/0)
2024-04-10T01:58:26.222 INFO:teuthology.orchestra.run.smithi016.stdout:/usr/bin/ceph: stderr
2024-04-10T01:58:25.302+0000 7f4f7ffff700 1 -- 172.21.15.16:0/2759467044 --> [v2:172.21.15.16:3300/0,v1:172.21.15.16:6789/0] -- mon_subscribe({config=0+,monmap=0+}) v3 -- 0x7f4f700094f0 con 0x7f4f80102910
2024-04-10T01:58:26.222 INFO:teuthology.orchestra.run.smithi016.stdout:/usr/bin/ceph: stderr
2024-04-10T01:58:25.302+0000 7f4f7ffff700 1 --2- 172.21.15.16:0/2759467044 >> [v2:172.21.15.16:3300/0,v1:172.21.15.16:6789/0] conn(0x7f4f80102910 0x7f4f801116d0 secure :-1 s=READY pgs=21 cs=0 l=1 rev1=1 crypto rx=0x7f4f70000c00 tx=0x7f4f70009250 comp rx=0 tx=0).ready entity=mon.0 client_cookie=0 server_cookie=0 in_seq=0 out_seq=0
2024-04-10T01:58:26.222 INFO:teuthology.orchestra.run.smithi016.stdout:/usr/bin/ceph: stderr
2024-04-10T01:58:25.302+0000 7f4f7cff9700 1 -- 172.21.15.16:0/2759467044 <== mon.0 v2:172.21.15.16:3300/0 1 ==== mon_map magic: 0 v1 ==== 229+0+0 (secure 0 0 0) 0x7f4f700107c0 con 0x7f4f80102910
2024-04-10T01:58:26.222 INFO:teuthology.orchestra.run.smithi016.stdout:/usr/bin/ceph: stderr
2024-04-10T01:58:25.302+0000 7f4f7cff9700 1 -- 172.21.15.16:0/2759467044 <== mon.0 v2:172.21.15.16:3300/0 2 ==== config(27 keys) v1 ==== 1044+0+0 (secure 0 0 0) 0x7f4f70010db0 con 0x7f4f80102910
2024-04-10T01:58:26.222 INFO:teuthology.orchestra.run.smithi016.stdout:/usr/bin/ceph: stderr
2024-04-10T01:58:25.302+0000 7f4f868f0700 1 -- 172.21.15.16:0/2759467044 --> [v2:172.21.15.16:3300/0,v1:172.21.15.16:6789/0] -- mon_subscribe({mgrmap=0+}) v3 -- 0x7f4f80111e10 con 0x7f4f80102910
2024-04-10T01:58:26.222 INFO:teuthology.orchestra.run.smithi016.stdout:/usr/bin/ceph: stderr
2024-04-10T01:58:25.302+0000 7f4f7cff9700 1 -- 172.21.15.16:0/2759467044 <== mon.0 v2:172.21.15.16:3300/0 3 ==== mon_map magic: 0 v1 ==== 229+0+0 (secure 0 0 0) 0x7f4f7001ad00 con 0x7f4f80102910
2024-04-10T01:58:26.222 INFO:teuthology.orchestra.run.smithi016.stdout:/usr/bin/ceph: stderr
2024-04-10T01:58:25.302+0000 7f4f868f0700 1 -- 172.21.15.16:0/2759467044 --> [v2:172.21.15.16:3300/0,v1:172.21.15.16:6789/0] -- mon_subscribe({osdmap=0}) v3 -- 0x7f4f80112980 con 0x7f4f80102910
2024-04-10T01:58:26.223 INFO:teuthology.orchestra.run.smithi016.stdout:/usr/bin/ceph: stderr
2024-04-10T01:58:25.303+0000 7f4f7cff9700 1 -- 172.21.15.16:0/2759467044 <== mon.0 v2:172.21.15.16:3300/0 4 ==== mgrmap(e 4) v1 ==== 43357+0+0 (secure 0 0 0) 0x7f4f700193c0 con 0x7f4f80102910
2024-04-10T01:58:26.223 INFO:teuthology.orchestra.run.smithi016.stdout:/usr/bin/ceph: stderr
2024-04-10T01:58:25.303+0000 7f4f868f0700 1 -- 172.21.15.16:0/2759467044 --> [v2:172.21.15.16:3300/0,v1:172.21.15.16:6789/0] -- mon_command({"prefix": "get_command_descriptions"} v 0) v1 -- 0x7f4f8005f5f0 con 0x7f4f80102910
2024-04-10T01:58:26.223 INFO:teuthology.orchestra.run.smithi016.stdout:/usr/bin/ceph: stderr
2024-04-10T01:58:25.303+0000 7f4f7cff9700 1 --2- 172.21.15.16:0/2759467044 >> [v2:172.21.15.16:6800/3630720356,v1:172.21.15.16:6801/3630720356] conn(0x7f4f68036740 0x7f4f68038bf0 unknown :-1 s=NONE pgs=0 cs=0 l=1 rev1=0 crypto rx=0 tx=0 comp rx=0 tx=0).connect
2024-04-10T01:58:26.223 INFO:teuthology.orchestra.run.smithi016.stdout:/usr/bin/ceph: stderr
2024-04-10T01:58:25.303+0000 7f4f7cff9700 1 -- 172.21.15.16:0/2759467044 <== mon.0 v2:172.21.15.16:3300/0 5 ==== osd_map(1..1 src has 1..1) v4 ==== 721+0+0 (secure 0 0 0) 0x7f4f7004a670 con 0x7f4f80102910
2024-04-10T01:58:26.223 INFO:teuthology.orchestra.run.smithi016.stdout:/usr/bin/ceph: stderr
2024-04-10T01:58:25.303+0000 7f4f7f7fe700 1 --2- 172.21.15.16:0/2759467044 >> [v2:172.21.15.16:6800/3630720356,v1:172.21.15.16:6801/3630720356] conn(0x7f4f68036740 0x7f4f68038bf0 unknown :-1 s=BANNER_CONNECTING pgs=0 cs=0 l=1 rev1=0 crypto rx=0 tx=0 comp rx=0 tx=0)._handle_peer_banner_payload supported=3 required=0
2024-04-10T01:58:26.223 INFO:teuthology.orchestra.run.smithi016.stdout:/usr/bin/ceph: stderr
2024-04-10T01:58:25.304+0000 7f4f7f7fe700 1 --2- 172.21.15.16:0/2759467044 >> [v2:172.21.15.16:6800/3630720356,v1:172.21.15.16:6801/3630720356] conn(0x7f4f68036740 0x7f4f68038bf0 secure :-1 s=READY pgs=8 cs=0 l=1 rev1=1 crypto rx=0x7f4f74009990 tx=0x7f4f74006e40 comp rx=0 tx=0).ready entity=mgr.14100 client_cookie=0 server_cookie=0 in_seq=0 out_seq=0
2024-04-10T01:58:26.223 INFO:teuthology.orchestra.run.smithi016.stdout:/usr/bin/ceph: stderr
2024-04-10T01:58:25.308+0000 7f4f7cff9700 1 -- 172.21.15.16:0/2759467044 <== mon.0 v2:172.21.15.16:3300/0 6 ==== mon_command_ack([{"prefix": "get_command_descriptions"}]=0 v0) v1 ==== 72+0+176504 (secure 0 0 0) 0x7f4f70019670 con 0x7f4f80102910
2024-04-10T01:58:26.223 INFO:teuthology.orchestra.run.smithi016.stdout:/usr/bin/ceph: stderr
2024-04-10T01:58:25.554+0000 7f4f868f0700 1 -- 172.21.15.16:0/2759467044 --> [v2:172.21.15.16:3300/0,v1:172.21.15.16:6789/0] -- mon_command({"prefix": "mgr module enable", "module": "cephadm"} v 0) v1 -- 0x7f4f8004bed0 con 0x7f4f80102910
2024-04-10T01:58:26.223 INFO:teuthology.orchestra.run.smithi016.stdout:/usr/bin/ceph: stderr
2024-04-10T01:58:25.607+0000 7f4f7cff9700 1 -- 172.21.15.16:0/2759467044 <== mon.0 v2:172.21.15.16:3300/0 7 ==== mgrmap(e 5) v1 ==== 43368+0+0 (secure 0 0 0) 0x7f4f7001a530 con 0x7f4f80102910
2024-04-10T01:58:26.223 INFO:teuthology.orchestra.run.smithi016.stdout:/usr/bin/ceph: stderr
2024-04-10T01:58:25.608+0000 7f4f7cff9700 1 -- 172.21.15.16:0/2759467044 <== mon.0 v2:172.21.15.16:3300/0 8 ==== mon_command_ack([{"prefix": "mgr module enable", "module": "cephadm"}]=0 v5) v1 ==== 86+0+0 (secure 0 0 0) 0x7f4f70022340 con 0x7f4f80102910
2024-04-10T01:58:26.223 INFO:teuthology.orchestra.run.smithi016.stdout:/usr/bin/ceph: stderr
2024-04-10T01:58:25.610+0000 7f4f868f0700 1 -- 172.21.15.16:0/2759467044 >> [v2:172.21.15.16:6800/3630720356,v1:172.21.15.16:6801/3630720356] conn(0x7f4f68036740 msgr2=0x7f4f68038bf0 secure :-1 s=STATE_CONNECTION_ESTABLISHED l=1).mark_down
2024-04-10T01:58:26.223 INFO:teuthology.orchestra.run.smithi016.stdout:/usr/bin/ceph: stderr
2024-04-10T01:58:25.610+0000 7f4f868f0700 1 --2- 172.21.15.16:0/2759467044 >> [v2:172.21.15.16:6800/3630720356,v1:172.21.15.16:6801/3630720356] conn(0x7f4f68036740 0x7f4f68038bf0 secure :-1 s=READY pgs=8 cs=0 l=1 rev1=1 crypto rx=0x7f4f74009990 tx=0x7f4f74006e40 comp rx=0 tx=0).stop
2024-04-10T01:58:26.223 INFO:teuthology.orchestra.run.smithi016.stdout:/usr/bin/ceph: stderr
2024-04-10T01:58:25.610+0000 7f4f868f0700 1 -- 172.21.15.16:0/2759467044 >> [v2:172.21.15.16:3300/0,v1:172.21.15.16:6789/0] conn(0x7f4f80102910 msgr2=0x7f4f801116d0 secure :-1 s=STATE_CONNECTION_ESTABLISHED l=1).mark_down
2024-04-10T01:58:26.223 INFO:teuthology.orchestra.run.smithi016.stdout:/usr/bin/ceph: stderr
2024-04-10T01:58:25.610+0000 7f4f868f0700 1 --2- 172.21.15.16:0/2759467044 >> [v2:172.21.15.16:3300/0,v1:172.21.15.16:6789/0] conn(0x7f4f80102910 0x7f4f801116d0 secure :-1 s=READY pgs=21 cs=0 l=1 rev1=1 crypto rx=0x7f4f70000c00 tx=0x7f4f70009250 comp rx=0 tx=0).stop
2024-04-10T01:58:26.223 INFO:teuthology.orchestra.run.smithi016.stdout:/usr/bin/ceph: stderr
2024-04-10T01:58:25.610+0000 7f4f868f0700 1 -- 172.21.15.16:0/2759467044 shutdown_connections
2024-04-10T01:58:26.224 INFO:teuthology.orchestra.run.smithi016.stdout:/usr/bin/ceph: stderr
2024-04-10T01:58:25.610+0000 7f4f868f0700 1 --2- 172.21.15.16:0/2759467044 >> [v2:172.21.15.16:6800/3630720356,v1:172.21.15.16:6801/3630720356] conn(0x7f4f68036740 0x7f4f68038bf0 unknown :-1 s=CLOSED pgs=8 cs=0 l=1 rev1=1 crypto rx=0 tx=0 comp rx=0 tx=0).stop
2024-04-10T01:58:26.224 INFO:teuthology.orchestra.run.smithi016.stdout:/usr/bin/ceph: stderr
2024-04-10T01:58:25.610+0000 7f4f868f0700 1 --2- 172.21.15.16:0/2759467044 >> [v2:172.21.15.16:3300/0,v1:172.21.15.16:6789/0] conn(0x7f4f80102910 0x7f4f801116d0 unknown :-1 s=CLOSED pgs=21 cs=0 l=1 rev1=1 crypto rx=0 tx=0 comp rx=0 tx=0).stop
2024-04-10T01:58:26.224 INFO:teuthology.orchestra.run.smithi016.stdout:/usr/bin/ceph: stderr
2024-04-10T01:58:25.610+0000 7f4f868f0700 1 -- 172.21.15.16:0/2759467044 >> 172.21.15.16:0/2759467044 conn(0x7f4f800fe070 msgr2=0x7f4f800feb80 unknown :-1 s=STATE_NONE l=0).mark_down
2024-04-10T01:58:26.224 INFO:teuthology.orchestra.run.smithi016.stdout:/usr/bin/ceph: stderr
2024-04-10T01:58:25.610+0000 7f4f868f0700 1 -- 172.21.15.16:0/2759467044 shutdown_connections
2024-04-10T01:58:26.224 INFO:teuthology.orchestra.run.smithi016.stdout:/usr/bin/ceph: stderr
2024-04-10T01:58:25.610+0000 7f4f868f0700 1 -- 172.21.15.16:0/2759467044 wait complete.
2024-04-10T01:58:26.851 INFO:journalctl@ceph.mon.smithi016.smithi016.stdout:Apr 10 01:58:26 smithi016 ceph-mon[29440]: from='client.? 172.21.15.16:0/2759467044' entity='client.admin' cmd='[{"prefix": "mgr module enable", "module": "cephadm"}]': finished
2024-04-10T01:58:26.851 INFO:journalctl@ceph.mon.smithi016.smithi016.stdout:Apr 10 01:58:26 smithi016 ceph-mon[29440]: mgrmap e5: smithi016.vqnctu(active, since 10s)
2024-04-10T01:58:27.750 INFO:journalctl@ceph.mon.smithi016.smithi016.stdout:Apr 10 01:58:27 smithi016 ceph-mon[29440]: from='client.? 172.21.15.16:0/182722' entity='client.admin' cmd=[{"prefix": "mgr stat"}]: dispatch
2024-04-10T01:58:28.269 INFO:teuthology.orchestra.run.smithi016.stdout:/usr/bin/ceph: stdout {
2024-04-10T01:58:28.270 INFO:teuthology.orchestra.run.smithi016.stdout:/usr/bin/ceph: stdout "epoch": 5,
2024-04-10T01:58:28.270 INFO:teuthology.orchestra.run.smithi016.stdout:/usr/bin/ceph: stdout "available": true,
2024-04-10T01:58:28.270 INFO:teuthology.orchestra.run.smithi016.stdout:/usr/bin/ceph: stdout "active_name": "smithi016.vqnctu",
2024-04-10T01:58:28.270 INFO:teuthology.orchestra.run.smithi016.stdout:/usr/bin/ceph: stdout "num_standby": 0
2024-04-10T01:58:28.270 INFO:teuthology.orchestra.run.smithi016.stdout:/usr/bin/ceph: stdout }
2024-04-10T01:58:28.271 INFO:teuthology.orchestra.run.smithi016.stdout:/usr/bin/ceph: stderr
2024-04-10T01:58:26.645+0000 7f064266b700 1 Processor -- start
2024-04-10T01:58:28.271 INFO:teuthology.orchestra.run.smithi016.stdout:/usr/bin/ceph: stderr
2024-04-10T01:58:26.645+0000 7f064266b700 1 -- start start
2024-04-10T01:58:28.271 INFO:teuthology.orchestra.run.smithi016.stdout:/usr/bin/ceph: stderr
2024-04-10T01:58:26.645+0000 7f064266b700 1 --2- >> [v2:172.21.15.16:3300/0,v1:172.21.15.16:6789/0] conn(0x7f063c0711d0 0x7f063c1055c0 unknown :-1 s=NONE pgs=0 cs=0 l=0 rev1=0 crypto rx=0 tx=0 comp rx=0 tx=0).connect
2024-04-10T01:58:28.271 INFO:teuthology.orchestra.run.smithi016.stdout:/usr/bin/ceph: stderr
2024-04-10T01:58:26.646+0000 7f064266b700 1 -- --> [v2:172.21.15.16:3300/0,v1:172.21.15.16:6789/0] -- mon_getmap magic: 0 v1 -- 0x7f063c0715e0 con 0x7f063c0711d0
2024-04-10T01:58:28.271 INFO:teuthology.orchestra.run.smithi016.stdout:/usr/bin/ceph: stderr
2024-04-10T01:58:26.646+0000 7f063bfff700 1 --2- >> [v2:172.21.15.16:3300/0,v1:172.21.15.16:6789/0] conn(0x7f063c0711d0 0x7f063c1055c0 unknown :-1 s=BANNER_CONNECTING pgs=0 cs=0 l=0 rev1=0 crypto rx=0 tx=0 comp rx=0 tx=0)._handle_peer_banner_payload supported=3 required=0
2024-04-10T01:58:28.271 INFO:teuthology.orchestra.run.smithi016.stdout:/usr/bin/ceph: stderr
2024-04-10T01:58:26.646+0000 7f063bfff700 1 --2- >> [v2:172.21.15.16:3300/0,v1:172.21.15.16:6789/0] conn(0x7f063c0711d0 0x7f063c1055c0 unknown :-1 s=HELLO_CONNECTING pgs=0 cs=0 l=0 rev1=1 crypto rx=0 tx=0 comp rx=0 tx=0).handle_hello peer v2:172.21.15.16:3300/0 says I am v2:172.21.15.16:33608/0 (socket says 172.21.15.16:33608)
2024-04-10T01:58:28.271 INFO:teuthology.orchestra.run.smithi016.stdout:/usr/bin/ceph: stderr
2024-04-10T01:58:26.646+0000 7f063bfff700 1 -- 172.21.15.16:0/3836238326 learned_addr learned my addr 172.21.15.16:0/3836238326 (peer_addr_for_me v2:172.21.15.16:0/0)
2024-04-10T01:58:28.271 INFO:teuthology.orchestra.run.smithi016.stdout:/usr/bin/ceph: stderr
2024-04-10T01:58:26.646+0000 7f063bfff700 1 -- 172.21.15.16:0/3836238326 --> [v2:172.21.15.16:3300/0,v1:172.21.15.16:6789/0] -- mon_subscribe({config=0+,monmap=0+}) v3 -- 0x7f063c105b00 con 0x7f063c0711d0
2024-04-10T01:58:28.271 INFO:teuthology.orchestra.run.smithi016.stdout:/usr/bin/ceph: stderr
2024-04-10T01:58:26.646+0000 7f063bfff700 1 --2- 172.21.15.16:0/3836238326 >> [v2:172.21.15.16:3300/0,v1:172.21.15.16:6789/0] conn(0x7f063c0711d0 0x7f063c1055c0 secure :-1 s=READY pgs=24 cs=0 l=1 rev1=1 crypto rx=0x7f062c0098e0 tx=0x7f062c009250 comp rx=0 tx=0).ready entity=mon.0 client_cookie=f9dfa4b8abf41aec server_cookie=0 in_seq=0 out_seq=0
2024-04-10T01:58:28.271 INFO:teuthology.orchestra.run.smithi016.stdout:/usr/bin/ceph: stderr
2024-04-10T01:58:26.646+0000 7f063affd700 1 -- 172.21.15.16:0/3836238326 <== mon.0 v2:172.21.15.16:3300/0 1 ==== mon_map magic: 0 v1 ==== 229+0+0 (secure 0 0 0) 0x7f062c00b860 con 0x7f063c0711d0
2024-04-10T01:58:28.271 INFO:teuthology.orchestra.run.smithi016.stdout:/usr/bin/ceph: stderr
2024-04-10T01:58:26.646+0000 7f063affd700 1 -- 172.21.15.16:0/3836238326 <== mon.0 v2:172.21.15.16:3300/0 2 ==== config(27 keys) v1 ==== 1044+0+0 (secure 0 0 0) 0x7f062c00be50 con 0x7f063c0711d0
2024-04-10T01:58:28.271 INFO:teuthology.orchestra.run.smithi016.stdout:/usr/bin/ceph: stderr
2024-04-10T01:58:26.646+0000 7f063affd700 1 -- 172.21.15.16:0/3836238326 <== mon.0 v2:172.21.15.16:3300/0 3 ==== mon_map magic: 0 v1 ==== 229+0+0 (secure 0 0 0) 0x7f062c010380 con 0x7f063c0711d0
2024-04-10T01:58:28.272 INFO:teuthology.orchestra.run.smithi016.stdout:/usr/bin/ceph: stderr
2024-04-10T01:58:26.647+0000 7f064266b700 1 -- 172.21.15.16:0/3836238326 >> [v2:172.21.15.16:3300/0,v1:172.21.15.16:6789/0] conn(0x7f063c0711d0 msgr2=0x7f063c1055c0 secure :-1 s=STATE_CONNECTION_ESTABLISHED l=1).mark_down
2024-04-10T01:58:28.272 INFO:teuthology.orchestra.run.smithi016.stdout:/usr/bin/ceph: stderr
2024-04-10T01:58:26.647+0000 7f064266b700 1 --2- 172.21.15.16:0/3836238326 >> [v2:172.21.15.16:3300/0,v1:172.21.15.16:6789/0] conn(0x7f063c0711d0 0x7f063c1055c0 secure :-1 s=READY pgs=24 cs=0 l=1 rev1=1 crypto rx=0x7f062c0098e0 tx=0x7f062c009250 comp rx=0 tx=0).stop
2024-04-10T01:58:28.272 INFO:teuthology.orchestra.run.smithi016.stdout:/usr/bin/ceph: stderr
2024-04-10T01:58:26.647+0000 7f064266b700 1 -- 172.21.15.16:0/3836238326 shutdown_connections
2024-04-10T01:58:28.272 INFO:teuthology.orchestra.run.smithi016.stdout:/usr/bin/ceph: stderr
2024-04-10T01:58:26.647+0000 7f064266b700 1 --2- 172.21.15.16:0/3836238326 >> [v2:172.21.15.16:3300/0,v1:172.21.15.16:6789/0] conn(0x7f063c0711d0 0x7f063c1055c0 unknown :-1 s=CLOSED pgs=24 cs=0 l=1 rev1=1 crypto rx=0 tx=0 comp rx=0 tx=0).stop
2024-04-10T01:58:28.272 INFO:teuthology.orchestra.run.smithi016.stdout:/usr/bin/ceph: stderr
2024-04-10T01:58:26.647+0000 7f064266b700 1 -- 172.21.15.16:0/3836238326 >> 172.21.15.16:0/3836238326 conn(0x7f063c0fcfb0 msgr2=0x7f063c0ff3c0 unknown :-1 s=STATE_NONE l=0).mark_down
2024-04-10T01:58:28.272 INFO:teuthology.orchestra.run.smithi016.stdout:/usr/bin/ceph: stderr
2024-04-10T01:58:26.647+0000 7f064266b700 1 -- 172.21.15.16:0/3836238326 shutdown_connections
2024-04-10T01:58:28.272 INFO:teuthology.orchestra.run.smithi016.stdout:/usr/bin/ceph: stderr
2024-04-10T01:58:26.647+0000 7f064266b700 1 -- 172.21.15.16:0/3836238326 wait complete.
2024-04-10T01:58:28.272 INFO:teuthology.orchestra.run.smithi016.stdout:/usr/bin/ceph: stderr
2024-04-10T01:58:26.647+0000 7f064266b700 1 Processor -- start
2024-04-10T01:58:28.272 INFO:teuthology.orchestra.run.smithi016.stdout:/usr/bin/ceph: stderr
2024-04-10T01:58:26.648+0000 7f064266b700 1 -- start start
2024-04-10T01:58:28.272 INFO:teuthology.orchestra.run.smithi016.stdout:/usr/bin/ceph: stderr
2024-04-10T01:58:26.648+0000 7f064266b700 1 --2- >> [v2:172.21.15.16:3300/0,v1:172.21.15.16:6789/0] conn(0x7f063c0711d0 0x7f063c102f10 unknown :-1 s=NONE pgs=0 cs=0 l=1 rev1=0 crypto rx=0 tx=0 comp rx=0 tx=0).connect
2024-04-10T01:58:28.272 INFO:teuthology.orchestra.run.smithi016.stdout:/usr/bin/ceph: stderr
2024-04-10T01:58:26.648+0000 7f064266b700 1 -- --> [v2:172.21.15.16:3300/0,v1:172.21.15.16:6789/0] -- mon_getmap magic: 0 v1 -- 0x7f063c103450 con 0x7f063c0711d0
2024-04-10T01:58:28.272 INFO:teuthology.orchestra.run.smithi016.stdout:/usr/bin/ceph: stderr
2024-04-10T01:58:26.648+0000 7f063bfff700 1 --2- >> [v2:172.21.15.16:3300/0,v1:172.21.15.16:6789/0] conn(0x7f063c0711d0 0x7f063c102f10 unknown :-1 s=BANNER_CONNECTING pgs=0 cs=0 l=1 rev1=0 crypto rx=0 tx=0 comp rx=0 tx=0)._handle_peer_banner_payload supported=3 required=0
2024-04-10T01:58:28.272 INFO:teuthology.orchestra.run.smithi016.stdout:/usr/bin/ceph: stderr
2024-04-10T01:58:26.648+0000 7f063bfff700 1 --2- >> [v2:172.21.15.16:3300/0,v1:172.21.15.16:6789/0] conn(0x7f063c0711d0 0x7f063c102f10 unknown :-1 s=HELLO_CONNECTING pgs=0 cs=0 l=1 rev1=1 crypto rx=0 tx=0 comp rx=0 tx=0).handle_hello peer v2:172.21.15.16:3300/0 says I am v2:172.21.15.16:33618/0 (socket says 172.21.15.16:33618)
2024-04-10T01:58:28.273 INFO:teuthology.orchestra.run.smithi016.stdout:/usr/bin/ceph: stderr
2024-04-10T01:58:26.648+0000 7f063bfff700 1 -- 172.21.15.16:0/182722 learned_addr learned my addr 172.21.15.16:0/182722 (peer_addr_for_me v2:172.21.15.16:0/0)
2024-04-10T01:58:28.273 INFO:teuthology.orchestra.run.smithi016.stdout:/usr/bin/ceph: stderr
2024-04-10T01:58:26.648+0000 7f063bfff700 1 -- 172.21.15.16:0/182722 --> [v2:172.21.15.16:3300/0,v1:172.21.15.16:6789/0] -- mon_subscribe({config=0+,monmap=0+}) v3 -- 0x7f062c0094f0 con 0x7f063c0711d0
2024-04-10T01:58:28.273 INFO:teuthology.orchestra.run.smithi016.stdout:/usr/bin/ceph: stderr
2024-04-10T01:58:26.648+0000 7f063bfff700 1 --2- 172.21.15.16:0/182722 >> [v2:172.21.15.16:3300/0,v1:172.21.15.16:6789/0] conn(0x7f063c0711d0 0x7f063c102f10 secure :-1 s=READY pgs=25 cs=0 l=1 rev1=1 crypto rx=0x7f062c011bd0 tx=0x7f062c009250 comp rx=0 tx=0).ready entity=mon.0 client_cookie=0 server_cookie=0 in_seq=0 out_seq=0
2024-04-10T01:58:28.273 INFO:teuthology.orchestra.run.smithi016.stdout:/usr/bin/ceph: stderr
2024-04-10T01:58:26.649+0000 7f0638ff9700 1 -- 172.21.15.16:0/182722 <== mon.0 v2:172.21.15.16:3300/0 1 ==== mon_map magic: 0 v1 ==== 229+0+0 (secure 0 0 0) 0x7f062c0107c0 con 0x7f063c0711d0
2024-04-10T01:58:28.273 INFO:teuthology.orchestra.run.smithi016.stdout:/usr/bin/ceph: stderr
2024-04-10T01:58:26.649+0000 7f0638ff9700 1 -- 172.21.15.16:0/182722 <== mon.0 v2:172.21.15.16:3300/0 2 ==== config(27 keys) v1 ==== 1044+0+0 (secure 0 0 0) 0x7f062c010db0 con 0x7f063c0711d0
2024-04-10T01:58:28.273 INFO:teuthology.orchestra.run.smithi016.stdout:/usr/bin/ceph: stderr
2024-04-10T01:58:26.649+0000 7f064266b700 1 -- 172.21.15.16:0/182722 --> [v2:172.21.15.16:3300/0,v1:172.21.15.16:6789/0] -- mon_subscribe({mgrmap=0+}) v3 -- 0x7f063c1014c0 con 0x7f063c0711d0
2024-04-10T01:58:28.273 INFO:teuthology.orchestra.run.smithi016.stdout:/usr/bin/ceph: stderr
2024-04-10T01:58:26.649+0000 7f0638ff9700 1 -- 172.21.15.16:0/182722 <== mon.0 v2:172.21.15.16:3300/0 3 ==== mon_map magic: 0 v1 ==== 229+0+0 (secure 0 0 0) 0x7f062c01ad60 con 0x7f063c0711d0
2024-04-10T01:58:28.273 INFO:teuthology.orchestra.run.smithi016.stdout:/usr/bin/ceph: stderr
2024-04-10T01:58:26.649+0000 7f064266b700 1 -- 172.21.15.16:0/182722 --> [v2:172.21.15.16:3300/0,v1:172.21.15.16:6789/0] -- mon_subscribe({osdmap=0}) v3 -- 0x7f063c1019b0 con 0x7f063c0711d0
2024-04-10T01:58:28.273 INFO:teuthology.orchestra.run.smithi016.stdout:/usr/bin/ceph: stderr
2024-04-10T01:58:26.649+0000 7f0638ff9700 1 -- 172.21.15.16:0/182722 <== mon.0 v2:172.21.15.16:3300/0 4 ==== mgrmap(e 5) v1 ==== 43368+0+0 (secure 0 0 0) 0x7f062c02e440 con 0x7f063c0711d0
2024-04-10T01:58:28.273 INFO:teuthology.orchestra.run.smithi016.stdout:/usr/bin/ceph: stderr
2024-04-10T01:58:26.650+0000 7f0638ff9700 1 --2- 172.21.15.16:0/182722 >> [v2:172.21.15.16:6800/3630720356,v1:172.21.15.16:6801/3630720356] conn(0x7f06240367e0 0x7f0624038c90 unknown :-1 s=NONE pgs=0 cs=0 l=1 rev1=0 crypto rx=0 tx=0 comp rx=0 tx=0).connect
2024-04-10T01:58:28.273 INFO:teuthology.orchestra.run.smithi016.stdout:/usr/bin/ceph: stderr
2024-04-10T01:58:26.650+0000 7f0638ff9700 1 -- 172.21.15.16:0/182722 <== mon.0 v2:172.21.15.16:3300/0 5 ==== osd_map(1..1 src has 1..1) v4 ==== 721+0+0 (secure 0 0 0) 0x7f062c04ba20 con 0x7f063c0711d0
2024-04-10T01:58:28.273 INFO:teuthology.orchestra.run.smithi016.stdout:/usr/bin/ceph: stderr
2024-04-10T01:58:26.650+0000 7f063b7fe700 1 -- 172.21.15.16:0/182722 >> [v2:172.21.15.16:6800/3630720356,v1:172.21.15.16:6801/3630720356] conn(0x7f06240367e0 msgr2=0x7f0624038c90 unknown :-1 s=STATE_CONNECTING_RE l=1).process reconnect failed to v2:172.21.15.16:6800/3630720356
2024-04-10T01:58:28.273 INFO:teuthology.orchestra.run.smithi016.stdout:/usr/bin/ceph: stderr
2024-04-10T01:58:26.650+0000 7f063b7fe700 1 --2- 172.21.15.16:0/182722 >> [v2:172.21.15.16:6800/3630720356,v1:172.21.15.16:6801/3630720356] conn(0x7f06240367e0 0x7f0624038c90 unknown :-1 s=START_CONNECT pgs=0 cs=0 l=1 rev1=0 crypto rx=0 tx=0 comp rx=0 tx=0)._fault waiting 0.200000
2024-04-10T01:58:28.274 INFO:teuthology.orchestra.run.smithi016.stdout:/usr/bin/ceph: stderr
2024-04-10T01:58:26.650+0000 7f064266b700 1 -- 172.21.15.16:0/182722 --> [v2:172.21.15.16:3300/0,v1:172.21.15.16:6789/0] -- mon_command({"prefix": "get_command_descriptions"} v 0) v1 -- 0x7f063c04bed0 con 0x7f063c0711d0
2024-04-10T01:58:28.274 INFO:teuthology.orchestra.run.smithi016.stdout:/usr/bin/ceph: stderr
2024-04-10T01:58:26.655+0000 7f0638ff9700 1 -- 172.21.15.16:0/182722 <== mon.0 v2:172.21.15.16:3300/0 6 ==== mon_command_ack([{"prefix": "get_command_descriptions"}]=0 v0) v1 ==== 72+0+176504 (secure 0 0 0) 0x7f062c02ecb0 con 0x7f063c0711d0
2024-04-10T01:58:28.274 INFO:teuthology.orchestra.run.smithi016.stdout:/usr/bin/ceph: stderr
2024-04-10T01:58:26.851+0000 7f063b7fe700 1 -- 172.21.15.16:0/182722 >> [v2:172.21.15.16:6800/3630720356,v1:172.21.15.16:6801/3630720356] conn(0x7f06240367e0 msgr2=0x7f0624038c90 unknown :-1 s=STATE_CONNECTING_RE l=1).process reconnect failed to v2:172.21.15.16:6800/3630720356
2024-04-10T01:58:28.274 INFO:teuthology.orchestra.run.smithi016.stdout:/usr/bin/ceph: stderr
2024-04-10T01:58:26.851+0000 7f063b7fe700 1 --2- 172.21.15.16:0/182722 >> [v2:172.21.15.16:6800/3630720356,v1:172.21.15.16:6801/3630720356] conn(0x7f06240367e0 0x7f0624038c90 unknown :-1 s=START_CONNECT pgs=0 cs=0 l=1 rev1=0 crypto rx=0 tx=0 comp rx=0 tx=0)._fault waiting 0.400000
2024-04-10T01:58:28.274 INFO:teuthology.orchestra.run.smithi016.stdout:/usr/bin/ceph: stderr
2024-04-10T01:58:26.902+0000 7f064266b700 1 -- 172.21.15.16:0/182722 --> [v2:172.21.15.16:3300/0,v1:172.21.15.16:6789/0] -- mon_command({"prefix": "mgr stat"} v 0) v1 -- 0x7f063c101d50 con 0x7f063c0711d0
2024-04-10T01:58:28.274 INFO:teuthology.orchestra.run.smithi016.stdout:/usr/bin/ceph: stderr
2024-04-10T01:58:26.903+0000 7f0638ff9700 1 -- 172.21.15.16:0/182722 <== mon.0 v2:172.21.15.16:3300/0 7 ==== mon_command_ack([{"prefix": "mgr stat"}]=0 v5) v1 ==== 56+0+103 (secure 0 0 0) 0x7f062c023390 con 0x7f063c0711d0
2024-04-10T01:58:28.274 INFO:teuthology.orchestra.run.smithi016.stdout:/usr/bin/ceph: stderr
2024-04-10T01:58:26.905+0000 7f064266b700 1 -- 172.21.15.16:0/182722 >> [v2:172.21.15.16:6800/3630720356,v1:172.21.15.16:6801/3630720356] conn(0x7f06240367e0 msgr2=0x7f0624038c90 unknown :-1 s=STATE_CONNECTING l=1).mark_down
2024-04-10T01:58:28.274 INFO:teuthology.orchestra.run.smithi016.stdout:/usr/bin/ceph: stderr
2024-04-10T01:58:26.905+0000 7f064266b700 1 --2- 172.21.15.16:0/182722 >> [v2:172.21.15.16:6800/3630720356,v1:172.21.15.16:6801/3630720356] conn(0x7f06240367e0 0x7f0624038c90 unknown :-1 s=START_CONNECT pgs=0 cs=0 l=1 rev1=0 crypto rx=0 tx=0 comp rx=0 tx=0).stop
2024-04-10T01:58:28.274 INFO:teuthology.orchestra.run.smithi016.stdout:/usr/bin/ceph: stderr
2024-04-10T01:58:26.905+0000 7f064266b700 1 -- 172.21.15.16:0/182722 >> [v2:172.21.15.16:3300/0,v1:172.21.15.16:6789/0] conn(0x7f063c0711d0 msgr2=0x7f063c102f10 secure :-1 s=STATE_CONNECTION_ESTABLISHED l=1).mark_down
2024-04-10T01:58:28.274 INFO:teuthology.orchestra.run.smithi016.stdout:/usr/bin/ceph: stderr
2024-04-10T01:58:26.905+0000 7f064266b700 1 --2- 172.21.15.16:0/182722 >> [v2:172.21.15.16:3300/0,v1:172.21.15.16:6789/0] conn(0x7f063c0711d0 0x7f063c102f10 secure :-1 s=READY pgs=25 cs=0 l=1 rev1=1 crypto rx=0x7f062c011bd0 tx=0x7f062c009250 comp rx=0 tx=0).stop
2024-04-10T01:58:28.274 INFO:teuthology.orchestra.run.smithi016.stdout:/usr/bin/ceph: stderr
2024-04-10T01:58:26.905+0000 7f064266b700 1 -- 172.21.15.16:0/182722 shutdown_connections
2024-04-10T01:58:28.274 INFO:teuthology.orchestra.run.smithi016.stdout:/usr/bin/ceph: stderr
2024-04-10T01:58:26.905+0000 7f064266b700 1 --2- 172.21.15.16:0/182722 >> [v2:172.21.15.16:6800/3630720356,v1:172.21.15.16:6801/3630720356] conn(0x7f06240367e0 0x7f0624038c90 unknown :-1 s=CLOSED pgs=0 cs=0 l=1 rev1=0 crypto rx=0 tx=0 comp rx=0 tx=0).stop
2024-04-10T01:58:28.274 INFO:teuthology.orchestra.run.smithi016.stdout:/usr/bin/ceph: stderr
2024-04-10T01:58:26.905+0000 7f064266b700 1 --2- 172.21.15.16:0/182722 >> [v2:172.21.15.16:3300/0,v1:172.21.15.16:6789/0] conn(0x7f063c0711d0 0x7f063c102f10 unknown :-1 s=CLOSED pgs=25 cs=0 l=1 rev1=1 crypto rx=0 tx=0 comp rx=0 tx=0).stop
2024-04-10T01:58:28.274 INFO:teuthology.orchestra.run.smithi016.stdout:/usr/bin/ceph: stderr
2024-04-10T01:58:26.905+0000 7f064266b700 1 -- 172.21.15.16:0/182722 >> 172.21.15.16:0/182722 conn(0x7f063c0fcfb0 msgr2=0x7f063c0fdc10 unknown :-1 s=STATE_NONE l=0).mark_down
2024-04-10T01:58:28.275 INFO:teuthology.orchestra.run.smithi016.stdout:/usr/bin/ceph: stderr
2024-04-10T01:58:26.905+0000 7f064266b700 1 -- 172.21.15.16:0/182722 shutdown_connections
2024-04-10T01:58:28.275 INFO:teuthology.orchestra.run.smithi016.stdout:/usr/bin/ceph: stderr
2024-04-10T01:58:26.905+0000 7f064266b700 1 -- 172.21.15.16:0/182722 wait complete.
2024-04-10T01:58:28.275 INFO:teuthology.orchestra.run.smithi016.stdout:Waiting for the mgr to restart...
2024-04-10T01:58:28.275 INFO:teuthology.orchestra.run.smithi016.stdout:Waiting for mgr epoch 5...
2024-04-10T01:58:32.478 INFO:journalctl@ceph.mon.smithi016.smithi016.stdout:Apr 10 01:58:32 smithi016 ceph-mon[29440]: Active manager daemon smithi016.vqnctu restarted
2024-04-10T01:58:32.479 INFO:journalctl@ceph.mon.smithi016.smithi016.stdout:Apr 10 01:58:32 smithi016 ceph-mon[29440]: Activating manager daemon smithi016.vqnctu
2024-04-10T01:58:32.479 INFO:journalctl@ceph.mon.smithi016.smithi016.stdout:Apr 10 01:58:32 smithi016 ceph-mon[29440]: osdmap e2: 0 total, 0 up, 0 in
2024-04-10T01:58:32.479 INFO:journalctl@ceph.mon.smithi016.smithi016.stdout:Apr 10 01:58:32 smithi016 ceph-mon[29440]: mgrmap e6: smithi016.vqnctu(active, starting, since 0.00317578s)
2024-04-10T01:58:32.479 INFO:journalctl@ceph.mon.smithi016.smithi016.stdout:Apr 10 01:58:32 smithi016 ceph-mon[29440]: from='mgr.14118 172.21.15.16:0/2226199818' entity='mgr.smithi016.vqnctu' cmd=[{"prefix": "mon metadata", "id": "smithi016"}]: dispatch
2024-04-10T01:58:32.479 INFO:journalctl@ceph.mon.smithi016.smithi016.stdout:Apr 10 01:58:32 smithi016 ceph-mon[29440]: from='mgr.14118 172.21.15.16:0/2226199818' entity='mgr.smithi016.vqnctu' cmd=[{"prefix": "mgr metadata", "who": "smithi016.vqnctu", "id": "smithi016.vqnctu"}]: dispatch
2024-04-10T01:58:32.479 INFO:journalctl@ceph.mon.smithi016.smithi016.stdout:Apr 10 01:58:32 smithi016 ceph-mon[29440]: from='mgr.14118 172.21.15.16:0/2226199818' entity='mgr.smithi016.vqnctu' cmd=[{"prefix": "mds metadata"}]: dispatch
