2024-04-10T02:17:22.603 INFO:teuthology.orchestra.run.smithi179.stdout:/usr/bin/ceph: stderr
2024-04-10T02:17:21.766+0000 7fe06bf6e700 1 -- --> [v2:172.21.15.179:3300/0,v1:172.21.15.179:6789/0] -- mon_getmap magic: 0 v1 -- 0x7fe0641021e0 con 0x7fe064101890
2024-04-10T02:17:22.603 INFO:teuthology.orchestra.run.smithi179.stdout:/usr/bin/ceph: stderr
2024-04-10T02:17:21.766+0000 7fe069d0a700 1 --2- >> [v2:172.21.15.179:3300/0,v1:172.21.15.179:6789/0] conn(0x7fe064101890 0x7fe064101ca0 unknown :-1 s=BANNER_CONNECTING pgs=0 cs=0 l=0 rev1=0 crypto rx=0 tx=0 comp rx=0 tx=0)._handle_peer_banner_payload supported=3 required=0
2024-04-10T02:17:22.603 INFO:teuthology.orchestra.run.smithi179.stdout:/usr/bin/ceph: stderr
2024-04-10T02:17:21.766+0000 7fe069d0a700 1 --2- >> [v2:172.21.15.179:3300/0,v1:172.21.15.179:6789/0] conn(0x7fe064101890 0x7fe064101ca0 unknown :-1 s=HELLO_CONNECTING pgs=0 cs=0 l=0 rev1=1 crypto rx=0 tx=0 comp rx=0 tx=0).handle_hello peer v2:172.21.15.179:3300/0 says I am v2:172.21.15.179:36616/0 (socket says 172.21.15.179:36616)
2024-04-10T02:17:22.603 INFO:teuthology.orchestra.run.smithi179.stdout:/usr/bin/ceph: stderr
2024-04-10T02:17:21.766+0000 7fe069d0a700 1 -- 172.21.15.179:0/1983682282 learned_addr learned my addr 172.21.15.179:0/1983682282 (peer_addr_for_me v2:172.21.15.179:0/0)
2024-04-10T02:17:22.603 INFO:teuthology.orchestra.run.smithi179.stdout:/usr/bin/ceph: stderr
2024-04-10T02:17:21.766+0000 7fe069d0a700 1 -- 172.21.15.179:0/1983682282 --> [v2:172.21.15.179:3300/0,v1:172.21.15.179:6789/0] -- mon_subscribe({config=0+,monmap=0+}) v3 -- 0x7fe064102320 con 0x7fe064101890
2024-04-10T02:17:22.603 INFO:teuthology.orchestra.run.smithi179.stdout:/usr/bin/ceph: stderr
2024-04-10T02:17:21.766+0000 7fe069d0a700 1 --2- 172.21.15.179:0/1983682282 >> [v2:172.21.15.179:3300/0,v1:172.21.15.179:6789/0] conn(0x7fe064101890 0x7fe064101ca0 secure :-1 s=READY pgs=55 cs=0 l=1 rev1=1 crypto rx=0x7fe0600098e0 tx=0x7fe060009250 comp rx=0 tx=0).ready entity=mon.0 client_cookie=ec9d8b5203d9008c server_cookie=0 in_seq=0 out_seq=0
2024-04-10T02:17:22.603 INFO:teuthology.orchestra.run.smithi179.stdout:/usr/bin/ceph: stderr
2024-04-10T02:17:21.766+0000 7fe068d08700 1 -- 172.21.15.179:0/1983682282 <== mon.0 v2:172.21.15.179:3300/0 1 ==== mon_map magic: 0 v1 ==== 229+0+0 (secure 0 0 0) 0x7fe06000b8f0 con 0x7fe064101890
2024-04-10T02:17:22.603 INFO:teuthology.orchestra.run.smithi179.stdout:/usr/bin/ceph: stderr
2024-04-10T02:17:21.767+0000 7fe068d08700 1 -- 172.21.15.179:0/1983682282 <== mon.0 v2:172.21.15.179:3300/0 2 ==== config(27 keys) v1 ==== 1109+0+0 (secure 0 0 0) 0x7fe060011420 con 0x7fe064101890
2024-04-10T02:17:22.603 INFO:teuthology.orchestra.run.smithi179.stdout:/usr/bin/ceph: stderr
2024-04-10T02:17:21.767+0000 7fe068d08700 1 -- 172.21.15.179:0/1983682282 <== mon.0 v2:172.21.15.179:3300/0 3 ==== mon_map magic: 0 v1 ==== 229+0+0 (secure 0 0 0) 0x7fe060010540 con 0x7fe064101890
2024-04-10T02:17:22.603 INFO:teuthology.orchestra.run.smithi179.stdout:/usr/bin/ceph: stderr
2024-04-10T02:17:21.767+0000 7fe06bf6e700 1 -- 172.21.15.179:0/1983682282 >> [v2:172.21.15.179:3300/0,v1:172.21.15.179:6789/0] conn(0x7fe064101890 msgr2=0x7fe064101ca0 secure :-1 s=STATE_CONNECTION_ESTABLISHED l=1).mark_down
2024-04-10T02:17:22.603 INFO:teuthology.orchestra.run.smithi179.stdout:/usr/bin/ceph: stderr
2024-04-10T02:17:21.767+0000 7fe06bf6e700 1 --2- 172.21.15.179:0/1983682282 >> [v2:172.21.15.179:3300/0,v1:172.21.15.179:6789/0] conn(0x7fe064101890 0x7fe064101ca0 secure :-1 s=READY pgs=55 cs=0 l=1 rev1=1 crypto rx=0x7fe0600098e0 tx=0x7fe060009250 comp rx=0 tx=0).stop
2024-04-10T02:17:22.603 INFO:teuthology.orchestra.run.smithi179.stdout:/usr/bin/ceph: stderr
2024-04-10T02:17:21.767+0000 7fe06bf6e700 1 -- 172.21.15.179:0/1983682282 shutdown_connections
2024-04-10T02:17:22.603 INFO:teuthology.orchestra.run.smithi179.stdout:/usr/bin/ceph: stderr
2024-04-10T02:17:21.767+0000 7fe06bf6e700 1 --2- 172.21.15.179:0/1983682282 >> [v2:172.21.15.179:3300/0,v1:172.21.15.179:6789/0] conn(0x7fe064101890 0x7fe064101ca0 unknown :-1 s=CLOSED pgs=55 cs=0 l=1 rev1=1 crypto rx=0 tx=0 comp rx=0 tx=0).stop
2024-04-10T02:17:22.604 INFO:teuthology.orchestra.run.smithi179.stdout:/usr/bin/ceph: stderr
2024-04-10T02:17:21.767+0000 7fe06bf6e700 1 -- 172.21.15.179:0/1983682282 >> 172.21.15.179:0/1983682282 conn(0x7fe0640fd010 msgr2=0x7fe0640ff420 unknown :-1 s=STATE_NONE l=0).mark_down
2024-04-10T02:17:22.604 INFO:teuthology.orchestra.run.smithi179.stdout:/usr/bin/ceph: stderr
2024-04-10T02:17:21.767+0000 7fe06bf6e700 1 -- 172.21.15.179:0/1983682282 shutdown_connections
2024-04-10T02:17:22.604 INFO:teuthology.orchestra.run.smithi179.stdout:/usr/bin/ceph: stderr
2024-04-10T02:17:21.767+0000 7fe06bf6e700 1 -- 172.21.15.179:0/1983682282 wait complete.
2024-04-10T02:17:22.604 INFO:teuthology.orchestra.run.smithi179.stdout:/usr/bin/ceph: stderr
2024-04-10T02:17:21.768+0000 7fe06bf6e700 1 Processor -- start
2024-04-10T02:17:22.604 INFO:teuthology.orchestra.run.smithi179.stdout:/usr/bin/ceph: stderr
2024-04-10T02:17:21.768+0000 7fe06bf6e700 1 -- start start
2024-04-10T02:17:22.604 INFO:teuthology.orchestra.run.smithi179.stdout:/usr/bin/ceph: stderr
2024-04-10T02:17:21.768+0000 7fe06bf6e700 1 --2- >> [v2:172.21.15.179:3300/0,v1:172.21.15.179:6789/0] conn(0x7fe064101890 0x7fe064113950 unknown :-1 s=NONE pgs=0 cs=0 l=1 rev1=0 crypto rx=0 tx=0 comp rx=0 tx=0).connect
2024-04-10T02:17:22.604 INFO:teuthology.orchestra.run.smithi179.stdout:/usr/bin/ceph: stderr
2024-04-10T02:17:21.768+0000 7fe06bf6e700 1 -- --> [v2:172.21.15.179:3300/0,v1:172.21.15.179:6789/0] -- mon_getmap magic: 0 v1 -- 0x7fe064113e90 con 0x7fe064101890
2024-04-10T02:17:22.604 INFO:teuthology.orchestra.run.smithi179.stdout:/usr/bin/ceph: stderr
2024-04-10T02:17:21.768+0000 7fe069d0a700 1 --2- >> [v2:172.21.15.179:3300/0,v1:172.21.15.179:6789/0] conn(0x7fe064101890 0x7fe064113950 unknown :-1 s=BANNER_CONNECTING pgs=0 cs=0 l=1 rev1=0 crypto rx=0 tx=0 comp rx=0 tx=0)._handle_peer_banner_payload supported=3 required=0
2024-04-10T02:17:22.604 INFO:teuthology.orchestra.run.smithi179.stdout:/usr/bin/ceph: stderr
2024-04-10T02:17:21.768+0000 7fe069d0a700 1 --2- >> [v2:172.21.15.179:3300/0,v1:172.21.15.179:6789/0] conn(0x7fe064101890 0x7fe064113950 unknown :-1 s=HELLO_CONNECTING pgs=0 cs=0 l=1 rev1=1 crypto rx=0 tx=0 comp rx=0 tx=0).handle_hello peer v2:172.21.15.179:3300/0 says I am v2:172.21.15.179:36628/0 (socket says 172.21.15.179:36628)
2024-04-10T02:17:22.604 INFO:teuthology.orchestra.run.smithi179.stdout:/usr/bin/ceph: stderr
2024-04-10T02:17:21.768+0000 7fe069d0a700 1 -- 172.21.15.179:0/3342285133 learned_addr learned my addr 172.21.15.179:0/3342285133 (peer_addr_for_me v2:172.21.15.179:0/0)
2024-04-10T02:17:22.604 INFO:teuthology.orchestra.run.smithi179.stdout:/usr/bin/ceph: stderr
2024-04-10T02:17:21.768+0000 7fe069d0a700 1 -- 172.21.15.179:0/3342285133 --> [v2:172.21.15.179:3300/0,v1:172.21.15.179:6789/0] -- mon_subscribe({config=0+,monmap=0+}) v3 -- 0x7fe0600094f0 con 0x7fe064101890
2024-04-10T02:17:22.604 INFO:teuthology.orchestra.run.smithi179.stdout:/usr/bin/ceph: stderr
2024-04-10T02:17:21.768+0000 7fe069d0a700 1 --2- 172.21.15.179:0/3342285133 >> [v2:172.21.15.179:3300/0,v1:172.21.15.179:6789/0] conn(0x7fe064101890 0x7fe064113950 secure :-1 s=READY pgs=56 cs=0 l=1 rev1=1 crypto rx=0x7fe060006d40 tx=0x7fe060009250 comp rx=0 tx=0).ready entity=mon.0 client_cookie=0 server_cookie=0 in_seq=0 out_seq=0
2024-04-10T02:17:22.604 INFO:teuthology.orchestra.run.smithi179.stdout:/usr/bin/ceph: stderr
2024-04-10T02:17:21.769+0000 7fe05a7fc700 1 -- 172.21.15.179:0/3342285133 <== mon.0 v2:172.21.15.179:3300/0 1 ==== mon_map magic: 0 v1 ==== 229+0+0 (secure 0 0 0) 0x7fe06000beb0 con 0x7fe064101890
2024-04-10T02:17:22.604 INFO:teuthology.orchestra.run.smithi179.stdout:/usr/bin/ceph: stderr
2024-04-10T02:17:21.769+0000 7fe05a7fc700 1 -- 172.21.15.179:0/3342285133 <== mon.0 v2:172.21.15.179:3300/0 2 ==== config(27 keys) v1 ==== 1109+0+0 (secure 0 0 0) 0x7fe060010c80 con 0x7fe064101890
2024-04-10T02:17:22.604 INFO:teuthology.orchestra.run.smithi179.stdout:/usr/bin/ceph: stderr
2024-04-10T02:17:21.769+0000 7fe06bf6e700 1 -- 172.21.15.179:0/3342285133 --> [v2:172.21.15.179:3300/0,v1:172.21.15.179:6789/0] -- mon_subscribe({mgrmap=0+}) v3 -- 0x7fe064114090 con 0x7fe064101890
2024-04-10T02:17:22.605 INFO:teuthology.orchestra.run.smithi179.stdout:/usr/bin/ceph: stderr
2024-04-10T02:17:21.769+0000 7fe05a7fc700 1 -- 172.21.15.179:0/3342285133 <== mon.0 v2:172.21.15.179:3300/0 3 ==== mon_map magic: 0 v1 ==== 229+0+0 (secure 0 0 0) 0x7fe060024d40 con 0x7fe064101890
2024-04-10T02:17:22.605 INFO:teuthology.orchestra.run.smithi179.stdout:/usr/bin/ceph: stderr
2024-04-10T02:17:21.769+0000 7fe06bf6e700 1 -- 172.21.15.179:0/3342285133 --> [v2:172.21.15.179:3300/0,v1:172.21.15.179:6789/0] -- mon_subscribe({osdmap=0}) v3 -- 0x7fe064114c00 con 0x7fe064101890
2024-04-10T02:17:22.605 INFO:teuthology.orchestra.run.smithi179.stdout:/usr/bin/ceph: stderr
2024-04-10T02:17:21.769+0000 7fe05a7fc700 1 -- 172.21.15.179:0/3342285133 <== mon.0 v2:172.21.15.179:3300/0 4 ==== mgrmap(e 8) v1 ==== 43368+0+0 (secure 0 0 0) 0x7fe06001a430 con 0x7fe064101890
2024-04-10T02:17:22.605 INFO:teuthology.orchestra.run.smithi179.stdout:/usr/bin/ceph: stderr
2024-04-10T02:17:21.769+0000 7fe06bf6e700 1 -- 172.21.15.179:0/3342285133 --> [v2:172.21.15.179:3300/0,v1:172.21.15.179:6789/0] -- mon_command({"prefix": "get_command_descriptions"} v 0) v1 -- 0x7fe06405f5f0 con 0x7fe064101890
2024-04-10T02:17:22.605 INFO:teuthology.orchestra.run.smithi179.stdout:/usr/bin/ceph: stderr
2024-04-10T02:17:21.770+0000 7fe05a7fc700 1 --2- 172.21.15.179:0/3342285133 >> [v2:172.21.15.179:6800/2351804263,v1:172.21.15.179:6801/2351804263] conn(0x7fe050036810 0x7fe050038cc0 unknown :-1 s=NONE pgs=0 cs=0 l=1 rev1=0 crypto rx=0 tx=0 comp rx=0 tx=0).connect
2024-04-10T02:17:22.605 INFO:teuthology.orchestra.run.smithi179.stdout:/usr/bin/ceph: stderr
2024-04-10T02:17:21.770+0000 7fe05a7fc700 1 -- 172.21.15.179:0/3342285133 <== mon.0 v2:172.21.15.179:3300/0 5 ==== osd_map(2..2 src has 1..2) v4 ==== 936+0+0 (secure 0 0 0) 0x7fe06004a2f0 con 0x7fe064101890
2024-04-10T02:17:22.605 INFO:teuthology.orchestra.run.smithi179.stdout:/usr/bin/ceph: stderr
2024-04-10T02:17:21.770+0000 7fe069509700 1 --2- 172.21.15.179:0/3342285133 >> [v2:172.21.15.179:6800/2351804263,v1:172.21.15.179:6801/2351804263] conn(0x7fe050036810 0x7fe050038cc0 unknown :-1 s=BANNER_CONNECTING pgs=0 cs=0 l=1 rev1=0 crypto rx=0 tx=0 comp rx=0 tx=0)._handle_peer_banner_payload supported=3 required=0
2024-04-10T02:17:22.605 INFO:teuthology.orchestra.run.smithi179.stdout:/usr/bin/ceph: stderr
2024-04-10T02:17:21.770+0000 7fe069509700 1 --2- 172.21.15.179:0/3342285133 >> [v2:172.21.15.179:6800/2351804263,v1:172.21.15.179:6801/2351804263] conn(0x7fe050036810 0x7fe050038cc0 secure :-1 s=READY pgs=16 cs=0 l=1 rev1=1 crypto rx=0x7fe054009990 tx=0x7fe054006e40 comp rx=0 tx=0).ready entity=mgr.14120 client_cookie=0 server_cookie=0 in_seq=0 out_seq=0
2024-04-10T02:17:22.605 INFO:teuthology.orchestra.run.smithi179.stdout:/usr/bin/ceph: stderr
2024-04-10T02:17:21.774+0000 7fe05a7fc700 1 -- 172.21.15.179:0/3342285133 <== mon.0 v2:172.21.15.179:3300/0 6 ==== mon_command_ack([{"prefix": "get_command_descriptions"}]=0 v0) v1 ==== 72+0+176504 (secure 0 0 0) 0x7fe06002cb40 con 0x7fe064101890
2024-04-10T02:17:22.605 INFO:teuthology.orchestra.run.smithi179.stdout:/usr/bin/ceph: stderr
2024-04-10T02:17:21.999+0000 7fe06bf6e700 1 -- 172.21.15.179:0/3342285133 --> [v2:172.21.15.179:6800/2351804263,v1:172.21.15.179:6801/2351804263] -- mgr_command(tid 0: {"prefix": "orch apply", "service_type": "grafana", "target": ["mon-mgr", ""]}) v1 -- 0x7fe0641157e0 con 0x7fe050036810
2024-04-10T02:17:22.605 INFO:teuthology.orchestra.run.smithi179.stdout:/usr/bin/ceph: stderr
2024-04-10T02:17:22.003+0000 7fe05a7fc700 1 -- 172.21.15.179:0/3342285133 <== mgr.14120 v2:172.21.15.179:6800/2351804263 1 ==== mgr_command_reply(tid 0: 0 ) v1 ==== 8+0+28 (secure 0 0 0) 0x7fe0641157e0 con 0x7fe050036810
2024-04-10T02:17:22.605 INFO:teuthology.orchestra.run.smithi179.stdout:/usr/bin/ceph: stderr
2024-04-10T02:17:22.005+0000 7fe06bf6e700 1 -- 172.21.15.179:0/3342285133 >> [v2:172.21.15.179:6800/2351804263,v1:172.21.15.179:6801/2351804263] conn(0x7fe050036810 msgr2=0x7fe050038cc0 secure :-1 s=STATE_CONNECTION_ESTABLISHED l=1).mark_down
2024-04-10T02:17:22.605 INFO:teuthology.orchestra.run.smithi179.stdout:/usr/bin/ceph: stderr
2024-04-10T02:17:22.005+0000 7fe06bf6e700 1 --2- 172.21.15.179:0/3342285133 >> [v2:172.21.15.179:6800/2351804263,v1:172.21.15.179:6801/2351804263] conn(0x7fe050036810 0x7fe050038cc0 secure :-1 s=READY pgs=16 cs=0 l=1 rev1=1 crypto rx=0x7fe054009990 tx=0x7fe054006e40 comp rx=0 tx=0).stop
2024-04-10T02:17:22.606 INFO:teuthology.orchestra.run.smithi179.stdout:/usr/bin/ceph: stderr
2024-04-10T02:17:22.005+0000 7fe06bf6e700 1 -- 172.21.15.179:0/3342285133 >> [v2:172.21.15.179:3300/0,v1:172.21.15.179:6789/0] conn(0x7fe064101890 msgr2=0x7fe064113950 secure :-1 s=STATE_CONNECTION_ESTABLISHED l=1).mark_down
2024-04-10T02:17:22.606 INFO:teuthology.orchestra.run.smithi179.stdout:/usr/bin/ceph: stderr
2024-04-10T02:17:22.005+0000 7fe06bf6e700 1 --2- 172.21.15.179:0/3342285133 >> [v2:172.21.15.179:3300/0,v1:172.21.15.179:6789/0] conn(0x7fe064101890 0x7fe064113950 secure :-1 s=READY pgs=56 cs=0 l=1 rev1=1 crypto rx=0x7fe060006d40 tx=0x7fe060009250 comp rx=0 tx=0).stop
2024-04-10T02:17:22.606 INFO:teuthology.orchestra.run.smithi179.stdout:/usr/bin/ceph: stderr
2024-04-10T02:17:22.005+0000 7fe06bf6e700 1 -- 172.21.15.179:0/3342285133 shutdown_connections
2024-04-10T02:17:22.606 INFO:teuthology.orchestra.run.smithi179.stdout:/usr/bin/ceph: stderr
2024-04-10T02:17:22.005+0000 7fe06bf6e700 1 --2- 172.21.15.179:0/3342285133 >> [v2:172.21.15.179:6800/2351804263,v1:172.21.15.179:6801/2351804263] conn(0x7fe050036810 0x7fe050038cc0 unknown :-1 s=CLOSED pgs=16 cs=0 l=1 rev1=1 crypto rx=0 tx=0 comp rx=0 tx=0).stop
2024-04-10T02:17:22.606 INFO:teuthology.orchestra.run.smithi179.stdout:/usr/bin/ceph: stderr
2024-04-10T02:17:22.005+0000 7fe06bf6e700 1 --2- 172.21.15.179:0/3342285133 >> [v2:172.21.15.179:3300/0,v1:172.21.15.179:6789/0] conn(0x7fe064101890 0x7fe064113950 unknown :-1 s=CLOSED pgs=56 cs=0 l=1 rev1=1 crypto rx=0 tx=0 comp rx=0 tx=0).stop
2024-04-10T02:17:22.606 INFO:teuthology.orchestra.run.smithi179.stdout:/usr/bin/ceph: stderr
2024-04-10T02:17:22.005+0000 7fe06bf6e700 1 -- 172.21.15.179:0/3342285133 >> 172.21.15.179:0/3342285133 conn(0x7fe0640fd010 msgr2=0x7fe0640fdf80 unknown :-1 s=STATE_NONE l=0).mark_down
2024-04-10T02:17:22.606 INFO:teuthology.orchestra.run.smithi179.stdout:/usr/bin/ceph: stderr
2024-04-10T02:17:22.005+0000 7fe06bf6e700 1 -- 172.21.15.179:0/3342285133 shutdown_connections
2024-04-10T02:17:22.606 INFO:teuthology.orchestra.run.smithi179.stdout:/usr/bin/ceph: stderr
2024-04-10T02:17:22.005+0000 7fe06bf6e700 1 -- 172.21.15.179:0/3342285133 wait complete.
2024-04-10T02:17:22.606 INFO:teuthology.orchestra.run.smithi179.stdout:Deploying node-exporter service with default placement...
2024-04-10T02:17:22.862 INFO:journalctl@ceph.mon.smithi179.smithi179.stdout:Apr 10 02:17:22 smithi179 ceph-mon[29001]: from='mgr.14120 172.21.15.179:0/46627147' entity='mgr.smithi179.kztavo'
2024-04-10T02:17:22.862 INFO:journalctl@ceph.mon.smithi179.smithi179.stdout:Apr 10 02:17:22 smithi179 ceph-mon[29001]: from='mgr.14120 172.21.15.179:0/46627147' entity='mgr.smithi179.kztavo'
2024-04-10T02:17:23.986 INFO:journalctl@ceph.mon.smithi179.smithi179.stdout:Apr 10 02:17:23 smithi179 ceph-mon[29001]: from='client.14150 -' entity='client.admin' cmd=[{"prefix": "orch apply", "service_type": "grafana", "target": ["mon-mgr", ""]}]: dispatch
2024-04-10T02:17:23.986 INFO:journalctl@ceph.mon.smithi179.smithi179.stdout:Apr 10 02:17:23 smithi179 ceph-mon[29001]: Saving service grafana spec with placement count:1
2024-04-10T02:17:23.987 INFO:journalctl@ceph.mon.smithi179.smithi179.stdout:Apr 10 02:17:23 smithi179 ceph-mon[29001]: from='mgr.14120 172.21.15.179:0/46627147' entity='mgr.smithi179.kztavo'
2024-04-10T02:17:24.072 INFO:teuthology.orchestra.run.smithi179.stdout:/usr/bin/ceph: stdout Scheduled node-exporter update...
2024-04-10T02:17:24.077 INFO:teuthology.orchestra.run.smithi179.stdout:/usr/bin/ceph: stderr
2024-04-10T02:17:23.083+0000 7f4847b15700 1 Processor -- start
2024-04-10T02:17:24.077 INFO:teuthology.orchestra.run.smithi179.stdout:/usr/bin/ceph: stderr
2024-04-10T02:17:23.083+0000 7f4847b15700 1 -- start start
2024-04-10T02:17:24.077 INFO:teuthology.orchestra.run.smithi179.stdout:/usr/bin/ceph: stderr
2024-04-10T02:17:23.084+0000 7f4847b15700 1 --2- >> [v2:172.21.15.179:3300/0,v1:172.21.15.179:6789/0] conn(0x7f4840101d70 0x7f4840102180 unknown :-1 s=NONE pgs=0 cs=0 l=0 rev1=0 crypto rx=0 tx=0 comp rx=0 tx=0).connect
2024-04-10T02:17:24.077 INFO:teuthology.orchestra.run.smithi179.stdout:/usr/bin/ceph: stderr
2024-04-10T02:17:23.084+0000 7f4847b15700 1 -- --> [v2:172.21.15.179:3300/0,v1:172.21.15.179:6789/0] -- mon_getmap magic: 0 v1 -- 0x7f48401026c0 con 0x7f4840101d70
2024-04-10T02:17:24.077 INFO:teuthology.orchestra.run.smithi179.stdout:/usr/bin/ceph: stderr
2024-04-10T02:17:23.084+0000 7f48458b1700 1 --2- >> [v2:172.21.15.179:3300/0,v1:172.21.15.179:6789/0] conn(0x7f4840101d70 0x7f4840102180 unknown :-1 s=BANNER_CONNECTING pgs=0 cs=0 l=0 rev1=0 crypto rx=0 tx=0 comp rx=0 tx=0)._handle_peer_banner_payload supported=3 required=0
2024-04-10T02:17:24.077 INFO:teuthology.orchestra.run.smithi179.stdout:/usr/bin/ceph: stderr
2024-04-10T02:17:23.084+0000 7f48458b1700 1 --2- >> [v2:172.21.15.179:3300/0,v1:172.21.15.179:6789/0] conn(0x7f4840101d70 0x7f4840102180 unknown :-1 s=HELLO_CONNECTING pgs=0 cs=0 l=0 rev1=1 crypto rx=0 tx=0 comp rx=0 tx=0).handle_hello peer v2:172.21.15.179:3300/0 says I am v2:172.21.15.179:36640/0 (socket says 172.21.15.179:36640)
2024-04-10T02:17:24.077 INFO:teuthology.orchestra.run.smithi179.stdout:/usr/bin/ceph: stderr
2024-04-10T02:17:23.084+0000 7f48458b1700 1 -- 172.21.15.179:0/852581976 learned_addr learned my addr 172.21.15.179:0/852581976 (peer_addr_for_me v2:172.21.15.179:0/0)
2024-04-10T02:17:24.077 INFO:teuthology.orchestra.run.smithi179.stdout:/usr/bin/ceph: stderr
2024-04-10T02:17:23.084+0000 7f48458b1700 1 -- 172.21.15.179:0/852581976 --> [v2:172.21.15.179:3300/0,v1:172.21.15.179:6789/0] -- mon_subscribe({config=0+,monmap=0+}) v3 -- 0x7f4840102800 con 0x7f4840101d70
2024-04-10T02:17:24.077 INFO:teuthology.orchestra.run.smithi179.stdout:/usr/bin/ceph: stderr
2024-04-10T02:17:23.084+0000 7f48458b1700 1 --2- 172.21.15.179:0/852581976 >> [v2:172.21.15.179:3300/0,v1:172.21.15.179:6789/0] conn(0x7f4840101d70 0x7f4840102180 secure :-1 s=READY pgs=57 cs=0 l=1 rev1=1 crypto rx=0x7f483000bb80 tx=0x7f483000b4f0 comp rx=0 tx=0).ready entity=mon.0 client_cookie=d8943117eff8e795 server_cookie=0 in_seq=0 out_seq=0
2024-04-10T02:17:24.077 INFO:teuthology.orchestra.run.smithi179.stdout:/usr/bin/ceph: stderr
2024-04-10T02:17:23.085+0000 7f48448af700 1 -- 172.21.15.179:0/852581976 <== mon.0 v2:172.21.15.179:3300/0 1 ==== mon_map magic: 0 v1 ==== 229+0+0 (secure 0 0 0) 0x7f483000dd00 con 0x7f4840101d70
2024-04-10T02:17:24.077 INFO:teuthology.orchestra.run.smithi179.stdout:/usr/bin/ceph: stderr
2024-04-10T02:17:23.085+0000 7f48448af700 1 -- 172.21.15.179:0/852581976 <== mon.0 v2:172.21.15.179:3300/0 2 ==== config(27 keys) v1 ==== 1109+0+0 (secure 0 0 0) 0x7f483000de60 con 0x7f4840101d70
2024-04-10T02:17:24.077 INFO:teuthology.orchestra.run.smithi179.stdout:/usr/bin/ceph: stderr
2024-04-10T02:17:23.085+0000 7f48448af700 1 -- 172.21.15.179:0/852581976 <== mon.0 v2:172.21.15.179:3300/0 3 ==== mon_map magic: 0 v1 ==== 229+0+0 (secure 0 0 0) 0x7f4830018920 con 0x7f4840101d70
2024-04-10T02:17:24.078 INFO:teuthology.orchestra.run.smithi179.stdout:/usr/bin/ceph: stderr
2024-04-10T02:17:23.085+0000 7f4847b15700 1 -- 172.21.15.179:0/852581976 >> [v2:172.21.15.179:3300/0,v1:172.21.15.179:6789/0] conn(0x7f4840101d70 msgr2=0x7f4840102180 secure :-1 s=STATE_CONNECTION_ESTABLISHED l=1).mark_down
2024-04-10T02:17:24.078 INFO:teuthology.orchestra.run.smithi179.stdout:/usr/bin/ceph: stderr
2024-04-10T02:17:23.085+0000 7f4847b15700 1 --2- 172.21.15.179:0/852581976 >> [v2:172.21.15.179:3300/0,v1:172.21.15.179:6789/0] conn(0x7f4840101d70 0x7f4840102180 secure :-1 s=READY pgs=57 cs=0 l=1 rev1=1 crypto rx=0x7f483000bb80 tx=0x7f483000b4f0 comp rx=0 tx=0).stop
2024-04-10T02:17:24.078 INFO:teuthology.orchestra.run.smithi179.stdout:/usr/bin/ceph: stderr
2024-04-10T02:17:23.085+0000 7f4847b15700 1 -- 172.21.15.179:0/852581976 shutdown_connections
2024-04-10T02:17:24.078 INFO:teuthology.orchestra.run.smithi179.stdout:/usr/bin/ceph: stderr
2024-04-10T02:17:23.085+0000 7f4847b15700 1 --2- 172.21.15.179:0/852581976 >> [v2:172.21.15.179:3300/0,v1:172.21.15.179:6789/0] conn(0x7f4840101d70 0x7f4840102180 unknown :-1 s=CLOSED pgs=57 cs=0 l=1 rev1=1 crypto rx=0 tx=0 comp rx=0 tx=0).stop
2024-04-10T02:17:24.078 INFO:teuthology.orchestra.run.smithi179.stdout:/usr/bin/ceph: stderr
2024-04-10T02:17:23.085+0000 7f4847b15700 1 -- 172.21.15.179:0/852581976 >> 172.21.15.179:0/852581976 conn(0x7f48400fc6c0 msgr2=0x7f48400fead0 unknown :-1 s=STATE_NONE l=0).mark_down
2024-04-10T02:17:24.078 INFO:teuthology.orchestra.run.smithi179.stdout:/usr/bin/ceph: stderr
2024-04-10T02:17:23.085+0000 7f4847b15700 1 -- 172.21.15.179:0/852581976 shutdown_connections
2024-04-10T02:17:24.078 INFO:teuthology.orchestra.run.smithi179.stdout:/usr/bin/ceph: stderr
2024-04-10T02:17:23.085+0000 7f4847b15700 1 -- 172.21.15.179:0/852581976 wait complete.
2024-04-10T02:17:24.078 INFO:teuthology.orchestra.run.smithi179.stdout:/usr/bin/ceph: stderr
2024-04-10T02:17:23.086+0000 7f4847b15700 1 Processor -- start
2024-04-10T02:17:24.078 INFO:teuthology.orchestra.run.smithi179.stdout:/usr/bin/ceph: stderr
2024-04-10T02:17:23.086+0000 7f4847b15700 1 -- start start
2024-04-10T02:17:24.078 INFO:teuthology.orchestra.run.smithi179.stdout:/usr/bin/ceph: stderr
2024-04-10T02:17:23.086+0000 7f4847b15700 1 --2- >> [v2:172.21.15.179:3300/0,v1:172.21.15.179:6789/0] conn(0x7f4840101d70 0x7f484010f4d0 unknown :-1 s=NONE pgs=0 cs=0 l=1 rev1=0 crypto rx=0 tx=0 comp rx=0 tx=0).connect
2024-04-10T02:17:24.078 INFO:teuthology.orchestra.run.smithi179.stdout:/usr/bin/ceph: stderr
2024-04-10T02:17:23.086+0000 7f4847b15700 1 -- --> [v2:172.21.15.179:3300/0,v1:172.21.15.179:6789/0] -- mon_getmap magic: 0 v1 -- 0x7f484010fa10 con 0x7f4840101d70
2024-04-10T02:17:24.078 INFO:teuthology.orchestra.run.smithi179.stdout:/usr/bin/ceph: stderr
2024-04-10T02:17:23.086+0000 7f48458b1700 1 --2- >> [v2:172.21.15.179:3300/0,v1:172.21.15.179:6789/0] conn(0x7f4840101d70 0x7f484010f4d0 unknown :-1 s=BANNER_CONNECTING pgs=0 cs=0 l=1 rev1=0 crypto rx=0 tx=0 comp rx=0 tx=0)._handle_peer_banner_payload supported=3 required=0
2024-04-10T02:17:24.078 INFO:teuthology.orchestra.run.smithi179.stdout:/usr/bin/ceph: stderr
2024-04-10T02:17:23.086+0000 7f48458b1700 1 --2- >> [v2:172.21.15.179:3300/0,v1:172.21.15.179:6789/0] conn(0x7f4840101d70 0x7f484010f4d0 unknown :-1 s=HELLO_CONNECTING pgs=0 cs=0 l=1 rev1=1 crypto rx=0 tx=0 comp rx=0 tx=0).handle_hello peer v2:172.21.15.179:3300/0 says I am v2:172.21.15.179:36644/0 (socket says 172.21.15.179:36644)
2024-04-10T02:17:24.078 INFO:teuthology.orchestra.run.smithi179.stdout:/usr/bin/ceph: stderr
2024-04-10T02:17:23.086+0000 7f48458b1700 1 -- 172.21.15.179:0/2350815083 learned_addr learned my addr 172.21.15.179:0/2350815083 (peer_addr_for_me v2:172.21.15.179:0/0)
2024-04-10T02:17:24.078 INFO:teuthology.orchestra.run.smithi179.stdout:/usr/bin/ceph: stderr
2024-04-10T02:17:23.086+0000 7f48458b1700 1 -- 172.21.15.179:0/2350815083 --> [v2:172.21.15.179:3300/0,v1:172.21.15.179:6789/0] -- mon_subscribe({config=0+,monmap=0+}) v3 -- 0x7f483000b790 con 0x7f4840101d70
2024-04-10T02:17:24.078 INFO:teuthology.orchestra.run.smithi179.stdout:/usr/bin/ceph: stderr
2024-04-10T02:17:23.087+0000 7f48458b1700 1 --2- 172.21.15.179:0/2350815083 >> [v2:172.21.15.179:3300/0,v1:172.21.15.179:6789/0] conn(0x7f4840101d70 0x7f484010f4d0 secure :-1 s=READY pgs=58 cs=0 l=1 rev1=1 crypto rx=0x7f4830006b00 tx=0x7f483000b4f0 comp rx=0 tx=0).ready entity=mon.0 client_cookie=0 server_cookie=0 in_seq=0 out_seq=0
2024-04-10T02:17:24.079 INFO:teuthology.orchestra.run.smithi179.stdout:/usr/bin/ceph: stderr
2024-04-10T02:17:23.087+0000 7f48367fc700 1 -- 172.21.15.179:0/2350815083 <== mon.0 v2:172.21.15.179:3300/0 1 ==== mon_map magic: 0 v1 ==== 229+0+0 (secure 0 0 0) 0x7f4830010b80 con 0x7f4840101d70
2024-04-10T02:17:24.079 INFO:teuthology.orchestra.run.smithi179.stdout:/usr/bin/ceph: stderr
2024-04-10T02:17:23.087+0000 7f48367fc700 1 -- 172.21.15.179:0/2350815083 <== mon.0 v2:172.21.15.179:3300/0 2 ==== config(27 keys) v1 ==== 1109+0+0 (secure 0 0 0) 0x7f483001d050 con 0x7f4840101d70
2024-04-10T02:17:24.079 INFO:teuthology.orchestra.run.smithi179.stdout:/usr/bin/ceph: stderr
2024-04-10T02:17:23.087+0000 7f4847b15700 1 -- 172.21.15.179:0/2350815083 --> [v2:172.21.15.179:3300/0,v1:172.21.15.179:6789/0] -- mon_subscribe({mgrmap=0+}) v3 -- 0x7f484010fc10 con 0x7f4840101d70
2024-04-10T02:17:24.079 INFO:teuthology.orchestra.run.smithi179.stdout:/usr/bin/ceph: stderr
2024-04-10T02:17:23.087+0000 7f48367fc700 1 -- 172.21.15.179:0/2350815083 <== mon.0 v2:172.21.15.179:3300/0 3 ==== mon_map magic: 0 v1 ==== 229+0+0 (secure 0 0 0) 0x7f4830022590 con 0x7f4840101d70
2024-04-10T02:17:24.079 INFO:teuthology.orchestra.run.smithi179.stdout:/usr/bin/ceph: stderr
2024-04-10T02:17:23.087+0000 7f4847b15700 1 -- 172.21.15.179:0/2350815083 --> [v2:172.21.15.179:3300/0,v1:172.21.15.179:6789/0] -- mon_subscribe({osdmap=0}) v3 -- 0x7f4840110780 con 0x7f4840101d70
2024-04-10T02:17:24.079 INFO:teuthology.orchestra.run.smithi179.stdout:/usr/bin/ceph: stderr
2024-04-10T02:17:23.088+0000 7f48367fc700 1 -- 172.21.15.179:0/2350815083 <== mon.0 v2:172.21.15.179:3300/0 4 ==== mgrmap(e 8) v1 ==== 43368+0+0 (secure 0 0 0) 0x7f48300226f0 con 0x7f4840101d70
2024-04-10T02:17:24.079 INFO:teuthology.orchestra.run.smithi179.stdout:/usr/bin/ceph: stderr
2024-04-10T02:17:23.088+0000 7f4847b15700 1 -- 172.21.15.179:0/2350815083 --> [v2:172.21.15.179:3300/0,v1:172.21.15.179:6789/0] -- mon_command({"prefix": "get_command_descriptions"} v 0) v1 -- 0x7f484005f5f0 con 0x7f4840101d70
2024-04-10T02:17:24.079 INFO:teuthology.orchestra.run.smithi179.stdout:/usr/bin/ceph: stderr
2024-04-10T02:17:23.088+0000 7f48367fc700 1 --2- 172.21.15.179:0/2350815083 >> [v2:172.21.15.179:6800/2351804263,v1:172.21.15.179:6801/2351804263] conn(0x7f482c0367e0 0x7f482c038c90 unknown :-1 s=NONE pgs=0 cs=0 l=1 rev1=0 crypto rx=0 tx=0 comp rx=0 tx=0).connect
2024-04-10T02:17:24.079 INFO:teuthology.orchestra.run.smithi179.stdout:/usr/bin/ceph: stderr
2024-04-10T02:17:23.088+0000 7f48367fc700 1 -- 172.21.15.179:0/2350815083 <== mon.0 v2:172.21.15.179:3300/0 5 ==== osd_map(2..2 src has 1..2) v4 ==== 936+0+0 (secure 0 0 0) 0x7f4830014070 con 0x7f4840101d70
2024-04-10T02:17:24.079 INFO:teuthology.orchestra.run.smithi179.stdout:/usr/bin/ceph: stderr
2024-04-10T02:17:23.088+0000 7f48450b0700 1 --2- 172.21.15.179:0/2350815083 >> [v2:172.21.15.179:6800/2351804263,v1:172.21.15.179:6801/2351804263] conn(0x7f482c0367e0 0x7f482c038c90 unknown :-1 s=BANNER_CONNECTING pgs=0 cs=0 l=1 rev1=0 crypto rx=0 tx=0 comp rx=0 tx=0)._handle_peer_banner_payload supported=3 required=0
2024-04-10T02:17:24.079 INFO:teuthology.orchestra.run.smithi179.stdout:/usr/bin/ceph: stderr
2024-04-10T02:17:23.088+0000 7f48450b0700 1 --2- 172.21.15.179:0/2350815083 >> [v2:172.21.15.179:6800/2351804263,v1:172.21.15.179:6801/2351804263] conn(0x7f482c0367e0 0x7f482c038c90 secure :-1 s=READY pgs=17 cs=0 l=1 rev1=1 crypto rx=0x7f483c009990 tx=0x7f483c006e40 comp rx=0 tx=0).ready entity=mgr.14120 client_cookie=0 server_cookie=0 in_seq=0 out_seq=0
2024-04-10T02:17:24.079 INFO:teuthology.orchestra.run.smithi179.stdout:/usr/bin/ceph: stderr
2024-04-10T02:17:23.093+0000 7f48367fc700 1 -- 172.21.15.179:0/2350815083 <== mon.0 v2:172.21.15.179:3300/0 6 ==== mon_command_ack([{"prefix": "get_command_descriptions"}]=0 v0) v1 ==== 72+0+176504 (secure 0 0 0) 0x7f4830023470 con 0x7f4840101d70
2024-04-10T02:17:24.079 INFO:teuthology.orchestra.run.smithi179.stdout:/usr/bin/ceph: stderr
2024-04-10T02:17:23.293+0000 7f4847b15700 1 -- 172.21.15.179:0/2350815083 --> [v2:172.21.15.179:6800/2351804263,v1:172.21.15.179:6801/2351804263] -- mgr_command(tid 0: {"prefix": "orch apply", "service_type": "node-exporter", "target": ["mon-mgr", ""]}) v1 -- 0x7f4840110b30 con 0x7f482c0367e0
2024-04-10T02:17:24.079 INFO:teuthology.orchestra.run.smithi179.stdout:/usr/bin/ceph: stderr
2024-04-10T02:17:23.297+0000 7f48367fc700 1 -- 172.21.15.179:0/2350815083 <== mgr.14120 v2:172.21.15.179:6800/2351804263 1 ==== mgr_command_reply(tid 0: 0 ) v1 ==== 8+0+34 (secure 0 0 0) 0x7f4840110b30 con 0x7f482c0367e0
2024-04-10T02:17:24.079 INFO:teuthology.orchestra.run.smithi179.stdout:/usr/bin/ceph: stderr
2024-04-10T02:17:23.299+0000 7f4847b15700 1 -- 172.21.15.179:0/2350815083 >> [v2:172.21.15.179:6800/2351804263,v1:172.21.15.179:6801/2351804263] conn(0x7f482c0367e0 msgr2=0x7f482c038c90 secure :-1 s=STATE_CONNECTION_ESTABLISHED l=1).mark_down
2024-04-10T02:17:24.079 INFO:teuthology.orchestra.run.smithi179.stdout:/usr/bin/ceph: stderr
2024-04-10T02:17:23.299+0000 7f4847b15700 1 --2- 172.21.15.179:0/2350815083 >> [v2:172.21.15.179:6800/2351804263,v1:172.21.15.179:6801/2351804263] conn(0x7f482c0367e0 0x7f482c038c90 secure :-1 s=READY pgs=17 cs=0 l=1 rev1=1 crypto rx=0x7f483c009990 tx=0x7f483c006e40 comp rx=0 tx=0).stop
2024-04-10T02:17:24.080 INFO:teuthology.orchestra.run.smithi179.stdout:/usr/bin/ceph: stderr
2024-04-10T02:17:23.299+0000 7f4847b15700 1 -- 172.21.15.179:0/2350815083 >> [v2:172.21.15.179:3300/0,v1:172.21.15.179:6789/0] conn(0x7f4840101d70 msgr2=0x7f484010f4d0 secure :-1 s=STATE_CONNECTION_ESTABLISHED l=1).mark_down
2024-04-10T02:17:24.080 INFO:teuthology.orchestra.run.smithi179.stdout:/usr/bin/ceph: stderr
2024-04-10T02:17:23.299+0000 7f4847b15700 1 --2- 172.21.15.179:0/2350815083 >> [v2:172.21.15.179:3300/0,v1:172.21.15.179:6789/0] conn(0x7f4840101d70 0x7f484010f4d0 secure :-1 s=READY pgs=58 cs=0 l=1 rev1=1 crypto rx=0x7f4830006b00 tx=0x7f483000b4f0 comp rx=0 tx=0).stop
2024-04-10T02:17:24.080 INFO:teuthology.orchestra.run.smithi179.stdout:/usr/bin/ceph: stderr
2024-04-10T02:17:23.299+0000 7f4847b15700 1 -- 172.21.15.179:0/2350815083 shutdown_connections
2024-04-10T02:17:24.080 INFO:teuthology.orchestra.run.smithi179.stdout:/usr/bin/ceph: stderr
2024-04-10T02:17:23.299+0000 7f4847b15700 1 --2- 172.21.15.179:0/2350815083 >> [v2:172.21.15.179:6800/2351804263,v1:172.21.15.179:6801/2351804263] conn(0x7f482c0367e0 0x7f482c038c90 unknown :-1 s=CLOSED pgs=17 cs=0 l=1 rev1=1 crypto rx=0 tx=0 comp rx=0 tx=0).stop
2024-04-10T02:17:24.080 INFO:teuthology.orchestra.run.smithi179.stdout:/usr/bin/ceph: stderr
2024-04-10T02:17:23.299+0000 7f4847b15700 1 --2- 172.21.15.179:0/2350815083 >> [v2:172.21.15.179:3300/0,v1:172.21.15.179:6789/0] conn(0x7f4840101d70 0x7f484010f4d0 unknown :-1 s=CLOSED pgs=58 cs=0 l=1 rev1=1 crypto rx=0 tx=0 comp rx=0 tx=0).stop
2024-04-10T02:17:24.080 INFO:teuthology.orchestra.run.smithi179.stdout:/usr/bin/ceph: stderr
2024-04-10T02:17:23.299+0000 7f4847b15700 1 -- 172.21.15.179:0/2350815083 >> 172.21.15.179:0/2350815083 conn(0x7f48400fc6c0 msgr2=0x7f4840105d60 unknown :-1 s=STATE_NONE l=0).mark_down
2024-04-10T02:17:24.080 INFO:teuthology.orchestra.run.smithi179.stdout:/usr/bin/ceph: stderr
2024-04-10T02:17:23.299+0000 7f4847b15700 1 -- 172.21.15.179:0/2350815083 shutdown_connections
2024-04-10T02:17:24.080 INFO:teuthology.orchestra.run.smithi179.stdout:/usr/bin/ceph: stderr
2024-04-10T02:17:23.299+0000 7f4847b15700 1 -- 172.21.15.179:0/2350815083 wait complete.
2024-04-10T02:17:24.080 INFO:teuthology.orchestra.run.smithi179.stdout:Deploying alertmanager service with default placement...
2024-04-10T02:17:24.986 INFO:journalctl@ceph.mon.smithi179.smithi179.stdout:Apr 10 02:17:24 smithi179 ceph-mon[29001]: from='client.14152 -' entity='client.admin' cmd=[{"prefix": "orch apply", "service_type": "node-exporter", "target": ["mon-mgr", ""]}]: dispatch
2024-04-10T02:17:24.986 INFO:journalctl@ceph.mon.smithi179.smithi179.stdout:Apr 10 02:17:24 smithi179 ceph-mon[29001]: Saving service node-exporter spec with placement *
2024-04-10T02:17:25.469 INFO:teuthology.orchestra.run.smithi179.stdout:/usr/bin/ceph: stdout Scheduled alertmanager update...
2024-04-10T02:17:25.469 INFO:teuthology.orchestra.run.smithi179.stdout:/usr/bin/ceph: stderr
2024-04-10T02:17:24.473+0000 7f452b198700 1 Processor -- start
2024-04-10T02:17:25.469 INFO:teuthology.orchestra.run.smithi179.stdout:/usr/bin/ceph: stderr
2024-04-10T02:17:24.473+0000 7f452b198700 1 -- start start
2024-04-10T02:17:25.469 INFO:teuthology.orchestra.run.smithi179.stdout:/usr/bin/ceph: stderr
2024-04-10T02:17:24.473+0000 7f452b198700 1 --2- >> [v2:172.21.15.179:3300/0,v1:172.21.15.179:6789/0] conn(0x7f45241028e0 0x7f4524102cf0 unknown :-1 s=NONE pgs=0 cs=0 l=0 rev1=0 crypto rx=0 tx=0 comp rx=0 tx=0).connect
2024-04-10T02:17:25.470 INFO:teuthology.orchestra.run.smithi179.stdout:/usr/bin/ceph: stderr
2024-04-10T02:17:24.473+0000 7f452b198700 1 -- --> [v2:172.21.15.179:3300/0,v1:172.21.15.179:6789/0] -- mon_getmap magic: 0 v1 -- 0x7f4524103230 con 0x7f45241028e0
2024-04-10T02:17:25.470 INFO:teuthology.orchestra.run.smithi179.stdout:/usr/bin/ceph: stderr
2024-04-10T02:17:24.473+0000 7f4528f34700 1 --2- >> [v2:172.21.15.179:3300/0,v1:172.21.15.179:6789/0] conn(0x7f45241028e0 0x7f4524102cf0 unknown :-1 s=BANNER_CONNECTING pgs=0 cs=0 l=0 rev1=0 crypto rx=0 tx=0 comp rx=0 tx=0)._handle_peer_banner_payload supported=3 required=0
2024-04-10T02:17:25.470 INFO:teuthology.orchestra.run.smithi179.stdout:/usr/bin/ceph: stderr
2024-04-10T02:17:24.473+0000 7f4528f34700 1 --2- >> [v2:172.21.15.179:3300/0,v1:172.21.15.179:6789/0] conn(0x7f45241028e0 0x7f4524102cf0 unknown :-1 s=HELLO_CONNECTING pgs=0 cs=0 l=0 rev1=1 crypto rx=0 tx=0 comp rx=0 tx=0).handle_hello peer v2:172.21.15.179:3300/0 says I am v2:172.21.15.179:36660/0 (socket says 172.21.15.179:36660)
2024-04-10T02:17:25.470 INFO:teuthology.orchestra.run.smithi179.stdout:/usr/bin/ceph: stderr
2024-04-10T02:17:24.473+0000 7f4528f34700 1 -- 172.21.15.179:0/1785009208 learned_addr learned my addr 172.21.15.179:0/1785009208 (peer_addr_for_me v2:172.21.15.179:0/0)
2024-04-10T02:17:25.470 INFO:teuthology.orchestra.run.smithi179.stdout:/usr/bin/ceph: stderr
2024-04-10T02:17:24.473+0000 7f4528f34700 1 -- 172.21.15.179:0/1785009208 --> [v2:172.21.15.179:3300/0,v1:172.21.15.179:6789/0] -- mon_subscribe({config=0+,monmap=0+}) v3 -- 0x7f4524103370 con 0x7f45241028e0
2024-04-10T02:17:25.470 INFO:teuthology.orchestra.run.smithi179.stdout:/usr/bin/ceph: stderr
2024-04-10T02:17:24.474+0000 7f4528f34700 1 --2- 172.21.15.179:0/1785009208 >> [v2:172.21.15.179:3300/0,v1:172.21.15.179:6789/0] conn(0x7f45241028e0 0x7f4524102cf0 secure :-1 s=READY pgs=59 cs=0 l=1 rev1=1 crypto rx=0x7f45180098e0 tx=0x7f4518009250 comp rx=0 tx=0).ready entity=mon.0 client_cookie=8d40e4eb09e8c95d server_cookie=0 in_seq=0 out_seq=0
2024-04-10T02:17:25.470 INFO:teuthology.orchestra.run.smithi179.stdout:/usr/bin/ceph: stderr
2024-04-10T02:17:24.474+0000 7f45237fe700 1 -- 172.21.15.179:0/1785009208 <== mon.0 v2:172.21.15.179:3300/0 1 ==== mon_map magic: 0 v1 ==== 229+0+0 (secure 0 0 0) 0x7f451800b860 con 0x7f45241028e0
2024-04-10T02:17:25.470 INFO:teuthology.orchestra.run.smithi179.stdout:/usr/bin/ceph: stderr
2024-04-10T02:17:24.474+0000 7f45237fe700 1 -- 172.21.15.179:0/1785009208 <== mon.0 v2:172.21.15.179:3300/0 2 ==== config(27 keys) v1 ==== 1109+0+0 (secure 0 0 0) 0x7f451800be90 con 0x7f45241028e0
2024-04-10T02:17:25.470 INFO:teuthology.orchestra.run.smithi179.stdout:/usr/bin/ceph: stderr
2024-04-10T02:17:24.474+0000 7f45237fe700 1 -- 172.21.15.179:0/1785009208 <== mon.0 v2:172.21.15.179:3300/0 3 ==== mon_map magic: 0 v1 ==== 229+0+0 (secure 0 0 0) 0x7f45180103c0 con 0x7f45241028e0
2024-04-10T02:17:25.470 INFO:teuthology.orchestra.run.smithi179.stdout:/usr/bin/ceph: stderr
2024-04-10T02:17:24.474+0000 7f452b198700 1 -- 172.21.15.179:0/1785009208 >> [v2:172.21.15.179:3300/0,v1:172.21.15.179:6789/0] conn(0x7f45241028e0 msgr2=0x7f4524102cf0 secure :-1 s=STATE_CONNECTION_ESTABLISHED l=1).mark_down
2024-04-10T02:17:25.470 INFO:teuthology.orchestra.run.smithi179.stdout:/usr/bin/ceph: stderr
2024-04-10T02:17:24.474+0000 7f452b198700 1 --2- 172.21.15.179:0/1785009208 >> [v2:172.21.15.179:3300/0,v1:172.21.15.179:6789/0] conn(0x7f45241028e0 0x7f4524102cf0 secure :-1 s=READY pgs=59 cs=0 l=1 rev1=1 crypto rx=0x7f45180098e0 tx=0x7f4518009250 comp rx=0 tx=0).stop
2024-04-10T02:17:25.470 INFO:teuthology.orchestra.run.smithi179.stdout:/usr/bin/ceph: stderr
2024-04-10T02:17:24.474+0000 7f452b198700 1 -- 172.21.15.179:0/1785009208 shutdown_connections
2024-04-10T02:17:25.470 INFO:teuthology.orchestra.run.smithi179.stdout:/usr/bin/ceph: stderr
2024-04-10T02:17:24.474+0000 7f452b198700 1 --2- 172.21.15.179:0/1785009208 >> [v2:172.21.15.179:3300/0,v1:172.21.15.179:6789/0] conn(0x7f45241028e0 0x7f4524102cf0 unknown :-1 s=CLOSED pgs=59 cs=0 l=1 rev1=1 crypto rx=0 tx=0 comp rx=0 tx=0).stop
2024-04-10T02:17:25.470 INFO:teuthology.orchestra.run.smithi179.stdout:/usr/bin/ceph: stderr
2024-04-10T02:17:24.474+0000 7f452b198700 1 -- 172.21.15.179:0/1785009208 >> 172.21.15.179:0/1785009208 conn(0x7f45240fe040 msgr2=0x7f4524100470 unknown :-1 s=STATE_NONE l=0).mark_down
2024-04-10T02:17:25.470 INFO:teuthology.orchestra.run.smithi179.stdout:/usr/bin/ceph: stderr
2024-04-10T02:17:24.475+0000 7f452b198700 1 -- 172.21.15.179:0/1785009208 shutdown_connections
2024-04-10T02:17:25.471 INFO:teuthology.orchestra.run.smithi179.stdout:/usr/bin/ceph: stderr
2024-04-10T02:17:24.475+0000 7f452b198700 1 -- 172.21.15.179:0/1785009208 wait complete.
2024-04-10T02:17:25.471 INFO:teuthology.orchestra.run.smithi179.stdout:/usr/bin/ceph: stderr
2024-04-10T02:17:24.475+0000 7f452b198700 1 Processor -- start
2024-04-10T02:17:25.471 INFO:teuthology.orchestra.run.smithi179.stdout:/usr/bin/ceph: stderr
2024-04-10T02:17:24.475+0000 7f452b198700 1 -- start start
2024-04-10T02:17:25.471 INFO:teuthology.orchestra.run.smithi179.stdout:/usr/bin/ceph: stderr
2024-04-10T02:17:24.475+0000 7f452b198700 1 --2- >> [v2:172.21.15.179:3300/0,v1:172.21.15.179:6789/0] conn(0x7f45241028e0 0x7f45241116e0 unknown :-1 s=NONE pgs=0 cs=0 l=1 rev1=0 crypto rx=0 tx=0 comp rx=0 tx=0).connect
2024-04-10T02:17:25.471 INFO:teuthology.orchestra.run.smithi179.stdout:/usr/bin/ceph: stderr
2024-04-10T02:17:24.475+0000 7f452b198700 1 -- --> [v2:172.21.15.179:3300/0,v1:172.21.15.179:6789/0] -- mon_getmap magic: 0 v1 -- 0x7f4524111c20 con 0x7f45241028e0
2024-04-10T02:17:25.471 INFO:teuthology.orchestra.run.smithi179.stdout:/usr/bin/ceph: stderr
2024-04-10T02:17:24.476+0000 7f4528f34700 1 --2- >> [v2:172.21.15.179:3300/0,v1:172.21.15.179:6789/0] conn(0x7f45241028e0 0x7f45241116e0 unknown :-1 s=BANNER_CONNECTING pgs=0 cs=0 l=1 rev1=0 crypto rx=0 tx=0 comp rx=0 tx=0)._handle_peer_banner_payload supported=3 required=0
2024-04-10T02:17:25.471 INFO:teuthology.orchestra.run.smithi179.stdout:/usr/bin/ceph: stderr
2024-04-10T02:17:24.476+0000 7f4528f34700 1 --2- >> [v2:172.21.15.179:3300/0,v1:172.21.15.179:6789/0] conn(0x7f45241028e0 0x7f45241116e0 unknown :-1 s=HELLO_CONNECTING pgs=0 cs=0 l=1 rev1=1 crypto rx=0 tx=0 comp rx=0 tx=0).handle_hello peer v2:172.21.15.179:3300/0 says I am v2:172.21.15.179:36662/0 (socket says 172.21.15.179:36662)
2024-04-10T02:17:25.471 INFO:teuthology.orchestra.run.smithi179.stdout:/usr/bin/ceph: stderr
2024-04-10T02:17:24.476+0000 7f4528f34700 1 -- 172.21.15.179:0/474015011 learned_addr learned my addr 172.21.15.179:0/474015011 (peer_addr_for_me v2:172.21.15.179:0/0)
2024-04-10T02:17:25.471 INFO:teuthology.orchestra.run.smithi179.stdout:/usr/bin/ceph: stderr
2024-04-10T02:17:24.476+0000 7f4528f34700 1 -- 172.21.15.179:0/474015011 --> [v2:172.21.15.179:3300/0,v1:172.21.15.179:6789/0] -- mon_subscribe({config=0+,monmap=0+}) v3 -- 0x7f45180094f0 con 0x7f45241028e0
2024-04-10T02:17:25.471 INFO:teuthology.orchestra.run.smithi179.stdout:/usr/bin/ceph: stderr
2024-04-10T02:17:24.476+0000 7f4528f34700 1 --2- 172.21.15.179:0/474015011 >> [v2:172.21.15.179:3300/0,v1:172.21.15.179:6789/0] conn(0x7f45241028e0 0x7f45241116e0 secure :-1 s=READY pgs=60 cs=0 l=1 rev1=1 crypto rx=0x7f4518011680 tx=0x7f4518009250 comp rx=0 tx=0).ready entity=mon.0 client_cookie=0 server_cookie=0 in_seq=0 out_seq=0
2024-04-10T02:17:25.471 INFO:teuthology.orchestra.run.smithi179.stdout:/usr/bin/ceph: stderr
2024-04-10T02:17:24.476+0000 7f45217fa700 1 -- 172.21.15.179:0/474015011 <== mon.0 v2:172.21.15.179:3300/0 1 ==== mon_map magic: 0 v1 ==== 229+0+0 (secure 0 0 0) 0x7f4518010890 con 0x7f45241028e0
2024-04-10T02:17:25.471 INFO:teuthology.orchestra.run.smithi179.stdout:/usr/bin/ceph: stderr
2024-04-10T02:17:24.476+0000 7f45217fa700 1 -- 172.21.15.179:0/474015011 <== mon.0 v2:172.21.15.179:3300/0 2 ==== config(27 keys) v1 ==== 1109+0+0 (secure 0 0 0) 0x7f4518010ec0 con 0x7f45241028e0
2024-04-10T02:17:25.471 INFO:teuthology.orchestra.run.smithi179.stdout:/usr/bin/ceph: stderr
2024-04-10T02:17:24.476+0000 7f45217fa700 1 -- 172.21.15.179:0/474015011 <== mon.0 v2:172.21.15.179:3300/0 3 ==== mon_map magic: 0 v1 ==== 229+0+0 (secure 0 0 0) 0x7f45180243f0 con 0x7f45241028e0
2024-04-10T02:17:25.471 INFO:teuthology.orchestra.run.smithi179.stdout:/usr/bin/ceph: stderr
2024-04-10T02:17:24.476+0000 7f452b198700 1 -- 172.21.15.179:0/474015011 --> [v2:172.21.15.179:3300/0,v1:172.21.15.179:6789/0] -- mon_subscribe({mgrmap=0+}) v3 -- 0x7f4524111e20 con 0x7f45241028e0
2024-04-10T02:17:25.471 INFO:teuthology.orchestra.run.smithi179.stdout:/usr/bin/ceph: stderr
2024-04-10T02:17:24.476+0000 7f452b198700 1 -- 172.21.15.179:0/474015011 --> [v2:172.21.15.179:3300/0,v1:172.21.15.179:6789/0] -- mon_subscribe({osdmap=0}) v3 -- 0x7f4524112990 con 0x7f45241028e0
2024-04-10T02:17:25.471 INFO:teuthology.orchestra.run.smithi179.stdout:/usr/bin/ceph: stderr
2024-04-10T02:17:24.477+0000 7f45217fa700 1 -- 172.21.15.179:0/474015011 <== mon.0 v2:172.21.15.179:3300/0 4 ==== mgrmap(e 8) v1 ==== 43368+0+0 (secure 0 0 0) 0x7f451802d3f0 con 0x7f45241028e0
2024-04-10T02:17:25.472 INFO:teuthology.orchestra.run.smithi179.stdout:/usr/bin/ceph: stderr
2024-04-10T02:17:24.477+0000 7f45217fa700 1 --2- 172.21.15.179:0/474015011 >> [v2:172.21.15.179:6800/2351804263,v1:172.21.15.179:6801/2351804263] conn(0x7f4514036790 0x7f4514038c40 unknown :-1 s=NONE pgs=0 cs=0 l=1 rev1=0 crypto rx=0 tx=0 comp rx=0 tx=0).connect
2024-04-10T02:17:25.472 INFO:teuthology.orchestra.run.smithi179.stdout:/usr/bin/ceph: stderr
2024-04-10T02:17:24.477+0000 7f45217fa700 1 -- 172.21.15.179:0/474015011 <== mon.0 v2:172.21.15.179:3300/0 5 ==== osd_map(2..2 src has 1..2) v4 ==== 936+0+0 (secure 0 0 0) 0x7f451804b310 con 0x7f45241028e0
2024-04-10T02:17:25.472 INFO:teuthology.orchestra.run.smithi179.stdout:/usr/bin/ceph: stderr
2024-04-10T02:17:24.478+0000 7f4523fff700 1 --2- 172.21.15.179:0/474015011 >> [v2:172.21.15.179:6800/2351804263,v1:172.21.15.179:6801/2351804263] conn(0x7f4514036790 0x7f4514038c40 unknown :-1 s=BANNER_CONNECTING pgs=0 cs=0 l=1 rev1=0 crypto rx=0 tx=0 comp rx=0 tx=0)._handle_peer_banner_payload supported=3 required=0
2024-04-10T02:17:25.472 INFO:teuthology.orchestra.run.smithi179.stdout:/usr/bin/ceph: stderr
2024-04-10T02:17:24.478+0000 7f452b198700 1 -- 172.21.15.179:0/474015011 --> [v2:172.21.15.179:3300/0,v1:172.21.15.179:6789/0] -- mon_command({"prefix": "get_command_descriptions"} v 0) v1 -- 0x7f452405f5f0 con 0x7f45241028e0
2024-04-10T02:17:25.472 INFO:teuthology.orchestra.run.smithi179.stdout:/usr/bin/ceph: stderr
2024-04-10T02:17:24.478+0000 7f4523fff700 1 --2- 172.21.15.179:0/474015011 >> [v2:172.21.15.179:6800/2351804263,v1:172.21.15.179:6801/2351804263] conn(0x7f4514036790 0x7f4514038c40 secure :-1 s=READY pgs=18 cs=0 l=1 rev1=1 crypto rx=0x7f4510009990 tx=0x7f4510006e40 comp rx=0 tx=0).ready entity=mgr.14120 client_cookie=0 server_cookie=0 in_seq=0 out_seq=0
2024-04-10T02:17:25.472 INFO:teuthology.orchestra.run.smithi179.stdout:/usr/bin/ceph: stderr
2024-04-10T02:17:24.482+0000 7f45217fa700 1 -- 172.21.15.179:0/474015011 <== mon.0 v2:172.21.15.179:3300/0 6 ==== mon_command_ack([{"prefix": "get_command_descriptions"}]=0 v0) v1 ==== 72+0+176504 (secure 0 0 0) 0x7f451802b8e0 con 0x7f45241028e0
2024-04-10T02:17:25.472 INFO:teuthology.orchestra.run.smithi179.stdout:/usr/bin/ceph: stderr
2024-04-10T02:17:24.681+0000 7f452b198700 1 -- 172.21.15.179:0/474015011 --> [v2:172.21.15.179:6800/2351804263,v1:172.21.15.179:6801/2351804263] -- mgr_command(tid 0: {"prefix": "orch apply", "service_type": "alertmanager", "target": ["mon-mgr", ""]}) v1 -- 0x7f45240ff330 con 0x7f4514036790
2024-04-10T02:17:25.472 INFO:teuthology.orchestra.run.smithi179.stdout:/usr/bin/ceph: stderr
2024-04-10T02:17:24.686+0000 7f45217fa700 1 -- 172.21.15.179:0/474015011 <== mgr.14120 v2:172.21.15.179:6800/2351804263 1 ==== mgr_command_reply(tid 0: 0 ) v1 ==== 8+0+33 (secure 0 0 0) 0x7f45240ff330 con 0x7f4514036790
2024-04-10T02:17:25.472 INFO:teuthology.orchestra.run.smithi179.stdout:/usr/bin/ceph: stderr
2024-04-10T02:17:24.688+0000 7f452b198700 1 -- 172.21.15.179:0/474015011 >> [v2:172.21.15.179:6800/2351804263,v1:172.21.15.179:6801/2351804263] conn(0x7f4514036790 msgr2=0x7f4514038c40 secure :-1 s=STATE_CONNECTION_ESTABLISHED l=1).mark_down
2024-04-10T02:17:25.472 INFO:teuthology.orchestra.run.smithi179.stdout:/usr/bin/ceph: stderr
2024-04-10T02:17:24.688+0000 7f452b198700 1 --2- 172.21.15.179:0/474015011 >> [v2:172.21.15.179:6800/2351804263,v1:172.21.15.179:6801/2351804263] conn(0x7f4514036790 0x7f4514038c40 secure :-1 s=READY pgs=18 cs=0 l=1 rev1=1 crypto rx=0x7f4510009990 tx=0x7f4510006e40 comp rx=0 tx=0).stop
2024-04-10T02:17:25.472 INFO:teuthology.orchestra.run.smithi179.stdout:/usr/bin/ceph: stderr
2024-04-10T02:17:24.688+0000 7f452b198700 1 -- 172.21.15.179:0/474015011 >> [v2:172.21.15.179:3300/0,v1:172.21.15.179:6789/0] conn(0x7f45241028e0 msgr2=0x7f45241116e0 secure :-1 s=STATE_CONNECTION_ESTABLISHED l=1).mark_down
2024-04-10T02:17:25.472 INFO:teuthology.orchestra.run.smithi179.stdout:/usr/bin/ceph: stderr
2024-04-10T02:17:24.688+0000 7f452b198700 1 --2- 172.21.15.179:0/474015011 >> [v2:172.21.15.179:3300/0,v1:172.21.15.179:6789/0] conn(0x7f45241028e0 0x7f45241116e0 secure :-1 s=READY pgs=60 cs=0 l=1 rev1=1 crypto rx=0x7f4518011680 tx=0x7f4518009250 comp rx=0 tx=0).stop
2024-04-10T02:17:25.472 INFO:teuthology.orchestra.run.smithi179.stdout:/usr/bin/ceph: stderr
2024-04-10T02:17:24.688+0000 7f452b198700 1 -- 172.21.15.179:0/474015011 shutdown_connections
2024-04-10T02:17:25.472 INFO:teuthology.orchestra.run.smithi179.stdout:/usr/bin/ceph: stderr
2024-04-10T02:17:24.688+0000 7f452b198700 1 --2- 172.21.15.179:0/474015011 >> [v2:172.21.15.179:6800/2351804263,v1:172.21.15.179:6801/2351804263] conn(0x7f4514036790 0x7f4514038c40 unknown :-1 s=CLOSED pgs=18 cs=0 l=1 rev1=1 crypto rx=0 tx=0 comp rx=0 tx=0).stop
2024-04-10T02:17:25.472 INFO:teuthology.orchestra.run.smithi179.stdout:/usr/bin/ceph: stderr
2024-04-10T02:17:24.688+0000 7f452b198700 1 --2- 172.21.15.179:0/474015011 >> [v2:172.21.15.179:3300/0,v1:172.21.15.179:6789/0] conn(0x7f45241028e0 0x7f45241116e0 unknown :-1 s=CLOSED pgs=60 cs=0 l=1 rev1=1 crypto rx=0 tx=0 comp rx=0 tx=0).stop
2024-04-10T02:17:25.473 INFO:teuthology.orchestra.run.smithi179.stdout:/usr/bin/ceph: stderr
2024-04-10T02:17:24.688+0000 7f452b198700 1 -- 172.21.15.179:0/474015011 >> 172.21.15.179:0/474015011 conn(0x7f45240fe040 msgr2=0x7f45240febe0 unknown :-1 s=STATE_NONE l=0).mark_down
2024-04-10T02:17:25.473 INFO:teuthology.orchestra.run.smithi179.stdout:/usr/bin/ceph: stderr
2024-04-10T02:17:24.688+0000 7f452b198700 1 -- 172.21.15.179:0/474015011 shutdown_connections
2024-04-10T02:17:25.473 INFO:teuthology.orchestra.run.smithi179.stdout:/usr/bin/ceph: stderr
2024-04-10T02:17:24.688+0000 7f452b198700 1 -- 172.21.15.179:0/474015011 wait complete.
2024-04-10T02:17:25.790 INFO:journalctl@ceph.mon.smithi179.smithi179.stdout:Apr 10 02:17:25 smithi179 ceph-mon[29001]: from='client.14154 -' entity='client.admin' cmd=[{"prefix": "orch apply", "service_type": "alertmanager", "target": ["mon-mgr", ""]}]: dispatch
2024-04-10T02:17:25.790 INFO:journalctl@ceph.mon.smithi179.smithi179.stdout:Apr 10 02:17:25 smithi179 ceph-mon[29001]: Saving service alertmanager spec with placement count:1
2024-04-10T02:17:25.790 INFO:journalctl@ceph.mon.smithi179.smithi179.stdout:Apr 10 02:17:25 smithi179 ceph-mon[29001]: from='mgr.14120 172.21.15.179:0/46627147' entity='mgr.smithi179.kztavo'
2024-04-10T02:17:26.643 INFO:teuthology.orchestra.run.smithi179.stdout:/usr/bin/ceph: stderr
2024-04-10T02:17:25.887+0000 7ffb2e860700 1 Processor -- start
2024-04-10T02:17:26.643 INFO:teuthology.orchestra.run.smithi179.stdout:/usr/bin/ceph: stderr
2024-04-10T02:17:25.887+0000 7ffb2e860700 1 -- start start
2024-04-10T02:17:26.643 INFO:teuthology.orchestra.run.smithi179.stdout:/usr/bin/ceph: stderr
2024-04-10T02:17:25.887+0000 7ffb2e860700 1 --2- >> [v2:172.21.15.179:3300/0,v1:172.21.15.179:6789/0] conn(0x7ffb28078c50 0x7ffb28077250 unknown :-1 s=NONE pgs=0 cs=0 l=0 rev1=0 crypto rx=0 tx=0 comp rx=0 tx=0).connect
2024-04-10T02:17:26.643 INFO:teuthology.orchestra.run.smithi179.stdout:/usr/bin/ceph: stderr
2024-04-10T02:17:25.887+0000 7ffb2e860700 1 -- --> [v2:172.21.15.179:3300/0,v1:172.21.15.179:6789/0] -- mon_getmap magic: 0 v1 -- 0x7ffb28079060 con 0x7ffb28078c50
2024-04-10T02:17:26.643 INFO:teuthology.orchestra.run.smithi179.stdout:/usr/bin/ceph: stderr
