2024-04-12T00:05:41.395 INFO:teuthology.orchestra.run.smithi017.stdout:/usr/bin/ceph: stderr
2024-04-12T00:05:40.704+0000 7fa834c8a700 1 --2- 172.21.15.17:0/1461267393 >> [v2:172.21.15.17:3300/0,v1:172.21.15.17:6789/0] conn(0x7fa830102920 0x7fa830102d30 secure :-1 s=READY pgs=55 cs=0 l=1 rev1=1 crypto rx=0x7fa8180098e0 tx=0x7fa818009250 comp rx=0 tx=0).stop
2024-04-12T00:05:41.395 INFO:teuthology.orchestra.run.smithi017.stdout:/usr/bin/ceph: stderr
2024-04-12T00:05:40.704+0000 7fa834c8a700 1 -- 172.21.15.17:0/1461267393 shutdown_connections
2024-04-12T00:05:41.395 INFO:teuthology.orchestra.run.smithi017.stdout:/usr/bin/ceph: stderr
2024-04-12T00:05:40.704+0000 7fa834c8a700 1 --2- 172.21.15.17:0/1461267393 >> [v2:172.21.15.17:3300/0,v1:172.21.15.17:6789/0] conn(0x7fa830102920 0x7fa830102d30 unknown :-1 s=CLOSED pgs=55 cs=0 l=1 rev1=1 crypto rx=0 tx=0 comp rx=0 tx=0).stop
2024-04-12T00:05:41.395 INFO:teuthology.orchestra.run.smithi017.stdout:/usr/bin/ceph: stderr
2024-04-12T00:05:40.704+0000 7fa834c8a700 1 -- 172.21.15.17:0/1461267393 >> 172.21.15.17:0/1461267393 conn(0x7fa8300fe0a0 msgr2=0x7fa8301004b0 unknown :-1 s=STATE_NONE l=0).mark_down
2024-04-12T00:05:41.395 INFO:teuthology.orchestra.run.smithi017.stdout:/usr/bin/ceph: stderr
2024-04-12T00:05:40.704+0000 7fa834c8a700 1 -- 172.21.15.17:0/1461267393 shutdown_connections
2024-04-12T00:05:41.396 INFO:teuthology.orchestra.run.smithi017.stdout:/usr/bin/ceph: stderr
2024-04-12T00:05:40.704+0000 7fa834c8a700 1 -- 172.21.15.17:0/1461267393 wait complete.
2024-04-12T00:05:41.396 INFO:teuthology.orchestra.run.smithi017.stdout:/usr/bin/ceph: stderr
2024-04-12T00:05:40.705+0000 7fa834c8a700 1 Processor -- start
2024-04-12T00:05:41.396 INFO:teuthology.orchestra.run.smithi017.stdout:/usr/bin/ceph: stderr
2024-04-12T00:05:40.705+0000 7fa834c8a700 1 -- start start
2024-04-12T00:05:41.396 INFO:teuthology.orchestra.run.smithi017.stdout:/usr/bin/ceph: stderr
2024-04-12T00:05:40.705+0000 7fa834c8a700 1 --2- >> [v2:172.21.15.17:3300/0,v1:172.21.15.17:6789/0] conn(0x7fa830102920 0x7fa8301116e0 unknown :-1 s=NONE pgs=0 cs=0 l=1 rev1=0 crypto rx=0 tx=0 comp rx=0 tx=0).connect
2024-04-12T00:05:41.396 INFO:teuthology.orchestra.run.smithi017.stdout:/usr/bin/ceph: stderr
2024-04-12T00:05:40.705+0000 7fa834c8a700 1 -- --> [v2:172.21.15.17:3300/0,v1:172.21.15.17:6789/0] -- mon_getmap magic: 0 v1 -- 0x7fa830111c20 con 0x7fa830102920
2024-04-12T00:05:41.396 INFO:teuthology.orchestra.run.smithi017.stdout:/usr/bin/ceph: stderr
2024-04-12T00:05:40.705+0000 7fa82e59c700 1 --2- >> [v2:172.21.15.17:3300/0,v1:172.21.15.17:6789/0] conn(0x7fa830102920 0x7fa8301116e0 unknown :-1 s=BANNER_CONNECTING pgs=0 cs=0 l=1 rev1=0 crypto rx=0 tx=0 comp rx=0 tx=0)._handle_peer_banner_payload supported=3 required=0
2024-04-12T00:05:41.396 INFO:teuthology.orchestra.run.smithi017.stdout:/usr/bin/ceph: stderr
2024-04-12T00:05:40.705+0000 7fa82e59c700 1 --2- >> [v2:172.21.15.17:3300/0,v1:172.21.15.17:6789/0] conn(0x7fa830102920 0x7fa8301116e0 unknown :-1 s=HELLO_CONNECTING pgs=0 cs=0 l=1 rev1=1 crypto rx=0 tx=0 comp rx=0 tx=0).handle_hello peer v2:172.21.15.17:3300/0 says I am v2:172.21.15.17:60558/0 (socket says 172.21.15.17:60558)
2024-04-12T00:05:41.396 INFO:teuthology.orchestra.run.smithi017.stdout:/usr/bin/ceph: stderr
2024-04-12T00:05:40.705+0000 7fa82e59c700 1 -- 172.21.15.17:0/2124296626 learned_addr learned my addr 172.21.15.17:0/2124296626 (peer_addr_for_me v2:172.21.15.17:0/0)
2024-04-12T00:05:41.396 INFO:teuthology.orchestra.run.smithi017.stdout:/usr/bin/ceph: stderr
2024-04-12T00:05:40.706+0000 7fa82e59c700 1 -- 172.21.15.17:0/2124296626 --> [v2:172.21.15.17:3300/0,v1:172.21.15.17:6789/0] -- mon_subscribe({config=0+,monmap=0+}) v3 -- 0x7fa8180094f0 con 0x7fa830102920
2024-04-12T00:05:41.396 INFO:teuthology.orchestra.run.smithi017.stdout:/usr/bin/ceph: stderr
2024-04-12T00:05:40.706+0000 7fa82e59c700 1 --2- 172.21.15.17:0/2124296626 >> [v2:172.21.15.17:3300/0,v1:172.21.15.17:6789/0] conn(0x7fa830102920 0x7fa8301116e0 secure :-1 s=READY pgs=56 cs=0 l=1 rev1=1 crypto rx=0x7fa818011680 tx=0x7fa818009250 comp rx=0 tx=0).ready entity=mon.0 client_cookie=0 server_cookie=0 in_seq=0 out_seq=0
2024-04-12T00:05:41.396 INFO:teuthology.orchestra.run.smithi017.stdout:/usr/bin/ceph: stderr
2024-04-12T00:05:40.706+0000 7fa826ffd700 1 -- 172.21.15.17:0/2124296626 <== mon.0 v2:172.21.15.17:3300/0 1 ==== mon_map magic: 0 v1 ==== 229+0+0 (secure 0 0 0) 0x7fa818010890 con 0x7fa830102920
2024-04-12T00:05:41.396 INFO:teuthology.orchestra.run.smithi017.stdout:/usr/bin/ceph: stderr
2024-04-12T00:05:40.706+0000 7fa834c8a700 1 -- 172.21.15.17:0/2124296626 --> [v2:172.21.15.17:3300/0,v1:172.21.15.17:6789/0] -- mon_subscribe({mgrmap=0+}) v3 -- 0x7fa830111e20 con 0x7fa830102920
2024-04-12T00:05:41.396 INFO:teuthology.orchestra.run.smithi017.stdout:/usr/bin/ceph: stderr
2024-04-12T00:05:40.706+0000 7fa826ffd700 1 -- 172.21.15.17:0/2124296626 <== mon.0 v2:172.21.15.17:3300/0 2 ==== config(27 keys) v1 ==== 1109+0+0 (secure 0 0 0) 0x7fa818010ec0 con 0x7fa830102920
2024-04-12T00:05:41.396 INFO:teuthology.orchestra.run.smithi017.stdout:/usr/bin/ceph: stderr
2024-04-12T00:05:40.706+0000 7fa826ffd700 1 -- 172.21.15.17:0/2124296626 <== mon.0 v2:172.21.15.17:3300/0 3 ==== mon_map magic: 0 v1 ==== 229+0+0 (secure 0 0 0) 0x7fa8180243f0 con 0x7fa830102920
2024-04-12T00:05:41.397 INFO:teuthology.orchestra.run.smithi017.stdout:/usr/bin/ceph: stderr
2024-04-12T00:05:40.706+0000 7fa834c8a700 1 -- 172.21.15.17:0/2124296626 --> [v2:172.21.15.17:3300/0,v1:172.21.15.17:6789/0] -- mon_subscribe({osdmap=0}) v3 -- 0x7fa830112990 con 0x7fa830102920
2024-04-12T00:05:41.397 INFO:teuthology.orchestra.run.smithi017.stdout:/usr/bin/ceph: stderr
2024-04-12T00:05:40.707+0000 7fa826ffd700 1 -- 172.21.15.17:0/2124296626 <== mon.0 v2:172.21.15.17:3300/0 4 ==== mgrmap(e 8) v1 ==== 43368+0+0 (secure 0 0 0) 0x7fa81802d3f0 con 0x7fa830102920
2024-04-12T00:05:41.397 INFO:teuthology.orchestra.run.smithi017.stdout:/usr/bin/ceph: stderr
2024-04-12T00:05:40.707+0000 7fa826ffd700 1 --2- 172.21.15.17:0/2124296626 >> [v2:172.21.15.17:6800/854177503,v1:172.21.15.17:6801/854177503] conn(0x7fa81c036790 0x7fa81c038c40 unknown :-1 s=NONE pgs=0 cs=0 l=1 rev1=0 crypto rx=0 tx=0 comp rx=0 tx=0).connect
2024-04-12T00:05:41.397 INFO:teuthology.orchestra.run.smithi017.stdout:/usr/bin/ceph: stderr
2024-04-12T00:05:40.707+0000 7fa834c8a700 1 -- 172.21.15.17:0/2124296626 --> [v2:172.21.15.17:3300/0,v1:172.21.15.17:6789/0] -- mon_command({"prefix": "get_command_descriptions"} v 0) v1 -- 0x7fa83005f5f0 con 0x7fa830102920
2024-04-12T00:05:41.397 INFO:teuthology.orchestra.run.smithi017.stdout:/usr/bin/ceph: stderr
2024-04-12T00:05:40.707+0000 7fa826ffd700 1 -- 172.21.15.17:0/2124296626 <== mon.0 v2:172.21.15.17:3300/0 5 ==== osd_map(2..2 src has 1..2) v4 ==== 936+0+0 (secure 0 0 0) 0x7fa81804a2c0 con 0x7fa830102920
2024-04-12T00:05:41.397 INFO:teuthology.orchestra.run.smithi017.stdout:/usr/bin/ceph: stderr
2024-04-12T00:05:40.707+0000 7fa82dd9b700 1 --2- 172.21.15.17:0/2124296626 >> [v2:172.21.15.17:6800/854177503,v1:172.21.15.17:6801/854177503] conn(0x7fa81c036790 0x7fa81c038c40 unknown :-1 s=BANNER_CONNECTING pgs=0 cs=0 l=1 rev1=0 crypto rx=0 tx=0 comp rx=0 tx=0)._handle_peer_banner_payload supported=3 required=0
2024-04-12T00:05:41.397 INFO:teuthology.orchestra.run.smithi017.stdout:/usr/bin/ceph: stderr
2024-04-12T00:05:40.707+0000 7fa82dd9b700 1 --2- 172.21.15.17:0/2124296626 >> [v2:172.21.15.17:6800/854177503,v1:172.21.15.17:6801/854177503] conn(0x7fa81c036790 0x7fa81c038c40 secure :-1 s=READY pgs=16 cs=0 l=1 rev1=1 crypto rx=0x7fa820009990 tx=0x7fa820006e40 comp rx=0 tx=0).ready entity=mgr.14120 client_cookie=0 server_cookie=0 in_seq=0 out_seq=0
2024-04-12T00:05:41.397 INFO:teuthology.orchestra.run.smithi017.stdout:/usr/bin/ceph: stderr
2024-04-12T00:05:40.712+0000 7fa826ffd700 1 -- 172.21.15.17:0/2124296626 <== mon.0 v2:172.21.15.17:3300/0 6 ==== mon_command_ack([{"prefix": "get_command_descriptions"}]=0 v0) v1 ==== 72+0+176504 (secure 0 0 0) 0x7fa81802b8e0 con 0x7fa830102920
2024-04-12T00:05:41.397 INFO:teuthology.orchestra.run.smithi017.stdout:/usr/bin/ceph: stderr
2024-04-12T00:05:40.922+0000 7fa834c8a700 1 -- 172.21.15.17:0/2124296626 --> [v2:172.21.15.17:6800/854177503,v1:172.21.15.17:6801/854177503] -- mgr_command(tid 0: {"prefix": "orch apply", "service_type": "grafana", "target": ["mon-mgr", ""]}) v1 -- 0x7fa8300ff330 con 0x7fa81c036790
2024-04-12T00:05:41.397 INFO:teuthology.orchestra.run.smithi017.stdout:/usr/bin/ceph: stderr
2024-04-12T00:05:40.927+0000 7fa826ffd700 1 -- 172.21.15.17:0/2124296626 <== mgr.14120 v2:172.21.15.17:6800/854177503 1 ==== mgr_command_reply(tid 0: 0 ) v1 ==== 8+0+28 (secure 0 0 0) 0x7fa8300ff330 con 0x7fa81c036790
2024-04-12T00:05:41.397 INFO:teuthology.orchestra.run.smithi017.stdout:/usr/bin/ceph: stderr
2024-04-12T00:05:40.928+0000 7fa834c8a700 1 -- 172.21.15.17:0/2124296626 >> [v2:172.21.15.17:6800/854177503,v1:172.21.15.17:6801/854177503] conn(0x7fa81c036790 msgr2=0x7fa81c038c40 secure :-1 s=STATE_CONNECTION_ESTABLISHED l=1).mark_down
2024-04-12T00:05:41.397 INFO:teuthology.orchestra.run.smithi017.stdout:/usr/bin/ceph: stderr
2024-04-12T00:05:40.928+0000 7fa834c8a700 1 --2- 172.21.15.17:0/2124296626 >> [v2:172.21.15.17:6800/854177503,v1:172.21.15.17:6801/854177503] conn(0x7fa81c036790 0x7fa81c038c40 secure :-1 s=READY pgs=16 cs=0 l=1 rev1=1 crypto rx=0x7fa820009990 tx=0x7fa820006e40 comp rx=0 tx=0).stop
2024-04-12T00:05:41.397 INFO:teuthology.orchestra.run.smithi017.stdout:/usr/bin/ceph: stderr
2024-04-12T00:05:40.929+0000 7fa834c8a700 1 -- 172.21.15.17:0/2124296626 >> [v2:172.21.15.17:3300/0,v1:172.21.15.17:6789/0] conn(0x7fa830102920 msgr2=0x7fa8301116e0 secure :-1 s=STATE_CONNECTION_ESTABLISHED l=1).mark_down
2024-04-12T00:05:41.398 INFO:teuthology.orchestra.run.smithi017.stdout:/usr/bin/ceph: stderr
2024-04-12T00:05:40.929+0000 7fa834c8a700 1 --2- 172.21.15.17:0/2124296626 >> [v2:172.21.15.17:3300/0,v1:172.21.15.17:6789/0] conn(0x7fa830102920 0x7fa8301116e0 secure :-1 s=READY pgs=56 cs=0 l=1 rev1=1 crypto rx=0x7fa818011680 tx=0x7fa818009250 comp rx=0 tx=0).stop
2024-04-12T00:05:41.398 INFO:teuthology.orchestra.run.smithi017.stdout:/usr/bin/ceph: stderr
2024-04-12T00:05:40.929+0000 7fa834c8a700 1 -- 172.21.15.17:0/2124296626 shutdown_connections
2024-04-12T00:05:41.398 INFO:teuthology.orchestra.run.smithi017.stdout:/usr/bin/ceph: stderr
2024-04-12T00:05:40.929+0000 7fa834c8a700 1 --2- 172.21.15.17:0/2124296626 >> [v2:172.21.15.17:6800/854177503,v1:172.21.15.17:6801/854177503] conn(0x7fa81c036790 0x7fa81c038c40 unknown :-1 s=CLOSED pgs=16 cs=0 l=1 rev1=1 crypto rx=0 tx=0 comp rx=0 tx=0).stop
2024-04-12T00:05:41.398 INFO:teuthology.orchestra.run.smithi017.stdout:/usr/bin/ceph: stderr
2024-04-12T00:05:40.929+0000 7fa834c8a700 1 --2- 172.21.15.17:0/2124296626 >> [v2:172.21.15.17:3300/0,v1:172.21.15.17:6789/0] conn(0x7fa830102920 0x7fa8301116e0 unknown :-1 s=CLOSED pgs=56 cs=0 l=1 rev1=1 crypto rx=0 tx=0 comp rx=0 tx=0).stop
2024-04-12T00:05:41.398 INFO:teuthology.orchestra.run.smithi017.stdout:/usr/bin/ceph: stderr
2024-04-12T00:05:40.929+0000 7fa834c8a700 1 -- 172.21.15.17:0/2124296626 >> 172.21.15.17:0/2124296626 conn(0x7fa8300fe0a0 msgr2=0x7fa8300fec20 unknown :-1 s=STATE_NONE l=0).mark_down
2024-04-12T00:05:41.398 INFO:teuthology.orchestra.run.smithi017.stdout:/usr/bin/ceph: stderr
2024-04-12T00:05:40.929+0000 7fa834c8a700 1 -- 172.21.15.17:0/2124296626 shutdown_connections
2024-04-12T00:05:41.398 INFO:teuthology.orchestra.run.smithi017.stdout:/usr/bin/ceph: stderr
2024-04-12T00:05:40.929+0000 7fa834c8a700 1 -- 172.21.15.17:0/2124296626 wait complete.
2024-04-12T00:05:41.398 INFO:teuthology.orchestra.run.smithi017.stdout:Deploying node-exporter service with default placement...
2024-04-12T00:05:41.445 INFO:journalctl@ceph.mon.smithi017.smithi017.stdout:Apr 12 00:05:41 smithi017 ceph-mon[29281]: from='client.14148 -' entity='client.admin' cmd=[{"prefix": "orch apply", "service_type": "prometheus", "target": ["mon-mgr", ""]}]: dispatch
2024-04-12T00:05:41.445 INFO:journalctl@ceph.mon.smithi017.smithi017.stdout:Apr 12 00:05:41 smithi017 ceph-mon[29281]: Saving service prometheus spec with placement count:1
2024-04-12T00:05:41.446 INFO:journalctl@ceph.mon.smithi017.smithi017.stdout:Apr 12 00:05:41 smithi017 ceph-mon[29281]: from='mgr.14120 172.21.15.17:0/768920782' entity='mgr.smithi017.hgaydu'
2024-04-12T00:05:41.446 INFO:journalctl@ceph.mon.smithi017.smithi017.stdout:Apr 12 00:05:41 smithi017 ceph-mon[29281]: from='mgr.14120 172.21.15.17:0/768920782' entity='mgr.smithi017.hgaydu'
2024-04-12T00:05:42.445 INFO:journalctl@ceph.mon.smithi017.smithi017.stdout:Apr 12 00:05:42 smithi017 ceph-mon[29281]: from='client.14150 -' entity='client.admin' cmd=[{"prefix": "orch apply", "service_type": "grafana", "target": ["mon-mgr", ""]}]: dispatch
2024-04-12T00:05:42.445 INFO:journalctl@ceph.mon.smithi017.smithi017.stdout:Apr 12 00:05:42 smithi017 ceph-mon[29281]: Saving service grafana spec with placement count:1
2024-04-12T00:05:42.445 INFO:journalctl@ceph.mon.smithi017.smithi017.stdout:Apr 12 00:05:42 smithi017 ceph-mon[29281]: from='mgr.14120 172.21.15.17:0/768920782' entity='mgr.smithi017.hgaydu'
2024-04-12T00:05:43.158 INFO:teuthology.orchestra.run.smithi017.stdout:/usr/bin/ceph: stdout Scheduled node-exporter update...
2024-04-12T00:05:43.158 INFO:teuthology.orchestra.run.smithi017.stdout:/usr/bin/ceph: stderr
2024-04-12T00:05:41.840+0000 7f0c40e82700 1 Processor -- start
2024-04-12T00:05:43.158 INFO:teuthology.orchestra.run.smithi017.stdout:/usr/bin/ceph: stderr
2024-04-12T00:05:41.840+0000 7f0c40e82700 1 -- start start
2024-04-12T00:05:43.158 INFO:teuthology.orchestra.run.smithi017.stdout:/usr/bin/ceph: stderr
2024-04-12T00:05:41.841+0000 7f0c40e82700 1 --2- >> [v2:172.21.15.17:3300/0,v1:172.21.15.17:6789/0] conn(0x7f0c3c101830 0x7f0c3c101c40 unknown :-1 s=NONE pgs=0 cs=0 l=0 rev1=0 crypto rx=0 tx=0 comp rx=0 tx=0).connect
2024-04-12T00:05:43.158 INFO:teuthology.orchestra.run.smithi017.stdout:/usr/bin/ceph: stderr
2024-04-12T00:05:41.841+0000 7f0c40e82700 1 -- --> [v2:172.21.15.17:3300/0,v1:172.21.15.17:6789/0] -- mon_getmap magic: 0 v1 -- 0x7f0c3c102180 con 0x7f0c3c101830
2024-04-12T00:05:43.158 INFO:teuthology.orchestra.run.smithi017.stdout:/usr/bin/ceph: stderr
2024-04-12T00:05:41.841+0000 7f0c3a59c700 1 --2- >> [v2:172.21.15.17:3300/0,v1:172.21.15.17:6789/0] conn(0x7f0c3c101830 0x7f0c3c101c40 unknown :-1 s=BANNER_CONNECTING pgs=0 cs=0 l=0 rev1=0 crypto rx=0 tx=0 comp rx=0 tx=0)._handle_peer_banner_payload supported=3 required=0
2024-04-12T00:05:43.158 INFO:teuthology.orchestra.run.smithi017.stdout:/usr/bin/ceph: stderr
2024-04-12T00:05:41.841+0000 7f0c3a59c700 1 --2- >> [v2:172.21.15.17:3300/0,v1:172.21.15.17:6789/0] conn(0x7f0c3c101830 0x7f0c3c101c40 unknown :-1 s=HELLO_CONNECTING pgs=0 cs=0 l=0 rev1=1 crypto rx=0 tx=0 comp rx=0 tx=0).handle_hello peer v2:172.21.15.17:3300/0 says I am v2:172.21.15.17:60564/0 (socket says 172.21.15.17:60564)
2024-04-12T00:05:43.158 INFO:teuthology.orchestra.run.smithi017.stdout:/usr/bin/ceph: stderr
2024-04-12T00:05:41.841+0000 7f0c3a59c700 1 -- 172.21.15.17:0/2947104576 learned_addr learned my addr 172.21.15.17:0/2947104576 (peer_addr_for_me v2:172.21.15.17:0/0)
2024-04-12T00:05:43.158 INFO:teuthology.orchestra.run.smithi017.stdout:/usr/bin/ceph: stderr
2024-04-12T00:05:41.841+0000 7f0c3a59c700 1 -- 172.21.15.17:0/2947104576 --> [v2:172.21.15.17:3300/0,v1:172.21.15.17:6789/0] -- mon_subscribe({config=0+,monmap=0+}) v3 -- 0x7f0c3c1022c0 con 0x7f0c3c101830
2024-04-12T00:05:43.159 INFO:teuthology.orchestra.run.smithi017.stdout:/usr/bin/ceph: stderr
2024-04-12T00:05:41.841+0000 7f0c3a59c700 1 --2- 172.21.15.17:0/2947104576 >> [v2:172.21.15.17:3300/0,v1:172.21.15.17:6789/0] conn(0x7f0c3c101830 0x7f0c3c101c40 secure :-1 s=READY pgs=57 cs=0 l=1 rev1=1 crypto rx=0x7f0c2400bb80 tx=0x7f0c2400b4f0 comp rx=0 tx=0).ready entity=mon.0 client_cookie=b80710cf4fa7d470 server_cookie=0 in_seq=0 out_seq=0
2024-04-12T00:05:43.159 INFO:teuthology.orchestra.run.smithi017.stdout:/usr/bin/ceph: stderr
2024-04-12T00:05:41.841+0000 7f0c3959a700 1 -- 172.21.15.17:0/2947104576 <== mon.0 v2:172.21.15.17:3300/0 1 ==== mon_map magic: 0 v1 ==== 229+0+0 (secure 0 0 0) 0x7f0c2400dd00 con 0x7f0c3c101830
2024-04-12T00:05:43.159 INFO:teuthology.orchestra.run.smithi017.stdout:/usr/bin/ceph: stderr
2024-04-12T00:05:41.841+0000 7f0c3959a700 1 -- 172.21.15.17:0/2947104576 <== mon.0 v2:172.21.15.17:3300/0 2 ==== config(27 keys) v1 ==== 1109+0+0 (secure 0 0 0) 0x7f0c2400de60 con 0x7f0c3c101830
2024-04-12T00:05:43.159 INFO:teuthology.orchestra.run.smithi017.stdout:/usr/bin/ceph: stderr
2024-04-12T00:05:41.841+0000 7f0c3959a700 1 -- 172.21.15.17:0/2947104576 <== mon.0 v2:172.21.15.17:3300/0 3 ==== mon_map magic: 0 v1 ==== 229+0+0 (secure 0 0 0) 0x7f0c24018920 con 0x7f0c3c101830
2024-04-12T00:05:43.159 INFO:teuthology.orchestra.run.smithi017.stdout:/usr/bin/ceph: stderr
2024-04-12T00:05:41.842+0000 7f0c40e82700 1 -- 172.21.15.17:0/2947104576 >> [v2:172.21.15.17:3300/0,v1:172.21.15.17:6789/0] conn(0x7f0c3c101830 msgr2=0x7f0c3c101c40 secure :-1 s=STATE_CONNECTION_ESTABLISHED l=1).mark_down
2024-04-12T00:05:43.159 INFO:teuthology.orchestra.run.smithi017.stdout:/usr/bin/ceph: stderr
2024-04-12T00:05:41.842+0000 7f0c40e82700 1 --2- 172.21.15.17:0/2947104576 >> [v2:172.21.15.17:3300/0,v1:172.21.15.17:6789/0] conn(0x7f0c3c101830 0x7f0c3c101c40 secure :-1 s=READY pgs=57 cs=0 l=1 rev1=1 crypto rx=0x7f0c2400bb80 tx=0x7f0c2400b4f0 comp rx=0 tx=0).stop
2024-04-12T00:05:43.159 INFO:teuthology.orchestra.run.smithi017.stdout:/usr/bin/ceph: stderr
2024-04-12T00:05:41.842+0000 7f0c40e82700 1 -- 172.21.15.17:0/2947104576 shutdown_connections
2024-04-12T00:05:43.159 INFO:teuthology.orchestra.run.smithi017.stdout:/usr/bin/ceph: stderr
2024-04-12T00:05:41.842+0000 7f0c40e82700 1 --2- 172.21.15.17:0/2947104576 >> [v2:172.21.15.17:3300/0,v1:172.21.15.17:6789/0] conn(0x7f0c3c101830 0x7f0c3c101c40 unknown :-1 s=CLOSED pgs=57 cs=0 l=1 rev1=1 crypto rx=0 tx=0 comp rx=0 tx=0).stop
2024-04-12T00:05:43.159 INFO:teuthology.orchestra.run.smithi017.stdout:/usr/bin/ceph: stderr
2024-04-12T00:05:41.842+0000 7f0c40e82700 1 -- 172.21.15.17:0/2947104576 >> 172.21.15.17:0/2947104576 conn(0x7f0c3c0fcfb0 msgr2=0x7f0c3c0ff3c0 unknown :-1 s=STATE_NONE l=0).mark_down
2024-04-12T00:05:43.159 INFO:teuthology.orchestra.run.smithi017.stdout:/usr/bin/ceph: stderr
2024-04-12T00:05:41.842+0000 7f0c40e82700 1 -- 172.21.15.17:0/2947104576 shutdown_connections
2024-04-12T00:05:43.159 INFO:teuthology.orchestra.run.smithi017.stdout:/usr/bin/ceph: stderr
2024-04-12T00:05:41.842+0000 7f0c40e82700 1 -- 172.21.15.17:0/2947104576 wait complete.
2024-04-12T00:05:43.160 INFO:teuthology.orchestra.run.smithi017.stdout:/usr/bin/ceph: stderr
2024-04-12T00:05:41.842+0000 7f0c40e82700 1 Processor -- start
2024-04-12T00:05:43.160 INFO:teuthology.orchestra.run.smithi017.stdout:/usr/bin/ceph: stderr
2024-04-12T00:05:41.843+0000 7f0c40e82700 1 -- start start
2024-04-12T00:05:43.160 INFO:teuthology.orchestra.run.smithi017.stdout:/usr/bin/ceph: stderr
2024-04-12T00:05:41.843+0000 7f0c40e82700 1 --2- >> [v2:172.21.15.17:3300/0,v1:172.21.15.17:6789/0] conn(0x7f0c3c101830 0x7f0c3c113910 unknown :-1 s=NONE pgs=0 cs=0 l=1 rev1=0 crypto rx=0 tx=0 comp rx=0 tx=0).connect
2024-04-12T00:05:43.160 INFO:teuthology.orchestra.run.smithi017.stdout:/usr/bin/ceph: stderr
2024-04-12T00:05:41.843+0000 7f0c40e82700 1 -- --> [v2:172.21.15.17:3300/0,v1:172.21.15.17:6789/0] -- mon_getmap magic: 0 v1 -- 0x7f0c3c113e50 con 0x7f0c3c101830
2024-04-12T00:05:43.160 INFO:teuthology.orchestra.run.smithi017.stdout:/usr/bin/ceph: stderr
2024-04-12T00:05:41.843+0000 7f0c3a59c700 1 --2- >> [v2:172.21.15.17:3300/0,v1:172.21.15.17:6789/0] conn(0x7f0c3c101830 0x7f0c3c113910 unknown :-1 s=BANNER_CONNECTING pgs=0 cs=0 l=1 rev1=0 crypto rx=0 tx=0 comp rx=0 tx=0)._handle_peer_banner_payload supported=3 required=0
2024-04-12T00:05:43.160 INFO:teuthology.orchestra.run.smithi017.stdout:/usr/bin/ceph: stderr
2024-04-12T00:05:41.843+0000 7f0c3a59c700 1 --2- >> [v2:172.21.15.17:3300/0,v1:172.21.15.17:6789/0] conn(0x7f0c3c101830 0x7f0c3c113910 unknown :-1 s=HELLO_CONNECTING pgs=0 cs=0 l=1 rev1=1 crypto rx=0 tx=0 comp rx=0 tx=0).handle_hello peer v2:172.21.15.17:3300/0 says I am v2:172.21.15.17:60572/0 (socket says 172.21.15.17:60572)
2024-04-12T00:05:43.160 INFO:teuthology.orchestra.run.smithi017.stdout:/usr/bin/ceph: stderr
2024-04-12T00:05:41.843+0000 7f0c3a59c700 1 -- 172.21.15.17:0/3438661707 learned_addr learned my addr 172.21.15.17:0/3438661707 (peer_addr_for_me v2:172.21.15.17:0/0)
2024-04-12T00:05:43.160 INFO:teuthology.orchestra.run.smithi017.stdout:/usr/bin/ceph: stderr
2024-04-12T00:05:41.843+0000 7f0c3a59c700 1 -- 172.21.15.17:0/3438661707 --> [v2:172.21.15.17:3300/0,v1:172.21.15.17:6789/0] -- mon_subscribe({config=0+,monmap=0+}) v3 -- 0x7f0c2400b790 con 0x7f0c3c101830
2024-04-12T00:05:43.160 INFO:teuthology.orchestra.run.smithi017.stdout:/usr/bin/ceph: stderr
2024-04-12T00:05:41.843+0000 7f0c3a59c700 1 --2- 172.21.15.17:0/3438661707 >> [v2:172.21.15.17:3300/0,v1:172.21.15.17:6789/0] conn(0x7f0c3c101830 0x7f0c3c113910 secure :-1 s=READY pgs=58 cs=0 l=1 rev1=1 crypto rx=0x7f0c240106a0 tx=0x7f0c2400b4f0 comp rx=0 tx=0).ready entity=mon.0 client_cookie=0 server_cookie=0 in_seq=0 out_seq=0
2024-04-12T00:05:43.160 INFO:teuthology.orchestra.run.smithi017.stdout:/usr/bin/ceph: stderr
2024-04-12T00:05:41.843+0000 7f0c32ffd700 1 -- 172.21.15.17:0/3438661707 <== mon.0 v2:172.21.15.17:3300/0 1 ==== mon_map magic: 0 v1 ==== 229+0+0 (secure 0 0 0) 0x7f0c2400dc70 con 0x7f0c3c101830
2024-04-12T00:05:43.160 INFO:teuthology.orchestra.run.smithi017.stdout:/usr/bin/ceph: stderr
2024-04-12T00:05:41.843+0000 7f0c32ffd700 1 -- 172.21.15.17:0/3438661707 <== mon.0 v2:172.21.15.17:3300/0 2 ==== config(27 keys) v1 ==== 1109+0+0 (secure 0 0 0) 0x7f0c24010c30 con 0x7f0c3c101830
2024-04-12T00:05:43.160 INFO:teuthology.orchestra.run.smithi017.stdout:/usr/bin/ceph: stderr
2024-04-12T00:05:41.843+0000 7f0c40e82700 1 -- 172.21.15.17:0/3438661707 --> [v2:172.21.15.17:3300/0,v1:172.21.15.17:6789/0] -- mon_subscribe({mgrmap=0+}) v3 -- 0x7f0c3c114050 con 0x7f0c3c101830
2024-04-12T00:05:43.160 INFO:teuthology.orchestra.run.smithi017.stdout:/usr/bin/ceph: stderr
2024-04-12T00:05:41.843+0000 7f0c32ffd700 1 -- 172.21.15.17:0/3438661707 <== mon.0 v2:172.21.15.17:3300/0 3 ==== mon_map magic: 0 v1 ==== 229+0+0 (secure 0 0 0) 0x7f0c24021550 con 0x7f0c3c101830
2024-04-12T00:05:43.161 INFO:teuthology.orchestra.run.smithi017.stdout:/usr/bin/ceph: stderr
2024-04-12T00:05:41.843+0000 7f0c40e82700 1 -- 172.21.15.17:0/3438661707 --> [v2:172.21.15.17:3300/0,v1:172.21.15.17:6789/0] -- mon_subscribe({osdmap=0}) v3 -- 0x7f0c3c114bc0 con 0x7f0c3c101830
2024-04-12T00:05:43.161 INFO:teuthology.orchestra.run.smithi017.stdout:/usr/bin/ceph: stderr
2024-04-12T00:05:41.844+0000 7f0c32ffd700 1 -- 172.21.15.17:0/3438661707 <== mon.0 v2:172.21.15.17:3300/0 4 ==== mgrmap(e 8) v1 ==== 43368+0+0 (secure 0 0 0) 0x7f0c240217c0 con 0x7f0c3c101830
2024-04-12T00:05:43.161 INFO:teuthology.orchestra.run.smithi017.stdout:/usr/bin/ceph: stderr
2024-04-12T00:05:41.844+0000 7f0c40e82700 1 -- 172.21.15.17:0/3438661707 --> [v2:172.21.15.17:3300/0,v1:172.21.15.17:6789/0] -- mon_command({"prefix": "get_command_descriptions"} v 0) v1 -- 0x7f0c3c05f5f0 con 0x7f0c3c101830
2024-04-12T00:05:43.161 INFO:teuthology.orchestra.run.smithi017.stdout:/usr/bin/ceph: stderr
2024-04-12T00:05:41.845+0000 7f0c32ffd700 1 --2- 172.21.15.17:0/3438661707 >> [v2:172.21.15.17:6800/854177503,v1:172.21.15.17:6801/854177503] conn(0x7f0c280367e0 0x7f0c28038c90 unknown :-1 s=NONE pgs=0 cs=0 l=1 rev1=0 crypto rx=0 tx=0 comp rx=0 tx=0).connect
2024-04-12T00:05:43.161 INFO:teuthology.orchestra.run.smithi017.stdout:/usr/bin/ceph: stderr
2024-04-12T00:05:41.845+0000 7f0c32ffd700 1 -- 172.21.15.17:0/3438661707 <== mon.0 v2:172.21.15.17:3300/0 5 ==== osd_map(2..2 src has 1..2) v4 ==== 936+0+0 (secure 0 0 0) 0x7f0c24014070 con 0x7f0c3c101830
2024-04-12T00:05:43.161 INFO:teuthology.orchestra.run.smithi017.stdout:/usr/bin/ceph: stderr
2024-04-12T00:05:41.845+0000 7f0c39d9b700 1 --2- 172.21.15.17:0/3438661707 >> [v2:172.21.15.17:6800/854177503,v1:172.21.15.17:6801/854177503] conn(0x7f0c280367e0 0x7f0c28038c90 unknown :-1 s=BANNER_CONNECTING pgs=0 cs=0 l=1 rev1=0 crypto rx=0 tx=0 comp rx=0 tx=0)._handle_peer_banner_payload supported=3 required=0
2024-04-12T00:05:43.161 INFO:teuthology.orchestra.run.smithi017.stdout:/usr/bin/ceph: stderr
2024-04-12T00:05:41.845+0000 7f0c39d9b700 1 --2- 172.21.15.17:0/3438661707 >> [v2:172.21.15.17:6800/854177503,v1:172.21.15.17:6801/854177503] conn(0x7f0c280367e0 0x7f0c28038c90 secure :-1 s=READY pgs=17 cs=0 l=1 rev1=1 crypto rx=0x7f0c2c009990 tx=0x7f0c2c006e40 comp rx=0 tx=0).ready entity=mgr.14120 client_cookie=0 server_cookie=0 in_seq=0 out_seq=0
2024-04-12T00:05:43.161 INFO:teuthology.orchestra.run.smithi017.stdout:/usr/bin/ceph: stderr
2024-04-12T00:05:41.849+0000 7f0c32ffd700 1 -- 172.21.15.17:0/3438661707 <== mon.0 v2:172.21.15.17:3300/0 6 ==== mon_command_ack([{"prefix": "get_command_descriptions"}]=0 v0) v1 ==== 72+0+176504 (secure 0 0 0) 0x7f0c2400e360 con 0x7f0c3c101830
2024-04-12T00:05:43.161 INFO:teuthology.orchestra.run.smithi017.stdout:/usr/bin/ceph: stderr
2024-04-12T00:05:42.068+0000 7f0c40e82700 1 -- 172.21.15.17:0/3438661707 --> [v2:172.21.15.17:6800/854177503,v1:172.21.15.17:6801/854177503] -- mgr_command(tid 0: {"prefix": "orch apply", "service_type": "node-exporter", "target": ["mon-mgr", ""]}) v1 -- 0x7f0c3c114f70 con 0x7f0c280367e0
2024-04-12T00:05:43.161 INFO:teuthology.orchestra.run.smithi017.stdout:/usr/bin/ceph: stderr
2024-04-12T00:05:42.072+0000 7f0c32ffd700 1 -- 172.21.15.17:0/3438661707 <== mgr.14120 v2:172.21.15.17:6800/854177503 1 ==== mgr_command_reply(tid 0: 0 ) v1 ==== 8+0+34 (secure 0 0 0) 0x7f0c3c114f70 con 0x7f0c280367e0
2024-04-12T00:05:43.161 INFO:teuthology.orchestra.run.smithi017.stdout:/usr/bin/ceph: stderr
2024-04-12T00:05:42.074+0000 7f0c40e82700 1 -- 172.21.15.17:0/3438661707 >> [v2:172.21.15.17:6800/854177503,v1:172.21.15.17:6801/854177503] conn(0x7f0c280367e0 msgr2=0x7f0c28038c90 secure :-1 s=STATE_CONNECTION_ESTABLISHED l=1).mark_down
2024-04-12T00:05:43.161 INFO:teuthology.orchestra.run.smithi017.stdout:/usr/bin/ceph: stderr
2024-04-12T00:05:42.074+0000 7f0c40e82700 1 --2- 172.21.15.17:0/3438661707 >> [v2:172.21.15.17:6800/854177503,v1:172.21.15.17:6801/854177503] conn(0x7f0c280367e0 0x7f0c28038c90 secure :-1 s=READY pgs=17 cs=0 l=1 rev1=1 crypto rx=0x7f0c2c009990 tx=0x7f0c2c006e40 comp rx=0 tx=0).stop
2024-04-12T00:05:43.161 INFO:teuthology.orchestra.run.smithi017.stdout:/usr/bin/ceph: stderr
2024-04-12T00:05:42.074+0000 7f0c40e82700 1 -- 172.21.15.17:0/3438661707 >> [v2:172.21.15.17:3300/0,v1:172.21.15.17:6789/0] conn(0x7f0c3c101830 msgr2=0x7f0c3c113910 secure :-1 s=STATE_CONNECTION_ESTABLISHED l=1).mark_down
2024-04-12T00:05:43.161 INFO:teuthology.orchestra.run.smithi017.stdout:/usr/bin/ceph: stderr
2024-04-12T00:05:42.074+0000 7f0c40e82700 1 --2- 172.21.15.17:0/3438661707 >> [v2:172.21.15.17:3300/0,v1:172.21.15.17:6789/0] conn(0x7f0c3c101830 0x7f0c3c113910 secure :-1 s=READY pgs=58 cs=0 l=1 rev1=1 crypto rx=0x7f0c240106a0 tx=0x7f0c2400b4f0 comp rx=0 tx=0).stop
2024-04-12T00:05:43.162 INFO:teuthology.orchestra.run.smithi017.stdout:/usr/bin/ceph: stderr
2024-04-12T00:05:42.074+0000 7f0c40e82700 1 -- 172.21.15.17:0/3438661707 shutdown_connections
2024-04-12T00:05:43.162 INFO:teuthology.orchestra.run.smithi017.stdout:/usr/bin/ceph: stderr
2024-04-12T00:05:42.074+0000 7f0c40e82700 1 --2- 172.21.15.17:0/3438661707 >> [v2:172.21.15.17:6800/854177503,v1:172.21.15.17:6801/854177503] conn(0x7f0c280367e0 0x7f0c28038c90 unknown :-1 s=CLOSED pgs=17 cs=0 l=1 rev1=1 crypto rx=0 tx=0 comp rx=0 tx=0).stop
2024-04-12T00:05:43.162 INFO:teuthology.orchestra.run.smithi017.stdout:/usr/bin/ceph: stderr
2024-04-12T00:05:42.074+0000 7f0c40e82700 1 --2- 172.21.15.17:0/3438661707 >> [v2:172.21.15.17:3300/0,v1:172.21.15.17:6789/0] conn(0x7f0c3c101830 0x7f0c3c113910 unknown :-1 s=CLOSED pgs=58 cs=0 l=1 rev1=1 crypto rx=0 tx=0 comp rx=0 tx=0).stop
2024-04-12T00:05:43.162 INFO:teuthology.orchestra.run.smithi017.stdout:/usr/bin/ceph: stderr
2024-04-12T00:05:42.074+0000 7f0c40e82700 1 -- 172.21.15.17:0/3438661707 >> 172.21.15.17:0/3438661707 conn(0x7f0c3c0fcfb0 msgr2=0x7f0c3c105cf0 unknown :-1 s=STATE_NONE l=0).mark_down
2024-04-12T00:05:43.162 INFO:teuthology.orchestra.run.smithi017.stdout:/usr/bin/ceph: stderr
2024-04-12T00:05:42.074+0000 7f0c40e82700 1 -- 172.21.15.17:0/3438661707 shutdown_connections
2024-04-12T00:05:43.162 INFO:teuthology.orchestra.run.smithi017.stdout:/usr/bin/ceph: stderr
2024-04-12T00:05:42.074+0000 7f0c40e82700 1 -- 172.21.15.17:0/3438661707 wait complete.
2024-04-12T00:05:43.162 INFO:teuthology.orchestra.run.smithi017.stdout:Deploying alertmanager service with default placement...
2024-04-12T00:05:43.399 INFO:journalctl@ceph.mon.smithi017.smithi017.stdout:Apr 12 00:05:43 smithi017 ceph-mon[29281]: from='client.14152 -' entity='client.admin' cmd=[{"prefix": "orch apply", "service_type": "node-exporter", "target": ["mon-mgr", ""]}]: dispatch
2024-04-12T00:05:43.400 INFO:journalctl@ceph.mon.smithi017.smithi017.stdout:Apr 12 00:05:43 smithi017 ceph-mon[29281]: Saving service node-exporter spec with placement *
2024-04-12T00:05:44.554 INFO:teuthology.orchestra.run.smithi017.stdout:/usr/bin/ceph: stdout Scheduled alertmanager update...
2024-04-12T00:05:44.554 INFO:teuthology.orchestra.run.smithi017.stdout:/usr/bin/ceph: stderr
2024-04-12T00:05:43.607+0000 7f61189c7700 1 Processor -- start
2024-04-12T00:05:44.554 INFO:teuthology.orchestra.run.smithi017.stdout:/usr/bin/ceph: stderr
2024-04-12T00:05:43.607+0000 7f61189c7700 1 -- start start
2024-04-12T00:05:44.554 INFO:teuthology.orchestra.run.smithi017.stdout:/usr/bin/ceph: stderr
2024-04-12T00:05:43.608+0000 7f61189c7700 1 --2- >> [v2:172.21.15.17:3300/0,v1:172.21.15.17:6789/0] conn(0x7f6114102d00 0x7f6114103110 unknown :-1 s=NONE pgs=0 cs=0 l=0 rev1=0 crypto rx=0 tx=0 comp rx=0 tx=0).connect
2024-04-12T00:05:44.554 INFO:teuthology.orchestra.run.smithi017.stdout:/usr/bin/ceph: stderr
2024-04-12T00:05:43.608+0000 7f61189c7700 1 -- --> [v2:172.21.15.17:3300/0,v1:172.21.15.17:6789/0] -- mon_getmap magic: 0 v1 -- 0x7f6114103650 con 0x7f6114102d00
2024-04-12T00:05:44.555 INFO:teuthology.orchestra.run.smithi017.stdout:/usr/bin/ceph: stderr
2024-04-12T00:05:43.608+0000 7f611259c700 1 --2- >> [v2:172.21.15.17:3300/0,v1:172.21.15.17:6789/0] conn(0x7f6114102d00 0x7f6114103110 unknown :-1 s=BANNER_CONNECTING pgs=0 cs=0 l=0 rev1=0 crypto rx=0 tx=0 comp rx=0 tx=0)._handle_peer_banner_payload supported=3 required=0
2024-04-12T00:05:44.555 INFO:teuthology.orchestra.run.smithi017.stdout:/usr/bin/ceph: stderr
2024-04-12T00:05:43.608+0000 7f611259c700 1 --2- >> [v2:172.21.15.17:3300/0,v1:172.21.15.17:6789/0] conn(0x7f6114102d00 0x7f6114103110 unknown :-1 s=HELLO_CONNECTING pgs=0 cs=0 l=0 rev1=1 crypto rx=0 tx=0 comp rx=0 tx=0).handle_hello peer v2:172.21.15.17:3300/0 says I am v2:172.21.15.17:41782/0 (socket says 172.21.15.17:41782)
2024-04-12T00:05:44.555 INFO:teuthology.orchestra.run.smithi017.stdout:/usr/bin/ceph: stderr
2024-04-12T00:05:43.608+0000 7f611259c700 1 -- 172.21.15.17:0/673778940 learned_addr learned my addr 172.21.15.17:0/673778940 (peer_addr_for_me v2:172.21.15.17:0/0)
2024-04-12T00:05:44.555 INFO:teuthology.orchestra.run.smithi017.stdout:/usr/bin/ceph: stderr
2024-04-12T00:05:43.608+0000 7f611259c700 1 -- 172.21.15.17:0/673778940 --> [v2:172.21.15.17:3300/0,v1:172.21.15.17:6789/0] -- mon_subscribe({config=0+,monmap=0+}) v3 -- 0x7f6114103790 con 0x7f6114102d00
2024-04-12T00:05:44.555 INFO:teuthology.orchestra.run.smithi017.stdout:/usr/bin/ceph: stderr
2024-04-12T00:05:43.609+0000 7f611259c700 1 --2- 172.21.15.17:0/673778940 >> [v2:172.21.15.17:3300/0,v1:172.21.15.17:6789/0] conn(0x7f6114102d00 0x7f6114103110 secure :-1 s=READY pgs=59 cs=0 l=1 rev1=1 crypto rx=0x7f61040098e0 tx=0x7f6104009250 comp rx=0 tx=0).ready entity=mon.0 client_cookie=589ef842f6ff6dde server_cookie=0 in_seq=0 out_seq=0
2024-04-12T00:05:44.555 INFO:teuthology.orchestra.run.smithi017.stdout:/usr/bin/ceph: stderr
2024-04-12T00:05:43.609+0000 7f611159a700 1 -- 172.21.15.17:0/673778940 <== mon.0 v2:172.21.15.17:3300/0 1 ==== mon_map magic: 0 v1 ==== 229+0+0 (secure 0 0 0) 0x7f610400b860 con 0x7f6114102d00
2024-04-12T00:05:44.555 INFO:teuthology.orchestra.run.smithi017.stdout:/usr/bin/ceph: stderr
2024-04-12T00:05:43.609+0000 7f611159a700 1 -- 172.21.15.17:0/673778940 <== mon.0 v2:172.21.15.17:3300/0 2 ==== config(27 keys) v1 ==== 1109+0+0 (secure 0 0 0) 0x7f610400be90 con 0x7f6114102d00
2024-04-12T00:05:44.555 INFO:teuthology.orchestra.run.smithi017.stdout:/usr/bin/ceph: stderr
2024-04-12T00:05:43.609+0000 7f611159a700 1 -- 172.21.15.17:0/673778940 <== mon.0 v2:172.21.15.17:3300/0 3 ==== mon_map magic: 0 v1 ==== 229+0+0 (secure 0 0 0) 0x7f61040103c0 con 0x7f6114102d00
2024-04-12T00:05:44.555 INFO:teuthology.orchestra.run.smithi017.stdout:/usr/bin/ceph: stderr
2024-04-12T00:05:43.609+0000 7f61189c7700 1 -- 172.21.15.17:0/673778940 >> [v2:172.21.15.17:3300/0,v1:172.21.15.17:6789/0] conn(0x7f6114102d00 msgr2=0x7f6114103110 secure :-1 s=STATE_CONNECTION_ESTABLISHED l=1).mark_down
2024-04-12T00:05:44.555 INFO:teuthology.orchestra.run.smithi017.stdout:/usr/bin/ceph: stderr
2024-04-12T00:05:43.609+0000 7f61189c7700 1 --2- 172.21.15.17:0/673778940 >> [v2:172.21.15.17:3300/0,v1:172.21.15.17:6789/0] conn(0x7f6114102d00 0x7f6114103110 secure :-1 s=READY pgs=59 cs=0 l=1 rev1=1 crypto rx=0x7f61040098e0 tx=0x7f6104009250 comp rx=0 tx=0).stop
2024-04-12T00:05:44.555 INFO:teuthology.orchestra.run.smithi017.stdout:/usr/bin/ceph: stderr
2024-04-12T00:05:43.609+0000 7f61189c7700 1 -- 172.21.15.17:0/673778940 shutdown_connections
2024-04-12T00:05:44.555 INFO:teuthology.orchestra.run.smithi017.stdout:/usr/bin/ceph: stderr
2024-04-12T00:05:43.609+0000 7f61189c7700 1 --2- 172.21.15.17:0/673778940 >> [v2:172.21.15.17:3300/0,v1:172.21.15.17:6789/0] conn(0x7f6114102d00 0x7f6114103110 unknown :-1 s=CLOSED pgs=59 cs=0 l=1 rev1=1 crypto rx=0 tx=0 comp rx=0 tx=0).stop
2024-04-12T00:05:44.555 INFO:teuthology.orchestra.run.smithi017.stdout:/usr/bin/ceph: stderr
2024-04-12T00:05:43.609+0000 7f61189c7700 1 -- 172.21.15.17:0/673778940 >> 172.21.15.17:0/673778940 conn(0x7f61140fc6c0 msgr2=0x7f61140fead0 unknown :-1 s=STATE_NONE l=0).mark_down
2024-04-12T00:05:44.555 INFO:teuthology.orchestra.run.smithi017.stdout:/usr/bin/ceph: stderr
2024-04-12T00:05:43.610+0000 7f61189c7700 1 -- 172.21.15.17:0/673778940 shutdown_connections
2024-04-12T00:05:44.556 INFO:teuthology.orchestra.run.smithi017.stdout:/usr/bin/ceph: stderr
2024-04-12T00:05:43.610+0000 7f61189c7700 1 -- 172.21.15.17:0/673778940 wait complete.
2024-04-12T00:05:44.556 INFO:teuthology.orchestra.run.smithi017.stdout:/usr/bin/ceph: stderr
2024-04-12T00:05:43.610+0000 7f61189c7700 1 Processor -- start
2024-04-12T00:05:44.556 INFO:teuthology.orchestra.run.smithi017.stdout:/usr/bin/ceph: stderr
2024-04-12T00:05:43.610+0000 7f61189c7700 1 -- start start
2024-04-12T00:05:44.556 INFO:teuthology.orchestra.run.smithi017.stdout:/usr/bin/ceph: stderr
2024-04-12T00:05:43.610+0000 7f61189c7700 1 --2- >> [v2:172.21.15.17:3300/0,v1:172.21.15.17:6789/0] conn(0x7f6114102d00 0x7f6114111770 unknown :-1 s=NONE pgs=0 cs=0 l=1 rev1=0 crypto rx=0 tx=0 comp rx=0 tx=0).connect
2024-04-12T00:05:44.556 INFO:teuthology.orchestra.run.smithi017.stdout:/usr/bin/ceph: stderr
2024-04-12T00:05:43.610+0000 7f61189c7700 1 -- --> [v2:172.21.15.17:3300/0,v1:172.21.15.17:6789/0] -- mon_getmap magic: 0 v1 -- 0x7f6114111cb0 con 0x7f6114102d00
2024-04-12T00:05:44.556 INFO:teuthology.orchestra.run.smithi017.stdout:/usr/bin/ceph: stderr
2024-04-12T00:05:43.610+0000 7f611259c700 1 --2- >> [v2:172.21.15.17:3300/0,v1:172.21.15.17:6789/0] conn(0x7f6114102d00 0x7f6114111770 unknown :-1 s=BANNER_CONNECTING pgs=0 cs=0 l=1 rev1=0 crypto rx=0 tx=0 comp rx=0 tx=0)._handle_peer_banner_payload supported=3 required=0
2024-04-12T00:05:44.556 INFO:teuthology.orchestra.run.smithi017.stdout:/usr/bin/ceph: stderr
2024-04-12T00:05:43.610+0000 7f611259c700 1 --2- >> [v2:172.21.15.17:3300/0,v1:172.21.15.17:6789/0] conn(0x7f6114102d00 0x7f6114111770 unknown :-1 s=HELLO_CONNECTING pgs=0 cs=0 l=1 rev1=1 crypto rx=0 tx=0 comp rx=0 tx=0).handle_hello peer v2:172.21.15.17:3300/0 says I am v2:172.21.15.17:41790/0 (socket says 172.21.15.17:41790)
2024-04-12T00:05:44.556 INFO:teuthology.orchestra.run.smithi017.stdout:/usr/bin/ceph: stderr
2024-04-12T00:05:43.610+0000 7f611259c700 1 -- 172.21.15.17:0/2628646211 learned_addr learned my addr 172.21.15.17:0/2628646211 (peer_addr_for_me v2:172.21.15.17:0/0)
2024-04-12T00:05:44.556 INFO:teuthology.orchestra.run.smithi017.stdout:/usr/bin/ceph: stderr
2024-04-12T00:05:43.611+0000 7f611259c700 1 -- 172.21.15.17:0/2628646211 --> [v2:172.21.15.17:3300/0,v1:172.21.15.17:6789/0] -- mon_subscribe({config=0+,monmap=0+}) v3 -- 0x7f61040094f0 con 0x7f6114102d00
2024-04-12T00:05:44.556 INFO:teuthology.orchestra.run.smithi017.stdout:/usr/bin/ceph: stderr
2024-04-12T00:05:43.611+0000 7f611259c700 1 --2- 172.21.15.17:0/2628646211 >> [v2:172.21.15.17:3300/0,v1:172.21.15.17:6789/0] conn(0x7f6114102d00 0x7f6114111770 secure :-1 s=READY pgs=60 cs=0 l=1 rev1=1 crypto rx=0x7f6104006b00 tx=0x7f6104009250 comp rx=0 tx=0).ready entity=mon.0 client_cookie=0 server_cookie=0 in_seq=0 out_seq=0
2024-04-12T00:05:44.556 INFO:teuthology.orchestra.run.smithi017.stdout:/usr/bin/ceph: stderr
2024-04-12T00:05:43.611+0000 7f6102ffd700 1 -- 172.21.15.17:0/2628646211 <== mon.0 v2:172.21.15.17:3300/0 1 ==== mon_map magic: 0 v1 ==== 229+0+0 (secure 0 0 0) 0x7f6104010630 con 0x7f6114102d00
2024-04-12T00:05:44.556 INFO:teuthology.orchestra.run.smithi017.stdout:/usr/bin/ceph: stderr
2024-04-12T00:05:43.611+0000 7f6102ffd700 1 -- 172.21.15.17:0/2628646211 <== mon.0 v2:172.21.15.17:3300/0 2 ==== config(27 keys) v1 ==== 1109+0+0 (secure 0 0 0) 0x7f6104010c60 con 0x7f6114102d00
2024-04-12T00:05:44.556 INFO:teuthology.orchestra.run.smithi017.stdout:/usr/bin/ceph: stderr
2024-04-12T00:05:43.611+0000 7f61189c7700 1 -- 172.21.15.17:0/2628646211 --> [v2:172.21.15.17:3300/0,v1:172.21.15.17:6789/0] -- mon_subscribe({mgrmap=0+}) v3 -- 0x7f6114111eb0 con 0x7f6114102d00
2024-04-12T00:05:44.556 INFO:teuthology.orchestra.run.smithi017.stdout:/usr/bin/ceph: stderr
2024-04-12T00:05:43.611+0000 7f6102ffd700 1 -- 172.21.15.17:0/2628646211 <== mon.0 v2:172.21.15.17:3300/0 3 ==== mon_map magic: 0 v1 ==== 229+0+0 (secure 0 0 0) 0x7f610401ace0 con 0x7f6114102d00
2024-04-12T00:05:44.557 INFO:teuthology.orchestra.run.smithi017.stdout:/usr/bin/ceph: stderr
2024-04-12T00:05:43.611+0000 7f61189c7700 1 -- 172.21.15.17:0/2628646211 --> [v2:172.21.15.17:3300/0,v1:172.21.15.17:6789/0] -- mon_subscribe({osdmap=0}) v3 -- 0x7f6114112a20 con 0x7f6114102d00
2024-04-12T00:05:44.557 INFO:teuthology.orchestra.run.smithi017.stdout:/usr/bin/ceph: stderr
2024-04-12T00:05:43.612+0000 7f6102ffd700 1 -- 172.21.15.17:0/2628646211 <== mon.0 v2:172.21.15.17:3300/0 4 ==== mgrmap(e 8) v1 ==== 43368+0+0 (secure 0 0 0) 0x7f61040193c0 con 0x7f6114102d00
2024-04-12T00:05:44.557 INFO:teuthology.orchestra.run.smithi017.stdout:/usr/bin/ceph: stderr
2024-04-12T00:05:43.612+0000 7f61189c7700 1 -- 172.21.15.17:0/2628646211 --> [v2:172.21.15.17:3300/0,v1:172.21.15.17:6789/0] -- mon_command({"prefix": "get_command_descriptions"} v 0) v1 -- 0x7f611405f5f0 con 0x7f6114102d00
2024-04-12T00:05:44.557 INFO:teuthology.orchestra.run.smithi017.stdout:/usr/bin/ceph: stderr
2024-04-12T00:05:43.612+0000 7f6102ffd700 1 --2- 172.21.15.17:0/2628646211 >> [v2:172.21.15.17:6800/854177503,v1:172.21.15.17:6801/854177503] conn(0x7f60fc036790 0x7f60fc038c40 unknown :-1 s=NONE pgs=0 cs=0 l=1 rev1=0 crypto rx=0 tx=0 comp rx=0 tx=0).connect
2024-04-12T00:05:44.557 INFO:teuthology.orchestra.run.smithi017.stdout:/usr/bin/ceph: stderr
2024-04-12T00:05:43.612+0000 7f6102ffd700 1 -- 172.21.15.17:0/2628646211 <== mon.0 v2:172.21.15.17:3300/0 5 ==== osd_map(2..2 src has 1..2) v4 ==== 936+0+0 (secure 0 0 0) 0x7f6104049b70 con 0x7f6114102d00
2024-04-12T00:05:44.557 INFO:teuthology.orchestra.run.smithi017.stdout:/usr/bin/ceph: stderr
2024-04-12T00:05:43.612+0000 7f6111d9b700 1 --2- 172.21.15.17:0/2628646211 >> [v2:172.21.15.17:6800/854177503,v1:172.21.15.17:6801/854177503] conn(0x7f60fc036790 0x7f60fc038c40 unknown :-1 s=BANNER_CONNECTING pgs=0 cs=0 l=1 rev1=0 crypto rx=0 tx=0 comp rx=0 tx=0)._handle_peer_banner_payload supported=3 required=0
2024-04-12T00:05:44.558 INFO:teuthology.orchestra.run.smithi017.stdout:/usr/bin/ceph: stderr
2024-04-12T00:05:43.613+0000 7f6111d9b700 1 --2- 172.21.15.17:0/2628646211 >> [v2:172.21.15.17:6800/854177503,v1:172.21.15.17:6801/854177503] conn(0x7f60fc036790 0x7f60fc038c40 secure :-1 s=READY pgs=18 cs=0 l=1 rev1=1 crypto rx=0x7f6108009990 tx=0x7f6108006e40 comp rx=0 tx=0).ready entity=mgr.14120 client_cookie=0 server_cookie=0 in_seq=0 out_seq=0
2024-04-12T00:05:44.558 INFO:teuthology.orchestra.run.smithi017.stdout:/usr/bin/ceph: stderr
2024-04-12T00:05:43.617+0000 7f6102ffd700 1 -- 172.21.15.17:0/2628646211 <== mon.0 v2:172.21.15.17:3300/0 6 ==== mon_command_ack([{"prefix": "get_command_descriptions"}]=0 v0) v1 ==== 72+0+176504 (secure 0 0 0) 0x7f610401a5f0 con 0x7f6114102d00
2024-04-12T00:05:44.558 INFO:teuthology.orchestra.run.smithi017.stdout:/usr/bin/ceph: stderr
2024-04-12T00:05:43.824+0000 7f61189c7700 1 -- 172.21.15.17:0/2628646211 --> [v2:172.21.15.17:6800/854177503,v1:172.21.15.17:6801/854177503] -- mgr_command(tid 0: {"prefix": "orch apply", "service_type": "alertmanager", "target": ["mon-mgr", ""]}) v1 -- 0x7f61140fd970 con 0x7f60fc036790
2024-04-12T00:05:44.558 INFO:teuthology.orchestra.run.smithi017.stdout:/usr/bin/ceph: stderr
2024-04-12T00:05:43.829+0000 7f6102ffd700 1 -- 172.21.15.17:0/2628646211 <== mgr.14120 v2:172.21.15.17:6800/854177503 1 ==== mgr_command_reply(tid 0: 0 ) v1 ==== 8+0+33 (secure 0 0 0) 0x7f61140fd970 con 0x7f60fc036790
2024-04-12T00:05:44.558 INFO:teuthology.orchestra.run.smithi017.stdout:/usr/bin/ceph: stderr
2024-04-12T00:05:43.831+0000 7f61189c7700 1 -- 172.21.15.17:0/2628646211 >> [v2:172.21.15.17:6800/854177503,v1:172.21.15.17:6801/854177503] conn(0x7f60fc036790 msgr2=0x7f60fc038c40 secure :-1 s=STATE_CONNECTION_ESTABLISHED l=1).mark_down
2024-04-12T00:05:44.558 INFO:teuthology.orchestra.run.smithi017.stdout:/usr/bin/ceph: stderr
2024-04-12T00:05:43.831+0000 7f61189c7700 1 --2- 172.21.15.17:0/2628646211 >> [v2:172.21.15.17:6800/854177503,v1:172.21.15.17:6801/854177503] conn(0x7f60fc036790 0x7f60fc038c40 secure :-1 s=READY pgs=18 cs=0 l=1 rev1=1 crypto rx=0x7f6108009990 tx=0x7f6108006e40 comp rx=0 tx=0).stop
2024-04-12T00:05:44.558 INFO:teuthology.orchestra.run.smithi017.stdout:/usr/bin/ceph: stderr
2024-04-12T00:05:43.831+0000 7f61189c7700 1 -- 172.21.15.17:0/2628646211 >> [v2:172.21.15.17:3300/0,v1:172.21.15.17:6789/0] conn(0x7f6114102d00 msgr2=0x7f6114111770 secure :-1 s=STATE_CONNECTION_ESTABLISHED l=1).mark_down
2024-04-12T00:05:44.558 INFO:teuthology.orchestra.run.smithi017.stdout:/usr/bin/ceph: stderr
2024-04-12T00:05:43.831+0000 7f61189c7700 1 --2- 172.21.15.17:0/2628646211 >> [v2:172.21.15.17:3300/0,v1:172.21.15.17:6789/0] conn(0x7f6114102d00 0x7f6114111770 secure :-1 s=READY pgs=60 cs=0 l=1 rev1=1 crypto rx=0x7f6104006b00 tx=0x7f6104009250 comp rx=0 tx=0).stop
2024-04-12T00:05:44.558 INFO:teuthology.orchestra.run.smithi017.stdout:/usr/bin/ceph: stderr
2024-04-12T00:05:43.831+0000 7f61189c7700 1 -- 172.21.15.17:0/2628646211 shutdown_connections
2024-04-12T00:05:44.558 INFO:teuthology.orchestra.run.smithi017.stdout:/usr/bin/ceph: stderr
2024-04-12T00:05:43.831+0000 7f61189c7700 1 --2- 172.21.15.17:0/2628646211 >> [v2:172.21.15.17:6800/854177503,v1:172.21.15.17:6801/854177503] conn(0x7f60fc036790 0x7f60fc038c40 unknown :-1 s=CLOSED pgs=18 cs=0 l=1 rev1=1 crypto rx=0 tx=0 comp rx=0 tx=0).stop
2024-04-12T00:05:44.558 INFO:teuthology.orchestra.run.smithi017.stdout:/usr/bin/ceph: stderr
2024-04-12T00:05:43.831+0000 7f61189c7700 1 --2- 172.21.15.17:0/2628646211 >> [v2:172.21.15.17:3300/0,v1:172.21.15.17:6789/0] conn(0x7f6114102d00 0x7f6114111770 unknown :-1 s=CLOSED pgs=60 cs=0 l=1 rev1=1 crypto rx=0 tx=0 comp rx=0 tx=0).stop
2024-04-12T00:05:44.558 INFO:teuthology.orchestra.run.smithi017.stdout:/usr/bin/ceph: stderr
2024-04-12T00:05:43.831+0000 7f61189c7700 1 -- 172.21.15.17:0/2628646211 >> 172.21.15.17:0/2628646211 conn(0x7f61140fc6c0 msgr2=0x7f61140fd260 unknown :-1 s=STATE_NONE l=0).mark_down
2024-04-12T00:05:44.558 INFO:teuthology.orchestra.run.smithi017.stdout:/usr/bin/ceph: stderr
2024-04-12T00:05:43.831+0000 7f61189c7700 1 -- 172.21.15.17:0/2628646211 shutdown_connections
2024-04-12T00:05:44.558 INFO:teuthology.orchestra.run.smithi017.stdout:/usr/bin/ceph: stderr
2024-04-12T00:05:43.831+0000 7f61189c7700 1 -- 172.21.15.17:0/2628646211 wait complete.
2024-04-12T00:05:45.171 INFO:journalctl@ceph.mon.smithi017.smithi017.stdout:Apr 12 00:05:44 smithi017 ceph-mon[29281]: from='client.14154 -' entity='client.admin' cmd=[{"prefix": "orch apply", "service_type": "alertmanager", "target": ["mon-mgr", ""]}]: dispatch
2024-04-12T00:05:45.171 INFO:journalctl@ceph.mon.smithi017.smithi017.stdout:Apr 12 00:05:44 smithi017 ceph-mon[29281]: Saving service alertmanager spec with placement count:1
2024-04-12T00:05:45.171 INFO:journalctl@ceph.mon.smithi017.smithi017.stdout:Apr 12 00:05:44 smithi017 ceph-mon[29281]: from='mgr.14120 172.21.15.17:0/768920782' entity='mgr.smithi017.hgaydu'
2024-04-12T00:05:45.171 INFO:journalctl@ceph.mon.smithi017.smithi017.stdout:Apr 12 00:05:44 smithi017 ceph-mon[29281]: pgmap v3: 0 pgs: ; 0 B data, 0 B used, 0 B / 0 B avail
2024-04-12T00:05:45.848 INFO:teuthology.orchestra.run.smithi017.stdout:/usr/bin/ceph: stderr
2024-04-12T00:05:44.983+0000 7fb30fe7a700 1 Processor -- start
2024-04-12T00:05:45.848 INFO:teuthology.orchestra.run.smithi017.stdout:/usr/bin/ceph: stderr
2024-04-12T00:05:44.983+0000 7fb30fe7a700 1 -- start start
2024-04-12T00:05:45.848 INFO:teuthology.orchestra.run.smithi017.stdout:/usr/bin/ceph: stderr
2024-04-12T00:05:44.983+0000 7fb30fe7a700 1 --2- >> [v2:172.21.15.17:3300/0,v1:172.21.15.17:6789/0] conn(0x7fb308100cf0 0x7fb308101100 unknown :-1 s=NONE pgs=0 cs=0 l=0 rev1=0 crypto rx=0 tx=0 comp rx=0 tx=0).connect
2024-04-12T00:05:45.848 INFO:teuthology.orchestra.run.smithi017.stdout:/usr/bin/ceph: stderr
2024-04-12T00:05:44.983+0000 7fb30fe7a700 1 -- --> [v2:172.21.15.17:3300/0,v1:172.21.15.17:6789/0] -- mon_getmap magic: 0 v1 -- 0x7fb308101640 con 0x7fb308100cf0
2024-04-12T00:05:45.848 INFO:teuthology.orchestra.run.smithi017.stdout:/usr/bin/ceph: stderr
2024-04-12T00:05:44.983+0000 7fb30dc16700 1 --2- >> [v2:172.21.15.17:3300/0,v1:172.21.15.17:6789/0] conn(0x7fb308100cf0 0x7fb308101100 unknown :-1 s=BANNER_CONNECTING pgs=0 cs=0 l=0 rev1=0 crypto rx=0 tx=0 comp rx=0 tx=0)._handle_peer_banner_payload supported=3 required=0
2024-04-12T00:05:45.848 INFO:teuthology.orchestra.run.smithi017.stdout:/usr/bin/ceph: stderr
2024-04-12T00:05:44.983+0000 7fb30dc16700 1 --2- >> [v2:172.21.15.17:3300/0,v1:172.21.15.17:6789/0] conn(0x7fb308100cf0 0x7fb308101100 unknown :-1 s=HELLO_CONNECTING pgs=0 cs=0 l=0 rev1=1 crypto rx=0 tx=0 comp rx=0 tx=0).handle_hello peer v2:172.21.15.17:3300/0 says I am v2:172.21.15.17:41802/0 (socket says 172.21.15.17:41802)
2024-04-12T00:05:45.848 INFO:teuthology.orchestra.run.smithi017.stdout:/usr/bin/ceph: stderr
2024-04-12T00:05:44.983+0000 7fb30dc16700 1 -- 172.21.15.17:0/581587789 learned_addr learned my addr 172.21.15.17:0/581587789 (peer_addr_for_me v2:172.21.15.17:0/0)
2024-04-12T00:05:45.848 INFO:teuthology.orchestra.run.smithi017.stdout:/usr/bin/ceph: stderr
2024-04-12T00:05:44.984+0000 7fb30dc16700 1 -- 172.21.15.17:0/581587789 --> [v2:172.21.15.17:3300/0,v1:172.21.15.17:6789/0] -- mon_subscribe({config=0+,monmap=0+}) v3 -- 0x7fb308101780 con 0x7fb308100cf0
2024-04-12T00:05:45.849 INFO:teuthology.orchestra.run.smithi017.stdout:/usr/bin/ceph: stderr
2024-04-12T00:05:44.984+0000 7fb30dc16700 1 --2- 172.21.15.17:0/581587789 >> [v2:172.21.15.17:3300/0,v1:172.21.15.17:6789/0] conn(0x7fb308100cf0 0x7fb308101100 secure :-1 s=READY pgs=61 cs=0 l=1 rev1=1 crypto rx=0x7fb3040098e0 tx=0x7fb304009250 comp rx=0 tx=0).ready entity=mon.0 client_cookie=fc427bce70964a15 server_cookie=0 in_seq=0 out_seq=0
2024-04-12T00:05:45.849 INFO:teuthology.orchestra.run.smithi017.stdout:/usr/bin/ceph: stderr
2024-04-12T00:05:44.984+0000 7fb30cc14700 1 -- 172.21.15.17:0/581587789 <== mon.0 v2:172.21.15.17:3300/0 1 ==== mon_map magic: 0 v1 ==== 229+0+0 (secure 0 0 0) 0x7fb30400b860 con 0x7fb308100cf0
2024-04-12T00:05:45.849 INFO:teuthology.orchestra.run.smithi017.stdout:/usr/bin/ceph: stderr
2024-04-12T00:05:44.984+0000 7fb30cc14700 1 -- 172.21.15.17:0/581587789 <== mon.0 v2:172.21.15.17:3300/0 2 ==== config(27 keys) v1 ==== 1109+0+0 (secure 0 0 0) 0x7fb30400be90 con 0x7fb308100cf0
2024-04-12T00:05:45.849 INFO:teuthology.orchestra.run.smithi017.stdout:/usr/bin/ceph: stderr
2024-04-12T00:05:44.984+0000 7fb30cc14700 1 -- 172.21.15.17:0/581587789 <== mon.0 v2:172.21.15.17:3300/0 3 ==== mon_map magic: 0 v1 ==== 229+0+0 (secure 0 0 0) 0x7fb3040103c0 con 0x7fb308100cf0
2024-04-12T00:05:45.849 INFO:teuthology.orchestra.run.smithi017.stdout:/usr/bin/ceph: stderr
2024-04-12T00:05:44.984+0000 7fb30fe7a700 1 -- 172.21.15.17:0/581587789 >> [v2:172.21.15.17:3300/0,v1:172.21.15.17:6789/0] conn(0x7fb308100cf0 msgr2=0x7fb308101100 secure :-1 s=STATE_CONNECTION_ESTABLISHED l=1).mark_down
2024-04-12T00:05:45.849 INFO:teuthology.orchestra.run.smithi017.stdout:/usr/bin/ceph: stderr
2024-04-12T00:05:44.984+0000 7fb30fe7a700 1 --2- 172.21.15.17:0/581587789 >> [v2:172.21.15.17:3300/0,v1:172.21.15.17:6789/0] conn(0x7fb308100cf0 0x7fb308101100 secure :-1 s=READY pgs=61 cs=0 l=1 rev1=1 crypto rx=0x7fb3040098e0 tx=0x7fb304009250 comp rx=0 tx=0).stop
