2024-04-12T04:59:59.968601+0000 mon.smithi113 (mon.0) 47 : cluster [DBG] mgrmap e8: smithi113.ctsazg(active, since 2s)
2024-04-12T05:00:01.262 INFO:journalctl@ceph.mon.smithi113.smithi113.stdout:Apr 12 05:00:00 smithi113 ceph-52321e2c-f889-11ee-bc8c-c7b262605968-mon-smithi113[39678]: audit
2024-04-12T05:00:00.291930+0000 mgr.smithi113.ctsazg (mgr.14114) 4 : audit [DBG] from='client.14124 -' entity='client.admin' cmd=[{"prefix": "orch set backend", "module_name": "cephadm", "target": ["mon-mgr", ""]}]: dispatch
2024-04-12T05:00:01.262 INFO:journalctl@ceph.mon.smithi113.smithi113.stdout:Apr 12 05:00:00 smithi113 ceph-52321e2c-f889-11ee-bc8c-c7b262605968-mon-smithi113[39678]: audit
2024-04-12T05:00:00.298238+0000 mon.smithi113 (mon.0) 48 : audit [INF] from='mgr.14114 172.21.15.113:0/3770707279' entity='mgr.smithi113.ctsazg'
2024-04-12T05:00:01.262 INFO:journalctl@ceph.mon.smithi113.smithi113.stdout:Apr 12 05:00:00 smithi113 ceph-52321e2c-f889-11ee-bc8c-c7b262605968-mon-smithi113[39678]: audit
2024-04-12T05:00:00.346002+0000 mon.smithi113 (mon.0) 49 : audit [DBG] from='mgr.14114 172.21.15.113:0/3770707279' entity='mgr.smithi113.ctsazg' cmd=[{"prefix": "config dump", "format": "json"}]: dispatch
2024-04-12T05:00:01.584 INFO:teuthology.orchestra.run.smithi113.stderr:/usr/bin/ceph:
2024-04-12T05:00:01.580+0000 7fe01c5ed700 1 Processor -- start
2024-04-12T05:00:01.585 INFO:teuthology.orchestra.run.smithi113.stderr:/usr/bin/ceph:
2024-04-12T05:00:01.580+0000 7fe01c5ed700 1 -- start start
2024-04-12T05:00:01.585 INFO:teuthology.orchestra.run.smithi113.stderr:/usr/bin/ceph:
2024-04-12T05:00:01.581+0000 7fe01c5ed700 1 --2- >> [v2:172.21.15.113:3300/0,v1:172.21.15.113:6789/0] conn(0x7fe0140fbed0 0x7fe0140fc2f0 unknown :-1 s=NONE pgs=0 cs=0 l=0 rev1=0 rx=0 tx=0).connect
2024-04-12T05:00:01.585 INFO:teuthology.orchestra.run.smithi113.stderr:/usr/bin/ceph:
2024-04-12T05:00:01.581+0000 7fe01c5ed700 1 -- --> [v2:172.21.15.113:3300/0,v1:172.21.15.113:6789/0] -- mon_getmap magic: 0 v1 -- 0x7fe0140fc7e0 con 0x7fe0140fbed0
2024-04-12T05:00:01.585 INFO:teuthology.orchestra.run.smithi113.stderr:/usr/bin/ceph:
2024-04-12T05:00:01.581+0000 7fe01a389700 1 --2- >> [v2:172.21.15.113:3300/0,v1:172.21.15.113:6789/0] conn(0x7fe0140fbed0 0x7fe0140fc2f0 unknown :-1 s=BANNER_CONNECTING pgs=0 cs=0 l=0 rev1=0 rx=0 tx=0)._handle_peer_banner_payload supported=1 required=0
2024-04-12T05:00:01.585 INFO:teuthology.orchestra.run.smithi113.stderr:/usr/bin/ceph:
2024-04-12T05:00:01.581+0000 7fe01a389700 1 --2- >> [v2:172.21.15.113:3300/0,v1:172.21.15.113:6789/0] conn(0x7fe0140fbed0 0x7fe0140fc2f0 unknown :-1 s=HELLO_CONNECTING pgs=0 cs=0 l=0 rev1=1 rx=0 tx=0).handle_hello peer v2:172.21.15.113:3300/0 says I am v2:172.21.15.113:49074/0 (socket says 172.21.15.113:49074)
2024-04-12T05:00:01.585 INFO:teuthology.orchestra.run.smithi113.stderr:/usr/bin/ceph:
2024-04-12T05:00:01.581+0000 7fe01a389700 1 -- 172.21.15.113:0/2181673231 learned_addr learned my addr 172.21.15.113:0/2181673231 (peer_addr_for_me v2:172.21.15.113:0/0)
2024-04-12T05:00:01.585 INFO:teuthology.orchestra.run.smithi113.stderr:/usr/bin/ceph:
2024-04-12T05:00:01.581+0000 7fe01a389700 1 -- 172.21.15.113:0/2181673231 --> [v2:172.21.15.113:3300/0,v1:172.21.15.113:6789/0] -- mon_subscribe({config=0+,monmap=0+}) v3 -- 0x7fe0140fc920 con 0x7fe0140fbed0
2024-04-12T05:00:01.585 INFO:teuthology.orchestra.run.smithi113.stderr:/usr/bin/ceph:
2024-04-12T05:00:01.581+0000 7fe01a389700 1 --2- 172.21.15.113:0/2181673231 >> [v2:172.21.15.113:3300/0,v1:172.21.15.113:6789/0] conn(0x7fe0140fbed0 0x7fe0140fc2f0 secure :-1 s=READY pgs=31 cs=0 l=1 rev1=1 rx=0x7fe008009730 tx=0x7fe0080090f0).ready entity=mon.0 client_cookie=a545b609725031f7 server_cookie=0 in_seq=0 out_seq=0
2024-04-12T05:00:01.585 INFO:teuthology.orchestra.run.smithi113.stderr:/usr/bin/ceph:
2024-04-12T05:00:01.581+0000 7fe019387700 1 -- 172.21.15.113:0/2181673231 <== mon.0 v2:172.21.15.113:3300/0 1 ==== mon_map magic: 0 v1 ==== 229+0+0 (secure 0 0 0) 0x7fe00800b6e0 con 0x7fe0140fbed0
2024-04-12T05:00:01.585 INFO:teuthology.orchestra.run.smithi113.stderr:/usr/bin/ceph:
2024-04-12T05:00:01.581+0000 7fe019387700 1 -- 172.21.15.113:0/2181673231 <== mon.0 v2:172.21.15.113:3300/0 2 ==== config(25 keys) v1 ==== 982+0+0 (secure 0 0 0) 0x7fe00800bc90 con 0x7fe0140fbed0
2024-04-12T05:00:01.585 INFO:teuthology.orchestra.run.smithi113.stderr:/usr/bin/ceph:
2024-04-12T05:00:01.581+0000 7fe019387700 1 -- 172.21.15.113:0/2181673231 <== mon.0 v2:172.21.15.113:3300/0 3 ==== mon_map magic: 0 v1 ==== 229+0+0 (secure 0 0 0) 0x7fe008011c70 con 0x7fe0140fbed0
2024-04-12T05:00:01.585 INFO:teuthology.orchestra.run.smithi113.stderr:/usr/bin/ceph:
2024-04-12T05:00:01.582+0000 7fe01c5ed700 1 -- 172.21.15.113:0/2181673231 >> [v2:172.21.15.113:3300/0,v1:172.21.15.113:6789/0] conn(0x7fe0140fbed0 msgr2=0x7fe0140fc2f0 secure :-1 s=STATE_CONNECTION_ESTABLISHED l=1).mark_down
2024-04-12T05:00:01.585 INFO:teuthology.orchestra.run.smithi113.stderr:/usr/bin/ceph:
2024-04-12T05:00:01.582+0000 7fe01c5ed700 1 --2- 172.21.15.113:0/2181673231 >> [v2:172.21.15.113:3300/0,v1:172.21.15.113:6789/0] conn(0x7fe0140fbed0 0x7fe0140fc2f0 secure :-1 s=READY pgs=31 cs=0 l=1 rev1=1 rx=0x7fe008009730 tx=0x7fe0080090f0).stop
2024-04-12T05:00:01.585 INFO:teuthology.orchestra.run.smithi113.stderr:/usr/bin/ceph:
2024-04-12T05:00:01.582+0000 7fe01c5ed700 1 -- 172.21.15.113:0/2181673231 shutdown_connections
2024-04-12T05:00:01.585 INFO:teuthology.orchestra.run.smithi113.stderr:/usr/bin/ceph:
2024-04-12T05:00:01.582+0000 7fe01c5ed700 1 --2- 172.21.15.113:0/2181673231 >> [v2:172.21.15.113:3300/0,v1:172.21.15.113:6789/0] conn(0x7fe0140fbed0 0x7fe0140fc2f0 unknown :-1 s=CLOSED pgs=31 cs=0 l=1 rev1=1 rx=0 tx=0).stop
2024-04-12T05:00:01.586 INFO:teuthology.orchestra.run.smithi113.stderr:/usr/bin/ceph:
2024-04-12T05:00:01.582+0000 7fe01c5ed700 1 -- 172.21.15.113:0/2181673231 >> 172.21.15.113:0/2181673231 conn(0x7fe0140f76f0 msgr2=0x7fe0140f9b10 unknown :-1 s=STATE_NONE l=0).mark_down
2024-04-12T05:00:01.586 INFO:teuthology.orchestra.run.smithi113.stderr:/usr/bin/ceph:
2024-04-12T05:00:01.582+0000 7fe01c5ed700 1 -- 172.21.15.113:0/2181673231 shutdown_connections
2024-04-12T05:00:01.586 INFO:teuthology.orchestra.run.smithi113.stderr:/usr/bin/ceph:
2024-04-12T05:00:01.582+0000 7fe01c5ed700 1 -- 172.21.15.113:0/2181673231 wait complete.
2024-04-12T05:00:01.588 INFO:teuthology.orchestra.run.smithi113.stderr:/usr/bin/ceph:
2024-04-12T05:00:01.583+0000 7fe01c5ed700 1 Processor -- start
2024-04-12T05:00:01.588 INFO:teuthology.orchestra.run.smithi113.stderr:/usr/bin/ceph:
2024-04-12T05:00:01.583+0000 7fe01c5ed700 1 -- start start
2024-04-12T05:00:01.588 INFO:teuthology.orchestra.run.smithi113.stderr:/usr/bin/ceph:
2024-04-12T05:00:01.583+0000 7fe01c5ed700 1 --2- >> [v2:172.21.15.113:3300/0,v1:172.21.15.113:6789/0] conn(0x7fe0140fbed0 0x7fe01410be00 unknown :-1 s=NONE pgs=0 cs=0 l=1 rev1=0 rx=0 tx=0).connect
2024-04-12T05:00:01.588 INFO:teuthology.orchestra.run.smithi113.stderr:/usr/bin/ceph:
2024-04-12T05:00:01.583+0000 7fe01c5ed700 1 -- --> [v2:172.21.15.113:3300/0,v1:172.21.15.113:6789/0] -- mon_getmap magic: 0 v1 -- 0x7fe01410c2f0 con 0x7fe0140fbed0
2024-04-12T05:00:01.588 INFO:teuthology.orchestra.run.smithi113.stderr:/usr/bin/ceph:
2024-04-12T05:00:01.583+0000 7fe01a389700 1 --2- >> [v2:172.21.15.113:3300/0,v1:172.21.15.113:6789/0] conn(0x7fe0140fbed0 0x7fe01410be00 unknown :-1 s=BANNER_CONNECTING pgs=0 cs=0 l=1 rev1=0 rx=0 tx=0)._handle_peer_banner_payload supported=1 required=0
2024-04-12T05:00:01.588 INFO:teuthology.orchestra.run.smithi113.stderr:/usr/bin/ceph:
2024-04-12T05:00:01.583+0000 7fe01a389700 1 --2- >> [v2:172.21.15.113:3300/0,v1:172.21.15.113:6789/0] conn(0x7fe0140fbed0 0x7fe01410be00 unknown :-1 s=HELLO_CONNECTING pgs=0 cs=0 l=1 rev1=1 rx=0 tx=0).handle_hello peer v2:172.21.15.113:3300/0 says I am v2:172.21.15.113:49076/0 (socket says 172.21.15.113:49076)
2024-04-12T05:00:01.588 INFO:teuthology.orchestra.run.smithi113.stderr:/usr/bin/ceph:
2024-04-12T05:00:01.583+0000 7fe01a389700 1 -- 172.21.15.113:0/3192407630 learned_addr learned my addr 172.21.15.113:0/3192407630 (peer_addr_for_me v2:172.21.15.113:0/0)
2024-04-12T05:00:01.588 INFO:teuthology.orchestra.run.smithi113.stderr:/usr/bin/ceph:
2024-04-12T05:00:01.583+0000 7fe01a389700 1 -- 172.21.15.113:0/3192407630 --> [v2:172.21.15.113:3300/0,v1:172.21.15.113:6789/0] -- mon_subscribe({config=0+,monmap=0+}) v3 -- 0x7fe008009370 con 0x7fe0140fbed0
2024-04-12T05:00:01.588 INFO:teuthology.orchestra.run.smithi113.stderr:/usr/bin/ceph:
2024-04-12T05:00:01.583+0000 7fe01a389700 1 --2- 172.21.15.113:0/3192407630 >> [v2:172.21.15.113:3300/0,v1:172.21.15.113:6789/0] conn(0x7fe0140fbed0 0x7fe01410be00 secure :-1 s=READY pgs=32 cs=0 l=1 rev1=1 rx=0x7fe008011870 tx=0x7fe0080090f0).ready entity=mon.0 client_cookie=0 server_cookie=0 in_seq=0 out_seq=0
2024-04-12T05:00:01.588 INFO:teuthology.orchestra.run.smithi113.stderr:/usr/bin/ceph:
2024-04-12T05:00:01.584+0000 7fe0077fe700 1 -- 172.21.15.113:0/3192407630 <== mon.0 v2:172.21.15.113:3300/0 1 ==== mon_map magic: 0 v1 ==== 229+0+0 (secure 0 0 0) 0x7fe00801a610 con 0x7fe0140fbed0
2024-04-12T05:00:01.588 INFO:teuthology.orchestra.run.smithi113.stderr:/usr/bin/ceph:
2024-04-12T05:00:01.584+0000 7fe0077fe700 1 -- 172.21.15.113:0/3192407630 <== mon.0 v2:172.21.15.113:3300/0 2 ==== config(25 keys) v1 ==== 982+0+0 (secure 0 0 0) 0x7fe00801abc0 con 0x7fe0140fbed0
2024-04-12T05:00:01.588 INFO:teuthology.orchestra.run.smithi113.stderr:/usr/bin/ceph:
2024-04-12T05:00:01.584+0000 7fe01c5ed700 1 -- 172.21.15.113:0/3192407630 --> [v2:172.21.15.113:3300/0,v1:172.21.15.113:6789/0] -- mon_subscribe({mgrmap=0+}) v3 -- 0x7fe01410c4f0 con 0x7fe0140fbed0
2024-04-12T05:00:01.589 INFO:teuthology.orchestra.run.smithi113.stderr:/usr/bin/ceph:
2024-04-12T05:00:01.584+0000 7fe0077fe700 1 -- 172.21.15.113:0/3192407630 <== mon.0 v2:172.21.15.113:3300/0 3 ==== mon_map magic: 0 v1 ==== 229+0+0 (secure 0 0 0) 0x7fe008022a30 con 0x7fe0140fbed0
2024-04-12T05:00:01.589 INFO:teuthology.orchestra.run.smithi113.stderr:/usr/bin/ceph:
2024-04-12T05:00:01.584+0000 7fe01c5ed700 1 -- 172.21.15.113:0/3192407630 --> [v2:172.21.15.113:3300/0,v1:172.21.15.113:6789/0] -- mon_subscribe({osdmap=0}) v3 -- 0x7fe01410c900 con 0x7fe0140fbed0
2024-04-12T05:00:01.589 INFO:teuthology.orchestra.run.smithi113.stderr:/usr/bin/ceph:
2024-04-12T05:00:01.584+0000 7fe0077fe700 1 -- 172.21.15.113:0/3192407630 <== mon.0 v2:172.21.15.113:3300/0 4 ==== mgrmap(e 8) v1 ==== 38632+0+0 (secure 0 0 0) 0x7fe008022cf0 con 0x7fe0140fbed0
2024-04-12T05:00:01.589 INFO:teuthology.orchestra.run.smithi113.stderr:/usr/bin/ceph:
2024-04-12T05:00:01.585+0000 7fe0077fe700 1 --2- 172.21.15.113:0/3192407630 >> [v2:172.21.15.113:6800/2567243935,v1:172.21.15.113:6801/2567243935] conn(0x7fe000032610 0x7fe000034ad0 unknown :-1 s=NONE pgs=0 cs=0 l=1 rev1=0 rx=0 tx=0).connect
2024-04-12T05:00:01.589 INFO:teuthology.orchestra.run.smithi113.stderr:/usr/bin/ceph:
2024-04-12T05:00:01.585+0000 7fe0077fe700 1 -- 172.21.15.113:0/3192407630 <== mon.0 v2:172.21.15.113:3300/0 5 ==== osd_map(2..2 src has 1..2) v4 ==== 893+0+0 (secure 0 0 0) 0x7fe008044c40 con 0x7fe0140fbed0
2024-04-12T05:00:01.589 INFO:teuthology.orchestra.run.smithi113.stderr:/usr/bin/ceph:
2024-04-12T05:00:01.585+0000 7fe019b88700 1 --2- 172.21.15.113:0/3192407630 >> [v2:172.21.15.113:6800/2567243935,v1:172.21.15.113:6801/2567243935] conn(0x7fe000032610 0x7fe000034ad0 unknown :-1 s=BANNER_CONNECTING pgs=0 cs=0 l=1 rev1=0 rx=0 tx=0)._handle_peer_banner_payload supported=1 required=0
2024-04-12T05:00:01.589 INFO:teuthology.orchestra.run.smithi113.stderr:/usr/bin/ceph:
2024-04-12T05:00:01.585+0000 7fe01c5ed700 1 -- 172.21.15.113:0/3192407630 --> [v2:172.21.15.113:3300/0,v1:172.21.15.113:6789/0] -- mon_command({"prefix": "get_command_descriptions"} v 0) v1 -- 0x7fe014046ce0 con 0x7fe0140fbed0
2024-04-12T05:00:01.589 INFO:teuthology.orchestra.run.smithi113.stderr:/usr/bin/ceph:
2024-04-12T05:00:01.585+0000 7fe019b88700 1 --2- 172.21.15.113:0/3192407630 >> [v2:172.21.15.113:6800/2567243935,v1:172.21.15.113:6801/2567243935] conn(0x7fe000032610 0x7fe000034ad0 secure :-1 s=READY pgs=7 cs=0 l=1 rev1=1 rx=0x7fe010009780 tx=0x7fe010006cc0).ready entity=mgr.14114 client_cookie=0 server_cookie=0 in_seq=0 out_seq=0
2024-04-12T05:00:01.592 INFO:teuthology.orchestra.run.smithi113.stderr:/usr/bin/ceph:
2024-04-12T05:00:01.590+0000 7fe0077fe700 1 -- 172.21.15.113:0/3192407630 <== mon.0 v2:172.21.15.113:3300/0 6 ==== mon_command_ack([{"prefix": "get_command_descriptions"}]=0 v0) v1 ==== 72+0+163658 (secure 0 0 0) 0x7fe00801e070 con 0x7fe0140fbed0
2024-04-12T05:00:01.756 INFO:teuthology.orchestra.run.smithi113.stderr:/usr/bin/ceph:
2024-04-12T05:00:01.753+0000 7fe01c5ed700 1 -- 172.21.15.113:0/3192407630 --> [v2:172.21.15.113:6800/2567243935,v1:172.21.15.113:6801/2567243935] -- mgr_command(tid 0: {"prefix": "cephadm set-user", "user": "root", "target": ["mon-mgr", ""]}) v1 -- 0x7fe014105d40 con 0x7fe000032610
2024-04-12T05:00:01.756 INFO:teuthology.orchestra.run.smithi113.stderr:/usr/bin/ceph:
2024-04-12T05:00:01.754+0000 7fe0077fe700 1 -- 172.21.15.113:0/3192407630 <== mgr.14114 v2:172.21.15.113:6800/2567243935 1 ==== mgr_command_reply(tid 0: 0 ) v1 ==== 8+0+16 (secure 0 0 0) 0x7fe014105d40 con 0x7fe000032610
2024-04-12T05:00:01.756 INFO:teuthology.orchestra.run.smithi113.stderr:/usr/bin/ceph: value unchanged
2024-04-12T05:00:01.759 INFO:teuthology.orchestra.run.smithi113.stderr:/usr/bin/ceph:
2024-04-12T05:00:01.756+0000 7fe01c5ed700 1 -- 172.21.15.113:0/3192407630 >> [v2:172.21.15.113:6800/2567243935,v1:172.21.15.113:6801/2567243935] conn(0x7fe000032610 msgr2=0x7fe000034ad0 secure :-1 s=STATE_CONNECTION_ESTABLISHED l=1).mark_down
2024-04-12T05:00:01.759 INFO:teuthology.orchestra.run.smithi113.stderr:/usr/bin/ceph:
2024-04-12T05:00:01.756+0000 7fe01c5ed700 1 --2- 172.21.15.113:0/3192407630 >> [v2:172.21.15.113:6800/2567243935,v1:172.21.15.113:6801/2567243935] conn(0x7fe000032610 0x7fe000034ad0 secure :-1 s=READY pgs=7 cs=0 l=1 rev1=1 rx=0x7fe010009780 tx=0x7fe010006cc0).stop
2024-04-12T05:00:01.759 INFO:teuthology.orchestra.run.smithi113.stderr:/usr/bin/ceph:
2024-04-12T05:00:01.756+0000 7fe01c5ed700 1 -- 172.21.15.113:0/3192407630 >> [v2:172.21.15.113:3300/0,v1:172.21.15.113:6789/0] conn(0x7fe0140fbed0 msgr2=0x7fe01410be00 secure :-1 s=STATE_CONNECTION_ESTABLISHED l=1).mark_down
2024-04-12T05:00:01.759 INFO:teuthology.orchestra.run.smithi113.stderr:/usr/bin/ceph:
2024-04-12T05:00:01.756+0000 7fe01c5ed700 1 --2- 172.21.15.113:0/3192407630 >> [v2:172.21.15.113:3300/0,v1:172.21.15.113:6789/0] conn(0x7fe0140fbed0 0x7fe01410be00 secure :-1 s=READY pgs=32 cs=0 l=1 rev1=1 rx=0x7fe008011870 tx=0x7fe0080090f0).stop
2024-04-12T05:00:01.759 INFO:teuthology.orchestra.run.smithi113.stderr:/usr/bin/ceph:
2024-04-12T05:00:01.756+0000 7fe01c5ed700 1 -- 172.21.15.113:0/3192407630 shutdown_connections
2024-04-12T05:00:01.759 INFO:teuthology.orchestra.run.smithi113.stderr:/usr/bin/ceph:
2024-04-12T05:00:01.756+0000 7fe01c5ed700 1 --2- 172.21.15.113:0/3192407630 >> [v2:172.21.15.113:6800/2567243935,v1:172.21.15.113:6801/2567243935] conn(0x7fe000032610 0x7fe000034ad0 unknown :-1 s=CLOSED pgs=7 cs=0 l=1 rev1=1 rx=0 tx=0).stop
2024-04-12T05:00:01.759 INFO:teuthology.orchestra.run.smithi113.stderr:/usr/bin/ceph:
2024-04-12T05:00:01.756+0000 7fe01c5ed700 1 --2- 172.21.15.113:0/3192407630 >> [v2:172.21.15.113:3300/0,v1:172.21.15.113:6789/0] conn(0x7fe0140fbed0 0x7fe01410be00 unknown :-1 s=CLOSED pgs=32 cs=0 l=1 rev1=1 rx=0 tx=0).stop
2024-04-12T05:00:01.759 INFO:teuthology.orchestra.run.smithi113.stderr:/usr/bin/ceph:
2024-04-12T05:00:01.756+0000 7fe01c5ed700 1 -- 172.21.15.113:0/3192407630 >> 172.21.15.113:0/3192407630 conn(0x7fe0140f76f0 msgr2=0x7fe0140f82f0 unknown :-1 s=STATE_NONE l=0).mark_down
2024-04-12T05:00:01.759 INFO:teuthology.orchestra.run.smithi113.stderr:/usr/bin/ceph:
2024-04-12T05:00:01.756+0000 7fe01c5ed700 1 -- 172.21.15.113:0/3192407630 shutdown_connections
2024-04-12T05:00:01.760 INFO:teuthology.orchestra.run.smithi113.stderr:/usr/bin/ceph:
2024-04-12T05:00:01.756+0000 7fe01c5ed700 1 -- 172.21.15.113:0/3192407630 wait complete.
2024-04-12T05:00:02.418 INFO:teuthology.orchestra.run.smithi113.stderr:Generating ssh key...
2024-04-12T05:00:02.674 INFO:journalctl@ceph.mon.smithi113.smithi113.stdout:Apr 12 05:00:02 smithi113 ceph-52321e2c-f889-11ee-bc8c-c7b262605968-mon-smithi113[39678]: audit
2024-04-12T05:00:01.754949+0000 mgr.smithi113.ctsazg (mgr.14114) 5 : audit [DBG] from='client.14126 -' entity='client.admin' cmd=[{"prefix": "cephadm set-user", "user": "root", "target": ["mon-mgr", ""]}]: dispatch
2024-04-12T05:00:02.968 INFO:teuthology.orchestra.run.smithi113.stderr:/usr/bin/ceph:
2024-04-12T05:00:02.963+0000 7fc1bfd67700 1 Processor -- start
2024-04-12T05:00:02.968 INFO:teuthology.orchestra.run.smithi113.stderr:/usr/bin/ceph:
2024-04-12T05:00:02.964+0000 7fc1bfd67700 1 -- start start
2024-04-12T05:00:02.968 INFO:teuthology.orchestra.run.smithi113.stderr:/usr/bin/ceph:
2024-04-12T05:00:02.964+0000 7fc1bfd67700 1 --2- >> [v2:172.21.15.113:3300/0,v1:172.21.15.113:6789/0] conn(0x7fc1b8071c60 0x7fc1b80ffc30 unknown :-1 s=NONE pgs=0 cs=0 l=0 rev1=0 rx=0 tx=0).connect
2024-04-12T05:00:02.968 INFO:teuthology.orchestra.run.smithi113.stderr:/usr/bin/ceph:
2024-04-12T05:00:02.964+0000 7fc1bfd67700 1 -- --> [v2:172.21.15.113:3300/0,v1:172.21.15.113:6789/0] -- mon_getmap magic: 0 v1 -- 0x7fc1b8100120 con 0x7fc1b8071c60
2024-04-12T05:00:02.968 INFO:teuthology.orchestra.run.smithi113.stderr:/usr/bin/ceph:
2024-04-12T05:00:02.964+0000 7fc1bdb03700 1 --2- >> [v2:172.21.15.113:3300/0,v1:172.21.15.113:6789/0] conn(0x7fc1b8071c60 0x7fc1b80ffc30 unknown :-1 s=BANNER_CONNECTING pgs=0 cs=0 l=0 rev1=0 rx=0 tx=0)._handle_peer_banner_payload supported=1 required=0
2024-04-12T05:00:02.968 INFO:teuthology.orchestra.run.smithi113.stderr:/usr/bin/ceph:
2024-04-12T05:00:02.964+0000 7fc1bdb03700 1 --2- >> [v2:172.21.15.113:3300/0,v1:172.21.15.113:6789/0] conn(0x7fc1b8071c60 0x7fc1b80ffc30 unknown :-1 s=HELLO_CONNECTING pgs=0 cs=0 l=0 rev1=1 rx=0 tx=0).handle_hello peer v2:172.21.15.113:3300/0 says I am v2:172.21.15.113:49082/0 (socket says 172.21.15.113:49082)
2024-04-12T05:00:02.968 INFO:teuthology.orchestra.run.smithi113.stderr:/usr/bin/ceph:
2024-04-12T05:00:02.964+0000 7fc1bdb03700 1 -- 172.21.15.113:0/138443208 learned_addr learned my addr 172.21.15.113:0/138443208 (peer_addr_for_me v2:172.21.15.113:0/0)
2024-04-12T05:00:02.968 INFO:teuthology.orchestra.run.smithi113.stderr:/usr/bin/ceph:
2024-04-12T05:00:02.964+0000 7fc1bdb03700 1 -- 172.21.15.113:0/138443208 --> [v2:172.21.15.113:3300/0,v1:172.21.15.113:6789/0] -- mon_subscribe({config=0+,monmap=0+}) v3 -- 0x7fc1b8100260 con 0x7fc1b8071c60
2024-04-12T05:00:02.968 INFO:teuthology.orchestra.run.smithi113.stderr:/usr/bin/ceph:
2024-04-12T05:00:02.964+0000 7fc1bdb03700 1 --2- 172.21.15.113:0/138443208 >> [v2:172.21.15.113:3300/0,v1:172.21.15.113:6789/0] conn(0x7fc1b8071c60 0x7fc1b80ffc30 secure :-1 s=READY pgs=33 cs=0 l=1 rev1=1 rx=0x7fc1a8009730 tx=0x7fc1a80090f0).ready entity=mon.0 client_cookie=de859805af6c787a server_cookie=0 in_seq=0 out_seq=0
2024-04-12T05:00:02.968 INFO:teuthology.orchestra.run.smithi113.stderr:/usr/bin/ceph:
2024-04-12T05:00:02.964+0000 7fc1bcb01700 1 -- 172.21.15.113:0/138443208 <== mon.0 v2:172.21.15.113:3300/0 1 ==== mon_map magic: 0 v1 ==== 229+0+0 (secure 0 0 0) 0x7fc1a800b6e0 con 0x7fc1b8071c60
2024-04-12T05:00:02.968 INFO:teuthology.orchestra.run.smithi113.stderr:/usr/bin/ceph:
2024-04-12T05:00:02.965+0000 7fc1bcb01700 1 -- 172.21.15.113:0/138443208 <== mon.0 v2:172.21.15.113:3300/0 2 ==== config(25 keys) v1 ==== 982+0+0 (secure 0 0 0) 0x7fc1a800bc90 con 0x7fc1b8071c60
2024-04-12T05:00:02.968 INFO:teuthology.orchestra.run.smithi113.stderr:/usr/bin/ceph:
2024-04-12T05:00:02.965+0000 7fc1bcb01700 1 -- 172.21.15.113:0/138443208 <== mon.0 v2:172.21.15.113:3300/0 3 ==== mon_map magic: 0 v1 ==== 229+0+0 (secure 0 0 0) 0x7fc1a8011c70 con 0x7fc1b8071c60
2024-04-12T05:00:02.969 INFO:teuthology.orchestra.run.smithi113.stderr:/usr/bin/ceph:
2024-04-12T05:00:02.965+0000 7fc1bfd67700 1 -- 172.21.15.113:0/138443208 >> [v2:172.21.15.113:3300/0,v1:172.21.15.113:6789/0] conn(0x7fc1b8071c60 msgr2=0x7fc1b80ffc30 secure :-1 s=STATE_CONNECTION_ESTABLISHED l=1).mark_down
2024-04-12T05:00:02.969 INFO:teuthology.orchestra.run.smithi113.stderr:/usr/bin/ceph:
2024-04-12T05:00:02.965+0000 7fc1bfd67700 1 --2- 172.21.15.113:0/138443208 >> [v2:172.21.15.113:3300/0,v1:172.21.15.113:6789/0] conn(0x7fc1b8071c60 0x7fc1b80ffc30 secure :-1 s=READY pgs=33 cs=0 l=1 rev1=1 rx=0x7fc1a8009730 tx=0x7fc1a80090f0).stop
2024-04-12T05:00:02.969 INFO:teuthology.orchestra.run.smithi113.stderr:/usr/bin/ceph:
2024-04-12T05:00:02.965+0000 7fc1bfd67700 1 -- 172.21.15.113:0/138443208 shutdown_connections
2024-04-12T05:00:02.969 INFO:teuthology.orchestra.run.smithi113.stderr:/usr/bin/ceph:
2024-04-12T05:00:02.965+0000 7fc1bfd67700 1 --2- 172.21.15.113:0/138443208 >> [v2:172.21.15.113:3300/0,v1:172.21.15.113:6789/0] conn(0x7fc1b8071c60 0x7fc1b80ffc30 unknown :-1 s=CLOSED pgs=33 cs=0 l=1 rev1=1 rx=0 tx=0).stop
2024-04-12T05:00:02.969 INFO:teuthology.orchestra.run.smithi113.stderr:/usr/bin/ceph:
2024-04-12T05:00:02.965+0000 7fc1bfd67700 1 -- 172.21.15.113:0/138443208 >> 172.21.15.113:0/138443208 conn(0x7fc1b80f76f0 msgr2=0x7fc1b80f9b10 unknown :-1 s=STATE_NONE l=0).mark_down
2024-04-12T05:00:02.969 INFO:teuthology.orchestra.run.smithi113.stderr:/usr/bin/ceph:
2024-04-12T05:00:02.965+0000 7fc1bfd67700 1 -- 172.21.15.113:0/138443208 shutdown_connections
2024-04-12T05:00:02.969 INFO:teuthology.orchestra.run.smithi113.stderr:/usr/bin/ceph:
2024-04-12T05:00:02.965+0000 7fc1bfd67700 1 -- 172.21.15.113:0/138443208 wait complete.
2024-04-12T05:00:02.971 INFO:teuthology.orchestra.run.smithi113.stderr:/usr/bin/ceph:
2024-04-12T05:00:02.966+0000 7fc1bfd67700 1 Processor -- start
2024-04-12T05:00:02.971 INFO:teuthology.orchestra.run.smithi113.stderr:/usr/bin/ceph:
2024-04-12T05:00:02.966+0000 7fc1bfd67700 1 -- start start
2024-04-12T05:00:02.971 INFO:teuthology.orchestra.run.smithi113.stderr:/usr/bin/ceph:
2024-04-12T05:00:02.966+0000 7fc1bfd67700 1 --2- >> [v2:172.21.15.113:3300/0,v1:172.21.15.113:6789/0] conn(0x7fc1b8071c60 0x7fc1b810be00 unknown :-1 s=NONE pgs=0 cs=0 l=1 rev1=0 rx=0 tx=0).connect
2024-04-12T05:00:02.971 INFO:teuthology.orchestra.run.smithi113.stderr:/usr/bin/ceph:
2024-04-12T05:00:02.966+0000 7fc1bfd67700 1 -- --> [v2:172.21.15.113:3300/0,v1:172.21.15.113:6789/0] -- mon_getmap magic: 0 v1 -- 0x7fc1b810c2f0 con 0x7fc1b8071c60
2024-04-12T05:00:02.971 INFO:teuthology.orchestra.run.smithi113.stderr:/usr/bin/ceph:
2024-04-12T05:00:02.966+0000 7fc1bdb03700 1 --2- >> [v2:172.21.15.113:3300/0,v1:172.21.15.113:6789/0] conn(0x7fc1b8071c60 0x7fc1b810be00 unknown :-1 s=BANNER_CONNECTING pgs=0 cs=0 l=1 rev1=0 rx=0 tx=0)._handle_peer_banner_payload supported=1 required=0
2024-04-12T05:00:02.971 INFO:teuthology.orchestra.run.smithi113.stderr:/usr/bin/ceph:
2024-04-12T05:00:02.966+0000 7fc1bdb03700 1 --2- >> [v2:172.21.15.113:3300/0,v1:172.21.15.113:6789/0] conn(0x7fc1b8071c60 0x7fc1b810be00 unknown :-1 s=HELLO_CONNECTING pgs=0 cs=0 l=1 rev1=1 rx=0 tx=0).handle_hello peer v2:172.21.15.113:3300/0 says I am v2:172.21.15.113:49094/0 (socket says 172.21.15.113:49094)
2024-04-12T05:00:02.971 INFO:teuthology.orchestra.run.smithi113.stderr:/usr/bin/ceph:
2024-04-12T05:00:02.966+0000 7fc1bdb03700 1 -- 172.21.15.113:0/2213945445 learned_addr learned my addr 172.21.15.113:0/2213945445 (peer_addr_for_me v2:172.21.15.113:0/0)
2024-04-12T05:00:02.971 INFO:teuthology.orchestra.run.smithi113.stderr:/usr/bin/ceph:
2024-04-12T05:00:02.967+0000 7fc1bdb03700 1 -- 172.21.15.113:0/2213945445 --> [v2:172.21.15.113:3300/0,v1:172.21.15.113:6789/0] -- mon_subscribe({config=0+,monmap=0+}) v3 -- 0x7fc1a8009370 con 0x7fc1b8071c60
2024-04-12T05:00:02.971 INFO:teuthology.orchestra.run.smithi113.stderr:/usr/bin/ceph:
2024-04-12T05:00:02.967+0000 7fc1bdb03700 1 --2- 172.21.15.113:0/2213945445 >> [v2:172.21.15.113:3300/0,v1:172.21.15.113:6789/0] conn(0x7fc1b8071c60 0x7fc1b810be00 secure :-1 s=READY pgs=34 cs=0 l=1 rev1=1 rx=0x7fc1a8000c00 tx=0x7fc1a80090f0).ready entity=mon.0 client_cookie=0 server_cookie=0 in_seq=0 out_seq=0
2024-04-12T05:00:02.971 INFO:teuthology.orchestra.run.smithi113.stderr:/usr/bin/ceph:
2024-04-12T05:00:02.967+0000 7fc1aeffd700 1 -- 172.21.15.113:0/2213945445 <== mon.0 v2:172.21.15.113:3300/0 1 ==== mon_map magic: 0 v1 ==== 229+0+0 (secure 0 0 0) 0x7fc1a801a610 con 0x7fc1b8071c60
2024-04-12T05:00:02.971 INFO:teuthology.orchestra.run.smithi113.stderr:/usr/bin/ceph:
2024-04-12T05:00:02.967+0000 7fc1aeffd700 1 -- 172.21.15.113:0/2213945445 <== mon.0 v2:172.21.15.113:3300/0 2 ==== config(25 keys) v1 ==== 982+0+0 (secure 0 0 0) 0x7fc1a801abc0 con 0x7fc1b8071c60
2024-04-12T05:00:02.971 INFO:teuthology.orchestra.run.smithi113.stderr:/usr/bin/ceph:
2024-04-12T05:00:02.967+0000 7fc1bfd67700 1 -- 172.21.15.113:0/2213945445 --> [v2:172.21.15.113:3300/0,v1:172.21.15.113:6789/0] -- mon_subscribe({mgrmap=0+}) v3 -- 0x7fc1b810c4f0 con 0x7fc1b8071c60
2024-04-12T05:00:02.972 INFO:teuthology.orchestra.run.smithi113.stderr:/usr/bin/ceph:
2024-04-12T05:00:02.967+0000 7fc1aeffd700 1 -- 172.21.15.113:0/2213945445 <== mon.0 v2:172.21.15.113:3300/0 3 ==== mon_map magic: 0 v1 ==== 229+0+0 (secure 0 0 0) 0x7fc1a8022a20 con 0x7fc1b8071c60
2024-04-12T05:00:02.972 INFO:teuthology.orchestra.run.smithi113.stderr:/usr/bin/ceph:
2024-04-12T05:00:02.967+0000 7fc1bfd67700 1 -- 172.21.15.113:0/2213945445 --> [v2:172.21.15.113:3300/0,v1:172.21.15.113:6789/0] -- mon_subscribe({osdmap=0}) v3 -- 0x7fc1b810c900 con 0x7fc1b8071c60
2024-04-12T05:00:02.972 INFO:teuthology.orchestra.run.smithi113.stderr:/usr/bin/ceph:
2024-04-12T05:00:02.968+0000 7fc1aeffd700 1 -- 172.21.15.113:0/2213945445 <== mon.0 v2:172.21.15.113:3300/0 4 ==== mgrmap(e 8) v1 ==== 38632+0+0 (secure 0 0 0) 0x7fc1a8022c90 con 0x7fc1b8071c60
2024-04-12T05:00:02.972 INFO:teuthology.orchestra.run.smithi113.stderr:/usr/bin/ceph:
2024-04-12T05:00:02.968+0000 7fc1bfd67700 1 -- 172.21.15.113:0/2213945445 --> [v2:172.21.15.113:3300/0,v1:172.21.15.113:6789/0] -- mon_command({"prefix": "get_command_descriptions"} v 0) v1 -- 0x7fc1b8046ce0 con 0x7fc1b8071c60
2024-04-12T05:00:02.972 INFO:teuthology.orchestra.run.smithi113.stderr:/usr/bin/ceph:
2024-04-12T05:00:02.968+0000 7fc1aeffd700 1 --2- 172.21.15.113:0/2213945445 >> [v2:172.21.15.113:6800/2567243935,v1:172.21.15.113:6801/2567243935] conn(0x7fc1a40326b0 0x7fc1a4034b70 unknown :-1 s=NONE pgs=0 cs=0 l=1 rev1=0 rx=0 tx=0).connect
2024-04-12T05:00:02.972 INFO:teuthology.orchestra.run.smithi113.stderr:/usr/bin/ceph:
2024-04-12T05:00:02.968+0000 7fc1aeffd700 1 -- 172.21.15.113:0/2213945445 <== mon.0 v2:172.21.15.113:3300/0 5 ==== osd_map(2..2 src has 1..2) v4 ==== 893+0+0 (secure 0 0 0) 0x7fc1a8044b30 con 0x7fc1b8071c60
2024-04-12T05:00:02.972 INFO:teuthology.orchestra.run.smithi113.stderr:/usr/bin/ceph:
2024-04-12T05:00:02.968+0000 7fc1bd302700 1 --2- 172.21.15.113:0/2213945445 >> [v2:172.21.15.113:6800/2567243935,v1:172.21.15.113:6801/2567243935] conn(0x7fc1a40326b0 0x7fc1a4034b70 unknown :-1 s=BANNER_CONNECTING pgs=0 cs=0 l=1 rev1=0 rx=0 tx=0)._handle_peer_banner_payload supported=1 required=0
2024-04-12T05:00:02.972 INFO:teuthology.orchestra.run.smithi113.stderr:/usr/bin/ceph:
2024-04-12T05:00:02.969+0000 7fc1bd302700 1 --2- 172.21.15.113:0/2213945445 >> [v2:172.21.15.113:6800/2567243935,v1:172.21.15.113:6801/2567243935] conn(0x7fc1a40326b0 0x7fc1a4034b70 secure :-1 s=READY pgs=8 cs=0 l=1 rev1=1 rx=0x7fc1b4009780 tx=0x7fc1b4006cc0).ready entity=mgr.14114 client_cookie=0 server_cookie=0 in_seq=0 out_seq=0
2024-04-12T05:00:02.975 INFO:teuthology.orchestra.run.smithi113.stderr:/usr/bin/ceph:
2024-04-12T05:00:02.973+0000 7fc1aeffd700 1 -- 172.21.15.113:0/2213945445 <== mon.0 v2:172.21.15.113:3300/0 6 ==== mon_command_ack([{"prefix": "get_command_descriptions"}]=0 v0) v1 ==== 72+0+163658 (secure 0 0 0) 0x7fc1a801ad30 con 0x7fc1b8071c60
2024-04-12T05:00:03.137 INFO:teuthology.orchestra.run.smithi113.stderr:/usr/bin/ceph:
2024-04-12T05:00:03.135+0000 7fc1bfd67700 1 -- 172.21.15.113:0/2213945445 --> [v2:172.21.15.113:6800/2567243935,v1:172.21.15.113:6801/2567243935] -- mgr_command(tid 0: {"prefix": "cephadm generate-key", "target": ["mon-mgr", ""]}) v1 -- 0x7fc1b810d100 con 0x7fc1a40326b0
2024-04-12T05:00:03.667 INFO:teuthology.orchestra.run.smithi113.stderr:/usr/bin/ceph:
2024-04-12T05:00:03.665+0000 7fc1aeffd700 1 -- 172.21.15.113:0/2213945445 <== mgr.14114 v2:172.21.15.113:6800/2567243935 1 ==== mgr_command_reply(tid 0: 0 ) v1 ==== 8+0+0 (secure 0 0 0) 0x7fc1b810d100 con 0x7fc1a40326b0
2024-04-12T05:00:03.670 INFO:teuthology.orchestra.run.smithi113.stderr:/usr/bin/ceph:
2024-04-12T05:00:03.667+0000 7fc1bfd67700 1 -- 172.21.15.113:0/2213945445 >> [v2:172.21.15.113:6800/2567243935,v1:172.21.15.113:6801/2567243935] conn(0x7fc1a40326b0 msgr2=0x7fc1a4034b70 secure :-1 s=STATE_CONNECTION_ESTABLISHED l=1).mark_down
2024-04-12T05:00:03.670 INFO:teuthology.orchestra.run.smithi113.stderr:/usr/bin/ceph:
2024-04-12T05:00:03.667+0000 7fc1bfd67700 1 --2- 172.21.15.113:0/2213945445 >> [v2:172.21.15.113:6800/2567243935,v1:172.21.15.113:6801/2567243935] conn(0x7fc1a40326b0 0x7fc1a4034b70 secure :-1 s=READY pgs=8 cs=0 l=1 rev1=1 rx=0x7fc1b4009780 tx=0x7fc1b4006cc0).stop
2024-04-12T05:00:03.670 INFO:teuthology.orchestra.run.smithi113.stderr:/usr/bin/ceph:
2024-04-12T05:00:03.667+0000 7fc1bfd67700 1 -- 172.21.15.113:0/2213945445 >> [v2:172.21.15.113:3300/0,v1:172.21.15.113:6789/0] conn(0x7fc1b8071c60 msgr2=0x7fc1b810be00 secure :-1 s=STATE_CONNECTION_ESTABLISHED l=1).mark_down
2024-04-12T05:00:03.670 INFO:teuthology.orchestra.run.smithi113.stderr:/usr/bin/ceph:
2024-04-12T05:00:03.667+0000 7fc1bfd67700 1 --2- 172.21.15.113:0/2213945445 >> [v2:172.21.15.113:3300/0,v1:172.21.15.113:6789/0] conn(0x7fc1b8071c60 0x7fc1b810be00 secure :-1 s=READY pgs=34 cs=0 l=1 rev1=1 rx=0x7fc1a8000c00 tx=0x7fc1a80090f0).stop
2024-04-12T05:00:03.670 INFO:teuthology.orchestra.run.smithi113.stderr:/usr/bin/ceph:
2024-04-12T05:00:03.667+0000 7fc1bfd67700 1 -- 172.21.15.113:0/2213945445 shutdown_connections
2024-04-12T05:00:03.670 INFO:teuthology.orchestra.run.smithi113.stderr:/usr/bin/ceph:
2024-04-12T05:00:03.667+0000 7fc1bfd67700 1 --2- 172.21.15.113:0/2213945445 >> [v2:172.21.15.113:6800/2567243935,v1:172.21.15.113:6801/2567243935] conn(0x7fc1a40326b0 0x7fc1a4034b70 unknown :-1 s=CLOSED pgs=8 cs=0 l=1 rev1=1 rx=0 tx=0).stop
2024-04-12T05:00:03.670 INFO:teuthology.orchestra.run.smithi113.stderr:/usr/bin/ceph:
2024-04-12T05:00:03.667+0000 7fc1bfd67700 1 --2- 172.21.15.113:0/2213945445 >> [v2:172.21.15.113:3300/0,v1:172.21.15.113:6789/0] conn(0x7fc1b8071c60 0x7fc1b810be00 unknown :-1 s=CLOSED pgs=34 cs=0 l=1 rev1=1 rx=0 tx=0).stop
2024-04-12T05:00:03.670 INFO:teuthology.orchestra.run.smithi113.stderr:/usr/bin/ceph:
2024-04-12T05:00:03.667+0000 7fc1bfd67700 1 -- 172.21.15.113:0/2213945445 >> 172.21.15.113:0/2213945445 conn(0x7fc1b80f76f0 msgr2=0x7fc1b80f9130 unknown :-1 s=STATE_NONE l=0).mark_down
2024-04-12T05:00:03.670 INFO:teuthology.orchestra.run.smithi113.stderr:/usr/bin/ceph:
2024-04-12T05:00:03.667+0000 7fc1bfd67700 1 -- 172.21.15.113:0/2213945445 shutdown_connections
2024-04-12T05:00:03.670 INFO:teuthology.orchestra.run.smithi113.stderr:/usr/bin/ceph:
2024-04-12T05:00:03.667+0000 7fc1bfd67700 1 -- 172.21.15.113:0/2213945445 wait complete.
2024-04-12T05:00:03.924 INFO:journalctl@ceph.mon.smithi113.smithi113.stdout:Apr 12 05:00:03 smithi113 ceph-52321e2c-f889-11ee-bc8c-c7b262605968-mon-smithi113[39678]: audit
2024-04-12T05:00:03.136556+0000 mgr.smithi113.ctsazg (mgr.14114) 6 : audit [DBG] from='client.14128 -' entity='client.admin' cmd=[{"prefix": "cephadm generate-key", "target": ["mon-mgr", ""]}]: dispatch
2024-04-12T05:00:03.924 INFO:journalctl@ceph.mon.smithi113.smithi113.stdout:Apr 12 05:00:03 smithi113 ceph-52321e2c-f889-11ee-bc8c-c7b262605968-mon-smithi113[39678]: cephadm
2024-04-12T05:00:03.136777+0000 mgr.smithi113.ctsazg (mgr.14114) 7 : cephadm [INF] Generating ssh key...
2024-04-12T05:00:04.864 INFO:teuthology.orchestra.run.smithi113.stderr:/usr/bin/ceph:
2024-04-12T05:00:04.859+0000 7f98d0854700 1 Processor -- start
2024-04-12T05:00:04.864 INFO:teuthology.orchestra.run.smithi113.stderr:/usr/bin/ceph:
2024-04-12T05:00:04.859+0000 7f98d0854700 1 -- start start
2024-04-12T05:00:04.865 INFO:teuthology.orchestra.run.smithi113.stderr:/usr/bin/ceph:
2024-04-12T05:00:04.859+0000 7f98d0854700 1 --2- >> [v2:172.21.15.113:3300/0,v1:172.21.15.113:6789/0] conn(0x7f98cc071c60 0x7f98cc0ffc30 unknown :-1 s=NONE pgs=0 cs=0 l=0 rev1=0 rx=0 tx=0).connect
2024-04-12T05:00:04.865 INFO:teuthology.orchestra.run.smithi113.stderr:/usr/bin/ceph:
2024-04-12T05:00:04.859+0000 7f98d0854700 1 -- --> [v2:172.21.15.113:3300/0,v1:172.21.15.113:6789/0] -- mon_getmap magic: 0 v1 -- 0x7f98cc100120 con 0x7f98cc071c60
2024-04-12T05:00:04.865 INFO:teuthology.orchestra.run.smithi113.stderr:/usr/bin/ceph:
2024-04-12T05:00:04.859+0000 7f98ca59c700 1 --2- >> [v2:172.21.15.113:3300/0,v1:172.21.15.113:6789/0] conn(0x7f98cc071c60 0x7f98cc0ffc30 unknown :-1 s=BANNER_CONNECTING pgs=0 cs=0 l=0 rev1=0 rx=0 tx=0)._handle_peer_banner_payload supported=1 required=0
2024-04-12T05:00:04.865 INFO:teuthology.orchestra.run.smithi113.stderr:/usr/bin/ceph:
2024-04-12T05:00:04.859+0000 7f98ca59c700 1 --2- >> [v2:172.21.15.113:3300/0,v1:172.21.15.113:6789/0] conn(0x7f98cc071c60 0x7f98cc0ffc30 unknown :-1 s=HELLO_CONNECTING pgs=0 cs=0 l=0 rev1=1 rx=0 tx=0).handle_hello peer v2:172.21.15.113:3300/0 says I am v2:172.21.15.113:49100/0 (socket says 172.21.15.113:49100)
2024-04-12T05:00:04.865 INFO:teuthology.orchestra.run.smithi113.stderr:/usr/bin/ceph:
2024-04-12T05:00:04.859+0000 7f98ca59c700 1 -- 172.21.15.113:0/828507828 learned_addr learned my addr 172.21.15.113:0/828507828 (peer_addr_for_me v2:172.21.15.113:0/0)
2024-04-12T05:00:04.865 INFO:teuthology.orchestra.run.smithi113.stderr:/usr/bin/ceph:
2024-04-12T05:00:04.859+0000 7f98ca59c700 1 -- 172.21.15.113:0/828507828 --> [v2:172.21.15.113:3300/0,v1:172.21.15.113:6789/0] -- mon_subscribe({config=0+,monmap=0+}) v3 -- 0x7f98cc100260 con 0x7f98cc071c60
2024-04-12T05:00:04.865 INFO:teuthology.orchestra.run.smithi113.stderr:/usr/bin/ceph:
2024-04-12T05:00:04.860+0000 7f98ca59c700 1 --2- 172.21.15.113:0/828507828 >> [v2:172.21.15.113:3300/0,v1:172.21.15.113:6789/0] conn(0x7f98cc071c60 0x7f98cc0ffc30 secure :-1 s=READY pgs=35 cs=0 l=1 rev1=1 rx=0x7f98bc009730 tx=0x7f98bc0090f0).ready entity=mon.0 client_cookie=1324b2e8502905ff server_cookie=0 in_seq=0 out_seq=0
2024-04-12T05:00:04.865 INFO:teuthology.orchestra.run.smithi113.stderr:/usr/bin/ceph:
2024-04-12T05:00:04.860+0000 7f98c959a700 1 -- 172.21.15.113:0/828507828 <== mon.0 v2:172.21.15.113:3300/0 1 ==== mon_map magic: 0 v1 ==== 229+0+0 (secure 0 0 0) 0x7f98bc00b6e0 con 0x7f98cc071c60
2024-04-12T05:00:04.865 INFO:teuthology.orchestra.run.smithi113.stderr:/usr/bin/ceph:
2024-04-12T05:00:04.860+0000 7f98c959a700 1 -- 172.21.15.113:0/828507828 <== mon.0 v2:172.21.15.113:3300/0 2 ==== config(25 keys) v1 ==== 982+0+0 (secure 0 0 0) 0x7f98bc00bc90 con 0x7f98cc071c60
2024-04-12T05:00:04.865 INFO:teuthology.orchestra.run.smithi113.stderr:/usr/bin/ceph:
2024-04-12T05:00:04.860+0000 7f98c959a700 1 -- 172.21.15.113:0/828507828 <== mon.0 v2:172.21.15.113:3300/0 3 ==== mon_map magic: 0 v1 ==== 229+0+0 (secure 0 0 0) 0x7f98bc011c70 con 0x7f98cc071c60
2024-04-12T05:00:04.865 INFO:teuthology.orchestra.run.smithi113.stderr:/usr/bin/ceph:
2024-04-12T05:00:04.860+0000 7f98d0854700 1 -- 172.21.15.113:0/828507828 >> [v2:172.21.15.113:3300/0,v1:172.21.15.113:6789/0] conn(0x7f98cc071c60 msgr2=0x7f98cc0ffc30 secure :-1 s=STATE_CONNECTION_ESTABLISHED l=1).mark_down
2024-04-12T05:00:04.865 INFO:teuthology.orchestra.run.smithi113.stderr:/usr/bin/ceph:
2024-04-12T05:00:04.860+0000 7f98d0854700 1 --2- 172.21.15.113:0/828507828 >> [v2:172.21.15.113:3300/0,v1:172.21.15.113:6789/0] conn(0x7f98cc071c60 0x7f98cc0ffc30 secure :-1 s=READY pgs=35 cs=0 l=1 rev1=1 rx=0x7f98bc009730 tx=0x7f98bc0090f0).stop
2024-04-12T05:00:04.865 INFO:teuthology.orchestra.run.smithi113.stderr:/usr/bin/ceph:
2024-04-12T05:00:04.860+0000 7f98d0854700 1 -- 172.21.15.113:0/828507828 shutdown_connections
2024-04-12T05:00:04.865 INFO:teuthology.orchestra.run.smithi113.stderr:/usr/bin/ceph:
2024-04-12T05:00:04.860+0000 7f98d0854700 1 --2- 172.21.15.113:0/828507828 >> [v2:172.21.15.113:3300/0,v1:172.21.15.113:6789/0] conn(0x7f98cc071c60 0x7f98cc0ffc30 unknown :-1 s=CLOSED pgs=35 cs=0 l=1 rev1=1 rx=0 tx=0).stop
2024-04-12T05:00:04.865 INFO:teuthology.orchestra.run.smithi113.stderr:/usr/bin/ceph:
2024-04-12T05:00:04.860+0000 7f98d0854700 1 -- 172.21.15.113:0/828507828 >> 172.21.15.113:0/828507828 conn(0x7f98cc0f76f0 msgr2=0x7f98cc0f9b10 unknown :-1 s=STATE_NONE l=0).mark_down
2024-04-12T05:00:04.866 INFO:teuthology.orchestra.run.smithi113.stderr:/usr/bin/ceph:
2024-04-12T05:00:04.860+0000 7f98d0854700 1 -- 172.21.15.113:0/828507828 shutdown_connections
2024-04-12T05:00:04.866 INFO:teuthology.orchestra.run.smithi113.stderr:/usr/bin/ceph:
2024-04-12T05:00:04.861+0000 7f98d0854700 1 -- 172.21.15.113:0/828507828 wait complete.
2024-04-12T05:00:04.866 INFO:teuthology.orchestra.run.smithi113.stderr:/usr/bin/ceph:
2024-04-12T05:00:04.861+0000 7f98d0854700 1 Processor -- start
2024-04-12T05:00:04.866 INFO:teuthology.orchestra.run.smithi113.stderr:/usr/bin/ceph:
2024-04-12T05:00:04.861+0000 7f98d0854700 1 -- start start
2024-04-12T05:00:04.866 INFO:teuthology.orchestra.run.smithi113.stderr:/usr/bin/ceph:
2024-04-12T05:00:04.861+0000 7f98d0854700 1 --2- >> [v2:172.21.15.113:3300/0,v1:172.21.15.113:6789/0] conn(0x7f98cc071c60 0x7f98cc10be00 unknown :-1 s=NONE pgs=0 cs=0 l=1 rev1=0 rx=0 tx=0).connect
2024-04-12T05:00:04.866 INFO:teuthology.orchestra.run.smithi113.stderr:/usr/bin/ceph:
2024-04-12T05:00:04.861+0000 7f98d0854700 1 -- --> [v2:172.21.15.113:3300/0,v1:172.21.15.113:6789/0] -- mon_getmap magic: 0 v1 -- 0x7f98cc10c2f0 con 0x7f98cc071c60
2024-04-12T05:00:04.866 INFO:teuthology.orchestra.run.smithi113.stderr:/usr/bin/ceph:
2024-04-12T05:00:04.862+0000 7f98ca59c700 1 --2- >> [v2:172.21.15.113:3300/0,v1:172.21.15.113:6789/0] conn(0x7f98cc071c60 0x7f98cc10be00 unknown :-1 s=BANNER_CONNECTING pgs=0 cs=0 l=1 rev1=0 rx=0 tx=0)._handle_peer_banner_payload supported=1 required=0
2024-04-12T05:00:04.866 INFO:teuthology.orchestra.run.smithi113.stderr:/usr/bin/ceph:
2024-04-12T05:00:04.862+0000 7f98ca59c700 1 --2- >> [v2:172.21.15.113:3300/0,v1:172.21.15.113:6789/0] conn(0x7f98cc071c60 0x7f98cc10be00 unknown :-1 s=HELLO_CONNECTING pgs=0 cs=0 l=1 rev1=1 rx=0 tx=0).handle_hello peer v2:172.21.15.113:3300/0 says I am v2:172.21.15.113:49116/0 (socket says 172.21.15.113:49116)
2024-04-12T05:00:04.866 INFO:teuthology.orchestra.run.smithi113.stderr:/usr/bin/ceph:
2024-04-12T05:00:04.862+0000 7f98ca59c700 1 -- 172.21.15.113:0/3781705721 learned_addr learned my addr 172.21.15.113:0/3781705721 (peer_addr_for_me v2:172.21.15.113:0/0)
2024-04-12T05:00:04.866 INFO:teuthology.orchestra.run.smithi113.stderr:/usr/bin/ceph:
2024-04-12T05:00:04.862+0000 7f98ca59c700 1 -- 172.21.15.113:0/3781705721 --> [v2:172.21.15.113:3300/0,v1:172.21.15.113:6789/0] -- mon_subscribe({config=0+,monmap=0+}) v3 -- 0x7f98bc009370 con 0x7f98cc071c60
2024-04-12T05:00:04.866 INFO:teuthology.orchestra.run.smithi113.stderr:/usr/bin/ceph:
2024-04-12T05:00:04.862+0000 7f98ca59c700 1 --2- 172.21.15.113:0/3781705721 >> [v2:172.21.15.113:3300/0,v1:172.21.15.113:6789/0] conn(0x7f98cc071c60 0x7f98cc10be00 secure :-1 s=READY pgs=36 cs=0 l=1 rev1=1 rx=0x7f98bc000c00 tx=0x7f98bc0090f0).ready entity=mon.0 client_cookie=0 server_cookie=0 in_seq=0 out_seq=0
2024-04-12T05:00:04.866 INFO:teuthology.orchestra.run.smithi113.stderr:/usr/bin/ceph:
2024-04-12T05:00:04.862+0000 7f98bb7fe700 1 -- 172.21.15.113:0/3781705721 <== mon.0 v2:172.21.15.113:3300/0 1 ==== mon_map magic: 0 v1 ==== 229+0+0 (secure 0 0 0) 0x7f98bc01a610 con 0x7f98cc071c60
2024-04-12T05:00:04.866 INFO:teuthology.orchestra.run.smithi113.stderr:/usr/bin/ceph:
2024-04-12T05:00:04.862+0000 7f98bb7fe700 1 -- 172.21.15.113:0/3781705721 <== mon.0 v2:172.21.15.113:3300/0 2 ==== config(25 keys) v1 ==== 982+0+0 (secure 0 0 0) 0x7f98bc01abc0 con 0x7f98cc071c60
2024-04-12T05:00:04.866 INFO:teuthology.orchestra.run.smithi113.stderr:/usr/bin/ceph:
2024-04-12T05:00:04.862+0000 7f98bb7fe700 1 -- 172.21.15.113:0/3781705721 <== mon.0 v2:172.21.15.113:3300/0 3 ==== mon_map magic: 0 v1 ==== 229+0+0 (secure 0 0 0) 0x7f98bc022a20 con 0x7f98cc071c60
2024-04-12T05:00:04.866 INFO:teuthology.orchestra.run.smithi113.stderr:/usr/bin/ceph:
2024-04-12T05:00:04.862+0000 7f98d0854700 1 -- 172.21.15.113:0/3781705721 --> [v2:172.21.15.113:3300/0,v1:172.21.15.113:6789/0] -- mon_subscribe({mgrmap=0+}) v3 -- 0x7f98cc10c4f0 con 0x7f98cc071c60
2024-04-12T05:00:04.867 INFO:teuthology.orchestra.run.smithi113.stderr:/usr/bin/ceph:
2024-04-12T05:00:04.862+0000 7f98d0854700 1 -- 172.21.15.113:0/3781705721 --> [v2:172.21.15.113:3300/0,v1:172.21.15.113:6789/0] -- mon_subscribe({osdmap=0}) v3 -- 0x7f98cc10c900 con 0x7f98cc071c60
2024-04-12T05:00:04.867 INFO:teuthology.orchestra.run.smithi113.stderr:/usr/bin/ceph:
2024-04-12T05:00:04.863+0000 7f98bb7fe700 1 -- 172.21.15.113:0/3781705721 <== mon.0 v2:172.21.15.113:3300/0 4 ==== mgrmap(e 8) v1 ==== 38632+0+0 (secure 0 0 0) 0x7f98bc022c90 con 0x7f98cc071c60
2024-04-12T05:00:04.868 INFO:teuthology.orchestra.run.smithi113.stderr:/usr/bin/ceph:
2024-04-12T05:00:04.863+0000 7f98bb7fe700 1 --2- 172.21.15.113:0/3781705721 >> [v2:172.21.15.113:6800/2567243935,v1:172.21.15.113:6801/2567243935] conn(0x7f98b4032660 0x7f98b4034b20 unknown :-1 s=NONE pgs=0 cs=0 l=1 rev1=0 rx=0 tx=0).connect
2024-04-12T05:00:04.868 INFO:teuthology.orchestra.run.smithi113.stderr:/usr/bin/ceph:
2024-04-12T05:00:04.863+0000 7f98bb7fe700 1 -- 172.21.15.113:0/3781705721 <== mon.0 v2:172.21.15.113:3300/0 5 ==== osd_map(2..2 src has 1..2) v4 ==== 893+0+0 (secure 0 0 0) 0x7f98bc044b20 con 0x7f98cc071c60
2024-04-12T05:00:04.868 INFO:teuthology.orchestra.run.smithi113.stderr:/usr/bin/ceph:
2024-04-12T05:00:04.863+0000 7f98c9d9b700 1 --2- 172.21.15.113:0/3781705721 >> [v2:172.21.15.113:6800/2567243935,v1:172.21.15.113:6801/2567243935] conn(0x7f98b4032660 0x7f98b4034b20 unknown :-1 s=BANNER_CONNECTING pgs=0 cs=0 l=1 rev1=0 rx=0 tx=0)._handle_peer_banner_payload supported=1 required=0
2024-04-12T05:00:04.868 INFO:teuthology.orchestra.run.smithi113.stderr:/usr/bin/ceph:
2024-04-12T05:00:04.863+0000 7f98d0854700 1 -- 172.21.15.113:0/3781705721 --> [v2:172.21.15.113:3300/0,v1:172.21.15.113:6789/0] -- mon_command({"prefix": "get_command_descriptions"} v 0) v1 -- 0x7f98cc046ce0 con 0x7f98cc071c60
2024-04-12T05:00:04.868 INFO:teuthology.orchestra.run.smithi113.stderr:/usr/bin/ceph:
2024-04-12T05:00:04.863+0000 7f98c9d9b700 1 --2- 172.21.15.113:0/3781705721 >> [v2:172.21.15.113:6800/2567243935,v1:172.21.15.113:6801/2567243935] conn(0x7f98b4032660 0x7f98b4034b20 secure :-1 s=READY pgs=9 cs=0 l=1 rev1=1 rx=0x7f98c0009780 tx=0x7f98c0006cc0).ready entity=mgr.14114 client_cookie=0 server_cookie=0 in_seq=0 out_seq=0
2024-04-12T05:00:04.870 INFO:teuthology.orchestra.run.smithi113.stderr:/usr/bin/ceph:
2024-04-12T05:00:04.868+0000 7f98bb7fe700 1 -- 172.21.15.113:0/3781705721 <== mon.0 v2:172.21.15.113:3300/0 6 ==== mon_command_ack([{"prefix": "get_command_descriptions"}]=0 v0) v1 ==== 72+0+163658 (secure 0 0 0) 0x7f98bc01e070 con 0x7f98cc071c60
2024-04-12T05:00:04.924 INFO:journalctl@ceph.mon.smithi113.smithi113.stdout:Apr 12 05:00:04 smithi113 ceph-52321e2c-f889-11ee-bc8c-c7b262605968-mon-smithi113[39678]: audit
2024-04-12T05:00:03.663478+0000 mon.smithi113 (mon.0) 50 : audit [INF] from='mgr.14114 172.21.15.113:0/3770707279' entity='mgr.smithi113.ctsazg'
2024-04-12T05:00:04.924 INFO:journalctl@ceph.mon.smithi113.smithi113.stdout:Apr 12 05:00:04 smithi113 ceph-52321e2c-f889-11ee-bc8c-c7b262605968-mon-smithi113[39678]: audit
2024-04-12T05:00:03.665217+0000 mon.smithi113 (mon.0) 51 : audit [INF] from='mgr.14114 172.21.15.113:0/3770707279' entity='mgr.smithi113.ctsazg'
2024-04-12T05:00:05.033 INFO:teuthology.orchestra.run.smithi113.stderr:/usr/bin/ceph:
2024-04-12T05:00:05.031+0000 7f98d0854700 1 -- 172.21.15.113:0/3781705721 --> [v2:172.21.15.113:6800/2567243935,v1:172.21.15.113:6801/2567243935] -- mgr_command(tid 0: {"prefix": "cephadm get-pub-key", "target": ["mon-mgr", ""]}) v1 -- 0x7f98cc105ca0 con 0x7f98b4032660
2024-04-12T05:00:05.034 INFO:teuthology.orchestra.run.smithi113.stderr:/usr/bin/ceph:
2024-04-12T05:00:05.032+0000 7f98bb7fe700 1 -- 172.21.15.113:0/3781705721 <== mgr.14114 v2:172.21.15.113:6800/2567243935 1 ==== mgr_command_reply(tid 0: 0 ) v1 ==== 8+0+595 (secure 0 0 0) 0x7f98cc105ca0 con 0x7f98b4032660
2024-04-12T05:00:05.034 INFO:teuthology.orchestra.run.smithi113.stderr:/usr/bin/ceph: ssh-rsa AAAAB3NzaC1yc2EAAAADAQABAAABgQDXs+Pr8AGjugkNdzu1VpDNMF4LYzc73Sw+ke1QTQK/W6wHyIyvUN5gij1EQjKBN0xzHSaDXkDFpkrbRHkU7+taoE80W5SJTrFnJxOXV7a2Ngi82sC11bHjtrkTTosv51rPtR4q8CT6N+ZZYyaVa3ZipMwwXNNZGCfppd6elv/E/neYYCYn1nIExE/O+htrAklvBrx2qXEFOifvUSv311H3ti761gMJ74JKLc82A2H3Ah/BwIoBi83tUWJAud2rsTmbms31h7mmnDdi+BoQM+ga3HzNb6+rs3/FhfbTpAkzHX9pOi0L1CynVWISrr5VmOhdvbgHeqrpcXG3kQfAf12VN2uOGL+1vffXT0DmrzLmHjAf/b8pv92ZNqdlErTwn79/qWIMLZ5thX9V+zVrt/jm17NrQqgViK3MF22cWBy6e3yNgjRVsIb9nGG/bX+YXmHBquMAYAeKRVRML65+yjwdS28+97DhMJK6YfXNmELhOuFSNUxnvrwLd+HUsANcoYk= ceph-52321e2c-f889-11ee-bc8c-c7b262605968
2024-04-12T05:00:05.036 INFO:teuthology.orchestra.run.smithi113.stderr:/usr/bin/ceph:
2024-04-12T05:00:05.033+0000 7f98d0854700 1 -- 172.21.15.113:0/3781705721 >> [v2:172.21.15.113:6800/2567243935,v1:172.21.15.113:6801/2567243935] conn(0x7f98b4032660 msgr2=0x7f98b4034b20 secure :-1 s=STATE_CONNECTION_ESTABLISHED l=1).mark_down
2024-04-12T05:00:05.036 INFO:teuthology.orchestra.run.smithi113.stderr:/usr/bin/ceph:
2024-04-12T05:00:05.033+0000 7f98d0854700 1 --2- 172.21.15.113:0/3781705721 >> [v2:172.21.15.113:6800/2567243935,v1:172.21.15.113:6801/2567243935] conn(0x7f98b4032660 0x7f98b4034b20 secure :-1 s=READY pgs=9 cs=0 l=1 rev1=1 rx=0x7f98c0009780 tx=0x7f98c0006cc0).stop
2024-04-12T05:00:05.037 INFO:teuthology.orchestra.run.smithi113.stderr:/usr/bin/ceph:
2024-04-12T05:00:05.033+0000 7f98d0854700 1 -- 172.21.15.113:0/3781705721 >> [v2:172.21.15.113:3300/0,v1:172.21.15.113:6789/0] conn(0x7f98cc071c60 msgr2=0x7f98cc10be00 secure :-1 s=STATE_CONNECTION_ESTABLISHED l=1).mark_down
2024-04-12T05:00:05.037 INFO:teuthology.orchestra.run.smithi113.stderr:/usr/bin/ceph:
2024-04-12T05:00:05.033+0000 7f98d0854700 1 --2- 172.21.15.113:0/3781705721 >> [v2:172.21.15.113:3300/0,v1:172.21.15.113:6789/0] conn(0x7f98cc071c60 0x7f98cc10be00 secure :-1 s=READY pgs=36 cs=0 l=1 rev1=1 rx=0x7f98bc000c00 tx=0x7f98bc0090f0).stop
2024-04-12T05:00:05.037 INFO:teuthology.orchestra.run.smithi113.stderr:/usr/bin/ceph:
2024-04-12T05:00:05.033+0000 7f98d0854700 1 -- 172.21.15.113:0/3781705721 shutdown_connections
2024-04-12T05:00:05.037 INFO:teuthology.orchestra.run.smithi113.stderr:/usr/bin/ceph:
2024-04-12T05:00:05.033+0000 7f98d0854700 1 --2- 172.21.15.113:0/3781705721 >> [v2:172.21.15.113:6800/2567243935,v1:172.21.15.113:6801/2567243935] conn(0x7f98b4032660 0x7f98b4034b20 unknown :-1 s=CLOSED pgs=9 cs=0 l=1 rev1=1 rx=0 tx=0).stop
2024-04-12T05:00:05.037 INFO:teuthology.orchestra.run.smithi113.stderr:/usr/bin/ceph:
2024-04-12T05:00:05.033+0000 7f98d0854700 1 --2- 172.21.15.113:0/3781705721 >> [v2:172.21.15.113:3300/0,v1:172.21.15.113:6789/0] conn(0x7f98cc071c60 0x7f98cc10be00 unknown :-1 s=CLOSED pgs=36 cs=0 l=1 rev1=1 rx=0 tx=0).stop
2024-04-12T05:00:05.037 INFO:teuthology.orchestra.run.smithi113.stderr:/usr/bin/ceph:
2024-04-12T05:00:05.033+0000 7f98d0854700 1 -- 172.21.15.113:0/3781705721 >> 172.21.15.113:0/3781705721 conn(0x7f98cc0f76f0 msgr2=0x7f98cc0f9130 unknown :-1 s=STATE_NONE l=0).mark_down
2024-04-12T05:00:05.037 INFO:teuthology.orchestra.run.smithi113.stderr:/usr/bin/ceph:
2024-04-12T05:00:05.034+0000 7f98d0854700 1 -- 172.21.15.113:0/3781705721 shutdown_connections
2024-04-12T05:00:05.037 INFO:teuthology.orchestra.run.smithi113.stderr:/usr/bin/ceph:
2024-04-12T05:00:05.034+0000 7f98d0854700 1 -- 172.21.15.113:0/3781705721 wait complete.
2024-04-12T05:00:05.690 INFO:teuthology.orchestra.run.smithi113.stderr:Wrote public SSH key to /home/ubuntu/cephtest/ceph.pub
2024-04-12T05:00:05.690 INFO:teuthology.orchestra.run.smithi113.stderr:Adding key to root@localhost authorized_keys...
2024-04-12T05:00:05.691 INFO:teuthology.orchestra.run.smithi113.stderr:Adding host smithi113...
2024-04-12T05:00:05.924 INFO:journalctl@ceph.mon.smithi113.smithi113.stdout:Apr 12 05:00:05 smithi113 ceph-52321e2c-f889-11ee-bc8c-c7b262605968-mon-smithi113[39678]: audit
2024-04-12T05:00:05.032718+0000 mgr.smithi113.ctsazg (mgr.14114) 8 : audit [DBG] from='client.14130 -' entity='client.admin' cmd=[{"prefix": "cephadm get-pub-key", "target": ["mon-mgr", ""]}]: dispatch
2024-04-12T05:00:06.222 INFO:teuthology.orchestra.run.smithi113.stderr:/usr/bin/ceph:
2024-04-12T05:00:06.215+0000 7f527faab700 1 Processor -- start
2024-04-12T05:00:06.222 INFO:teuthology.orchestra.run.smithi113.stderr:/usr/bin/ceph:
2024-04-12T05:00:06.215+0000 7f527faab700 1 -- start start
2024-04-12T05:00:06.222 INFO:teuthology.orchestra.run.smithi113.stderr:/usr/bin/ceph:
2024-04-12T05:00:06.215+0000 7f527faab700 1 --2- >> [v2:172.21.15.113:3300/0,v1:172.21.15.113:6789/0] conn(0x7f5278071c60 0x7f52780ffc30 unknown :-1 s=NONE pgs=0 cs=0 l=0 rev1=0 rx=0 tx=0).connect
2024-04-12T05:00:06.222 INFO:teuthology.orchestra.run.smithi113.stderr:/usr/bin/ceph:
2024-04-12T05:00:06.215+0000 7f527faab700 1 -- --> [v2:172.21.15.113:3300/0,v1:172.21.15.113:6789/0] -- mon_getmap magic: 0 v1 -- 0x7f5278100120 con 0x7f5278071c60
2024-04-12T05:00:06.222 INFO:teuthology.orchestra.run.smithi113.stderr:/usr/bin/ceph:
