2024-04-12T04:59:53.810+0000 7fc84ffff700 1 -- 172.21.15.113:0/3740841434 >> [v2:172.21.15.113:6800/3275382936,v1:172.21.15.113:6801/3275382936] conn(0x7fc840032660 msgr2=0x7fc840034b20 unknown :-1 s=STATE_CONNECTING_RE l=1).process reconnect failed to v2:172.21.15.113:6800/3275382936
2024-04-12T04:59:53.814 INFO:teuthology.orchestra.run.smithi113.stderr:/usr/bin/ceph:
2024-04-12T04:59:53.810+0000 7fc84ffff700 1 --2- 172.21.15.113:0/3740841434 >> [v2:172.21.15.113:6800/3275382936,v1:172.21.15.113:6801/3275382936] conn(0x7fc840032660 0x7fc840034b20 unknown :-1 s=START_CONNECT pgs=0 cs=0 l=1 rev1=0 rx=0 tx=0)._fault waiting 0.200000
2024-04-12T04:59:53.814 INFO:teuthology.orchestra.run.smithi113.stderr:/usr/bin/ceph:
2024-04-12T04:59:53.810+0000 7fc856c30700 1 -- 172.21.15.113:0/3740841434 --> [v2:172.21.15.113:3300/0,v1:172.21.15.113:6789/0] -- mon_command({"prefix": "get_command_descriptions"} v 0) v1 -- 0x7fc850046ce0 con 0x7fc850071b80
2024-04-12T04:59:53.817 INFO:teuthology.orchestra.run.smithi113.stderr:/usr/bin/ceph:
2024-04-12T04:59:53.815+0000 7fc84dffb700 1 -- 172.21.15.113:0/3740841434 <== mon.0 v2:172.21.15.113:3300/0 6 ==== mon_command_ack([{"prefix": "get_command_descriptions"}]=0 v0) v1 ==== 72+0+163658 (secure 0 0 0) 0x7fc84401a770 con 0x7fc850071b80
2024-04-12T04:59:53.906 INFO:journalctl@ceph.mon.smithi113.smithi113.stdout:Apr 12 04:59:53 smithi113 ceph-52321e2c-f889-11ee-bc8c-c7b262605968-mon-smithi113[39678]: audit
2024-04-12T04:59:52.522478+0000 mon.smithi113 (mon.0) 26 : audit [INF] from='client.? 172.21.15.113:0/2971294252' entity='client.admin' cmd='[{"prefix": "mgr module enable", "module": "cephadm"}]': finished
2024-04-12T04:59:53.906 INFO:journalctl@ceph.mon.smithi113.smithi113.stdout:Apr 12 04:59:53 smithi113 ceph-52321e2c-f889-11ee-bc8c-c7b262605968-mon-smithi113[39678]: cluster
2024-04-12T04:59:52.522525+0000 mon.smithi113 (mon.0) 27 : cluster [DBG] mgrmap e5: smithi113.ctsazg(active, since 6s)
2024-04-12T04:59:54.013 INFO:teuthology.orchestra.run.smithi113.stderr:/usr/bin/ceph:
2024-04-12T04:59:54.011+0000 7fc84ffff700 1 -- 172.21.15.113:0/3740841434 >> [v2:172.21.15.113:6800/3275382936,v1:172.21.15.113:6801/3275382936] conn(0x7fc840032660 msgr2=0x7fc840034b20 unknown :-1 s=STATE_CONNECTING_RE l=1).process reconnect failed to v2:172.21.15.113:6800/3275382936
2024-04-12T04:59:54.013 INFO:teuthology.orchestra.run.smithi113.stderr:/usr/bin/ceph:
2024-04-12T04:59:54.011+0000 7fc84ffff700 1 --2- 172.21.15.113:0/3740841434 >> [v2:172.21.15.113:6800/3275382936,v1:172.21.15.113:6801/3275382936] conn(0x7fc840032660 0x7fc840034b20 unknown :-1 s=START_CONNECT pgs=0 cs=0 l=1 rev1=0 rx=0 tx=0)._fault waiting 0.400000
2024-04-12T04:59:54.067 INFO:teuthology.orchestra.run.smithi113.stderr:/usr/bin/ceph:
2024-04-12T04:59:54.064+0000 7fc856c30700 1 -- 172.21.15.113:0/3740841434 --> [v2:172.21.15.113:3300/0,v1:172.21.15.113:6789/0] -- mon_command({"prefix": "mgr stat"} v 0) v1 -- 0x7fc85010d8d0 con 0x7fc850071b80
2024-04-12T04:59:54.068 INFO:teuthology.orchestra.run.smithi113.stderr:/usr/bin/ceph:
2024-04-12T04:59:54.065+0000 7fc84dffb700 1 -- 172.21.15.113:0/3740841434 <== mon.0 v2:172.21.15.113:3300/0 7 ==== mon_command_ack([{"prefix": "mgr stat"}]=0 v5) v1 ==== 56+0+103 (secure 0 0 0) 0x7fc84401e030 con 0x7fc850071b80
2024-04-12T04:59:54.068 INFO:teuthology.orchestra.run.smithi113.stderr:/usr/bin/ceph: {
2024-04-12T04:59:54.068 INFO:teuthology.orchestra.run.smithi113.stderr:/usr/bin/ceph: "epoch": 5,
2024-04-12T04:59:54.068 INFO:teuthology.orchestra.run.smithi113.stderr:/usr/bin/ceph: "available": true,
2024-04-12T04:59:54.068 INFO:teuthology.orchestra.run.smithi113.stderr:/usr/bin/ceph: "active_name": "smithi113.ctsazg",
2024-04-12T04:59:54.068 INFO:teuthology.orchestra.run.smithi113.stderr:/usr/bin/ceph: "num_standby": 0
2024-04-12T04:59:54.068 INFO:teuthology.orchestra.run.smithi113.stderr:/usr/bin/ceph: }
2024-04-12T04:59:54.069 INFO:teuthology.orchestra.run.smithi113.stderr:/usr/bin/ceph:
2024-04-12T04:59:54.066+0000 7fc856c30700 1 -- 172.21.15.113:0/3740841434 >> [v2:172.21.15.113:6800/3275382936,v1:172.21.15.113:6801/3275382936] conn(0x7fc840032660 msgr2=0x7fc840034b20 unknown :-1 s=STATE_CONNECTING l=1).mark_down
2024-04-12T04:59:54.070 INFO:teuthology.orchestra.run.smithi113.stderr:/usr/bin/ceph:
2024-04-12T04:59:54.067+0000 7fc856c30700 1 --2- 172.21.15.113:0/3740841434 >> [v2:172.21.15.113:6800/3275382936,v1:172.21.15.113:6801/3275382936] conn(0x7fc840032660 0x7fc840034b20 unknown :-1 s=START_CONNECT pgs=0 cs=0 l=1 rev1=0 rx=0 tx=0).stop
2024-04-12T04:59:54.070 INFO:teuthology.orchestra.run.smithi113.stderr:/usr/bin/ceph:
2024-04-12T04:59:54.067+0000 7fc856c30700 1 -- 172.21.15.113:0/3740841434 >> [v2:172.21.15.113:3300/0,v1:172.21.15.113:6789/0] conn(0x7fc850071b80 msgr2=0x7fc85010be00 secure :-1 s=STATE_CONNECTION_ESTABLISHED l=1).mark_down
2024-04-12T04:59:54.070 INFO:teuthology.orchestra.run.smithi113.stderr:/usr/bin/ceph:
2024-04-12T04:59:54.067+0000 7fc856c30700 1 --2- 172.21.15.113:0/3740841434 >> [v2:172.21.15.113:3300/0,v1:172.21.15.113:6789/0] conn(0x7fc850071b80 0x7fc85010be00 secure :-1 s=READY pgs=21 cs=0 l=1 rev1=1 rx=0x7fc84400c010 tx=0x7fc8440090f0).stop
2024-04-12T04:59:54.070 INFO:teuthology.orchestra.run.smithi113.stderr:/usr/bin/ceph:
2024-04-12T04:59:54.067+0000 7fc856c30700 1 -- 172.21.15.113:0/3740841434 shutdown_connections
2024-04-12T04:59:54.070 INFO:teuthology.orchestra.run.smithi113.stderr:/usr/bin/ceph:
2024-04-12T04:59:54.067+0000 7fc856c30700 1 --2- 172.21.15.113:0/3740841434 >> [v2:172.21.15.113:6800/3275382936,v1:172.21.15.113:6801/3275382936] conn(0x7fc840032660 0x7fc840034b20 unknown :-1 s=CLOSED pgs=0 cs=0 l=1 rev1=0 rx=0 tx=0).stop
2024-04-12T04:59:54.070 INFO:teuthology.orchestra.run.smithi113.stderr:/usr/bin/ceph:
2024-04-12T04:59:54.067+0000 7fc856c30700 1 --2- 172.21.15.113:0/3740841434 >> [v2:172.21.15.113:3300/0,v1:172.21.15.113:6789/0] conn(0x7fc850071b80 0x7fc85010be00 unknown :-1 s=CLOSED pgs=21 cs=0 l=1 rev1=1 rx=0 tx=0).stop
2024-04-12T04:59:54.070 INFO:teuthology.orchestra.run.smithi113.stderr:/usr/bin/ceph:
2024-04-12T04:59:54.067+0000 7fc856c30700 1 -- 172.21.15.113:0/3740841434 >> 172.21.15.113:0/3740841434 conn(0x7fc8500f76f0 msgr2=0x7fc8500f9190 unknown :-1 s=STATE_NONE l=0).mark_down
2024-04-12T04:59:54.070 INFO:teuthology.orchestra.run.smithi113.stderr:/usr/bin/ceph:
2024-04-12T04:59:54.067+0000 7fc856c30700 1 -- 172.21.15.113:0/3740841434 shutdown_connections
2024-04-12T04:59:54.070 INFO:teuthology.orchestra.run.smithi113.stderr:/usr/bin/ceph:
2024-04-12T04:59:54.067+0000 7fc856c30700 1 -- 172.21.15.113:0/3740841434 wait complete.
2024-04-12T04:59:54.722 INFO:teuthology.orchestra.run.smithi113.stderr:Waiting for the mgr to restart...
2024-04-12T04:59:54.722 INFO:teuthology.orchestra.run.smithi113.stderr:Waiting for mgr epoch 5...
2024-04-12T04:59:54.924 INFO:journalctl@ceph.mon.smithi113.smithi113.stdout:Apr 12 04:59:54 smithi113 ceph-52321e2c-f889-11ee-bc8c-c7b262605968-mon-smithi113[39678]: audit
2024-04-12T04:59:54.065872+0000 mon.smithi113 (mon.0) 28 : audit [DBG] from='client.? 172.21.15.113:0/3740841434' entity='client.admin' cmd=[{"prefix": "mgr stat"}]: dispatch
2024-04-12T04:59:55.299 INFO:teuthology.orchestra.run.smithi113.stderr:/usr/bin/ceph:
2024-04-12T04:59:55.295+0000 7f06c8b7d700 1 Processor -- start
2024-04-12T04:59:55.299 INFO:teuthology.orchestra.run.smithi113.stderr:/usr/bin/ceph:
2024-04-12T04:59:55.295+0000 7f06c8b7d700 1 -- start start
2024-04-12T04:59:55.299 INFO:teuthology.orchestra.run.smithi113.stderr:/usr/bin/ceph:
2024-04-12T04:59:55.296+0000 7f06c8b7d700 1 --2- >> [v2:172.21.15.113:3300/0,v1:172.21.15.113:6789/0] conn(0x7f06c4071c00 0x7f06c40ffc90 unknown :-1 s=NONE pgs=0 cs=0 l=0 rev1=0 rx=0 tx=0).connect
2024-04-12T04:59:55.299 INFO:teuthology.orchestra.run.smithi113.stderr:/usr/bin/ceph:
2024-04-12T04:59:55.296+0000 7f06c8b7d700 1 -- --> [v2:172.21.15.113:3300/0,v1:172.21.15.113:6789/0] -- mon_getmap magic: 0 v1 -- 0x7f06c4100180 con 0x7f06c4071c00
2024-04-12T04:59:55.300 INFO:teuthology.orchestra.run.smithi113.stderr:/usr/bin/ceph:
2024-04-12T04:59:55.296+0000 7f06c259c700 1 --2- >> [v2:172.21.15.113:3300/0,v1:172.21.15.113:6789/0] conn(0x7f06c4071c00 0x7f06c40ffc90 unknown :-1 s=BANNER_CONNECTING pgs=0 cs=0 l=0 rev1=0 rx=0 tx=0)._handle_peer_banner_payload supported=1 required=0
2024-04-12T04:59:55.300 INFO:teuthology.orchestra.run.smithi113.stderr:/usr/bin/ceph:
2024-04-12T04:59:55.296+0000 7f06c259c700 1 --2- >> [v2:172.21.15.113:3300/0,v1:172.21.15.113:6789/0] conn(0x7f06c4071c00 0x7f06c40ffc90 unknown :-1 s=HELLO_CONNECTING pgs=0 cs=0 l=0 rev1=1 rx=0 tx=0).handle_hello peer v2:172.21.15.113:3300/0 says I am v2:172.21.15.113:58910/0 (socket says 172.21.15.113:58910)
2024-04-12T04:59:55.300 INFO:teuthology.orchestra.run.smithi113.stderr:/usr/bin/ceph:
2024-04-12T04:59:55.296+0000 7f06c259c700 1 -- 172.21.15.113:0/2761316272 learned_addr learned my addr 172.21.15.113:0/2761316272 (peer_addr_for_me v2:172.21.15.113:0/0)
2024-04-12T04:59:55.300 INFO:teuthology.orchestra.run.smithi113.stderr:/usr/bin/ceph:
2024-04-12T04:59:55.296+0000 7f06c259c700 1 -- 172.21.15.113:0/2761316272 --> [v2:172.21.15.113:3300/0,v1:172.21.15.113:6789/0] -- mon_subscribe({config=0+,monmap=0+}) v3 -- 0x7f06c41002c0 con 0x7f06c4071c00
2024-04-12T04:59:55.300 INFO:teuthology.orchestra.run.smithi113.stderr:/usr/bin/ceph:
2024-04-12T04:59:55.296+0000 7f06c259c700 1 --2- 172.21.15.113:0/2761316272 >> [v2:172.21.15.113:3300/0,v1:172.21.15.113:6789/0] conn(0x7f06c4071c00 0x7f06c40ffc90 secure :-1 s=READY pgs=22 cs=0 l=1 rev1=1 rx=0x7f06b4009730 tx=0x7f06b40090f0).ready entity=mon.0 client_cookie=12e1f49195777b94 server_cookie=0 in_seq=0 out_seq=0
2024-04-12T04:59:55.300 INFO:teuthology.orchestra.run.smithi113.stderr:/usr/bin/ceph:
2024-04-12T04:59:55.296+0000 7f06c159a700 1 -- 172.21.15.113:0/2761316272 <== mon.0 v2:172.21.15.113:3300/0 1 ==== mon_map magic: 0 v1 ==== 229+0+0 (secure 0 0 0) 0x7f06b400b6e0 con 0x7f06c4071c00
2024-04-12T04:59:55.300 INFO:teuthology.orchestra.run.smithi113.stderr:/usr/bin/ceph:
2024-04-12T04:59:55.296+0000 7f06c159a700 1 -- 172.21.15.113:0/2761316272 <== mon.0 v2:172.21.15.113:3300/0 2 ==== config(25 keys) v1 ==== 982+0+0 (secure 0 0 0) 0x7f06b400bc90 con 0x7f06c4071c00
2024-04-12T04:59:55.300 INFO:teuthology.orchestra.run.smithi113.stderr:/usr/bin/ceph:
2024-04-12T04:59:55.296+0000 7f06c159a700 1 -- 172.21.15.113:0/2761316272 <== mon.0 v2:172.21.15.113:3300/0 3 ==== mon_map magic: 0 v1 ==== 229+0+0 (secure 0 0 0) 0x7f06b4011c70 con 0x7f06c4071c00
2024-04-12T04:59:55.300 INFO:teuthology.orchestra.run.smithi113.stderr:/usr/bin/ceph:
2024-04-12T04:59:55.297+0000 7f06c8b7d700 1 -- 172.21.15.113:0/2761316272 >> [v2:172.21.15.113:3300/0,v1:172.21.15.113:6789/0] conn(0x7f06c4071c00 msgr2=0x7f06c40ffc90 secure :-1 s=STATE_CONNECTION_ESTABLISHED l=1).mark_down
2024-04-12T04:59:55.300 INFO:teuthology.orchestra.run.smithi113.stderr:/usr/bin/ceph:
2024-04-12T04:59:55.297+0000 7f06c8b7d700 1 --2- 172.21.15.113:0/2761316272 >> [v2:172.21.15.113:3300/0,v1:172.21.15.113:6789/0] conn(0x7f06c4071c00 0x7f06c40ffc90 secure :-1 s=READY pgs=22 cs=0 l=1 rev1=1 rx=0x7f06b4009730 tx=0x7f06b40090f0).stop
2024-04-12T04:59:55.302 INFO:teuthology.orchestra.run.smithi113.stderr:/usr/bin/ceph:
2024-04-12T04:59:55.297+0000 7f06c8b7d700 1 -- 172.21.15.113:0/2761316272 shutdown_connections
2024-04-12T04:59:55.302 INFO:teuthology.orchestra.run.smithi113.stderr:/usr/bin/ceph:
2024-04-12T04:59:55.297+0000 7f06c8b7d700 1 --2- 172.21.15.113:0/2761316272 >> [v2:172.21.15.113:3300/0,v1:172.21.15.113:6789/0] conn(0x7f06c4071c00 0x7f06c40ffc90 unknown :-1 s=CLOSED pgs=22 cs=0 l=1 rev1=1 rx=0 tx=0).stop
2024-04-12T04:59:55.303 INFO:teuthology.orchestra.run.smithi113.stderr:/usr/bin/ceph:
2024-04-12T04:59:55.297+0000 7f06c8b7d700 1 -- 172.21.15.113:0/2761316272 >> 172.21.15.113:0/2761316272 conn(0x7f06c40f76f0 msgr2=0x7f06c40f9b10 unknown :-1 s=STATE_NONE l=0).mark_down
2024-04-12T04:59:55.303 INFO:teuthology.orchestra.run.smithi113.stderr:/usr/bin/ceph:
2024-04-12T04:59:55.297+0000 7f06c8b7d700 1 -- 172.21.15.113:0/2761316272 shutdown_connections
2024-04-12T04:59:55.303 INFO:teuthology.orchestra.run.smithi113.stderr:/usr/bin/ceph:
2024-04-12T04:59:55.297+0000 7f06c8b7d700 1 -- 172.21.15.113:0/2761316272 wait complete.
2024-04-12T04:59:55.303 INFO:teuthology.orchestra.run.smithi113.stderr:/usr/bin/ceph:
2024-04-12T04:59:55.298+0000 7f06c8b7d700 1 Processor -- start
2024-04-12T04:59:55.303 INFO:teuthology.orchestra.run.smithi113.stderr:/usr/bin/ceph:
2024-04-12T04:59:55.298+0000 7f06c8b7d700 1 -- start start
2024-04-12T04:59:55.303 INFO:teuthology.orchestra.run.smithi113.stderr:/usr/bin/ceph:
2024-04-12T04:59:55.298+0000 7f06c8b7d700 1 --2- >> [v2:172.21.15.113:3300/0,v1:172.21.15.113:6789/0] conn(0x7f06c4071c00 0x7f06c40fd710 unknown :-1 s=NONE pgs=0 cs=0 l=1 rev1=0 rx=0 tx=0).connect
2024-04-12T04:59:55.303 INFO:teuthology.orchestra.run.smithi113.stderr:/usr/bin/ceph:
2024-04-12T04:59:55.298+0000 7f06c8b7d700 1 -- --> [v2:172.21.15.113:3300/0,v1:172.21.15.113:6789/0] -- mon_getmap magic: 0 v1 -- 0x7f06c40fbb90 con 0x7f06c4071c00
2024-04-12T04:59:55.303 INFO:teuthology.orchestra.run.smithi113.stderr:/usr/bin/ceph:
2024-04-12T04:59:55.298+0000 7f06c259c700 1 --2- >> [v2:172.21.15.113:3300/0,v1:172.21.15.113:6789/0] conn(0x7f06c4071c00 0x7f06c40fd710 unknown :-1 s=BANNER_CONNECTING pgs=0 cs=0 l=1 rev1=0 rx=0 tx=0)._handle_peer_banner_payload supported=1 required=0
2024-04-12T04:59:55.303 INFO:teuthology.orchestra.run.smithi113.stderr:/usr/bin/ceph:
2024-04-12T04:59:55.298+0000 7f06c259c700 1 --2- >> [v2:172.21.15.113:3300/0,v1:172.21.15.113:6789/0] conn(0x7f06c4071c00 0x7f06c40fd710 unknown :-1 s=HELLO_CONNECTING pgs=0 cs=0 l=1 rev1=1 rx=0 tx=0).handle_hello peer v2:172.21.15.113:3300/0 says I am v2:172.21.15.113:58922/0 (socket says 172.21.15.113:58922)
2024-04-12T04:59:55.303 INFO:teuthology.orchestra.run.smithi113.stderr:/usr/bin/ceph:
2024-04-12T04:59:55.298+0000 7f06c259c700 1 -- 172.21.15.113:0/850336348 learned_addr learned my addr 172.21.15.113:0/850336348 (peer_addr_for_me v2:172.21.15.113:0/0)
2024-04-12T04:59:55.303 INFO:teuthology.orchestra.run.smithi113.stderr:/usr/bin/ceph:
2024-04-12T04:59:55.298+0000 7f06c259c700 1 -- 172.21.15.113:0/850336348 --> [v2:172.21.15.113:3300/0,v1:172.21.15.113:6789/0] -- mon_subscribe({config=0+,monmap=0+}) v3 -- 0x7f06b4009370 con 0x7f06c4071c00
2024-04-12T04:59:55.303 INFO:teuthology.orchestra.run.smithi113.stderr:/usr/bin/ceph:
2024-04-12T04:59:55.299+0000 7f06c259c700 1 --2- 172.21.15.113:0/850336348 >> [v2:172.21.15.113:3300/0,v1:172.21.15.113:6789/0] conn(0x7f06c4071c00 0x7f06c40fd710 secure :-1 s=READY pgs=23 cs=0 l=1 rev1=1 rx=0x7f06b4009330 tx=0x7f06b40090f0).ready entity=mon.0 client_cookie=0 server_cookie=0 in_seq=0 out_seq=0
2024-04-12T04:59:55.304 INFO:teuthology.orchestra.run.smithi113.stderr:/usr/bin/ceph:
2024-04-12T04:59:55.299+0000 7f06bb7fe700 1 -- 172.21.15.113:0/850336348 <== mon.0 v2:172.21.15.113:3300/0 1 ==== mon_map magic: 0 v1 ==== 229+0+0 (secure 0 0 0) 0x7f06b401a610 con 0x7f06c4071c00
2024-04-12T04:59:55.304 INFO:teuthology.orchestra.run.smithi113.stderr:/usr/bin/ceph:
2024-04-12T04:59:55.299+0000 7f06bb7fe700 1 -- 172.21.15.113:0/850336348 <== mon.0 v2:172.21.15.113:3300/0 2 ==== config(25 keys) v1 ==== 982+0+0 (secure 0 0 0) 0x7f06b401abc0 con 0x7f06c4071c00
2024-04-12T04:59:55.304 INFO:teuthology.orchestra.run.smithi113.stderr:/usr/bin/ceph:
2024-04-12T04:59:55.299+0000 7f06c8b7d700 1 -- 172.21.15.113:0/850336348 --> [v2:172.21.15.113:3300/0,v1:172.21.15.113:6789/0] -- mon_subscribe({mgrmap=0+}) v3 -- 0x7f06c40fbd30 con 0x7f06c4071c00
2024-04-12T04:59:55.304 INFO:teuthology.orchestra.run.smithi113.stderr:/usr/bin/ceph:
2024-04-12T04:59:55.299+0000 7f06bb7fe700 1 -- 172.21.15.113:0/850336348 <== mon.0 v2:172.21.15.113:3300/0 3 ==== mon_map magic: 0 v1 ==== 229+0+0 (secure 0 0 0) 0x7f06b4022a30 con 0x7f06c4071c00
2024-04-12T04:59:55.304 INFO:teuthology.orchestra.run.smithi113.stderr:/usr/bin/ceph:
2024-04-12T04:59:55.299+0000 7f06c8b7d700 1 -- 172.21.15.113:0/850336348 --> [v2:172.21.15.113:3300/0,v1:172.21.15.113:6789/0] -- mon_subscribe({osdmap=0}) v3 -- 0x7f06c40fc140 con 0x7f06c4071c00
2024-04-12T04:59:55.304 INFO:teuthology.orchestra.run.smithi113.stderr:/usr/bin/ceph:
2024-04-12T04:59:55.300+0000 7f06bb7fe700 1 -- 172.21.15.113:0/850336348 <== mon.0 v2:172.21.15.113:3300/0 4 ==== mgrmap(e 5) v1 ==== 38632+0+0 (secure 0 0 0) 0x7f06b4022c60 con 0x7f06c4071c00
2024-04-12T04:59:55.304 INFO:teuthology.orchestra.run.smithi113.stderr:/usr/bin/ceph:
2024-04-12T04:59:55.300+0000 7f06bb7fe700 1 --2- 172.21.15.113:0/850336348 >> [v2:172.21.15.113:6800/3275382936,v1:172.21.15.113:6801/3275382936] conn(0x7f06b0032630 0x7f06b0034af0 unknown :-1 s=NONE pgs=0 cs=0 l=1 rev1=0 rx=0 tx=0).connect
2024-04-12T04:59:55.304 INFO:teuthology.orchestra.run.smithi113.stderr:/usr/bin/ceph:
2024-04-12T04:59:55.300+0000 7f06bb7fe700 1 -- 172.21.15.113:0/850336348 --> [v2:172.21.15.113:6800/3275382936,v1:172.21.15.113:6801/3275382936] -- command(tid 0: {"prefix": "get_command_descriptions"}) v1 -- 0x7f06b00351b0 con 0x7f06b0032630
2024-04-12T04:59:55.304 INFO:teuthology.orchestra.run.smithi113.stderr:/usr/bin/ceph:
2024-04-12T04:59:55.300+0000 7f06bb7fe700 1 -- 172.21.15.113:0/850336348 <== mon.0 v2:172.21.15.113:3300/0 5 ==== osd_map(1..1 src has 1..1) v4 ==== 721+0+0 (secure 0 0 0) 0x7f06b4044ac0 con 0x7f06c4071c00
2024-04-12T04:59:55.304 INFO:teuthology.orchestra.run.smithi113.stderr:/usr/bin/ceph:
2024-04-12T04:59:55.300+0000 7f06c1d9b700 1 -- 172.21.15.113:0/850336348 >> [v2:172.21.15.113:6800/3275382936,v1:172.21.15.113:6801/3275382936] conn(0x7f06b0032630 msgr2=0x7f06b0034af0 unknown :-1 s=STATE_CONNECTING_RE l=1).process reconnect failed to v2:172.21.15.113:6800/3275382936
2024-04-12T04:59:55.304 INFO:teuthology.orchestra.run.smithi113.stderr:/usr/bin/ceph:
2024-04-12T04:59:55.300+0000 7f06c1d9b700 1 --2- 172.21.15.113:0/850336348 >> [v2:172.21.15.113:6800/3275382936,v1:172.21.15.113:6801/3275382936] conn(0x7f06b0032630 0x7f06b0034af0 unknown :-1 s=START_CONNECT pgs=0 cs=0 l=1 rev1=0 rx=0 tx=0)._fault waiting 0.200000
2024-04-12T04:59:55.503 INFO:teuthology.orchestra.run.smithi113.stderr:/usr/bin/ceph:
2024-04-12T04:59:55.501+0000 7f06c1d9b700 1 -- 172.21.15.113:0/850336348 >> [v2:172.21.15.113:6800/3275382936,v1:172.21.15.113:6801/3275382936] conn(0x7f06b0032630 msgr2=0x7f06b0034af0 unknown :-1 s=STATE_CONNECTING_RE l=1).process reconnect failed to v2:172.21.15.113:6800/3275382936
2024-04-12T04:59:55.503 INFO:teuthology.orchestra.run.smithi113.stderr:/usr/bin/ceph:
2024-04-12T04:59:55.501+0000 7f06c1d9b700 1 --2- 172.21.15.113:0/850336348 >> [v2:172.21.15.113:6800/3275382936,v1:172.21.15.113:6801/3275382936] conn(0x7f06b0032630 0x7f06b0034af0 unknown :-1 s=START_CONNECT pgs=0 cs=0 l=1 rev1=0 rx=0 tx=0)._fault waiting 0.400000
2024-04-12T04:59:55.904 INFO:teuthology.orchestra.run.smithi113.stderr:/usr/bin/ceph:
2024-04-12T04:59:55.902+0000 7f06c1d9b700 1 -- 172.21.15.113:0/850336348 >> [v2:172.21.15.113:6800/3275382936,v1:172.21.15.113:6801/3275382936] conn(0x7f06b0032630 msgr2=0x7f06b0034af0 unknown :-1 s=STATE_CONNECTING_RE l=1).process reconnect failed to v2:172.21.15.113:6800/3275382936
2024-04-12T04:59:55.904 INFO:teuthology.orchestra.run.smithi113.stderr:/usr/bin/ceph:
2024-04-12T04:59:55.902+0000 7f06c1d9b700 1 --2- 172.21.15.113:0/850336348 >> [v2:172.21.15.113:6800/3275382936,v1:172.21.15.113:6801/3275382936] conn(0x7f06b0032630 0x7f06b0034af0 unknown :-1 s=START_CONNECT pgs=0 cs=0 l=1 rev1=0 rx=0 tx=0)._fault waiting 0.800000
2024-04-12T04:59:56.705 INFO:teuthology.orchestra.run.smithi113.stderr:/usr/bin/ceph:
2024-04-12T04:59:56.703+0000 7f06c1d9b700 1 -- 172.21.15.113:0/850336348 >> [v2:172.21.15.113:6800/3275382936,v1:172.21.15.113:6801/3275382936] conn(0x7f06b0032630 msgr2=0x7f06b0034af0 unknown :-1 s=STATE_CONNECTING_RE l=1).process reconnect failed to v2:172.21.15.113:6800/3275382936
2024-04-12T04:59:56.705 INFO:teuthology.orchestra.run.smithi113.stderr:/usr/bin/ceph:
2024-04-12T04:59:56.703+0000 7f06c1d9b700 1 --2- 172.21.15.113:0/850336348 >> [v2:172.21.15.113:6800/3275382936,v1:172.21.15.113:6801/3275382936] conn(0x7f06b0032630 0x7f06b0034af0 unknown :-1 s=START_CONNECT pgs=0 cs=0 l=1 rev1=0 rx=0 tx=0)._fault waiting 1.600000
2024-04-12T04:59:57.866 INFO:teuthology.orchestra.run.smithi113.stderr:/usr/bin/ceph:
2024-04-12T04:59:57.863+0000 7f06bb7fe700 1 -- 172.21.15.113:0/850336348 <== mon.0 v2:172.21.15.113:3300/0 6 ==== mgrmap(e 6) v1 ==== 38456+0+0 (secure 0 0 0) 0x7f06b40198b0 con 0x7f06c4071c00
2024-04-12T04:59:57.866 INFO:teuthology.orchestra.run.smithi113.stderr:/usr/bin/ceph:
2024-04-12T04:59:57.863+0000 7f06bb7fe700 1 -- 172.21.15.113:0/850336348 >> [v2:172.21.15.113:6800/3275382936,v1:172.21.15.113:6801/3275382936] conn(0x7f06b0032630 msgr2=0x7f06b0034af0 unknown :-1 s=STATE_CONNECTING l=1).mark_down
2024-04-12T04:59:57.866 INFO:teuthology.orchestra.run.smithi113.stderr:/usr/bin/ceph:
2024-04-12T04:59:57.863+0000 7f06bb7fe700 1 --2- 172.21.15.113:0/850336348 >> [v2:172.21.15.113:6800/3275382936,v1:172.21.15.113:6801/3275382936] conn(0x7f06b0032630 0x7f06b0034af0 unknown :-1 s=START_CONNECT pgs=0 cs=0 l=1 rev1=0 rx=0 tx=0).stop
2024-04-12T04:59:58.174 INFO:journalctl@ceph.mon.smithi113.smithi113.stdout:Apr 12 04:59:57 smithi113 ceph-52321e2c-f889-11ee-bc8c-c7b262605968-mon-smithi113[39678]: cluster
2024-04-12T04:59:57.862701+0000 mon.smithi113 (mon.0) 29 : cluster [INF] Active manager daemon smithi113.ctsazg restarted
2024-04-12T04:59:58.174 INFO:journalctl@ceph.mon.smithi113.smithi113.stdout:Apr 12 04:59:57 smithi113 ceph-52321e2c-f889-11ee-bc8c-c7b262605968-mon-smithi113[39678]: cluster
2024-04-12T04:59:57.862917+0000 mon.smithi113 (mon.0) 30 : cluster [INF] Activating manager daemon smithi113.ctsazg
2024-04-12T04:59:58.174 INFO:journalctl@ceph.mon.smithi113.smithi113.stdout:Apr 12 04:59:57 smithi113 ceph-52321e2c-f889-11ee-bc8c-c7b262605968-mon-smithi113[39678]: cluster
2024-04-12T04:59:57.865688+0000 mon.smithi113 (mon.0) 31 : cluster [DBG] osdmap e2: 0 total, 0 up, 0 in
2024-04-12T04:59:58.174 INFO:journalctl@ceph.mon.smithi113.smithi113.stdout:Apr 12 04:59:57 smithi113 ceph-52321e2c-f889-11ee-bc8c-c7b262605968-mon-smithi113[39678]: cluster
2024-04-12T04:59:57.865808+0000 mon.smithi113 (mon.0) 32 : cluster [DBG] mgrmap e6: smithi113.ctsazg(active, starting, since 0.00296557s)
2024-04-12T04:59:58.174 INFO:journalctl@ceph.mon.smithi113.smithi113.stdout:Apr 12 04:59:57 smithi113 ceph-52321e2c-f889-11ee-bc8c-c7b262605968-mon-smithi113[39678]: audit
2024-04-12T04:59:57.866790+0000 mon.smithi113 (mon.0) 33 : audit [DBG] from='mgr.14114 172.21.15.113:0/3770707279' entity='mgr.smithi113.ctsazg' cmd=[{"prefix": "mon metadata", "id": "smithi113"}]: dispatch
2024-04-12T04:59:58.174 INFO:journalctl@ceph.mon.smithi113.smithi113.stdout:Apr 12 04:59:57 smithi113 ceph-52321e2c-f889-11ee-bc8c-c7b262605968-mon-smithi113[39678]: audit
2024-04-12T04:59:57.867528+0000 mon.smithi113 (mon.0) 34 : audit [DBG] from='mgr.14114 172.21.15.113:0/3770707279' entity='mgr.smithi113.ctsazg' cmd=[{"prefix": "mgr metadata", "who": "smithi113.ctsazg", "id": "smithi113.ctsazg"}]: dispatch
2024-04-12T04:59:58.174 INFO:journalctl@ceph.mon.smithi113.smithi113.stdout:Apr 12 04:59:57 smithi113 ceph-52321e2c-f889-11ee-bc8c-c7b262605968-mon-smithi113[39678]: audit
2024-04-12T04:59:57.868139+0000 mon.smithi113 (mon.0) 35 : audit [DBG] from='mgr.14114 172.21.15.113:0/3770707279' entity='mgr.smithi113.ctsazg' cmd=[{"prefix": "mds metadata"}]: dispatch
2024-04-12T04:59:58.175 INFO:journalctl@ceph.mon.smithi113.smithi113.stdout:Apr 12 04:59:57 smithi113 ceph-52321e2c-f889-11ee-bc8c-c7b262605968-mon-smithi113[39678]: audit
2024-04-12T04:59:57.868284+0000 mon.smithi113 (mon.0) 36 : audit [DBG] from='mgr.14114 172.21.15.113:0/3770707279' entity='mgr.smithi113.ctsazg' cmd=[{"prefix": "osd metadata"}]: dispatch
2024-04-12T04:59:58.175 INFO:journalctl@ceph.mon.smithi113.smithi113.stdout:Apr 12 04:59:57 smithi113 ceph-52321e2c-f889-11ee-bc8c-c7b262605968-mon-smithi113[39678]: audit
2024-04-12T04:59:57.868402+0000 mon.smithi113 (mon.0) 37 : audit [DBG] from='mgr.14114 172.21.15.113:0/3770707279' entity='mgr.smithi113.ctsazg' cmd=[{"prefix": "mon metadata"}]: dispatch
2024-04-12T04:59:58.175 INFO:journalctl@ceph.mon.smithi113.smithi113.stdout:Apr 12 04:59:57 smithi113 ceph-52321e2c-f889-11ee-bc8c-c7b262605968-mon-smithi113[39678]: cluster
2024-04-12T04:59:57.870362+0000 mon.smithi113 (mon.0) 38 : cluster [INF] Manager daemon smithi113.ctsazg is now available
2024-04-12T04:59:58.175 INFO:journalctl@ceph.mon.smithi113.smithi113.stdout:Apr 12 04:59:57 smithi113 ceph-52321e2c-f889-11ee-bc8c-c7b262605968-mon-smithi113[39678]: audit
2024-04-12T04:59:57.881959+0000 mon.smithi113 (mon.0) 39 : audit [INF] from='mgr.14114 172.21.15.113:0/3770707279' entity='mgr.smithi113.ctsazg'
2024-04-12T04:59:58.867 INFO:teuthology.orchestra.run.smithi113.stderr:/usr/bin/ceph:
2024-04-12T04:59:58.865+0000 7f06bb7fe700 1 -- 172.21.15.113:0/850336348 <== mon.0 v2:172.21.15.113:3300/0 7 ==== mgrmap(e 7) v1 ==== 38526+0+0 (secure 0 0 0) 0x7f06b4019390 con 0x7f06c4071c00
2024-04-12T04:59:58.867 INFO:teuthology.orchestra.run.smithi113.stderr:/usr/bin/ceph:
2024-04-12T04:59:58.865+0000 7f06bb7fe700 1 --2- 172.21.15.113:0/850336348 >> [v2:172.21.15.113:6800/2567243935,v1:172.21.15.113:6801/2567243935] conn(0x7f06b0035ff0 0x7f06b00383e0 unknown :-1 s=NONE pgs=0 cs=0 l=1 rev1=0 rx=0 tx=0).connect
2024-04-12T04:59:58.867 INFO:teuthology.orchestra.run.smithi113.stderr:/usr/bin/ceph:
2024-04-12T04:59:58.865+0000 7f06bb7fe700 1 -- 172.21.15.113:0/850336348 --> [v2:172.21.15.113:6800/2567243935,v1:172.21.15.113:6801/2567243935] -- command(tid 0: {"prefix": "get_command_descriptions"}) v1 -- 0x7f06b00351b0 con 0x7f06b0035ff0
2024-04-12T04:59:58.868 INFO:teuthology.orchestra.run.smithi113.stderr:/usr/bin/ceph:
2024-04-12T04:59:58.865+0000 7f06c1d9b700 1 --2- 172.21.15.113:0/850336348 >> [v2:172.21.15.113:6800/2567243935,v1:172.21.15.113:6801/2567243935] conn(0x7f06b0035ff0 0x7f06b00383e0 unknown :-1 s=BANNER_CONNECTING pgs=0 cs=0 l=1 rev1=0 rx=0 tx=0)._handle_peer_banner_payload supported=1 required=0
2024-04-12T04:59:58.868 INFO:teuthology.orchestra.run.smithi113.stderr:/usr/bin/ceph:
2024-04-12T04:59:58.866+0000 7f06c1d9b700 1 --2- 172.21.15.113:0/850336348 >> [v2:172.21.15.113:6800/2567243935,v1:172.21.15.113:6801/2567243935] conn(0x7f06b0035ff0 0x7f06b00383e0 secure :-1 s=READY pgs=1 cs=0 l=1 rev1=1 rx=0x7f06ac003850 tx=0x7f06ac006ea0).ready entity=mgr.14114 client_cookie=0 server_cookie=0 in_seq=0 out_seq=0
2024-04-12T04:59:58.869 INFO:teuthology.orchestra.run.smithi113.stderr:/usr/bin/ceph:
2024-04-12T04:59:58.867+0000 7f06bb7fe700 1 -- 172.21.15.113:0/850336348 <== mgr.14114 v2:172.21.15.113:6800/2567243935 1 ==== command_reply(tid 0: 0 ) v1 ==== 8+0+6438 (secure 0 0 0) 0x7f06b00351b0 con 0x7f06b0035ff0
2024-04-12T04:59:58.875 INFO:teuthology.orchestra.run.smithi113.stderr:/usr/bin/ceph:
2024-04-12T04:59:58.873+0000 7f06c8b7d700 1 -- 172.21.15.113:0/850336348 --> [v2:172.21.15.113:6800/2567243935,v1:172.21.15.113:6801/2567243935] -- command(tid 1: {"prefix": "mgr_status"}) v1 -- 0x7f06c405a310 con 0x7f06b0035ff0
2024-04-12T04:59:58.875 INFO:teuthology.orchestra.run.smithi113.stderr:/usr/bin/ceph:
2024-04-12T04:59:58.873+0000 7f06bb7fe700 1 -- 172.21.15.113:0/850336348 <== mgr.14114 v2:172.21.15.113:6800/2567243935 2 ==== command_reply(tid 1: 0 ) v1 ==== 8+0+51 (secure 0 0 0) 0x7f06c405a310 con 0x7f06b0035ff0
2024-04-12T04:59:58.876 INFO:teuthology.orchestra.run.smithi113.stderr:/usr/bin/ceph: {
2024-04-12T04:59:58.876 INFO:teuthology.orchestra.run.smithi113.stderr:/usr/bin/ceph: "mgrmap_epoch": 7,
2024-04-12T04:59:58.876 INFO:teuthology.orchestra.run.smithi113.stderr:/usr/bin/ceph: "initialized": true
2024-04-12T04:59:58.876 INFO:teuthology.orchestra.run.smithi113.stderr:/usr/bin/ceph: }
2024-04-12T04:59:58.877 INFO:teuthology.orchestra.run.smithi113.stderr:/usr/bin/ceph:
2024-04-12T04:59:58.873+0000 7f06c8b7d700 1 -- 172.21.15.113:0/850336348 >> [v2:172.21.15.113:6800/2567243935,v1:172.21.15.113:6801/2567243935] conn(0x7f06b0035ff0 msgr2=0x7f06b00383e0 secure :-1 s=STATE_CONNECTION_ESTABLISHED l=1).mark_down
2024-04-12T04:59:58.877 INFO:teuthology.orchestra.run.smithi113.stderr:/usr/bin/ceph:
2024-04-12T04:59:58.873+0000 7f06c8b7d700 1 --2- 172.21.15.113:0/850336348 >> [v2:172.21.15.113:6800/2567243935,v1:172.21.15.113:6801/2567243935] conn(0x7f06b0035ff0 0x7f06b00383e0 secure :-1 s=READY pgs=1 cs=0 l=1 rev1=1 rx=0x7f06ac003850 tx=0x7f06ac006ea0).stop
2024-04-12T04:59:58.877 INFO:teuthology.orchestra.run.smithi113.stderr:/usr/bin/ceph:
2024-04-12T04:59:58.873+0000 7f06c8b7d700 1 -- 172.21.15.113:0/850336348 >> [v2:172.21.15.113:3300/0,v1:172.21.15.113:6789/0] conn(0x7f06c4071c00 msgr2=0x7f06c40fd710 secure :-1 s=STATE_CONNECTION_ESTABLISHED l=1).mark_down
2024-04-12T04:59:58.877 INFO:teuthology.orchestra.run.smithi113.stderr:/usr/bin/ceph:
2024-04-12T04:59:58.873+0000 7f06c8b7d700 1 --2- 172.21.15.113:0/850336348 >> [v2:172.21.15.113:3300/0,v1:172.21.15.113:6789/0] conn(0x7f06c4071c00 0x7f06c40fd710 secure :-1 s=READY pgs=23 cs=0 l=1 rev1=1 rx=0x7f06b4009330 tx=0x7f06b40090f0).stop
2024-04-12T04:59:58.877 INFO:teuthology.orchestra.run.smithi113.stderr:/usr/bin/ceph:
2024-04-12T04:59:58.873+0000 7f06c8b7d700 1 -- 172.21.15.113:0/850336348 shutdown_connections
2024-04-12T04:59:58.877 INFO:teuthology.orchestra.run.smithi113.stderr:/usr/bin/ceph:
2024-04-12T04:59:58.873+0000 7f06c8b7d700 1 --2- 172.21.15.113:0/850336348 >> [v2:172.21.15.113:6800/2567243935,v1:172.21.15.113:6801/2567243935] conn(0x7f06b0035ff0 0x7f06b00383e0 unknown :-1 s=CLOSED pgs=1 cs=0 l=1 rev1=1 rx=0 tx=0).stop
2024-04-12T04:59:58.877 INFO:teuthology.orchestra.run.smithi113.stderr:/usr/bin/ceph:
2024-04-12T04:59:58.873+0000 7f06c8b7d700 1 --2- 172.21.15.113:0/850336348 >> [v2:172.21.15.113:3300/0,v1:172.21.15.113:6789/0] conn(0x7f06c4071c00 0x7f06c40fd710 unknown :-1 s=CLOSED pgs=23 cs=0 l=1 rev1=1 rx=0 tx=0).stop
2024-04-12T04:59:58.878 INFO:teuthology.orchestra.run.smithi113.stderr:/usr/bin/ceph:
2024-04-12T04:59:58.873+0000 7f06c8b7d700 1 --2- 172.21.15.113:0/850336348 >> [v2:172.21.15.113:6800/3275382936,v1:172.21.15.113:6801/3275382936] conn(0x7f06b0032630 0x7f06b0034af0 unknown :-1 s=CLOSED pgs=0 cs=0 l=1 rev1=0 rx=0 tx=0).stop
2024-04-12T04:59:58.878 INFO:teuthology.orchestra.run.smithi113.stderr:/usr/bin/ceph:
2024-04-12T04:59:58.873+0000 7f06c8b7d700 1 -- 172.21.15.113:0/850336348 >> 172.21.15.113:0/850336348 conn(0x7f06c40f76f0 msgr2=0x7f06c40f91b0 unknown :-1 s=STATE_NONE l=0).mark_down
2024-04-12T04:59:58.878 INFO:teuthology.orchestra.run.smithi113.stderr:/usr/bin/ceph:
2024-04-12T04:59:58.874+0000 7f06c8b7d700 1 -- 172.21.15.113:0/850336348 shutdown_connections
2024-04-12T04:59:58.878 INFO:teuthology.orchestra.run.smithi113.stderr:/usr/bin/ceph:
2024-04-12T04:59:58.874+0000 7f06c8b7d700 1 -- 172.21.15.113:0/850336348 wait complete.
2024-04-12T04:59:59.174 INFO:journalctl@ceph.mon.smithi113.smithi113.stdout:Apr 12 04:59:58 smithi113 ceph-52321e2c-f889-11ee-bc8c-c7b262605968-mon-smithi113[39678]: cephadm
2024-04-12T04:59:57.879368+0000 mgr.smithi113.ctsazg (mgr.14114) 1 : cephadm [INF] Found migration_current of "None". Setting to last migration.
2024-04-12T04:59:59.174 INFO:journalctl@ceph.mon.smithi113.smithi113.stdout:Apr 12 04:59:58 smithi113 ceph-52321e2c-f889-11ee-bc8c-c7b262605968-mon-smithi113[39678]: audit
2024-04-12T04:59:57.966007+0000 mon.smithi113 (mon.0) 40 : audit [INF] from='mgr.14114 172.21.15.113:0/3770707279' entity='mgr.smithi113.ctsazg'
2024-04-12T04:59:59.174 INFO:journalctl@ceph.mon.smithi113.smithi113.stdout:Apr 12 04:59:58 smithi113 ceph-52321e2c-f889-11ee-bc8c-c7b262605968-mon-smithi113[39678]: audit
2024-04-12T04:59:57.966933+0000 mon.smithi113 (mon.0) 41 : audit [DBG] from='mgr.14114 172.21.15.113:0/3770707279' entity='mgr.smithi113.ctsazg' cmd=[{"prefix": "config dump", "format": "json"}]: dispatch
2024-04-12T04:59:59.175 INFO:journalctl@ceph.mon.smithi113.smithi113.stdout:Apr 12 04:59:58 smithi113 ceph-52321e2c-f889-11ee-bc8c-c7b262605968-mon-smithi113[39678]: audit
2024-04-12T04:59:57.968299+0000 mon.smithi113 (mon.0) 42 : audit [DBG] from='mgr.14114 172.21.15.113:0/3770707279' entity='mgr.smithi113.ctsazg' cmd=[{"prefix": "config dump", "format": "json"}]: dispatch
2024-04-12T04:59:59.175 INFO:journalctl@ceph.mon.smithi113.smithi113.stdout:Apr 12 04:59:58 smithi113 ceph-52321e2c-f889-11ee-bc8c-c7b262605968-mon-smithi113[39678]: audit
2024-04-12T04:59:57.970287+0000 mon.smithi113 (mon.0) 43 : audit [DBG] from='mgr.14114 172.21.15.113:0/3770707279' entity='mgr.smithi113.ctsazg' cmd=[{"prefix": "config dump", "format": "json"}]: dispatch
2024-04-12T04:59:59.175 INFO:journalctl@ceph.mon.smithi113.smithi113.stdout:Apr 12 04:59:58 smithi113 ceph-52321e2c-f889-11ee-bc8c-c7b262605968-mon-smithi113[39678]: audit
2024-04-12T04:59:57.984498+0000 mon.smithi113 (mon.0) 44 : audit [INF] from='mgr.14114 172.21.15.113:0/3770707279' entity='mgr.smithi113.ctsazg' cmd=[{"prefix":"config rm","who":"mgr","name":"mgr/rbd_support/smithi113.ctsazg/mirror_snapshot_schedule"}]: dispatch
2024-04-12T04:59:59.175 INFO:journalctl@ceph.mon.smithi113.smithi113.stdout:Apr 12 04:59:58 smithi113 ceph-52321e2c-f889-11ee-bc8c-c7b262605968-mon-smithi113[39678]: audit
2024-04-12T04:59:57.986616+0000 mon.smithi113 (mon.0) 45 : audit [INF] from='mgr.14114 172.21.15.113:0/3770707279' entity='mgr.smithi113.ctsazg' cmd=[{"prefix":"config rm","who":"mgr","name":"mgr/rbd_support/smithi113.ctsazg/trash_purge_schedule"}]: dispatch
2024-04-12T04:59:59.175 INFO:journalctl@ceph.mon.smithi113.smithi113.stdout:Apr 12 04:59:58 smithi113 ceph-52321e2c-f889-11ee-bc8c-c7b262605968-mon-smithi113[39678]: cluster
2024-04-12T04:59:58.868484+0000 mon.smithi113 (mon.0) 46 : cluster [DBG] mgrmap e7: smithi113.ctsazg(active, since 1.00563s)
2024-04-12T04:59:59.504 INFO:teuthology.orchestra.run.smithi113.stderr:mgr epoch 5 is available
2024-04-12T04:59:59.504 INFO:teuthology.orchestra.run.smithi113.stderr:Setting orchestrator backend to cephadm...
2024-04-12T05:00:00.112 INFO:teuthology.orchestra.run.smithi113.stderr:/usr/bin/ceph:
2024-04-12T05:00:00.106+0000 7f03835dc700 1 Processor -- start
2024-04-12T05:00:00.112 INFO:teuthology.orchestra.run.smithi113.stderr:/usr/bin/ceph:
2024-04-12T05:00:00.106+0000 7f03835dc700 1 -- start start
2024-04-12T05:00:00.112 INFO:teuthology.orchestra.run.smithi113.stderr:/usr/bin/ceph:
2024-04-12T05:00:00.107+0000 7f03835dc700 1 --2- >> [v2:172.21.15.113:3300/0,v1:172.21.15.113:6789/0] conn(0x7f037c071c60 0x7f037c0ffc30 unknown :-1 s=NONE pgs=0 cs=0 l=0 rev1=0 rx=0 tx=0).connect
2024-04-12T05:00:00.112 INFO:teuthology.orchestra.run.smithi113.stderr:/usr/bin/ceph:
2024-04-12T05:00:00.107+0000 7f03835dc700 1 -- --> [v2:172.21.15.113:3300/0,v1:172.21.15.113:6789/0] -- mon_getmap magic: 0 v1 -- 0x7f037c100120 con 0x7f037c071c60
2024-04-12T05:00:00.112 INFO:teuthology.orchestra.run.smithi113.stderr:/usr/bin/ceph:
2024-04-12T05:00:00.107+0000 7f0381378700 1 --2- >> [v2:172.21.15.113:3300/0,v1:172.21.15.113:6789/0] conn(0x7f037c071c60 0x7f037c0ffc30 unknown :-1 s=BANNER_CONNECTING pgs=0 cs=0 l=0 rev1=0 rx=0 tx=0)._handle_peer_banner_payload supported=1 required=0
2024-04-12T05:00:00.112 INFO:teuthology.orchestra.run.smithi113.stderr:/usr/bin/ceph:
2024-04-12T05:00:00.107+0000 7f0381378700 1 --2- >> [v2:172.21.15.113:3300/0,v1:172.21.15.113:6789/0] conn(0x7f037c071c60 0x7f037c0ffc30 unknown :-1 s=HELLO_CONNECTING pgs=0 cs=0 l=0 rev1=1 rx=0 tx=0).handle_hello peer v2:172.21.15.113:3300/0 says I am v2:172.21.15.113:58968/0 (socket says 172.21.15.113:58968)
2024-04-12T05:00:00.112 INFO:teuthology.orchestra.run.smithi113.stderr:/usr/bin/ceph:
2024-04-12T05:00:00.107+0000 7f0381378700 1 -- 172.21.15.113:0/1973318855 learned_addr learned my addr 172.21.15.113:0/1973318855 (peer_addr_for_me v2:172.21.15.113:0/0)
2024-04-12T05:00:00.112 INFO:teuthology.orchestra.run.smithi113.stderr:/usr/bin/ceph:
2024-04-12T05:00:00.107+0000 7f0381378700 1 -- 172.21.15.113:0/1973318855 --> [v2:172.21.15.113:3300/0,v1:172.21.15.113:6789/0] -- mon_subscribe({config=0+,monmap=0+}) v3 -- 0x7f037c100260 con 0x7f037c071c60
2024-04-12T05:00:00.112 INFO:teuthology.orchestra.run.smithi113.stderr:/usr/bin/ceph:
2024-04-12T05:00:00.107+0000 7f0381378700 1 --2- 172.21.15.113:0/1973318855 >> [v2:172.21.15.113:3300/0,v1:172.21.15.113:6789/0] conn(0x7f037c071c60 0x7f037c0ffc30 secure :-1 s=READY pgs=29 cs=0 l=1 rev1=1 rx=0x7f036c009730 tx=0x7f036c0090f0).ready entity=mon.0 client_cookie=5541ec1be0e1f225 server_cookie=0 in_seq=0 out_seq=0
2024-04-12T05:00:00.112 INFO:teuthology.orchestra.run.smithi113.stderr:/usr/bin/ceph:
2024-04-12T05:00:00.107+0000 7f0373fff700 1 -- 172.21.15.113:0/1973318855 <== mon.0 v2:172.21.15.113:3300/0 1 ==== mon_map magic: 0 v1 ==== 229+0+0 (secure 0 0 0) 0x7f036c00b6e0 con 0x7f037c071c60
2024-04-12T05:00:00.112 INFO:teuthology.orchestra.run.smithi113.stderr:/usr/bin/ceph:
2024-04-12T05:00:00.107+0000 7f0373fff700 1 -- 172.21.15.113:0/1973318855 <== mon.0 v2:172.21.15.113:3300/0 2 ==== config(25 keys) v1 ==== 982+0+0 (secure 0 0 0) 0x7f036c00bc90 con 0x7f037c071c60
2024-04-12T05:00:00.112 INFO:teuthology.orchestra.run.smithi113.stderr:/usr/bin/ceph:
2024-04-12T05:00:00.107+0000 7f0373fff700 1 -- 172.21.15.113:0/1973318855 <== mon.0 v2:172.21.15.113:3300/0 3 ==== mon_map magic: 0 v1 ==== 229+0+0 (secure 0 0 0) 0x7f036c011c70 con 0x7f037c071c60
2024-04-12T05:00:00.113 INFO:teuthology.orchestra.run.smithi113.stderr:/usr/bin/ceph:
2024-04-12T05:00:00.108+0000 7f03835dc700 1 -- 172.21.15.113:0/1973318855 >> [v2:172.21.15.113:3300/0,v1:172.21.15.113:6789/0] conn(0x7f037c071c60 msgr2=0x7f037c0ffc30 secure :-1 s=STATE_CONNECTION_ESTABLISHED l=1).mark_down
2024-04-12T05:00:00.113 INFO:teuthology.orchestra.run.smithi113.stderr:/usr/bin/ceph:
2024-04-12T05:00:00.108+0000 7f03835dc700 1 --2- 172.21.15.113:0/1973318855 >> [v2:172.21.15.113:3300/0,v1:172.21.15.113:6789/0] conn(0x7f037c071c60 0x7f037c0ffc30 secure :-1 s=READY pgs=29 cs=0 l=1 rev1=1 rx=0x7f036c009730 tx=0x7f036c0090f0).stop
2024-04-12T05:00:00.113 INFO:teuthology.orchestra.run.smithi113.stderr:/usr/bin/ceph:
2024-04-12T05:00:00.108+0000 7f03835dc700 1 -- 172.21.15.113:0/1973318855 shutdown_connections
2024-04-12T05:00:00.113 INFO:teuthology.orchestra.run.smithi113.stderr:/usr/bin/ceph:
2024-04-12T05:00:00.108+0000 7f03835dc700 1 --2- 172.21.15.113:0/1973318855 >> [v2:172.21.15.113:3300/0,v1:172.21.15.113:6789/0] conn(0x7f037c071c60 0x7f037c0ffc30 unknown :-1 s=CLOSED pgs=29 cs=0 l=1 rev1=1 rx=0 tx=0).stop
2024-04-12T05:00:00.113 INFO:teuthology.orchestra.run.smithi113.stderr:/usr/bin/ceph:
2024-04-12T05:00:00.108+0000 7f03835dc700 1 -- 172.21.15.113:0/1973318855 >> 172.21.15.113:0/1973318855 conn(0x7f037c0f76f0 msgr2=0x7f037c0f9b10 unknown :-1 s=STATE_NONE l=0).mark_down
2024-04-12T05:00:00.113 INFO:teuthology.orchestra.run.smithi113.stderr:/usr/bin/ceph:
2024-04-12T05:00:00.108+0000 7f03835dc700 1 -- 172.21.15.113:0/1973318855 shutdown_connections
2024-04-12T05:00:00.113 INFO:teuthology.orchestra.run.smithi113.stderr:/usr/bin/ceph:
2024-04-12T05:00:00.108+0000 7f03835dc700 1 -- 172.21.15.113:0/1973318855 wait complete.
2024-04-12T05:00:00.113 INFO:teuthology.orchestra.run.smithi113.stderr:/usr/bin/ceph:
2024-04-12T05:00:00.108+0000 7f03835dc700 1 Processor -- start
2024-04-12T05:00:00.113 INFO:teuthology.orchestra.run.smithi113.stderr:/usr/bin/ceph:
2024-04-12T05:00:00.108+0000 7f03835dc700 1 -- start start
2024-04-12T05:00:00.113 INFO:teuthology.orchestra.run.smithi113.stderr:/usr/bin/ceph:
2024-04-12T05:00:00.109+0000 7f03835dc700 1 --2- >> [v2:172.21.15.113:3300/0,v1:172.21.15.113:6789/0] conn(0x7f037c071c60 0x7f037c10be00 unknown :-1 s=NONE pgs=0 cs=0 l=1 rev1=0 rx=0 tx=0).connect
2024-04-12T05:00:00.113 INFO:teuthology.orchestra.run.smithi113.stderr:/usr/bin/ceph:
2024-04-12T05:00:00.109+0000 7f03835dc700 1 -- --> [v2:172.21.15.113:3300/0,v1:172.21.15.113:6789/0] -- mon_getmap magic: 0 v1 -- 0x7f037c10c2f0 con 0x7f037c071c60
2024-04-12T05:00:00.113 INFO:teuthology.orchestra.run.smithi113.stderr:/usr/bin/ceph:
2024-04-12T05:00:00.109+0000 7f0381378700 1 --2- >> [v2:172.21.15.113:3300/0,v1:172.21.15.113:6789/0] conn(0x7f037c071c60 0x7f037c10be00 unknown :-1 s=BANNER_CONNECTING pgs=0 cs=0 l=1 rev1=0 rx=0 tx=0)._handle_peer_banner_payload supported=1 required=0
2024-04-12T05:00:00.113 INFO:teuthology.orchestra.run.smithi113.stderr:/usr/bin/ceph:
2024-04-12T05:00:00.109+0000 7f0381378700 1 --2- >> [v2:172.21.15.113:3300/0,v1:172.21.15.113:6789/0] conn(0x7f037c071c60 0x7f037c10be00 unknown :-1 s=HELLO_CONNECTING pgs=0 cs=0 l=1 rev1=1 rx=0 tx=0).handle_hello peer v2:172.21.15.113:3300/0 says I am v2:172.21.15.113:58980/0 (socket says 172.21.15.113:58980)
2024-04-12T05:00:00.113 INFO:teuthology.orchestra.run.smithi113.stderr:/usr/bin/ceph:
2024-04-12T05:00:00.109+0000 7f0381378700 1 -- 172.21.15.113:0/532272607 learned_addr learned my addr 172.21.15.113:0/532272607 (peer_addr_for_me v2:172.21.15.113:0/0)
2024-04-12T05:00:00.113 INFO:teuthology.orchestra.run.smithi113.stderr:/usr/bin/ceph:
2024-04-12T05:00:00.109+0000 7f0381378700 1 -- 172.21.15.113:0/532272607 --> [v2:172.21.15.113:3300/0,v1:172.21.15.113:6789/0] -- mon_subscribe({config=0+,monmap=0+}) v3 -- 0x7f036c009370 con 0x7f037c071c60
2024-04-12T05:00:00.114 INFO:teuthology.orchestra.run.smithi113.stderr:/usr/bin/ceph:
2024-04-12T05:00:00.109+0000 7f0381378700 1 --2- 172.21.15.113:0/532272607 >> [v2:172.21.15.113:3300/0,v1:172.21.15.113:6789/0] conn(0x7f037c071c60 0x7f037c10be00 secure :-1 s=READY pgs=30 cs=0 l=1 rev1=1 rx=0x7f036c000c00 tx=0x7f036c0090f0).ready entity=mon.0 client_cookie=0 server_cookie=0 in_seq=0 out_seq=0
2024-04-12T05:00:00.114 INFO:teuthology.orchestra.run.smithi113.stderr:/usr/bin/ceph:
2024-04-12T05:00:00.109+0000 7f03727fc700 1 -- 172.21.15.113:0/532272607 <== mon.0 v2:172.21.15.113:3300/0 1 ==== mon_map magic: 0 v1 ==== 229+0+0 (secure 0 0 0) 0x7f036c01a610 con 0x7f037c071c60
2024-04-12T05:00:00.114 INFO:teuthology.orchestra.run.smithi113.stderr:/usr/bin/ceph:
2024-04-12T05:00:00.109+0000 7f03727fc700 1 -- 172.21.15.113:0/532272607 <== mon.0 v2:172.21.15.113:3300/0 2 ==== config(25 keys) v1 ==== 982+0+0 (secure 0 0 0) 0x7f036c01abc0 con 0x7f037c071c60
2024-04-12T05:00:00.114 INFO:teuthology.orchestra.run.smithi113.stderr:/usr/bin/ceph:
2024-04-12T05:00:00.109+0000 7f03835dc700 1 -- 172.21.15.113:0/532272607 --> [v2:172.21.15.113:3300/0,v1:172.21.15.113:6789/0] -- mon_subscribe({mgrmap=0+}) v3 -- 0x7f037c10c4f0 con 0x7f037c071c60
2024-04-12T05:00:00.114 INFO:teuthology.orchestra.run.smithi113.stderr:/usr/bin/ceph:
2024-04-12T05:00:00.109+0000 7f03727fc700 1 -- 172.21.15.113:0/532272607 <== mon.0 v2:172.21.15.113:3300/0 3 ==== mon_map magic: 0 v1 ==== 229+0+0 (secure 0 0 0) 0x7f036c022a20 con 0x7f037c071c60
2024-04-12T05:00:00.114 INFO:teuthology.orchestra.run.smithi113.stderr:/usr/bin/ceph:
2024-04-12T05:00:00.109+0000 7f03835dc700 1 -- 172.21.15.113:0/532272607 --> [v2:172.21.15.113:3300/0,v1:172.21.15.113:6789/0] -- mon_subscribe({osdmap=0}) v3 -- 0x7f037c10c900 con 0x7f037c071c60
2024-04-12T05:00:00.115 INFO:teuthology.orchestra.run.smithi113.stderr:/usr/bin/ceph:
2024-04-12T05:00:00.110+0000 7f03727fc700 1 -- 172.21.15.113:0/532272607 <== mon.0 v2:172.21.15.113:3300/0 4 ==== mgrmap(e 8) v1 ==== 38632+0+0 (secure 0 0 0) 0x7f036c022ce0 con 0x7f037c071c60
2024-04-12T05:00:00.115 INFO:teuthology.orchestra.run.smithi113.stderr:/usr/bin/ceph:
2024-04-12T05:00:00.110+0000 7f03727fc700 1 --2- 172.21.15.113:0/532272607 >> [v2:172.21.15.113:6800/2567243935,v1:172.21.15.113:6801/2567243935] conn(0x7f0368032610 0x7f0368034ad0 unknown :-1 s=NONE pgs=0 cs=0 l=1 rev1=0 rx=0 tx=0).connect
2024-04-12T05:00:00.115 INFO:teuthology.orchestra.run.smithi113.stderr:/usr/bin/ceph:
2024-04-12T05:00:00.110+0000 7f03727fc700 1 -- 172.21.15.113:0/532272607 <== mon.0 v2:172.21.15.113:3300/0 5 ==== osd_map(2..2 src has 1..2) v4 ==== 893+0+0 (secure 0 0 0) 0x7f036c044e80 con 0x7f037c071c60
2024-04-12T05:00:00.115 INFO:teuthology.orchestra.run.smithi113.stderr:/usr/bin/ceph:
2024-04-12T05:00:00.110+0000 7f03835dc700 1 -- 172.21.15.113:0/532272607 --> [v2:172.21.15.113:3300/0,v1:172.21.15.113:6789/0] -- mon_command({"prefix": "get_command_descriptions"} v 0) v1 -- 0x7f037c046ce0 con 0x7f037c071c60
2024-04-12T05:00:00.115 INFO:teuthology.orchestra.run.smithi113.stderr:/usr/bin/ceph:
2024-04-12T05:00:00.111+0000 7f0380b77700 1 --2- 172.21.15.113:0/532272607 >> [v2:172.21.15.113:6800/2567243935,v1:172.21.15.113:6801/2567243935] conn(0x7f0368032610 0x7f0368034ad0 unknown :-1 s=BANNER_CONNECTING pgs=0 cs=0 l=1 rev1=0 rx=0 tx=0)._handle_peer_banner_payload supported=1 required=0
2024-04-12T05:00:00.115 INFO:teuthology.orchestra.run.smithi113.stderr:/usr/bin/ceph:
2024-04-12T05:00:00.111+0000 7f0380b77700 1 --2- 172.21.15.113:0/532272607 >> [v2:172.21.15.113:6800/2567243935,v1:172.21.15.113:6801/2567243935] conn(0x7f0368032610 0x7f0368034ad0 secure :-1 s=READY pgs=6 cs=0 l=1 rev1=1 rx=0x7f0378009780 tx=0x7f0378006cc0).ready entity=mgr.14114 client_cookie=0 server_cookie=0 in_seq=0 out_seq=0
2024-04-12T05:00:00.117 INFO:teuthology.orchestra.run.smithi113.stderr:/usr/bin/ceph:
2024-04-12T05:00:00.115+0000 7f03727fc700 1 -- 172.21.15.113:0/532272607 <== mon.0 v2:172.21.15.113:3300/0 6 ==== mon_command_ack([{"prefix": "get_command_descriptions"}]=0 v0) v1 ==== 72+0+163658 (secure 0 0 0) 0x7f036c018500 con 0x7f037c071c60
2024-04-12T05:00:00.174 INFO:journalctl@ceph.mon.smithi113.smithi113.stdout:Apr 12 04:59:59 smithi113 ceph-52321e2c-f889-11ee-bc8c-c7b262605968-mon-smithi113[39678]: audit
2024-04-12T04:59:58.867486+0000 mgr.smithi113.ctsazg (mgr.14114) 2 : audit [DBG] from='client.14118 -' entity='client.admin' cmd=[{"prefix": "get_command_descriptions"}]: dispatch
2024-04-12T05:00:00.174 INFO:journalctl@ceph.mon.smithi113.smithi113.stdout:Apr 12 04:59:59 smithi113 ceph-52321e2c-f889-11ee-bc8c-c7b262605968-mon-smithi113[39678]: audit
2024-04-12T04:59:58.874075+0000 mgr.smithi113.ctsazg (mgr.14114) 3 : audit [DBG] from='client.14118 -' entity='client.admin' cmd=[{"prefix": "mgr_status"}]: dispatch
2024-04-12T05:00:00.292 INFO:teuthology.orchestra.run.smithi113.stderr:/usr/bin/ceph:
2024-04-12T05:00:00.290+0000 7f03835dc700 1 -- 172.21.15.113:0/532272607 --> [v2:172.21.15.113:6800/2567243935,v1:172.21.15.113:6801/2567243935] -- mgr_command(tid 0: {"prefix": "orch set backend", "module_name": "cephadm", "target": ["mon-mgr", ""]}) v1 -- 0x7f037c10d100 con 0x7f0368032610
2024-04-12T05:00:00.299 INFO:teuthology.orchestra.run.smithi113.stderr:/usr/bin/ceph:
2024-04-12T05:00:00.297+0000 7f03727fc700 1 -- 172.21.15.113:0/532272607 <== mgr.14114 v2:172.21.15.113:6800/2567243935 1 ==== mgr_command_reply(tid 0: 0 ) v1 ==== 8+0+0 (secure 0 0 0) 0x7f037c10d100 con 0x7f0368032610
2024-04-12T05:00:00.303 INFO:teuthology.orchestra.run.smithi113.stderr:/usr/bin/ceph:
2024-04-12T05:00:00.299+0000 7f03835dc700 1 -- 172.21.15.113:0/532272607 >> [v2:172.21.15.113:6800/2567243935,v1:172.21.15.113:6801/2567243935] conn(0x7f0368032610 msgr2=0x7f0368034ad0 secure :-1 s=STATE_CONNECTION_ESTABLISHED l=1).mark_down
2024-04-12T05:00:00.303 INFO:teuthology.orchestra.run.smithi113.stderr:/usr/bin/ceph:
2024-04-12T05:00:00.299+0000 7f03835dc700 1 --2- 172.21.15.113:0/532272607 >> [v2:172.21.15.113:6800/2567243935,v1:172.21.15.113:6801/2567243935] conn(0x7f0368032610 0x7f0368034ad0 secure :-1 s=READY pgs=6 cs=0 l=1 rev1=1 rx=0x7f0378009780 tx=0x7f0378006cc0).stop
2024-04-12T05:00:00.303 INFO:teuthology.orchestra.run.smithi113.stderr:/usr/bin/ceph:
2024-04-12T05:00:00.299+0000 7f03835dc700 1 -- 172.21.15.113:0/532272607 >> [v2:172.21.15.113:3300/0,v1:172.21.15.113:6789/0] conn(0x7f037c071c60 msgr2=0x7f037c10be00 secure :-1 s=STATE_CONNECTION_ESTABLISHED l=1).mark_down
2024-04-12T05:00:00.303 INFO:teuthology.orchestra.run.smithi113.stderr:/usr/bin/ceph:
2024-04-12T05:00:00.299+0000 7f03835dc700 1 --2- 172.21.15.113:0/532272607 >> [v2:172.21.15.113:3300/0,v1:172.21.15.113:6789/0] conn(0x7f037c071c60 0x7f037c10be00 secure :-1 s=READY pgs=30 cs=0 l=1 rev1=1 rx=0x7f036c000c00 tx=0x7f036c0090f0).stop
2024-04-12T05:00:00.303 INFO:teuthology.orchestra.run.smithi113.stderr:/usr/bin/ceph:
2024-04-12T05:00:00.299+0000 7f03835dc700 1 -- 172.21.15.113:0/532272607 shutdown_connections
2024-04-12T05:00:00.303 INFO:teuthology.orchestra.run.smithi113.stderr:/usr/bin/ceph:
2024-04-12T05:00:00.299+0000 7f03835dc700 1 --2- 172.21.15.113:0/532272607 >> [v2:172.21.15.113:6800/2567243935,v1:172.21.15.113:6801/2567243935] conn(0x7f0368032610 0x7f0368034ad0 unknown :-1 s=CLOSED pgs=6 cs=0 l=1 rev1=1 rx=0 tx=0).stop
2024-04-12T05:00:00.303 INFO:teuthology.orchestra.run.smithi113.stderr:/usr/bin/ceph:
2024-04-12T05:00:00.299+0000 7f03835dc700 1 --2- 172.21.15.113:0/532272607 >> [v2:172.21.15.113:3300/0,v1:172.21.15.113:6789/0] conn(0x7f037c071c60 0x7f037c10be00 unknown :-1 s=CLOSED pgs=30 cs=0 l=1 rev1=1 rx=0 tx=0).stop
2024-04-12T05:00:00.303 INFO:teuthology.orchestra.run.smithi113.stderr:/usr/bin/ceph:
2024-04-12T05:00:00.299+0000 7f03835dc700 1 -- 172.21.15.113:0/532272607 >> 172.21.15.113:0/532272607 conn(0x7f037c0f76f0 msgr2=0x7f037c0f9180 unknown :-1 s=STATE_NONE l=0).mark_down
2024-04-12T05:00:00.303 INFO:teuthology.orchestra.run.smithi113.stderr:/usr/bin/ceph:
2024-04-12T05:00:00.300+0000 7f03835dc700 1 -- 172.21.15.113:0/532272607 shutdown_connections
2024-04-12T05:00:00.303 INFO:teuthology.orchestra.run.smithi113.stderr:/usr/bin/ceph:
2024-04-12T05:00:00.300+0000 7f03835dc700 1 -- 172.21.15.113:0/532272607 wait complete.
2024-04-12T05:00:01.262 INFO:journalctl@ceph.mon.smithi113.smithi113.stdout:Apr 12 05:00:00 smithi113 ceph-52321e2c-f889-11ee-bc8c-c7b262605968-mon-smithi113[39678]: cluster
