2024-04-12T05:00:22.363 INFO:teuthology.orchestra.run.smithi113.stderr:/usr/bin/ceph:
2024-04-12T05:00:22.348+0000 7f3cf1c38700 1 Processor -- start
2024-04-12T05:00:22.363 INFO:teuthology.orchestra.run.smithi113.stderr:/usr/bin/ceph:
2024-04-12T05:00:22.348+0000 7f3cf1c38700 1 -- start start
2024-04-12T05:00:22.363 INFO:teuthology.orchestra.run.smithi113.stderr:/usr/bin/ceph:
2024-04-12T05:00:22.349+0000 7f3cf1c38700 1 --2- >> [v2:172.21.15.113:3300/0,v1:172.21.15.113:6789/0] conn(0x7f3cec0fbed0 0x7f3cec10eaf0 unknown :-1 s=NONE pgs=0 cs=0 l=1 rev1=0 rx=0 tx=0).connect
2024-04-12T05:00:22.363 INFO:teuthology.orchestra.run.smithi113.stderr:/usr/bin/ceph:
2024-04-12T05:00:22.349+0000 7f3cf1c38700 1 -- --> [v2:172.21.15.113:3300/0,v1:172.21.15.113:6789/0] -- mon_getmap magic: 0 v1 -- 0x7f3cec071ca0 con 0x7f3cec0fbed0
2024-04-12T05:00:22.363 INFO:teuthology.orchestra.run.smithi113.stderr:/usr/bin/ceph:
2024-04-12T05:00:22.349+0000 7f3ceb7fe700 1 --2- >> [v2:172.21.15.113:3300/0,v1:172.21.15.113:6789/0] conn(0x7f3cec0fbed0 0x7f3cec10eaf0 unknown :-1 s=BANNER_CONNECTING pgs=0 cs=0 l=1 rev1=0 rx=0 tx=0)._handle_peer_banner_payload supported=1 required=0
2024-04-12T05:00:22.363 INFO:teuthology.orchestra.run.smithi113.stderr:/usr/bin/ceph:
2024-04-12T05:00:22.349+0000 7f3ceb7fe700 1 --2- >> [v2:172.21.15.113:3300/0,v1:172.21.15.113:6789/0] conn(0x7f3cec0fbed0 0x7f3cec10eaf0 unknown :-1 s=HELLO_CONNECTING pgs=0 cs=0 l=1 rev1=1 rx=0 tx=0).handle_hello peer v2:172.21.15.113:3300/0 says I am v2:172.21.15.113:36056/0 (socket says 172.21.15.113:36056)
2024-04-12T05:00:22.363 INFO:teuthology.orchestra.run.smithi113.stderr:/usr/bin/ceph:
2024-04-12T05:00:22.349+0000 7f3ceb7fe700 1 -- 172.21.15.113:0/2734932486 learned_addr learned my addr 172.21.15.113:0/2734932486 (peer_addr_for_me v2:172.21.15.113:0/0)
2024-04-12T05:00:22.363 INFO:teuthology.orchestra.run.smithi113.stderr:/usr/bin/ceph:
2024-04-12T05:00:22.349+0000 7f3ceb7fe700 1 -- 172.21.15.113:0/2734932486 --> [v2:172.21.15.113:3300/0,v1:172.21.15.113:6789/0] -- mon_subscribe({config=0+,monmap=0+}) v3 -- 0x7f3ce4009370 con 0x7f3cec0fbed0
2024-04-12T05:00:22.363 INFO:teuthology.orchestra.run.smithi113.stderr:/usr/bin/ceph:
2024-04-12T05:00:22.349+0000 7f3ceb7fe700 1 --2- 172.21.15.113:0/2734932486 >> [v2:172.21.15.113:3300/0,v1:172.21.15.113:6789/0] conn(0x7f3cec0fbed0 0x7f3cec10eaf0 secure :-1 s=READY pgs=56 cs=0 l=1 rev1=1 rx=0x7f3ce4002f40 tx=0x7f3ce40090f0).ready entity=mon.0 client_cookie=0 server_cookie=0 in_seq=0 out_seq=0
2024-04-12T05:00:22.364 INFO:teuthology.orchestra.run.smithi113.stderr:/usr/bin/ceph:
2024-04-12T05:00:22.349+0000 7f3ce8ff9700 1 -- 172.21.15.113:0/2734932486 <== mon.0 v2:172.21.15.113:3300/0 1 ==== mon_map magic: 0 v1 ==== 229+0+0 (secure 0 0 0) 0x7f3ce401a590 con 0x7f3cec0fbed0
2024-04-12T05:00:22.364 INFO:teuthology.orchestra.run.smithi113.stderr:/usr/bin/ceph:
2024-04-12T05:00:22.349+0000 7f3ce8ff9700 1 -- 172.21.15.113:0/2734932486 <== mon.0 v2:172.21.15.113:3300/0 2 ==== config(25 keys) v1 ==== 1046+0+0 (secure 0 0 0) 0x7f3ce401ab80 con 0x7f3cec0fbed0
2024-04-12T05:00:22.364 INFO:teuthology.orchestra.run.smithi113.stderr:/usr/bin/ceph:
2024-04-12T05:00:22.349+0000 7f3ce8ff9700 1 -- 172.21.15.113:0/2734932486 <== mon.0 v2:172.21.15.113:3300/0 3 ==== mon_map magic: 0 v1 ==== 229+0+0 (secure 0 0 0) 0x7f3ce4022aa0 con 0x7f3cec0fbed0
2024-04-12T05:00:22.364 INFO:teuthology.orchestra.run.smithi113.stderr:/usr/bin/ceph:
2024-04-12T05:00:22.349+0000 7f3cf1c38700 1 -- 172.21.15.113:0/2734932486 --> [v2:172.21.15.113:3300/0,v1:172.21.15.113:6789/0] -- mon_subscribe({mgrmap=0+}) v3 -- 0x7f3cec071ea0 con 0x7f3cec0fbed0
2024-04-12T05:00:22.364 INFO:teuthology.orchestra.run.smithi113.stderr:/usr/bin/ceph:
2024-04-12T05:00:22.349+0000 7f3cf1c38700 1 -- 172.21.15.113:0/2734932486 --> [v2:172.21.15.113:3300/0,v1:172.21.15.113:6789/0] -- mon_subscribe({osdmap=0}) v3 -- 0x7f3cec10f1a0 con 0x7f3cec0fbed0
2024-04-12T05:00:22.364 INFO:teuthology.orchestra.run.smithi113.stderr:/usr/bin/ceph:
2024-04-12T05:00:22.350+0000 7f3cf1c38700 1 -- 172.21.15.113:0/2734932486 --> [v2:172.21.15.113:3300/0,v1:172.21.15.113:6789/0] -- mon_command({"prefix": "get_command_descriptions"} v 0) v1 -- 0x7f3cec046ce0 con 0x7f3cec0fbed0
2024-04-12T05:00:22.364 INFO:teuthology.orchestra.run.smithi113.stderr:/usr/bin/ceph:
2024-04-12T05:00:22.351+0000 7f3ce8ff9700 1 -- 172.21.15.113:0/2734932486 <== mon.0 v2:172.21.15.113:3300/0 4 ==== mgrmap(e 8) v1 ==== 38632+0+0 (secure 0 0 0) 0x7f3ce4022d10 con 0x7f3cec0fbed0
2024-04-12T05:00:22.364 INFO:teuthology.orchestra.run.smithi113.stderr:/usr/bin/ceph:
2024-04-12T05:00:22.351+0000 7f3ce8ff9700 1 --2- 172.21.15.113:0/2734932486 >> [v2:172.21.15.113:6800/2567243935,v1:172.21.15.113:6801/2567243935] conn(0x7f3cd4032660 0x7f3cd4034b20 unknown :-1 s=NONE pgs=0 cs=0 l=1 rev1=0 rx=0 tx=0).connect
2024-04-12T05:00:22.364 INFO:teuthology.orchestra.run.smithi113.stderr:/usr/bin/ceph:
2024-04-12T05:00:22.351+0000 7f3ce8ff9700 1 -- 172.21.15.113:0/2734932486 <== mon.0 v2:172.21.15.113:3300/0 5 ==== osd_map(2..2 src has 1..2) v4 ==== 893+0+0 (secure 0 0 0) 0x7f3ce4045130 con 0x7f3cec0fbed0
2024-04-12T05:00:22.364 INFO:teuthology.orchestra.run.smithi113.stderr:/usr/bin/ceph:
2024-04-12T05:00:22.351+0000 7f3ceaffd700 1 --2- 172.21.15.113:0/2734932486 >> [v2:172.21.15.113:6800/2567243935,v1:172.21.15.113:6801/2567243935] conn(0x7f3cd4032660 0x7f3cd4034b20 unknown :-1 s=BANNER_CONNECTING pgs=0 cs=0 l=1 rev1=0 rx=0 tx=0)._handle_peer_banner_payload supported=1 required=0
2024-04-12T05:00:22.364 INFO:teuthology.orchestra.run.smithi113.stderr:/usr/bin/ceph:
2024-04-12T05:00:22.351+0000 7f3ceaffd700 1 --2- 172.21.15.113:0/2734932486 >> [v2:172.21.15.113:6800/2567243935,v1:172.21.15.113:6801/2567243935] conn(0x7f3cd4032660 0x7f3cd4034b20 secure :-1 s=READY pgs=19 cs=0 l=1 rev1=1 rx=0x7f3ce0009780 tx=0x7f3ce0006cc0).ready entity=mgr.14114 client_cookie=0 server_cookie=0 in_seq=0 out_seq=0
2024-04-12T05:00:22.364 INFO:teuthology.orchestra.run.smithi113.stderr:/usr/bin/ceph:
2024-04-12T05:00:22.355+0000 7f3ce8ff9700 1 -- 172.21.15.113:0/2734932486 <== mon.0 v2:172.21.15.113:3300/0 6 ==== mon_command_ack([{"prefix": "get_command_descriptions"}]=0 v0) v1 ==== 72+0+163658 (secure 0 0 0) 0x7f3ce402b710 con 0x7f3cec0fbed0
2024-04-12T05:00:22.424 INFO:journalctl@ceph.mon.smithi113.smithi113.stdout:Apr 12 05:00:22 smithi113 ceph-52321e2c-f889-11ee-bc8c-c7b262605968-mon-smithi113[39678]: audit
2024-04-12T05:00:21.040778+0000 mon.smithi113 (mon.0) 64 : audit [INF] from='client.? 172.21.15.113:0/3972569488' entity='client.admin'
2024-04-12T05:00:22.518 INFO:teuthology.orchestra.run.smithi113.stderr:/usr/bin/ceph:
2024-04-12T05:00:22.514+0000 7f3cf1c38700 1 -- 172.21.15.113:0/2734932486 --> [v2:172.21.15.113:3300/0,v1:172.21.15.113:6789/0] -- mon_command([{prefix=config set, name=mgr/dashboard/ssl_server_port}] v 0) v1 -- 0x7f3cec0fdd10 con 0x7f3cec0fbed0
2024-04-12T05:00:22.520 INFO:teuthology.orchestra.run.smithi113.stderr:/usr/bin/ceph:
2024-04-12T05:00:22.517+0000 7f3ce8ff9700 1 -- 172.21.15.113:0/2734932486 <== mon.0 v2:172.21.15.113:3300/0 7 ==== mon_command_ack([{prefix=config set, name=mgr/dashboard/ssl_server_port}]=0 v8)=0 v8) v1 ==== 130+0+0 (secure 0 0 0) 0x7f3ce4028070 con 0x7f3cec0fbed0
2024-04-12T05:00:22.523 INFO:teuthology.orchestra.run.smithi113.stderr:/usr/bin/ceph:
2024-04-12T05:00:22.519+0000 7f3cf1c38700 1 -- 172.21.15.113:0/2734932486 >> [v2:172.21.15.113:6800/2567243935,v1:172.21.15.113:6801/2567243935] conn(0x7f3cd4032660 msgr2=0x7f3cd4034b20 secure :-1 s=STATE_CONNECTION_ESTABLISHED l=1).mark_down
2024-04-12T05:00:22.524 INFO:teuthology.orchestra.run.smithi113.stderr:/usr/bin/ceph:
2024-04-12T05:00:22.519+0000 7f3cf1c38700 1 --2- 172.21.15.113:0/2734932486 >> [v2:172.21.15.113:6800/2567243935,v1:172.21.15.113:6801/2567243935] conn(0x7f3cd4032660 0x7f3cd4034b20 secure :-1 s=READY pgs=19 cs=0 l=1 rev1=1 rx=0x7f3ce0009780 tx=0x7f3ce0006cc0).stop
2024-04-12T05:00:22.524 INFO:teuthology.orchestra.run.smithi113.stderr:/usr/bin/ceph:
2024-04-12T05:00:22.519+0000 7f3cf1c38700 1 -- 172.21.15.113:0/2734932486 >> [v2:172.21.15.113:3300/0,v1:172.21.15.113:6789/0] conn(0x7f3cec0fbed0 msgr2=0x7f3cec10eaf0 secure :-1 s=STATE_CONNECTION_ESTABLISHED l=1).mark_down
2024-04-12T05:00:22.524 INFO:teuthology.orchestra.run.smithi113.stderr:/usr/bin/ceph:
2024-04-12T05:00:22.519+0000 7f3cf1c38700 1 --2- 172.21.15.113:0/2734932486 >> [v2:172.21.15.113:3300/0,v1:172.21.15.113:6789/0] conn(0x7f3cec0fbed0 0x7f3cec10eaf0 secure :-1 s=READY pgs=56 cs=0 l=1 rev1=1 rx=0x7f3ce4002f40 tx=0x7f3ce40090f0).stop
2024-04-12T05:00:22.524 INFO:teuthology.orchestra.run.smithi113.stderr:/usr/bin/ceph:
2024-04-12T05:00:22.520+0000 7f3cf1c38700 1 -- 172.21.15.113:0/2734932486 shutdown_connections
2024-04-12T05:00:22.524 INFO:teuthology.orchestra.run.smithi113.stderr:/usr/bin/ceph:
2024-04-12T05:00:22.520+0000 7f3cf1c38700 1 --2- 172.21.15.113:0/2734932486 >> [v2:172.21.15.113:6800/2567243935,v1:172.21.15.113:6801/2567243935] conn(0x7f3cd4032660 0x7f3cd4034b20 unknown :-1 s=CLOSED pgs=19 cs=0 l=1 rev1=1 rx=0 tx=0).stop
2024-04-12T05:00:22.524 INFO:teuthology.orchestra.run.smithi113.stderr:/usr/bin/ceph:
2024-04-12T05:00:22.520+0000 7f3cf1c38700 1 --2- 172.21.15.113:0/2734932486 >> [v2:172.21.15.113:3300/0,v1:172.21.15.113:6789/0] conn(0x7f3cec0fbed0 0x7f3cec10eaf0 unknown :-1 s=CLOSED pgs=56 cs=0 l=1 rev1=1 rx=0 tx=0).stop
2024-04-12T05:00:22.524 INFO:teuthology.orchestra.run.smithi113.stderr:/usr/bin/ceph:
2024-04-12T05:00:22.520+0000 7f3cf1c38700 1 -- 172.21.15.113:0/2734932486 >> 172.21.15.113:0/2734932486 conn(0x7f3cec0f76f0 msgr2=0x7f3cec0f9110 unknown :-1 s=STATE_NONE l=0).mark_down
2024-04-12T05:00:22.524 INFO:teuthology.orchestra.run.smithi113.stderr:/usr/bin/ceph:
2024-04-12T05:00:22.520+0000 7f3cf1c38700 1 -- 172.21.15.113:0/2734932486 shutdown_connections
2024-04-12T05:00:22.524 INFO:teuthology.orchestra.run.smithi113.stderr:/usr/bin/ceph:
2024-04-12T05:00:22.520+0000 7f3cf1c38700 1 -- 172.21.15.113:0/2734932486 wait complete.
2024-04-12T05:00:23.174 INFO:teuthology.orchestra.run.smithi113.stderr:Enabling the dashboard module...
2024-04-12T05:00:23.782 INFO:teuthology.orchestra.run.smithi113.stderr:/usr/bin/ceph:
2024-04-12T05:00:23.778+0000 7fe8e556a700 1 Processor -- start
2024-04-12T05:00:23.782 INFO:teuthology.orchestra.run.smithi113.stderr:/usr/bin/ceph:
2024-04-12T05:00:23.778+0000 7fe8e556a700 1 -- start start
2024-04-12T05:00:23.783 INFO:teuthology.orchestra.run.smithi113.stderr:/usr/bin/ceph:
2024-04-12T05:00:23.778+0000 7fe8e556a700 1 --2- >> [v2:172.21.15.113:3300/0,v1:172.21.15.113:6789/0] conn(0x7fe8e00fd470 0x7fe8e00fd890 unknown :-1 s=NONE pgs=0 cs=0 l=0 rev1=0 rx=0 tx=0).connect
2024-04-12T05:00:23.783 INFO:teuthology.orchestra.run.smithi113.stderr:/usr/bin/ceph:
2024-04-12T05:00:23.778+0000 7fe8e556a700 1 -- --> [v2:172.21.15.113:3300/0,v1:172.21.15.113:6789/0] -- mon_getmap magic: 0 v1 -- 0x7fe8e00fdd80 con 0x7fe8e00fd470
2024-04-12T05:00:23.783 INFO:teuthology.orchestra.run.smithi113.stderr:/usr/bin/ceph:
2024-04-12T05:00:23.778+0000 7fe8deffd700 1 --2- >> [v2:172.21.15.113:3300/0,v1:172.21.15.113:6789/0] conn(0x7fe8e00fd470 0x7fe8e00fd890 unknown :-1 s=BANNER_CONNECTING pgs=0 cs=0 l=0 rev1=0 rx=0 tx=0)._handle_peer_banner_payload supported=1 required=0
2024-04-12T05:00:23.783 INFO:teuthology.orchestra.run.smithi113.stderr:/usr/bin/ceph:
2024-04-12T05:00:23.778+0000 7fe8deffd700 1 --2- >> [v2:172.21.15.113:3300/0,v1:172.21.15.113:6789/0] conn(0x7fe8e00fd470 0x7fe8e00fd890 unknown :-1 s=HELLO_CONNECTING pgs=0 cs=0 l=0 rev1=1 rx=0 tx=0).handle_hello peer v2:172.21.15.113:3300/0 says I am v2:172.21.15.113:36060/0 (socket says 172.21.15.113:36060)
2024-04-12T05:00:23.783 INFO:teuthology.orchestra.run.smithi113.stderr:/usr/bin/ceph:
2024-04-12T05:00:23.778+0000 7fe8deffd700 1 -- 172.21.15.113:0/130471761 learned_addr learned my addr 172.21.15.113:0/130471761 (peer_addr_for_me v2:172.21.15.113:0/0)
2024-04-12T05:00:23.783 INFO:teuthology.orchestra.run.smithi113.stderr:/usr/bin/ceph:
2024-04-12T05:00:23.778+0000 7fe8deffd700 1 -- 172.21.15.113:0/130471761 --> [v2:172.21.15.113:3300/0,v1:172.21.15.113:6789/0] -- mon_subscribe({config=0+,monmap=0+}) v3 -- 0x7fe8e00fdec0 con 0x7fe8e00fd470
2024-04-12T05:00:23.783 INFO:teuthology.orchestra.run.smithi113.stderr:/usr/bin/ceph:
2024-04-12T05:00:23.778+0000 7fe8deffd700 1 --2- 172.21.15.113:0/130471761 >> [v2:172.21.15.113:3300/0,v1:172.21.15.113:6789/0] conn(0x7fe8e00fd470 0x7fe8e00fd890 secure :-1 s=READY pgs=57 cs=0 l=1 rev1=1 rx=0x7fe8d0009730 tx=0x7fe8d00090f0).ready entity=mon.0 client_cookie=76bbc3c5677669a0 server_cookie=0 in_seq=0 out_seq=0
2024-04-12T05:00:23.783 INFO:teuthology.orchestra.run.smithi113.stderr:/usr/bin/ceph:
2024-04-12T05:00:23.779+0000 7fe8ddffb700 1 -- 172.21.15.113:0/130471761 <== mon.0 v2:172.21.15.113:3300/0 1 ==== mon_map magic: 0 v1 ==== 229+0+0 (secure 0 0 0) 0x7fe8d000b6e0 con 0x7fe8e00fd470
2024-04-12T05:00:23.783 INFO:teuthology.orchestra.run.smithi113.stderr:/usr/bin/ceph:
2024-04-12T05:00:23.779+0000 7fe8ddffb700 1 -- 172.21.15.113:0/130471761 <== mon.0 v2:172.21.15.113:3300/0 2 ==== config(25 keys) v1 ==== 1046+0+0 (secure 0 0 0) 0x7fe8d000bcd0 con 0x7fe8e00fd470
2024-04-12T05:00:23.785 INFO:teuthology.orchestra.run.smithi113.stderr:/usr/bin/ceph:
2024-04-12T05:00:23.779+0000 7fe8ddffb700 1 -- 172.21.15.113:0/130471761 <== mon.0 v2:172.21.15.113:3300/0 3 ==== mon_map magic: 0 v1 ==== 229+0+0 (secure 0 0 0) 0x7fe8d0011cb0 con 0x7fe8e00fd470
2024-04-12T05:00:23.785 INFO:teuthology.orchestra.run.smithi113.stderr:/usr/bin/ceph:
2024-04-12T05:00:23.779+0000 7fe8e556a700 1 -- 172.21.15.113:0/130471761 >> [v2:172.21.15.113:3300/0,v1:172.21.15.113:6789/0] conn(0x7fe8e00fd470 msgr2=0x7fe8e00fd890 secure :-1 s=STATE_CONNECTION_ESTABLISHED l=1).mark_down
2024-04-12T05:00:23.786 INFO:teuthology.orchestra.run.smithi113.stderr:/usr/bin/ceph:
2024-04-12T05:00:23.779+0000 7fe8e556a700 1 --2- 172.21.15.113:0/130471761 >> [v2:172.21.15.113:3300/0,v1:172.21.15.113:6789/0] conn(0x7fe8e00fd470 0x7fe8e00fd890 secure :-1 s=READY pgs=57 cs=0 l=1 rev1=1 rx=0x7fe8d0009730 tx=0x7fe8d00090f0).stop
2024-04-12T05:00:23.786 INFO:teuthology.orchestra.run.smithi113.stderr:/usr/bin/ceph:
2024-04-12T05:00:23.779+0000 7fe8e556a700 1 -- 172.21.15.113:0/130471761 shutdown_connections
2024-04-12T05:00:23.786 INFO:teuthology.orchestra.run.smithi113.stderr:/usr/bin/ceph:
2024-04-12T05:00:23.779+0000 7fe8e556a700 1 --2- 172.21.15.113:0/130471761 >> [v2:172.21.15.113:3300/0,v1:172.21.15.113:6789/0] conn(0x7fe8e00fd470 0x7fe8e00fd890 unknown :-1 s=CLOSED pgs=57 cs=0 l=1 rev1=1 rx=0 tx=0).stop
2024-04-12T05:00:23.786 INFO:teuthology.orchestra.run.smithi113.stderr:/usr/bin/ceph:
2024-04-12T05:00:23.779+0000 7fe8e556a700 1 -- 172.21.15.113:0/130471761 >> 172.21.15.113:0/130471761 conn(0x7fe8e00f6ec0 msgr2=0x7fe8e00f92e0 unknown :-1 s=STATE_NONE l=0).mark_down
2024-04-12T05:00:23.786 INFO:teuthology.orchestra.run.smithi113.stderr:/usr/bin/ceph:
2024-04-12T05:00:23.779+0000 7fe8e556a700 1 -- 172.21.15.113:0/130471761 shutdown_connections
2024-04-12T05:00:23.786 INFO:teuthology.orchestra.run.smithi113.stderr:/usr/bin/ceph:
2024-04-12T05:00:23.779+0000 7fe8e556a700 1 -- 172.21.15.113:0/130471761 wait complete.
2024-04-12T05:00:23.786 INFO:teuthology.orchestra.run.smithi113.stderr:/usr/bin/ceph:
2024-04-12T05:00:23.780+0000 7fe8e556a700 1 Processor -- start
2024-04-12T05:00:23.786 INFO:teuthology.orchestra.run.smithi113.stderr:/usr/bin/ceph:
2024-04-12T05:00:23.780+0000 7fe8e556a700 1 -- start start
2024-04-12T05:00:23.786 INFO:teuthology.orchestra.run.smithi113.stderr:/usr/bin/ceph:
2024-04-12T05:00:23.780+0000 7fe8e556a700 1 --2- >> [v2:172.21.15.113:3300/0,v1:172.21.15.113:6789/0] conn(0x7fe8e00fd470 0x7fe8e010bd90 unknown :-1 s=NONE pgs=0 cs=0 l=1 rev1=0 rx=0 tx=0).connect
2024-04-12T05:00:23.786 INFO:teuthology.orchestra.run.smithi113.stderr:/usr/bin/ceph:
2024-04-12T05:00:23.780+0000 7fe8e556a700 1 -- --> [v2:172.21.15.113:3300/0,v1:172.21.15.113:6789/0] -- mon_getmap magic: 0 v1 -- 0x7fe8e010c280 con 0x7fe8e00fd470
2024-04-12T05:00:23.786 INFO:teuthology.orchestra.run.smithi113.stderr:/usr/bin/ceph:
2024-04-12T05:00:23.780+0000 7fe8deffd700 1 --2- >> [v2:172.21.15.113:3300/0,v1:172.21.15.113:6789/0] conn(0x7fe8e00fd470 0x7fe8e010bd90 unknown :-1 s=BANNER_CONNECTING pgs=0 cs=0 l=1 rev1=0 rx=0 tx=0)._handle_peer_banner_payload supported=1 required=0
2024-04-12T05:00:23.786 INFO:teuthology.orchestra.run.smithi113.stderr:/usr/bin/ceph:
2024-04-12T05:00:23.780+0000 7fe8deffd700 1 --2- >> [v2:172.21.15.113:3300/0,v1:172.21.15.113:6789/0] conn(0x7fe8e00fd470 0x7fe8e010bd90 unknown :-1 s=HELLO_CONNECTING pgs=0 cs=0 l=1 rev1=1 rx=0 tx=0).handle_hello peer v2:172.21.15.113:3300/0 says I am v2:172.21.15.113:36062/0 (socket says 172.21.15.113:36062)
2024-04-12T05:00:23.786 INFO:teuthology.orchestra.run.smithi113.stderr:/usr/bin/ceph:
2024-04-12T05:00:23.780+0000 7fe8deffd700 1 -- 172.21.15.113:0/449961132 learned_addr learned my addr 172.21.15.113:0/449961132 (peer_addr_for_me v2:172.21.15.113:0/0)
2024-04-12T05:00:23.787 INFO:teuthology.orchestra.run.smithi113.stderr:/usr/bin/ceph:
2024-04-12T05:00:23.781+0000 7fe8deffd700 1 -- 172.21.15.113:0/449961132 --> [v2:172.21.15.113:3300/0,v1:172.21.15.113:6789/0] -- mon_subscribe({config=0+,monmap=0+}) v3 -- 0x7fe8d0009370 con 0x7fe8e00fd470
2024-04-12T05:00:23.787 INFO:teuthology.orchestra.run.smithi113.stderr:/usr/bin/ceph:
2024-04-12T05:00:23.781+0000 7fe8deffd700 1 --2- 172.21.15.113:0/449961132 >> [v2:172.21.15.113:3300/0,v1:172.21.15.113:6789/0] conn(0x7fe8e00fd470 0x7fe8e010bd90 secure :-1 s=READY pgs=58 cs=0 l=1 rev1=1 rx=0x7fe8d0006e30 tx=0x7fe8d00090f0).ready entity=mon.0 client_cookie=0 server_cookie=0 in_seq=0 out_seq=0
2024-04-12T05:00:23.787 INFO:teuthology.orchestra.run.smithi113.stderr:/usr/bin/ceph:
2024-04-12T05:00:23.781+0000 7fe8c7fff700 1 -- 172.21.15.113:0/449961132 <== mon.0 v2:172.21.15.113:3300/0 1 ==== mon_map magic: 0 v1 ==== 229+0+0 (secure 0 0 0) 0x7fe8d001a590 con 0x7fe8e00fd470
2024-04-12T05:00:23.787 INFO:teuthology.orchestra.run.smithi113.stderr:/usr/bin/ceph:
2024-04-12T05:00:23.781+0000 7fe8c7fff700 1 -- 172.21.15.113:0/449961132 <== mon.0 v2:172.21.15.113:3300/0 2 ==== config(25 keys) v1 ==== 1046+0+0 (secure 0 0 0) 0x7fe8d001ab80 con 0x7fe8e00fd470
2024-04-12T05:00:23.787 INFO:teuthology.orchestra.run.smithi113.stderr:/usr/bin/ceph:
2024-04-12T05:00:23.781+0000 7fe8e556a700 1 -- 172.21.15.113:0/449961132 --> [v2:172.21.15.113:3300/0,v1:172.21.15.113:6789/0] -- mon_subscribe({mgrmap=0+}) v3 -- 0x7fe8e010c480 con 0x7fe8e00fd470
2024-04-12T05:00:23.787 INFO:teuthology.orchestra.run.smithi113.stderr:/usr/bin/ceph:
2024-04-12T05:00:23.781+0000 7fe8c7fff700 1 -- 172.21.15.113:0/449961132 <== mon.0 v2:172.21.15.113:3300/0 3 ==== mon_map magic: 0 v1 ==== 229+0+0 (secure 0 0 0) 0x7fe8d0022b30 con 0x7fe8e00fd470
2024-04-12T05:00:23.787 INFO:teuthology.orchestra.run.smithi113.stderr:/usr/bin/ceph:
2024-04-12T05:00:23.781+0000 7fe8e556a700 1 -- 172.21.15.113:0/449961132 --> [v2:172.21.15.113:3300/0,v1:172.21.15.113:6789/0] -- mon_subscribe({osdmap=0}) v3 -- 0x7fe8e010c890 con 0x7fe8e00fd470
2024-04-12T05:00:23.787 INFO:teuthology.orchestra.run.smithi113.stderr:/usr/bin/ceph:
2024-04-12T05:00:23.782+0000 7fe8c7fff700 1 -- 172.21.15.113:0/449961132 <== mon.0 v2:172.21.15.113:3300/0 4 ==== mgrmap(e 8) v1 ==== 38632+0+0 (secure 0 0 0) 0x7fe8d0019390 con 0x7fe8e00fd470
2024-04-12T05:00:23.787 INFO:teuthology.orchestra.run.smithi113.stderr:/usr/bin/ceph:
2024-04-12T05:00:23.782+0000 7fe8c7fff700 1 --2- 172.21.15.113:0/449961132 >> [v2:172.21.15.113:6800/2567243935,v1:172.21.15.113:6801/2567243935] conn(0x7fe8c8032610 0x7fe8c8034ad0 unknown :-1 s=NONE pgs=0 cs=0 l=1 rev1=0 rx=0 tx=0).connect
2024-04-12T05:00:23.787 INFO:teuthology.orchestra.run.smithi113.stderr:/usr/bin/ceph:
2024-04-12T05:00:23.782+0000 7fe8e556a700 1 -- 172.21.15.113:0/449961132 --> [v2:172.21.15.113:3300/0,v1:172.21.15.113:6789/0] -- mon_command({"prefix": "get_command_descriptions"} v 0) v1 -- 0x7fe8e0046ce0 con 0x7fe8e00fd470
2024-04-12T05:00:23.787 INFO:teuthology.orchestra.run.smithi113.stderr:/usr/bin/ceph:
2024-04-12T05:00:23.782+0000 7fe8c7fff700 1 -- 172.21.15.113:0/449961132 <== mon.0 v2:172.21.15.113:3300/0 5 ==== osd_map(2..2 src has 1..2) v4 ==== 893+0+0 (secure 0 0 0) 0x7fe8d0044b10 con 0x7fe8e00fd470
2024-04-12T05:00:23.787 INFO:teuthology.orchestra.run.smithi113.stderr:/usr/bin/ceph:
2024-04-12T05:00:23.782+0000 7fe8de7fc700 1 --2- 172.21.15.113:0/449961132 >> [v2:172.21.15.113:6800/2567243935,v1:172.21.15.113:6801/2567243935] conn(0x7fe8c8032610 0x7fe8c8034ad0 unknown :-1 s=BANNER_CONNECTING pgs=0 cs=0 l=1 rev1=0 rx=0 tx=0)._handle_peer_banner_payload supported=1 required=0
2024-04-12T05:00:23.787 INFO:teuthology.orchestra.run.smithi113.stderr:/usr/bin/ceph:
2024-04-12T05:00:23.782+0000 7fe8de7fc700 1 --2- 172.21.15.113:0/449961132 >> [v2:172.21.15.113:6800/2567243935,v1:172.21.15.113:6801/2567243935] conn(0x7fe8c8032610 0x7fe8c8034ad0 secure :-1 s=READY pgs=20 cs=0 l=1 rev1=1 rx=0x7fe8d4009780 tx=0x7fe8d4006cc0).ready entity=mgr.14114 client_cookie=0 server_cookie=0 in_seq=0 out_seq=0
2024-04-12T05:00:23.789 INFO:teuthology.orchestra.run.smithi113.stderr:/usr/bin/ceph:
2024-04-12T05:00:23.786+0000 7fe8c7fff700 1 -- 172.21.15.113:0/449961132 <== mon.0 v2:172.21.15.113:3300/0 6 ==== mon_command_ack([{"prefix": "get_command_descriptions"}]=0 v0) v1 ==== 72+0+163658 (secure 0 0 0) 0x7fe8d002a300 con 0x7fe8e00fd470
2024-04-12T05:00:23.924 INFO:journalctl@ceph.mon.smithi113.smithi113.stdout:Apr 12 05:00:23 smithi113 ceph-52321e2c-f889-11ee-bc8c-c7b262605968-mon-smithi113[39678]: cluster
2024-04-12T05:00:21.870175+0000 mgr.smithi113.ctsazg (mgr.14114) 27 : cluster [DBG] pgmap v5: 0 pgs: ; 0 B data, 0 B used, 0 B / 0 B avail
2024-04-12T05:00:23.924 INFO:journalctl@ceph.mon.smithi113.smithi113.stdout:Apr 12 05:00:23 smithi113 ceph-52321e2c-f889-11ee-bc8c-c7b262605968-mon-smithi113[39678]: audit
2024-04-12T05:00:22.519508+0000 mon.smithi113 (mon.0) 65 : audit [INF] from='client.? 172.21.15.113:0/2734932486' entity='client.admin'
2024-04-12T05:00:23.993 INFO:teuthology.orchestra.run.smithi113.stderr:/usr/bin/ceph:
2024-04-12T05:00:23.990+0000 7fe8e556a700 1 -- 172.21.15.113:0/449961132 --> [v2:172.21.15.113:3300/0,v1:172.21.15.113:6789/0] -- mon_command({"prefix": "mgr module enable", "module": "dashboard"} v 0) v1 -- 0x7fe8e0105e50 con 0x7fe8e00fd470
2024-04-12T05:00:24.524 INFO:teuthology.orchestra.run.smithi113.stderr:/usr/bin/ceph:
2024-04-12T05:00:24.520+0000 7fe8c7fff700 1 -- 172.21.15.113:0/449961132 <== mon.0 v2:172.21.15.113:3300/0 7 ==== mgrmap(e 9) v1 ==== 38645+0+0 (secure 0 0 0) 0x7fe8d00223b0 con 0x7fe8e00fd470
2024-04-12T05:00:24.524 INFO:teuthology.orchestra.run.smithi113.stderr:/usr/bin/ceph:
2024-04-12T05:00:24.521+0000 7fe8c7fff700 1 -- 172.21.15.113:0/449961132 <== mon.0 v2:172.21.15.113:3300/0 8 ==== mon_command_ack([{"prefix": "mgr module enable", "module": "dashboard"}]=0 v9) v1 ==== 88+0+0 (secure 0 0 0) 0x7fe8d0018ad0 con 0x7fe8e00fd470
2024-04-12T05:00:24.527 INFO:teuthology.orchestra.run.smithi113.stderr:/usr/bin/ceph:
2024-04-12T05:00:24.523+0000 7fe8e556a700 1 -- 172.21.15.113:0/449961132 >> [v2:172.21.15.113:6800/2567243935,v1:172.21.15.113:6801/2567243935] conn(0x7fe8c8032610 msgr2=0x7fe8c8034ad0 secure :-1 s=STATE_CONNECTION_ESTABLISHED l=1).mark_down
2024-04-12T05:00:24.527 INFO:teuthology.orchestra.run.smithi113.stderr:/usr/bin/ceph:
2024-04-12T05:00:24.523+0000 7fe8e556a700 1 --2- 172.21.15.113:0/449961132 >> [v2:172.21.15.113:6800/2567243935,v1:172.21.15.113:6801/2567243935] conn(0x7fe8c8032610 0x7fe8c8034ad0 secure :-1 s=READY pgs=20 cs=0 l=1 rev1=1 rx=0x7fe8d4009780 tx=0x7fe8d4006cc0).stop
2024-04-12T05:00:24.527 INFO:teuthology.orchestra.run.smithi113.stderr:/usr/bin/ceph:
2024-04-12T05:00:24.523+0000 7fe8e556a700 1 -- 172.21.15.113:0/449961132 >> [v2:172.21.15.113:3300/0,v1:172.21.15.113:6789/0] conn(0x7fe8e00fd470 msgr2=0x7fe8e010bd90 secure :-1 s=STATE_CONNECTION_ESTABLISHED l=1).mark_down
2024-04-12T05:00:24.528 INFO:teuthology.orchestra.run.smithi113.stderr:/usr/bin/ceph:
2024-04-12T05:00:24.523+0000 7fe8e556a700 1 --2- 172.21.15.113:0/449961132 >> [v2:172.21.15.113:3300/0,v1:172.21.15.113:6789/0] conn(0x7fe8e00fd470 0x7fe8e010bd90 secure :-1 s=READY pgs=58 cs=0 l=1 rev1=1 rx=0x7fe8d0006e30 tx=0x7fe8d00090f0).stop
2024-04-12T05:00:24.528 INFO:teuthology.orchestra.run.smithi113.stderr:/usr/bin/ceph:
2024-04-12T05:00:24.523+0000 7fe8e556a700 1 -- 172.21.15.113:0/449961132 shutdown_connections
2024-04-12T05:00:24.528 INFO:teuthology.orchestra.run.smithi113.stderr:/usr/bin/ceph:
2024-04-12T05:00:24.523+0000 7fe8e556a700 1 --2- 172.21.15.113:0/449961132 >> [v2:172.21.15.113:6800/2567243935,v1:172.21.15.113:6801/2567243935] conn(0x7fe8c8032610 0x7fe8c8034ad0 unknown :-1 s=CLOSED pgs=20 cs=0 l=1 rev1=1 rx=0 tx=0).stop
2024-04-12T05:00:24.528 INFO:teuthology.orchestra.run.smithi113.stderr:/usr/bin/ceph:
2024-04-12T05:00:24.523+0000 7fe8e556a700 1 --2- 172.21.15.113:0/449961132 >> [v2:172.21.15.113:3300/0,v1:172.21.15.113:6789/0] conn(0x7fe8e00fd470 0x7fe8e010bd90 unknown :-1 s=CLOSED pgs=58 cs=0 l=1 rev1=1 rx=0 tx=0).stop
2024-04-12T05:00:24.528 INFO:teuthology.orchestra.run.smithi113.stderr:/usr/bin/ceph:
2024-04-12T05:00:24.523+0000 7fe8e556a700 1 -- 172.21.15.113:0/449961132 >> 172.21.15.113:0/449961132 conn(0x7fe8e00f6ec0 msgr2=0x7fe8e00fb9e0 unknown :-1 s=STATE_NONE l=0).mark_down
2024-04-12T05:00:24.528 INFO:teuthology.orchestra.run.smithi113.stderr:/usr/bin/ceph:
2024-04-12T05:00:24.524+0000 7fe8e556a700 1 -- 172.21.15.113:0/449961132 shutdown_connections
2024-04-12T05:00:24.528 INFO:teuthology.orchestra.run.smithi113.stderr:/usr/bin/ceph:
2024-04-12T05:00:24.524+0000 7fe8e556a700 1 -- 172.21.15.113:0/449961132 wait complete.
2024-04-12T05:00:24.826 INFO:journalctl@ceph.mon.smithi113.smithi113.stdout:Apr 12 05:00:24 smithi113 ceph-52321e2c-f889-11ee-bc8c-c7b262605968-mon-smithi113[39678]: audit
2024-04-12T05:00:23.992825+0000 mon.smithi113 (mon.0) 66 : audit [INF] from='client.? 172.21.15.113:0/449961132' entity='client.admin' cmd=[{"prefix": "mgr module enable", "module": "dashboard"}]: dispatch
2024-04-12T05:00:25.826 INFO:teuthology.orchestra.run.smithi113.stderr:/usr/bin/ceph:
2024-04-12T05:00:25.811+0000 7f6241e0c700 1 Processor -- start
2024-04-12T05:00:25.826 INFO:teuthology.orchestra.run.smithi113.stderr:/usr/bin/ceph:
2024-04-12T05:00:25.811+0000 7f6241e0c700 1 -- start start
2024-04-12T05:00:25.826 INFO:teuthology.orchestra.run.smithi113.stderr:/usr/bin/ceph:
2024-04-12T05:00:25.811+0000 7f6241e0c700 1 --2- >> [v2:172.21.15.113:3300/0,v1:172.21.15.113:6789/0] conn(0x7f623c071c00 0x7f623c102090 unknown :-1 s=NONE pgs=0 cs=0 l=0 rev1=0 rx=0 tx=0).connect
2024-04-12T05:00:25.826 INFO:teuthology.orchestra.run.smithi113.stderr:/usr/bin/ceph:
2024-04-12T05:00:25.811+0000 7f6241e0c700 1 -- --> [v2:172.21.15.113:3300/0,v1:172.21.15.113:6789/0] -- mon_getmap magic: 0 v1 -- 0x7f623c0fda80 con 0x7f623c071c00
2024-04-12T05:00:25.826 INFO:teuthology.orchestra.run.smithi113.stderr:/usr/bin/ceph:
2024-04-12T05:00:25.812+0000 7f623b7fe700 1 --2- >> [v2:172.21.15.113:3300/0,v1:172.21.15.113:6789/0] conn(0x7f623c071c00 0x7f623c102090 unknown :-1 s=BANNER_CONNECTING pgs=0 cs=0 l=0 rev1=0 rx=0 tx=0)._handle_peer_banner_payload supported=1 required=0
2024-04-12T05:00:25.826 INFO:teuthology.orchestra.run.smithi113.stderr:/usr/bin/ceph:
2024-04-12T05:00:25.812+0000 7f623b7fe700 1 --2- >> [v2:172.21.15.113:3300/0,v1:172.21.15.113:6789/0] conn(0x7f623c071c00 0x7f623c102090 unknown :-1 s=HELLO_CONNECTING pgs=0 cs=0 l=0 rev1=1 rx=0 tx=0).handle_hello peer v2:172.21.15.113:3300/0 says I am v2:172.21.15.113:36094/0 (socket says 172.21.15.113:36094)
2024-04-12T05:00:25.827 INFO:teuthology.orchestra.run.smithi113.stderr:/usr/bin/ceph:
2024-04-12T05:00:25.812+0000 7f623b7fe700 1 -- 172.21.15.113:0/3631979060 learned_addr learned my addr 172.21.15.113:0/3631979060 (peer_addr_for_me v2:172.21.15.113:0/0)
2024-04-12T05:00:25.827 INFO:teuthology.orchestra.run.smithi113.stderr:/usr/bin/ceph:
2024-04-12T05:00:25.812+0000 7f623b7fe700 1 -- 172.21.15.113:0/3631979060 --> [v2:172.21.15.113:3300/0,v1:172.21.15.113:6789/0] -- mon_subscribe({config=0+,monmap=0+}) v3 -- 0x7f623c102580 con 0x7f623c071c00
2024-04-12T05:00:25.827 INFO:teuthology.orchestra.run.smithi113.stderr:/usr/bin/ceph:
2024-04-12T05:00:25.812+0000 7f623b7fe700 1 --2- 172.21.15.113:0/3631979060 >> [v2:172.21.15.113:3300/0,v1:172.21.15.113:6789/0] conn(0x7f623c071c00 0x7f623c102090 secure :-1 s=READY pgs=61 cs=0 l=1 rev1=1 rx=0x7f622c009730 tx=0x7f622c0090f0).ready entity=mon.0 client_cookie=91847220d6b24159 server_cookie=0 in_seq=0 out_seq=0
2024-04-12T05:00:25.827 INFO:teuthology.orchestra.run.smithi113.stderr:/usr/bin/ceph:
2024-04-12T05:00:25.812+0000 7f623a7fc700 1 -- 172.21.15.113:0/3631979060 <== mon.0 v2:172.21.15.113:3300/0 1 ==== mon_map magic: 0 v1 ==== 229+0+0 (secure 0 0 0) 0x7f622c00b6e0 con 0x7f623c071c00
2024-04-12T05:00:25.827 INFO:teuthology.orchestra.run.smithi113.stderr:/usr/bin/ceph:
2024-04-12T05:00:25.812+0000 7f623a7fc700 1 -- 172.21.15.113:0/3631979060 <== mon.0 v2:172.21.15.113:3300/0 2 ==== config(25 keys) v1 ==== 1046+0+0 (secure 0 0 0) 0x7f622c00bcd0 con 0x7f623c071c00
2024-04-12T05:00:25.827 INFO:teuthology.orchestra.run.smithi113.stderr:/usr/bin/ceph:
2024-04-12T05:00:25.812+0000 7f623a7fc700 1 -- 172.21.15.113:0/3631979060 <== mon.0 v2:172.21.15.113:3300/0 3 ==== mon_map magic: 0 v1 ==== 229+0+0 (secure 0 0 0) 0x7f622c011cb0 con 0x7f623c071c00
2024-04-12T05:00:25.827 INFO:teuthology.orchestra.run.smithi113.stderr:/usr/bin/ceph:
2024-04-12T05:00:25.813+0000 7f6241e0c700 1 -- 172.21.15.113:0/3631979060 >> [v2:172.21.15.113:3300/0,v1:172.21.15.113:6789/0] conn(0x7f623c071c00 msgr2=0x7f623c102090 secure :-1 s=STATE_CONNECTION_ESTABLISHED l=1).mark_down
2024-04-12T05:00:25.827 INFO:teuthology.orchestra.run.smithi113.stderr:/usr/bin/ceph:
2024-04-12T05:00:25.813+0000 7f6241e0c700 1 --2- 172.21.15.113:0/3631979060 >> [v2:172.21.15.113:3300/0,v1:172.21.15.113:6789/0] conn(0x7f623c071c00 0x7f623c102090 secure :-1 s=READY pgs=61 cs=0 l=1 rev1=1 rx=0x7f622c009730 tx=0x7f622c0090f0).stop
2024-04-12T05:00:25.827 INFO:teuthology.orchestra.run.smithi113.stderr:/usr/bin/ceph:
2024-04-12T05:00:25.813+0000 7f6241e0c700 1 -- 172.21.15.113:0/3631979060 shutdown_connections
2024-04-12T05:00:25.827 INFO:teuthology.orchestra.run.smithi113.stderr:/usr/bin/ceph:
2024-04-12T05:00:25.813+0000 7f6241e0c700 1 --2- 172.21.15.113:0/3631979060 >> [v2:172.21.15.113:3300/0,v1:172.21.15.113:6789/0] conn(0x7f623c071c00 0x7f623c102090 unknown :-1 s=CLOSED pgs=61 cs=0 l=1 rev1=1 rx=0 tx=0).stop
2024-04-12T05:00:25.827 INFO:teuthology.orchestra.run.smithi113.stderr:/usr/bin/ceph:
2024-04-12T05:00:25.813+0000 7f6241e0c700 1 -- 172.21.15.113:0/3631979060 >> 172.21.15.113:0/3631979060 conn(0x7f623c0f76f0 msgr2=0x7f623c0f9b10 unknown :-1 s=STATE_NONE l=0).mark_down
2024-04-12T05:00:25.827 INFO:teuthology.orchestra.run.smithi113.stderr:/usr/bin/ceph:
2024-04-12T05:00:25.813+0000 7f6241e0c700 1 -- 172.21.15.113:0/3631979060 shutdown_connections
2024-04-12T05:00:25.827 INFO:teuthology.orchestra.run.smithi113.stderr:/usr/bin/ceph:
2024-04-12T05:00:25.813+0000 7f6241e0c700 1 -- 172.21.15.113:0/3631979060 wait complete.
2024-04-12T05:00:25.827 INFO:teuthology.orchestra.run.smithi113.stderr:/usr/bin/ceph:
2024-04-12T05:00:25.813+0000 7f6241e0c700 1 Processor -- start
2024-04-12T05:00:25.827 INFO:teuthology.orchestra.run.smithi113.stderr:/usr/bin/ceph:
2024-04-12T05:00:25.814+0000 7f6241e0c700 1 -- start start
2024-04-12T05:00:25.828 INFO:teuthology.orchestra.run.smithi113.stderr:/usr/bin/ceph:
2024-04-12T05:00:25.814+0000 7f6241e0c700 1 --2- >> [v2:172.21.15.113:3300/0,v1:172.21.15.113:6789/0] conn(0x7f623c071c00 0x7f623c10e050 unknown :-1 s=NONE pgs=0 cs=0 l=1 rev1=0 rx=0 tx=0).connect
2024-04-12T05:00:25.828 INFO:teuthology.orchestra.run.smithi113.stderr:/usr/bin/ceph:
2024-04-12T05:00:25.814+0000 7f6241e0c700 1 -- --> [v2:172.21.15.113:3300/0,v1:172.21.15.113:6789/0] -- mon_getmap magic: 0 v1 -- 0x7f623c10e540 con 0x7f623c071c00
2024-04-12T05:00:25.828 INFO:teuthology.orchestra.run.smithi113.stderr:/usr/bin/ceph:
2024-04-12T05:00:25.814+0000 7f623b7fe700 1 --2- >> [v2:172.21.15.113:3300/0,v1:172.21.15.113:6789/0] conn(0x7f623c071c00 0x7f623c10e050 unknown :-1 s=BANNER_CONNECTING pgs=0 cs=0 l=1 rev1=0 rx=0 tx=0)._handle_peer_banner_payload supported=1 required=0
2024-04-12T05:00:25.828 INFO:teuthology.orchestra.run.smithi113.stderr:/usr/bin/ceph:
2024-04-12T05:00:25.814+0000 7f623b7fe700 1 --2- >> [v2:172.21.15.113:3300/0,v1:172.21.15.113:6789/0] conn(0x7f623c071c00 0x7f623c10e050 unknown :-1 s=HELLO_CONNECTING pgs=0 cs=0 l=1 rev1=1 rx=0 tx=0).handle_hello peer v2:172.21.15.113:3300/0 says I am v2:172.21.15.113:36106/0 (socket says 172.21.15.113:36106)
2024-04-12T05:00:25.828 INFO:teuthology.orchestra.run.smithi113.stderr:/usr/bin/ceph:
2024-04-12T05:00:25.814+0000 7f623b7fe700 1 -- 172.21.15.113:0/1176126681 learned_addr learned my addr 172.21.15.113:0/1176126681 (peer_addr_for_me v2:172.21.15.113:0/0)
2024-04-12T05:00:25.828 INFO:teuthology.orchestra.run.smithi113.stderr:/usr/bin/ceph:
2024-04-12T05:00:25.814+0000 7f623b7fe700 1 -- 172.21.15.113:0/1176126681 --> [v2:172.21.15.113:3300/0,v1:172.21.15.113:6789/0] -- mon_subscribe({config=0+,monmap=0+}) v3 -- 0x7f622c009370 con 0x7f623c071c00
2024-04-12T05:00:25.828 INFO:teuthology.orchestra.run.smithi113.stderr:/usr/bin/ceph:
2024-04-12T05:00:25.814+0000 7f623b7fe700 1 --2- 172.21.15.113:0/1176126681 >> [v2:172.21.15.113:3300/0,v1:172.21.15.113:6789/0] conn(0x7f623c071c00 0x7f623c10e050 secure :-1 s=READY pgs=62 cs=0 l=1 rev1=1 rx=0x7f622c000c00 tx=0x7f622c0090f0).ready entity=mon.0 client_cookie=0 server_cookie=0 in_seq=0 out_seq=0
2024-04-12T05:00:25.828 INFO:teuthology.orchestra.run.smithi113.stderr:/usr/bin/ceph:
2024-04-12T05:00:25.814+0000 7f6238ff9700 1 -- 172.21.15.113:0/1176126681 <== mon.0 v2:172.21.15.113:3300/0 1 ==== mon_map magic: 0 v1 ==== 229+0+0 (secure 0 0 0) 0x7f622c01a640 con 0x7f623c071c00
2024-04-12T05:00:25.828 INFO:teuthology.orchestra.run.smithi113.stderr:/usr/bin/ceph:
2024-04-12T05:00:25.814+0000 7f6241e0c700 1 -- 172.21.15.113:0/1176126681 --> [v2:172.21.15.113:3300/0,v1:172.21.15.113:6789/0] -- mon_subscribe({mgrmap=0+}) v3 -- 0x7f623c10e740 con 0x7f623c071c00
2024-04-12T05:00:25.828 INFO:teuthology.orchestra.run.smithi113.stderr:/usr/bin/ceph:
2024-04-12T05:00:25.814+0000 7f6238ff9700 1 -- 172.21.15.113:0/1176126681 <== mon.0 v2:172.21.15.113:3300/0 2 ==== config(25 keys) v1 ==== 1046+0+0 (secure 0 0 0) 0x7f622c01ac30 con 0x7f623c071c00
2024-04-12T05:00:25.828 INFO:teuthology.orchestra.run.smithi113.stderr:/usr/bin/ceph:
2024-04-12T05:00:25.814+0000 7f6238ff9700 1 -- 172.21.15.113:0/1176126681 <== mon.0 v2:172.21.15.113:3300/0 3 ==== mon_map magic: 0 v1 ==== 229+0+0 (secure 0 0 0) 0x7f622c0239a0 con 0x7f623c071c00
2024-04-12T05:00:25.828 INFO:teuthology.orchestra.run.smithi113.stderr:/usr/bin/ceph:
2024-04-12T05:00:25.814+0000 7f6241e0c700 1 -- 172.21.15.113:0/1176126681 --> [v2:172.21.15.113:3300/0,v1:172.21.15.113:6789/0] -- mon_subscribe({osdmap=0}) v3 -- 0x7f623c10eb50 con 0x7f623c071c00
2024-04-12T05:00:25.828 INFO:teuthology.orchestra.run.smithi113.stderr:/usr/bin/ceph:
2024-04-12T05:00:25.815+0000 7f6238ff9700 1 -- 172.21.15.113:0/1176126681 <== mon.0 v2:172.21.15.113:3300/0 4 ==== mgrmap(e 9) v1 ==== 38645+0+0 (secure 0 0 0) 0x7f622c023c10 con 0x7f623c071c00
2024-04-12T05:00:25.828 INFO:teuthology.orchestra.run.smithi113.stderr:/usr/bin/ceph:
2024-04-12T05:00:25.815+0000 7f6238ff9700 1 --2- 172.21.15.113:0/1176126681 >> [v2:172.21.15.113:6800/2567243935,v1:172.21.15.113:6801/2567243935] conn(0x7f6224032660 0x7f6224034b20 unknown :-1 s=NONE pgs=0 cs=0 l=1 rev1=0 rx=0 tx=0).connect
2024-04-12T05:00:25.828 INFO:teuthology.orchestra.run.smithi113.stderr:/usr/bin/ceph:
2024-04-12T05:00:25.815+0000 7f6241e0c700 1 -- 172.21.15.113:0/1176126681 --> [v2:172.21.15.113:3300/0,v1:172.21.15.113:6789/0] -- mon_command({"prefix": "get_command_descriptions"} v 0) v1 -- 0x7f623c046ce0 con 0x7f623c071c00
2024-04-12T05:00:25.828 INFO:teuthology.orchestra.run.smithi113.stderr:/usr/bin/ceph:
2024-04-12T05:00:25.815+0000 7f623affd700 1 -- 172.21.15.113:0/1176126681 >> [v2:172.21.15.113:6800/2567243935,v1:172.21.15.113:6801/2567243935] conn(0x7f6224032660 msgr2=0x7f6224034b20 unknown :-1 s=STATE_CONNECTING_RE l=1).process reconnect failed to v2:172.21.15.113:6800/2567243935
2024-04-12T05:00:25.829 INFO:teuthology.orchestra.run.smithi113.stderr:/usr/bin/ceph:
2024-04-12T05:00:25.815+0000 7f6238ff9700 1 -- 172.21.15.113:0/1176126681 <== mon.0 v2:172.21.15.113:3300/0 5 ==== osd_map(2..2 src has 1..2) v4 ==== 893+0+0 (secure 0 0 0) 0x7f622c044c50 con 0x7f623c071c00
2024-04-12T05:00:25.829 INFO:teuthology.orchestra.run.smithi113.stderr:/usr/bin/ceph:
2024-04-12T05:00:25.815+0000 7f623affd700 1 --2- 172.21.15.113:0/1176126681 >> [v2:172.21.15.113:6800/2567243935,v1:172.21.15.113:6801/2567243935] conn(0x7f6224032660 0x7f6224034b20 unknown :-1 s=START_CONNECT pgs=0 cs=0 l=1 rev1=0 rx=0 tx=0)._fault waiting 0.200000
2024-04-12T05:00:25.829 INFO:teuthology.orchestra.run.smithi113.stderr:/usr/bin/ceph:
2024-04-12T05:00:25.820+0000 7f6238ff9700 1 -- 172.21.15.113:0/1176126681 <== mon.0 v2:172.21.15.113:3300/0 6 ==== mon_command_ack([{"prefix": "get_command_descriptions"}]=0 v0) v1 ==== 72+0+163658 (secure 0 0 0) 0x7f622c01e030 con 0x7f623c071c00
2024-04-12T05:00:25.885 INFO:journalctl@ceph.mon.smithi113.smithi113.stdout:Apr 12 05:00:25 smithi113 ceph-52321e2c-f889-11ee-bc8c-c7b262605968-mon-smithi113[39678]: audit
2024-04-12T05:00:24.523306+0000 mon.smithi113 (mon.0) 67 : audit [INF] from='client.? 172.21.15.113:0/449961132' entity='client.admin' cmd='[{"prefix": "mgr module enable", "module": "dashboard"}]': finished
2024-04-12T05:00:25.886 INFO:journalctl@ceph.mon.smithi113.smithi113.stdout:Apr 12 05:00:25 smithi113 ceph-52321e2c-f889-11ee-bc8c-c7b262605968-mon-smithi113[39678]: cluster
2024-04-12T05:00:24.523368+0000 mon.smithi113 (mon.0) 68 : cluster [DBG] mgrmap e9: smithi113.ctsazg(active, since 26s)
2024-04-12T05:00:26.019 INFO:teuthology.orchestra.run.smithi113.stderr:/usr/bin/ceph:
2024-04-12T05:00:26.016+0000 7f623affd700 1 -- 172.21.15.113:0/1176126681 >> [v2:172.21.15.113:6800/2567243935,v1:172.21.15.113:6801/2567243935] conn(0x7f6224032660 msgr2=0x7f6224034b20 unknown :-1 s=STATE_CONNECTING_RE l=1).process reconnect failed to v2:172.21.15.113:6800/2567243935
2024-04-12T05:00:26.019 INFO:teuthology.orchestra.run.smithi113.stderr:/usr/bin/ceph:
2024-04-12T05:00:26.016+0000 7f623affd700 1 --2- 172.21.15.113:0/1176126681 >> [v2:172.21.15.113:6800/2567243935,v1:172.21.15.113:6801/2567243935] conn(0x7f6224032660 0x7f6224034b20 unknown :-1 s=START_CONNECT pgs=0 cs=0 l=1 rev1=0 rx=0 tx=0)._fault waiting 0.400000
2024-04-12T05:00:26.069 INFO:teuthology.orchestra.run.smithi113.stderr:/usr/bin/ceph:
2024-04-12T05:00:26.065+0000 7f6241e0c700 1 -- 172.21.15.113:0/1176126681 --> [v2:172.21.15.113:3300/0,v1:172.21.15.113:6789/0] -- mon_command({"prefix": "mgr stat"} v 0) v1 -- 0x7f623c10fc00 con 0x7f623c071c00
2024-04-12T05:00:26.069 INFO:teuthology.orchestra.run.smithi113.stderr:/usr/bin/ceph:
2024-04-12T05:00:26.065+0000 7f6238ff9700 1 -- 172.21.15.113:0/1176126681 <== mon.0 v2:172.21.15.113:3300/0 7 ==== mon_command_ack([{"prefix": "mgr stat"}]=0 v9) v1 ==== 56+0+103 (secure 0 0 0) 0x7f622c03b070 con 0x7f623c071c00
2024-04-12T05:00:26.069 INFO:teuthology.orchestra.run.smithi113.stderr:/usr/bin/ceph: {
2024-04-12T05:00:26.069 INFO:teuthology.orchestra.run.smithi113.stderr:/usr/bin/ceph: "epoch": 9,
2024-04-12T05:00:26.069 INFO:teuthology.orchestra.run.smithi113.stderr:/usr/bin/ceph: "available": true,
2024-04-12T05:00:26.069 INFO:teuthology.orchestra.run.smithi113.stderr:/usr/bin/ceph: "active_name": "smithi113.ctsazg",
2024-04-12T05:00:26.069 INFO:teuthology.orchestra.run.smithi113.stderr:/usr/bin/ceph: "num_standby": 0
2024-04-12T05:00:26.069 INFO:teuthology.orchestra.run.smithi113.stderr:/usr/bin/ceph: }
2024-04-12T05:00:26.070 INFO:teuthology.orchestra.run.smithi113.stderr:/usr/bin/ceph:
2024-04-12T05:00:26.067+0000 7f6241e0c700 1 -- 172.21.15.113:0/1176126681 >> [v2:172.21.15.113:6800/2567243935,v1:172.21.15.113:6801/2567243935] conn(0x7f6224032660 msgr2=0x7f6224034b20 unknown :-1 s=STATE_CONNECTING l=1).mark_down
2024-04-12T05:00:26.071 INFO:teuthology.orchestra.run.smithi113.stderr:/usr/bin/ceph:
2024-04-12T05:00:26.067+0000 7f6241e0c700 1 --2- 172.21.15.113:0/1176126681 >> [v2:172.21.15.113:6800/2567243935,v1:172.21.15.113:6801/2567243935] conn(0x7f6224032660 0x7f6224034b20 unknown :-1 s=START_CONNECT pgs=0 cs=0 l=1 rev1=0 rx=0 tx=0).stop
2024-04-12T05:00:26.071 INFO:teuthology.orchestra.run.smithi113.stderr:/usr/bin/ceph:
2024-04-12T05:00:26.067+0000 7f6241e0c700 1 -- 172.21.15.113:0/1176126681 >> [v2:172.21.15.113:3300/0,v1:172.21.15.113:6789/0] conn(0x7f623c071c00 msgr2=0x7f623c10e050 secure :-1 s=STATE_CONNECTION_ESTABLISHED l=1).mark_down
2024-04-12T05:00:26.071 INFO:teuthology.orchestra.run.smithi113.stderr:/usr/bin/ceph:
2024-04-12T05:00:26.067+0000 7f6241e0c700 1 --2- 172.21.15.113:0/1176126681 >> [v2:172.21.15.113:3300/0,v1:172.21.15.113:6789/0] conn(0x7f623c071c00 0x7f623c10e050 secure :-1 s=READY pgs=62 cs=0 l=1 rev1=1 rx=0x7f622c000c00 tx=0x7f622c0090f0).stop
2024-04-12T05:00:26.071 INFO:teuthology.orchestra.run.smithi113.stderr:/usr/bin/ceph:
2024-04-12T05:00:26.067+0000 7f6241e0c700 1 -- 172.21.15.113:0/1176126681 shutdown_connections
2024-04-12T05:00:26.071 INFO:teuthology.orchestra.run.smithi113.stderr:/usr/bin/ceph:
2024-04-12T05:00:26.067+0000 7f6241e0c700 1 --2- 172.21.15.113:0/1176126681 >> [v2:172.21.15.113:6800/2567243935,v1:172.21.15.113:6801/2567243935] conn(0x7f6224032660 0x7f6224034b20 unknown :-1 s=CLOSED pgs=0 cs=0 l=1 rev1=0 rx=0 tx=0).stop
2024-04-12T05:00:26.071 INFO:teuthology.orchestra.run.smithi113.stderr:/usr/bin/ceph:
2024-04-12T05:00:26.067+0000 7f6241e0c700 1 --2- 172.21.15.113:0/1176126681 >> [v2:172.21.15.113:3300/0,v1:172.21.15.113:6789/0] conn(0x7f623c071c00 0x7f623c10e050 unknown :-1 s=CLOSED pgs=62 cs=0 l=1 rev1=1 rx=0 tx=0).stop
2024-04-12T05:00:26.071 INFO:teuthology.orchestra.run.smithi113.stderr:/usr/bin/ceph:
2024-04-12T05:00:26.067+0000 7f6241e0c700 1 -- 172.21.15.113:0/1176126681 >> 172.21.15.113:0/1176126681 conn(0x7f623c0f76f0 msgr2=0x7f623c0f9120 unknown :-1 s=STATE_NONE l=0).mark_down
2024-04-12T05:00:26.071 INFO:teuthology.orchestra.run.smithi113.stderr:/usr/bin/ceph:
2024-04-12T05:00:26.067+0000 7f6241e0c700 1 -- 172.21.15.113:0/1176126681 shutdown_connections
2024-04-12T05:00:26.072 INFO:teuthology.orchestra.run.smithi113.stderr:/usr/bin/ceph:
2024-04-12T05:00:26.067+0000 7f6241e0c700 1 -- 172.21.15.113:0/1176126681 wait complete.
2024-04-12T05:00:26.754 INFO:teuthology.orchestra.run.smithi113.stderr:Waiting for the mgr to restart...
2024-04-12T05:00:26.754 INFO:teuthology.orchestra.run.smithi113.stderr:Waiting for mgr epoch 9...
2024-04-12T05:00:26.756 INFO:journalctl@ceph.mon.smithi113.smithi113.stdout:Apr 12 05:00:26 smithi113 ceph-52321e2c-f889-11ee-bc8c-c7b262605968-mon-smithi113[39678]: audit
2024-04-12T05:00:26.067332+0000 mon.smithi113 (mon.0) 69 : audit [DBG] from='client.? 172.21.15.113:0/1176126681' entity='client.admin' cmd=[{"prefix": "mgr stat"}]: dispatch
2024-04-12T05:00:27.316 INFO:teuthology.orchestra.run.smithi113.stderr:/usr/bin/ceph:
2024-04-12T05:00:27.311+0000 7fe12210b700 1 Processor -- start
2024-04-12T05:00:27.317 INFO:teuthology.orchestra.run.smithi113.stderr:/usr/bin/ceph:
2024-04-12T05:00:27.311+0000 7fe12210b700 1 -- start start
2024-04-12T05:00:27.317 INFO:teuthology.orchestra.run.smithi113.stderr:/usr/bin/ceph:
2024-04-12T05:00:27.311+0000 7fe12210b700 1 --2- >> [v2:172.21.15.113:3300/0,v1:172.21.15.113:6789/0] conn(0x7fe11c071be0 0x7fe11c0ffcb0 unknown :-1 s=NONE pgs=0 cs=0 l=0 rev1=0 rx=0 tx=0).connect
2024-04-12T05:00:27.317 INFO:teuthology.orchestra.run.smithi113.stderr:/usr/bin/ceph:
2024-04-12T05:00:27.311+0000 7fe12210b700 1 -- --> [v2:172.21.15.113:3300/0,v1:172.21.15.113:6789/0] -- mon_getmap magic: 0 v1 -- 0x7fe11c1001a0 con 0x7fe11c071be0
2024-04-12T05:00:27.317 INFO:teuthology.orchestra.run.smithi113.stderr:/usr/bin/ceph:
2024-04-12T05:00:27.311+0000 7fe11b7fe700 1 --2- >> [v2:172.21.15.113:3300/0,v1:172.21.15.113:6789/0] conn(0x7fe11c071be0 0x7fe11c0ffcb0 unknown :-1 s=BANNER_CONNECTING pgs=0 cs=0 l=0 rev1=0 rx=0 tx=0)._handle_peer_banner_payload supported=1 required=0
2024-04-12T05:00:27.317 INFO:teuthology.orchestra.run.smithi113.stderr:/usr/bin/ceph:
2024-04-12T05:00:27.311+0000 7fe11b7fe700 1 --2- >> [v2:172.21.15.113:3300/0,v1:172.21.15.113:6789/0] conn(0x7fe11c071be0 0x7fe11c0ffcb0 unknown :-1 s=HELLO_CONNECTING pgs=0 cs=0 l=0 rev1=1 rx=0 tx=0).handle_hello peer v2:172.21.15.113:3300/0 says I am v2:172.21.15.113:36118/0 (socket says 172.21.15.113:36118)
2024-04-12T05:00:27.317 INFO:teuthology.orchestra.run.smithi113.stderr:/usr/bin/ceph:
2024-04-12T05:00:27.311+0000 7fe11b7fe700 1 -- 172.21.15.113:0/1209257120 learned_addr learned my addr 172.21.15.113:0/1209257120 (peer_addr_for_me v2:172.21.15.113:0/0)
2024-04-12T05:00:27.317 INFO:teuthology.orchestra.run.smithi113.stderr:/usr/bin/ceph:
2024-04-12T05:00:27.311+0000 7fe11b7fe700 1 -- 172.21.15.113:0/1209257120 --> [v2:172.21.15.113:3300/0,v1:172.21.15.113:6789/0] -- mon_subscribe({config=0+,monmap=0+}) v3 -- 0x7fe11c1002e0 con 0x7fe11c071be0
2024-04-12T05:00:27.317 INFO:teuthology.orchestra.run.smithi113.stderr:/usr/bin/ceph:
2024-04-12T05:00:27.312+0000 7fe11b7fe700 1 --2- 172.21.15.113:0/1209257120 >> [v2:172.21.15.113:3300/0,v1:172.21.15.113:6789/0] conn(0x7fe11c071be0 0x7fe11c0ffcb0 secure :-1 s=READY pgs=63 cs=0 l=1 rev1=1 rx=0x7fe10c009730 tx=0x7fe10c0090f0).ready entity=mon.0 client_cookie=bc1de3222be11da0 server_cookie=0 in_seq=0 out_seq=0
2024-04-12T05:00:27.317 INFO:teuthology.orchestra.run.smithi113.stderr:/usr/bin/ceph:
2024-04-12T05:00:27.312+0000 7fe11a7fc700 1 -- 172.21.15.113:0/1209257120 <== mon.0 v2:172.21.15.113:3300/0 1 ==== mon_map magic: 0 v1 ==== 229+0+0 (secure 0 0 0) 0x7fe10c00b6e0 con 0x7fe11c071be0
2024-04-12T05:00:27.317 INFO:teuthology.orchestra.run.smithi113.stderr:/usr/bin/ceph:
2024-04-12T05:00:27.312+0000 7fe11a7fc700 1 -- 172.21.15.113:0/1209257120 <== mon.0 v2:172.21.15.113:3300/0 2 ==== config(25 keys) v1 ==== 1046+0+0 (secure 0 0 0) 0x7fe10c00bcd0 con 0x7fe11c071be0
2024-04-12T05:00:27.317 INFO:teuthology.orchestra.run.smithi113.stderr:/usr/bin/ceph:
2024-04-12T05:00:27.312+0000 7fe11a7fc700 1 -- 172.21.15.113:0/1209257120 <== mon.0 v2:172.21.15.113:3300/0 3 ==== mon_map magic: 0 v1 ==== 229+0+0 (secure 0 0 0) 0x7fe10c011cb0 con 0x7fe11c071be0
2024-04-12T05:00:27.317 INFO:teuthology.orchestra.run.smithi113.stderr:/usr/bin/ceph:
2024-04-12T05:00:27.312+0000 7fe12210b700 1 -- 172.21.15.113:0/1209257120 >> [v2:172.21.15.113:3300/0,v1:172.21.15.113:6789/0] conn(0x7fe11c071be0 msgr2=0x7fe11c0ffcb0 secure :-1 s=STATE_CONNECTION_ESTABLISHED l=1).mark_down
2024-04-12T05:00:27.317 INFO:teuthology.orchestra.run.smithi113.stderr:/usr/bin/ceph:
2024-04-12T05:00:27.312+0000 7fe12210b700 1 --2- 172.21.15.113:0/1209257120 >> [v2:172.21.15.113:3300/0,v1:172.21.15.113:6789/0] conn(0x7fe11c071be0 0x7fe11c0ffcb0 secure :-1 s=READY pgs=63 cs=0 l=1 rev1=1 rx=0x7fe10c009730 tx=0x7fe10c0090f0).stop
2024-04-12T05:00:27.317 INFO:teuthology.orchestra.run.smithi113.stderr:/usr/bin/ceph:
2024-04-12T05:00:27.312+0000 7fe12210b700 1 -- 172.21.15.113:0/1209257120 shutdown_connections
2024-04-12T05:00:27.318 INFO:teuthology.orchestra.run.smithi113.stderr:/usr/bin/ceph:
2024-04-12T05:00:27.312+0000 7fe12210b700 1 --2- 172.21.15.113:0/1209257120 >> [v2:172.21.15.113:3300/0,v1:172.21.15.113:6789/0] conn(0x7fe11c071be0 0x7fe11c0ffcb0 unknown :-1 s=CLOSED pgs=63 cs=0 l=1 rev1=1 rx=0 tx=0).stop
2024-04-12T05:00:27.318 INFO:teuthology.orchestra.run.smithi113.stderr:/usr/bin/ceph:
2024-04-12T05:00:27.312+0000 7fe12210b700 1 -- 172.21.15.113:0/1209257120 >> 172.21.15.113:0/1209257120 conn(0x7fe11c0f76f0 msgr2=0x7fe11c0f9b10 unknown :-1 s=STATE_NONE l=0).mark_down
2024-04-12T05:00:27.318 INFO:teuthology.orchestra.run.smithi113.stderr:/usr/bin/ceph:
2024-04-12T05:00:27.312+0000 7fe12210b700 1 -- 172.21.15.113:0/1209257120 shutdown_connections
2024-04-12T05:00:27.318 INFO:teuthology.orchestra.run.smithi113.stderr:/usr/bin/ceph:
2024-04-12T05:00:27.313+0000 7fe12210b700 1 -- 172.21.15.113:0/1209257120 wait complete.
2024-04-12T05:00:27.318 INFO:teuthology.orchestra.run.smithi113.stderr:/usr/bin/ceph:
2024-04-12T05:00:27.313+0000 7fe12210b700 1 Processor -- start
2024-04-12T05:00:27.318 INFO:teuthology.orchestra.run.smithi113.stderr:/usr/bin/ceph:
2024-04-12T05:00:27.313+0000 7fe12210b700 1 -- start start
2024-04-12T05:00:27.318 INFO:teuthology.orchestra.run.smithi113.stderr:/usr/bin/ceph:
2024-04-12T05:00:27.313+0000 7fe12210b700 1 --2- >> [v2:172.21.15.113:3300/0,v1:172.21.15.113:6789/0] conn(0x7fe11c071be0 0x7fe11c0fd730 unknown :-1 s=NONE pgs=0 cs=0 l=1 rev1=0 rx=0 tx=0).connect
2024-04-12T05:00:27.318 INFO:teuthology.orchestra.run.smithi113.stderr:/usr/bin/ceph:
2024-04-12T05:00:27.313+0000 7fe12210b700 1 -- --> [v2:172.21.15.113:3300/0,v1:172.21.15.113:6789/0] -- mon_getmap magic: 0 v1 -- 0x7fe11c0fbbb0 con 0x7fe11c071be0
2024-04-12T05:00:27.318 INFO:teuthology.orchestra.run.smithi113.stderr:/usr/bin/ceph:
2024-04-12T05:00:27.314+0000 7fe11b7fe700 1 --2- >> [v2:172.21.15.113:3300/0,v1:172.21.15.113:6789/0] conn(0x7fe11c071be0 0x7fe11c0fd730 unknown :-1 s=BANNER_CONNECTING pgs=0 cs=0 l=1 rev1=0 rx=0 tx=0)._handle_peer_banner_payload supported=1 required=0
2024-04-12T05:00:27.320 INFO:teuthology.orchestra.run.smithi113.stderr:/usr/bin/ceph:
