2024-04-12T05:00:27.314+0000 7fe11b7fe700 1 --2- >> [v2:172.21.15.113:3300/0,v1:172.21.15.113:6789/0] conn(0x7fe11c071be0 0x7fe11c0fd730 unknown :-1 s=HELLO_CONNECTING pgs=0 cs=0 l=1 rev1=1 rx=0 tx=0).handle_hello peer v2:172.21.15.113:3300/0 says I am v2:172.21.15.113:36120/0 (socket says 172.21.15.113:36120)
2024-04-12T05:00:27.320 INFO:teuthology.orchestra.run.smithi113.stderr:/usr/bin/ceph:
2024-04-12T05:00:27.314+0000 7fe11b7fe700 1 -- 172.21.15.113:0/564846861 learned_addr learned my addr 172.21.15.113:0/564846861 (peer_addr_for_me v2:172.21.15.113:0/0)
2024-04-12T05:00:27.320 INFO:teuthology.orchestra.run.smithi113.stderr:/usr/bin/ceph:
2024-04-12T05:00:27.314+0000 7fe11b7fe700 1 -- 172.21.15.113:0/564846861 --> [v2:172.21.15.113:3300/0,v1:172.21.15.113:6789/0] -- mon_subscribe({config=0+,monmap=0+}) v3 -- 0x7fe10c009370 con 0x7fe11c071be0
2024-04-12T05:00:27.320 INFO:teuthology.orchestra.run.smithi113.stderr:/usr/bin/ceph:
2024-04-12T05:00:27.314+0000 7fe11b7fe700 1 --2- 172.21.15.113:0/564846861 >> [v2:172.21.15.113:3300/0,v1:172.21.15.113:6789/0] conn(0x7fe11c071be0 0x7fe11c0fd730 secure :-1 s=READY pgs=64 cs=0 l=1 rev1=1 rx=0x7fe10c0118b0 tx=0x7fe10c0090f0).ready entity=mon.0 client_cookie=0 server_cookie=0 in_seq=0 out_seq=0
2024-04-12T05:00:27.320 INFO:teuthology.orchestra.run.smithi113.stderr:/usr/bin/ceph:
2024-04-12T05:00:27.314+0000 7fe118ff9700 1 -- 172.21.15.113:0/564846861 <== mon.0 v2:172.21.15.113:3300/0 1 ==== mon_map magic: 0 v1 ==== 229+0+0 (secure 0 0 0) 0x7fe10c00be40 con 0x7fe11c071be0
2024-04-12T05:00:27.320 INFO:teuthology.orchestra.run.smithi113.stderr:/usr/bin/ceph:
2024-04-12T05:00:27.314+0000 7fe118ff9700 1 -- 172.21.15.113:0/564846861 <== mon.0 v2:172.21.15.113:3300/0 2 ==== config(25 keys) v1 ==== 1046+0+0 (secure 0 0 0) 0x7fe10c01aad0 con 0x7fe11c071be0
2024-04-12T05:00:27.320 INFO:teuthology.orchestra.run.smithi113.stderr:/usr/bin/ceph:
2024-04-12T05:00:27.314+0000 7fe12210b700 1 -- 172.21.15.113:0/564846861 --> [v2:172.21.15.113:3300/0,v1:172.21.15.113:6789/0] -- mon_subscribe({mgrmap=0+}) v3 -- 0x7fe11c0fbd50 con 0x7fe11c071be0
2024-04-12T05:00:27.320 INFO:teuthology.orchestra.run.smithi113.stderr:/usr/bin/ceph:
2024-04-12T05:00:27.314+0000 7fe118ff9700 1 -- 172.21.15.113:0/564846861 <== mon.0 v2:172.21.15.113:3300/0 3 ==== mon_map magic: 0 v1 ==== 229+0+0 (secure 0 0 0) 0x7fe10c023a80 con 0x7fe11c071be0
2024-04-12T05:00:27.320 INFO:teuthology.orchestra.run.smithi113.stderr:/usr/bin/ceph:
2024-04-12T05:00:27.314+0000 7fe12210b700 1 -- 172.21.15.113:0/564846861 --> [v2:172.21.15.113:3300/0,v1:172.21.15.113:6789/0] -- mon_subscribe({osdmap=0}) v3 -- 0x7fe11c0fc160 con 0x7fe11c071be0
2024-04-12T05:00:27.320 INFO:teuthology.orchestra.run.smithi113.stderr:/usr/bin/ceph:
2024-04-12T05:00:27.315+0000 7fe118ff9700 1 -- 172.21.15.113:0/564846861 <== mon.0 v2:172.21.15.113:3300/0 4 ==== mgrmap(e 9) v1 ==== 38645+0+0 (secure 0 0 0) 0x7fe10c023c70 con 0x7fe11c071be0
2024-04-12T05:00:27.320 INFO:teuthology.orchestra.run.smithi113.stderr:/usr/bin/ceph:
2024-04-12T05:00:27.315+0000 7fe118ff9700 1 --2- 172.21.15.113:0/564846861 >> [v2:172.21.15.113:6800/2567243935,v1:172.21.15.113:6801/2567243935] conn(0x7fe1040326b0 0x7fe104034b70 unknown :-1 s=NONE pgs=0 cs=0 l=1 rev1=0 rx=0 tx=0).connect
2024-04-12T05:00:27.320 INFO:teuthology.orchestra.run.smithi113.stderr:/usr/bin/ceph:
2024-04-12T05:00:27.315+0000 7fe12210b700 1 -- 172.21.15.113:0/564846861 --> [v2:172.21.15.113:6800/2567243935,v1:172.21.15.113:6801/2567243935] -- command(tid 0: {"prefix": "get_command_descriptions"}) v1 -- 0x7fe11c05a310 con 0x7fe1040326b0
2024-04-12T05:00:27.321 INFO:teuthology.orchestra.run.smithi113.stderr:/usr/bin/ceph:
2024-04-12T05:00:27.315+0000 7fe118ff9700 1 -- 172.21.15.113:0/564846861 <== mon.0 v2:172.21.15.113:3300/0 5 ==== osd_map(2..2 src has 1..2) v4 ==== 893+0+0 (secure 0 0 0) 0x7fe10c0448b0 con 0x7fe11c071be0
2024-04-12T05:00:27.321 INFO:teuthology.orchestra.run.smithi113.stderr:/usr/bin/ceph:
2024-04-12T05:00:27.315+0000 7fe11affd700 1 -- 172.21.15.113:0/564846861 >> [v2:172.21.15.113:6800/2567243935,v1:172.21.15.113:6801/2567243935] conn(0x7fe1040326b0 msgr2=0x7fe104034b70 unknown :-1 s=STATE_CONNECTING_RE l=1).process reconnect failed to v2:172.21.15.113:6800/2567243935
2024-04-12T05:00:27.321 INFO:teuthology.orchestra.run.smithi113.stderr:/usr/bin/ceph:
2024-04-12T05:00:27.315+0000 7fe11affd700 1 --2- 172.21.15.113:0/564846861 >> [v2:172.21.15.113:6800/2567243935,v1:172.21.15.113:6801/2567243935] conn(0x7fe1040326b0 0x7fe104034b70 unknown :-1 s=START_CONNECT pgs=0 cs=0 l=1 rev1=0 rx=0 tx=0)._fault waiting 0.200000
2024-04-12T05:00:27.519 INFO:teuthology.orchestra.run.smithi113.stderr:/usr/bin/ceph:
2024-04-12T05:00:27.516+0000 7fe11affd700 1 -- 172.21.15.113:0/564846861 >> [v2:172.21.15.113:6800/2567243935,v1:172.21.15.113:6801/2567243935] conn(0x7fe1040326b0 msgr2=0x7fe104034b70 unknown :-1 s=STATE_CONNECTING_RE l=1).process reconnect failed to v2:172.21.15.113:6800/2567243935
2024-04-12T05:00:27.520 INFO:teuthology.orchestra.run.smithi113.stderr:/usr/bin/ceph:
2024-04-12T05:00:27.516+0000 7fe11affd700 1 --2- 172.21.15.113:0/564846861 >> [v2:172.21.15.113:6800/2567243935,v1:172.21.15.113:6801/2567243935] conn(0x7fe1040326b0 0x7fe104034b70 unknown :-1 s=START_CONNECT pgs=0 cs=0 l=1 rev1=0 rx=0 tx=0)._fault waiting 0.400000
2024-04-12T05:00:27.920 INFO:teuthology.orchestra.run.smithi113.stderr:/usr/bin/ceph:
2024-04-12T05:00:27.917+0000 7fe11affd700 1 -- 172.21.15.113:0/564846861 >> [v2:172.21.15.113:6800/2567243935,v1:172.21.15.113:6801/2567243935] conn(0x7fe1040326b0 msgr2=0x7fe104034b70 unknown :-1 s=STATE_CONNECTING_RE l=1).process reconnect failed to v2:172.21.15.113:6800/2567243935
2024-04-12T05:00:27.920 INFO:teuthology.orchestra.run.smithi113.stderr:/usr/bin/ceph:
2024-04-12T05:00:27.917+0000 7fe11affd700 1 --2- 172.21.15.113:0/564846861 >> [v2:172.21.15.113:6800/2567243935,v1:172.21.15.113:6801/2567243935] conn(0x7fe1040326b0 0x7fe104034b70 unknown :-1 s=START_CONNECT pgs=0 cs=0 l=1 rev1=0 rx=0 tx=0)._fault waiting 0.800000
2024-04-12T05:00:28.721 INFO:teuthology.orchestra.run.smithi113.stderr:/usr/bin/ceph:
2024-04-12T05:00:28.718+0000 7fe11affd700 1 -- 172.21.15.113:0/564846861 >> [v2:172.21.15.113:6800/2567243935,v1:172.21.15.113:6801/2567243935] conn(0x7fe1040326b0 msgr2=0x7fe104034b70 unknown :-1 s=STATE_CONNECTING_RE l=1).process reconnect failed to v2:172.21.15.113:6800/2567243935
2024-04-12T05:00:28.721 INFO:teuthology.orchestra.run.smithi113.stderr:/usr/bin/ceph:
2024-04-12T05:00:28.718+0000 7fe11affd700 1 --2- 172.21.15.113:0/564846861 >> [v2:172.21.15.113:6800/2567243935,v1:172.21.15.113:6801/2567243935] conn(0x7fe1040326b0 0x7fe104034b70 unknown :-1 s=START_CONNECT pgs=0 cs=0 l=1 rev1=0 rx=0 tx=0)._fault waiting 1.600000
2024-04-12T05:00:29.833 INFO:teuthology.orchestra.run.smithi113.stderr:/usr/bin/ceph:
2024-04-12T05:00:29.829+0000 7fe118ff9700 1 -- 172.21.15.113:0/564846861 <== mon.0 v2:172.21.15.113:3300/0 6 ==== mgrmap(e 10) v1 ==== 38469+0+0 (secure 0 0 0) 0x7fe10c02cc90 con 0x7fe11c071be0
2024-04-12T05:00:29.833 INFO:teuthology.orchestra.run.smithi113.stderr:/usr/bin/ceph:
2024-04-12T05:00:29.829+0000 7fe118ff9700 1 -- 172.21.15.113:0/564846861 >> [v2:172.21.15.113:6800/2567243935,v1:172.21.15.113:6801/2567243935] conn(0x7fe1040326b0 msgr2=0x7fe104034b70 unknown :-1 s=STATE_CONNECTING l=1).mark_down
2024-04-12T05:00:29.833 INFO:teuthology.orchestra.run.smithi113.stderr:/usr/bin/ceph:
2024-04-12T05:00:29.829+0000 7fe118ff9700 1 --2- 172.21.15.113:0/564846861 >> [v2:172.21.15.113:6800/2567243935,v1:172.21.15.113:6801/2567243935] conn(0x7fe1040326b0 0x7fe104034b70 unknown :-1 s=START_CONNECT pgs=0 cs=0 l=1 rev1=0 rx=0 tx=0).stop
2024-04-12T05:00:30.174 INFO:journalctl@ceph.mon.smithi113.smithi113.stdout:Apr 12 05:00:29 smithi113 ceph-52321e2c-f889-11ee-bc8c-c7b262605968-mon-smithi113[39678]: cluster
2024-04-12T05:00:29.828878+0000 mon.smithi113 (mon.0) 70 : cluster [INF] Active manager daemon smithi113.ctsazg restarted
2024-04-12T05:00:30.174 INFO:journalctl@ceph.mon.smithi113.smithi113.stdout:Apr 12 05:00:29 smithi113 ceph-52321e2c-f889-11ee-bc8c-c7b262605968-mon-smithi113[39678]: cluster
2024-04-12T05:00:29.829190+0000 mon.smithi113 (mon.0) 71 : cluster [INF] Activating manager daemon smithi113.ctsazg
2024-04-12T05:00:30.174 INFO:journalctl@ceph.mon.smithi113.smithi113.stdout:Apr 12 05:00:29 smithi113 ceph-52321e2c-f889-11ee-bc8c-c7b262605968-mon-smithi113[39678]: cluster
2024-04-12T05:00:29.832214+0000 mon.smithi113 (mon.0) 72 : cluster [DBG] osdmap e3: 0 total, 0 up, 0 in
2024-04-12T05:00:30.174 INFO:journalctl@ceph.mon.smithi113.smithi113.stdout:Apr 12 05:00:29 smithi113 ceph-52321e2c-f889-11ee-bc8c-c7b262605968-mon-smithi113[39678]: cluster
2024-04-12T05:00:29.832315+0000 mon.smithi113 (mon.0) 73 : cluster [DBG] mgrmap e10: smithi113.ctsazg(active, starting, since 0.003265s)
2024-04-12T05:00:30.174 INFO:journalctl@ceph.mon.smithi113.smithi113.stdout:Apr 12 05:00:29 smithi113 ceph-52321e2c-f889-11ee-bc8c-c7b262605968-mon-smithi113[39678]: audit
2024-04-12T05:00:29.833281+0000 mon.smithi113 (mon.0) 74 : audit [DBG] from='mgr.14154 172.21.15.113:0/71483868' entity='mgr.smithi113.ctsazg' cmd=[{"prefix": "mon metadata", "id": "smithi113"}]: dispatch
2024-04-12T05:00:30.174 INFO:journalctl@ceph.mon.smithi113.smithi113.stdout:Apr 12 05:00:29 smithi113 ceph-52321e2c-f889-11ee-bc8c-c7b262605968-mon-smithi113[39678]: audit
2024-04-12T05:00:29.833896+0000 mon.smithi113 (mon.0) 75 : audit [DBG] from='mgr.14154 172.21.15.113:0/71483868' entity='mgr.smithi113.ctsazg' cmd=[{"prefix": "mgr metadata", "who": "smithi113.ctsazg", "id": "smithi113.ctsazg"}]: dispatch
2024-04-12T05:00:30.175 INFO:journalctl@ceph.mon.smithi113.smithi113.stdout:Apr 12 05:00:29 smithi113 ceph-52321e2c-f889-11ee-bc8c-c7b262605968-mon-smithi113[39678]: audit
2024-04-12T05:00:29.834767+0000 mon.smithi113 (mon.0) 76 : audit [DBG] from='mgr.14154 172.21.15.113:0/71483868' entity='mgr.smithi113.ctsazg' cmd=[{"prefix": "mds metadata"}]: dispatch
2024-04-12T05:00:30.175 INFO:journalctl@ceph.mon.smithi113.smithi113.stdout:Apr 12 05:00:29 smithi113 ceph-52321e2c-f889-11ee-bc8c-c7b262605968-mon-smithi113[39678]: audit
2024-04-12T05:00:29.835003+0000 mon.smithi113 (mon.0) 77 : audit [DBG] from='mgr.14154 172.21.15.113:0/71483868' entity='mgr.smithi113.ctsazg' cmd=[{"prefix": "osd metadata"}]: dispatch
2024-04-12T05:00:30.175 INFO:journalctl@ceph.mon.smithi113.smithi113.stdout:Apr 12 05:00:29 smithi113 ceph-52321e2c-f889-11ee-bc8c-c7b262605968-mon-smithi113[39678]: audit
2024-04-12T05:00:29.835226+0000 mon.smithi113 (mon.0) 78 : audit [DBG] from='mgr.14154 172.21.15.113:0/71483868' entity='mgr.smithi113.ctsazg' cmd=[{"prefix": "mon metadata"}]: dispatch
2024-04-12T05:00:30.175 INFO:journalctl@ceph.mon.smithi113.smithi113.stdout:Apr 12 05:00:29 smithi113 ceph-52321e2c-f889-11ee-bc8c-c7b262605968-mon-smithi113[39678]: cluster
2024-04-12T05:00:29.849111+0000 mon.smithi113 (mon.0) 79 : cluster [INF] Manager daemon smithi113.ctsazg is now available
2024-04-12T05:00:30.834 INFO:teuthology.orchestra.run.smithi113.stderr:/usr/bin/ceph:
2024-04-12T05:00:30.830+0000 7fe118ff9700 1 -- 172.21.15.113:0/564846861 <== mon.0 v2:172.21.15.113:3300/0 7 ==== mgrmap(e 11) v1 ==== 38539+0+0 (secure 0 0 0) 0x7fe10c01a810 con 0x7fe11c071be0
2024-04-12T05:00:30.834 INFO:teuthology.orchestra.run.smithi113.stderr:/usr/bin/ceph:
2024-04-12T05:00:30.830+0000 7fe118ff9700 1 --2- 172.21.15.113:0/564846861 >> [v2:172.21.15.113:6800/1349703403,v1:172.21.15.113:6801/1349703403] conn(0x7fe104035fb0 0x7fe1040383a0 unknown :-1 s=NONE pgs=0 cs=0 l=1 rev1=0 rx=0 tx=0).connect
2024-04-12T05:00:30.835 INFO:teuthology.orchestra.run.smithi113.stderr:/usr/bin/ceph:
2024-04-12T05:00:30.830+0000 7fe118ff9700 1 -- 172.21.15.113:0/564846861 --> [v2:172.21.15.113:6800/1349703403,v1:172.21.15.113:6801/1349703403] -- command(tid 0: {"prefix": "get_command_descriptions"}) v1 -- 0x7fe11c05a310 con 0x7fe104035fb0
2024-04-12T05:00:30.835 INFO:teuthology.orchestra.run.smithi113.stderr:/usr/bin/ceph:
2024-04-12T05:00:30.831+0000 7fe11affd700 1 --2- 172.21.15.113:0/564846861 >> [v2:172.21.15.113:6800/1349703403,v1:172.21.15.113:6801/1349703403] conn(0x7fe104035fb0 0x7fe1040383a0 unknown :-1 s=BANNER_CONNECTING pgs=0 cs=0 l=1 rev1=0 rx=0 tx=0)._handle_peer_banner_payload supported=1 required=0
2024-04-12T05:00:30.835 INFO:teuthology.orchestra.run.smithi113.stderr:/usr/bin/ceph:
2024-04-12T05:00:30.831+0000 7fe11affd700 1 --2- 172.21.15.113:0/564846861 >> [v2:172.21.15.113:6800/1349703403,v1:172.21.15.113:6801/1349703403] conn(0x7fe104035fb0 0x7fe1040383a0 secure :-1 s=READY pgs=1 cs=0 l=1 rev1=1 rx=0x7fe110003850 tx=0x7fe110009350).ready entity=mgr.14154 client_cookie=0 server_cookie=0 in_seq=0 out_seq=0
2024-04-12T05:00:30.835 INFO:teuthology.orchestra.run.smithi113.stderr:/usr/bin/ceph:
2024-04-12T05:00:30.832+0000 7fe118ff9700 1 -- 172.21.15.113:0/564846861 <== mgr.14154 v2:172.21.15.113:6800/1349703403 1 ==== command_reply(tid 0: 0 ) v1 ==== 8+0+6438 (secure 0 0 0) 0x7fe11c05a310 con 0x7fe104035fb0
2024-04-12T05:00:30.843 INFO:teuthology.orchestra.run.smithi113.stderr:/usr/bin/ceph:
2024-04-12T05:00:30.837+0000 7fe12210b700 1 -- 172.21.15.113:0/564846861 --> [v2:172.21.15.113:6800/1349703403,v1:172.21.15.113:6801/1349703403] -- command(tid 1: {"prefix": "mgr_status"}) v1 -- 0x7fe11c046ce0 con 0x7fe104035fb0
2024-04-12T05:00:30.843 INFO:teuthology.orchestra.run.smithi113.stderr:/usr/bin/ceph:
2024-04-12T05:00:30.838+0000 7fe118ff9700 1 -- 172.21.15.113:0/564846861 <== mgr.14154 v2:172.21.15.113:6800/1349703403 2 ==== command_reply(tid 1: 0 ) v1 ==== 8+0+52 (secure 0 0 0) 0x7fe11c046ce0 con 0x7fe104035fb0
2024-04-12T05:00:30.843 INFO:teuthology.orchestra.run.smithi113.stderr:/usr/bin/ceph: {
2024-04-12T05:00:30.843 INFO:teuthology.orchestra.run.smithi113.stderr:/usr/bin/ceph: "mgrmap_epoch": 11,
2024-04-12T05:00:30.843 INFO:teuthology.orchestra.run.smithi113.stderr:/usr/bin/ceph: "initialized": true
2024-04-12T05:00:30.843 INFO:teuthology.orchestra.run.smithi113.stderr:/usr/bin/ceph: }
2024-04-12T05:00:30.843 INFO:teuthology.orchestra.run.smithi113.stderr:/usr/bin/ceph:
2024-04-12T05:00:30.838+0000 7fe12210b700 1 -- 172.21.15.113:0/564846861 >> [v2:172.21.15.113:6800/1349703403,v1:172.21.15.113:6801/1349703403] conn(0x7fe104035fb0 msgr2=0x7fe1040383a0 secure :-1 s=STATE_CONNECTION_ESTABLISHED l=1).mark_down
2024-04-12T05:00:30.843 INFO:teuthology.orchestra.run.smithi113.stderr:/usr/bin/ceph:
2024-04-12T05:00:30.838+0000 7fe12210b700 1 --2- 172.21.15.113:0/564846861 >> [v2:172.21.15.113:6800/1349703403,v1:172.21.15.113:6801/1349703403] conn(0x7fe104035fb0 0x7fe1040383a0 secure :-1 s=READY pgs=1 cs=0 l=1 rev1=1 rx=0x7fe110003850 tx=0x7fe110009350).stop
2024-04-12T05:00:30.843 INFO:teuthology.orchestra.run.smithi113.stderr:/usr/bin/ceph:
2024-04-12T05:00:30.838+0000 7fe12210b700 1 -- 172.21.15.113:0/564846861 >> [v2:172.21.15.113:3300/0,v1:172.21.15.113:6789/0] conn(0x7fe11c071be0 msgr2=0x7fe11c0fd730 secure :-1 s=STATE_CONNECTION_ESTABLISHED l=1).mark_down
2024-04-12T05:00:30.843 INFO:teuthology.orchestra.run.smithi113.stderr:/usr/bin/ceph:
2024-04-12T05:00:30.838+0000 7fe12210b700 1 --2- 172.21.15.113:0/564846861 >> [v2:172.21.15.113:3300/0,v1:172.21.15.113:6789/0] conn(0x7fe11c071be0 0x7fe11c0fd730 secure :-1 s=READY pgs=64 cs=0 l=1 rev1=1 rx=0x7fe10c0118b0 tx=0x7fe10c0090f0).stop
2024-04-12T05:00:30.844 INFO:teuthology.orchestra.run.smithi113.stderr:/usr/bin/ceph:
2024-04-12T05:00:30.838+0000 7fe12210b700 1 -- 172.21.15.113:0/564846861 shutdown_connections
2024-04-12T05:00:30.844 INFO:teuthology.orchestra.run.smithi113.stderr:/usr/bin/ceph:
2024-04-12T05:00:30.838+0000 7fe12210b700 1 --2- 172.21.15.113:0/564846861 >> [v2:172.21.15.113:6800/1349703403,v1:172.21.15.113:6801/1349703403] conn(0x7fe104035fb0 0x7fe1040383a0 unknown :-1 s=CLOSED pgs=1 cs=0 l=1 rev1=1 rx=0 tx=0).stop
2024-04-12T05:00:30.844 INFO:teuthology.orchestra.run.smithi113.stderr:/usr/bin/ceph:
2024-04-12T05:00:30.838+0000 7fe12210b700 1 --2- 172.21.15.113:0/564846861 >> [v2:172.21.15.113:3300/0,v1:172.21.15.113:6789/0] conn(0x7fe11c071be0 0x7fe11c0fd730 unknown :-1 s=CLOSED pgs=64 cs=0 l=1 rev1=1 rx=0 tx=0).stop
2024-04-12T05:00:30.844 INFO:teuthology.orchestra.run.smithi113.stderr:/usr/bin/ceph:
2024-04-12T05:00:30.838+0000 7fe12210b700 1 --2- 172.21.15.113:0/564846861 >> [v2:172.21.15.113:6800/2567243935,v1:172.21.15.113:6801/2567243935] conn(0x7fe1040326b0 0x7fe104034b70 unknown :-1 s=CLOSED pgs=0 cs=0 l=1 rev1=0 rx=0 tx=0).stop
2024-04-12T05:00:30.844 INFO:teuthology.orchestra.run.smithi113.stderr:/usr/bin/ceph:
2024-04-12T05:00:30.838+0000 7fe12210b700 1 -- 172.21.15.113:0/564846861 >> 172.21.15.113:0/564846861 conn(0x7fe11c0f76f0 msgr2=0x7fe11c0f9130 unknown :-1 s=STATE_NONE l=0).mark_down
2024-04-12T05:00:30.844 INFO:teuthology.orchestra.run.smithi113.stderr:/usr/bin/ceph:
2024-04-12T05:00:30.838+0000 7fe12210b700 1 -- 172.21.15.113:0/564846861 shutdown_connections
2024-04-12T05:00:30.844 INFO:teuthology.orchestra.run.smithi113.stderr:/usr/bin/ceph:
2024-04-12T05:00:30.838+0000 7fe12210b700 1 -- 172.21.15.113:0/564846861 wait complete.
2024-04-12T05:00:31.174 INFO:journalctl@ceph.mon.smithi113.smithi113.stdout:Apr 12 05:00:30 smithi113 ceph-52321e2c-f889-11ee-bc8c-c7b262605968-mon-smithi113[39678]: audit
2024-04-12T05:00:29.942409+0000 mon.smithi113 (mon.0) 80 : audit [DBG] from='mgr.14154 172.21.15.113:0/71483868' entity='mgr.smithi113.ctsazg' cmd=[{"prefix": "config dump", "format": "json"}]: dispatch
2024-04-12T05:00:31.174 INFO:journalctl@ceph.mon.smithi113.smithi113.stdout:Apr 12 05:00:30 smithi113 ceph-52321e2c-f889-11ee-bc8c-c7b262605968-mon-smithi113[39678]: audit
2024-04-12T05:00:29.943734+0000 mon.smithi113 (mon.0) 81 : audit [DBG] from='mgr.14154 172.21.15.113:0/71483868' entity='mgr.smithi113.ctsazg' cmd=[{"prefix": "config dump", "format": "json"}]: dispatch
2024-04-12T05:00:31.174 INFO:journalctl@ceph.mon.smithi113.smithi113.stdout:Apr 12 05:00:30 smithi113 ceph-52321e2c-f889-11ee-bc8c-c7b262605968-mon-smithi113[39678]: audit
2024-04-12T05:00:29.969572+0000 mon.smithi113 (mon.0) 82 : audit [INF] from='mgr.14154 172.21.15.113:0/71483868' entity='mgr.smithi113.ctsazg' cmd=[{"prefix":"config rm","who":"mgr","name":"mgr/rbd_support/smithi113.ctsazg/mirror_snapshot_schedule"}]: dispatch
2024-04-12T05:00:31.174 INFO:journalctl@ceph.mon.smithi113.smithi113.stdout:Apr 12 05:00:30 smithi113 ceph-52321e2c-f889-11ee-bc8c-c7b262605968-mon-smithi113[39678]: audit
2024-04-12T05:00:29.972659+0000 mon.smithi113 (mon.0) 83 : audit [INF] from='mgr.14154 172.21.15.113:0/71483868' entity='mgr.smithi113.ctsazg' cmd=[{"prefix":"config rm","who":"mgr","name":"mgr/rbd_support/smithi113.ctsazg/trash_purge_schedule"}]: dispatch
2024-04-12T05:00:31.174 INFO:journalctl@ceph.mon.smithi113.smithi113.stdout:Apr 12 05:00:30 smithi113 ceph-52321e2c-f889-11ee-bc8c-c7b262605968-mon-smithi113[39678]: cluster
2024-04-12T05:00:30.834874+0000 mon.smithi113 (mon.0) 84 : cluster [DBG] mgrmap e11: smithi113.ctsazg(active, since 1.00582s)
2024-04-12T05:00:31.824 INFO:teuthology.orchestra.run.smithi113.stderr:mgr epoch 9 is available
2024-04-12T05:00:31.824 INFO:teuthology.orchestra.run.smithi113.stderr:Generating a dashboard self-signed certificate...
2024-04-12T05:00:32.416 INFO:teuthology.orchestra.run.smithi113.stderr:/usr/bin/ceph:
2024-04-12T05:00:32.411+0000 7f1e3a530700 1 Processor -- start
2024-04-12T05:00:32.417 INFO:teuthology.orchestra.run.smithi113.stderr:/usr/bin/ceph:
2024-04-12T05:00:32.411+0000 7f1e3a530700 1 -- start start
2024-04-12T05:00:32.417 INFO:teuthology.orchestra.run.smithi113.stderr:/usr/bin/ceph:
2024-04-12T05:00:32.411+0000 7f1e3a530700 1 --2- >> [v2:172.21.15.113:3300/0,v1:172.21.15.113:6789/0] conn(0x7f1e34071c00 0x7f1e340ffc90 unknown :-1 s=NONE pgs=0 cs=0 l=0 rev1=0 rx=0 tx=0).connect
2024-04-12T05:00:32.417 INFO:teuthology.orchestra.run.smithi113.stderr:/usr/bin/ceph:
2024-04-12T05:00:32.411+0000 7f1e3a530700 1 -- --> [v2:172.21.15.113:3300/0,v1:172.21.15.113:6789/0] -- mon_getmap magic: 0 v1 -- 0x7f1e34100180 con 0x7f1e34071c00
2024-04-12T05:00:32.417 INFO:teuthology.orchestra.run.smithi113.stderr:/usr/bin/ceph:
2024-04-12T05:00:32.411+0000 7f1e33fff700 1 --2- >> [v2:172.21.15.113:3300/0,v1:172.21.15.113:6789/0] conn(0x7f1e34071c00 0x7f1e340ffc90 unknown :-1 s=BANNER_CONNECTING pgs=0 cs=0 l=0 rev1=0 rx=0 tx=0)._handle_peer_banner_payload supported=1 required=0
2024-04-12T05:00:32.417 INFO:teuthology.orchestra.run.smithi113.stderr:/usr/bin/ceph:
2024-04-12T05:00:32.411+0000 7f1e33fff700 1 --2- >> [v2:172.21.15.113:3300/0,v1:172.21.15.113:6789/0] conn(0x7f1e34071c00 0x7f1e340ffc90 unknown :-1 s=HELLO_CONNECTING pgs=0 cs=0 l=0 rev1=1 rx=0 tx=0).handle_hello peer v2:172.21.15.113:3300/0 says I am v2:172.21.15.113:46824/0 (socket says 172.21.15.113:46824)
2024-04-12T05:00:32.417 INFO:teuthology.orchestra.run.smithi113.stderr:/usr/bin/ceph:
2024-04-12T05:00:32.411+0000 7f1e33fff700 1 -- 172.21.15.113:0/2906589784 learned_addr learned my addr 172.21.15.113:0/2906589784 (peer_addr_for_me v2:172.21.15.113:0/0)
2024-04-12T05:00:32.417 INFO:teuthology.orchestra.run.smithi113.stderr:/usr/bin/ceph:
2024-04-12T05:00:32.412+0000 7f1e33fff700 1 -- 172.21.15.113:0/2906589784 --> [v2:172.21.15.113:3300/0,v1:172.21.15.113:6789/0] -- mon_subscribe({config=0+,monmap=0+}) v3 -- 0x7f1e341002c0 con 0x7f1e34071c00
2024-04-12T05:00:32.417 INFO:teuthology.orchestra.run.smithi113.stderr:/usr/bin/ceph:
2024-04-12T05:00:32.412+0000 7f1e33fff700 1 --2- 172.21.15.113:0/2906589784 >> [v2:172.21.15.113:3300/0,v1:172.21.15.113:6789/0] conn(0x7f1e34071c00 0x7f1e340ffc90 secure :-1 s=READY pgs=70 cs=0 l=1 rev1=1 rx=0x7f1e1c009730 tx=0x7f1e1c0090f0).ready entity=mon.0 client_cookie=5ca57a2af55ab70f server_cookie=0 in_seq=0 out_seq=0
2024-04-12T05:00:32.419 INFO:teuthology.orchestra.run.smithi113.stderr:/usr/bin/ceph:
2024-04-12T05:00:32.412+0000 7f1e32ffd700 1 -- 172.21.15.113:0/2906589784 <== mon.0 v2:172.21.15.113:3300/0 1 ==== mon_map magic: 0 v1 ==== 229+0+0 (secure 0 0 0) 0x7f1e1c00b6e0 con 0x7f1e34071c00
2024-04-12T05:00:32.419 INFO:teuthology.orchestra.run.smithi113.stderr:/usr/bin/ceph:
2024-04-12T05:00:32.412+0000 7f1e32ffd700 1 -- 172.21.15.113:0/2906589784 <== mon.0 v2:172.21.15.113:3300/0 2 ==== config(25 keys) v1 ==== 1046+0+0 (secure 0 0 0) 0x7f1e1c00bcd0 con 0x7f1e34071c00
2024-04-12T05:00:32.419 INFO:teuthology.orchestra.run.smithi113.stderr:/usr/bin/ceph:
2024-04-12T05:00:32.412+0000 7f1e32ffd700 1 -- 172.21.15.113:0/2906589784 <== mon.0 v2:172.21.15.113:3300/0 3 ==== mon_map magic: 0 v1 ==== 229+0+0 (secure 0 0 0) 0x7f1e1c011cb0 con 0x7f1e34071c00
2024-04-12T05:00:32.420 INFO:teuthology.orchestra.run.smithi113.stderr:/usr/bin/ceph:
2024-04-12T05:00:32.412+0000 7f1e3a530700 1 -- 172.21.15.113:0/2906589784 >> [v2:172.21.15.113:3300/0,v1:172.21.15.113:6789/0] conn(0x7f1e34071c00 msgr2=0x7f1e340ffc90 secure :-1 s=STATE_CONNECTION_ESTABLISHED l=1).mark_down
2024-04-12T05:00:32.420 INFO:teuthology.orchestra.run.smithi113.stderr:/usr/bin/ceph:
2024-04-12T05:00:32.412+0000 7f1e3a530700 1 --2- 172.21.15.113:0/2906589784 >> [v2:172.21.15.113:3300/0,v1:172.21.15.113:6789/0] conn(0x7f1e34071c00 0x7f1e340ffc90 secure :-1 s=READY pgs=70 cs=0 l=1 rev1=1 rx=0x7f1e1c009730 tx=0x7f1e1c0090f0).stop
2024-04-12T05:00:32.420 INFO:teuthology.orchestra.run.smithi113.stderr:/usr/bin/ceph:
2024-04-12T05:00:32.412+0000 7f1e3a530700 1 -- 172.21.15.113:0/2906589784 shutdown_connections
2024-04-12T05:00:32.420 INFO:teuthology.orchestra.run.smithi113.stderr:/usr/bin/ceph:
2024-04-12T05:00:32.412+0000 7f1e3a530700 1 --2- 172.21.15.113:0/2906589784 >> [v2:172.21.15.113:3300/0,v1:172.21.15.113:6789/0] conn(0x7f1e34071c00 0x7f1e340ffc90 unknown :-1 s=CLOSED pgs=70 cs=0 l=1 rev1=1 rx=0 tx=0).stop
2024-04-12T05:00:32.420 INFO:teuthology.orchestra.run.smithi113.stderr:/usr/bin/ceph:
2024-04-12T05:00:32.412+0000 7f1e3a530700 1 -- 172.21.15.113:0/2906589784 >> 172.21.15.113:0/2906589784 conn(0x7f1e340f76f0 msgr2=0x7f1e340f9b10 unknown :-1 s=STATE_NONE l=0).mark_down
2024-04-12T05:00:32.420 INFO:teuthology.orchestra.run.smithi113.stderr:/usr/bin/ceph:
2024-04-12T05:00:32.412+0000 7f1e3a530700 1 -- 172.21.15.113:0/2906589784 shutdown_connections
2024-04-12T05:00:32.420 INFO:teuthology.orchestra.run.smithi113.stderr:/usr/bin/ceph:
2024-04-12T05:00:32.412+0000 7f1e3a530700 1 -- 172.21.15.113:0/2906589784 wait complete.
2024-04-12T05:00:32.420 INFO:teuthology.orchestra.run.smithi113.stderr:/usr/bin/ceph:
2024-04-12T05:00:32.413+0000 7f1e3a530700 1 Processor -- start
2024-04-12T05:00:32.420 INFO:teuthology.orchestra.run.smithi113.stderr:/usr/bin/ceph:
2024-04-12T05:00:32.413+0000 7f1e3a530700 1 -- start start
2024-04-12T05:00:32.420 INFO:teuthology.orchestra.run.smithi113.stderr:/usr/bin/ceph:
2024-04-12T05:00:32.413+0000 7f1e3a530700 1 --2- >> [v2:172.21.15.113:3300/0,v1:172.21.15.113:6789/0] conn(0x7f1e34071c00 0x7f1e3410bec0 unknown :-1 s=NONE pgs=0 cs=0 l=1 rev1=0 rx=0 tx=0).connect
2024-04-12T05:00:32.420 INFO:teuthology.orchestra.run.smithi113.stderr:/usr/bin/ceph:
2024-04-12T05:00:32.413+0000 7f1e3a530700 1 -- --> [v2:172.21.15.113:3300/0,v1:172.21.15.113:6789/0] -- mon_getmap magic: 0 v1 -- 0x7f1e3410c3b0 con 0x7f1e34071c00
2024-04-12T05:00:32.420 INFO:teuthology.orchestra.run.smithi113.stderr:/usr/bin/ceph:
2024-04-12T05:00:32.413+0000 7f1e33fff700 1 --2- >> [v2:172.21.15.113:3300/0,v1:172.21.15.113:6789/0] conn(0x7f1e34071c00 0x7f1e3410bec0 unknown :-1 s=BANNER_CONNECTING pgs=0 cs=0 l=1 rev1=0 rx=0 tx=0)._handle_peer_banner_payload supported=1 required=0
2024-04-12T05:00:32.420 INFO:teuthology.orchestra.run.smithi113.stderr:/usr/bin/ceph:
2024-04-12T05:00:32.414+0000 7f1e33fff700 1 --2- >> [v2:172.21.15.113:3300/0,v1:172.21.15.113:6789/0] conn(0x7f1e34071c00 0x7f1e3410bec0 unknown :-1 s=HELLO_CONNECTING pgs=0 cs=0 l=1 rev1=1 rx=0 tx=0).handle_hello peer v2:172.21.15.113:3300/0 says I am v2:172.21.15.113:46836/0 (socket says 172.21.15.113:46836)
2024-04-12T05:00:32.420 INFO:teuthology.orchestra.run.smithi113.stderr:/usr/bin/ceph:
2024-04-12T05:00:32.414+0000 7f1e33fff700 1 -- 172.21.15.113:0/2625516737 learned_addr learned my addr 172.21.15.113:0/2625516737 (peer_addr_for_me v2:172.21.15.113:0/0)
2024-04-12T05:00:32.420 INFO:teuthology.orchestra.run.smithi113.stderr:/usr/bin/ceph:
2024-04-12T05:00:32.414+0000 7f1e33fff700 1 -- 172.21.15.113:0/2625516737 --> [v2:172.21.15.113:3300/0,v1:172.21.15.113:6789/0] -- mon_subscribe({config=0+,monmap=0+}) v3 -- 0x7f1e1c009370 con 0x7f1e34071c00
2024-04-12T05:00:32.421 INFO:teuthology.orchestra.run.smithi113.stderr:/usr/bin/ceph:
2024-04-12T05:00:32.414+0000 7f1e33fff700 1 --2- 172.21.15.113:0/2625516737 >> [v2:172.21.15.113:3300/0,v1:172.21.15.113:6789/0] conn(0x7f1e34071c00 0x7f1e3410bec0 secure :-1 s=READY pgs=71 cs=0 l=1 rev1=1 rx=0x7f1e1c000c00 tx=0x7f1e1c0090f0).ready entity=mon.0 client_cookie=0 server_cookie=0 in_seq=0 out_seq=0
2024-04-12T05:00:32.421 INFO:teuthology.orchestra.run.smithi113.stderr:/usr/bin/ceph:
2024-04-12T05:00:32.414+0000 7f1e317fa700 1 -- 172.21.15.113:0/2625516737 <== mon.0 v2:172.21.15.113:3300/0 1 ==== mon_map magic: 0 v1 ==== 229+0+0 (secure 0 0 0) 0x7f1e1c01a640 con 0x7f1e34071c00
2024-04-12T05:00:32.421 INFO:teuthology.orchestra.run.smithi113.stderr:/usr/bin/ceph:
2024-04-12T05:00:32.414+0000 7f1e317fa700 1 -- 172.21.15.113:0/2625516737 <== mon.0 v2:172.21.15.113:3300/0 2 ==== config(25 keys) v1 ==== 1046+0+0 (secure 0 0 0) 0x7f1e1c01ac30 con 0x7f1e34071c00
2024-04-12T05:00:32.421 INFO:teuthology.orchestra.run.smithi113.stderr:/usr/bin/ceph:
2024-04-12T05:00:32.414+0000 7f1e3a530700 1 -- 172.21.15.113:0/2625516737 --> [v2:172.21.15.113:3300/0,v1:172.21.15.113:6789/0] -- mon_subscribe({mgrmap=0+}) v3 -- 0x7f1e3410c5b0 con 0x7f1e34071c00
2024-04-12T05:00:32.421 INFO:teuthology.orchestra.run.smithi113.stderr:/usr/bin/ceph:
2024-04-12T05:00:32.414+0000 7f1e317fa700 1 -- 172.21.15.113:0/2625516737 <== mon.0 v2:172.21.15.113:3300/0 3 ==== mon_map magic: 0 v1 ==== 229+0+0 (secure 0 0 0) 0x7f1e1c0239a0 con 0x7f1e34071c00
2024-04-12T05:00:32.421 INFO:teuthology.orchestra.run.smithi113.stderr:/usr/bin/ceph:
2024-04-12T05:00:32.414+0000 7f1e3a530700 1 -- 172.21.15.113:0/2625516737 --> [v2:172.21.15.113:3300/0,v1:172.21.15.113:6789/0] -- mon_subscribe({osdmap=0}) v3 -- 0x7f1e3410c9c0 con 0x7f1e34071c00
2024-04-12T05:00:32.421 INFO:teuthology.orchestra.run.smithi113.stderr:/usr/bin/ceph:
2024-04-12T05:00:32.416+0000 7f1e3a530700 1 -- 172.21.15.113:0/2625516737 --> [v2:172.21.15.113:3300/0,v1:172.21.15.113:6789/0] -- mon_command({"prefix": "get_command_descriptions"} v 0) v1 -- 0x7f1e34046ce0 con 0x7f1e34071c00
2024-04-12T05:00:32.421 INFO:teuthology.orchestra.run.smithi113.stderr:/usr/bin/ceph:
2024-04-12T05:00:32.416+0000 7f1e317fa700 1 -- 172.21.15.113:0/2625516737 <== mon.0 v2:172.21.15.113:3300/0 4 ==== mgrmap(e 12) v1 ==== 38645+0+0 (secure 0 0 0) 0x7f1e1c01a7a0 con 0x7f1e34071c00
2024-04-12T05:00:32.421 INFO:teuthology.orchestra.run.smithi113.stderr:/usr/bin/ceph:
2024-04-12T05:00:32.416+0000 7f1e317fa700 1 --2- 172.21.15.113:0/2625516737 >> [v2:172.21.15.113:6800/1349703403,v1:172.21.15.113:6801/1349703403] conn(0x7f1e20032660 0x7f1e20034b20 unknown :-1 s=NONE pgs=0 cs=0 l=1 rev1=0 rx=0 tx=0).connect
2024-04-12T05:00:32.421 INFO:teuthology.orchestra.run.smithi113.stderr:/usr/bin/ceph:
2024-04-12T05:00:32.416+0000 7f1e317fa700 1 -- 172.21.15.113:0/2625516737 <== mon.0 v2:172.21.15.113:3300/0 5 ==== osd_map(3..3 src has 1..3) v4 ==== 1065+0+0 (secure 0 0 0) 0x7f1e1c044d00 con 0x7f1e34071c00
2024-04-12T05:00:32.421 INFO:teuthology.orchestra.run.smithi113.stderr:/usr/bin/ceph:
2024-04-12T05:00:32.416+0000 7f1e337fe700 1 --2- 172.21.15.113:0/2625516737 >> [v2:172.21.15.113:6800/1349703403,v1:172.21.15.113:6801/1349703403] conn(0x7f1e20032660 0x7f1e20034b20 unknown :-1 s=BANNER_CONNECTING pgs=0 cs=0 l=1 rev1=0 rx=0 tx=0)._handle_peer_banner_payload supported=1 required=0
2024-04-12T05:00:32.421 INFO:teuthology.orchestra.run.smithi113.stderr:/usr/bin/ceph:
2024-04-12T05:00:32.417+0000 7f1e337fe700 1 --2- 172.21.15.113:0/2625516737 >> [v2:172.21.15.113:6800/1349703403,v1:172.21.15.113:6801/1349703403] conn(0x7f1e20032660 0x7f1e20034b20 secure :-1 s=READY pgs=6 cs=0 l=1 rev1=1 rx=0x7f1e24009780 tx=0x7f1e24006cc0).ready entity=mgr.14154 client_cookie=0 server_cookie=0 in_seq=0 out_seq=0
2024-04-12T05:00:32.423 INFO:teuthology.orchestra.run.smithi113.stderr:/usr/bin/ceph:
2024-04-12T05:00:32.421+0000 7f1e317fa700 1 -- 172.21.15.113:0/2625516737 <== mon.0 v2:172.21.15.113:3300/0 6 ==== mon_command_ack([{"prefix": "get_command_descriptions"}]=0 v0) v1 ==== 72+0+163658 (secure 0 0 0) 0x7f1e1c048030 con 0x7f1e34071c00
2024-04-12T05:00:32.604 INFO:teuthology.orchestra.run.smithi113.stderr:/usr/bin/ceph:
2024-04-12T05:00:32.602+0000 7f1e3a530700 1 -- 172.21.15.113:0/2625516737 --> [v2:172.21.15.113:6800/1349703403,v1:172.21.15.113:6801/1349703403] -- mgr_command(tid 0: {"prefix": "dashboard create-self-signed-cert", "target": ["mon-mgr", ""]}) v1 -- 0x7f1e3410d150 con 0x7f1e20032660
2024-04-12T05:00:32.674 INFO:journalctl@ceph.mon.smithi113.smithi113.stdout:Apr 12 05:00:32 smithi113 ceph-52321e2c-f889-11ee-bc8c-c7b262605968-mon-smithi113[39678]: audit
2024-04-12T05:00:30.833636+0000 mgr.smithi113.ctsazg (mgr.14154) 1 : audit [DBG] from='client.14158 -' entity='client.admin' cmd=[{"prefix": "get_command_descriptions"}]: dispatch
2024-04-12T05:00:32.674 INFO:journalctl@ceph.mon.smithi113.smithi113.stdout:Apr 12 05:00:32 smithi113 ceph-52321e2c-f889-11ee-bc8c-c7b262605968-mon-smithi113[39678]: audit
2024-04-12T05:00:30.839939+0000 mgr.smithi113.ctsazg (mgr.14154) 2 : audit [DBG] from='client.14158 -' entity='client.admin' cmd=[{"prefix": "mgr_status"}]: dispatch
2024-04-12T05:00:32.674 INFO:journalctl@ceph.mon.smithi113.smithi113.stdout:Apr 12 05:00:32 smithi113 ceph-52321e2c-f889-11ee-bc8c-c7b262605968-mon-smithi113[39678]: audit
2024-04-12T05:00:31.392521+0000 mon.smithi113 (mon.0) 85 : audit [INF] from='mgr.14154 172.21.15.113:0/71483868' entity='mgr.smithi113.ctsazg'
2024-04-12T05:00:32.773 INFO:teuthology.orchestra.run.smithi113.stderr:/usr/bin/ceph: Self-signed certificate created
2024-04-12T05:00:32.773 INFO:teuthology.orchestra.run.smithi113.stderr:/usr/bin/ceph:
2024-04-12T05:00:32.770+0000 7f1e317fa700 1 -- 172.21.15.113:0/2625516737 <== mgr.14154 v2:172.21.15.113:6800/1349703403 1 ==== mgr_command_reply(tid 0: 0 ) v1 ==== 8+0+32 (secure 0 0 0) 0x7f1e3410d150 con 0x7f1e20032660
2024-04-12T05:00:32.775 INFO:teuthology.orchestra.run.smithi113.stderr:/usr/bin/ceph:
2024-04-12T05:00:32.772+0000 7f1e3a530700 1 -- 172.21.15.113:0/2625516737 >> [v2:172.21.15.113:6800/1349703403,v1:172.21.15.113:6801/1349703403] conn(0x7f1e20032660 msgr2=0x7f1e20034b20 secure :-1 s=STATE_CONNECTION_ESTABLISHED l=1).mark_down
2024-04-12T05:00:32.775 INFO:teuthology.orchestra.run.smithi113.stderr:/usr/bin/ceph:
2024-04-12T05:00:32.772+0000 7f1e3a530700 1 --2- 172.21.15.113:0/2625516737 >> [v2:172.21.15.113:6800/1349703403,v1:172.21.15.113:6801/1349703403] conn(0x7f1e20032660 0x7f1e20034b20 secure :-1 s=READY pgs=6 cs=0 l=1 rev1=1 rx=0x7f1e24009780 tx=0x7f1e24006cc0).stop
2024-04-12T05:00:32.775 INFO:teuthology.orchestra.run.smithi113.stderr:/usr/bin/ceph:
2024-04-12T05:00:32.772+0000 7f1e3a530700 1 -- 172.21.15.113:0/2625516737 >> [v2:172.21.15.113:3300/0,v1:172.21.15.113:6789/0] conn(0x7f1e34071c00 msgr2=0x7f1e3410bec0 secure :-1 s=STATE_CONNECTION_ESTABLISHED l=1).mark_down
2024-04-12T05:00:32.775 INFO:teuthology.orchestra.run.smithi113.stderr:/usr/bin/ceph:
2024-04-12T05:00:32.772+0000 7f1e3a530700 1 --2- 172.21.15.113:0/2625516737 >> [v2:172.21.15.113:3300/0,v1:172.21.15.113:6789/0] conn(0x7f1e34071c00 0x7f1e3410bec0 secure :-1 s=READY pgs=71 cs=0 l=1 rev1=1 rx=0x7f1e1c000c00 tx=0x7f1e1c0090f0).stop
2024-04-12T05:00:32.775 INFO:teuthology.orchestra.run.smithi113.stderr:/usr/bin/ceph:
2024-04-12T05:00:32.773+0000 7f1e3a530700 1 -- 172.21.15.113:0/2625516737 shutdown_connections
2024-04-12T05:00:32.775 INFO:teuthology.orchestra.run.smithi113.stderr:/usr/bin/ceph:
2024-04-12T05:00:32.773+0000 7f1e3a530700 1 --2- 172.21.15.113:0/2625516737 >> [v2:172.21.15.113:6800/1349703403,v1:172.21.15.113:6801/1349703403] conn(0x7f1e20032660 0x7f1e20034b20 unknown :-1 s=CLOSED pgs=6 cs=0 l=1 rev1=1 rx=0 tx=0).stop
2024-04-12T05:00:32.775 INFO:teuthology.orchestra.run.smithi113.stderr:/usr/bin/ceph:
2024-04-12T05:00:32.773+0000 7f1e3a530700 1 --2- 172.21.15.113:0/2625516737 >> [v2:172.21.15.113:3300/0,v1:172.21.15.113:6789/0] conn(0x7f1e34071c00 0x7f1e3410bec0 unknown :-1 s=CLOSED pgs=71 cs=0 l=1 rev1=1 rx=0 tx=0).stop
2024-04-12T05:00:32.776 INFO:teuthology.orchestra.run.smithi113.stderr:/usr/bin/ceph:
2024-04-12T05:00:32.773+0000 7f1e3a530700 1 -- 172.21.15.113:0/2625516737 >> 172.21.15.113:0/2625516737 conn(0x7f1e340f76f0 msgr2=0x7f1e340f9150 unknown :-1 s=STATE_NONE l=0).mark_down
2024-04-12T05:00:32.776 INFO:teuthology.orchestra.run.smithi113.stderr:/usr/bin/ceph:
2024-04-12T05:00:32.773+0000 7f1e3a530700 1 -- 172.21.15.113:0/2625516737 shutdown_connections
2024-04-12T05:00:32.776 INFO:teuthology.orchestra.run.smithi113.stderr:/usr/bin/ceph:
2024-04-12T05:00:32.773+0000 7f1e3a530700 1 -- 172.21.15.113:0/2625516737 wait complete.
2024-04-12T05:00:33.424 INFO:journalctl@ceph.mon.smithi113.smithi113.stdout:Apr 12 05:00:33 smithi113 ceph-52321e2c-f889-11ee-bc8c-c7b262605968-mon-smithi113[39678]: cluster
2024-04-12T05:00:32.393807+0000 mon.smithi113 (mon.0) 86 : cluster [DBG] mgrmap e12: smithi113.ctsazg(active, since 2s)
2024-04-12T05:00:33.424 INFO:journalctl@ceph.mon.smithi113.smithi113.stdout:Apr 12 05:00:33 smithi113 ceph-52321e2c-f889-11ee-bc8c-c7b262605968-mon-smithi113[39678]: audit
2024-04-12T05:00:32.769206+0000 mon.smithi113 (mon.0) 87 : audit [INF] from='mgr.14154 172.21.15.113:0/71483868' entity='mgr.smithi113.ctsazg'
2024-04-12T05:00:33.424 INFO:journalctl@ceph.mon.smithi113.smithi113.stdout:Apr 12 05:00:33 smithi113 ceph-52321e2c-f889-11ee-bc8c-c7b262605968-mon-smithi113[39678]: audit
2024-04-12T05:00:32.771100+0000 mon.smithi113 (mon.0) 88 : audit [INF] from='mgr.14154 172.21.15.113:0/71483868' entity='mgr.smithi113.ctsazg'
2024-04-12T05:00:34.463 INFO:teuthology.orchestra.run.smithi113.stderr:Creating initial admin user...
2024-04-12T05:00:34.674 INFO:journalctl@ceph.mon.smithi113.smithi113.stdout:Apr 12 05:00:34 smithi113 ceph-52321e2c-f889-11ee-bc8c-c7b262605968-mon-smithi113[39678]: audit
2024-04-12T05:00:32.603888+0000 mgr.smithi113.ctsazg (mgr.14154) 3 : audit [DBG] from='client.14164 -' entity='client.admin' cmd=[{"prefix": "dashboard create-self-signed-cert", "target": ["mon-mgr", ""]}]: dispatch
2024-04-12T05:00:35.087 INFO:teuthology.orchestra.run.smithi113.stderr:/usr/bin/ceph:
2024-04-12T05:00:35.084+0000 7f2e1e7cc700 1 Processor -- start
2024-04-12T05:00:35.088 INFO:teuthology.orchestra.run.smithi113.stderr:/usr/bin/ceph:
2024-04-12T05:00:35.084+0000 7f2e1e7cc700 1 -- start start
2024-04-12T05:00:35.088 INFO:teuthology.orchestra.run.smithi113.stderr:/usr/bin/ceph:
2024-04-12T05:00:35.084+0000 7f2e1e7cc700 1 --2- >> [v2:172.21.15.113:3300/0,v1:172.21.15.113:6789/0] conn(0x7f2e180fbed0 0x7f2e180fc2f0 unknown :-1 s=NONE pgs=0 cs=0 l=0 rev1=0 rx=0 tx=0).connect
2024-04-12T05:00:35.088 INFO:teuthology.orchestra.run.smithi113.stderr:/usr/bin/ceph:
2024-04-12T05:00:35.084+0000 7f2e1e7cc700 1 -- --> [v2:172.21.15.113:3300/0,v1:172.21.15.113:6789/0] -- mon_getmap magic: 0 v1 -- 0x7f2e180fc7e0 con 0x7f2e180fbed0
2024-04-12T05:00:35.088 INFO:teuthology.orchestra.run.smithi113.stderr:/usr/bin/ceph:
2024-04-12T05:00:35.084+0000 7f2e17fff700 1 --2- >> [v2:172.21.15.113:3300/0,v1:172.21.15.113:6789/0] conn(0x7f2e180fbed0 0x7f2e180fc2f0 unknown :-1 s=BANNER_CONNECTING pgs=0 cs=0 l=0 rev1=0 rx=0 tx=0)._handle_peer_banner_payload supported=1 required=0
2024-04-12T05:00:35.088 INFO:teuthology.orchestra.run.smithi113.stderr:/usr/bin/ceph:
2024-04-12T05:00:35.084+0000 7f2e17fff700 1 --2- >> [v2:172.21.15.113:3300/0,v1:172.21.15.113:6789/0] conn(0x7f2e180fbed0 0x7f2e180fc2f0 unknown :-1 s=HELLO_CONNECTING pgs=0 cs=0 l=0 rev1=1 rx=0 tx=0).handle_hello peer v2:172.21.15.113:3300/0 says I am v2:172.21.15.113:46852/0 (socket says 172.21.15.113:46852)
2024-04-12T05:00:35.088 INFO:teuthology.orchestra.run.smithi113.stderr:/usr/bin/ceph:
2024-04-12T05:00:35.084+0000 7f2e17fff700 1 -- 172.21.15.113:0/560514256 learned_addr learned my addr 172.21.15.113:0/560514256 (peer_addr_for_me v2:172.21.15.113:0/0)
2024-04-12T05:00:35.088 INFO:teuthology.orchestra.run.smithi113.stderr:/usr/bin/ceph:
2024-04-12T05:00:35.085+0000 7f2e17fff700 1 -- 172.21.15.113:0/560514256 --> [v2:172.21.15.113:3300/0,v1:172.21.15.113:6789/0] -- mon_subscribe({config=0+,monmap=0+}) v3 -- 0x7f2e180fc920 con 0x7f2e180fbed0
2024-04-12T05:00:35.088 INFO:teuthology.orchestra.run.smithi113.stderr:/usr/bin/ceph:
2024-04-12T05:00:35.085+0000 7f2e17fff700 1 --2- 172.21.15.113:0/560514256 >> [v2:172.21.15.113:3300/0,v1:172.21.15.113:6789/0] conn(0x7f2e180fbed0 0x7f2e180fc2f0 secure :-1 s=READY pgs=72 cs=0 l=1 rev1=1 rx=0x7f2e08009730 tx=0x7f2e080090f0).ready entity=mon.0 client_cookie=bf5bcb42c98edbd8 server_cookie=0 in_seq=0 out_seq=0
2024-04-12T05:00:35.088 INFO:teuthology.orchestra.run.smithi113.stderr:/usr/bin/ceph:
2024-04-12T05:00:35.085+0000 7f2e16ffd700 1 -- 172.21.15.113:0/560514256 <== mon.0 v2:172.21.15.113:3300/0 1 ==== mon_map magic: 0 v1 ==== 229+0+0 (secure 0 0 0) 0x7f2e0800b6e0 con 0x7f2e180fbed0
2024-04-12T05:00:35.088 INFO:teuthology.orchestra.run.smithi113.stderr:/usr/bin/ceph:
2024-04-12T05:00:35.085+0000 7f2e16ffd700 1 -- 172.21.15.113:0/560514256 <== mon.0 v2:172.21.15.113:3300/0 2 ==== config(25 keys) v1 ==== 1046+0+0 (secure 0 0 0) 0x7f2e0800bcd0 con 0x7f2e180fbed0
2024-04-12T05:00:35.088 INFO:teuthology.orchestra.run.smithi113.stderr:/usr/bin/ceph:
2024-04-12T05:00:35.085+0000 7f2e16ffd700 1 -- 172.21.15.113:0/560514256 <== mon.0 v2:172.21.15.113:3300/0 3 ==== mon_map magic: 0 v1 ==== 229+0+0 (secure 0 0 0) 0x7f2e08011cb0 con 0x7f2e180fbed0
2024-04-12T05:00:35.091 INFO:teuthology.orchestra.run.smithi113.stderr:/usr/bin/ceph:
2024-04-12T05:00:35.086+0000 7f2e1e7cc700 1 -- 172.21.15.113:0/560514256 >> [v2:172.21.15.113:3300/0,v1:172.21.15.113:6789/0] conn(0x7f2e180fbed0 msgr2=0x7f2e180fc2f0 secure :-1 s=STATE_CONNECTION_ESTABLISHED l=1).mark_down
2024-04-12T05:00:35.091 INFO:teuthology.orchestra.run.smithi113.stderr:/usr/bin/ceph:
2024-04-12T05:00:35.086+0000 7f2e1e7cc700 1 --2- 172.21.15.113:0/560514256 >> [v2:172.21.15.113:3300/0,v1:172.21.15.113:6789/0] conn(0x7f2e180fbed0 0x7f2e180fc2f0 secure :-1 s=READY pgs=72 cs=0 l=1 rev1=1 rx=0x7f2e08009730 tx=0x7f2e080090f0).stop
2024-04-12T05:00:35.091 INFO:teuthology.orchestra.run.smithi113.stderr:/usr/bin/ceph:
2024-04-12T05:00:35.086+0000 7f2e1e7cc700 1 -- 172.21.15.113:0/560514256 shutdown_connections
2024-04-12T05:00:35.092 INFO:teuthology.orchestra.run.smithi113.stderr:/usr/bin/ceph:
2024-04-12T05:00:35.086+0000 7f2e1e7cc700 1 --2- 172.21.15.113:0/560514256 >> [v2:172.21.15.113:3300/0,v1:172.21.15.113:6789/0] conn(0x7f2e180fbed0 0x7f2e180fc2f0 unknown :-1 s=CLOSED pgs=72 cs=0 l=1 rev1=1 rx=0 tx=0).stop
2024-04-12T05:00:35.092 INFO:teuthology.orchestra.run.smithi113.stderr:/usr/bin/ceph:
2024-04-12T05:00:35.086+0000 7f2e1e7cc700 1 -- 172.21.15.113:0/560514256 >> 172.21.15.113:0/560514256 conn(0x7f2e180f76f0 msgr2=0x7f2e180f9b10 unknown :-1 s=STATE_NONE l=0).mark_down
2024-04-12T05:00:35.092 INFO:teuthology.orchestra.run.smithi113.stderr:/usr/bin/ceph:
2024-04-12T05:00:35.086+0000 7f2e1e7cc700 1 -- 172.21.15.113:0/560514256 shutdown_connections
2024-04-12T05:00:35.092 INFO:teuthology.orchestra.run.smithi113.stderr:/usr/bin/ceph:
2024-04-12T05:00:35.086+0000 7f2e1e7cc700 1 -- 172.21.15.113:0/560514256 wait complete.
2024-04-12T05:00:35.092 INFO:teuthology.orchestra.run.smithi113.stderr:/usr/bin/ceph:
2024-04-12T05:00:35.086+0000 7f2e1e7cc700 1 Processor -- start
2024-04-12T05:00:35.092 INFO:teuthology.orchestra.run.smithi113.stderr:/usr/bin/ceph:
2024-04-12T05:00:35.086+0000 7f2e1e7cc700 1 -- start start
2024-04-12T05:00:35.092 INFO:teuthology.orchestra.run.smithi113.stderr:/usr/bin/ceph:
2024-04-12T05:00:35.087+0000 7f2e1e7cc700 1 --2- >> [v2:172.21.15.113:3300/0,v1:172.21.15.113:6789/0] conn(0x7f2e180fbed0 0x7f2e1810eb10 unknown :-1 s=NONE pgs=0 cs=0 l=1 rev1=0 rx=0 tx=0).connect
2024-04-12T05:00:35.092 INFO:teuthology.orchestra.run.smithi113.stderr:/usr/bin/ceph:
2024-04-12T05:00:35.087+0000 7f2e1e7cc700 1 -- --> [v2:172.21.15.113:3300/0,v1:172.21.15.113:6789/0] -- mon_getmap magic: 0 v1 -- 0x7f2e18071ca0 con 0x7f2e180fbed0
2024-04-12T05:00:35.092 INFO:teuthology.orchestra.run.smithi113.stderr:/usr/bin/ceph:
2024-04-12T05:00:35.087+0000 7f2e17fff700 1 --2- >> [v2:172.21.15.113:3300/0,v1:172.21.15.113:6789/0] conn(0x7f2e180fbed0 0x7f2e1810eb10 unknown :-1 s=BANNER_CONNECTING pgs=0 cs=0 l=1 rev1=0 rx=0 tx=0)._handle_peer_banner_payload supported=1 required=0
2024-04-12T05:00:35.092 INFO:teuthology.orchestra.run.smithi113.stderr:/usr/bin/ceph:
2024-04-12T05:00:35.087+0000 7f2e17fff700 1 --2- >> [v2:172.21.15.113:3300/0,v1:172.21.15.113:6789/0] conn(0x7f2e180fbed0 0x7f2e1810eb10 unknown :-1 s=HELLO_CONNECTING pgs=0 cs=0 l=1 rev1=1 rx=0 tx=0).handle_hello peer v2:172.21.15.113:3300/0 says I am v2:172.21.15.113:46862/0 (socket says 172.21.15.113:46862)
2024-04-12T05:00:35.092 INFO:teuthology.orchestra.run.smithi113.stderr:/usr/bin/ceph:
2024-04-12T05:00:35.087+0000 7f2e17fff700 1 -- 172.21.15.113:0/3052250361 learned_addr learned my addr 172.21.15.113:0/3052250361 (peer_addr_for_me v2:172.21.15.113:0/0)
2024-04-12T05:00:35.092 INFO:teuthology.orchestra.run.smithi113.stderr:/usr/bin/ceph:
2024-04-12T05:00:35.087+0000 7f2e17fff700 1 -- 172.21.15.113:0/3052250361 --> [v2:172.21.15.113:3300/0,v1:172.21.15.113:6789/0] -- mon_subscribe({config=0+,monmap=0+}) v3 -- 0x7f2e08009370 con 0x7f2e180fbed0
2024-04-12T05:00:35.092 INFO:teuthology.orchestra.run.smithi113.stderr:/usr/bin/ceph:
2024-04-12T05:00:35.087+0000 7f2e17fff700 1 --2- 172.21.15.113:0/3052250361 >> [v2:172.21.15.113:3300/0,v1:172.21.15.113:6789/0] conn(0x7f2e180fbed0 0x7f2e1810eb10 secure :-1 s=READY pgs=73 cs=0 l=1 rev1=1 rx=0x7f2e08002f40 tx=0x7f2e080090f0).ready entity=mon.0 client_cookie=0 server_cookie=0 in_seq=0 out_seq=0
2024-04-12T05:00:35.092 INFO:teuthology.orchestra.run.smithi113.stderr:/usr/bin/ceph:
2024-04-12T05:00:35.087+0000 7f2e157fa700 1 -- 172.21.15.113:0/3052250361 <== mon.0 v2:172.21.15.113:3300/0 1 ==== mon_map magic: 0 v1 ==== 229+0+0 (secure 0 0 0) 0x7f2e0801a590 con 0x7f2e180fbed0
2024-04-12T05:00:35.093 INFO:teuthology.orchestra.run.smithi113.stderr:/usr/bin/ceph:
2024-04-12T05:00:35.088+0000 7f2e1e7cc700 1 -- 172.21.15.113:0/3052250361 --> [v2:172.21.15.113:3300/0,v1:172.21.15.113:6789/0] -- mon_subscribe({mgrmap=0+}) v3 -- 0x7f2e18071ea0 con 0x7f2e180fbed0
2024-04-12T05:00:35.093 INFO:teuthology.orchestra.run.smithi113.stderr:/usr/bin/ceph:
2024-04-12T05:00:35.088+0000 7f2e157fa700 1 -- 172.21.15.113:0/3052250361 <== mon.0 v2:172.21.15.113:3300/0 2 ==== config(25 keys) v1 ==== 1046+0+0 (secure 0 0 0) 0x7f2e0801ab80 con 0x7f2e180fbed0
2024-04-12T05:00:35.093 INFO:teuthology.orchestra.run.smithi113.stderr:/usr/bin/ceph:
2024-04-12T05:00:35.088+0000 7f2e157fa700 1 -- 172.21.15.113:0/3052250361 <== mon.0 v2:172.21.15.113:3300/0 3 ==== mon_map magic: 0 v1 ==== 229+0+0 (secure 0 0 0) 0x7f2e08022aa0 con 0x7f2e180fbed0
2024-04-12T05:00:35.093 INFO:teuthology.orchestra.run.smithi113.stderr:/usr/bin/ceph:
2024-04-12T05:00:35.088+0000 7f2e1e7cc700 1 -- 172.21.15.113:0/3052250361 --> [v2:172.21.15.113:3300/0,v1:172.21.15.113:6789/0] -- mon_subscribe({osdmap=0}) v3 -- 0x7f2e1810f1c0 con 0x7f2e180fbed0
2024-04-12T05:00:35.093 INFO:teuthology.orchestra.run.smithi113.stderr:/usr/bin/ceph:
2024-04-12T05:00:35.088+0000 7f2e157fa700 1 -- 172.21.15.113:0/3052250361 <== mon.0 v2:172.21.15.113:3300/0 4 ==== mgrmap(e 12) v1 ==== 38645+0+0 (secure 0 0 0) 0x7f2e08019390 con 0x7f2e180fbed0
2024-04-12T05:00:35.093 INFO:teuthology.orchestra.run.smithi113.stderr:/usr/bin/ceph:
2024-04-12T05:00:35.088+0000 7f2e157fa700 1 --2- 172.21.15.113:0/3052250361 >> [v2:172.21.15.113:6800/1349703403,v1:172.21.15.113:6801/1349703403] conn(0x7f2e00032660 0x7f2e00034b20 unknown :-1 s=NONE pgs=0 cs=0 l=1 rev1=0 rx=0 tx=0).connect
2024-04-12T05:00:35.093 INFO:teuthology.orchestra.run.smithi113.stderr:/usr/bin/ceph:
2024-04-12T05:00:35.089+0000 7f2e157fa700 1 -- 172.21.15.113:0/3052250361 <== mon.0 v2:172.21.15.113:3300/0 5 ==== osd_map(3..3 src has 1..3) v4 ==== 1065+0+0 (secure 0 0 0) 0x7f2e08044b90 con 0x7f2e180fbed0
2024-04-12T05:00:35.093 INFO:teuthology.orchestra.run.smithi113.stderr:/usr/bin/ceph:
2024-04-12T05:00:35.089+0000 7f2e177fe700 1 --2- 172.21.15.113:0/3052250361 >> [v2:172.21.15.113:6800/1349703403,v1:172.21.15.113:6801/1349703403] conn(0x7f2e00032660 0x7f2e00034b20 unknown :-1 s=BANNER_CONNECTING pgs=0 cs=0 l=1 rev1=0 rx=0 tx=0)._handle_peer_banner_payload supported=1 required=0
2024-04-12T05:00:35.093 INFO:teuthology.orchestra.run.smithi113.stderr:/usr/bin/ceph:
2024-04-12T05:00:35.089+0000 7f2e1e7cc700 1 -- 172.21.15.113:0/3052250361 --> [v2:172.21.15.113:3300/0,v1:172.21.15.113:6789/0] -- mon_command({"prefix": "get_command_descriptions"} v 0) v1 -- 0x7f2e18046ce0 con 0x7f2e180fbed0
2024-04-12T05:00:35.093 INFO:teuthology.orchestra.run.smithi113.stderr:/usr/bin/ceph:
2024-04-12T05:00:35.089+0000 7f2e177fe700 1 --2- 172.21.15.113:0/3052250361 >> [v2:172.21.15.113:6800/1349703403,v1:172.21.15.113:6801/1349703403] conn(0x7f2e00032660 0x7f2e00034b20 secure :-1 s=READY pgs=7 cs=0 l=1 rev1=1 rx=0x7f2e0c009780 tx=0x7f2e0c006cc0).ready entity=mgr.14154 client_cookie=0 server_cookie=0 in_seq=0 out_seq=0
2024-04-12T05:00:35.096 INFO:teuthology.orchestra.run.smithi113.stderr:/usr/bin/ceph:
2024-04-12T05:00:35.094+0000 7f2e157fa700 1 -- 172.21.15.113:0/3052250361 <== mon.0 v2:172.21.15.113:3300/0 6 ==== mon_command_ack([{"prefix": "get_command_descriptions"}]=0 v0) v1 ==== 72+0+163658 (secure 0 0 0) 0x7f2e0801e020 con 0x7f2e180fbed0
2024-04-12T05:00:35.275 INFO:teuthology.orchestra.run.smithi113.stderr:/usr/bin/ceph:
2024-04-12T05:00:35.273+0000 7f2e1e7cc700 1 -- 172.21.15.113:0/3052250361 --> [v2:172.21.15.113:6800/1349703403,v1:172.21.15.113:6801/1349703403] -- mgr_command(tid 0: {"prefix": "dashboard ac-user-create", "username": "admin", "rolename": "administrator", "force_password": true, "pwd_update_required": true, "target": ["mon-mgr", ""]}) v1 -- 0x7f2e1805a130 con 0x7f2e00032660
2024-04-12T05:00:35.492 INFO:teuthology.orchestra.run.smithi113.stderr:/usr/bin/ceph:
2024-04-12T05:00:35.490+0000 7f2e157fa700 1 -- 172.21.15.113:0/3052250361 <== mgr.14154 v2:172.21.15.113:6800/1349703403 1 ==== mgr_command_reply(tid 0: 0 ) v1 ==== 8+0+252 (secure 0 0 0) 0x7f2e1805a130 con 0x7f2e00032660
2024-04-12T05:00:35.492 INFO:teuthology.orchestra.run.smithi113.stderr:/usr/bin/ceph: {"username": "admin", "password": "$2b$12$xwHIn7Xhclh9O4meYLq3ruMGrw4O0mot9VsRumaKhncT4o9FLfWwm", "roles": ["administrator"], "name": null, "email": null, "lastUpdate": 1712898035, "enabled": true, "pwdExpirationDate": null, "pwdUpdateRequired": true}
2024-04-12T05:00:35.495 INFO:teuthology.orchestra.run.smithi113.stderr:/usr/bin/ceph:
2024-04-12T05:00:35.492+0000 7f2e1e7cc700 1 -- 172.21.15.113:0/3052250361 >> [v2:172.21.15.113:6800/1349703403,v1:172.21.15.113:6801/1349703403] conn(0x7f2e00032660 msgr2=0x7f2e00034b20 secure :-1 s=STATE_CONNECTION_ESTABLISHED l=1).mark_down
2024-04-12T05:00:35.495 INFO:teuthology.orchestra.run.smithi113.stderr:/usr/bin/ceph:
2024-04-12T05:00:35.492+0000 7f2e1e7cc700 1 --2- 172.21.15.113:0/3052250361 >> [v2:172.21.15.113:6800/1349703403,v1:172.21.15.113:6801/1349703403] conn(0x7f2e00032660 0x7f2e00034b20 secure :-1 s=READY pgs=7 cs=0 l=1 rev1=1 rx=0x7f2e0c009780 tx=0x7f2e0c006cc0).stop
2024-04-12T05:00:35.495 INFO:teuthology.orchestra.run.smithi113.stderr:/usr/bin/ceph:
