2024-04-12T05:15:43.631 INFO:teuthology.orchestra.run.smithi003.stdout:/usr/bin/ceph: stderr
2024-04-12T05:15:42.833+0000 7f3e1c7ed700 1 -- 172.21.15.3:0/1519162847 wait complete.
2024-04-12T05:15:43.632 INFO:teuthology.orchestra.run.smithi003.stdout:/usr/bin/ceph: stderr
2024-04-12T05:15:42.833+0000 7f3e1c7ed700 1 Processor -- start
2024-04-12T05:15:43.632 INFO:teuthology.orchestra.run.smithi003.stdout:/usr/bin/ceph: stderr
2024-04-12T05:15:42.833+0000 7f3e1c7ed700 1 -- start start
2024-04-12T05:15:43.632 INFO:teuthology.orchestra.run.smithi003.stdout:/usr/bin/ceph: stderr
2024-04-12T05:15:42.833+0000 7f3e1c7ed700 1 --2- >> [v2:172.21.15.3:3300/0,v1:172.21.15.3:6789/0] conn(0x7f3e141014e0 0x7f3e14076b30 unknown :-1 s=NONE pgs=0 cs=0 l=1 rev1=0 crypto rx=0 tx=0 comp rx=0 tx=0).connect
2024-04-12T05:15:43.632 INFO:teuthology.orchestra.run.smithi003.stdout:/usr/bin/ceph: stderr
2024-04-12T05:15:42.833+0000 7f3e1c7ed700 1 -- --> [v2:172.21.15.3:3300/0,v1:172.21.15.3:6789/0] -- mon_getmap magic: 0 v1 -- 0x7f3e141140e0 con 0x7f3e141014e0
2024-04-12T05:15:43.632 INFO:teuthology.orchestra.run.smithi003.stdout:/usr/bin/ceph: stderr
2024-04-12T05:15:42.833+0000 7f3e1a589700 1 --2- >> [v2:172.21.15.3:3300/0,v1:172.21.15.3:6789/0] conn(0x7f3e141014e0 0x7f3e14076b30 unknown :-1 s=BANNER_CONNECTING pgs=0 cs=0 l=1 rev1=0 crypto rx=0 tx=0 comp rx=0 tx=0)._handle_peer_banner_payload supported=3 required=0
2024-04-12T05:15:43.632 INFO:teuthology.orchestra.run.smithi003.stdout:/usr/bin/ceph: stderr
2024-04-12T05:15:42.833+0000 7f3e1a589700 1 --2- >> [v2:172.21.15.3:3300/0,v1:172.21.15.3:6789/0] conn(0x7f3e141014e0 0x7f3e14076b30 unknown :-1 s=HELLO_CONNECTING pgs=0 cs=0 l=1 rev1=1 crypto rx=0 tx=0 comp rx=0 tx=0).handle_hello peer v2:172.21.15.3:3300/0 says I am v2:172.21.15.3:58258/0 (socket says 172.21.15.3:58258)
2024-04-12T05:15:43.632 INFO:teuthology.orchestra.run.smithi003.stdout:/usr/bin/ceph: stderr
2024-04-12T05:15:42.833+0000 7f3e1a589700 1 -- 172.21.15.3:0/2067915785 learned_addr learned my addr 172.21.15.3:0/2067915785 (peer_addr_for_me v2:172.21.15.3:0/0)
2024-04-12T05:15:43.632 INFO:teuthology.orchestra.run.smithi003.stdout:/usr/bin/ceph: stderr
2024-04-12T05:15:42.834+0000 7f3e1a589700 1 -- 172.21.15.3:0/2067915785 --> [v2:172.21.15.3:3300/0,v1:172.21.15.3:6789/0] -- mon_subscribe({config=0+,monmap=0+}) v3 -- 0x7f3e100094f0 con 0x7f3e141014e0
2024-04-12T05:15:43.632 INFO:teuthology.orchestra.run.smithi003.stdout:/usr/bin/ceph: stderr
2024-04-12T05:15:42.834+0000 7f3e1a589700 1 --2- 172.21.15.3:0/2067915785 >> [v2:172.21.15.3:3300/0,v1:172.21.15.3:6789/0] conn(0x7f3e141014e0 0x7f3e14076b30 secure :-1 s=READY pgs=56 cs=0 l=1 rev1=1 crypto rx=0x7f3e10011ca0 tx=0x7f3e10009250 comp rx=0 tx=0).ready entity=mon.0 client_cookie=0 server_cookie=0 in_seq=0 out_seq=0
2024-04-12T05:15:43.632 INFO:teuthology.orchestra.run.smithi003.stdout:/usr/bin/ceph: stderr
2024-04-12T05:15:42.834+0000 7f3e0affd700 1 -- 172.21.15.3:0/2067915785 <== mon.0 v2:172.21.15.3:3300/0 1 ==== mon_map magic: 0 v1 ==== 229+0+0 (secure 0 0 0) 0x7f3e10010850 con 0x7f3e141014e0
2024-04-12T05:15:43.632 INFO:teuthology.orchestra.run.smithi003.stdout:/usr/bin/ceph: stderr
2024-04-12T05:15:42.834+0000 7f3e1c7ed700 1 -- 172.21.15.3:0/2067915785 --> [v2:172.21.15.3:3300/0,v1:172.21.15.3:6789/0] -- mon_subscribe({mgrmap=0+}) v3 -- 0x7f3e14114220 con 0x7f3e141014e0
2024-04-12T05:15:43.632 INFO:teuthology.orchestra.run.smithi003.stdout:/usr/bin/ceph: stderr
2024-04-12T05:15:42.834+0000 7f3e0affd700 1 -- 172.21.15.3:0/2067915785 <== mon.0 v2:172.21.15.3:3300/0 2 ==== config(26 keys) v1 ==== 1074+0+0 (secure 0 0 0) 0x7f3e10010e60 con 0x7f3e141014e0
2024-04-12T05:15:43.632 INFO:teuthology.orchestra.run.smithi003.stdout:/usr/bin/ceph: stderr
2024-04-12T05:15:42.834+0000 7f3e0affd700 1 -- 172.21.15.3:0/2067915785 <== mon.0 v2:172.21.15.3:3300/0 3 ==== mon_map magic: 0 v1 ==== 229+0+0 (secure 0 0 0) 0x7f3e1001ae20 con 0x7f3e141014e0
2024-04-12T05:15:43.632 INFO:teuthology.orchestra.run.smithi003.stdout:/usr/bin/ceph: stderr
2024-04-12T05:15:42.834+0000 7f3e1c7ed700 1 -- 172.21.15.3:0/2067915785 --> [v2:172.21.15.3:3300/0,v1:172.21.15.3:6789/0] -- mon_subscribe({osdmap=0}) v3 -- 0x7f3e141146b0 con 0x7f3e141014e0
2024-04-12T05:15:43.632 INFO:teuthology.orchestra.run.smithi003.stdout:/usr/bin/ceph: stderr
2024-04-12T05:15:42.835+0000 7f3e0affd700 1 -- 172.21.15.3:0/2067915785 <== mon.0 v2:172.21.15.3:3300/0 4 ==== mgrmap(e 8) v1 ==== 43368+0+0 (secure 0 0 0) 0x7f3e100109b0 con 0x7f3e141014e0
2024-04-12T05:15:43.633 INFO:teuthology.orchestra.run.smithi003.stdout:/usr/bin/ceph: stderr
2024-04-12T05:15:42.835+0000 7f3e1c7ed700 1 -- 172.21.15.3:0/2067915785 --> [v2:172.21.15.3:3300/0,v1:172.21.15.3:6789/0] -- mon_command({"prefix": "get_command_descriptions"} v 0) v1 -- 0x7f3e1404bed0 con 0x7f3e141014e0
2024-04-12T05:15:43.633 INFO:teuthology.orchestra.run.smithi003.stdout:/usr/bin/ceph: stderr
2024-04-12T05:15:42.835+0000 7f3e0affd700 1 --2- 172.21.15.3:0/2067915785 >> [v2:172.21.15.3:6800/2553301896,v1:172.21.15.3:6801/2553301896] conn(0x7f3e000367e0 0x7f3e00038c90 unknown :-1 s=NONE pgs=0 cs=0 l=1 rev1=0 crypto rx=0 tx=0 comp rx=0 tx=0).connect
2024-04-12T05:15:43.633 INFO:teuthology.orchestra.run.smithi003.stdout:/usr/bin/ceph: stderr
2024-04-12T05:15:42.835+0000 7f3e0affd700 1 -- 172.21.15.3:0/2067915785 <== mon.0 v2:172.21.15.3:3300/0 5 ==== osd_map(2..2 src has 1..2) v4 ==== 936+0+0 (secure 0 0 0) 0x7f3e1004a370 con 0x7f3e141014e0
2024-04-12T05:15:43.633 INFO:teuthology.orchestra.run.smithi003.stdout:/usr/bin/ceph: stderr
2024-04-12T05:15:42.835+0000 7f3e19d88700 1 --2- 172.21.15.3:0/2067915785 >> [v2:172.21.15.3:6800/2553301896,v1:172.21.15.3:6801/2553301896] conn(0x7f3e000367e0 0x7f3e00038c90 unknown :-1 s=BANNER_CONNECTING pgs=0 cs=0 l=1 rev1=0 crypto rx=0 tx=0 comp rx=0 tx=0)._handle_peer_banner_payload supported=3 required=0
2024-04-12T05:15:43.633 INFO:teuthology.orchestra.run.smithi003.stdout:/usr/bin/ceph: stderr
2024-04-12T05:15:42.836+0000 7f3e19d88700 1 --2- 172.21.15.3:0/2067915785 >> [v2:172.21.15.3:6800/2553301896,v1:172.21.15.3:6801/2553301896] conn(0x7f3e000367e0 0x7f3e00038c90 secure :-1 s=READY pgs=18 cs=0 l=1 rev1=1 crypto rx=0x7f3e04009990 tx=0x7f3e04006e40 comp rx=0 tx=0).ready entity=mgr.14116 client_cookie=0 server_cookie=0 in_seq=0 out_seq=0
2024-04-12T05:15:43.633 INFO:teuthology.orchestra.run.smithi003.stdout:/usr/bin/ceph: stderr
2024-04-12T05:15:42.840+0000 7f3e0affd700 1 -- 172.21.15.3:0/2067915785 <== mon.0 v2:172.21.15.3:3300/0 6 ==== mon_command_ack([{"prefix": "get_command_descriptions"}]=0 v0) v1 ==== 72+0+176504 (secure 0 0 0) 0x7f3e1001a6a0 con 0x7f3e141014e0
2024-04-12T05:15:43.633 INFO:teuthology.orchestra.run.smithi003.stdout:/usr/bin/ceph: stderr
2024-04-12T05:15:43.045+0000 7f3e1c7ed700 1 -- 172.21.15.3:0/2067915785 --> [v2:172.21.15.3:6800/2553301896,v1:172.21.15.3:6801/2553301896] -- mgr_command(tid 0: {"prefix": "orch apply", "service_type": "alertmanager", "target": ["mon-mgr", ""]}) v1 -- 0x7f3e140fde50 con 0x7f3e000367e0
2024-04-12T05:15:43.633 INFO:teuthology.orchestra.run.smithi003.stdout:/usr/bin/ceph: stderr
2024-04-12T05:15:43.049+0000 7f3e0affd700 1 -- 172.21.15.3:0/2067915785 <== mgr.14116 v2:172.21.15.3:6800/2553301896 1 ==== mgr_command_reply(tid 0: 0 ) v1 ==== 8+0+33 (secure 0 0 0) 0x7f3e140fde50 con 0x7f3e000367e0
2024-04-12T05:15:43.633 INFO:teuthology.orchestra.run.smithi003.stdout:/usr/bin/ceph: stderr
2024-04-12T05:15:43.051+0000 7f3e1c7ed700 1 -- 172.21.15.3:0/2067915785 >> [v2:172.21.15.3:6800/2553301896,v1:172.21.15.3:6801/2553301896] conn(0x7f3e000367e0 msgr2=0x7f3e00038c90 secure :-1 s=STATE_CONNECTION_ESTABLISHED l=1).mark_down
2024-04-12T05:15:43.633 INFO:teuthology.orchestra.run.smithi003.stdout:/usr/bin/ceph: stderr
2024-04-12T05:15:43.051+0000 7f3e1c7ed700 1 --2- 172.21.15.3:0/2067915785 >> [v2:172.21.15.3:6800/2553301896,v1:172.21.15.3:6801/2553301896] conn(0x7f3e000367e0 0x7f3e00038c90 secure :-1 s=READY pgs=18 cs=0 l=1 rev1=1 crypto rx=0x7f3e04009990 tx=0x7f3e04006e40 comp rx=0 tx=0).stop
2024-04-12T05:15:43.633 INFO:teuthology.orchestra.run.smithi003.stdout:/usr/bin/ceph: stderr
2024-04-12T05:15:43.051+0000 7f3e1c7ed700 1 -- 172.21.15.3:0/2067915785 >> [v2:172.21.15.3:3300/0,v1:172.21.15.3:6789/0] conn(0x7f3e141014e0 msgr2=0x7f3e14076b30 secure :-1 s=STATE_CONNECTION_ESTABLISHED l=1).mark_down
2024-04-12T05:15:43.633 INFO:teuthology.orchestra.run.smithi003.stdout:/usr/bin/ceph: stderr
2024-04-12T05:15:43.051+0000 7f3e1c7ed700 1 --2- 172.21.15.3:0/2067915785 >> [v2:172.21.15.3:3300/0,v1:172.21.15.3:6789/0] conn(0x7f3e141014e0 0x7f3e14076b30 secure :-1 s=READY pgs=56 cs=0 l=1 rev1=1 crypto rx=0x7f3e10011ca0 tx=0x7f3e10009250 comp rx=0 tx=0).stop
2024-04-12T05:15:43.633 INFO:teuthology.orchestra.run.smithi003.stdout:/usr/bin/ceph: stderr
2024-04-12T05:15:43.051+0000 7f3e1c7ed700 1 -- 172.21.15.3:0/2067915785 shutdown_connections
2024-04-12T05:15:43.633 INFO:teuthology.orchestra.run.smithi003.stdout:/usr/bin/ceph: stderr
2024-04-12T05:15:43.051+0000 7f3e1c7ed700 1 --2- 172.21.15.3:0/2067915785 >> [v2:172.21.15.3:6800/2553301896,v1:172.21.15.3:6801/2553301896] conn(0x7f3e000367e0 0x7f3e00038c90 unknown :-1 s=CLOSED pgs=18 cs=0 l=1 rev1=1 crypto rx=0 tx=0 comp rx=0 tx=0).stop
2024-04-12T05:15:43.633 INFO:teuthology.orchestra.run.smithi003.stdout:/usr/bin/ceph: stderr
2024-04-12T05:15:43.051+0000 7f3e1c7ed700 1 --2- 172.21.15.3:0/2067915785 >> [v2:172.21.15.3:3300/0,v1:172.21.15.3:6789/0] conn(0x7f3e141014e0 0x7f3e14076b30 unknown :-1 s=CLOSED pgs=56 cs=0 l=1 rev1=1 crypto rx=0 tx=0 comp rx=0 tx=0).stop
2024-04-12T05:15:43.633 INFO:teuthology.orchestra.run.smithi003.stdout:/usr/bin/ceph: stderr
2024-04-12T05:15:43.051+0000 7f3e1c7ed700 1 -- 172.21.15.3:0/2067915785 >> 172.21.15.3:0/2067915785 conn(0x7f3e140fcc60 msgr2=0x7f3e140fd740 unknown :-1 s=STATE_NONE l=0).mark_down
2024-04-12T05:15:43.634 INFO:teuthology.orchestra.run.smithi003.stdout:/usr/bin/ceph: stderr
2024-04-12T05:15:43.052+0000 7f3e1c7ed700 1 -- 172.21.15.3:0/2067915785 shutdown_connections
2024-04-12T05:15:43.634 INFO:teuthology.orchestra.run.smithi003.stdout:/usr/bin/ceph: stderr
2024-04-12T05:15:43.052+0000 7f3e1c7ed700 1 -- 172.21.15.3:0/2067915785 wait complete.
2024-04-12T05:15:44.223 INFO:journalctl@ceph.mon.smithi003.smithi003.stdout:Apr 12 05:15:44 smithi003 ceph-mon[39702]: from='client.14150 -' entity='client.admin' cmd=[{"prefix": "orch apply", "service_type": "alertmanager", "target": ["mon-mgr", ""]}]: dispatch
2024-04-12T05:15:44.223 INFO:journalctl@ceph.mon.smithi003.smithi003.stdout:Apr 12 05:15:44 smithi003 ceph-mon[39702]: Saving service alertmanager spec with placement count:1
2024-04-12T05:15:44.223 INFO:journalctl@ceph.mon.smithi003.smithi003.stdout:Apr 12 05:15:44 smithi003 ceph-mon[39702]: from='mgr.14116 172.21.15.3:0/2947914121' entity='mgr.smithi003.awveeh'
2024-04-12T05:15:45.182 INFO:teuthology.orchestra.run.smithi003.stdout:/usr/bin/ceph: stderr
2024-04-12T05:15:44.198+0000 7fd9274d2700 1 Processor -- start
2024-04-12T05:15:45.183 INFO:teuthology.orchestra.run.smithi003.stdout:/usr/bin/ceph: stderr
2024-04-12T05:15:44.198+0000 7fd9274d2700 1 -- start start
2024-04-12T05:15:45.183 INFO:teuthology.orchestra.run.smithi003.stdout:/usr/bin/ceph: stderr
2024-04-12T05:15:44.198+0000 7fd9274d2700 1 --2- >> [v2:172.21.15.3:3300/0,v1:172.21.15.3:6789/0] conn(0x7fd920076c40 0x7fd9201051f0 unknown :-1 s=NONE pgs=0 cs=0 l=0 rev1=0 crypto rx=0 tx=0 comp rx=0 tx=0).connect
2024-04-12T05:15:45.183 INFO:teuthology.orchestra.run.smithi003.stdout:/usr/bin/ceph: stderr
2024-04-12T05:15:44.198+0000 7fd9274d2700 1 -- --> [v2:172.21.15.3:3300/0,v1:172.21.15.3:6789/0] -- mon_getmap magic: 0 v1 -- 0x7fd920105730 con 0x7fd920076c40
2024-04-12T05:15:45.183 INFO:teuthology.orchestra.run.smithi003.stdout:/usr/bin/ceph: stderr
2024-04-12T05:15:44.199+0000 7fd92526e700 1 --2- >> [v2:172.21.15.3:3300/0,v1:172.21.15.3:6789/0] conn(0x7fd920076c40 0x7fd9201051f0 unknown :-1 s=BANNER_CONNECTING pgs=0 cs=0 l=0 rev1=0 crypto rx=0 tx=0 comp rx=0 tx=0)._handle_peer_banner_payload supported=3 required=0
2024-04-12T05:15:45.183 INFO:teuthology.orchestra.run.smithi003.stdout:/usr/bin/ceph: stderr
2024-04-12T05:15:44.199+0000 7fd92526e700 1 --2- >> [v2:172.21.15.3:3300/0,v1:172.21.15.3:6789/0] conn(0x7fd920076c40 0x7fd9201051f0 unknown :-1 s=HELLO_CONNECTING pgs=0 cs=0 l=0 rev1=1 crypto rx=0 tx=0 comp rx=0 tx=0).handle_hello peer v2:172.21.15.3:3300/0 says I am v2:172.21.15.3:58264/0 (socket says 172.21.15.3:58264)
2024-04-12T05:15:45.183 INFO:teuthology.orchestra.run.smithi003.stdout:/usr/bin/ceph: stderr
2024-04-12T05:15:44.199+0000 7fd92526e700 1 -- 172.21.15.3:0/4278502938 learned_addr learned my addr 172.21.15.3:0/4278502938 (peer_addr_for_me v2:172.21.15.3:0/0)
2024-04-12T05:15:45.183 INFO:teuthology.orchestra.run.smithi003.stdout:/usr/bin/ceph: stderr
2024-04-12T05:15:44.199+0000 7fd92526e700 1 -- 172.21.15.3:0/4278502938 --> [v2:172.21.15.3:3300/0,v1:172.21.15.3:6789/0] -- mon_subscribe({config=0+,monmap=0+}) v3 -- 0x7fd920105870 con 0x7fd920076c40
2024-04-12T05:15:45.183 INFO:teuthology.orchestra.run.smithi003.stdout:/usr/bin/ceph: stderr
2024-04-12T05:15:44.199+0000 7fd92526e700 1 --2- 172.21.15.3:0/4278502938 >> [v2:172.21.15.3:3300/0,v1:172.21.15.3:6789/0] conn(0x7fd920076c40 0x7fd9201051f0 secure :-1 s=READY pgs=57 cs=0 l=1 rev1=1 crypto rx=0x7fd9100098e0 tx=0x7fd910009250 comp rx=0 tx=0).ready entity=mon.0 client_cookie=7032ea64fcab2b87 server_cookie=0 in_seq=0 out_seq=0
2024-04-12T05:15:45.183 INFO:teuthology.orchestra.run.smithi003.stdout:/usr/bin/ceph: stderr
2024-04-12T05:15:44.199+0000 7fd917fff700 1 -- 172.21.15.3:0/4278502938 <== mon.0 v2:172.21.15.3:3300/0 1 ==== mon_map magic: 0 v1 ==== 229+0+0 (secure 0 0 0) 0x7fd91000b860 con 0x7fd920076c40
2024-04-12T05:15:45.183 INFO:teuthology.orchestra.run.smithi003.stdout:/usr/bin/ceph: stderr
2024-04-12T05:15:44.199+0000 7fd917fff700 1 -- 172.21.15.3:0/4278502938 <== mon.0 v2:172.21.15.3:3300/0 2 ==== config(26 keys) v1 ==== 1074+0+0 (secure 0 0 0) 0x7fd91000be70 con 0x7fd920076c40
2024-04-12T05:15:45.183 INFO:teuthology.orchestra.run.smithi003.stdout:/usr/bin/ceph: stderr
2024-04-12T05:15:44.199+0000 7fd917fff700 1 -- 172.21.15.3:0/4278502938 <== mon.0 v2:172.21.15.3:3300/0 3 ==== mon_map magic: 0 v1 ==== 229+0+0 (secure 0 0 0) 0x7fd910010380 con 0x7fd920076c40
2024-04-12T05:15:45.183 INFO:teuthology.orchestra.run.smithi003.stdout:/usr/bin/ceph: stderr
2024-04-12T05:15:44.200+0000 7fd9274d2700 1 -- 172.21.15.3:0/4278502938 >> [v2:172.21.15.3:3300/0,v1:172.21.15.3:6789/0] conn(0x7fd920076c40 msgr2=0x7fd9201051f0 secure :-1 s=STATE_CONNECTION_ESTABLISHED l=1).mark_down
2024-04-12T05:15:45.183 INFO:teuthology.orchestra.run.smithi003.stdout:/usr/bin/ceph: stderr
2024-04-12T05:15:44.200+0000 7fd9274d2700 1 --2- 172.21.15.3:0/4278502938 >> [v2:172.21.15.3:3300/0,v1:172.21.15.3:6789/0] conn(0x7fd920076c40 0x7fd9201051f0 secure :-1 s=READY pgs=57 cs=0 l=1 rev1=1 crypto rx=0x7fd9100098e0 tx=0x7fd910009250 comp rx=0 tx=0).stop
2024-04-12T05:15:45.184 INFO:teuthology.orchestra.run.smithi003.stdout:/usr/bin/ceph: stderr
2024-04-12T05:15:44.200+0000 7fd9274d2700 1 -- 172.21.15.3:0/4278502938 shutdown_connections
2024-04-12T05:15:45.184 INFO:teuthology.orchestra.run.smithi003.stdout:/usr/bin/ceph: stderr
2024-04-12T05:15:44.200+0000 7fd9274d2700 1 --2- 172.21.15.3:0/4278502938 >> [v2:172.21.15.3:3300/0,v1:172.21.15.3:6789/0] conn(0x7fd920076c40 0x7fd9201051f0 unknown :-1 s=CLOSED pgs=57 cs=0 l=1 rev1=1 crypto rx=0 tx=0 comp rx=0 tx=0).stop
2024-04-12T05:15:45.184 INFO:teuthology.orchestra.run.smithi003.stdout:/usr/bin/ceph: stderr
2024-04-12T05:15:44.200+0000 7fd9274d2700 1 -- 172.21.15.3:0/4278502938 >> 172.21.15.3:0/4278502938 conn(0x7fd9200fcc60 msgr2=0x7fd9200ff070 unknown :-1 s=STATE_NONE l=0).mark_down
2024-04-12T05:15:45.184 INFO:teuthology.orchestra.run.smithi003.stdout:/usr/bin/ceph: stderr
2024-04-12T05:15:44.200+0000 7fd9274d2700 1 -- 172.21.15.3:0/4278502938 shutdown_connections
2024-04-12T05:15:45.184 INFO:teuthology.orchestra.run.smithi003.stdout:/usr/bin/ceph: stderr
2024-04-12T05:15:44.200+0000 7fd9274d2700 1 -- 172.21.15.3:0/4278502938 wait complete.
2024-04-12T05:15:45.184 INFO:teuthology.orchestra.run.smithi003.stdout:/usr/bin/ceph: stderr
2024-04-12T05:15:44.200+0000 7fd9274d2700 1 Processor -- start
2024-04-12T05:15:45.184 INFO:teuthology.orchestra.run.smithi003.stdout:/usr/bin/ceph: stderr
2024-04-12T05:15:44.200+0000 7fd9274d2700 1 -- start start
2024-04-12T05:15:45.184 INFO:teuthology.orchestra.run.smithi003.stdout:/usr/bin/ceph: stderr
2024-04-12T05:15:44.201+0000 7fd9274d2700 1 --2- >> [v2:172.21.15.3:3300/0,v1:172.21.15.3:6789/0] conn(0x7fd920076c40 0x7fd920102b40 unknown :-1 s=NONE pgs=0 cs=0 l=1 rev1=0 crypto rx=0 tx=0 comp rx=0 tx=0).connect
2024-04-12T05:15:45.184 INFO:teuthology.orchestra.run.smithi003.stdout:/usr/bin/ceph: stderr
2024-04-12T05:15:44.201+0000 7fd9274d2700 1 -- --> [v2:172.21.15.3:3300/0,v1:172.21.15.3:6789/0] -- mon_getmap magic: 0 v1 -- 0x7fd920103080 con 0x7fd920076c40
2024-04-12T05:15:45.184 INFO:teuthology.orchestra.run.smithi003.stdout:/usr/bin/ceph: stderr
2024-04-12T05:15:44.201+0000 7fd92526e700 1 --2- >> [v2:172.21.15.3:3300/0,v1:172.21.15.3:6789/0] conn(0x7fd920076c40 0x7fd920102b40 unknown :-1 s=BANNER_CONNECTING pgs=0 cs=0 l=1 rev1=0 crypto rx=0 tx=0 comp rx=0 tx=0)._handle_peer_banner_payload supported=3 required=0
2024-04-12T05:15:45.184 INFO:teuthology.orchestra.run.smithi003.stdout:/usr/bin/ceph: stderr
2024-04-12T05:15:44.201+0000 7fd92526e700 1 --2- >> [v2:172.21.15.3:3300/0,v1:172.21.15.3:6789/0] conn(0x7fd920076c40 0x7fd920102b40 unknown :-1 s=HELLO_CONNECTING pgs=0 cs=0 l=1 rev1=1 crypto rx=0 tx=0 comp rx=0 tx=0).handle_hello peer v2:172.21.15.3:3300/0 says I am v2:172.21.15.3:58280/0 (socket says 172.21.15.3:58280)
2024-04-12T05:15:45.184 INFO:teuthology.orchestra.run.smithi003.stdout:/usr/bin/ceph: stderr
2024-04-12T05:15:44.201+0000 7fd92526e700 1 -- 172.21.15.3:0/2007991048 learned_addr learned my addr 172.21.15.3:0/2007991048 (peer_addr_for_me v2:172.21.15.3:0/0)
2024-04-12T05:15:45.184 INFO:teuthology.orchestra.run.smithi003.stdout:/usr/bin/ceph: stderr
2024-04-12T05:15:44.201+0000 7fd92526e700 1 -- 172.21.15.3:0/2007991048 --> [v2:172.21.15.3:3300/0,v1:172.21.15.3:6789/0] -- mon_subscribe({config=0+,monmap=0+}) v3 -- 0x7fd9100094f0 con 0x7fd920076c40
2024-04-12T05:15:45.184 INFO:teuthology.orchestra.run.smithi003.stdout:/usr/bin/ceph: stderr
2024-04-12T05:15:44.201+0000 7fd92526e700 1 --2- 172.21.15.3:0/2007991048 >> [v2:172.21.15.3:3300/0,v1:172.21.15.3:6789/0] conn(0x7fd920076c40 0x7fd920102b40 secure :-1 s=READY pgs=58 cs=0 l=1 rev1=1 crypto rx=0x7fd9100094c0 tx=0x7fd910009250 comp rx=0 tx=0).ready entity=mon.0 client_cookie=0 server_cookie=0 in_seq=0 out_seq=0
2024-04-12T05:15:45.185 INFO:teuthology.orchestra.run.smithi003.stdout:/usr/bin/ceph: stderr
2024-04-12T05:15:44.201+0000 7fd915ffb700 1 -- 172.21.15.3:0/2007991048 <== mon.0 v2:172.21.15.3:3300/0 1 ==== mon_map magic: 0 v1 ==== 229+0+0 (secure 0 0 0) 0x7fd910010850 con 0x7fd920076c40
2024-04-12T05:15:45.185 INFO:teuthology.orchestra.run.smithi003.stdout:/usr/bin/ceph: stderr
2024-04-12T05:15:44.201+0000 7fd915ffb700 1 -- 172.21.15.3:0/2007991048 <== mon.0 v2:172.21.15.3:3300/0 2 ==== config(26 keys) v1 ==== 1074+0+0 (secure 0 0 0) 0x7fd910010e60 con 0x7fd920076c40
2024-04-12T05:15:45.185 INFO:teuthology.orchestra.run.smithi003.stdout:/usr/bin/ceph: stderr
2024-04-12T05:15:44.201+0000 7fd9274d2700 1 -- 172.21.15.3:0/2007991048 --> [v2:172.21.15.3:3300/0,v1:172.21.15.3:6789/0] -- mon_subscribe({mgrmap=0+}) v3 -- 0x7fd920101150 con 0x7fd920076c40
2024-04-12T05:15:45.185 INFO:teuthology.orchestra.run.smithi003.stdout:/usr/bin/ceph: stderr
2024-04-12T05:15:44.201+0000 7fd915ffb700 1 -- 172.21.15.3:0/2007991048 <== mon.0 v2:172.21.15.3:3300/0 3 ==== mon_map magic: 0 v1 ==== 229+0+0 (secure 0 0 0) 0x7fd91001a430 con 0x7fd920076c40
2024-04-12T05:15:45.185 INFO:teuthology.orchestra.run.smithi003.stdout:/usr/bin/ceph: stderr
2024-04-12T05:15:44.202+0000 7fd9274d2700 1 -- 172.21.15.3:0/2007991048 --> [v2:172.21.15.3:3300/0,v1:172.21.15.3:6789/0] -- mon_subscribe({osdmap=0}) v3 -- 0x7fd920101640 con 0x7fd920076c40
2024-04-12T05:15:45.185 INFO:teuthology.orchestra.run.smithi003.stdout:/usr/bin/ceph: stderr
2024-04-12T05:15:44.202+0000 7fd915ffb700 1 -- 172.21.15.3:0/2007991048 <== mon.0 v2:172.21.15.3:3300/0 4 ==== mgrmap(e 8) v1 ==== 43368+0+0 (secure 0 0 0) 0x7fd91001a660 con 0x7fd920076c40
2024-04-12T05:15:45.185 INFO:teuthology.orchestra.run.smithi003.stdout:/usr/bin/ceph: stderr
2024-04-12T05:15:44.203+0000 7fd9274d2700 1 -- 172.21.15.3:0/2007991048 --> [v2:172.21.15.3:3300/0,v1:172.21.15.3:6789/0] -- mon_command({"prefix": "get_command_descriptions"} v 0) v1 -- 0x7fd92004bed0 con 0x7fd920076c40
2024-04-12T05:15:45.185 INFO:teuthology.orchestra.run.smithi003.stdout:/usr/bin/ceph: stderr
2024-04-12T05:15:44.203+0000 7fd915ffb700 1 --2- 172.21.15.3:0/2007991048 >> [v2:172.21.15.3:6800/2553301896,v1:172.21.15.3:6801/2553301896] conn(0x7fd90c0367e0 0x7fd90c038c90 unknown :-1 s=NONE pgs=0 cs=0 l=1 rev1=0 crypto rx=0 tx=0 comp rx=0 tx=0).connect
2024-04-12T05:15:45.185 INFO:teuthology.orchestra.run.smithi003.stdout:/usr/bin/ceph: stderr
2024-04-12T05:15:44.203+0000 7fd915ffb700 1 -- 172.21.15.3:0/2007991048 <== mon.0 v2:172.21.15.3:3300/0 5 ==== osd_map(2..2 src has 1..2) v4 ==== 936+0+0 (secure 0 0 0) 0x7fd91004a670 con 0x7fd920076c40
2024-04-12T05:15:45.185 INFO:journalctl@ceph.mon.smithi003.smithi003.stdout:Apr 12 05:15:45 smithi003 ceph-mon[39702]: pgmap v4: 0 pgs: ; 0 B data, 0 B used, 0 B / 0 B avail
2024-04-12T05:15:45.186 INFO:journalctl@ceph.mon.smithi003.smithi003.stdout:Apr 12 05:15:45 smithi003 ceph-mon[39702]: from='client.? 172.21.15.3:0/2007991048' entity='client.admin'
2024-04-12T05:15:45.187 INFO:teuthology.orchestra.run.smithi003.stdout:/usr/bin/ceph: stderr
2024-04-12T05:15:44.203+0000 7fd924a6d700 1 --2- 172.21.15.3:0/2007991048 >> [v2:172.21.15.3:6800/2553301896,v1:172.21.15.3:6801/2553301896] conn(0x7fd90c0367e0 0x7fd90c038c90 unknown :-1 s=BANNER_CONNECTING pgs=0 cs=0 l=1 rev1=0 crypto rx=0 tx=0 comp rx=0 tx=0)._handle_peer_banner_payload supported=3 required=0
2024-04-12T05:15:45.187 INFO:teuthology.orchestra.run.smithi003.stdout:/usr/bin/ceph: stderr
2024-04-12T05:15:44.203+0000 7fd924a6d700 1 --2- 172.21.15.3:0/2007991048 >> [v2:172.21.15.3:6800/2553301896,v1:172.21.15.3:6801/2553301896] conn(0x7fd90c0367e0 0x7fd90c038c90 secure :-1 s=READY pgs=19 cs=0 l=1 rev1=1 crypto rx=0x7fd91c009990 tx=0x7fd91c006e40 comp rx=0 tx=0).ready entity=mgr.14116 client_cookie=0 server_cookie=0 in_seq=0 out_seq=0
2024-04-12T05:15:45.187 INFO:teuthology.orchestra.run.smithi003.stdout:/usr/bin/ceph: stderr
2024-04-12T05:15:44.208+0000 7fd915ffb700 1 -- 172.21.15.3:0/2007991048 <== mon.0 v2:172.21.15.3:3300/0 6 ==== mon_command_ack([{"prefix": "get_command_descriptions"}]=0 v0) v1 ==== 72+0+176504 (secure 0 0 0) 0x7fd910018db0 con 0x7fd920076c40
2024-04-12T05:15:45.187 INFO:teuthology.orchestra.run.smithi003.stdout:/usr/bin/ceph: stderr
2024-04-12T05:15:44.404+0000 7fd9274d2700 1 -- 172.21.15.3:0/2007991048 --> [v2:172.21.15.3:3300/0,v1:172.21.15.3:6789/0] -- mon_command([{prefix=config set, name=mgr/cephadm/container_init}] v 0) v1 -- 0x7fd920106530 con 0x7fd920076c40
2024-04-12T05:15:45.187 INFO:teuthology.orchestra.run.smithi003.stdout:/usr/bin/ceph: stderr
2024-04-12T05:15:44.408+0000 7fd915ffb700 1 -- 172.21.15.3:0/2007991048 <== mon.0 v2:172.21.15.3:3300/0 7 ==== mon_command_ack([{prefix=config set, name=mgr/cephadm/container_init}]=0 v7)=0 v7) v1 ==== 142+0+0 (secure 0 0 0) 0x7fd910018350 con 0x7fd920076c40
2024-04-12T05:15:45.188 INFO:teuthology.orchestra.run.smithi003.stdout:/usr/bin/ceph: stderr
2024-04-12T05:15:44.410+0000 7fd9274d2700 1 -- 172.21.15.3:0/2007991048 >> [v2:172.21.15.3:6800/2553301896,v1:172.21.15.3:6801/2553301896] conn(0x7fd90c0367e0 msgr2=0x7fd90c038c90 secure :-1 s=STATE_CONNECTION_ESTABLISHED l=1).mark_down
2024-04-12T05:15:45.188 INFO:teuthology.orchestra.run.smithi003.stdout:/usr/bin/ceph: stderr
2024-04-12T05:15:44.410+0000 7fd9274d2700 1 --2- 172.21.15.3:0/2007991048 >> [v2:172.21.15.3:6800/2553301896,v1:172.21.15.3:6801/2553301896] conn(0x7fd90c0367e0 0x7fd90c038c90 secure :-1 s=READY pgs=19 cs=0 l=1 rev1=1 crypto rx=0x7fd91c009990 tx=0x7fd91c006e40 comp rx=0 tx=0).stop
2024-04-12T05:15:45.188 INFO:teuthology.orchestra.run.smithi003.stdout:/usr/bin/ceph: stderr
2024-04-12T05:15:44.410+0000 7fd9274d2700 1 -- 172.21.15.3:0/2007991048 >> [v2:172.21.15.3:3300/0,v1:172.21.15.3:6789/0] conn(0x7fd920076c40 msgr2=0x7fd920102b40 secure :-1 s=STATE_CONNECTION_ESTABLISHED l=1).mark_down
2024-04-12T05:15:45.188 INFO:teuthology.orchestra.run.smithi003.stdout:/usr/bin/ceph: stderr
2024-04-12T05:15:44.410+0000 7fd9274d2700 1 --2- 172.21.15.3:0/2007991048 >> [v2:172.21.15.3:3300/0,v1:172.21.15.3:6789/0] conn(0x7fd920076c40 0x7fd920102b40 secure :-1 s=READY pgs=58 cs=0 l=1 rev1=1 crypto rx=0x7fd9100094c0 tx=0x7fd910009250 comp rx=0 tx=0).stop
2024-04-12T05:15:45.188 INFO:teuthology.orchestra.run.smithi003.stdout:/usr/bin/ceph: stderr
2024-04-12T05:15:44.410+0000 7fd9274d2700 1 -- 172.21.15.3:0/2007991048 shutdown_connections
2024-04-12T05:15:45.188 INFO:teuthology.orchestra.run.smithi003.stdout:/usr/bin/ceph: stderr
2024-04-12T05:15:44.410+0000 7fd9274d2700 1 --2- 172.21.15.3:0/2007991048 >> [v2:172.21.15.3:6800/2553301896,v1:172.21.15.3:6801/2553301896] conn(0x7fd90c0367e0 0x7fd90c038c90 unknown :-1 s=CLOSED pgs=19 cs=0 l=1 rev1=1 crypto rx=0 tx=0 comp rx=0 tx=0).stop
2024-04-12T05:15:45.188 INFO:teuthology.orchestra.run.smithi003.stdout:/usr/bin/ceph: stderr
2024-04-12T05:15:44.410+0000 7fd9274d2700 1 --2- 172.21.15.3:0/2007991048 >> [v2:172.21.15.3:3300/0,v1:172.21.15.3:6789/0] conn(0x7fd920076c40 0x7fd920102b40 unknown :-1 s=CLOSED pgs=58 cs=0 l=1 rev1=1 crypto rx=0 tx=0 comp rx=0 tx=0).stop
2024-04-12T05:15:45.188 INFO:teuthology.orchestra.run.smithi003.stdout:/usr/bin/ceph: stderr
2024-04-12T05:15:44.410+0000 7fd9274d2700 1 -- 172.21.15.3:0/2007991048 >> 172.21.15.3:0/2007991048 conn(0x7fd9200fcc60 msgr2=0x7fd9200fd780 unknown :-1 s=STATE_NONE l=0).mark_down
2024-04-12T05:15:45.188 INFO:teuthology.orchestra.run.smithi003.stdout:/usr/bin/ceph: stderr
2024-04-12T05:15:44.410+0000 7fd9274d2700 1 -- 172.21.15.3:0/2007991048 shutdown_connections
2024-04-12T05:15:45.188 INFO:teuthology.orchestra.run.smithi003.stdout:/usr/bin/ceph: stderr
2024-04-12T05:15:44.410+0000 7fd9274d2700 1 -- 172.21.15.3:0/2007991048 wait complete.
2024-04-12T05:15:46.693 INFO:teuthology.orchestra.run.smithi003.stdout:/usr/bin/ceph: stderr
2024-04-12T05:15:45.719+0000 7fe18dbdc700 1 Processor -- start
2024-04-12T05:15:46.693 INFO:teuthology.orchestra.run.smithi003.stdout:/usr/bin/ceph: stderr
2024-04-12T05:15:45.719+0000 7fe18dbdc700 1 -- start start
2024-04-12T05:15:46.693 INFO:teuthology.orchestra.run.smithi003.stdout:/usr/bin/ceph: stderr
2024-04-12T05:15:45.719+0000 7fe18dbdc700 1 --2- >> [v2:172.21.15.3:3300/0,v1:172.21.15.3:6789/0] conn(0x7fe188076cc0 0x7fe188107530 unknown :-1 s=NONE pgs=0 cs=0 l=0 rev1=0 crypto rx=0 tx=0 comp rx=0 tx=0).connect
2024-04-12T05:15:46.693 INFO:teuthology.orchestra.run.smithi003.stdout:/usr/bin/ceph: stderr
2024-04-12T05:15:45.719+0000 7fe18dbdc700 1 -- --> [v2:172.21.15.3:3300/0,v1:172.21.15.3:6789/0] -- mon_getmap magic: 0 v1 -- 0x7fe188102f20 con 0x7fe188076cc0
2024-04-12T05:15:46.693 INFO:teuthology.orchestra.run.smithi003.stdout:/usr/bin/ceph: stderr
2024-04-12T05:15:45.719+0000 7fe1877fe700 1 --2- >> [v2:172.21.15.3:3300/0,v1:172.21.15.3:6789/0] conn(0x7fe188076cc0 0x7fe188107530 unknown :-1 s=BANNER_CONNECTING pgs=0 cs=0 l=0 rev1=0 crypto rx=0 tx=0 comp rx=0 tx=0)._handle_peer_banner_payload supported=3 required=0
2024-04-12T05:15:46.693 INFO:teuthology.orchestra.run.smithi003.stdout:/usr/bin/ceph: stderr
2024-04-12T05:15:45.719+0000 7fe1877fe700 1 --2- >> [v2:172.21.15.3:3300/0,v1:172.21.15.3:6789/0] conn(0x7fe188076cc0 0x7fe188107530 unknown :-1 s=HELLO_CONNECTING pgs=0 cs=0 l=0 rev1=1 crypto rx=0 tx=0 comp rx=0 tx=0).handle_hello peer v2:172.21.15.3:3300/0 says I am v2:172.21.15.3:58282/0 (socket says 172.21.15.3:58282)
2024-04-12T05:15:46.693 INFO:teuthology.orchestra.run.smithi003.stdout:/usr/bin/ceph: stderr
2024-04-12T05:15:45.719+0000 7fe1877fe700 1 -- 172.21.15.3:0/1140602755 learned_addr learned my addr 172.21.15.3:0/1140602755 (peer_addr_for_me v2:172.21.15.3:0/0)
2024-04-12T05:15:46.693 INFO:teuthology.orchestra.run.smithi003.stdout:/usr/bin/ceph: stderr
2024-04-12T05:15:45.720+0000 7fe1877fe700 1 -- 172.21.15.3:0/1140602755 --> [v2:172.21.15.3:3300/0,v1:172.21.15.3:6789/0] -- mon_subscribe({config=0+,monmap=0+}) v3 -- 0x7fe188107a70 con 0x7fe188076cc0
2024-04-12T05:15:46.693 INFO:teuthology.orchestra.run.smithi003.stdout:/usr/bin/ceph: stderr
2024-04-12T05:15:45.720+0000 7fe1877fe700 1 --2- 172.21.15.3:0/1140602755 >> [v2:172.21.15.3:3300/0,v1:172.21.15.3:6789/0] conn(0x7fe188076cc0 0x7fe188107530 secure :-1 s=READY pgs=59 cs=0 l=1 rev1=1 crypto rx=0x7fe1700098e0 tx=0x7fe170009250 comp rx=0 tx=0).ready entity=mon.0 client_cookie=543494c1bf53a30d server_cookie=0 in_seq=0 out_seq=0
2024-04-12T05:15:46.693 INFO:teuthology.orchestra.run.smithi003.stdout:/usr/bin/ceph: stderr
2024-04-12T05:15:45.720+0000 7fe1867fc700 1 -- 172.21.15.3:0/1140602755 <== mon.0 v2:172.21.15.3:3300/0 1 ==== mon_map magic: 0 v1 ==== 229+0+0 (secure 0 0 0) 0x7fe17000b860 con 0x7fe188076cc0
2024-04-12T05:15:46.693 INFO:teuthology.orchestra.run.smithi003.stdout:/usr/bin/ceph: stderr
2024-04-12T05:15:45.720+0000 7fe1867fc700 1 -- 172.21.15.3:0/1140602755 <== mon.0 v2:172.21.15.3:3300/0 2 ==== config(26 keys) v1 ==== 1074+0+0 (secure 0 0 0) 0x7fe17000be70 con 0x7fe188076cc0
2024-04-12T05:15:46.694 INFO:teuthology.orchestra.run.smithi003.stdout:/usr/bin/ceph: stderr
2024-04-12T05:15:45.720+0000 7fe1867fc700 1 -- 172.21.15.3:0/1140602755 <== mon.0 v2:172.21.15.3:3300/0 3 ==== mon_map magic: 0 v1 ==== 229+0+0 (secure 0 0 0) 0x7fe170010380 con 0x7fe188076cc0
2024-04-12T05:15:46.694 INFO:teuthology.orchestra.run.smithi003.stdout:/usr/bin/ceph: stderr
2024-04-12T05:15:45.721+0000 7fe18dbdc700 1 -- 172.21.15.3:0/1140602755 >> [v2:172.21.15.3:3300/0,v1:172.21.15.3:6789/0] conn(0x7fe188076cc0 msgr2=0x7fe188107530 secure :-1 s=STATE_CONNECTION_ESTABLISHED l=1).mark_down
2024-04-12T05:15:46.694 INFO:teuthology.orchestra.run.smithi003.stdout:/usr/bin/ceph: stderr
2024-04-12T05:15:45.721+0000 7fe18dbdc700 1 --2- 172.21.15.3:0/1140602755 >> [v2:172.21.15.3:3300/0,v1:172.21.15.3:6789/0] conn(0x7fe188076cc0 0x7fe188107530 secure :-1 s=READY pgs=59 cs=0 l=1 rev1=1 crypto rx=0x7fe1700098e0 tx=0x7fe170009250 comp rx=0 tx=0).stop
2024-04-12T05:15:46.694 INFO:teuthology.orchestra.run.smithi003.stdout:/usr/bin/ceph: stderr
2024-04-12T05:15:45.721+0000 7fe18dbdc700 1 -- 172.21.15.3:0/1140602755 shutdown_connections
2024-04-12T05:15:46.694 INFO:teuthology.orchestra.run.smithi003.stdout:/usr/bin/ceph: stderr
2024-04-12T05:15:45.721+0000 7fe18dbdc700 1 --2- 172.21.15.3:0/1140602755 >> [v2:172.21.15.3:3300/0,v1:172.21.15.3:6789/0] conn(0x7fe188076cc0 0x7fe188107530 unknown :-1 s=CLOSED pgs=59 cs=0 l=1 rev1=1 crypto rx=0 tx=0 comp rx=0 tx=0).stop
2024-04-12T05:15:46.694 INFO:teuthology.orchestra.run.smithi003.stdout:/usr/bin/ceph: stderr
2024-04-12T05:15:45.721+0000 7fe18dbdc700 1 -- 172.21.15.3:0/1140602755 >> 172.21.15.3:0/1140602755 conn(0x7fe1880fcb20 msgr2=0x7fe1880fef70 unknown :-1 s=STATE_NONE l=0).mark_down
2024-04-12T05:15:46.694 INFO:teuthology.orchestra.run.smithi003.stdout:/usr/bin/ceph: stderr
2024-04-12T05:15:45.721+0000 7fe18dbdc700 1 -- 172.21.15.3:0/1140602755 shutdown_connections
2024-04-12T05:15:46.694 INFO:teuthology.orchestra.run.smithi003.stdout:/usr/bin/ceph: stderr
2024-04-12T05:15:45.721+0000 7fe18dbdc700 1 -- 172.21.15.3:0/1140602755 wait complete.
2024-04-12T05:15:46.694 INFO:teuthology.orchestra.run.smithi003.stdout:/usr/bin/ceph: stderr
2024-04-12T05:15:45.721+0000 7fe18dbdc700 1 Processor -- start
2024-04-12T05:15:46.694 INFO:teuthology.orchestra.run.smithi003.stdout:/usr/bin/ceph: stderr
2024-04-12T05:15:45.722+0000 7fe18dbdc700 1 -- start start
2024-04-12T05:15:46.694 INFO:teuthology.orchestra.run.smithi003.stdout:/usr/bin/ceph: stderr
2024-04-12T05:15:45.722+0000 7fe18dbdc700 1 --2- >> [v2:172.21.15.3:3300/0,v1:172.21.15.3:6789/0] conn(0x7fe188076cc0 0x7fe188113600 unknown :-1 s=NONE pgs=0 cs=0 l=1 rev1=0 crypto rx=0 tx=0 comp rx=0 tx=0).connect
2024-04-12T05:15:46.694 INFO:teuthology.orchestra.run.smithi003.stdout:/usr/bin/ceph: stderr
2024-04-12T05:15:45.722+0000 7fe18dbdc700 1 -- --> [v2:172.21.15.3:3300/0,v1:172.21.15.3:6789/0] -- mon_getmap magic: 0 v1 -- 0x7fe188113b40 con 0x7fe188076cc0
2024-04-12T05:15:46.694 INFO:teuthology.orchestra.run.smithi003.stdout:/usr/bin/ceph: stderr
2024-04-12T05:15:45.722+0000 7fe1877fe700 1 --2- >> [v2:172.21.15.3:3300/0,v1:172.21.15.3:6789/0] conn(0x7fe188076cc0 0x7fe188113600 unknown :-1 s=BANNER_CONNECTING pgs=0 cs=0 l=1 rev1=0 crypto rx=0 tx=0 comp rx=0 tx=0)._handle_peer_banner_payload supported=3 required=0
2024-04-12T05:15:46.695 INFO:teuthology.orchestra.run.smithi003.stdout:/usr/bin/ceph: stderr
2024-04-12T05:15:45.722+0000 7fe1877fe700 1 --2- >> [v2:172.21.15.3:3300/0,v1:172.21.15.3:6789/0] conn(0x7fe188076cc0 0x7fe188113600 unknown :-1 s=HELLO_CONNECTING pgs=0 cs=0 l=1 rev1=1 crypto rx=0 tx=0 comp rx=0 tx=0).handle_hello peer v2:172.21.15.3:3300/0 says I am v2:172.21.15.3:58284/0 (socket says 172.21.15.3:58284)
2024-04-12T05:15:46.695 INFO:teuthology.orchestra.run.smithi003.stdout:/usr/bin/ceph: stderr
2024-04-12T05:15:45.722+0000 7fe1877fe700 1 -- 172.21.15.3:0/3457111604 learned_addr learned my addr 172.21.15.3:0/3457111604 (peer_addr_for_me v2:172.21.15.3:0/0)
2024-04-12T05:15:46.695 INFO:teuthology.orchestra.run.smithi003.stdout:/usr/bin/ceph: stderr
2024-04-12T05:15:45.722+0000 7fe1877fe700 1 -- 172.21.15.3:0/3457111604 --> [v2:172.21.15.3:3300/0,v1:172.21.15.3:6789/0] -- mon_subscribe({config=0+,monmap=0+}) v3 -- 0x7fe1700094f0 con 0x7fe188076cc0
2024-04-12T05:15:46.695 INFO:teuthology.orchestra.run.smithi003.stdout:/usr/bin/ceph: stderr
2024-04-12T05:15:45.723+0000 7fe1877fe700 1 --2- 172.21.15.3:0/3457111604 >> [v2:172.21.15.3:3300/0,v1:172.21.15.3:6789/0] conn(0x7fe188076cc0 0x7fe188113600 secure :-1 s=READY pgs=60 cs=0 l=1 rev1=1 crypto rx=0x7fe1700090b0 tx=0x7fe170009250 comp rx=0 tx=0).ready entity=mon.0 client_cookie=0 server_cookie=0 in_seq=0 out_seq=0
2024-04-12T05:15:46.695 INFO:teuthology.orchestra.run.smithi003.stdout:/usr/bin/ceph: stderr
2024-04-12T05:15:45.723+0000 7fe17ffff700 1 -- 172.21.15.3:0/3457111604 <== mon.0 v2:172.21.15.3:3300/0 1 ==== mon_map magic: 0 v1 ==== 229+0+0 (secure 0 0 0) 0x7fe170010800 con 0x7fe188076cc0
2024-04-12T05:15:46.695 INFO:teuthology.orchestra.run.smithi003.stdout:/usr/bin/ceph: stderr
2024-04-12T05:15:45.723+0000 7fe17ffff700 1 -- 172.21.15.3:0/3457111604 <== mon.0 v2:172.21.15.3:3300/0 2 ==== config(26 keys) v1 ==== 1074+0+0 (secure 0 0 0) 0x7fe170010e10 con 0x7fe188076cc0
2024-04-12T05:15:46.695 INFO:teuthology.orchestra.run.smithi003.stdout:/usr/bin/ceph: stderr
2024-04-12T05:15:45.723+0000 7fe18dbdc700 1 -- 172.21.15.3:0/3457111604 --> [v2:172.21.15.3:3300/0,v1:172.21.15.3:6789/0] -- mon_subscribe({mgrmap=0+}) v3 -- 0x7fe188113d40 con 0x7fe188076cc0
2024-04-12T05:15:46.695 INFO:teuthology.orchestra.run.smithi003.stdout:/usr/bin/ceph: stderr
2024-04-12T05:15:45.723+0000 7fe17ffff700 1 -- 172.21.15.3:0/3457111604 <== mon.0 v2:172.21.15.3:3300/0 3 ==== mon_map magic: 0 v1 ==== 229+0+0 (secure 0 0 0) 0x7fe17001ae90 con 0x7fe188076cc0
2024-04-12T05:15:46.695 INFO:teuthology.orchestra.run.smithi003.stdout:/usr/bin/ceph: stderr
2024-04-12T05:15:45.723+0000 7fe18dbdc700 1 -- 172.21.15.3:0/3457111604 --> [v2:172.21.15.3:3300/0,v1:172.21.15.3:6789/0] -- mon_subscribe({osdmap=0}) v3 -- 0x7fe1881148b0 con 0x7fe188076cc0
2024-04-12T05:15:46.695 INFO:teuthology.orchestra.run.smithi003.stdout:/usr/bin/ceph: stderr
2024-04-12T05:15:45.724+0000 7fe17ffff700 1 -- 172.21.15.3:0/3457111604 <== mon.0 v2:172.21.15.3:3300/0 4 ==== mgrmap(e 8) v1 ==== 43368+0+0 (secure 0 0 0) 0x7fe170024480 con 0x7fe188076cc0
2024-04-12T05:15:46.695 INFO:teuthology.orchestra.run.smithi003.stdout:/usr/bin/ceph: stderr
2024-04-12T05:15:45.724+0000 7fe18dbdc700 1 -- 172.21.15.3:0/3457111604 --> [v2:172.21.15.3:3300/0,v1:172.21.15.3:6789/0] -- mon_command({"prefix": "get_command_descriptions"} v 0) v1 -- 0x7fe18805f5f0 con 0x7fe188076cc0
2024-04-12T05:15:46.695 INFO:teuthology.orchestra.run.smithi003.stdout:/usr/bin/ceph: stderr
2024-04-12T05:15:45.724+0000 7fe17ffff700 1 --2- 172.21.15.3:0/3457111604 >> [v2:172.21.15.3:6800/2553301896,v1:172.21.15.3:6801/2553301896] conn(0x7fe1740367e0 0x7fe174038c90 unknown :-1 s=NONE pgs=0 cs=0 l=1 rev1=0 crypto rx=0 tx=0 comp rx=0 tx=0).connect
2024-04-12T05:15:46.695 INFO:teuthology.orchestra.run.smithi003.stdout:/usr/bin/ceph: stderr
2024-04-12T05:15:45.724+0000 7fe17ffff700 1 -- 172.21.15.3:0/3457111604 <== mon.0 v2:172.21.15.3:3300/0 5 ==== osd_map(2..2 src has 1..2) v4 ==== 936+0+0 (secure 0 0 0) 0x7fe17004a980 con 0x7fe188076cc0
2024-04-12T05:15:46.695 INFO:teuthology.orchestra.run.smithi003.stdout:/usr/bin/ceph: stderr
2024-04-12T05:15:45.724+0000 7fe186ffd700 1 --2- 172.21.15.3:0/3457111604 >> [v2:172.21.15.3:6800/2553301896,v1:172.21.15.3:6801/2553301896] conn(0x7fe1740367e0 0x7fe174038c90 unknown :-1 s=BANNER_CONNECTING pgs=0 cs=0 l=1 rev1=0 crypto rx=0 tx=0 comp rx=0 tx=0)._handle_peer_banner_payload supported=3 required=0
2024-04-12T05:15:46.696 INFO:teuthology.orchestra.run.smithi003.stdout:/usr/bin/ceph: stderr
2024-04-12T05:15:45.724+0000 7fe186ffd700 1 --2- 172.21.15.3:0/3457111604 >> [v2:172.21.15.3:6800/2553301896,v1:172.21.15.3:6801/2553301896] conn(0x7fe1740367e0 0x7fe174038c90 secure :-1 s=READY pgs=20 cs=0 l=1 rev1=1 crypto rx=0x7fe178009990 tx=0x7fe178006e40 comp rx=0 tx=0).ready entity=mgr.14116 client_cookie=0 server_cookie=0 in_seq=0 out_seq=0
2024-04-12T05:15:46.696 INFO:teuthology.orchestra.run.smithi003.stdout:/usr/bin/ceph: stderr
2024-04-12T05:15:45.728+0000 7fe17ffff700 1 -- 172.21.15.3:0/3457111604 <== mon.0 v2:172.21.15.3:3300/0 6 ==== mon_command_ack([{"prefix": "get_command_descriptions"}]=0 v0) v1 ==== 72+0+176504 (secure 0 0 0) 0x7fe170018940 con 0x7fe188076cc0
2024-04-12T05:15:46.696 INFO:teuthology.orchestra.run.smithi003.stdout:/usr/bin/ceph: stderr
2024-04-12T05:15:45.920+0000 7fe18dbdc700 1 -- 172.21.15.3:0/3457111604 --> [v2:172.21.15.3:3300/0,v1:172.21.15.3:6789/0] -- mon_command([{prefix=config set, name=mgr/dashboard/ssl_server_port}] v 0) v1 -- 0x7fe18804bed0 con 0x7fe188076cc0
2024-04-12T05:15:46.696 INFO:teuthology.orchestra.run.smithi003.stdout:/usr/bin/ceph: stderr
2024-04-12T05:15:45.923+0000 7fe17ffff700 1 -- 172.21.15.3:0/3457111604 <== mon.0 v2:172.21.15.3:3300/0 7 ==== mon_command_ack([{prefix=config set, name=mgr/dashboard/ssl_server_port}]=0 v8)=0 v8) v1 ==== 130+0+0 (secure 0 0 0) 0x7fe170018350 con 0x7fe188076cc0
2024-04-12T05:15:46.696 INFO:teuthology.orchestra.run.smithi003.stdout:/usr/bin/ceph: stderr
2024-04-12T05:15:45.925+0000 7fe18dbdc700 1 -- 172.21.15.3:0/3457111604 >> [v2:172.21.15.3:6800/2553301896,v1:172.21.15.3:6801/2553301896] conn(0x7fe1740367e0 msgr2=0x7fe174038c90 secure :-1 s=STATE_CONNECTION_ESTABLISHED l=1).mark_down
2024-04-12T05:15:46.696 INFO:teuthology.orchestra.run.smithi003.stdout:/usr/bin/ceph: stderr
2024-04-12T05:15:45.925+0000 7fe18dbdc700 1 --2- 172.21.15.3:0/3457111604 >> [v2:172.21.15.3:6800/2553301896,v1:172.21.15.3:6801/2553301896] conn(0x7fe1740367e0 0x7fe174038c90 secure :-1 s=READY pgs=20 cs=0 l=1 rev1=1 crypto rx=0x7fe178009990 tx=0x7fe178006e40 comp rx=0 tx=0).stop
2024-04-12T05:15:46.696 INFO:teuthology.orchestra.run.smithi003.stdout:/usr/bin/ceph: stderr
2024-04-12T05:15:45.925+0000 7fe18dbdc700 1 -- 172.21.15.3:0/3457111604 >> [v2:172.21.15.3:3300/0,v1:172.21.15.3:6789/0] conn(0x7fe188076cc0 msgr2=0x7fe188113600 secure :-1 s=STATE_CONNECTION_ESTABLISHED l=1).mark_down
2024-04-12T05:15:46.696 INFO:teuthology.orchestra.run.smithi003.stdout:/usr/bin/ceph: stderr
2024-04-12T05:15:45.925+0000 7fe18dbdc700 1 --2- 172.21.15.3:0/3457111604 >> [v2:172.21.15.3:3300/0,v1:172.21.15.3:6789/0] conn(0x7fe188076cc0 0x7fe188113600 secure :-1 s=READY pgs=60 cs=0 l=1 rev1=1 crypto rx=0x7fe1700090b0 tx=0x7fe170009250 comp rx=0 tx=0).stop
2024-04-12T05:15:46.696 INFO:teuthology.orchestra.run.smithi003.stdout:/usr/bin/ceph: stderr
2024-04-12T05:15:45.925+0000 7fe18dbdc700 1 -- 172.21.15.3:0/3457111604 shutdown_connections
2024-04-12T05:15:46.696 INFO:teuthology.orchestra.run.smithi003.stdout:/usr/bin/ceph: stderr
2024-04-12T05:15:45.925+0000 7fe18dbdc700 1 --2- 172.21.15.3:0/3457111604 >> [v2:172.21.15.3:6800/2553301896,v1:172.21.15.3:6801/2553301896] conn(0x7fe1740367e0 0x7fe174038c90 unknown :-1 s=CLOSED pgs=20 cs=0 l=1 rev1=1 crypto rx=0 tx=0 comp rx=0 tx=0).stop
2024-04-12T05:15:46.696 INFO:teuthology.orchestra.run.smithi003.stdout:/usr/bin/ceph: stderr
2024-04-12T05:15:45.925+0000 7fe18dbdc700 1 --2- 172.21.15.3:0/3457111604 >> [v2:172.21.15.3:3300/0,v1:172.21.15.3:6789/0] conn(0x7fe188076cc0 0x7fe188113600 unknown :-1 s=CLOSED pgs=60 cs=0 l=1 rev1=1 crypto rx=0 tx=0 comp rx=0 tx=0).stop
2024-04-12T05:15:46.696 INFO:teuthology.orchestra.run.smithi003.stdout:/usr/bin/ceph: stderr
2024-04-12T05:15:45.925+0000 7fe18dbdc700 1 -- 172.21.15.3:0/3457111604 >> 172.21.15.3:0/3457111604 conn(0x7fe1880fcb20 msgr2=0x7fe1880fd750 unknown :-1 s=STATE_NONE l=0).mark_down
2024-04-12T05:15:46.697 INFO:teuthology.orchestra.run.smithi003.stdout:/usr/bin/ceph: stderr
2024-04-12T05:15:45.925+0000 7fe18dbdc700 1 -- 172.21.15.3:0/3457111604 shutdown_connections
2024-04-12T05:15:46.697 INFO:teuthology.orchestra.run.smithi003.stdout:/usr/bin/ceph: stderr
2024-04-12T05:15:45.925+0000 7fe18dbdc700 1 -- 172.21.15.3:0/3457111604 wait complete.
2024-04-12T05:15:46.697 INFO:teuthology.orchestra.run.smithi003.stdout:Enabling the dashboard module...
2024-04-12T05:15:46.973 INFO:journalctl@ceph.mon.smithi003.smithi003.stdout:Apr 12 05:15:46 smithi003 ceph-mon[39702]: from='client.? 172.21.15.3:0/3457111604' entity='client.admin'
2024-04-12T05:15:46.973 INFO:journalctl@ceph.mon.smithi003.smithi003.stdout:Apr 12 05:15:46 smithi003 ceph-mon[39702]: pgmap v5: 0 pgs: ; 0 B data, 0 B used, 0 B / 0 B avail
2024-04-12T05:15:48.223 INFO:journalctl@ceph.mon.smithi003.smithi003.stdout:Apr 12 05:15:47 smithi003 ceph-mon[39702]: from='client.? 172.21.15.3:0/3010822486' entity='client.admin' cmd=[{"prefix": "mgr module enable", "module": "dashboard"}]: dispatch
2024-04-12T05:15:48.592 INFO:teuthology.orchestra.run.smithi003.stdout:/usr/bin/ceph: stderr
2024-04-12T05:15:47.184+0000 7f2cf821b700 1 Processor -- start
2024-04-12T05:15:48.597 INFO:teuthology.orchestra.run.smithi003.stdout:/usr/bin/ceph: stderr
2024-04-12T05:15:47.185+0000 7f2cf821b700 1 -- start start
2024-04-12T05:15:48.597 INFO:teuthology.orchestra.run.smithi003.stdout:/usr/bin/ceph: stderr
2024-04-12T05:15:47.185+0000 7f2cf821b700 1 --2- >> [v2:172.21.15.3:3300/0,v1:172.21.15.3:6789/0] conn(0x7f2cf0076d00 0x7f2cf01050f0 unknown :-1 s=NONE pgs=0 cs=0 l=0 rev1=0 crypto rx=0 tx=0 comp rx=0 tx=0).connect
2024-04-12T05:15:48.597 INFO:teuthology.orchestra.run.smithi003.stdout:/usr/bin/ceph: stderr
2024-04-12T05:15:47.185+0000 7f2cf821b700 1 -- --> [v2:172.21.15.3:3300/0,v1:172.21.15.3:6789/0] -- mon_getmap magic: 0 v1 -- 0x7f2cf0105630 con 0x7f2cf0076d00
2024-04-12T05:15:48.597 INFO:teuthology.orchestra.run.smithi003.stdout:/usr/bin/ceph: stderr
2024-04-12T05:15:47.185+0000 7f2cf5fb7700 1 --2- >> [v2:172.21.15.3:3300/0,v1:172.21.15.3:6789/0] conn(0x7f2cf0076d00 0x7f2cf01050f0 unknown :-1 s=BANNER_CONNECTING pgs=0 cs=0 l=0 rev1=0 crypto rx=0 tx=0 comp rx=0 tx=0)._handle_peer_banner_payload supported=3 required=0
2024-04-12T05:15:48.597 INFO:teuthology.orchestra.run.smithi003.stdout:/usr/bin/ceph: stderr
2024-04-12T05:15:47.185+0000 7f2cf5fb7700 1 --2- >> [v2:172.21.15.3:3300/0,v1:172.21.15.3:6789/0] conn(0x7f2cf0076d00 0x7f2cf01050f0 unknown :-1 s=HELLO_CONNECTING pgs=0 cs=0 l=0 rev1=1 crypto rx=0 tx=0 comp rx=0 tx=0).handle_hello peer v2:172.21.15.3:3300/0 says I am v2:172.21.15.3:58292/0 (socket says 172.21.15.3:58292)
2024-04-12T05:15:48.597 INFO:teuthology.orchestra.run.smithi003.stdout:/usr/bin/ceph: stderr
2024-04-12T05:15:47.185+0000 7f2cf5fb7700 1 -- 172.21.15.3:0/2234845202 learned_addr learned my addr 172.21.15.3:0/2234845202 (peer_addr_for_me v2:172.21.15.3:0/0)
2024-04-12T05:15:48.598 INFO:teuthology.orchestra.run.smithi003.stdout:/usr/bin/ceph: stderr
2024-04-12T05:15:47.185+0000 7f2cf5fb7700 1 -- 172.21.15.3:0/2234845202 --> [v2:172.21.15.3:3300/0,v1:172.21.15.3:6789/0] -- mon_subscribe({config=0+,monmap=0+}) v3 -- 0x7f2cf0105770 con 0x7f2cf0076d00
2024-04-12T05:15:48.598 INFO:teuthology.orchestra.run.smithi003.stdout:/usr/bin/ceph: stderr
2024-04-12T05:15:47.185+0000 7f2cf5fb7700 1 --2- 172.21.15.3:0/2234845202 >> [v2:172.21.15.3:3300/0,v1:172.21.15.3:6789/0] conn(0x7f2cf0076d00 0x7f2cf01050f0 secure :-1 s=READY pgs=61 cs=0 l=1 rev1=1 crypto rx=0x7f2cec0098e0 tx=0x7f2cec009250 comp rx=0 tx=0).ready entity=mon.0 client_cookie=da07e76e91b9e193 server_cookie=0 in_seq=0 out_seq=0
2024-04-12T05:15:48.598 INFO:teuthology.orchestra.run.smithi003.stdout:/usr/bin/ceph: stderr
2024-04-12T05:15:47.186+0000 7f2cf4fb5700 1 -- 172.21.15.3:0/2234845202 <== mon.0 v2:172.21.15.3:3300/0 1 ==== mon_map magic: 0 v1 ==== 229+0+0 (secure 0 0 0) 0x7f2cec00b860 con 0x7f2cf0076d00
2024-04-12T05:15:48.598 INFO:teuthology.orchestra.run.smithi003.stdout:/usr/bin/ceph: stderr
2024-04-12T05:15:47.186+0000 7f2cf4fb5700 1 -- 172.21.15.3:0/2234845202 <== mon.0 v2:172.21.15.3:3300/0 2 ==== config(26 keys) v1 ==== 1074+0+0 (secure 0 0 0) 0x7f2cec00be70 con 0x7f2cf0076d00
2024-04-12T05:15:48.598 INFO:teuthology.orchestra.run.smithi003.stdout:/usr/bin/ceph: stderr
2024-04-12T05:15:47.186+0000 7f2cf4fb5700 1 -- 172.21.15.3:0/2234845202 <== mon.0 v2:172.21.15.3:3300/0 3 ==== mon_map magic: 0 v1 ==== 229+0+0 (secure 0 0 0) 0x7f2cec010380 con 0x7f2cf0076d00
2024-04-12T05:15:48.598 INFO:teuthology.orchestra.run.smithi003.stdout:/usr/bin/ceph: stderr
2024-04-12T05:15:47.186+0000 7f2cf821b700 1 -- 172.21.15.3:0/2234845202 >> [v2:172.21.15.3:3300/0,v1:172.21.15.3:6789/0] conn(0x7f2cf0076d00 msgr2=0x7f2cf01050f0 secure :-1 s=STATE_CONNECTION_ESTABLISHED l=1).mark_down
2024-04-12T05:15:48.598 INFO:teuthology.orchestra.run.smithi003.stdout:/usr/bin/ceph: stderr
2024-04-12T05:15:47.186+0000 7f2cf821b700 1 --2- 172.21.15.3:0/2234845202 >> [v2:172.21.15.3:3300/0,v1:172.21.15.3:6789/0] conn(0x7f2cf0076d00 0x7f2cf01050f0 secure :-1 s=READY pgs=61 cs=0 l=1 rev1=1 crypto rx=0x7f2cec0098e0 tx=0x7f2cec009250 comp rx=0 tx=0).stop
2024-04-12T05:15:48.598 INFO:teuthology.orchestra.run.smithi003.stdout:/usr/bin/ceph: stderr
2024-04-12T05:15:47.186+0000 7f2cf821b700 1 -- 172.21.15.3:0/2234845202 shutdown_connections
2024-04-12T05:15:48.598 INFO:teuthology.orchestra.run.smithi003.stdout:/usr/bin/ceph: stderr
2024-04-12T05:15:47.186+0000 7f2cf821b700 1 --2- 172.21.15.3:0/2234845202 >> [v2:172.21.15.3:3300/0,v1:172.21.15.3:6789/0] conn(0x7f2cf0076d00 0x7f2cf01050f0 unknown :-1 s=CLOSED pgs=61 cs=0 l=1 rev1=1 crypto rx=0 tx=0 comp rx=0 tx=0).stop
2024-04-12T05:15:48.598 INFO:teuthology.orchestra.run.smithi003.stdout:/usr/bin/ceph: stderr
2024-04-12T05:15:47.186+0000 7f2cf821b700 1 -- 172.21.15.3:0/2234845202 >> 172.21.15.3:0/2234845202 conn(0x7f2cf00fcb20 msgr2=0x7f2cf00fef70 unknown :-1 s=STATE_NONE l=0).mark_down
2024-04-12T05:15:48.598 INFO:teuthology.orchestra.run.smithi003.stdout:/usr/bin/ceph: stderr
2024-04-12T05:15:47.186+0000 7f2cf821b700 1 -- 172.21.15.3:0/2234845202 shutdown_connections
2024-04-12T05:15:48.598 INFO:teuthology.orchestra.run.smithi003.stdout:/usr/bin/ceph: stderr
2024-04-12T05:15:47.186+0000 7f2cf821b700 1 -- 172.21.15.3:0/2234845202 wait complete.
2024-04-12T05:15:48.598 INFO:teuthology.orchestra.run.smithi003.stdout:/usr/bin/ceph: stderr
2024-04-12T05:15:47.187+0000 7f2cf821b700 1 Processor -- start
2024-04-12T05:15:48.599 INFO:teuthology.orchestra.run.smithi003.stdout:/usr/bin/ceph: stderr
2024-04-12T05:15:47.187+0000 7f2cf821b700 1 -- start start
2024-04-12T05:15:48.599 INFO:teuthology.orchestra.run.smithi003.stdout:/usr/bin/ceph: stderr
2024-04-12T05:15:47.187+0000 7f2cf821b700 1 --2- >> [v2:172.21.15.3:3300/0,v1:172.21.15.3:6789/0] conn(0x7f2cf0102a00 0x7f2cf0100ff0 unknown :-1 s=NONE pgs=0 cs=0 l=1 rev1=0 crypto rx=0 tx=0 comp rx=0 tx=0).connect
2024-04-12T05:15:48.599 INFO:teuthology.orchestra.run.smithi003.stdout:/usr/bin/ceph: stderr
2024-04-12T05:15:47.187+0000 7f2cf821b700 1 -- --> [v2:172.21.15.3:3300/0,v1:172.21.15.3:6789/0] -- mon_getmap magic: 0 v1 -- 0x7f2cf0102e10 con 0x7f2cf0102a00
2024-04-12T05:15:48.599 INFO:teuthology.orchestra.run.smithi003.stdout:/usr/bin/ceph: stderr
2024-04-12T05:15:47.187+0000 7f2cf5fb7700 1 --2- >> [v2:172.21.15.3:3300/0,v1:172.21.15.3:6789/0] conn(0x7f2cf0102a00 0x7f2cf0100ff0 unknown :-1 s=BANNER_CONNECTING pgs=0 cs=0 l=1 rev1=0 crypto rx=0 tx=0 comp rx=0 tx=0)._handle_peer_banner_payload supported=3 required=0
2024-04-12T05:15:48.599 INFO:teuthology.orchestra.run.smithi003.stdout:/usr/bin/ceph: stderr
2024-04-12T05:15:47.187+0000 7f2cf5fb7700 1 --2- >> [v2:172.21.15.3:3300/0,v1:172.21.15.3:6789/0] conn(0x7f2cf0102a00 0x7f2cf0100ff0 unknown :-1 s=HELLO_CONNECTING pgs=0 cs=0 l=1 rev1=1 crypto rx=0 tx=0 comp rx=0 tx=0).handle_hello peer v2:172.21.15.3:3300/0 says I am v2:172.21.15.3:58302/0 (socket says 172.21.15.3:58302)
2024-04-12T05:15:48.599 INFO:teuthology.orchestra.run.smithi003.stdout:/usr/bin/ceph: stderr
2024-04-12T05:15:47.187+0000 7f2cf5fb7700 1 -- 172.21.15.3:0/3010822486 learned_addr learned my addr 172.21.15.3:0/3010822486 (peer_addr_for_me v2:172.21.15.3:0/0)
