2024-04-12T05:15:33.294+0000 7fd9efdb8700 1 -- 172.21.15.3:0/2588198357 >> [v2:172.21.15.3:3300/0,v1:172.21.15.3:6789/0] conn(0x7fd9e81014e0 msgr2=0x7fd9e81018f0 secure :-1 s=STATE_CONNECTION_ESTABLISHED l=1).mark_down
2024-04-12T05:15:34.244 INFO:teuthology.orchestra.run.smithi003.stdout:/usr/bin/ceph: stderr
2024-04-12T05:15:33.294+0000 7fd9efdb8700 1 --2- 172.21.15.3:0/2588198357 >> [v2:172.21.15.3:3300/0,v1:172.21.15.3:6789/0] conn(0x7fd9e81014e0 0x7fd9e81018f0 secure :-1 s=READY pgs=43 cs=0 l=1 rev1=1 crypto rx=0x7fd9e4009e50 tx=0x7fd9e4009840 comp rx=0 tx=0).stop
2024-04-12T05:15:34.244 INFO:teuthology.orchestra.run.smithi003.stdout:/usr/bin/ceph: stderr
2024-04-12T05:15:33.294+0000 7fd9efdb8700 1 -- 172.21.15.3:0/2588198357 shutdown_connections
2024-04-12T05:15:34.244 INFO:teuthology.orchestra.run.smithi003.stdout:/usr/bin/ceph: stderr
2024-04-12T05:15:33.294+0000 7fd9efdb8700 1 --2- 172.21.15.3:0/2588198357 >> [v2:172.21.15.3:3300/0,v1:172.21.15.3:6789/0] conn(0x7fd9e81014e0 0x7fd9e81018f0 unknown :-1 s=CLOSED pgs=43 cs=0 l=1 rev1=1 crypto rx=0 tx=0 comp rx=0 tx=0).stop
2024-04-12T05:15:34.244 INFO:teuthology.orchestra.run.smithi003.stdout:/usr/bin/ceph: stderr
2024-04-12T05:15:33.294+0000 7fd9efdb8700 1 -- 172.21.15.3:0/2588198357 >> 172.21.15.3:0/2588198357 conn(0x7fd9e80fcc60 msgr2=0x7fd9e80ff070 unknown :-1 s=STATE_NONE l=0).mark_down
2024-04-12T05:15:34.244 INFO:teuthology.orchestra.run.smithi003.stdout:/usr/bin/ceph: stderr
2024-04-12T05:15:33.294+0000 7fd9efdb8700 1 -- 172.21.15.3:0/2588198357 shutdown_connections
2024-04-12T05:15:34.244 INFO:teuthology.orchestra.run.smithi003.stdout:/usr/bin/ceph: stderr
2024-04-12T05:15:33.294+0000 7fd9efdb8700 1 -- 172.21.15.3:0/2588198357 wait complete.
2024-04-12T05:15:34.244 INFO:teuthology.orchestra.run.smithi003.stdout:/usr/bin/ceph: stderr
2024-04-12T05:15:33.294+0000 7fd9efdb8700 1 Processor -- start
2024-04-12T05:15:34.245 INFO:teuthology.orchestra.run.smithi003.stdout:/usr/bin/ceph: stderr
2024-04-12T05:15:33.294+0000 7fd9efdb8700 1 -- start start
2024-04-12T05:15:34.245 INFO:teuthology.orchestra.run.smithi003.stdout:/usr/bin/ceph: stderr
2024-04-12T05:15:33.295+0000 7fd9efdb8700 1 --2- >> [v2:172.21.15.3:3300/0,v1:172.21.15.3:6789/0] conn(0x7fd9e81014e0 0x7fd9e81113f0 unknown :-1 s=NONE pgs=0 cs=0 l=1 rev1=0 crypto rx=0 tx=0 comp rx=0 tx=0).connect
2024-04-12T05:15:34.245 INFO:teuthology.orchestra.run.smithi003.stdout:/usr/bin/ceph: stderr
2024-04-12T05:15:33.295+0000 7fd9efdb8700 1 -- --> [v2:172.21.15.3:3300/0,v1:172.21.15.3:6789/0] -- mon_getmap magic: 0 v1 -- 0x7fd9e8111930 con 0x7fd9e81014e0
2024-04-12T05:15:34.245 INFO:teuthology.orchestra.run.smithi003.stdout:/usr/bin/ceph: stderr
2024-04-12T05:15:33.295+0000 7fd9edb54700 1 --2- >> [v2:172.21.15.3:3300/0,v1:172.21.15.3:6789/0] conn(0x7fd9e81014e0 0x7fd9e81113f0 unknown :-1 s=BANNER_CONNECTING pgs=0 cs=0 l=1 rev1=0 crypto rx=0 tx=0 comp rx=0 tx=0)._handle_peer_banner_payload supported=3 required=0
2024-04-12T05:15:34.245 INFO:teuthology.orchestra.run.smithi003.stdout:/usr/bin/ceph: stderr
2024-04-12T05:15:33.295+0000 7fd9edb54700 1 --2- >> [v2:172.21.15.3:3300/0,v1:172.21.15.3:6789/0] conn(0x7fd9e81014e0 0x7fd9e81113f0 unknown :-1 s=HELLO_CONNECTING pgs=0 cs=0 l=1 rev1=1 crypto rx=0 tx=0 comp rx=0 tx=0).handle_hello peer v2:172.21.15.3:3300/0 says I am v2:172.21.15.3:40946/0 (socket says 172.21.15.3:40946)
2024-04-12T05:15:34.245 INFO:teuthology.orchestra.run.smithi003.stdout:/usr/bin/ceph: stderr
2024-04-12T05:15:33.295+0000 7fd9edb54700 1 -- 172.21.15.3:0/2387058642 learned_addr learned my addr 172.21.15.3:0/2387058642 (peer_addr_for_me v2:172.21.15.3:0/0)
2024-04-12T05:15:34.245 INFO:teuthology.orchestra.run.smithi003.stdout:/usr/bin/ceph: stderr
2024-04-12T05:15:33.295+0000 7fd9edb54700 1 -- 172.21.15.3:0/2387058642 --> [v2:172.21.15.3:3300/0,v1:172.21.15.3:6789/0] -- mon_subscribe({config=0+,monmap=0+}) v3 -- 0x7fd9e4009ae0 con 0x7fd9e81014e0
2024-04-12T05:15:34.245 INFO:teuthology.orchestra.run.smithi003.stdout:/usr/bin/ceph: stderr
2024-04-12T05:15:33.295+0000 7fd9edb54700 1 --2- 172.21.15.3:0/2387058642 >> [v2:172.21.15.3:3300/0,v1:172.21.15.3:6789/0] conn(0x7fd9e81014e0 0x7fd9e81113f0 secure :-1 s=READY pgs=44 cs=0 l=1 rev1=1 crypto rx=0x7fd9e4009fd0 tx=0x7fd9e4009840 comp rx=0 tx=0).ready entity=mon.0 client_cookie=0 server_cookie=0 in_seq=0 out_seq=0
2024-04-12T05:15:34.245 INFO:teuthology.orchestra.run.smithi003.stdout:/usr/bin/ceph: stderr
2024-04-12T05:15:33.295+0000 7fd9de7fc700 1 -- 172.21.15.3:0/2387058642 <== mon.0 v2:172.21.15.3:3300/0 1 ==== mon_map magic: 0 v1 ==== 229+0+0 (secure 0 0 0) 0x7fd9e401c620 con 0x7fd9e81014e0
2024-04-12T05:15:34.245 INFO:teuthology.orchestra.run.smithi003.stdout:/usr/bin/ceph: stderr
2024-04-12T05:15:33.295+0000 7fd9de7fc700 1 -- 172.21.15.3:0/2387058642 <== mon.0 v2:172.21.15.3:3300/0 2 ==== config(26 keys) v1 ==== 1009+0+0 (secure 0 0 0) 0x7fd9e401cbf0 con 0x7fd9e81014e0
2024-04-12T05:15:34.245 INFO:teuthology.orchestra.run.smithi003.stdout:/usr/bin/ceph: stderr
2024-04-12T05:15:33.295+0000 7fd9de7fc700 1 -- 172.21.15.3:0/2387058642 <== mon.0 v2:172.21.15.3:3300/0 3 ==== mon_map magic: 0 v1 ==== 229+0+0 (secure 0 0 0) 0x7fd9e4007bd0 con 0x7fd9e81014e0
2024-04-12T05:15:34.245 INFO:teuthology.orchestra.run.smithi003.stdout:/usr/bin/ceph: stderr
2024-04-12T05:15:33.295+0000 7fd9efdb8700 1 -- 172.21.15.3:0/2387058642 --> [v2:172.21.15.3:3300/0,v1:172.21.15.3:6789/0] -- mon_subscribe({mgrmap=0+}) v3 -- 0x7fd9e8111b30 con 0x7fd9e81014e0
2024-04-12T05:15:34.245 INFO:teuthology.orchestra.run.smithi003.stdout:/usr/bin/ceph: stderr
2024-04-12T05:15:33.295+0000 7fd9efdb8700 1 -- 172.21.15.3:0/2387058642 --> [v2:172.21.15.3:3300/0,v1:172.21.15.3:6789/0] -- mon_subscribe({osdmap=0}) v3 -- 0x7fd9e8112650 con 0x7fd9e81014e0
2024-04-12T05:15:34.246 INFO:teuthology.orchestra.run.smithi003.stdout:/usr/bin/ceph: stderr
2024-04-12T05:15:33.296+0000 7fd9de7fc700 1 -- 172.21.15.3:0/2387058642 <== mon.0 v2:172.21.15.3:3300/0 4 ==== mgrmap(e 8) v1 ==== 43368+0+0 (secure 0 0 0) 0x7fd9e4019070 con 0x7fd9e81014e0
2024-04-12T05:15:34.246 INFO:teuthology.orchestra.run.smithi003.stdout:/usr/bin/ceph: stderr
2024-04-12T05:15:33.296+0000 7fd9efdb8700 1 -- 172.21.15.3:0/2387058642 --> [v2:172.21.15.3:3300/0,v1:172.21.15.3:6789/0] -- mon_command({"prefix": "get_command_descriptions"} v 0) v1 -- 0x7fd9e805f5f0 con 0x7fd9e81014e0
2024-04-12T05:15:34.246 INFO:teuthology.orchestra.run.smithi003.stdout:/usr/bin/ceph: stderr
2024-04-12T05:15:33.296+0000 7fd9de7fc700 1 --2- 172.21.15.3:0/2387058642 >> [v2:172.21.15.3:6800/2553301896,v1:172.21.15.3:6801/2553301896] conn(0x7fd9d40367e0 0x7fd9d4038c90 unknown :-1 s=NONE pgs=0 cs=0 l=1 rev1=0 crypto rx=0 tx=0 comp rx=0 tx=0).connect
2024-04-12T05:15:34.246 INFO:teuthology.orchestra.run.smithi003.stdout:/usr/bin/ceph: stderr
2024-04-12T05:15:33.296+0000 7fd9de7fc700 1 -- 172.21.15.3:0/2387058642 <== mon.0 v2:172.21.15.3:3300/0 5 ==== osd_map(2..2 src has 1..2) v4 ==== 936+0+0 (secure 0 0 0) 0x7fd9e4049fa0 con 0x7fd9e81014e0
2024-04-12T05:15:34.246 INFO:teuthology.orchestra.run.smithi003.stdout:/usr/bin/ceph: stderr
2024-04-12T05:15:33.296+0000 7fd9ed353700 1 --2- 172.21.15.3:0/2387058642 >> [v2:172.21.15.3:6800/2553301896,v1:172.21.15.3:6801/2553301896] conn(0x7fd9d40367e0 0x7fd9d4038c90 unknown :-1 s=BANNER_CONNECTING pgs=0 cs=0 l=1 rev1=0 crypto rx=0 tx=0 comp rx=0 tx=0)._handle_peer_banner_payload supported=3 required=0
2024-04-12T05:15:34.246 INFO:teuthology.orchestra.run.smithi003.stdout:/usr/bin/ceph: stderr
2024-04-12T05:15:33.297+0000 7fd9ed353700 1 --2- 172.21.15.3:0/2387058642 >> [v2:172.21.15.3:6800/2553301896,v1:172.21.15.3:6801/2553301896] conn(0x7fd9d40367e0 0x7fd9d4038c90 secure :-1 s=READY pgs=12 cs=0 l=1 rev1=1 crypto rx=0x7fd9d8009990 tx=0x7fd9d8006e40 comp rx=0 tx=0).ready entity=mgr.14116 client_cookie=0 server_cookie=0 in_seq=0 out_seq=0
2024-04-12T05:15:34.246 INFO:teuthology.orchestra.run.smithi003.stdout:/usr/bin/ceph: stderr
2024-04-12T05:15:33.301+0000 7fd9de7fc700 1 -- 172.21.15.3:0/2387058642 <== mon.0 v2:172.21.15.3:3300/0 6 ==== mon_command_ack([{"prefix": "get_command_descriptions"}]=0 v0) v1 ==== 72+0+176504 (secure 0 0 0) 0x7fd9e4007e40 con 0x7fd9e81014e0
2024-04-12T05:15:34.246 INFO:teuthology.orchestra.run.smithi003.stdout:/usr/bin/ceph: stderr
2024-04-12T05:15:33.513+0000 7fd9efdb8700 1 -- 172.21.15.3:0/2387058642 --> [v2:172.21.15.3:6800/2553301896,v1:172.21.15.3:6801/2553301896] -- mgr_command(tid 0: {"prefix": "orch apply", "service_type": "mon", "target": ["mon-mgr", ""]}) v1 -- 0x7fd9e8113230 con 0x7fd9d40367e0
2024-04-12T05:15:34.246 INFO:teuthology.orchestra.run.smithi003.stdout:/usr/bin/ceph: stderr
2024-04-12T05:15:33.518+0000 7fd9de7fc700 1 -- 172.21.15.3:0/2387058642 <== mgr.14116 v2:172.21.15.3:6800/2553301896 1 ==== mgr_command_reply(tid 0: 0 ) v1 ==== 8+0+24 (secure 0 0 0) 0x7fd9e8113230 con 0x7fd9d40367e0
2024-04-12T05:15:34.246 INFO:teuthology.orchestra.run.smithi003.stdout:/usr/bin/ceph: stderr
2024-04-12T05:15:33.520+0000 7fd9efdb8700 1 -- 172.21.15.3:0/2387058642 >> [v2:172.21.15.3:6800/2553301896,v1:172.21.15.3:6801/2553301896] conn(0x7fd9d40367e0 msgr2=0x7fd9d4038c90 secure :-1 s=STATE_CONNECTION_ESTABLISHED l=1).mark_down
2024-04-12T05:15:34.246 INFO:teuthology.orchestra.run.smithi003.stdout:/usr/bin/ceph: stderr
2024-04-12T05:15:33.520+0000 7fd9efdb8700 1 --2- 172.21.15.3:0/2387058642 >> [v2:172.21.15.3:6800/2553301896,v1:172.21.15.3:6801/2553301896] conn(0x7fd9d40367e0 0x7fd9d4038c90 secure :-1 s=READY pgs=12 cs=0 l=1 rev1=1 crypto rx=0x7fd9d8009990 tx=0x7fd9d8006e40 comp rx=0 tx=0).stop
2024-04-12T05:15:34.246 INFO:teuthology.orchestra.run.smithi003.stdout:/usr/bin/ceph: stderr
2024-04-12T05:15:33.520+0000 7fd9efdb8700 1 -- 172.21.15.3:0/2387058642 >> [v2:172.21.15.3:3300/0,v1:172.21.15.3:6789/0] conn(0x7fd9e81014e0 msgr2=0x7fd9e81113f0 secure :-1 s=STATE_CONNECTION_ESTABLISHED l=1).mark_down
2024-04-12T05:15:34.247 INFO:teuthology.orchestra.run.smithi003.stdout:/usr/bin/ceph: stderr
2024-04-12T05:15:33.520+0000 7fd9efdb8700 1 --2- 172.21.15.3:0/2387058642 >> [v2:172.21.15.3:3300/0,v1:172.21.15.3:6789/0] conn(0x7fd9e81014e0 0x7fd9e81113f0 secure :-1 s=READY pgs=44 cs=0 l=1 rev1=1 crypto rx=0x7fd9e4009fd0 tx=0x7fd9e4009840 comp rx=0 tx=0).stop
2024-04-12T05:15:34.247 INFO:teuthology.orchestra.run.smithi003.stdout:/usr/bin/ceph: stderr
2024-04-12T05:15:33.520+0000 7fd9efdb8700 1 -- 172.21.15.3:0/2387058642 shutdown_connections
2024-04-12T05:15:34.247 INFO:teuthology.orchestra.run.smithi003.stdout:/usr/bin/ceph: stderr
2024-04-12T05:15:33.520+0000 7fd9efdb8700 1 --2- 172.21.15.3:0/2387058642 >> [v2:172.21.15.3:6800/2553301896,v1:172.21.15.3:6801/2553301896] conn(0x7fd9d40367e0 0x7fd9d4038c90 unknown :-1 s=CLOSED pgs=12 cs=0 l=1 rev1=1 crypto rx=0 tx=0 comp rx=0 tx=0).stop
2024-04-12T05:15:34.247 INFO:teuthology.orchestra.run.smithi003.stdout:/usr/bin/ceph: stderr
2024-04-12T05:15:33.520+0000 7fd9efdb8700 1 --2- 172.21.15.3:0/2387058642 >> [v2:172.21.15.3:3300/0,v1:172.21.15.3:6789/0] conn(0x7fd9e81014e0 0x7fd9e81113f0 unknown :-1 s=CLOSED pgs=44 cs=0 l=1 rev1=1 crypto rx=0 tx=0 comp rx=0 tx=0).stop
2024-04-12T05:15:34.247 INFO:teuthology.orchestra.run.smithi003.stdout:/usr/bin/ceph: stderr
2024-04-12T05:15:33.520+0000 7fd9efdb8700 1 -- 172.21.15.3:0/2387058642 >> 172.21.15.3:0/2387058642 conn(0x7fd9e80fcc60 msgr2=0x7fd9e80fdb10 unknown :-1 s=STATE_NONE l=0).mark_down
2024-04-12T05:15:34.247 INFO:teuthology.orchestra.run.smithi003.stdout:/usr/bin/ceph: stderr
2024-04-12T05:15:33.520+0000 7fd9efdb8700 1 -- 172.21.15.3:0/2387058642 shutdown_connections
2024-04-12T05:15:34.247 INFO:teuthology.orchestra.run.smithi003.stdout:/usr/bin/ceph: stderr
2024-04-12T05:15:33.520+0000 7fd9efdb8700 1 -- 172.21.15.3:0/2387058642 wait complete.
2024-04-12T05:15:34.247 INFO:teuthology.orchestra.run.smithi003.stdout:Deploying mgr service with default placement...
2024-04-12T05:15:34.723 INFO:journalctl@ceph.mon.smithi003.smithi003.stdout:Apr 12 05:15:34 smithi003 ceph-mon[39702]: from='client.14138 -' entity='client.admin' cmd=[{"prefix": "orch apply", "service_type": "mon", "target": ["mon-mgr", ""]}]: dispatch
2024-04-12T05:15:34.723 INFO:journalctl@ceph.mon.smithi003.smithi003.stdout:Apr 12 05:15:34 smithi003 ceph-mon[39702]: Saving service mon spec with placement count:5
2024-04-12T05:15:34.723 INFO:journalctl@ceph.mon.smithi003.smithi003.stdout:Apr 12 05:15:34 smithi003 ceph-mon[39702]: from='mgr.14116 172.21.15.3:0/2947914121' entity='mgr.smithi003.awveeh'
2024-04-12T05:15:35.801 INFO:teuthology.orchestra.run.smithi003.stdout:/usr/bin/ceph: stdout Scheduled mgr update...
2024-04-12T05:15:35.802 INFO:teuthology.orchestra.run.smithi003.stdout:/usr/bin/ceph: stderr
2024-04-12T05:15:35.021+0000 7f24d70ae700 1 Processor -- start
2024-04-12T05:15:35.802 INFO:teuthology.orchestra.run.smithi003.stdout:/usr/bin/ceph: stderr
2024-04-12T05:15:35.021+0000 7f24d70ae700 1 -- start start
2024-04-12T05:15:35.802 INFO:teuthology.orchestra.run.smithi003.stdout:/usr/bin/ceph: stderr
2024-04-12T05:15:35.021+0000 7f24d70ae700 1 --2- >> [v2:172.21.15.3:3300/0,v1:172.21.15.3:6789/0] conn(0x7f24d0076c60 0x7f24d01051d0 unknown :-1 s=NONE pgs=0 cs=0 l=0 rev1=0 crypto rx=0 tx=0 comp rx=0 tx=0).connect
2024-04-12T05:15:35.802 INFO:teuthology.orchestra.run.smithi003.stdout:/usr/bin/ceph: stderr
2024-04-12T05:15:35.021+0000 7f24d70ae700 1 -- --> [v2:172.21.15.3:3300/0,v1:172.21.15.3:6789/0] -- mon_getmap magic: 0 v1 -- 0x7f24d0105710 con 0x7f24d0076c60
2024-04-12T05:15:35.802 INFO:teuthology.orchestra.run.smithi003.stdout:/usr/bin/ceph: stderr
2024-04-12T05:15:35.021+0000 7f24d4e4a700 1 --2- >> [v2:172.21.15.3:3300/0,v1:172.21.15.3:6789/0] conn(0x7f24d0076c60 0x7f24d01051d0 unknown :-1 s=BANNER_CONNECTING pgs=0 cs=0 l=0 rev1=0 crypto rx=0 tx=0 comp rx=0 tx=0)._handle_peer_banner_payload supported=3 required=0
2024-04-12T05:15:35.802 INFO:teuthology.orchestra.run.smithi003.stdout:/usr/bin/ceph: stderr
2024-04-12T05:15:35.021+0000 7f24d4e4a700 1 --2- >> [v2:172.21.15.3:3300/0,v1:172.21.15.3:6789/0] conn(0x7f24d0076c60 0x7f24d01051d0 unknown :-1 s=HELLO_CONNECTING pgs=0 cs=0 l=0 rev1=1 crypto rx=0 tx=0 comp rx=0 tx=0).handle_hello peer v2:172.21.15.3:3300/0 says I am v2:172.21.15.3:40952/0 (socket says 172.21.15.3:40952)
2024-04-12T05:15:35.802 INFO:teuthology.orchestra.run.smithi003.stdout:/usr/bin/ceph: stderr
2024-04-12T05:15:35.021+0000 7f24d4e4a700 1 -- 172.21.15.3:0/2148582670 learned_addr learned my addr 172.21.15.3:0/2148582670 (peer_addr_for_me v2:172.21.15.3:0/0)
2024-04-12T05:15:35.802 INFO:teuthology.orchestra.run.smithi003.stdout:/usr/bin/ceph: stderr
2024-04-12T05:15:35.021+0000 7f24d4e4a700 1 -- 172.21.15.3:0/2148582670 --> [v2:172.21.15.3:3300/0,v1:172.21.15.3:6789/0] -- mon_subscribe({config=0+,monmap=0+}) v3 -- 0x7f24d0105850 con 0x7f24d0076c60
2024-04-12T05:15:35.802 INFO:teuthology.orchestra.run.smithi003.stdout:/usr/bin/ceph: stderr
2024-04-12T05:15:35.021+0000 7f24d4e4a700 1 --2- 172.21.15.3:0/2148582670 >> [v2:172.21.15.3:3300/0,v1:172.21.15.3:6789/0] conn(0x7f24d0076c60 0x7f24d01051d0 secure :-1 s=READY pgs=45 cs=0 l=1 rev1=1 crypto rx=0x7f24c40098e0 tx=0x7f24c4009250 comp rx=0 tx=0).ready entity=mon.0 client_cookie=87c510b4168546d7 server_cookie=0 in_seq=0 out_seq=0
2024-04-12T05:15:35.802 INFO:teuthology.orchestra.run.smithi003.stdout:/usr/bin/ceph: stderr
2024-04-12T05:15:35.022+0000 7f24cf7fe700 1 -- 172.21.15.3:0/2148582670 <== mon.0 v2:172.21.15.3:3300/0 1 ==== mon_map magic: 0 v1 ==== 229+0+0 (secure 0 0 0) 0x7f24c400b860 con 0x7f24d0076c60
2024-04-12T05:15:35.802 INFO:teuthology.orchestra.run.smithi003.stdout:/usr/bin/ceph: stderr
2024-04-12T05:15:35.022+0000 7f24cf7fe700 1 -- 172.21.15.3:0/2148582670 <== mon.0 v2:172.21.15.3:3300/0 2 ==== config(26 keys) v1 ==== 1074+0+0 (secure 0 0 0) 0x7f24c400be70 con 0x7f24d0076c60
2024-04-12T05:15:35.802 INFO:teuthology.orchestra.run.smithi003.stdout:/usr/bin/ceph: stderr
2024-04-12T05:15:35.022+0000 7f24cf7fe700 1 -- 172.21.15.3:0/2148582670 <== mon.0 v2:172.21.15.3:3300/0 3 ==== mon_map magic: 0 v1 ==== 229+0+0 (secure 0 0 0) 0x7f24c4010380 con 0x7f24d0076c60
2024-04-12T05:15:35.803 INFO:teuthology.orchestra.run.smithi003.stdout:/usr/bin/ceph: stderr
2024-04-12T05:15:35.022+0000 7f24d70ae700 1 -- 172.21.15.3:0/2148582670 >> [v2:172.21.15.3:3300/0,v1:172.21.15.3:6789/0] conn(0x7f24d0076c60 msgr2=0x7f24d01051d0 secure :-1 s=STATE_CONNECTION_ESTABLISHED l=1).mark_down
2024-04-12T05:15:35.803 INFO:teuthology.orchestra.run.smithi003.stdout:/usr/bin/ceph: stderr
2024-04-12T05:15:35.022+0000 7f24d70ae700 1 --2- 172.21.15.3:0/2148582670 >> [v2:172.21.15.3:3300/0,v1:172.21.15.3:6789/0] conn(0x7f24d0076c60 0x7f24d01051d0 secure :-1 s=READY pgs=45 cs=0 l=1 rev1=1 crypto rx=0x7f24c40098e0 tx=0x7f24c4009250 comp rx=0 tx=0).stop
2024-04-12T05:15:35.803 INFO:teuthology.orchestra.run.smithi003.stdout:/usr/bin/ceph: stderr
2024-04-12T05:15:35.022+0000 7f24d70ae700 1 -- 172.21.15.3:0/2148582670 shutdown_connections
2024-04-12T05:15:35.803 INFO:teuthology.orchestra.run.smithi003.stdout:/usr/bin/ceph: stderr
2024-04-12T05:15:35.022+0000 7f24d70ae700 1 --2- 172.21.15.3:0/2148582670 >> [v2:172.21.15.3:3300/0,v1:172.21.15.3:6789/0] conn(0x7f24d0076c60 0x7f24d01051d0 unknown :-1 s=CLOSED pgs=45 cs=0 l=1 rev1=1 crypto rx=0 tx=0 comp rx=0 tx=0).stop
2024-04-12T05:15:35.803 INFO:teuthology.orchestra.run.smithi003.stdout:/usr/bin/ceph: stderr
2024-04-12T05:15:35.022+0000 7f24d70ae700 1 -- 172.21.15.3:0/2148582670 >> 172.21.15.3:0/2148582670 conn(0x7f24d00fcc60 msgr2=0x7f24d00ff070 unknown :-1 s=STATE_NONE l=0).mark_down
2024-04-12T05:15:35.803 INFO:teuthology.orchestra.run.smithi003.stdout:/usr/bin/ceph: stderr
2024-04-12T05:15:35.022+0000 7f24d70ae700 1 -- 172.21.15.3:0/2148582670 shutdown_connections
2024-04-12T05:15:35.803 INFO:teuthology.orchestra.run.smithi003.stdout:/usr/bin/ceph: stderr
2024-04-12T05:15:35.022+0000 7f24d70ae700 1 -- 172.21.15.3:0/2148582670 wait complete.
2024-04-12T05:15:35.803 INFO:teuthology.orchestra.run.smithi003.stdout:/usr/bin/ceph: stderr
2024-04-12T05:15:35.023+0000 7f24d70ae700 1 Processor -- start
2024-04-12T05:15:35.803 INFO:teuthology.orchestra.run.smithi003.stdout:/usr/bin/ceph: stderr
2024-04-12T05:15:35.023+0000 7f24d70ae700 1 -- start start
2024-04-12T05:15:35.803 INFO:teuthology.orchestra.run.smithi003.stdout:/usr/bin/ceph: stderr
2024-04-12T05:15:35.023+0000 7f24d70ae700 1 --2- >> [v2:172.21.15.3:3300/0,v1:172.21.15.3:6789/0] conn(0x7f24d0076c60 0x7f24d01113b0 unknown :-1 s=NONE pgs=0 cs=0 l=1 rev1=0 crypto rx=0 tx=0 comp rx=0 tx=0).connect
2024-04-12T05:15:35.803 INFO:teuthology.orchestra.run.smithi003.stdout:/usr/bin/ceph: stderr
2024-04-12T05:15:35.023+0000 7f24d70ae700 1 -- --> [v2:172.21.15.3:3300/0,v1:172.21.15.3:6789/0] -- mon_getmap magic: 0 v1 -- 0x7f24d01118f0 con 0x7f24d0076c60
2024-04-12T05:15:35.803 INFO:teuthology.orchestra.run.smithi003.stdout:/usr/bin/ceph: stderr
2024-04-12T05:15:35.023+0000 7f24d4e4a700 1 --2- >> [v2:172.21.15.3:3300/0,v1:172.21.15.3:6789/0] conn(0x7f24d0076c60 0x7f24d01113b0 unknown :-1 s=BANNER_CONNECTING pgs=0 cs=0 l=1 rev1=0 crypto rx=0 tx=0 comp rx=0 tx=0)._handle_peer_banner_payload supported=3 required=0
2024-04-12T05:15:35.803 INFO:teuthology.orchestra.run.smithi003.stdout:/usr/bin/ceph: stderr
2024-04-12T05:15:35.023+0000 7f24d4e4a700 1 --2- >> [v2:172.21.15.3:3300/0,v1:172.21.15.3:6789/0] conn(0x7f24d0076c60 0x7f24d01113b0 unknown :-1 s=HELLO_CONNECTING pgs=0 cs=0 l=1 rev1=1 crypto rx=0 tx=0 comp rx=0 tx=0).handle_hello peer v2:172.21.15.3:3300/0 says I am v2:172.21.15.3:40958/0 (socket says 172.21.15.3:40958)
2024-04-12T05:15:35.803 INFO:teuthology.orchestra.run.smithi003.stdout:/usr/bin/ceph: stderr
2024-04-12T05:15:35.023+0000 7f24d4e4a700 1 -- 172.21.15.3:0/2778704086 learned_addr learned my addr 172.21.15.3:0/2778704086 (peer_addr_for_me v2:172.21.15.3:0/0)
2024-04-12T05:15:35.804 INFO:teuthology.orchestra.run.smithi003.stdout:/usr/bin/ceph: stderr
2024-04-12T05:15:35.024+0000 7f24d4e4a700 1 -- 172.21.15.3:0/2778704086 --> [v2:172.21.15.3:3300/0,v1:172.21.15.3:6789/0] -- mon_subscribe({config=0+,monmap=0+}) v3 -- 0x7f24c40094f0 con 0x7f24d0076c60
2024-04-12T05:15:35.804 INFO:teuthology.orchestra.run.smithi003.stdout:/usr/bin/ceph: stderr
2024-04-12T05:15:35.024+0000 7f24d4e4a700 1 --2- 172.21.15.3:0/2778704086 >> [v2:172.21.15.3:3300/0,v1:172.21.15.3:6789/0] conn(0x7f24d0076c60 0x7f24d01113b0 secure :-1 s=READY pgs=46 cs=0 l=1 rev1=1 crypto rx=0x7f24c4006d40 tx=0x7f24c4009250 comp rx=0 tx=0).ready entity=mon.0 client_cookie=0 server_cookie=0 in_seq=0 out_seq=0
2024-04-12T05:15:35.804 INFO:teuthology.orchestra.run.smithi003.stdout:/usr/bin/ceph: stderr
2024-04-12T05:15:35.024+0000 7f24cd7fa700 1 -- 172.21.15.3:0/2778704086 <== mon.0 v2:172.21.15.3:3300/0 1 ==== mon_map magic: 0 v1 ==== 229+0+0 (secure 0 0 0) 0x7f24c4010960 con 0x7f24d0076c60
2024-04-12T05:15:35.804 INFO:teuthology.orchestra.run.smithi003.stdout:/usr/bin/ceph: stderr
2024-04-12T05:15:35.024+0000 7f24cd7fa700 1 -- 172.21.15.3:0/2778704086 <== mon.0 v2:172.21.15.3:3300/0 2 ==== config(26 keys) v1 ==== 1074+0+0 (secure 0 0 0) 0x7f24c401a430 con 0x7f24d0076c60
2024-04-12T05:15:35.804 INFO:teuthology.orchestra.run.smithi003.stdout:/usr/bin/ceph: stderr
2024-04-12T05:15:35.024+0000 7f24d70ae700 1 -- 172.21.15.3:0/2778704086 --> [v2:172.21.15.3:3300/0,v1:172.21.15.3:6789/0] -- mon_subscribe({mgrmap=0+}) v3 -- 0x7f24d0111af0 con 0x7f24d0076c60
2024-04-12T05:15:35.804 INFO:teuthology.orchestra.run.smithi003.stdout:/usr/bin/ceph: stderr
2024-04-12T05:15:35.024+0000 7f24cd7fa700 1 -- 172.21.15.3:0/2778704086 <== mon.0 v2:172.21.15.3:3300/0 3 ==== mon_map magic: 0 v1 ==== 229+0+0 (secure 0 0 0) 0x7f24c40245b0 con 0x7f24d0076c60
2024-04-12T05:15:35.804 INFO:teuthology.orchestra.run.smithi003.stdout:/usr/bin/ceph: stderr
2024-04-12T05:15:35.024+0000 7f24d70ae700 1 -- 172.21.15.3:0/2778704086 --> [v2:172.21.15.3:3300/0,v1:172.21.15.3:6789/0] -- mon_subscribe({osdmap=0}) v3 -- 0x7f24d0112660 con 0x7f24d0076c60
2024-04-12T05:15:35.805 INFO:teuthology.orchestra.run.smithi003.stdout:/usr/bin/ceph: stderr
2024-04-12T05:15:35.025+0000 7f24d70ae700 1 -- 172.21.15.3:0/2778704086 --> [v2:172.21.15.3:3300/0,v1:172.21.15.3:6789/0] -- mon_command({"prefix": "get_command_descriptions"} v 0) v1 -- 0x7f24d005f5f0 con 0x7f24d0076c60
2024-04-12T05:15:35.805 INFO:teuthology.orchestra.run.smithi003.stdout:/usr/bin/ceph: stderr
2024-04-12T05:15:35.025+0000 7f24cd7fa700 1 -- 172.21.15.3:0/2778704086 <== mon.0 v2:172.21.15.3:3300/0 4 ==== mgrmap(e 8) v1 ==== 43368+0+0 (secure 0 0 0) 0x7f24c401a9f0 con 0x7f24d0076c60
2024-04-12T05:15:35.805 INFO:teuthology.orchestra.run.smithi003.stdout:/usr/bin/ceph: stderr
2024-04-12T05:15:35.026+0000 7f24cd7fa700 1 --2- 172.21.15.3:0/2778704086 >> [v2:172.21.15.3:6800/2553301896,v1:172.21.15.3:6801/2553301896] conn(0x7f24c00367e0 0x7f24c0038c90 unknown :-1 s=NONE pgs=0 cs=0 l=1 rev1=0 crypto rx=0 tx=0 comp rx=0 tx=0).connect
2024-04-12T05:15:35.805 INFO:teuthology.orchestra.run.smithi003.stdout:/usr/bin/ceph: stderr
2024-04-12T05:15:35.026+0000 7f24cd7fa700 1 -- 172.21.15.3:0/2778704086 <== mon.0 v2:172.21.15.3:3300/0 5 ==== osd_map(2..2 src has 1..2) v4 ==== 936+0+0 (secure 0 0 0) 0x7f24c404a320 con 0x7f24d0076c60
2024-04-12T05:15:35.805 INFO:teuthology.orchestra.run.smithi003.stdout:/usr/bin/ceph: stderr
2024-04-12T05:15:35.026+0000 7f24cffff700 1 --2- 172.21.15.3:0/2778704086 >> [v2:172.21.15.3:6800/2553301896,v1:172.21.15.3:6801/2553301896] conn(0x7f24c00367e0 0x7f24c0038c90 unknown :-1 s=BANNER_CONNECTING pgs=0 cs=0 l=1 rev1=0 crypto rx=0 tx=0 comp rx=0 tx=0)._handle_peer_banner_payload supported=3 required=0
2024-04-12T05:15:35.805 INFO:teuthology.orchestra.run.smithi003.stdout:/usr/bin/ceph: stderr
2024-04-12T05:15:35.026+0000 7f24cffff700 1 --2- 172.21.15.3:0/2778704086 >> [v2:172.21.15.3:6800/2553301896,v1:172.21.15.3:6801/2553301896] conn(0x7f24c00367e0 0x7f24c0038c90 secure :-1 s=READY pgs=13 cs=0 l=1 rev1=1 crypto rx=0x7f24bc009990 tx=0x7f24bc006e40 comp rx=0 tx=0).ready entity=mgr.14116 client_cookie=0 server_cookie=0 in_seq=0 out_seq=0
2024-04-12T05:15:35.805 INFO:teuthology.orchestra.run.smithi003.stdout:/usr/bin/ceph: stderr
2024-04-12T05:15:35.031+0000 7f24cd7fa700 1 -- 172.21.15.3:0/2778704086 <== mon.0 v2:172.21.15.3:3300/0 6 ==== mon_command_ack([{"prefix": "get_command_descriptions"}]=0 v0) v1 ==== 72+0+176504 (secure 0 0 0) 0x7f24c402bd30 con 0x7f24d0076c60
2024-04-12T05:15:35.805 INFO:teuthology.orchestra.run.smithi003.stdout:/usr/bin/ceph: stderr
2024-04-12T05:15:35.254+0000 7f24d70ae700 1 -- 172.21.15.3:0/2778704086 --> [v2:172.21.15.3:6800/2553301896,v1:172.21.15.3:6801/2553301896] -- mgr_command(tid 0: {"prefix": "orch apply", "service_type": "mgr", "target": ["mon-mgr", ""]}) v1 -- 0x7f24d00fde50 con 0x7f24c00367e0
2024-04-12T05:15:35.806 INFO:teuthology.orchestra.run.smithi003.stdout:/usr/bin/ceph: stderr
2024-04-12T05:15:35.261+0000 7f24cd7fa700 1 -- 172.21.15.3:0/2778704086 <== mgr.14116 v2:172.21.15.3:6800/2553301896 1 ==== mgr_command_reply(tid 0: 0 ) v1 ==== 8+0+24 (secure 0 0 0) 0x7f24d00fde50 con 0x7f24c00367e0
2024-04-12T05:15:35.806 INFO:teuthology.orchestra.run.smithi003.stdout:/usr/bin/ceph: stderr
2024-04-12T05:15:35.263+0000 7f24d70ae700 1 -- 172.21.15.3:0/2778704086 >> [v2:172.21.15.3:6800/2553301896,v1:172.21.15.3:6801/2553301896] conn(0x7f24c00367e0 msgr2=0x7f24c0038c90 secure :-1 s=STATE_CONNECTION_ESTABLISHED l=1).mark_down
2024-04-12T05:15:35.806 INFO:teuthology.orchestra.run.smithi003.stdout:/usr/bin/ceph: stderr
2024-04-12T05:15:35.263+0000 7f24d70ae700 1 --2- 172.21.15.3:0/2778704086 >> [v2:172.21.15.3:6800/2553301896,v1:172.21.15.3:6801/2553301896] conn(0x7f24c00367e0 0x7f24c0038c90 secure :-1 s=READY pgs=13 cs=0 l=1 rev1=1 crypto rx=0x7f24bc009990 tx=0x7f24bc006e40 comp rx=0 tx=0).stop
2024-04-12T05:15:35.806 INFO:teuthology.orchestra.run.smithi003.stdout:/usr/bin/ceph: stderr
2024-04-12T05:15:35.263+0000 7f24d70ae700 1 -- 172.21.15.3:0/2778704086 >> [v2:172.21.15.3:3300/0,v1:172.21.15.3:6789/0] conn(0x7f24d0076c60 msgr2=0x7f24d01113b0 secure :-1 s=STATE_CONNECTION_ESTABLISHED l=1).mark_down
2024-04-12T05:15:35.806 INFO:teuthology.orchestra.run.smithi003.stdout:/usr/bin/ceph: stderr
2024-04-12T05:15:35.263+0000 7f24d70ae700 1 --2- 172.21.15.3:0/2778704086 >> [v2:172.21.15.3:3300/0,v1:172.21.15.3:6789/0] conn(0x7f24d0076c60 0x7f24d01113b0 secure :-1 s=READY pgs=46 cs=0 l=1 rev1=1 crypto rx=0x7f24c4006d40 tx=0x7f24c4009250 comp rx=0 tx=0).stop
2024-04-12T05:15:35.806 INFO:teuthology.orchestra.run.smithi003.stdout:/usr/bin/ceph: stderr
2024-04-12T05:15:35.263+0000 7f24d70ae700 1 -- 172.21.15.3:0/2778704086 shutdown_connections
2024-04-12T05:15:35.806 INFO:teuthology.orchestra.run.smithi003.stdout:/usr/bin/ceph: stderr
2024-04-12T05:15:35.263+0000 7f24d70ae700 1 --2- 172.21.15.3:0/2778704086 >> [v2:172.21.15.3:6800/2553301896,v1:172.21.15.3:6801/2553301896] conn(0x7f24c00367e0 0x7f24c0038c90 unknown :-1 s=CLOSED pgs=13 cs=0 l=1 rev1=1 crypto rx=0 tx=0 comp rx=0 tx=0).stop
2024-04-12T05:15:35.806 INFO:teuthology.orchestra.run.smithi003.stdout:/usr/bin/ceph: stderr
2024-04-12T05:15:35.263+0000 7f24d70ae700 1 --2- 172.21.15.3:0/2778704086 >> [v2:172.21.15.3:3300/0,v1:172.21.15.3:6789/0] conn(0x7f24d0076c60 0x7f24d01113b0 unknown :-1 s=CLOSED pgs=46 cs=0 l=1 rev1=1 crypto rx=0 tx=0 comp rx=0 tx=0).stop
2024-04-12T05:15:35.806 INFO:teuthology.orchestra.run.smithi003.stdout:/usr/bin/ceph: stderr
2024-04-12T05:15:35.263+0000 7f24d70ae700 1 -- 172.21.15.3:0/2778704086 >> 172.21.15.3:0/2778704086 conn(0x7f24d00fcc60 msgr2=0x7f24d00fd740 unknown :-1 s=STATE_NONE l=0).mark_down
2024-04-12T05:15:35.806 INFO:teuthology.orchestra.run.smithi003.stdout:/usr/bin/ceph: stderr
2024-04-12T05:15:35.263+0000 7f24d70ae700 1 -- 172.21.15.3:0/2778704086 shutdown_connections
2024-04-12T05:15:35.806 INFO:teuthology.orchestra.run.smithi003.stdout:/usr/bin/ceph: stderr
2024-04-12T05:15:35.263+0000 7f24d70ae700 1 -- 172.21.15.3:0/2778704086 wait complete.
2024-04-12T05:15:35.806 INFO:teuthology.orchestra.run.smithi003.stdout:Deploying crash service with default placement...
2024-04-12T05:15:36.223 INFO:journalctl@ceph.mon.smithi003.smithi003.stdout:Apr 12 05:15:35 smithi003 ceph-mon[39702]: from='mgr.14116 172.21.15.3:0/2947914121' entity='mgr.smithi003.awveeh'
2024-04-12T05:15:36.223 INFO:journalctl@ceph.mon.smithi003.smithi003.stdout:Apr 12 05:15:35 smithi003 ceph-mon[39702]: from='mgr.14116 172.21.15.3:0/2947914121' entity='mgr.smithi003.awveeh'
2024-04-12T05:15:36.223 INFO:journalctl@ceph.mon.smithi003.smithi003.stdout:Apr 12 05:15:35 smithi003 ceph-mon[39702]: from='mgr.14116 172.21.15.3:0/2947914121' entity='mgr.smithi003.awveeh'
2024-04-12T05:15:37.223 INFO:journalctl@ceph.mon.smithi003.smithi003.stdout:Apr 12 05:15:36 smithi003 ceph-mon[39702]: from='client.14140 -' entity='client.admin' cmd=[{"prefix": "orch apply", "service_type": "mgr", "target": ["mon-mgr", ""]}]: dispatch
2024-04-12T05:15:37.224 INFO:journalctl@ceph.mon.smithi003.smithi003.stdout:Apr 12 05:15:36 smithi003 ceph-mon[39702]: Saving service mgr spec with placement count:2
2024-04-12T05:15:37.224 INFO:journalctl@ceph.mon.smithi003.smithi003.stdout:Apr 12 05:15:36 smithi003 ceph-mon[39702]: from='mgr.14116 172.21.15.3:0/2947914121' entity='mgr.smithi003.awveeh'
2024-04-12T05:15:37.344 INFO:teuthology.orchestra.run.smithi003.stdout:/usr/bin/ceph: stdout Scheduled crash update...
2024-04-12T05:15:37.344 INFO:teuthology.orchestra.run.smithi003.stdout:/usr/bin/ceph: stderr
2024-04-12T05:15:36.323+0000 7f643e4f9700 1 Processor -- start
2024-04-12T05:15:37.344 INFO:teuthology.orchestra.run.smithi003.stdout:/usr/bin/ceph: stderr
2024-04-12T05:15:36.323+0000 7f643e4f9700 1 -- start start
2024-04-12T05:15:37.344 INFO:teuthology.orchestra.run.smithi003.stdout:/usr/bin/ceph: stderr
2024-04-12T05:15:36.323+0000 7f643e4f9700 1 --2- >> [v2:172.21.15.3:3300/0,v1:172.21.15.3:6789/0] conn(0x7f64381009a0 0x7f6438100db0 unknown :-1 s=NONE pgs=0 cs=0 l=0 rev1=0 crypto rx=0 tx=0 comp rx=0 tx=0).connect
2024-04-12T05:15:37.344 INFO:teuthology.orchestra.run.smithi003.stdout:/usr/bin/ceph: stderr
2024-04-12T05:15:36.323+0000 7f643e4f9700 1 -- --> [v2:172.21.15.3:3300/0,v1:172.21.15.3:6789/0] -- mon_getmap magic: 0 v1 -- 0x7f6438101380 con 0x7f64381009a0
2024-04-12T05:15:37.344 INFO:teuthology.orchestra.run.smithi003.stdout:/usr/bin/ceph: stderr
2024-04-12T05:15:36.323+0000 7f6437fff700 1 --2- >> [v2:172.21.15.3:3300/0,v1:172.21.15.3:6789/0] conn(0x7f64381009a0 0x7f6438100db0 unknown :-1 s=BANNER_CONNECTING pgs=0 cs=0 l=0 rev1=0 crypto rx=0 tx=0 comp rx=0 tx=0)._handle_peer_banner_payload supported=3 required=0
2024-04-12T05:15:37.344 INFO:teuthology.orchestra.run.smithi003.stdout:/usr/bin/ceph: stderr
2024-04-12T05:15:36.323+0000 7f6437fff700 1 --2- >> [v2:172.21.15.3:3300/0,v1:172.21.15.3:6789/0] conn(0x7f64381009a0 0x7f6438100db0 unknown :-1 s=HELLO_CONNECTING pgs=0 cs=0 l=0 rev1=1 crypto rx=0 tx=0 comp rx=0 tx=0).handle_hello peer v2:172.21.15.3:3300/0 says I am v2:172.21.15.3:40974/0 (socket says 172.21.15.3:40974)
2024-04-12T05:15:37.344 INFO:teuthology.orchestra.run.smithi003.stdout:/usr/bin/ceph: stderr
2024-04-12T05:15:36.323+0000 7f6437fff700 1 -- 172.21.15.3:0/2613266806 learned_addr learned my addr 172.21.15.3:0/2613266806 (peer_addr_for_me v2:172.21.15.3:0/0)
2024-04-12T05:15:37.344 INFO:teuthology.orchestra.run.smithi003.stdout:/usr/bin/ceph: stderr
2024-04-12T05:15:36.323+0000 7f6437fff700 1 -- 172.21.15.3:0/2613266806 --> [v2:172.21.15.3:3300/0,v1:172.21.15.3:6789/0] -- mon_subscribe({config=0+,monmap=0+}) v3 -- 0x7f64381014c0 con 0x7f64381009a0
2024-04-12T05:15:37.344 INFO:teuthology.orchestra.run.smithi003.stdout:/usr/bin/ceph: stderr
2024-04-12T05:15:36.323+0000 7f6437fff700 1 --2- 172.21.15.3:0/2613266806 >> [v2:172.21.15.3:3300/0,v1:172.21.15.3:6789/0] conn(0x7f64381009a0 0x7f6438100db0 secure :-1 s=READY pgs=47 cs=0 l=1 rev1=1 crypto rx=0x7f64280098e0 tx=0x7f6428009250 comp rx=0 tx=0).ready entity=mon.0 client_cookie=3c8ee4f1207683ba server_cookie=0 in_seq=0 out_seq=0
2024-04-12T05:15:37.344 INFO:teuthology.orchestra.run.smithi003.stdout:/usr/bin/ceph: stderr
2024-04-12T05:15:36.324+0000 7f6436ffd700 1 -- 172.21.15.3:0/2613266806 <== mon.0 v2:172.21.15.3:3300/0 1 ==== mon_map magic: 0 v1 ==== 229+0+0 (secure 0 0 0) 0x7f642800b860 con 0x7f64381009a0
2024-04-12T05:15:37.344 INFO:teuthology.orchestra.run.smithi003.stdout:/usr/bin/ceph: stderr
2024-04-12T05:15:36.324+0000 7f6436ffd700 1 -- 172.21.15.3:0/2613266806 <== mon.0 v2:172.21.15.3:3300/0 2 ==== config(26 keys) v1 ==== 1074+0+0 (secure 0 0 0) 0x7f642800be70 con 0x7f64381009a0
2024-04-12T05:15:37.345 INFO:teuthology.orchestra.run.smithi003.stdout:/usr/bin/ceph: stderr
2024-04-12T05:15:36.324+0000 7f6436ffd700 1 -- 172.21.15.3:0/2613266806 <== mon.0 v2:172.21.15.3:3300/0 3 ==== mon_map magic: 0 v1 ==== 229+0+0 (secure 0 0 0) 0x7f6428010380 con 0x7f64381009a0
2024-04-12T05:15:37.345 INFO:teuthology.orchestra.run.smithi003.stdout:/usr/bin/ceph: stderr
2024-04-12T05:15:36.324+0000 7f643e4f9700 1 -- 172.21.15.3:0/2613266806 >> [v2:172.21.15.3:3300/0,v1:172.21.15.3:6789/0] conn(0x7f64381009a0 msgr2=0x7f6438100db0 secure :-1 s=STATE_CONNECTION_ESTABLISHED l=1).mark_down
2024-04-12T05:15:37.345 INFO:teuthology.orchestra.run.smithi003.stdout:/usr/bin/ceph: stderr
2024-04-12T05:15:36.324+0000 7f643e4f9700 1 --2- 172.21.15.3:0/2613266806 >> [v2:172.21.15.3:3300/0,v1:172.21.15.3:6789/0] conn(0x7f64381009a0 0x7f6438100db0 secure :-1 s=READY pgs=47 cs=0 l=1 rev1=1 crypto rx=0x7f64280098e0 tx=0x7f6428009250 comp rx=0 tx=0).stop
2024-04-12T05:15:37.345 INFO:teuthology.orchestra.run.smithi003.stdout:/usr/bin/ceph: stderr
2024-04-12T05:15:36.324+0000 7f643e4f9700 1 -- 172.21.15.3:0/2613266806 shutdown_connections
2024-04-12T05:15:37.345 INFO:teuthology.orchestra.run.smithi003.stdout:/usr/bin/ceph: stderr
2024-04-12T05:15:36.324+0000 7f643e4f9700 1 --2- 172.21.15.3:0/2613266806 >> [v2:172.21.15.3:3300/0,v1:172.21.15.3:6789/0] conn(0x7f64381009a0 0x7f6438100db0 unknown :-1 s=CLOSED pgs=47 cs=0 l=1 rev1=1 crypto rx=0 tx=0 comp rx=0 tx=0).stop
2024-04-12T05:15:37.345 INFO:teuthology.orchestra.run.smithi003.stdout:/usr/bin/ceph: stderr
2024-04-12T05:15:36.324+0000 7f643e4f9700 1 -- 172.21.15.3:0/2613266806 >> 172.21.15.3:0/2613266806 conn(0x7f64380fc400 msgr2=0x7f64380fe810 unknown :-1 s=STATE_NONE l=0).mark_down
2024-04-12T05:15:37.345 INFO:teuthology.orchestra.run.smithi003.stdout:/usr/bin/ceph: stderr
2024-04-12T05:15:36.324+0000 7f643e4f9700 1 -- 172.21.15.3:0/2613266806 shutdown_connections
2024-04-12T05:15:37.345 INFO:teuthology.orchestra.run.smithi003.stdout:/usr/bin/ceph: stderr
2024-04-12T05:15:36.324+0000 7f643e4f9700 1 -- 172.21.15.3:0/2613266806 wait complete.
2024-04-12T05:15:37.345 INFO:teuthology.orchestra.run.smithi003.stdout:/usr/bin/ceph: stderr
2024-04-12T05:15:36.325+0000 7f643e4f9700 1 Processor -- start
2024-04-12T05:15:37.345 INFO:teuthology.orchestra.run.smithi003.stdout:/usr/bin/ceph: stderr
2024-04-12T05:15:36.325+0000 7f643e4f9700 1 -- start start
2024-04-12T05:15:37.345 INFO:teuthology.orchestra.run.smithi003.stdout:/usr/bin/ceph: stderr
2024-04-12T05:15:36.325+0000 7f643e4f9700 1 --2- >> [v2:172.21.15.3:3300/0,v1:172.21.15.3:6789/0] conn(0x7f64381009a0 0x7f6438111390 unknown :-1 s=NONE pgs=0 cs=0 l=1 rev1=0 crypto rx=0 tx=0 comp rx=0 tx=0).connect
2024-04-12T05:15:37.345 INFO:teuthology.orchestra.run.smithi003.stdout:/usr/bin/ceph: stderr
2024-04-12T05:15:36.325+0000 7f643e4f9700 1 -- --> [v2:172.21.15.3:3300/0,v1:172.21.15.3:6789/0] -- mon_getmap magic: 0 v1 -- 0x7f64381118d0 con 0x7f64381009a0
2024-04-12T05:15:37.345 INFO:teuthology.orchestra.run.smithi003.stdout:/usr/bin/ceph: stderr
2024-04-12T05:15:36.325+0000 7f6437fff700 1 --2- >> [v2:172.21.15.3:3300/0,v1:172.21.15.3:6789/0] conn(0x7f64381009a0 0x7f6438111390 unknown :-1 s=BANNER_CONNECTING pgs=0 cs=0 l=1 rev1=0 crypto rx=0 tx=0 comp rx=0 tx=0)._handle_peer_banner_payload supported=3 required=0
2024-04-12T05:15:37.346 INFO:teuthology.orchestra.run.smithi003.stdout:/usr/bin/ceph: stderr
2024-04-12T05:15:36.325+0000 7f6437fff700 1 --2- >> [v2:172.21.15.3:3300/0,v1:172.21.15.3:6789/0] conn(0x7f64381009a0 0x7f6438111390 unknown :-1 s=HELLO_CONNECTING pgs=0 cs=0 l=1 rev1=1 crypto rx=0 tx=0 comp rx=0 tx=0).handle_hello peer v2:172.21.15.3:3300/0 says I am v2:172.21.15.3:40990/0 (socket says 172.21.15.3:40990)
2024-04-12T05:15:37.346 INFO:teuthology.orchestra.run.smithi003.stdout:/usr/bin/ceph: stderr
2024-04-12T05:15:36.325+0000 7f6437fff700 1 -- 172.21.15.3:0/849509007 learned_addr learned my addr 172.21.15.3:0/849509007 (peer_addr_for_me v2:172.21.15.3:0/0)
2024-04-12T05:15:37.346 INFO:teuthology.orchestra.run.smithi003.stdout:/usr/bin/ceph: stderr
2024-04-12T05:15:36.325+0000 7f6437fff700 1 -- 172.21.15.3:0/849509007 --> [v2:172.21.15.3:3300/0,v1:172.21.15.3:6789/0] -- mon_subscribe({config=0+,monmap=0+}) v3 -- 0x7f64280094f0 con 0x7f64381009a0
2024-04-12T05:15:37.346 INFO:teuthology.orchestra.run.smithi003.stdout:/usr/bin/ceph: stderr
2024-04-12T05:15:36.326+0000 7f6437fff700 1 --2- 172.21.15.3:0/849509007 >> [v2:172.21.15.3:3300/0,v1:172.21.15.3:6789/0] conn(0x7f64381009a0 0x7f6438111390 secure :-1 s=READY pgs=48 cs=0 l=1 rev1=1 crypto rx=0x7f6428011ca0 tx=0x7f6428009250 comp rx=0 tx=0).ready entity=mon.0 client_cookie=0 server_cookie=0 in_seq=0 out_seq=0
2024-04-12T05:15:37.346 INFO:teuthology.orchestra.run.smithi003.stdout:/usr/bin/ceph: stderr
2024-04-12T05:15:36.326+0000 7f6434ff9700 1 -- 172.21.15.3:0/849509007 <== mon.0 v2:172.21.15.3:3300/0 1 ==== mon_map magic: 0 v1 ==== 229+0+0 (secure 0 0 0) 0x7f6428010850 con 0x7f64381009a0
2024-04-12T05:15:37.346 INFO:teuthology.orchestra.run.smithi003.stdout:/usr/bin/ceph: stderr
2024-04-12T05:15:36.326+0000 7f643e4f9700 1 -- 172.21.15.3:0/849509007 --> [v2:172.21.15.3:3300/0,v1:172.21.15.3:6789/0] -- mon_subscribe({mgrmap=0+}) v3 -- 0x7f6438111ad0 con 0x7f64381009a0
2024-04-12T05:15:37.346 INFO:teuthology.orchestra.run.smithi003.stdout:/usr/bin/ceph: stderr
2024-04-12T05:15:36.326+0000 7f6434ff9700 1 -- 172.21.15.3:0/849509007 <== mon.0 v2:172.21.15.3:3300/0 2 ==== config(26 keys) v1 ==== 1074+0+0 (secure 0 0 0) 0x7f6428010e60 con 0x7f64381009a0
2024-04-12T05:15:37.346 INFO:teuthology.orchestra.run.smithi003.stdout:/usr/bin/ceph: stderr
2024-04-12T05:15:36.326+0000 7f6434ff9700 1 -- 172.21.15.3:0/849509007 <== mon.0 v2:172.21.15.3:3300/0 3 ==== mon_map magic: 0 v1 ==== 229+0+0 (secure 0 0 0) 0x7f642801ae20 con 0x7f64381009a0
2024-04-12T05:15:37.346 INFO:teuthology.orchestra.run.smithi003.stdout:/usr/bin/ceph: stderr
2024-04-12T05:15:36.326+0000 7f643e4f9700 1 -- 172.21.15.3:0/849509007 --> [v2:172.21.15.3:3300/0,v1:172.21.15.3:6789/0] -- mon_subscribe({osdmap=0}) v3 -- 0x7f6438112640 con 0x7f64381009a0
2024-04-12T05:15:37.347 INFO:teuthology.orchestra.run.smithi003.stdout:/usr/bin/ceph: stderr
2024-04-12T05:15:36.327+0000 7f6434ff9700 1 -- 172.21.15.3:0/849509007 <== mon.0 v2:172.21.15.3:3300/0 4 ==== mgrmap(e 8) v1 ==== 43368+0+0 (secure 0 0 0) 0x7f642802d3f0 con 0x7f64381009a0
2024-04-12T05:15:37.347 INFO:teuthology.orchestra.run.smithi003.stdout:/usr/bin/ceph: stderr
2024-04-12T05:15:36.327+0000 7f643e4f9700 1 -- 172.21.15.3:0/849509007 --> [v2:172.21.15.3:3300/0,v1:172.21.15.3:6789/0] -- mon_command({"prefix": "get_command_descriptions"} v 0) v1 -- 0x7f643805f5f0 con 0x7f64381009a0
2024-04-12T05:15:37.347 INFO:teuthology.orchestra.run.smithi003.stdout:/usr/bin/ceph: stderr
2024-04-12T05:15:36.327+0000 7f6434ff9700 1 --2- 172.21.15.3:0/849509007 >> [v2:172.21.15.3:6800/2553301896,v1:172.21.15.3:6801/2553301896] conn(0x7f6420036790 0x7f6420038c40 unknown :-1 s=NONE pgs=0 cs=0 l=1 rev1=0 crypto rx=0 tx=0 comp rx=0 tx=0).connect
2024-04-12T05:15:37.347 INFO:teuthology.orchestra.run.smithi003.stdout:/usr/bin/ceph: stderr
2024-04-12T05:15:36.327+0000 7f6434ff9700 1 -- 172.21.15.3:0/849509007 <== mon.0 v2:172.21.15.3:3300/0 5 ==== osd_map(2..2 src has 1..2) v4 ==== 936+0+0 (secure 0 0 0) 0x7f642804a570 con 0x7f64381009a0
2024-04-12T05:15:37.347 INFO:teuthology.orchestra.run.smithi003.stdout:/usr/bin/ceph: stderr
2024-04-12T05:15:36.327+0000 7f64377fe700 1 --2- 172.21.15.3:0/849509007 >> [v2:172.21.15.3:6800/2553301896,v1:172.21.15.3:6801/2553301896] conn(0x7f6420036790 0x7f6420038c40 unknown :-1 s=BANNER_CONNECTING pgs=0 cs=0 l=1 rev1=0 crypto rx=0 tx=0 comp rx=0 tx=0)._handle_peer_banner_payload supported=3 required=0
2024-04-12T05:15:37.347 INFO:teuthology.orchestra.run.smithi003.stdout:/usr/bin/ceph: stderr
2024-04-12T05:15:36.327+0000 7f64377fe700 1 --2- 172.21.15.3:0/849509007 >> [v2:172.21.15.3:6800/2553301896,v1:172.21.15.3:6801/2553301896] conn(0x7f6420036790 0x7f6420038c40 secure :-1 s=READY pgs=14 cs=0 l=1 rev1=1 crypto rx=0x7f642c009990 tx=0x7f642c006e40 comp rx=0 tx=0).ready entity=mgr.14116 client_cookie=0 server_cookie=0 in_seq=0 out_seq=0
2024-04-12T05:15:37.347 INFO:teuthology.orchestra.run.smithi003.stdout:/usr/bin/ceph: stderr
2024-04-12T05:15:36.331+0000 7f6434ff9700 1 -- 172.21.15.3:0/849509007 <== mon.0 v2:172.21.15.3:3300/0 6 ==== mon_command_ack([{"prefix": "get_command_descriptions"}]=0 v0) v1 ==== 72+0+176504 (secure 0 0 0) 0x7f64280189a0 con 0x7f64381009a0
2024-04-12T05:15:37.347 INFO:teuthology.orchestra.run.smithi003.stdout:/usr/bin/ceph: stderr
2024-04-12T05:15:36.548+0000 7f643e4f9700 1 -- 172.21.15.3:0/849509007 --> [v2:172.21.15.3:6800/2553301896,v1:172.21.15.3:6801/2553301896] -- mgr_command(tid 0: {"prefix": "orch apply", "service_type": "crash", "target": ["mon-mgr", ""]}) v1 -- 0x7f64380fd630 con 0x7f6420036790
2024-04-12T05:15:37.347 INFO:teuthology.orchestra.run.smithi003.stdout:/usr/bin/ceph: stderr
2024-04-12T05:15:36.552+0000 7f6434ff9700 1 -- 172.21.15.3:0/849509007 <== mgr.14116 v2:172.21.15.3:6800/2553301896 1 ==== mgr_command_reply(tid 0: 0 ) v1 ==== 8+0+26 (secure 0 0 0) 0x7f64380fd630 con 0x7f6420036790
2024-04-12T05:15:37.347 INFO:teuthology.orchestra.run.smithi003.stdout:/usr/bin/ceph: stderr
2024-04-12T05:15:36.554+0000 7f643e4f9700 1 -- 172.21.15.3:0/849509007 >> [v2:172.21.15.3:6800/2553301896,v1:172.21.15.3:6801/2553301896] conn(0x7f6420036790 msgr2=0x7f6420038c40 secure :-1 s=STATE_CONNECTION_ESTABLISHED l=1).mark_down
2024-04-12T05:15:37.347 INFO:teuthology.orchestra.run.smithi003.stdout:/usr/bin/ceph: stderr
2024-04-12T05:15:36.554+0000 7f643e4f9700 1 --2- 172.21.15.3:0/849509007 >> [v2:172.21.15.3:6800/2553301896,v1:172.21.15.3:6801/2553301896] conn(0x7f6420036790 0x7f6420038c40 secure :-1 s=READY pgs=14 cs=0 l=1 rev1=1 crypto rx=0x7f642c009990 tx=0x7f642c006e40 comp rx=0 tx=0).stop
2024-04-12T05:15:37.347 INFO:teuthology.orchestra.run.smithi003.stdout:/usr/bin/ceph: stderr
2024-04-12T05:15:36.554+0000 7f643e4f9700 1 -- 172.21.15.3:0/849509007 >> [v2:172.21.15.3:3300/0,v1:172.21.15.3:6789/0] conn(0x7f64381009a0 msgr2=0x7f6438111390 secure :-1 s=STATE_CONNECTION_ESTABLISHED l=1).mark_down
2024-04-12T05:15:37.347 INFO:teuthology.orchestra.run.smithi003.stdout:/usr/bin/ceph: stderr
2024-04-12T05:15:36.554+0000 7f643e4f9700 1 --2- 172.21.15.3:0/849509007 >> [v2:172.21.15.3:3300/0,v1:172.21.15.3:6789/0] conn(0x7f64381009a0 0x7f6438111390 secure :-1 s=READY pgs=48 cs=0 l=1 rev1=1 crypto rx=0x7f6428011ca0 tx=0x7f6428009250 comp rx=0 tx=0).stop
2024-04-12T05:15:37.348 INFO:teuthology.orchestra.run.smithi003.stdout:/usr/bin/ceph: stderr
2024-04-12T05:15:36.554+0000 7f643e4f9700 1 -- 172.21.15.3:0/849509007 shutdown_connections
2024-04-12T05:15:37.348 INFO:teuthology.orchestra.run.smithi003.stdout:/usr/bin/ceph: stderr
2024-04-12T05:15:36.555+0000 7f643e4f9700 1 --2- 172.21.15.3:0/849509007 >> [v2:172.21.15.3:6800/2553301896,v1:172.21.15.3:6801/2553301896] conn(0x7f6420036790 0x7f6420038c40 unknown :-1 s=CLOSED pgs=14 cs=0 l=1 rev1=1 crypto rx=0 tx=0 comp rx=0 tx=0).stop
2024-04-12T05:15:37.348 INFO:teuthology.orchestra.run.smithi003.stdout:/usr/bin/ceph: stderr
2024-04-12T05:15:36.555+0000 7f643e4f9700 1 --2- 172.21.15.3:0/849509007 >> [v2:172.21.15.3:3300/0,v1:172.21.15.3:6789/0] conn(0x7f64381009a0 0x7f6438111390 unknown :-1 s=CLOSED pgs=48 cs=0 l=1 rev1=1 crypto rx=0 tx=0 comp rx=0 tx=0).stop
2024-04-12T05:15:37.348 INFO:teuthology.orchestra.run.smithi003.stdout:/usr/bin/ceph: stderr
2024-04-12T05:15:36.555+0000 7f643e4f9700 1 -- 172.21.15.3:0/849509007 >> 172.21.15.3:0/849509007 conn(0x7f64380fc400 msgr2=0x7f64380fcf20 unknown :-1 s=STATE_NONE l=0).mark_down
2024-04-12T05:15:37.348 INFO:teuthology.orchestra.run.smithi003.stdout:/usr/bin/ceph: stderr
2024-04-12T05:15:36.555+0000 7f643e4f9700 1 -- 172.21.15.3:0/849509007 shutdown_connections
2024-04-12T05:15:37.348 INFO:teuthology.orchestra.run.smithi003.stdout:/usr/bin/ceph: stderr
2024-04-12T05:15:36.555+0000 7f643e4f9700 1 -- 172.21.15.3:0/849509007 wait complete.
2024-04-12T05:15:37.348 INFO:teuthology.orchestra.run.smithi003.stdout:Deploying prometheus service with default placement...
2024-04-12T05:15:38.223 INFO:journalctl@ceph.mon.smithi003.smithi003.stdout:Apr 12 05:15:37 smithi003 ceph-mon[39702]: from='client.14142 -' entity='client.admin' cmd=[{"prefix": "orch apply", "service_type": "crash", "target": ["mon-mgr", ""]}]: dispatch
2024-04-12T05:15:38.223 INFO:journalctl@ceph.mon.smithi003.smithi003.stdout:Apr 12 05:15:37 smithi003 ceph-mon[39702]: Saving service crash spec with placement *
2024-04-12T05:15:38.759 INFO:teuthology.orchestra.run.smithi003.stdout:/usr/bin/ceph: stdout Scheduled prometheus update...
2024-04-12T05:15:38.760 INFO:teuthology.orchestra.run.smithi003.stdout:/usr/bin/ceph: stderr
2024-04-12T05:15:37.988+0000 7feea82e8700 1 Processor -- start
2024-04-12T05:15:38.760 INFO:teuthology.orchestra.run.smithi003.stdout:/usr/bin/ceph: stderr
2024-04-12T05:15:37.988+0000 7feea82e8700 1 -- start start
2024-04-12T05:15:38.760 INFO:teuthology.orchestra.run.smithi003.stdout:/usr/bin/ceph: stderr
2024-04-12T05:15:37.989+0000 7feea82e8700 1 --2- >> [v2:172.21.15.3:3300/0,v1:172.21.15.3:6789/0] conn(0x7feea01009a0 0x7feea0100db0 unknown :-1 s=NONE pgs=0 cs=0 l=0 rev1=0 crypto rx=0 tx=0 comp rx=0 tx=0).connect
2024-04-12T05:15:38.760 INFO:teuthology.orchestra.run.smithi003.stdout:/usr/bin/ceph: stderr
2024-04-12T05:15:37.989+0000 7feea82e8700 1 -- --> [v2:172.21.15.3:3300/0,v1:172.21.15.3:6789/0] -- mon_getmap magic: 0 v1 -- 0x7feea0101380 con 0x7feea01009a0
2024-04-12T05:15:38.760 INFO:teuthology.orchestra.run.smithi003.stdout:/usr/bin/ceph: stderr
2024-04-12T05:15:37.989+0000 7feea6084700 1 --2- >> [v2:172.21.15.3:3300/0,v1:172.21.15.3:6789/0] conn(0x7feea01009a0 0x7feea0100db0 unknown :-1 s=BANNER_CONNECTING pgs=0 cs=0 l=0 rev1=0 crypto rx=0 tx=0 comp rx=0 tx=0)._handle_peer_banner_payload supported=3 required=0
2024-04-12T05:15:38.760 INFO:teuthology.orchestra.run.smithi003.stdout:/usr/bin/ceph: stderr
2024-04-12T05:15:37.989+0000 7feea6084700 1 --2- >> [v2:172.21.15.3:3300/0,v1:172.21.15.3:6789/0] conn(0x7feea01009a0 0x7feea0100db0 unknown :-1 s=HELLO_CONNECTING pgs=0 cs=0 l=0 rev1=1 crypto rx=0 tx=0 comp rx=0 tx=0).handle_hello peer v2:172.21.15.3:3300/0 says I am v2:172.21.15.3:41002/0 (socket says 172.21.15.3:41002)
2024-04-12T05:15:38.760 INFO:teuthology.orchestra.run.smithi003.stdout:/usr/bin/ceph: stderr
2024-04-12T05:15:37.989+0000 7feea6084700 1 -- 172.21.15.3:0/1567955733 learned_addr learned my addr 172.21.15.3:0/1567955733 (peer_addr_for_me v2:172.21.15.3:0/0)
2024-04-12T05:15:38.760 INFO:teuthology.orchestra.run.smithi003.stdout:/usr/bin/ceph: stderr
2024-04-12T05:15:37.989+0000 7feea6084700 1 -- 172.21.15.3:0/1567955733 --> [v2:172.21.15.3:3300/0,v1:172.21.15.3:6789/0] -- mon_subscribe({config=0+,monmap=0+}) v3 -- 0x7feea01014c0 con 0x7feea01009a0
2024-04-12T05:15:38.760 INFO:teuthology.orchestra.run.smithi003.stdout:/usr/bin/ceph: stderr
2024-04-12T05:15:37.990+0000 7feea6084700 1 --2- 172.21.15.3:0/1567955733 >> [v2:172.21.15.3:3300/0,v1:172.21.15.3:6789/0] conn(0x7feea01009a0 0x7feea0100db0 secure :-1 s=READY pgs=49 cs=0 l=1 rev1=1 crypto rx=0x7fee9c0098e0 tx=0x7fee9c009250 comp rx=0 tx=0).ready entity=mon.0 client_cookie=56c5098168d36389 server_cookie=0 in_seq=0 out_seq=0
2024-04-12T05:15:38.760 INFO:teuthology.orchestra.run.smithi003.stdout:/usr/bin/ceph: stderr
2024-04-12T05:15:37.990+0000 7feea5082700 1 -- 172.21.15.3:0/1567955733 <== mon.0 v2:172.21.15.3:3300/0 1 ==== mon_map magic: 0 v1 ==== 229+0+0 (secure 0 0 0) 0x7fee9c00b860 con 0x7feea01009a0
2024-04-12T05:15:38.760 INFO:teuthology.orchestra.run.smithi003.stdout:/usr/bin/ceph: stderr
2024-04-12T05:15:37.990+0000 7feea5082700 1 -- 172.21.15.3:0/1567955733 <== mon.0 v2:172.21.15.3:3300/0 2 ==== config(26 keys) v1 ==== 1074+0+0 (secure 0 0 0) 0x7fee9c00be70 con 0x7feea01009a0
2024-04-12T05:15:38.760 INFO:teuthology.orchestra.run.smithi003.stdout:/usr/bin/ceph: stderr
2024-04-12T05:15:37.990+0000 7feea5082700 1 -- 172.21.15.3:0/1567955733 <== mon.0 v2:172.21.15.3:3300/0 3 ==== mon_map magic: 0 v1 ==== 229+0+0 (secure 0 0 0) 0x7fee9c010380 con 0x7feea01009a0
2024-04-12T05:15:38.760 INFO:teuthology.orchestra.run.smithi003.stdout:/usr/bin/ceph: stderr
2024-04-12T05:15:37.991+0000 7feea82e8700 1 -- 172.21.15.3:0/1567955733 >> [v2:172.21.15.3:3300/0,v1:172.21.15.3:6789/0] conn(0x7feea01009a0 msgr2=0x7feea0100db0 secure :-1 s=STATE_CONNECTION_ESTABLISHED l=1).mark_down
2024-04-12T05:15:38.761 INFO:teuthology.orchestra.run.smithi003.stdout:/usr/bin/ceph: stderr
2024-04-12T05:15:37.991+0000 7feea82e8700 1 --2- 172.21.15.3:0/1567955733 >> [v2:172.21.15.3:3300/0,v1:172.21.15.3:6789/0] conn(0x7feea01009a0 0x7feea0100db0 secure :-1 s=READY pgs=49 cs=0 l=1 rev1=1 crypto rx=0x7fee9c0098e0 tx=0x7fee9c009250 comp rx=0 tx=0).stop
2024-04-12T05:15:38.761 INFO:teuthology.orchestra.run.smithi003.stdout:/usr/bin/ceph: stderr
2024-04-12T05:15:37.991+0000 7feea82e8700 1 -- 172.21.15.3:0/1567955733 shutdown_connections
2024-04-12T05:15:38.761 INFO:teuthology.orchestra.run.smithi003.stdout:/usr/bin/ceph: stderr
