2024-04-12T05:45:25.172 INFO:teuthology.orchestra.run.smithi008.stdout:/usr/bin/ceph: stderr
2024-04-12T05:45:24.270+0000 7f082ffff700 1 --2- 172.21.15.8:0/3021762344 >> [v2:172.21.15.8:6800/3166946531,v1:172.21.15.8:6801/3166946531] conn(0x7f0820038320 0x7f082003a7e0 secure :-1 s=READY pgs=6 cs=0 l=1 rev1=1 crypto rx=0x7f081c006fd0 tx=0x7f081c006e40 comp rx=0 tx=0).ready entity=mgr.14100 client_cookie=0 server_cookie=0 in_seq=0 out_seq=0
2024-04-12T05:45:25.172 INFO:teuthology.orchestra.run.smithi008.stdout:/usr/bin/ceph: stderr
2024-04-12T05:45:24.275+0000 7f082dffb700 1 -- 172.21.15.8:0/3021762344 <== mon.0 v2:172.21.15.8:3300/0 6 ==== mon_command_ack([{"prefix": "get_command_descriptions"}]=0 v0) v1 ==== 72+0+180422 (secure 0 0 0) 0x7f0824010380 con 0x7f0830105230
2024-04-12T05:45:25.172 INFO:teuthology.orchestra.run.smithi008.stdout:/usr/bin/ceph: stderr
2024-04-12T05:45:24.553+0000 7f08371d3700 1 -- 172.21.15.8:0/3021762344 --> [v2:172.21.15.8:3300/0,v1:172.21.15.8:6789/0] -- mon_command({"prefix": "status", "format": "json-pretty"} v 0) v1 -- 0x7f0830109660 con 0x7f0830105230
2024-04-12T05:45:25.172 INFO:teuthology.orchestra.run.smithi008.stdout:/usr/bin/ceph: stderr
2024-04-12T05:45:24.553+0000 7f082dffb700 1 -- 172.21.15.8:0/3021762344 <== mon.0 v2:172.21.15.8:3300/0 7 ==== mon_command_ack([{"prefix": "status", "format": "json-pretty"}]=0 v0) v1 ==== 79+0+1246 (secure 0 0 0) 0x7f0824010380 con 0x7f0830105230
2024-04-12T05:45:25.172 INFO:teuthology.orchestra.run.smithi008.stdout:/usr/bin/ceph: stderr
2024-04-12T05:45:24.555+0000 7f08371d3700 1 -- 172.21.15.8:0/3021762344 >> [v2:172.21.15.8:6800/3166946531,v1:172.21.15.8:6801/3166946531] conn(0x7f0820038320 msgr2=0x7f082003a7e0 secure :-1 s=STATE_CONNECTION_ESTABLISHED l=1).mark_down
2024-04-12T05:45:25.172 INFO:teuthology.orchestra.run.smithi008.stdout:/usr/bin/ceph: stderr
2024-04-12T05:45:24.555+0000 7f08371d3700 1 --2- 172.21.15.8:0/3021762344 >> [v2:172.21.15.8:6800/3166946531,v1:172.21.15.8:6801/3166946531] conn(0x7f0820038320 0x7f082003a7e0 secure :-1 s=READY pgs=6 cs=0 l=1 rev1=1 crypto rx=0x7f081c006fd0 tx=0x7f081c006e40 comp rx=0 tx=0).stop
2024-04-12T05:45:25.172 INFO:teuthology.orchestra.run.smithi008.stdout:/usr/bin/ceph: stderr
2024-04-12T05:45:24.555+0000 7f08371d3700 1 -- 172.21.15.8:0/3021762344 >> [v2:172.21.15.8:3300/0,v1:172.21.15.8:6789/0] conn(0x7f0830105230 msgr2=0x7f08300741b0 secure :-1 s=STATE_CONNECTION_ESTABLISHED l=1).mark_down
2024-04-12T05:45:25.172 INFO:teuthology.orchestra.run.smithi008.stdout:/usr/bin/ceph: stderr
2024-04-12T05:45:24.555+0000 7f08371d3700 1 --2- 172.21.15.8:0/3021762344 >> [v2:172.21.15.8:3300/0,v1:172.21.15.8:6789/0] conn(0x7f0830105230 0x7f08300741b0 secure :-1 s=READY pgs=17 cs=0 l=1 rev1=1 crypto rx=0x7f0824009130 tx=0x7f0824011a30 comp rx=0 tx=0).stop
2024-04-12T05:45:25.173 INFO:teuthology.orchestra.run.smithi008.stdout:/usr/bin/ceph: stderr
2024-04-12T05:45:24.555+0000 7f08371d3700 1 -- 172.21.15.8:0/3021762344 shutdown_connections
2024-04-12T05:45:25.173 INFO:teuthology.orchestra.run.smithi008.stdout:/usr/bin/ceph: stderr
2024-04-12T05:45:24.555+0000 7f08371d3700 1 --2- 172.21.15.8:0/3021762344 >> [v2:172.21.15.8:6800/3166946531,v1:172.21.15.8:6801/3166946531] conn(0x7f0820038320 0x7f082003a7e0 unknown :-1 s=CLOSED pgs=6 cs=0 l=1 rev1=1 crypto rx=0 tx=0 comp rx=0 tx=0).stop
2024-04-12T05:45:25.173 INFO:teuthology.orchestra.run.smithi008.stdout:/usr/bin/ceph: stderr
2024-04-12T05:45:24.555+0000 7f08371d3700 1 --2- 172.21.15.8:0/3021762344 >> [v2:172.21.15.8:3300/0,v1:172.21.15.8:6789/0] conn(0x7f0830105230 0x7f08300741b0 unknown :-1 s=CLOSED pgs=17 cs=0 l=1 rev1=1 crypto rx=0 tx=0 comp rx=0 tx=0).stop
2024-04-12T05:45:25.173 INFO:teuthology.orchestra.run.smithi008.stdout:/usr/bin/ceph: stderr
2024-04-12T05:45:24.555+0000 7f08371d3700 1 -- 172.21.15.8:0/3021762344 >> 172.21.15.8:0/3021762344 conn(0x7f08301007f0 msgr2=0x7f0830101e80 unknown :-1 s=STATE_NONE l=0).mark_down
2024-04-12T05:45:25.173 INFO:teuthology.orchestra.run.smithi008.stdout:/usr/bin/ceph: stderr
2024-04-12T05:45:24.556+0000 7f08371d3700 1 -- 172.21.15.8:0/3021762344 shutdown_connections
2024-04-12T05:45:25.173 INFO:teuthology.orchestra.run.smithi008.stdout:/usr/bin/ceph: stderr
2024-04-12T05:45:24.556+0000 7f08371d3700 1 -- 172.21.15.8:0/3021762344 wait complete.
2024-04-12T05:45:25.173 INFO:teuthology.orchestra.run.smithi008.stdout:mgr is available
2024-04-12T05:45:26.654 INFO:journalctl@ceph.mon.smithi008.smithi008.stdout:Apr 12 05:45:26 smithi008 ceph-mon[39722]: from='client.? 172.21.15.8:0/3527279432' entity='client.admin' cmd=[{"prefix": "config assimilate-conf"}]: dispatch
2024-04-12T05:45:26.721 INFO:teuthology.orchestra.run.smithi008.stdout:/usr/bin/ceph: stdout
2024-04-12T05:45:26.721 INFO:teuthology.orchestra.run.smithi008.stdout:/usr/bin/ceph: stdout [global]
2024-04-12T05:45:26.721 INFO:teuthology.orchestra.run.smithi008.stdout:/usr/bin/ceph: stdout fsid = b9cc93fe-f88f-11ee-bc8c-c7b262605968
2024-04-12T05:45:26.721 INFO:teuthology.orchestra.run.smithi008.stdout:/usr/bin/ceph: stdout mon_osd_allow_pg_remap = true
2024-04-12T05:45:26.721 INFO:teuthology.orchestra.run.smithi008.stdout:/usr/bin/ceph: stdout mon_osd_allow_primary_affinity = true
2024-04-12T05:45:26.721 INFO:teuthology.orchestra.run.smithi008.stdout:/usr/bin/ceph: stdout mon_warn_on_no_sortbitwise = false
2024-04-12T05:45:26.722 INFO:teuthology.orchestra.run.smithi008.stdout:/usr/bin/ceph: stdout osd_crush_chooseleaf_type = 0
2024-04-12T05:45:26.722 INFO:teuthology.orchestra.run.smithi008.stdout:/usr/bin/ceph: stdout
2024-04-12T05:45:26.722 INFO:teuthology.orchestra.run.smithi008.stdout:/usr/bin/ceph: stdout [mgr]
2024-04-12T05:45:26.722 INFO:teuthology.orchestra.run.smithi008.stdout:/usr/bin/ceph: stdout mgr/telemetry/nag = false
2024-04-12T05:45:26.722 INFO:teuthology.orchestra.run.smithi008.stdout:/usr/bin/ceph: stdout
2024-04-12T05:45:26.722 INFO:teuthology.orchestra.run.smithi008.stdout:/usr/bin/ceph: stdout [osd]
2024-04-12T05:45:26.722 INFO:teuthology.orchestra.run.smithi008.stdout:/usr/bin/ceph: stdout mon_osd_backfillfull_ratio = 0.85
2024-04-12T05:45:26.722 INFO:teuthology.orchestra.run.smithi008.stdout:/usr/bin/ceph: stdout mon_osd_full_ratio = 0.9
2024-04-12T05:45:26.722 INFO:teuthology.orchestra.run.smithi008.stdout:/usr/bin/ceph: stdout mon_osd_nearfull_ratio = 0.8
2024-04-12T05:45:26.722 INFO:teuthology.orchestra.run.smithi008.stdout:/usr/bin/ceph: stdout osd_map_max_advance = 10
2024-04-12T05:45:26.722 INFO:teuthology.orchestra.run.smithi008.stdout:/usr/bin/ceph: stdout osd_sloppy_crc = true
2024-04-12T05:45:26.722 INFO:teuthology.orchestra.run.smithi008.stdout:/usr/bin/ceph: stderr
2024-04-12T05:45:25.728+0000 7efca0b87700 1 Processor -- start
2024-04-12T05:45:26.722 INFO:teuthology.orchestra.run.smithi008.stdout:/usr/bin/ceph: stderr
2024-04-12T05:45:25.728+0000 7efca0b87700 1 -- start start
2024-04-12T05:45:26.723 INFO:teuthology.orchestra.run.smithi008.stdout:/usr/bin/ceph: stderr
2024-04-12T05:45:25.728+0000 7efca0b87700 1 --2- >> [v2:172.21.15.8:3300/0,v1:172.21.15.8:6789/0] conn(0x7efc9c105720 0x7efc9c105b40 unknown :-1 s=NONE pgs=0 cs=0 l=0 rev1=0 crypto rx=0 tx=0 comp rx=0 tx=0).connect
2024-04-12T05:45:26.723 INFO:teuthology.orchestra.run.smithi008.stdout:/usr/bin/ceph: stderr
2024-04-12T05:45:25.728+0000 7efca0b87700 1 -- --> [v2:172.21.15.8:3300/0,v1:172.21.15.8:6789/0] -- mon_getmap magic: 0 v1 -- 0x7efc9c106110 con 0x7efc9c105720
2024-04-12T05:45:26.723 INFO:teuthology.orchestra.run.smithi008.stdout:/usr/bin/ceph: stderr
2024-04-12T05:45:25.729+0000 7efc9a59c700 1 --2- >> [v2:172.21.15.8:3300/0,v1:172.21.15.8:6789/0] conn(0x7efc9c105720 0x7efc9c105b40 unknown :-1 s=BANNER_CONNECTING pgs=0 cs=0 l=0 rev1=0 crypto rx=0 tx=0 comp rx=0 tx=0)._handle_peer_banner_payload supported=3 required=0
2024-04-12T05:45:26.723 INFO:teuthology.orchestra.run.smithi008.stdout:/usr/bin/ceph: stderr
2024-04-12T05:45:25.729+0000 7efc9a59c700 1 --2- >> [v2:172.21.15.8:3300/0,v1:172.21.15.8:6789/0] conn(0x7efc9c105720 0x7efc9c105b40 unknown :-1 s=HELLO_CONNECTING pgs=0 cs=0 l=0 rev1=1 crypto rx=0 tx=0 comp rx=0 tx=0).handle_hello peer v2:172.21.15.8:3300/0 says I am v2:172.21.15.8:49020/0 (socket says 172.21.15.8:49020)
2024-04-12T05:45:26.723 INFO:teuthology.orchestra.run.smithi008.stdout:/usr/bin/ceph: stderr
2024-04-12T05:45:25.729+0000 7efc9a59c700 1 -- 172.21.15.8:0/1342816508 learned_addr learned my addr 172.21.15.8:0/1342816508 (peer_addr_for_me v2:172.21.15.8:0/0)
2024-04-12T05:45:26.723 INFO:teuthology.orchestra.run.smithi008.stdout:/usr/bin/ceph: stderr
2024-04-12T05:45:25.729+0000 7efc9a59c700 1 -- 172.21.15.8:0/1342816508 --> [v2:172.21.15.8:3300/0,v1:172.21.15.8:6789/0] -- mon_subscribe({config=0+,monmap=0+}) v3 -- 0x7efc9c106440 con 0x7efc9c105720
2024-04-12T05:45:26.723 INFO:teuthology.orchestra.run.smithi008.stdout:/usr/bin/ceph: stderr
2024-04-12T05:45:25.729+0000 7efc9a59c700 1 --2- 172.21.15.8:0/1342816508 >> [v2:172.21.15.8:3300/0,v1:172.21.15.8:6789/0] conn(0x7efc9c105720 0x7efc9c105b40 secure :-1 s=READY pgs=18 cs=0 l=1 rev1=1 crypto rx=0x7efc8c0098a0 tx=0x7efc8c009bb0 comp rx=0 tx=0).ready entity=mon.0 client_cookie=d74dd87392471939 server_cookie=0 in_seq=0 out_seq=0
2024-04-12T05:45:26.723 INFO:teuthology.orchestra.run.smithi008.stdout:/usr/bin/ceph: stderr
2024-04-12T05:45:25.729+0000 7efc9959a700 1 -- 172.21.15.8:0/1342816508 <== mon.0 v2:172.21.15.8:3300/0 1 ==== mon_map magic: 0 v1 ==== 229+0+0 (secure 0 0 0) 0x7efc8c004180 con 0x7efc9c105720
2024-04-12T05:45:26.723 INFO:teuthology.orchestra.run.smithi008.stdout:/usr/bin/ceph: stderr
2024-04-12T05:45:25.729+0000 7efc9959a700 1 -- 172.21.15.8:0/1342816508 <== mon.0 v2:172.21.15.8:3300/0 2 ==== config(26 keys) v1 ==== 1002+0+0 (secure 0 0 0) 0x7efc8c0042e0 con 0x7efc9c105720
2024-04-12T05:45:26.723 INFO:teuthology.orchestra.run.smithi008.stdout:/usr/bin/ceph: stderr
2024-04-12T05:45:25.729+0000 7efc9959a700 1 -- 172.21.15.8:0/1342816508 <== mon.0 v2:172.21.15.8:3300/0 3 ==== mon_map magic: 0 v1 ==== 229+0+0 (secure 0 0 0) 0x7efc8c0119d0 con 0x7efc9c105720
2024-04-12T05:45:26.723 INFO:teuthology.orchestra.run.smithi008.stdout:/usr/bin/ceph: stderr
2024-04-12T05:45:25.730+0000 7efca0b87700 1 -- 172.21.15.8:0/1342816508 >> [v2:172.21.15.8:3300/0,v1:172.21.15.8:6789/0] conn(0x7efc9c105720 msgr2=0x7efc9c105b40 secure :-1 s=STATE_CONNECTION_ESTABLISHED l=1).mark_down
2024-04-12T05:45:26.723 INFO:teuthology.orchestra.run.smithi008.stdout:/usr/bin/ceph: stderr
2024-04-12T05:45:25.730+0000 7efca0b87700 1 --2- 172.21.15.8:0/1342816508 >> [v2:172.21.15.8:3300/0,v1:172.21.15.8:6789/0] conn(0x7efc9c105720 0x7efc9c105b40 secure :-1 s=READY pgs=18 cs=0 l=1 rev1=1 crypto rx=0x7efc8c0098a0 tx=0x7efc8c009bb0 comp rx=0 tx=0).stop
2024-04-12T05:45:26.723 INFO:teuthology.orchestra.run.smithi008.stdout:/usr/bin/ceph: stderr
2024-04-12T05:45:25.730+0000 7efca0b87700 1 -- 172.21.15.8:0/1342816508 shutdown_connections
2024-04-12T05:45:26.723 INFO:teuthology.orchestra.run.smithi008.stdout:/usr/bin/ceph: stderr
2024-04-12T05:45:25.730+0000 7efca0b87700 1 --2- 172.21.15.8:0/1342816508 >> [v2:172.21.15.8:3300/0,v1:172.21.15.8:6789/0] conn(0x7efc9c105720 0x7efc9c105b40 unknown :-1 s=CLOSED pgs=18 cs=0 l=1 rev1=1 crypto rx=0 tx=0 comp rx=0 tx=0).stop
2024-04-12T05:45:26.724 INFO:teuthology.orchestra.run.smithi008.stdout:/usr/bin/ceph: stderr
2024-04-12T05:45:25.730+0000 7efca0b87700 1 -- 172.21.15.8:0/1342816508 >> 172.21.15.8:0/1342816508 conn(0x7efc9c0fff40 msgr2=0x7efc9c102380 unknown :-1 s=STATE_NONE l=0).mark_down
2024-04-12T05:45:26.724 INFO:teuthology.orchestra.run.smithi008.stdout:/usr/bin/ceph: stderr
2024-04-12T05:45:25.730+0000 7efca0b87700 1 -- 172.21.15.8:0/1342816508 shutdown_connections
2024-04-12T05:45:26.724 INFO:teuthology.orchestra.run.smithi008.stdout:/usr/bin/ceph: stderr
2024-04-12T05:45:25.730+0000 7efca0b87700 1 -- 172.21.15.8:0/1342816508 wait complete.
2024-04-12T05:45:26.724 INFO:teuthology.orchestra.run.smithi008.stdout:/usr/bin/ceph: stderr
2024-04-12T05:45:25.731+0000 7efca0b87700 1 Processor -- start
2024-04-12T05:45:26.724 INFO:teuthology.orchestra.run.smithi008.stdout:/usr/bin/ceph: stderr
2024-04-12T05:45:25.731+0000 7efca0b87700 1 -- start start
2024-04-12T05:45:26.724 INFO:teuthology.orchestra.run.smithi008.stdout:/usr/bin/ceph: stderr
2024-04-12T05:45:25.731+0000 7efca0b87700 1 --2- >> [v2:172.21.15.8:3300/0,v1:172.21.15.8:6789/0] conn(0x7efc9c105720 0x7efc9c199f90 unknown :-1 s=NONE pgs=0 cs=0 l=1 rev1=0 crypto rx=0 tx=0 comp rx=0 tx=0).connect
2024-04-12T05:45:26.724 INFO:teuthology.orchestra.run.smithi008.stdout:/usr/bin/ceph: stderr
2024-04-12T05:45:25.731+0000 7efca0b87700 1 -- --> [v2:172.21.15.8:3300/0,v1:172.21.15.8:6789/0] -- mon_getmap magic: 0 v1 -- 0x7efc9c19a4d0 con 0x7efc9c105720
2024-04-12T05:45:26.724 INFO:teuthology.orchestra.run.smithi008.stdout:/usr/bin/ceph: stderr
2024-04-12T05:45:25.731+0000 7efc9a59c700 1 --2- >> [v2:172.21.15.8:3300/0,v1:172.21.15.8:6789/0] conn(0x7efc9c105720 0x7efc9c199f90 unknown :-1 s=BANNER_CONNECTING pgs=0 cs=0 l=1 rev1=0 crypto rx=0 tx=0 comp rx=0 tx=0)._handle_peer_banner_payload supported=3 required=0
2024-04-12T05:45:26.724 INFO:teuthology.orchestra.run.smithi008.stdout:/usr/bin/ceph: stderr
2024-04-12T05:45:25.731+0000 7efc9a59c700 1 --2- >> [v2:172.21.15.8:3300/0,v1:172.21.15.8:6789/0] conn(0x7efc9c105720 0x7efc9c199f90 unknown :-1 s=HELLO_CONNECTING pgs=0 cs=0 l=1 rev1=1 crypto rx=0 tx=0 comp rx=0 tx=0).handle_hello peer v2:172.21.15.8:3300/0 says I am v2:172.21.15.8:49034/0 (socket says 172.21.15.8:49034)
2024-04-12T05:45:26.724 INFO:teuthology.orchestra.run.smithi008.stdout:/usr/bin/ceph: stderr
2024-04-12T05:45:25.731+0000 7efc9a59c700 1 -- 172.21.15.8:0/3527279432 learned_addr learned my addr 172.21.15.8:0/3527279432 (peer_addr_for_me v2:172.21.15.8:0/0)
2024-04-12T05:45:26.724 INFO:teuthology.orchestra.run.smithi008.stdout:/usr/bin/ceph: stderr
2024-04-12T05:45:25.731+0000 7efc9a59c700 1 -- 172.21.15.8:0/3527279432 --> [v2:172.21.15.8:3300/0,v1:172.21.15.8:6789/0] -- mon_subscribe({config=0+,monmap=0+}) v3 -- 0x7efc8c009550 con 0x7efc9c105720
2024-04-12T05:45:26.724 INFO:teuthology.orchestra.run.smithi008.stdout:/usr/bin/ceph: stderr
2024-04-12T05:45:25.731+0000 7efc9a59c700 1 --2- 172.21.15.8:0/3527279432 >> [v2:172.21.15.8:3300/0,v1:172.21.15.8:6789/0] conn(0x7efc9c105720 0x7efc9c199f90 secure :-1 s=READY pgs=19 cs=0 l=1 rev1=1 crypto rx=0x7efc8c006af0 tx=0x7efc8c011a30 comp rx=0 tx=0).ready entity=mon.0 client_cookie=0 server_cookie=0 in_seq=0 out_seq=0
2024-04-12T05:45:26.724 INFO:teuthology.orchestra.run.smithi008.stdout:/usr/bin/ceph: stderr
2024-04-12T05:45:25.732+0000 7efc8b7fe700 1 -- 172.21.15.8:0/3527279432 <== mon.0 v2:172.21.15.8:3300/0 1 ==== mon_map magic: 0 v1 ==== 229+0+0 (secure 0 0 0) 0x7efc8c024430 con 0x7efc9c105720
2024-04-12T05:45:26.724 INFO:teuthology.orchestra.run.smithi008.stdout:/usr/bin/ceph: stderr
2024-04-12T05:45:25.732+0000 7efca0b87700 1 -- 172.21.15.8:0/3527279432 --> [v2:172.21.15.8:3300/0,v1:172.21.15.8:6789/0] -- mon_subscribe({mgrmap=0+}) v3 -- 0x7efc9c19a6d0 con 0x7efc9c105720
2024-04-12T05:45:26.725 INFO:teuthology.orchestra.run.smithi008.stdout:/usr/bin/ceph: stderr
2024-04-12T05:45:25.732+0000 7efc8b7fe700 1 -- 172.21.15.8:0/3527279432 <== mon.0 v2:172.21.15.8:3300/0 2 ==== config(26 keys) v1 ==== 1002+0+0 (secure 0 0 0) 0x7efc8c0249e0 con 0x7efc9c105720
2024-04-12T05:45:26.725 INFO:teuthology.orchestra.run.smithi008.stdout:/usr/bin/ceph: stderr
2024-04-12T05:45:25.732+0000 7efca0b87700 1 -- 172.21.15.8:0/3527279432 --> [v2:172.21.15.8:3300/0,v1:172.21.15.8:6789/0] -- mon_subscribe({osdmap=0}) v3 -- 0x7efc9c19aaf0 con 0x7efc9c105720
2024-04-12T05:45:26.725 INFO:teuthology.orchestra.run.smithi008.stdout:/usr/bin/ceph: stderr
2024-04-12T05:45:25.732+0000 7efc8b7fe700 1 -- 172.21.15.8:0/3527279432 <== mon.0 v2:172.21.15.8:3300/0 3 ==== mon_map magic: 0 v1 ==== 229+0+0 (secure 0 0 0) 0x7efc8c01a8a0 con 0x7efc9c105720
2024-04-12T05:45:26.725 INFO:teuthology.orchestra.run.smithi008.stdout:/usr/bin/ceph: stderr
2024-04-12T05:45:25.732+0000 7efc8b7fe700 1 -- 172.21.15.8:0/3527279432 <== mon.0 v2:172.21.15.8:3300/0 4 ==== mgrmap(e 4) v1 ==== 45272+0+0 (secure 0 0 0) 0x7efc8c01aa00 con 0x7efc9c105720
2024-04-12T05:45:26.725 INFO:teuthology.orchestra.run.smithi008.stdout:/usr/bin/ceph: stderr
2024-04-12T05:45:25.733+0000 7efc8b7fe700 1 --2- 172.21.15.8:0/3527279432 >> [v2:172.21.15.8:6800/3166946531,v1:172.21.15.8:6801/3166946531] conn(0x7efc840382d0 0x7efc8403a790 unknown :-1 s=NONE pgs=0 cs=0 l=1 rev1=0 crypto rx=0 tx=0 comp rx=0 tx=0).connect
2024-04-12T05:45:26.725 INFO:teuthology.orchestra.run.smithi008.stdout:/usr/bin/ceph: stderr
2024-04-12T05:45:25.733+0000 7efca0b87700 1 -- 172.21.15.8:0/3527279432 --> [v2:172.21.15.8:3300/0,v1:172.21.15.8:6789/0] -- mon_command({"prefix": "get_command_descriptions"} v 0) v1 -- 0x7efc9c0623c0 con 0x7efc9c105720
2024-04-12T05:45:26.725 INFO:teuthology.orchestra.run.smithi008.stdout:/usr/bin/ceph: stderr
2024-04-12T05:45:25.733+0000 7efc8b7fe700 1 -- 172.21.15.8:0/3527279432 <== mon.0 v2:172.21.15.8:3300/0 5 ==== osd_map(1..1 src has 1..1) v4 ==== 725+0+0 (secure 0 0 0) 0x7efc8c04c1f0 con 0x7efc9c105720
2024-04-12T05:45:26.725 INFO:teuthology.orchestra.run.smithi008.stdout:/usr/bin/ceph: stderr
2024-04-12T05:45:25.733+0000 7efc99d9b700 1 --2- 172.21.15.8:0/3527279432 >> [v2:172.21.15.8:6800/3166946531,v1:172.21.15.8:6801/3166946531] conn(0x7efc840382d0 0x7efc8403a790 unknown :-1 s=BANNER_CONNECTING pgs=0 cs=0 l=1 rev1=0 crypto rx=0 tx=0 comp rx=0 tx=0)._handle_peer_banner_payload supported=3 required=0
2024-04-12T05:45:26.725 INFO:teuthology.orchestra.run.smithi008.stdout:/usr/bin/ceph: stderr
2024-04-12T05:45:25.733+0000 7efc99d9b700 1 --2- 172.21.15.8:0/3527279432 >> [v2:172.21.15.8:6800/3166946531,v1:172.21.15.8:6801/3166946531] conn(0x7efc840382d0 0x7efc8403a790 secure :-1 s=READY pgs=7 cs=0 l=1 rev1=1 crypto rx=0x7efc90006fd0 tx=0x7efc90006e40 comp rx=0 tx=0).ready entity=mgr.14100 client_cookie=0 server_cookie=0 in_seq=0 out_seq=0
2024-04-12T05:45:26.725 INFO:teuthology.orchestra.run.smithi008.stdout:/usr/bin/ceph: stderr
2024-04-12T05:45:25.738+0000 7efc8b7fe700 1 -- 172.21.15.8:0/3527279432 <== mon.0 v2:172.21.15.8:3300/0 6 ==== mon_command_ack([{"prefix": "get_command_descriptions"}]=0 v0) v1 ==== 72+0+180422 (secure 0 0 0) 0x7efc8c01acb0 con 0x7efc9c105720
2024-04-12T05:45:26.725 INFO:teuthology.orchestra.run.smithi008.stdout:/usr/bin/ceph: stderr
2024-04-12T05:45:25.932+0000 7efca0b87700 1 -- 172.21.15.8:0/3527279432 --> [v2:172.21.15.8:3300/0,v1:172.21.15.8:6789/0] -- mon_command({"prefix": "config assimilate-conf"} v 0) v1 -- 0x7efc9c19d950 con 0x7efc9c105720
2024-04-12T05:45:26.725 INFO:teuthology.orchestra.run.smithi008.stdout:/usr/bin/ceph: stderr
2024-04-12T05:45:25.933+0000 7efc8b7fe700 1 -- 172.21.15.8:0/3527279432 <== mon.0 v2:172.21.15.8:3300/0 7 ==== mon_command_ack([{"prefix": "config assimilate-conf"}]=0 v3) v1 ==== 70+0+373 (secure 0 0 0) 0x7efc8c019e40 con 0x7efc9c105720
2024-04-12T05:45:26.725 INFO:teuthology.orchestra.run.smithi008.stdout:/usr/bin/ceph: stderr
2024-04-12T05:45:25.935+0000 7efca0b87700 1 -- 172.21.15.8:0/3527279432 >> [v2:172.21.15.8:6800/3166946531,v1:172.21.15.8:6801/3166946531] conn(0x7efc840382d0 msgr2=0x7efc8403a790 secure :-1 s=STATE_CONNECTION_ESTABLISHED l=1).mark_down
2024-04-12T05:45:26.726 INFO:teuthology.orchestra.run.smithi008.stdout:/usr/bin/ceph: stderr
2024-04-12T05:45:25.935+0000 7efca0b87700 1 --2- 172.21.15.8:0/3527279432 >> [v2:172.21.15.8:6800/3166946531,v1:172.21.15.8:6801/3166946531] conn(0x7efc840382d0 0x7efc8403a790 secure :-1 s=READY pgs=7 cs=0 l=1 rev1=1 crypto rx=0x7efc90006fd0 tx=0x7efc90006e40 comp rx=0 tx=0).stop
2024-04-12T05:45:26.726 INFO:teuthology.orchestra.run.smithi008.stdout:/usr/bin/ceph: stderr
2024-04-12T05:45:25.936+0000 7efca0b87700 1 -- 172.21.15.8:0/3527279432 >> [v2:172.21.15.8:3300/0,v1:172.21.15.8:6789/0] conn(0x7efc9c105720 msgr2=0x7efc9c199f90 secure :-1 s=STATE_CONNECTION_ESTABLISHED l=1).mark_down
2024-04-12T05:45:26.726 INFO:teuthology.orchestra.run.smithi008.stdout:/usr/bin/ceph: stderr
2024-04-12T05:45:25.936+0000 7efca0b87700 1 --2- 172.21.15.8:0/3527279432 >> [v2:172.21.15.8:3300/0,v1:172.21.15.8:6789/0] conn(0x7efc9c105720 0x7efc9c199f90 secure :-1 s=READY pgs=19 cs=0 l=1 rev1=1 crypto rx=0x7efc8c006af0 tx=0x7efc8c011a30 comp rx=0 tx=0).stop
2024-04-12T05:45:26.726 INFO:teuthology.orchestra.run.smithi008.stdout:/usr/bin/ceph: stderr
2024-04-12T05:45:25.936+0000 7efca0b87700 1 -- 172.21.15.8:0/3527279432 shutdown_connections
2024-04-12T05:45:26.726 INFO:teuthology.orchestra.run.smithi008.stdout:/usr/bin/ceph: stderr
2024-04-12T05:45:25.936+0000 7efca0b87700 1 --2- 172.21.15.8:0/3527279432 >> [v2:172.21.15.8:6800/3166946531,v1:172.21.15.8:6801/3166946531] conn(0x7efc840382d0 0x7efc8403a790 unknown :-1 s=CLOSED pgs=7 cs=0 l=1 rev1=1 crypto rx=0 tx=0 comp rx=0 tx=0).stop
2024-04-12T05:45:26.726 INFO:teuthology.orchestra.run.smithi008.stdout:/usr/bin/ceph: stderr
2024-04-12T05:45:25.936+0000 7efca0b87700 1 --2- 172.21.15.8:0/3527279432 >> [v2:172.21.15.8:3300/0,v1:172.21.15.8:6789/0] conn(0x7efc9c105720 0x7efc9c199f90 unknown :-1 s=CLOSED pgs=19 cs=0 l=1 rev1=1 crypto rx=0 tx=0 comp rx=0 tx=0).stop
2024-04-12T05:45:26.726 INFO:teuthology.orchestra.run.smithi008.stdout:/usr/bin/ceph: stderr
2024-04-12T05:45:25.936+0000 7efca0b87700 1 -- 172.21.15.8:0/3527279432 >> 172.21.15.8:0/3527279432 conn(0x7efc9c0fff40 msgr2=0x7efc9c104b90 unknown :-1 s=STATE_NONE l=0).mark_down
2024-04-12T05:45:26.726 INFO:teuthology.orchestra.run.smithi008.stdout:/usr/bin/ceph: stderr
2024-04-12T05:45:25.936+0000 7efca0b87700 1 -- 172.21.15.8:0/3527279432 shutdown_connections
2024-04-12T05:45:26.726 INFO:teuthology.orchestra.run.smithi008.stdout:/usr/bin/ceph: stderr
2024-04-12T05:45:25.936+0000 7efca0b87700 1 -- 172.21.15.8:0/3527279432 wait complete.
2024-04-12T05:45:26.726 INFO:teuthology.orchestra.run.smithi008.stdout:Enabling cephadm module...
2024-04-12T05:45:27.904 INFO:journalctl@ceph.mon.smithi008.smithi008.stdout:Apr 12 05:45:27 smithi008 ceph-mon[39722]: from='client.? 172.21.15.8:0/1863476038' entity='client.admin' cmd=[{"prefix": "mgr module enable", "module": "cephadm"}]: dispatch
2024-04-12T05:45:28.330 INFO:teuthology.orchestra.run.smithi008.stdout:/usr/bin/ceph: stderr
2024-04-12T05:45:27.262+0000 7f8c870e1700 1 Processor -- start
2024-04-12T05:45:28.330 INFO:teuthology.orchestra.run.smithi008.stdout:/usr/bin/ceph: stderr
2024-04-12T05:45:27.262+0000 7f8c870e1700 1 -- start start
2024-04-12T05:45:28.330 INFO:teuthology.orchestra.run.smithi008.stdout:/usr/bin/ceph: stderr
2024-04-12T05:45:27.262+0000 7f8c870e1700 1 --2- >> [v2:172.21.15.8:3300/0,v1:172.21.15.8:6789/0] conn(0x7f8c80105720 0x7f8c80105b40 unknown :-1 s=NONE pgs=0 cs=0 l=0 rev1=0 crypto rx=0 tx=0 comp rx=0 tx=0).connect
2024-04-12T05:45:28.330 INFO:teuthology.orchestra.run.smithi008.stdout:/usr/bin/ceph: stderr
2024-04-12T05:45:27.262+0000 7f8c870e1700 1 -- --> [v2:172.21.15.8:3300/0,v1:172.21.15.8:6789/0] -- mon_getmap magic: 0 v1 -- 0x7f8c80106110 con 0x7f8c80105720
2024-04-12T05:45:28.330 INFO:teuthology.orchestra.run.smithi008.stdout:/usr/bin/ceph: stderr
2024-04-12T05:45:27.262+0000 7f8c84e7d700 1 --2- >> [v2:172.21.15.8:3300/0,v1:172.21.15.8:6789/0] conn(0x7f8c80105720 0x7f8c80105b40 unknown :-1 s=BANNER_CONNECTING pgs=0 cs=0 l=0 rev1=0 crypto rx=0 tx=0 comp rx=0 tx=0)._handle_peer_banner_payload supported=3 required=0
2024-04-12T05:45:28.330 INFO:teuthology.orchestra.run.smithi008.stdout:/usr/bin/ceph: stderr
2024-04-12T05:45:27.262+0000 7f8c84e7d700 1 --2- >> [v2:172.21.15.8:3300/0,v1:172.21.15.8:6789/0] conn(0x7f8c80105720 0x7f8c80105b40 unknown :-1 s=HELLO_CONNECTING pgs=0 cs=0 l=0 rev1=1 crypto rx=0 tx=0 comp rx=0 tx=0).handle_hello peer v2:172.21.15.8:3300/0 says I am v2:172.21.15.8:49048/0 (socket says 172.21.15.8:49048)
2024-04-12T05:45:28.331 INFO:teuthology.orchestra.run.smithi008.stdout:/usr/bin/ceph: stderr
2024-04-12T05:45:27.262+0000 7f8c84e7d700 1 -- 172.21.15.8:0/1789245934 learned_addr learned my addr 172.21.15.8:0/1789245934 (peer_addr_for_me v2:172.21.15.8:0/0)
2024-04-12T05:45:28.331 INFO:teuthology.orchestra.run.smithi008.stdout:/usr/bin/ceph: stderr
2024-04-12T05:45:27.263+0000 7f8c84e7d700 1 -- 172.21.15.8:0/1789245934 --> [v2:172.21.15.8:3300/0,v1:172.21.15.8:6789/0] -- mon_subscribe({config=0+,monmap=0+}) v3 -- 0x7f8c80106440 con 0x7f8c80105720
2024-04-12T05:45:28.331 INFO:teuthology.orchestra.run.smithi008.stdout:/usr/bin/ceph: stderr
2024-04-12T05:45:27.263+0000 7f8c84e7d700 1 --2- 172.21.15.8:0/1789245934 >> [v2:172.21.15.8:3300/0,v1:172.21.15.8:6789/0] conn(0x7f8c80105720 0x7f8c80105b40 secure :-1 s=READY pgs=20 cs=0 l=1 rev1=1 crypto rx=0x7f8c7400bb40 tx=0x7f8c7400be50 comp rx=0 tx=0).ready entity=mon.0 client_cookie=de60c9db4f49208b server_cookie=0 in_seq=0 out_seq=0
2024-04-12T05:45:28.331 INFO:teuthology.orchestra.run.smithi008.stdout:/usr/bin/ceph: stderr
2024-04-12T05:45:27.263+0000 7f8c7f7fe700 1 -- 172.21.15.8:0/1789245934 <== mon.0 v2:172.21.15.8:3300/0 1 ==== mon_map magic: 0 v1 ==== 229+0+0 (secure 0 0 0) 0x7f8c7400dc00 con 0x7f8c80105720
2024-04-12T05:45:28.331 INFO:teuthology.orchestra.run.smithi008.stdout:/usr/bin/ceph: stderr
2024-04-12T05:45:27.263+0000 7f8c7f7fe700 1 -- 172.21.15.8:0/1789245934 <== mon.0 v2:172.21.15.8:3300/0 2 ==== config(26 keys) v1 ==== 1002+0+0 (secure 0 0 0) 0x7f8c74004480 con 0x7f8c80105720
2024-04-12T05:45:28.331 INFO:teuthology.orchestra.run.smithi008.stdout:/usr/bin/ceph: stderr
2024-04-12T05:45:27.263+0000 7f8c7f7fe700 1 -- 172.21.15.8:0/1789245934 <== mon.0 v2:172.21.15.8:3300/0 3 ==== mon_map magic: 0 v1 ==== 229+0+0 (secure 0 0 0) 0x7f8c74003e60 con 0x7f8c80105720
2024-04-12T05:45:28.331 INFO:teuthology.orchestra.run.smithi008.stdout:/usr/bin/ceph: stderr
2024-04-12T05:45:27.263+0000 7f8c870e1700 1 -- 172.21.15.8:0/1789245934 >> [v2:172.21.15.8:3300/0,v1:172.21.15.8:6789/0] conn(0x7f8c80105720 msgr2=0x7f8c80105b40 secure :-1 s=STATE_CONNECTION_ESTABLISHED l=1).mark_down
2024-04-12T05:45:28.331 INFO:teuthology.orchestra.run.smithi008.stdout:/usr/bin/ceph: stderr
2024-04-12T05:45:27.263+0000 7f8c870e1700 1 --2- 172.21.15.8:0/1789245934 >> [v2:172.21.15.8:3300/0,v1:172.21.15.8:6789/0] conn(0x7f8c80105720 0x7f8c80105b40 secure :-1 s=READY pgs=20 cs=0 l=1 rev1=1 crypto rx=0x7f8c7400bb40 tx=0x7f8c7400be50 comp rx=0 tx=0).stop
2024-04-12T05:45:28.331 INFO:teuthology.orchestra.run.smithi008.stdout:/usr/bin/ceph: stderr
2024-04-12T05:45:27.264+0000 7f8c870e1700 1 -- 172.21.15.8:0/1789245934 shutdown_connections
2024-04-12T05:45:28.331 INFO:teuthology.orchestra.run.smithi008.stdout:/usr/bin/ceph: stderr
2024-04-12T05:45:27.264+0000 7f8c870e1700 1 --2- 172.21.15.8:0/1789245934 >> [v2:172.21.15.8:3300/0,v1:172.21.15.8:6789/0] conn(0x7f8c80105720 0x7f8c80105b40 unknown :-1 s=CLOSED pgs=20 cs=0 l=1 rev1=1 crypto rx=0 tx=0 comp rx=0 tx=0).stop
2024-04-12T05:45:28.331 INFO:teuthology.orchestra.run.smithi008.stdout:/usr/bin/ceph: stderr
2024-04-12T05:45:27.264+0000 7f8c870e1700 1 -- 172.21.15.8:0/1789245934 >> 172.21.15.8:0/1789245934 conn(0x7f8c800fff40 msgr2=0x7f8c80102380 unknown :-1 s=STATE_NONE l=0).mark_down
2024-04-12T05:45:28.331 INFO:teuthology.orchestra.run.smithi008.stdout:/usr/bin/ceph: stderr
2024-04-12T05:45:27.264+0000 7f8c870e1700 1 -- 172.21.15.8:0/1789245934 shutdown_connections
2024-04-12T05:45:28.331 INFO:teuthology.orchestra.run.smithi008.stdout:/usr/bin/ceph: stderr
2024-04-12T05:45:27.264+0000 7f8c870e1700 1 -- 172.21.15.8:0/1789245934 wait complete.
2024-04-12T05:45:28.332 INFO:teuthology.orchestra.run.smithi008.stdout:/usr/bin/ceph: stderr
2024-04-12T05:45:27.264+0000 7f8c870e1700 1 Processor -- start
2024-04-12T05:45:28.332 INFO:teuthology.orchestra.run.smithi008.stdout:/usr/bin/ceph: stderr
2024-04-12T05:45:27.264+0000 7f8c870e1700 1 -- start start
2024-04-12T05:45:28.332 INFO:teuthology.orchestra.run.smithi008.stdout:/usr/bin/ceph: stderr
2024-04-12T05:45:27.265+0000 7f8c870e1700 1 --2- >> [v2:172.21.15.8:3300/0,v1:172.21.15.8:6789/0] conn(0x7f8c80105720 0x7f8c80197db0 unknown :-1 s=NONE pgs=0 cs=0 l=1 rev1=0 crypto rx=0 tx=0 comp rx=0 tx=0).connect
2024-04-12T05:45:28.332 INFO:teuthology.orchestra.run.smithi008.stdout:/usr/bin/ceph: stderr
2024-04-12T05:45:27.265+0000 7f8c870e1700 1 -- --> [v2:172.21.15.8:3300/0,v1:172.21.15.8:6789/0] -- mon_getmap magic: 0 v1 -- 0x7f8c801982f0 con 0x7f8c80105720
2024-04-12T05:45:28.332 INFO:teuthology.orchestra.run.smithi008.stdout:/usr/bin/ceph: stderr
2024-04-12T05:45:27.265+0000 7f8c84e7d700 1 --2- >> [v2:172.21.15.8:3300/0,v1:172.21.15.8:6789/0] conn(0x7f8c80105720 0x7f8c80197db0 unknown :-1 s=BANNER_CONNECTING pgs=0 cs=0 l=1 rev1=0 crypto rx=0 tx=0 comp rx=0 tx=0)._handle_peer_banner_payload supported=3 required=0
2024-04-12T05:45:28.332 INFO:teuthology.orchestra.run.smithi008.stdout:/usr/bin/ceph: stderr
2024-04-12T05:45:27.265+0000 7f8c84e7d700 1 --2- >> [v2:172.21.15.8:3300/0,v1:172.21.15.8:6789/0] conn(0x7f8c80105720 0x7f8c80197db0 unknown :-1 s=HELLO_CONNECTING pgs=0 cs=0 l=1 rev1=1 crypto rx=0 tx=0 comp rx=0 tx=0).handle_hello peer v2:172.21.15.8:3300/0 says I am v2:172.21.15.8:49064/0 (socket says 172.21.15.8:49064)
2024-04-12T05:45:28.332 INFO:teuthology.orchestra.run.smithi008.stdout:/usr/bin/ceph: stderr
2024-04-12T05:45:27.265+0000 7f8c84e7d700 1 -- 172.21.15.8:0/1863476038 learned_addr learned my addr 172.21.15.8:0/1863476038 (peer_addr_for_me v2:172.21.15.8:0/0)
2024-04-12T05:45:28.332 INFO:teuthology.orchestra.run.smithi008.stdout:/usr/bin/ceph: stderr
2024-04-12T05:45:27.265+0000 7f8c84e7d700 1 -- 172.21.15.8:0/1863476038 --> [v2:172.21.15.8:3300/0,v1:172.21.15.8:6789/0] -- mon_subscribe({config=0+,monmap=0+}) v3 -- 0x7f8c7400b7f0 con 0x7f8c80105720
2024-04-12T05:45:28.332 INFO:teuthology.orchestra.run.smithi008.stdout:/usr/bin/ceph: stderr
2024-04-12T05:45:27.265+0000 7f8c84e7d700 1 --2- 172.21.15.8:0/1863476038 >> [v2:172.21.15.8:3300/0,v1:172.21.15.8:6789/0] conn(0x7f8c80105720 0x7f8c80197db0 secure :-1 s=READY pgs=21 cs=0 l=1 rev1=1 crypto rx=0x7f8c740104d0 tx=0x7f8c74003fb0 comp rx=0 tx=0).ready entity=mon.0 client_cookie=0 server_cookie=0 in_seq=0 out_seq=0
2024-04-12T05:45:28.332 INFO:teuthology.orchestra.run.smithi008.stdout:/usr/bin/ceph: stderr
2024-04-12T05:45:27.265+0000 7f8c7dffb700 1 -- 172.21.15.8:0/1863476038 <== mon.0 v2:172.21.15.8:3300/0 1 ==== mon_map magic: 0 v1 ==== 229+0+0 (secure 0 0 0) 0x7f8c7401e070 con 0x7f8c80105720
2024-04-12T05:45:28.332 INFO:teuthology.orchestra.run.smithi008.stdout:/usr/bin/ceph: stderr
2024-04-12T05:45:27.265+0000 7f8c7dffb700 1 -- 172.21.15.8:0/1863476038 <== mon.0 v2:172.21.15.8:3300/0 2 ==== config(26 keys) v1 ==== 1002+0+0 (secure 0 0 0) 0x7f8c740109a0 con 0x7f8c80105720
2024-04-12T05:45:28.332 INFO:teuthology.orchestra.run.smithi008.stdout:/usr/bin/ceph: stderr
2024-04-12T05:45:27.265+0000 7f8c870e1700 1 -- 172.21.15.8:0/1863476038 --> [v2:172.21.15.8:3300/0,v1:172.21.15.8:6789/0] -- mon_subscribe({mgrmap=0+}) v3 -- 0x7f8c801984f0 con 0x7f8c80105720
2024-04-12T05:45:28.332 INFO:teuthology.orchestra.run.smithi008.stdout:/usr/bin/ceph: stderr
2024-04-12T05:45:27.265+0000 7f8c7dffb700 1 -- 172.21.15.8:0/1863476038 <== mon.0 v2:172.21.15.8:3300/0 3 ==== mon_map magic: 0 v1 ==== 229+0+0 (secure 0 0 0) 0x7f8c74022a30 con 0x7f8c80105720
2024-04-12T05:45:28.332 INFO:teuthology.orchestra.run.smithi008.stdout:/usr/bin/ceph: stderr
2024-04-12T05:45:27.266+0000 7f8c870e1700 1 -- 172.21.15.8:0/1863476038 --> [v2:172.21.15.8:3300/0,v1:172.21.15.8:6789/0] -- mon_subscribe({osdmap=0}) v3 -- 0x7f8c80198910 con 0x7f8c80105720
2024-04-12T05:45:28.332 INFO:teuthology.orchestra.run.smithi008.stdout:/usr/bin/ceph: stderr
2024-04-12T05:45:27.266+0000 7f8c7dffb700 1 -- 172.21.15.8:0/1863476038 <== mon.0 v2:172.21.15.8:3300/0 4 ==== mgrmap(e 4) v1 ==== 45272+0+0 (secure 0 0 0) 0x7f8c7402c440 con 0x7f8c80105720
2024-04-12T05:45:28.332 INFO:teuthology.orchestra.run.smithi008.stdout:/usr/bin/ceph: stderr
2024-04-12T05:45:27.266+0000 7f8c7dffb700 1 --2- 172.21.15.8:0/1863476038 >> [v2:172.21.15.8:6800/3166946531,v1:172.21.15.8:6801/3166946531] conn(0x7f8c70038320 0x7f8c7003a7e0 unknown :-1 s=NONE pgs=0 cs=0 l=1 rev1=0 crypto rx=0 tx=0 comp rx=0 tx=0).connect
2024-04-12T05:45:28.333 INFO:teuthology.orchestra.run.smithi008.stdout:/usr/bin/ceph: stderr
2024-04-12T05:45:27.266+0000 7f8c7dffb700 1 -- 172.21.15.8:0/1863476038 <== mon.0 v2:172.21.15.8:3300/0 5 ==== osd_map(1..1 src has 1..1) v4 ==== 725+0+0 (secure 0 0 0) 0x7f8c7404e760 con 0x7f8c80105720
2024-04-12T05:45:28.333 INFO:teuthology.orchestra.run.smithi008.stdout:/usr/bin/ceph: stderr
2024-04-12T05:45:27.267+0000 7f8c7ffff700 1 --2- 172.21.15.8:0/1863476038 >> [v2:172.21.15.8:6800/3166946531,v1:172.21.15.8:6801/3166946531] conn(0x7f8c70038320 0x7f8c7003a7e0 unknown :-1 s=BANNER_CONNECTING pgs=0 cs=0 l=1 rev1=0 crypto rx=0 tx=0 comp rx=0 tx=0)._handle_peer_banner_payload supported=3 required=0
2024-04-12T05:45:28.333 INFO:teuthology.orchestra.run.smithi008.stdout:/usr/bin/ceph: stderr
2024-04-12T05:45:27.267+0000 7f8c870e1700 1 -- 172.21.15.8:0/1863476038 --> [v2:172.21.15.8:3300/0,v1:172.21.15.8:6789/0] -- mon_command({"prefix": "get_command_descriptions"} v 0) v1 -- 0x7f8c80191ad0 con 0x7f8c80105720
2024-04-12T05:45:28.333 INFO:teuthology.orchestra.run.smithi008.stdout:/usr/bin/ceph: stderr
2024-04-12T05:45:27.267+0000 7f8c7ffff700 1 --2- 172.21.15.8:0/1863476038 >> [v2:172.21.15.8:6800/3166946531,v1:172.21.15.8:6801/3166946531] conn(0x7f8c70038320 0x7f8c7003a7e0 secure :-1 s=READY pgs=8 cs=0 l=1 rev1=1 crypto rx=0x7f8c6c006fd0 tx=0x7f8c6c006e40 comp rx=0 tx=0).ready entity=mgr.14100 client_cookie=0 server_cookie=0 in_seq=0 out_seq=0
2024-04-12T05:45:28.333 INFO:teuthology.orchestra.run.smithi008.stdout:/usr/bin/ceph: stderr
2024-04-12T05:45:27.271+0000 7f8c7dffb700 1 -- 172.21.15.8:0/1863476038 <== mon.0 v2:172.21.15.8:3300/0 6 ==== mon_command_ack([{"prefix": "get_command_descriptions"}]=0 v0) v1 ==== 72+0+180422 (secure 0 0 0) 0x7f8c74027030 con 0x7f8c80105720
2024-04-12T05:45:28.333 INFO:teuthology.orchestra.run.smithi008.stdout:/usr/bin/ceph: stderr
2024-04-12T05:45:27.524+0000 7f8c870e1700 1 -- 172.21.15.8:0/1863476038 --> [v2:172.21.15.8:3300/0,v1:172.21.15.8:6789/0] -- mon_command({"prefix": "mgr module enable", "module": "cephadm"} v 0) v1 -- 0x7f8c801071f0 con 0x7f8c80105720
2024-04-12T05:45:28.333 INFO:teuthology.orchestra.run.smithi008.stdout:/usr/bin/ceph: stderr
2024-04-12T05:45:27.577+0000 7f8c7dffb700 1 -- 172.21.15.8:0/1863476038 <== mon.0 v2:172.21.15.8:3300/0 7 ==== mgrmap(e 5) v1 ==== 45283+0+0 (secure 0 0 0) 0x7f8c7402c740 con 0x7f8c80105720
2024-04-12T05:45:28.333 INFO:teuthology.orchestra.run.smithi008.stdout:/usr/bin/ceph: stderr
2024-04-12T05:45:27.578+0000 7f8c7dffb700 1 -- 172.21.15.8:0/1863476038 <== mon.0 v2:172.21.15.8:3300/0 8 ==== mon_command_ack([{"prefix": "mgr module enable", "module": "cephadm"}]=0 v5) v1 ==== 86+0+0 (secure 0 0 0) 0x7f8c7402a950 con 0x7f8c80105720
2024-04-12T05:45:28.333 INFO:teuthology.orchestra.run.smithi008.stdout:/usr/bin/ceph: stderr
2024-04-12T05:45:27.582+0000 7f8c870e1700 1 -- 172.21.15.8:0/1863476038 >> [v2:172.21.15.8:6800/3166946531,v1:172.21.15.8:6801/3166946531] conn(0x7f8c70038320 msgr2=0x7f8c7003a7e0 secure :-1 s=STATE_CONNECTION_ESTABLISHED l=1).mark_down
2024-04-12T05:45:28.333 INFO:teuthology.orchestra.run.smithi008.stdout:/usr/bin/ceph: stderr
2024-04-12T05:45:27.582+0000 7f8c870e1700 1 --2- 172.21.15.8:0/1863476038 >> [v2:172.21.15.8:6800/3166946531,v1:172.21.15.8:6801/3166946531] conn(0x7f8c70038320 0x7f8c7003a7e0 secure :-1 s=READY pgs=8 cs=0 l=1 rev1=1 crypto rx=0x7f8c6c006fd0 tx=0x7f8c6c006e40 comp rx=0 tx=0).stop
2024-04-12T05:45:28.333 INFO:teuthology.orchestra.run.smithi008.stdout:/usr/bin/ceph: stderr
2024-04-12T05:45:27.582+0000 7f8c870e1700 1 -- 172.21.15.8:0/1863476038 >> [v2:172.21.15.8:3300/0,v1:172.21.15.8:6789/0] conn(0x7f8c80105720 msgr2=0x7f8c80197db0 secure :-1 s=STATE_CONNECTION_ESTABLISHED l=1).mark_down
2024-04-12T05:45:28.333 INFO:teuthology.orchestra.run.smithi008.stdout:/usr/bin/ceph: stderr
2024-04-12T05:45:27.582+0000 7f8c870e1700 1 --2- 172.21.15.8:0/1863476038 >> [v2:172.21.15.8:3300/0,v1:172.21.15.8:6789/0] conn(0x7f8c80105720 0x7f8c80197db0 secure :-1 s=READY pgs=21 cs=0 l=1 rev1=1 crypto rx=0x7f8c740104d0 tx=0x7f8c74003fb0 comp rx=0 tx=0).stop
2024-04-12T05:45:28.333 INFO:teuthology.orchestra.run.smithi008.stdout:/usr/bin/ceph: stderr
2024-04-12T05:45:27.582+0000 7f8c870e1700 1 -- 172.21.15.8:0/1863476038 shutdown_connections
2024-04-12T05:45:28.334 INFO:teuthology.orchestra.run.smithi008.stdout:/usr/bin/ceph: stderr
2024-04-12T05:45:27.582+0000 7f8c870e1700 1 --2- 172.21.15.8:0/1863476038 >> [v2:172.21.15.8:6800/3166946531,v1:172.21.15.8:6801/3166946531] conn(0x7f8c70038320 0x7f8c7003a7e0 unknown :-1 s=CLOSED pgs=8 cs=0 l=1 rev1=1 crypto rx=0 tx=0 comp rx=0 tx=0).stop
2024-04-12T05:45:28.334 INFO:teuthology.orchestra.run.smithi008.stdout:/usr/bin/ceph: stderr
2024-04-12T05:45:27.582+0000 7f8c870e1700 1 --2- 172.21.15.8:0/1863476038 >> [v2:172.21.15.8:3300/0,v1:172.21.15.8:6789/0] conn(0x7f8c80105720 0x7f8c80197db0 unknown :-1 s=CLOSED pgs=21 cs=0 l=1 rev1=1 crypto rx=0 tx=0 comp rx=0 tx=0).stop
2024-04-12T05:45:28.334 INFO:teuthology.orchestra.run.smithi008.stdout:/usr/bin/ceph: stderr
2024-04-12T05:45:27.582+0000 7f8c870e1700 1 -- 172.21.15.8:0/1863476038 >> 172.21.15.8:0/1863476038 conn(0x7f8c800fff40 msgr2=0x7f8c8018ec10 unknown :-1 s=STATE_NONE l=0).mark_down
2024-04-12T05:45:28.334 INFO:teuthology.orchestra.run.smithi008.stdout:/usr/bin/ceph: stderr
2024-04-12T05:45:27.582+0000 7f8c870e1700 1 -- 172.21.15.8:0/1863476038 shutdown_connections
2024-04-12T05:45:28.334 INFO:teuthology.orchestra.run.smithi008.stdout:/usr/bin/ceph: stderr
2024-04-12T05:45:27.582+0000 7f8c870e1700 1 -- 172.21.15.8:0/1863476038 wait complete.
2024-04-12T05:45:28.904 INFO:journalctl@ceph.mon.smithi008.smithi008.stdout:Apr 12 05:45:28 smithi008 ceph-mon[39722]: from='client.? 172.21.15.8:0/1863476038' entity='client.admin' cmd='[{"prefix": "mgr module enable", "module": "cephadm"}]': finished
2024-04-12T05:45:28.904 INFO:journalctl@ceph.mon.smithi008.smithi008.stdout:Apr 12 05:45:28 smithi008 ceph-mon[39722]: mgrmap e5: smithi008.ixmnlp(active, since 10s)
2024-04-12T05:45:29.863 INFO:teuthology.orchestra.run.smithi008.stdout:/usr/bin/ceph: stdout {
2024-04-12T05:45:29.863 INFO:teuthology.orchestra.run.smithi008.stdout:/usr/bin/ceph: stdout "epoch": 5,
2024-04-12T05:45:29.863 INFO:teuthology.orchestra.run.smithi008.stdout:/usr/bin/ceph: stdout "available": true,
2024-04-12T05:45:29.863 INFO:teuthology.orchestra.run.smithi008.stdout:/usr/bin/ceph: stdout "active_name": "smithi008.ixmnlp",
2024-04-12T05:45:29.863 INFO:teuthology.orchestra.run.smithi008.stdout:/usr/bin/ceph: stdout "num_standby": 0
2024-04-12T05:45:29.864 INFO:teuthology.orchestra.run.smithi008.stdout:/usr/bin/ceph: stdout }
2024-04-12T05:45:29.864 INFO:teuthology.orchestra.run.smithi008.stdout:/usr/bin/ceph: stderr
2024-04-12T05:45:28.900+0000 7f917a2f9700 1 Processor -- start
2024-04-12T05:45:29.864 INFO:teuthology.orchestra.run.smithi008.stdout:/usr/bin/ceph: stderr
2024-04-12T05:45:28.900+0000 7f917a2f9700 1 -- start start
2024-04-12T05:45:29.864 INFO:teuthology.orchestra.run.smithi008.stdout:/usr/bin/ceph: stderr
2024-04-12T05:45:28.900+0000 7f917a2f9700 1 --2- >> [v2:172.21.15.8:3300/0,v1:172.21.15.8:6789/0] conn(0x7f9174106330 0x7f9174106750 unknown :-1 s=NONE pgs=0 cs=0 l=0 rev1=0 crypto rx=0 tx=0 comp rx=0 tx=0).connect
2024-04-12T05:45:29.864 INFO:teuthology.orchestra.run.smithi008.stdout:/usr/bin/ceph: stderr
2024-04-12T05:45:28.900+0000 7f917a2f9700 1 -- --> [v2:172.21.15.8:3300/0,v1:172.21.15.8:6789/0] -- mon_getmap magic: 0 v1 -- 0x7f9174106d20 con 0x7f9174106330
2024-04-12T05:45:29.864 INFO:teuthology.orchestra.run.smithi008.stdout:/usr/bin/ceph: stderr
2024-04-12T05:45:28.900+0000 7f9173fff700 1 --2- >> [v2:172.21.15.8:3300/0,v1:172.21.15.8:6789/0] conn(0x7f9174106330 0x7f9174106750 unknown :-1 s=BANNER_CONNECTING pgs=0 cs=0 l=0 rev1=0 crypto rx=0 tx=0 comp rx=0 tx=0)._handle_peer_banner_payload supported=3 required=0
2024-04-12T05:45:29.864 INFO:teuthology.orchestra.run.smithi008.stdout:/usr/bin/ceph: stderr
2024-04-12T05:45:28.900+0000 7f9173fff700 1 --2- >> [v2:172.21.15.8:3300/0,v1:172.21.15.8:6789/0] conn(0x7f9174106330 0x7f9174106750 unknown :-1 s=HELLO_CONNECTING pgs=0 cs=0 l=0 rev1=1 crypto rx=0 tx=0 comp rx=0 tx=0).handle_hello peer v2:172.21.15.8:3300/0 says I am v2:172.21.15.8:49096/0 (socket says 172.21.15.8:49096)
2024-04-12T05:45:29.864 INFO:teuthology.orchestra.run.smithi008.stdout:/usr/bin/ceph: stderr
2024-04-12T05:45:28.900+0000 7f9173fff700 1 -- 172.21.15.8:0/80235709 learned_addr learned my addr 172.21.15.8:0/80235709 (peer_addr_for_me v2:172.21.15.8:0/0)
2024-04-12T05:45:29.864 INFO:teuthology.orchestra.run.smithi008.stdout:/usr/bin/ceph: stderr
2024-04-12T05:45:28.900+0000 7f9173fff700 1 -- 172.21.15.8:0/80235709 --> [v2:172.21.15.8:3300/0,v1:172.21.15.8:6789/0] -- mon_subscribe({config=0+,monmap=0+}) v3 -- 0x7f9174107530 con 0x7f9174106330
2024-04-12T05:45:29.864 INFO:teuthology.orchestra.run.smithi008.stdout:/usr/bin/ceph: stderr
2024-04-12T05:45:28.901+0000 7f9173fff700 1 --2- 172.21.15.8:0/80235709 >> [v2:172.21.15.8:3300/0,v1:172.21.15.8:6789/0] conn(0x7f9174106330 0x7f9174106750 secure :-1 s=READY pgs=24 cs=0 l=1 rev1=1 crypto rx=0x7f91640098a0 tx=0x7f9164009bb0 comp rx=0 tx=0).ready entity=mon.0 client_cookie=a56d4419bb7172bf server_cookie=0 in_seq=0 out_seq=0
2024-04-12T05:45:29.864 INFO:teuthology.orchestra.run.smithi008.stdout:/usr/bin/ceph: stderr
2024-04-12T05:45:28.901+0000 7f9172ffd700 1 -- 172.21.15.8:0/80235709 <== mon.0 v2:172.21.15.8:3300/0 1 ==== mon_map magic: 0 v1 ==== 229+0+0 (secure 0 0 0) 0x7f9164004180 con 0x7f9174106330
2024-04-12T05:45:29.864 INFO:teuthology.orchestra.run.smithi008.stdout:/usr/bin/ceph: stderr
2024-04-12T05:45:28.901+0000 7f9172ffd700 1 -- 172.21.15.8:0/80235709 <== mon.0 v2:172.21.15.8:3300/0 2 ==== config(26 keys) v1 ==== 1002+0+0 (secure 0 0 0) 0x7f91640042e0 con 0x7f9174106330
2024-04-12T05:45:29.865 INFO:teuthology.orchestra.run.smithi008.stdout:/usr/bin/ceph: stderr
2024-04-12T05:45:28.901+0000 7f9172ffd700 1 -- 172.21.15.8:0/80235709 <== mon.0 v2:172.21.15.8:3300/0 3 ==== mon_map magic: 0 v1 ==== 229+0+0 (secure 0 0 0) 0x7f91640119d0 con 0x7f9174106330
2024-04-12T05:45:29.865 INFO:teuthology.orchestra.run.smithi008.stdout:/usr/bin/ceph: stderr
2024-04-12T05:45:28.901+0000 7f917a2f9700 1 -- 172.21.15.8:0/80235709 >> [v2:172.21.15.8:3300/0,v1:172.21.15.8:6789/0] conn(0x7f9174106330 msgr2=0x7f9174106750 secure :-1 s=STATE_CONNECTION_ESTABLISHED l=1).mark_down
2024-04-12T05:45:29.865 INFO:teuthology.orchestra.run.smithi008.stdout:/usr/bin/ceph: stderr
2024-04-12T05:45:28.901+0000 7f917a2f9700 1 --2- 172.21.15.8:0/80235709 >> [v2:172.21.15.8:3300/0,v1:172.21.15.8:6789/0] conn(0x7f9174106330 0x7f9174106750 secure :-1 s=READY pgs=24 cs=0 l=1 rev1=1 crypto rx=0x7f91640098a0 tx=0x7f9164009bb0 comp rx=0 tx=0).stop
2024-04-12T05:45:29.865 INFO:teuthology.orchestra.run.smithi008.stdout:/usr/bin/ceph: stderr
2024-04-12T05:45:28.901+0000 7f917a2f9700 1 -- 172.21.15.8:0/80235709 shutdown_connections
2024-04-12T05:45:29.865 INFO:teuthology.orchestra.run.smithi008.stdout:/usr/bin/ceph: stderr
2024-04-12T05:45:28.901+0000 7f917a2f9700 1 --2- 172.21.15.8:0/80235709 >> [v2:172.21.15.8:3300/0,v1:172.21.15.8:6789/0] conn(0x7f9174106330 0x7f9174106750 unknown :-1 s=CLOSED pgs=24 cs=0 l=1 rev1=1 crypto rx=0 tx=0 comp rx=0 tx=0).stop
2024-04-12T05:45:29.865 INFO:teuthology.orchestra.run.smithi008.stdout:/usr/bin/ceph: stderr
2024-04-12T05:45:28.901+0000 7f917a2f9700 1 -- 172.21.15.8:0/80235709 >> 172.21.15.8:0/80235709 conn(0x7f91741018d0 msgr2=0x7f9174103d10 unknown :-1 s=STATE_NONE l=0).mark_down
2024-04-12T05:45:29.865 INFO:teuthology.orchestra.run.smithi008.stdout:/usr/bin/ceph: stderr
2024-04-12T05:45:28.901+0000 7f917a2f9700 1 -- 172.21.15.8:0/80235709 shutdown_connections
2024-04-12T05:45:29.865 INFO:teuthology.orchestra.run.smithi008.stdout:/usr/bin/ceph: stderr
2024-04-12T05:45:28.901+0000 7f917a2f9700 1 -- 172.21.15.8:0/80235709 wait complete.
2024-04-12T05:45:29.865 INFO:teuthology.orchestra.run.smithi008.stdout:/usr/bin/ceph: stderr
2024-04-12T05:45:28.902+0000 7f917a2f9700 1 Processor -- start
2024-04-12T05:45:29.865 INFO:teuthology.orchestra.run.smithi008.stdout:/usr/bin/ceph: stderr
2024-04-12T05:45:28.902+0000 7f917a2f9700 1 -- start start
2024-04-12T05:45:29.865 INFO:teuthology.orchestra.run.smithi008.stdout:/usr/bin/ceph: stderr
2024-04-12T05:45:28.903+0000 7f917a2f9700 1 --2- >> [v2:172.21.15.8:3300/0,v1:172.21.15.8:6789/0] conn(0x7f9174106330 0x7f9174199fd0 unknown :-1 s=NONE pgs=0 cs=0 l=1 rev1=0 crypto rx=0 tx=0 comp rx=0 tx=0).connect
2024-04-12T05:45:29.865 INFO:teuthology.orchestra.run.smithi008.stdout:/usr/bin/ceph: stderr
2024-04-12T05:45:28.903+0000 7f917a2f9700 1 -- --> [v2:172.21.15.8:3300/0,v1:172.21.15.8:6789/0] -- mon_getmap magic: 0 v1 -- 0x7f917419a510 con 0x7f9174106330
2024-04-12T05:45:29.865 INFO:teuthology.orchestra.run.smithi008.stdout:/usr/bin/ceph: stderr
2024-04-12T05:45:28.903+0000 7f9173fff700 1 --2- >> [v2:172.21.15.8:3300/0,v1:172.21.15.8:6789/0] conn(0x7f9174106330 0x7f9174199fd0 unknown :-1 s=BANNER_CONNECTING pgs=0 cs=0 l=1 rev1=0 crypto rx=0 tx=0 comp rx=0 tx=0)._handle_peer_banner_payload supported=3 required=0
2024-04-12T05:45:29.866 INFO:teuthology.orchestra.run.smithi008.stdout:/usr/bin/ceph: stderr
2024-04-12T05:45:28.903+0000 7f9173fff700 1 --2- >> [v2:172.21.15.8:3300/0,v1:172.21.15.8:6789/0] conn(0x7f9174106330 0x7f9174199fd0 unknown :-1 s=HELLO_CONNECTING pgs=0 cs=0 l=1 rev1=1 crypto rx=0 tx=0 comp rx=0 tx=0).handle_hello peer v2:172.21.15.8:3300/0 says I am v2:172.21.15.8:49108/0 (socket says 172.21.15.8:49108)
2024-04-12T05:45:29.866 INFO:teuthology.orchestra.run.smithi008.stdout:/usr/bin/ceph: stderr
2024-04-12T05:45:28.903+0000 7f9173fff700 1 -- 172.21.15.8:0/2088353375 learned_addr learned my addr 172.21.15.8:0/2088353375 (peer_addr_for_me v2:172.21.15.8:0/0)
2024-04-12T05:45:29.866 INFO:teuthology.orchestra.run.smithi008.stdout:/usr/bin/ceph: stderr
2024-04-12T05:45:28.903+0000 7f9173fff700 1 -- 172.21.15.8:0/2088353375 --> [v2:172.21.15.8:3300/0,v1:172.21.15.8:6789/0] -- mon_subscribe({config=0+,monmap=0+}) v3 -- 0x7f9164009550 con 0x7f9174106330
2024-04-12T05:45:29.866 INFO:teuthology.orchestra.run.smithi008.stdout:/usr/bin/ceph: stderr
2024-04-12T05:45:28.903+0000 7f9173fff700 1 --2- 172.21.15.8:0/2088353375 >> [v2:172.21.15.8:3300/0,v1:172.21.15.8:6789/0] conn(0x7f9174106330 0x7f9174199fd0 secure :-1 s=READY pgs=25 cs=0 l=1 rev1=1 crypto rx=0x7f9164006af0 tx=0x7f9164011a30 comp rx=0 tx=0).ready entity=mon.0 client_cookie=0 server_cookie=0 in_seq=0 out_seq=0
2024-04-12T05:45:29.866 INFO:teuthology.orchestra.run.smithi008.stdout:/usr/bin/ceph: stderr
2024-04-12T05:45:28.903+0000 7f91717fa700 1 -- 172.21.15.8:0/2088353375 <== mon.0 v2:172.21.15.8:3300/0 1 ==== mon_map magic: 0 v1 ==== 229+0+0 (secure 0 0 0) 0x7f9164024430 con 0x7f9174106330
2024-04-12T05:45:29.866 INFO:teuthology.orchestra.run.smithi008.stdout:/usr/bin/ceph: stderr
2024-04-12T05:45:28.904+0000 7f917a2f9700 1 -- 172.21.15.8:0/2088353375 --> [v2:172.21.15.8:3300/0,v1:172.21.15.8:6789/0] -- mon_subscribe({mgrmap=0+}) v3 -- 0x7f917419a710 con 0x7f9174106330
2024-04-12T05:45:29.866 INFO:teuthology.orchestra.run.smithi008.stdout:/usr/bin/ceph: stderr
2024-04-12T05:45:28.904+0000 7f91717fa700 1 -- 172.21.15.8:0/2088353375 <== mon.0 v2:172.21.15.8:3300/0 2 ==== config(26 keys) v1 ==== 1002+0+0 (secure 0 0 0) 0x7f91640249e0 con 0x7f9174106330
2024-04-12T05:45:29.866 INFO:teuthology.orchestra.run.smithi008.stdout:/usr/bin/ceph: stderr
2024-04-12T05:45:28.904+0000 7f91717fa700 1 -- 172.21.15.8:0/2088353375 <== mon.0 v2:172.21.15.8:3300/0 3 ==== mon_map magic: 0 v1 ==== 229+0+0 (secure 0 0 0) 0x7f916401a970 con 0x7f9174106330
2024-04-12T05:45:29.866 INFO:teuthology.orchestra.run.smithi008.stdout:/usr/bin/ceph: stderr
2024-04-12T05:45:28.904+0000 7f917a2f9700 1 -- 172.21.15.8:0/2088353375 --> [v2:172.21.15.8:3300/0,v1:172.21.15.8:6789/0] -- mon_subscribe({osdmap=0}) v3 -- 0x7f917419ab30 con 0x7f9174106330
2024-04-12T05:45:29.866 INFO:teuthology.orchestra.run.smithi008.stdout:/usr/bin/ceph: stderr
2024-04-12T05:45:28.904+0000 7f91717fa700 1 -- 172.21.15.8:0/2088353375 <== mon.0 v2:172.21.15.8:3300/0 4 ==== mgrmap(e 5) v1 ==== 45283+0+0 (secure 0 0 0) 0x7f916401ac30 con 0x7f9174106330
2024-04-12T05:45:29.866 INFO:teuthology.orchestra.run.smithi008.stdout:/usr/bin/ceph: stderr
2024-04-12T05:45:28.905+0000 7f91717fa700 1 --2- 172.21.15.8:0/2088353375 >> [v2:172.21.15.8:6800/3166946531,v1:172.21.15.8:6801/3166946531] conn(0x7f915c038320 0x7f915c03a7e0 unknown :-1 s=NONE pgs=0 cs=0 l=1 rev1=0 crypto rx=0 tx=0 comp rx=0 tx=0).connect
2024-04-12T05:45:29.866 INFO:teuthology.orchestra.run.smithi008.stdout:/usr/bin/ceph: stderr
2024-04-12T05:45:28.905+0000 7f91717fa700 1 -- 172.21.15.8:0/2088353375 <== mon.0 v2:172.21.15.8:3300/0 5 ==== osd_map(1..1 src has 1..1) v4 ==== 725+0+0 (secure 0 0 0) 0x7f916404c3b0 con 0x7f9174106330
2024-04-12T05:45:29.866 INFO:teuthology.orchestra.run.smithi008.stdout:/usr/bin/ceph: stderr
2024-04-12T05:45:28.905+0000 7f91737fe700 1 -- 172.21.15.8:0/2088353375 >> [v2:172.21.15.8:6800/3166946531,v1:172.21.15.8:6801/3166946531] conn(0x7f915c038320 msgr2=0x7f915c03a7e0 unknown :-1 s=STATE_CONNECTING_RE l=1).process reconnect failed to v2:172.21.15.8:6800/3166946531
2024-04-12T05:45:29.867 INFO:teuthology.orchestra.run.smithi008.stdout:/usr/bin/ceph: stderr
2024-04-12T05:45:28.905+0000 7f91737fe700 1 --2- 172.21.15.8:0/2088353375 >> [v2:172.21.15.8:6800/3166946531,v1:172.21.15.8:6801/3166946531] conn(0x7f915c038320 0x7f915c03a7e0 unknown :-1 s=START_CONNECT pgs=0 cs=0 l=1 rev1=0 crypto rx=0 tx=0 comp rx=0 tx=0)._fault waiting 0.200000
