2024-04-12T05:45:59.511+0000 7ffbf3075700 1 --2- 172.21.15.8:0/4074612329 >> [v2:172.21.15.8:3300/0,v1:172.21.15.8:6789/0] conn(0x7ffbec105230 0x7ffbec105650 secure :-1 s=READY pgs=61 cs=0 l=1 rev1=1 crypto rx=0x7ffbe00098a0 tx=0x7ffbe0009bb0 comp rx=0 tx=0).stop
2024-04-12T05:46:00.303 INFO:teuthology.orchestra.run.smithi008.stdout:/usr/bin/ceph: stderr
2024-04-12T05:45:59.511+0000 7ffbf3075700 1 -- 172.21.15.8:0/4074612329 shutdown_connections
2024-04-12T05:46:00.303 INFO:teuthology.orchestra.run.smithi008.stdout:/usr/bin/ceph: stderr
2024-04-12T05:45:59.511+0000 7ffbf3075700 1 --2- 172.21.15.8:0/4074612329 >> [v2:172.21.15.8:3300/0,v1:172.21.15.8:6789/0] conn(0x7ffbec105230 0x7ffbec105650 unknown :-1 s=CLOSED pgs=61 cs=0 l=1 rev1=1 crypto rx=0 tx=0 comp rx=0 tx=0).stop
2024-04-12T05:46:00.303 INFO:teuthology.orchestra.run.smithi008.stdout:/usr/bin/ceph: stderr
2024-04-12T05:45:59.511+0000 7ffbf3075700 1 -- 172.21.15.8:0/4074612329 >> 172.21.15.8:0/4074612329 conn(0x7ffbec1007f0 msgr2=0x7ffbec102c10 unknown :-1 s=STATE_NONE l=0).mark_down
2024-04-12T05:46:00.303 INFO:teuthology.orchestra.run.smithi008.stdout:/usr/bin/ceph: stderr
2024-04-12T05:45:59.511+0000 7ffbf3075700 1 -- 172.21.15.8:0/4074612329 shutdown_connections
2024-04-12T05:46:00.303 INFO:teuthology.orchestra.run.smithi008.stdout:/usr/bin/ceph: stderr
2024-04-12T05:45:59.511+0000 7ffbf3075700 1 -- 172.21.15.8:0/4074612329 wait complete.
2024-04-12T05:46:00.303 INFO:teuthology.orchestra.run.smithi008.stdout:/usr/bin/ceph: stderr
2024-04-12T05:45:59.511+0000 7ffbf3075700 1 Processor -- start
2024-04-12T05:46:00.303 INFO:teuthology.orchestra.run.smithi008.stdout:/usr/bin/ceph: stderr
2024-04-12T05:45:59.511+0000 7ffbf3075700 1 -- start start
2024-04-12T05:46:00.303 INFO:teuthology.orchestra.run.smithi008.stdout:/usr/bin/ceph: stderr
2024-04-12T05:45:59.511+0000 7ffbf3075700 1 --2- >> [v2:172.21.15.8:3300/0,v1:172.21.15.8:6789/0] conn(0x7ffbec105230 0x7ffbec0741b0 unknown :-1 s=NONE pgs=0 cs=0 l=1 rev1=0 crypto rx=0 tx=0 comp rx=0 tx=0).connect
2024-04-12T05:46:00.303 INFO:teuthology.orchestra.run.smithi008.stdout:/usr/bin/ceph: stderr
2024-04-12T05:45:59.511+0000 7ffbf3075700 1 -- --> [v2:172.21.15.8:3300/0,v1:172.21.15.8:6789/0] -- mon_getmap magic: 0 v1 -- 0x7ffbec19cdd0 con 0x7ffbec105230
2024-04-12T05:46:00.303 INFO:teuthology.orchestra.run.smithi008.stdout:/usr/bin/ceph: stderr
2024-04-12T05:45:59.512+0000 7ffbf0e11700 1 --2- >> [v2:172.21.15.8:3300/0,v1:172.21.15.8:6789/0] conn(0x7ffbec105230 0x7ffbec0741b0 unknown :-1 s=BANNER_CONNECTING pgs=0 cs=0 l=1 rev1=0 crypto rx=0 tx=0 comp rx=0 tx=0)._handle_peer_banner_payload supported=3 required=0
2024-04-12T05:46:00.303 INFO:teuthology.orchestra.run.smithi008.stdout:/usr/bin/ceph: stderr
2024-04-12T05:45:59.512+0000 7ffbf0e11700 1 --2- >> [v2:172.21.15.8:3300/0,v1:172.21.15.8:6789/0] conn(0x7ffbec105230 0x7ffbec0741b0 unknown :-1 s=HELLO_CONNECTING pgs=0 cs=0 l=1 rev1=1 crypto rx=0 tx=0 comp rx=0 tx=0).handle_hello peer v2:172.21.15.8:3300/0 says I am v2:172.21.15.8:34870/0 (socket says 172.21.15.8:34870)
2024-04-12T05:46:00.303 INFO:teuthology.orchestra.run.smithi008.stdout:/usr/bin/ceph: stderr
2024-04-12T05:45:59.512+0000 7ffbf0e11700 1 -- 172.21.15.8:0/729757679 learned_addr learned my addr 172.21.15.8:0/729757679 (peer_addr_for_me v2:172.21.15.8:0/0)
2024-04-12T05:46:00.303 INFO:teuthology.orchestra.run.smithi008.stdout:/usr/bin/ceph: stderr
2024-04-12T05:45:59.512+0000 7ffbf0e11700 1 -- 172.21.15.8:0/729757679 --> [v2:172.21.15.8:3300/0,v1:172.21.15.8:6789/0] -- mon_subscribe({config=0+,monmap=0+}) v3 -- 0x7ffbe0009550 con 0x7ffbec105230
2024-04-12T05:46:00.303 INFO:teuthology.orchestra.run.smithi008.stdout:/usr/bin/ceph: stderr
2024-04-12T05:45:59.512+0000 7ffbf0e11700 1 --2- 172.21.15.8:0/729757679 >> [v2:172.21.15.8:3300/0,v1:172.21.15.8:6789/0] conn(0x7ffbec105230 0x7ffbec0741b0 secure :-1 s=READY pgs=62 cs=0 l=1 rev1=1 crypto rx=0x7ffbe0000c00 tx=0x7ffbe0011ab0 comp rx=0 tx=0).ready entity=mon.0 client_cookie=0 server_cookie=0 in_seq=0 out_seq=0
2024-04-12T05:46:00.304 INFO:teuthology.orchestra.run.smithi008.stdout:/usr/bin/ceph: stderr
2024-04-12T05:45:59.512+0000 7ffbe9ffb700 1 -- 172.21.15.8:0/729757679 <== mon.0 v2:172.21.15.8:3300/0 1 ==== mon_map magic: 0 v1 ==== 229+0+0 (secure 0 0 0) 0x7ffbe0003b40 con 0x7ffbec105230
2024-04-12T05:46:00.304 INFO:teuthology.orchestra.run.smithi008.stdout:/usr/bin/ceph: stderr
2024-04-12T05:45:59.512+0000 7ffbe9ffb700 1 -- 172.21.15.8:0/729757679 <== mon.0 v2:172.21.15.8:3300/0 2 ==== config(26 keys) v1 ==== 1066+0+0 (secure 0 0 0) 0x7ffbe00248d0 con 0x7ffbec105230
2024-04-12T05:46:00.304 INFO:teuthology.orchestra.run.smithi008.stdout:/usr/bin/ceph: stderr
2024-04-12T05:45:59.512+0000 7ffbf3075700 1 -- 172.21.15.8:0/729757679 --> [v2:172.21.15.8:3300/0,v1:172.21.15.8:6789/0] -- mon_subscribe({mgrmap=0+}) v3 -- 0x7ffbec19cf10 con 0x7ffbec105230
2024-04-12T05:46:00.304 INFO:teuthology.orchestra.run.smithi008.stdout:/usr/bin/ceph: stderr
2024-04-12T05:45:59.512+0000 7ffbe9ffb700 1 -- 172.21.15.8:0/729757679 <== mon.0 v2:172.21.15.8:3300/0 3 ==== mon_map magic: 0 v1 ==== 229+0+0 (secure 0 0 0) 0x7ffbe001a820 con 0x7ffbec105230
2024-04-12T05:46:00.304 INFO:teuthology.orchestra.run.smithi008.stdout:/usr/bin/ceph: stderr
2024-04-12T05:45:59.512+0000 7ffbf3075700 1 -- 172.21.15.8:0/729757679 --> [v2:172.21.15.8:3300/0,v1:172.21.15.8:6789/0] -- mon_subscribe({osdmap=0}) v3 -- 0x7ffbec19d2d0 con 0x7ffbec105230
2024-04-12T05:46:00.304 INFO:teuthology.orchestra.run.smithi008.stdout:/usr/bin/ceph: stderr
2024-04-12T05:45:59.513+0000 7ffbe9ffb700 1 -- 172.21.15.8:0/729757679 <== mon.0 v2:172.21.15.8:3300/0 4 ==== mgrmap(e 8) v1 ==== 45283+0+0 (secure 0 0 0) 0x7ffbe001aae0 con 0x7ffbec105230
2024-04-12T05:46:00.304 INFO:teuthology.orchestra.run.smithi008.stdout:/usr/bin/ceph: stderr
2024-04-12T05:45:59.513+0000 7ffbf3075700 1 -- 172.21.15.8:0/729757679 --> [v2:172.21.15.8:3300/0,v1:172.21.15.8:6789/0] -- mon_command({"prefix": "get_command_descriptions"} v 0) v1 -- 0x7ffbec193010 con 0x7ffbec105230
2024-04-12T05:46:00.304 INFO:teuthology.orchestra.run.smithi008.stdout:/usr/bin/ceph: stderr
2024-04-12T05:45:59.513+0000 7ffbe9ffb700 1 --2- 172.21.15.8:0/729757679 >> [v2:172.21.15.8:6800/1010894527,v1:172.21.15.8:6801/1010894527] conn(0x7ffbdc038320 0x7ffbdc03a7e0 unknown :-1 s=NONE pgs=0 cs=0 l=1 rev1=0 crypto rx=0 tx=0 comp rx=0 tx=0).connect
2024-04-12T05:46:00.304 INFO:teuthology.orchestra.run.smithi008.stdout:/usr/bin/ceph: stderr
2024-04-12T05:45:59.514+0000 7ffbe9ffb700 1 -- 172.21.15.8:0/729757679 <== mon.0 v2:172.21.15.8:3300/0 5 ==== osd_map(2..2 src has 1..2) v4 ==== 940+0+0 (secure 0 0 0) 0x7ffbe004c4e0 con 0x7ffbec105230
2024-04-12T05:46:00.304 INFO:teuthology.orchestra.run.smithi008.stdout:/usr/bin/ceph: stderr
2024-04-12T05:45:59.514+0000 7ffbebfff700 1 --2- 172.21.15.8:0/729757679 >> [v2:172.21.15.8:6800/1010894527,v1:172.21.15.8:6801/1010894527] conn(0x7ffbdc038320 0x7ffbdc03a7e0 unknown :-1 s=BANNER_CONNECTING pgs=0 cs=0 l=1 rev1=0 crypto rx=0 tx=0 comp rx=0 tx=0)._handle_peer_banner_payload supported=3 required=0
2024-04-12T05:46:00.304 INFO:teuthology.orchestra.run.smithi008.stdout:/usr/bin/ceph: stderr
2024-04-12T05:45:59.514+0000 7ffbebfff700 1 --2- 172.21.15.8:0/729757679 >> [v2:172.21.15.8:6800/1010894527,v1:172.21.15.8:6801/1010894527] conn(0x7ffbdc038320 0x7ffbdc03a7e0 secure :-1 s=READY pgs=20 cs=0 l=1 rev1=1 crypto rx=0x7ffbd8006fd0 tx=0x7ffbd8006e40 comp rx=0 tx=0).ready entity=mgr.14118 client_cookie=0 server_cookie=0 in_seq=0 out_seq=0
2024-04-12T05:46:00.304 INFO:teuthology.orchestra.run.smithi008.stdout:/usr/bin/ceph: stderr
2024-04-12T05:45:59.518+0000 7ffbe9ffb700 1 -- 172.21.15.8:0/729757679 <== mon.0 v2:172.21.15.8:3300/0 6 ==== mon_command_ack([{"prefix": "get_command_descriptions"}]=0 v0) v1 ==== 72+0+180422 (secure 0 0 0) 0x7ffbe001ad90 con 0x7ffbec105230
2024-04-12T05:46:00.304 INFO:teuthology.orchestra.run.smithi008.stdout:/usr/bin/ceph: stderr
2024-04-12T05:45:59.714+0000 7ffbf3075700 1 -- 172.21.15.8:0/729757679 --> [v2:172.21.15.8:3300/0,v1:172.21.15.8:6789/0] -- mon_command([{prefix=config set, name=mgr/cephadm/container_init}] v 0) v1 -- 0x7ffbec02d090 con 0x7ffbec105230
2024-04-12T05:46:00.304 INFO:teuthology.orchestra.run.smithi008.stdout:/usr/bin/ceph: stderr
2024-04-12T05:45:59.717+0000 7ffbe9ffb700 1 -- 172.21.15.8:0/729757679 <== mon.0 v2:172.21.15.8:3300/0 7 ==== mon_command_ack([{prefix=config set, name=mgr/cephadm/container_init}]=0 v7)=0 v7) v1 ==== 142+0+0 (secure 0 0 0) 0x7ffbe002c350 con 0x7ffbec105230
2024-04-12T05:46:00.305 INFO:teuthology.orchestra.run.smithi008.stdout:/usr/bin/ceph: stderr
2024-04-12T05:45:59.720+0000 7ffbf3075700 1 -- 172.21.15.8:0/729757679 >> [v2:172.21.15.8:6800/1010894527,v1:172.21.15.8:6801/1010894527] conn(0x7ffbdc038320 msgr2=0x7ffbdc03a7e0 secure :-1 s=STATE_CONNECTION_ESTABLISHED l=1).mark_down
2024-04-12T05:46:00.305 INFO:teuthology.orchestra.run.smithi008.stdout:/usr/bin/ceph: stderr
2024-04-12T05:45:59.720+0000 7ffbf3075700 1 --2- 172.21.15.8:0/729757679 >> [v2:172.21.15.8:6800/1010894527,v1:172.21.15.8:6801/1010894527] conn(0x7ffbdc038320 0x7ffbdc03a7e0 secure :-1 s=READY pgs=20 cs=0 l=1 rev1=1 crypto rx=0x7ffbd8006fd0 tx=0x7ffbd8006e40 comp rx=0 tx=0).stop
2024-04-12T05:46:00.305 INFO:teuthology.orchestra.run.smithi008.stdout:/usr/bin/ceph: stderr
2024-04-12T05:45:59.720+0000 7ffbf3075700 1 -- 172.21.15.8:0/729757679 >> [v2:172.21.15.8:3300/0,v1:172.21.15.8:6789/0] conn(0x7ffbec105230 msgr2=0x7ffbec0741b0 secure :-1 s=STATE_CONNECTION_ESTABLISHED l=1).mark_down
2024-04-12T05:46:00.305 INFO:teuthology.orchestra.run.smithi008.stdout:/usr/bin/ceph: stderr
2024-04-12T05:45:59.720+0000 7ffbf3075700 1 --2- 172.21.15.8:0/729757679 >> [v2:172.21.15.8:3300/0,v1:172.21.15.8:6789/0] conn(0x7ffbec105230 0x7ffbec0741b0 secure :-1 s=READY pgs=62 cs=0 l=1 rev1=1 crypto rx=0x7ffbe0000c00 tx=0x7ffbe0011ab0 comp rx=0 tx=0).stop
2024-04-12T05:46:00.305 INFO:teuthology.orchestra.run.smithi008.stdout:/usr/bin/ceph: stderr
2024-04-12T05:45:59.720+0000 7ffbf3075700 1 -- 172.21.15.8:0/729757679 shutdown_connections
2024-04-12T05:46:00.305 INFO:teuthology.orchestra.run.smithi008.stdout:/usr/bin/ceph: stderr
2024-04-12T05:45:59.720+0000 7ffbf3075700 1 --2- 172.21.15.8:0/729757679 >> [v2:172.21.15.8:6800/1010894527,v1:172.21.15.8:6801/1010894527] conn(0x7ffbdc038320 0x7ffbdc03a7e0 unknown :-1 s=CLOSED pgs=20 cs=0 l=1 rev1=1 crypto rx=0 tx=0 comp rx=0 tx=0).stop
2024-04-12T05:46:00.305 INFO:teuthology.orchestra.run.smithi008.stdout:/usr/bin/ceph: stderr
2024-04-12T05:45:59.720+0000 7ffbf3075700 1 --2- 172.21.15.8:0/729757679 >> [v2:172.21.15.8:3300/0,v1:172.21.15.8:6789/0] conn(0x7ffbec105230 0x7ffbec0741b0 unknown :-1 s=CLOSED pgs=62 cs=0 l=1 rev1=1 crypto rx=0 tx=0 comp rx=0 tx=0).stop
2024-04-12T05:46:00.305 INFO:teuthology.orchestra.run.smithi008.stdout:/usr/bin/ceph: stderr
2024-04-12T05:45:59.720+0000 7ffbf3075700 1 -- 172.21.15.8:0/729757679 >> 172.21.15.8:0/729757679 conn(0x7ffbec1007f0 msgr2=0x7ffbec102bb0 unknown :-1 s=STATE_NONE l=0).mark_down
2024-04-12T05:46:00.305 INFO:teuthology.orchestra.run.smithi008.stdout:/usr/bin/ceph: stderr
2024-04-12T05:45:59.720+0000 7ffbf3075700 1 -- 172.21.15.8:0/729757679 shutdown_connections
2024-04-12T05:46:00.305 INFO:teuthology.orchestra.run.smithi008.stdout:/usr/bin/ceph: stderr
2024-04-12T05:45:59.720+0000 7ffbf3075700 1 -- 172.21.15.8:0/729757679 wait complete.
2024-04-12T05:46:01.073 INFO:journalctl@ceph.mon.smithi008.smithi008.stdout:Apr 12 05:46:00 smithi008 ceph-mon[39722]: from='client.? 172.21.15.8:0/729757679' entity='client.admin'
2024-04-12T05:46:01.074 INFO:journalctl@ceph.mon.smithi008.smithi008.stdout:Apr 12 05:46:00 smithi008 ceph-mon[39722]: pgmap v6: 0 pgs: ; 0 B data, 0 B used, 0 B / 0 B avail
2024-04-12T05:46:01.692 INFO:teuthology.orchestra.run.smithi008.stdout:/usr/bin/ceph: stderr
2024-04-12T05:46:00.842+0000 7ff140dfc700 1 Processor -- start
2024-04-12T05:46:01.692 INFO:teuthology.orchestra.run.smithi008.stdout:/usr/bin/ceph: stderr
2024-04-12T05:46:00.843+0000 7ff140dfc700 1 -- start start
2024-04-12T05:46:01.692 INFO:teuthology.orchestra.run.smithi008.stdout:/usr/bin/ceph: stderr
2024-04-12T05:46:00.843+0000 7ff140dfc700 1 --2- >> [v2:172.21.15.8:3300/0,v1:172.21.15.8:6789/0] conn(0x7ff13c106da0 0x7ff13c109190 unknown :-1 s=NONE pgs=0 cs=0 l=0 rev1=0 crypto rx=0 tx=0 comp rx=0 tx=0).connect
2024-04-12T05:46:01.692 INFO:teuthology.orchestra.run.smithi008.stdout:/usr/bin/ceph: stderr
2024-04-12T05:46:00.843+0000 7ff140dfc700 1 -- --> [v2:172.21.15.8:3300/0,v1:172.21.15.8:6789/0] -- mon_getmap magic: 0 v1 -- 0x7ff13c079de0 con 0x7ff13c106da0
2024-04-12T05:46:01.692 INFO:teuthology.orchestra.run.smithi008.stdout:/usr/bin/ceph: stderr
2024-04-12T05:46:00.843+0000 7ff13a59c700 1 --2- >> [v2:172.21.15.8:3300/0,v1:172.21.15.8:6789/0] conn(0x7ff13c106da0 0x7ff13c109190 unknown :-1 s=BANNER_CONNECTING pgs=0 cs=0 l=0 rev1=0 crypto rx=0 tx=0 comp rx=0 tx=0)._handle_peer_banner_payload supported=3 required=0
2024-04-12T05:46:01.693 INFO:teuthology.orchestra.run.smithi008.stdout:/usr/bin/ceph: stderr
2024-04-12T05:46:00.843+0000 7ff13a59c700 1 --2- >> [v2:172.21.15.8:3300/0,v1:172.21.15.8:6789/0] conn(0x7ff13c106da0 0x7ff13c109190 unknown :-1 s=HELLO_CONNECTING pgs=0 cs=0 l=0 rev1=1 crypto rx=0 tx=0 comp rx=0 tx=0).handle_hello peer v2:172.21.15.8:3300/0 says I am v2:172.21.15.8:34878/0 (socket says 172.21.15.8:34878)
2024-04-12T05:46:01.693 INFO:teuthology.orchestra.run.smithi008.stdout:/usr/bin/ceph: stderr
2024-04-12T05:46:00.843+0000 7ff13a59c700 1 -- 172.21.15.8:0/3575564371 learned_addr learned my addr 172.21.15.8:0/3575564371 (peer_addr_for_me v2:172.21.15.8:0/0)
2024-04-12T05:46:01.693 INFO:teuthology.orchestra.run.smithi008.stdout:/usr/bin/ceph: stderr
2024-04-12T05:46:00.843+0000 7ff13a59c700 1 -- 172.21.15.8:0/3575564371 --> [v2:172.21.15.8:3300/0,v1:172.21.15.8:6789/0] -- mon_subscribe({config=0+,monmap=0+}) v3 -- 0x7ff13c1096d0 con 0x7ff13c106da0
2024-04-12T05:46:01.693 INFO:teuthology.orchestra.run.smithi008.stdout:/usr/bin/ceph: stderr
2024-04-12T05:46:00.843+0000 7ff13a59c700 1 --2- 172.21.15.8:0/3575564371 >> [v2:172.21.15.8:3300/0,v1:172.21.15.8:6789/0] conn(0x7ff13c106da0 0x7ff13c109190 secure :-1 s=READY pgs=63 cs=0 l=1 rev1=1 crypto rx=0x7ff1300098a0 tx=0x7ff130009bb0 comp rx=0 tx=0).ready entity=mon.0 client_cookie=a3a51fe64d109f88 server_cookie=0 in_seq=0 out_seq=0
2024-04-12T05:46:01.693 INFO:teuthology.orchestra.run.smithi008.stdout:/usr/bin/ceph: stderr
2024-04-12T05:46:00.844+0000 7ff13959a700 1 -- 172.21.15.8:0/3575564371 <== mon.0 v2:172.21.15.8:3300/0 1 ==== mon_map magic: 0 v1 ==== 229+0+0 (secure 0 0 0) 0x7ff130004180 con 0x7ff13c106da0
2024-04-12T05:46:01.693 INFO:teuthology.orchestra.run.smithi008.stdout:/usr/bin/ceph: stderr
2024-04-12T05:46:00.844+0000 7ff13959a700 1 -- 172.21.15.8:0/3575564371 <== mon.0 v2:172.21.15.8:3300/0 2 ==== config(26 keys) v1 ==== 1066+0+0 (secure 0 0 0) 0x7ff1300042e0 con 0x7ff13c106da0
2024-04-12T05:46:01.693 INFO:teuthology.orchestra.run.smithi008.stdout:/usr/bin/ceph: stderr
2024-04-12T05:46:00.844+0000 7ff13959a700 1 -- 172.21.15.8:0/3575564371 <== mon.0 v2:172.21.15.8:3300/0 3 ==== mon_map magic: 0 v1 ==== 229+0+0 (secure 0 0 0) 0x7ff130011a30 con 0x7ff13c106da0
2024-04-12T05:46:01.693 INFO:teuthology.orchestra.run.smithi008.stdout:/usr/bin/ceph: stderr
2024-04-12T05:46:00.844+0000 7ff140dfc700 1 -- 172.21.15.8:0/3575564371 >> [v2:172.21.15.8:3300/0,v1:172.21.15.8:6789/0] conn(0x7ff13c106da0 msgr2=0x7ff13c109190 secure :-1 s=STATE_CONNECTION_ESTABLISHED l=1).mark_down
2024-04-12T05:46:01.693 INFO:teuthology.orchestra.run.smithi008.stdout:/usr/bin/ceph: stderr
2024-04-12T05:46:00.844+0000 7ff140dfc700 1 --2- 172.21.15.8:0/3575564371 >> [v2:172.21.15.8:3300/0,v1:172.21.15.8:6789/0] conn(0x7ff13c106da0 0x7ff13c109190 secure :-1 s=READY pgs=63 cs=0 l=1 rev1=1 crypto rx=0x7ff1300098a0 tx=0x7ff130009bb0 comp rx=0 tx=0).stop
2024-04-12T05:46:01.693 INFO:teuthology.orchestra.run.smithi008.stdout:/usr/bin/ceph: stderr
2024-04-12T05:46:00.844+0000 7ff140dfc700 1 -- 172.21.15.8:0/3575564371 shutdown_connections
2024-04-12T05:46:01.693 INFO:teuthology.orchestra.run.smithi008.stdout:/usr/bin/ceph: stderr
2024-04-12T05:46:00.844+0000 7ff140dfc700 1 --2- 172.21.15.8:0/3575564371 >> [v2:172.21.15.8:3300/0,v1:172.21.15.8:6789/0] conn(0x7ff13c106da0 0x7ff13c109190 unknown :-1 s=CLOSED pgs=63 cs=0 l=1 rev1=1 crypto rx=0 tx=0 comp rx=0 tx=0).stop
2024-04-12T05:46:01.693 INFO:teuthology.orchestra.run.smithi008.stdout:/usr/bin/ceph: stderr
2024-04-12T05:46:00.844+0000 7ff140dfc700 1 -- 172.21.15.8:0/3575564371 >> 172.21.15.8:0/3575564371 conn(0x7ff13c1007d0 msgr2=0x7ff13c102c10 unknown :-1 s=STATE_NONE l=0).mark_down
2024-04-12T05:46:01.693 INFO:teuthology.orchestra.run.smithi008.stdout:/usr/bin/ceph: stderr
2024-04-12T05:46:00.844+0000 7ff140dfc700 1 -- 172.21.15.8:0/3575564371 shutdown_connections
2024-04-12T05:46:01.693 INFO:teuthology.orchestra.run.smithi008.stdout:/usr/bin/ceph: stderr
2024-04-12T05:46:00.844+0000 7ff140dfc700 1 -- 172.21.15.8:0/3575564371 wait complete.
2024-04-12T05:46:01.694 INFO:teuthology.orchestra.run.smithi008.stdout:/usr/bin/ceph: stderr
2024-04-12T05:46:00.845+0000 7ff140dfc700 1 Processor -- start
2024-04-12T05:46:01.694 INFO:teuthology.orchestra.run.smithi008.stdout:/usr/bin/ceph: stderr
2024-04-12T05:46:00.845+0000 7ff140dfc700 1 -- start start
2024-04-12T05:46:01.694 INFO:teuthology.orchestra.run.smithi008.stdout:/usr/bin/ceph: stderr
2024-04-12T05:46:00.845+0000 7ff140dfc700 1 --2- >> [v2:172.21.15.8:3300/0,v1:172.21.15.8:6789/0] conn(0x7ff13c106da0 0x7ff13c19a010 unknown :-1 s=NONE pgs=0 cs=0 l=1 rev1=0 crypto rx=0 tx=0 comp rx=0 tx=0).connect
2024-04-12T05:46:01.694 INFO:teuthology.orchestra.run.smithi008.stdout:/usr/bin/ceph: stderr
2024-04-12T05:46:00.845+0000 7ff140dfc700 1 -- --> [v2:172.21.15.8:3300/0,v1:172.21.15.8:6789/0] -- mon_getmap magic: 0 v1 -- 0x7ff13c19a550 con 0x7ff13c106da0
2024-04-12T05:46:01.694 INFO:teuthology.orchestra.run.smithi008.stdout:/usr/bin/ceph: stderr
2024-04-12T05:46:00.845+0000 7ff13a59c700 1 --2- >> [v2:172.21.15.8:3300/0,v1:172.21.15.8:6789/0] conn(0x7ff13c106da0 0x7ff13c19a010 unknown :-1 s=BANNER_CONNECTING pgs=0 cs=0 l=1 rev1=0 crypto rx=0 tx=0 comp rx=0 tx=0)._handle_peer_banner_payload supported=3 required=0
2024-04-12T05:46:01.694 INFO:teuthology.orchestra.run.smithi008.stdout:/usr/bin/ceph: stderr
2024-04-12T05:46:00.845+0000 7ff13a59c700 1 --2- >> [v2:172.21.15.8:3300/0,v1:172.21.15.8:6789/0] conn(0x7ff13c106da0 0x7ff13c19a010 unknown :-1 s=HELLO_CONNECTING pgs=0 cs=0 l=1 rev1=1 crypto rx=0 tx=0 comp rx=0 tx=0).handle_hello peer v2:172.21.15.8:3300/0 says I am v2:172.21.15.8:34886/0 (socket says 172.21.15.8:34886)
2024-04-12T05:46:01.694 INFO:teuthology.orchestra.run.smithi008.stdout:/usr/bin/ceph: stderr
2024-04-12T05:46:00.845+0000 7ff13a59c700 1 -- 172.21.15.8:0/2768748670 learned_addr learned my addr 172.21.15.8:0/2768748670 (peer_addr_for_me v2:172.21.15.8:0/0)
2024-04-12T05:46:01.694 INFO:teuthology.orchestra.run.smithi008.stdout:/usr/bin/ceph: stderr
2024-04-12T05:46:00.846+0000 7ff13a59c700 1 -- 172.21.15.8:0/2768748670 --> [v2:172.21.15.8:3300/0,v1:172.21.15.8:6789/0] -- mon_subscribe({config=0+,monmap=0+}) v3 -- 0x7ff130009550 con 0x7ff13c106da0
2024-04-12T05:46:01.694 INFO:teuthology.orchestra.run.smithi008.stdout:/usr/bin/ceph: stderr
2024-04-12T05:46:00.846+0000 7ff13a59c700 1 --2- 172.21.15.8:0/2768748670 >> [v2:172.21.15.8:3300/0,v1:172.21.15.8:6789/0] conn(0x7ff13c106da0 0x7ff13c19a010 secure :-1 s=READY pgs=64 cs=0 l=1 rev1=1 crypto rx=0x7ff130011a00 tx=0x7ff130011ae0 comp rx=0 tx=0).ready entity=mon.0 client_cookie=0 server_cookie=0 in_seq=0 out_seq=0
2024-04-12T05:46:01.694 INFO:teuthology.orchestra.run.smithi008.stdout:/usr/bin/ceph: stderr
2024-04-12T05:46:00.846+0000 7ff12b7fe700 1 -- 172.21.15.8:0/2768748670 <== mon.0 v2:172.21.15.8:3300/0 1 ==== mon_map magic: 0 v1 ==== 229+0+0 (secure 0 0 0) 0x7ff130003bc0 con 0x7ff13c106da0
2024-04-12T05:46:01.694 INFO:teuthology.orchestra.run.smithi008.stdout:/usr/bin/ceph: stderr
2024-04-12T05:46:00.846+0000 7ff140dfc700 1 -- 172.21.15.8:0/2768748670 --> [v2:172.21.15.8:3300/0,v1:172.21.15.8:6789/0] -- mon_subscribe({mgrmap=0+}) v3 -- 0x7ff13c19a750 con 0x7ff13c106da0
2024-04-12T05:46:01.694 INFO:teuthology.orchestra.run.smithi008.stdout:/usr/bin/ceph: stderr
2024-04-12T05:46:00.846+0000 7ff12b7fe700 1 -- 172.21.15.8:0/2768748670 <== mon.0 v2:172.21.15.8:3300/0 2 ==== config(26 keys) v1 ==== 1066+0+0 (secure 0 0 0) 0x7ff1300248c0 con 0x7ff13c106da0
2024-04-12T05:46:01.694 INFO:teuthology.orchestra.run.smithi008.stdout:/usr/bin/ceph: stderr
2024-04-12T05:46:00.846+0000 7ff12b7fe700 1 -- 172.21.15.8:0/2768748670 <== mon.0 v2:172.21.15.8:3300/0 3 ==== mon_map magic: 0 v1 ==== 229+0+0 (secure 0 0 0) 0x7ff13001a850 con 0x7ff13c106da0
2024-04-12T05:46:01.695 INFO:teuthology.orchestra.run.smithi008.stdout:/usr/bin/ceph: stderr
2024-04-12T05:46:00.846+0000 7ff140dfc700 1 -- 172.21.15.8:0/2768748670 --> [v2:172.21.15.8:3300/0,v1:172.21.15.8:6789/0] -- mon_subscribe({osdmap=0}) v3 -- 0x7ff13c19ab70 con 0x7ff13c106da0
2024-04-12T05:46:01.695 INFO:teuthology.orchestra.run.smithi008.stdout:/usr/bin/ceph: stderr
2024-04-12T05:46:00.847+0000 7ff12b7fe700 1 -- 172.21.15.8:0/2768748670 <== mon.0 v2:172.21.15.8:3300/0 4 ==== mgrmap(e 8) v1 ==== 45283+0+0 (secure 0 0 0) 0x7ff13001ab20 con 0x7ff13c106da0
2024-04-12T05:46:01.695 INFO:teuthology.orchestra.run.smithi008.stdout:/usr/bin/ceph: stderr
2024-04-12T05:46:00.847+0000 7ff12b7fe700 1 --2- 172.21.15.8:0/2768748670 >> [v2:172.21.15.8:6800/1010894527,v1:172.21.15.8:6801/1010894527] conn(0x7ff124038370 0x7ff12403a830 unknown :-1 s=NONE pgs=0 cs=0 l=1 rev1=0 crypto rx=0 tx=0 comp rx=0 tx=0).connect
2024-04-12T05:46:01.695 INFO:teuthology.orchestra.run.smithi008.stdout:/usr/bin/ceph: stderr
2024-04-12T05:46:00.847+0000 7ff140dfc700 1 -- 172.21.15.8:0/2768748670 --> [v2:172.21.15.8:3300/0,v1:172.21.15.8:6789/0] -- mon_command({"prefix": "get_command_descriptions"} v 0) v1 -- 0x7ff13c0623c0 con 0x7ff13c106da0
2024-04-12T05:46:01.695 INFO:teuthology.orchestra.run.smithi008.stdout:/usr/bin/ceph: stderr
2024-04-12T05:46:00.847+0000 7ff12b7fe700 1 -- 172.21.15.8:0/2768748670 <== mon.0 v2:172.21.15.8:3300/0 5 ==== osd_map(2..2 src has 1..2) v4 ==== 940+0+0 (secure 0 0 0) 0x7ff13004c620 con 0x7ff13c106da0
2024-04-12T05:46:01.695 INFO:teuthology.orchestra.run.smithi008.stdout:/usr/bin/ceph: stderr
2024-04-12T05:46:00.847+0000 7ff139d9b700 1 --2- 172.21.15.8:0/2768748670 >> [v2:172.21.15.8:6800/1010894527,v1:172.21.15.8:6801/1010894527] conn(0x7ff124038370 0x7ff12403a830 unknown :-1 s=BANNER_CONNECTING pgs=0 cs=0 l=1 rev1=0 crypto rx=0 tx=0 comp rx=0 tx=0)._handle_peer_banner_payload supported=3 required=0
2024-04-12T05:46:01.695 INFO:teuthology.orchestra.run.smithi008.stdout:/usr/bin/ceph: stderr
2024-04-12T05:46:00.848+0000 7ff139d9b700 1 --2- 172.21.15.8:0/2768748670 >> [v2:172.21.15.8:6800/1010894527,v1:172.21.15.8:6801/1010894527] conn(0x7ff124038370 0x7ff12403a830 secure :-1 s=READY pgs=21 cs=0 l=1 rev1=1 crypto rx=0x7ff12c006fd0 tx=0x7ff12c006e40 comp rx=0 tx=0).ready entity=mgr.14118 client_cookie=0 server_cookie=0 in_seq=0 out_seq=0
2024-04-12T05:46:01.695 INFO:teuthology.orchestra.run.smithi008.stdout:/usr/bin/ceph: stderr
2024-04-12T05:46:00.852+0000 7ff12b7fe700 1 -- 172.21.15.8:0/2768748670 <== mon.0 v2:172.21.15.8:3300/0 6 ==== mon_command_ack([{"prefix": "get_command_descriptions"}]=0 v0) v1 ==== 72+0+180422 (secure 0 0 0) 0x7ff13001add0 con 0x7ff13c106da0
2024-04-12T05:46:01.695 INFO:teuthology.orchestra.run.smithi008.stdout:/usr/bin/ceph: stderr
2024-04-12T05:46:01.049+0000 7ff140dfc700 1 -- 172.21.15.8:0/2768748670 --> [v2:172.21.15.8:3300/0,v1:172.21.15.8:6789/0] -- mon_command([{prefix=config set, name=mgr/dashboard/ssl_server_port}] v 0) v1 -- 0x7ff13c19d5b0 con 0x7ff13c106da0
2024-04-12T05:46:01.695 INFO:teuthology.orchestra.run.smithi008.stdout:/usr/bin/ceph: stderr
2024-04-12T05:46:01.052+0000 7ff12b7fe700 1 -- 172.21.15.8:0/2768748670 <== mon.0 v2:172.21.15.8:3300/0 7 ==== mon_command_ack([{prefix=config set, name=mgr/dashboard/ssl_server_port}]=0 v8)=0 v8) v1 ==== 130+0+0 (secure 0 0 0) 0x7ff1300172b0 con 0x7ff13c106da0
2024-04-12T05:46:01.695 INFO:teuthology.orchestra.run.smithi008.stdout:/usr/bin/ceph: stderr
2024-04-12T05:46:01.054+0000 7ff140dfc700 1 -- 172.21.15.8:0/2768748670 >> [v2:172.21.15.8:6800/1010894527,v1:172.21.15.8:6801/1010894527] conn(0x7ff124038370 msgr2=0x7ff12403a830 secure :-1 s=STATE_CONNECTION_ESTABLISHED l=1).mark_down
2024-04-12T05:46:01.695 INFO:teuthology.orchestra.run.smithi008.stdout:/usr/bin/ceph: stderr
2024-04-12T05:46:01.054+0000 7ff140dfc700 1 --2- 172.21.15.8:0/2768748670 >> [v2:172.21.15.8:6800/1010894527,v1:172.21.15.8:6801/1010894527] conn(0x7ff124038370 0x7ff12403a830 secure :-1 s=READY pgs=21 cs=0 l=1 rev1=1 crypto rx=0x7ff12c006fd0 tx=0x7ff12c006e40 comp rx=0 tx=0).stop
2024-04-12T05:46:01.695 INFO:teuthology.orchestra.run.smithi008.stdout:/usr/bin/ceph: stderr
2024-04-12T05:46:01.054+0000 7ff140dfc700 1 -- 172.21.15.8:0/2768748670 >> [v2:172.21.15.8:3300/0,v1:172.21.15.8:6789/0] conn(0x7ff13c106da0 msgr2=0x7ff13c19a010 secure :-1 s=STATE_CONNECTION_ESTABLISHED l=1).mark_down
2024-04-12T05:46:01.695 INFO:teuthology.orchestra.run.smithi008.stdout:/usr/bin/ceph: stderr
2024-04-12T05:46:01.054+0000 7ff140dfc700 1 --2- 172.21.15.8:0/2768748670 >> [v2:172.21.15.8:3300/0,v1:172.21.15.8:6789/0] conn(0x7ff13c106da0 0x7ff13c19a010 secure :-1 s=READY pgs=64 cs=0 l=1 rev1=1 crypto rx=0x7ff130011a00 tx=0x7ff130011ae0 comp rx=0 tx=0).stop
2024-04-12T05:46:01.696 INFO:teuthology.orchestra.run.smithi008.stdout:/usr/bin/ceph: stderr
2024-04-12T05:46:01.054+0000 7ff140dfc700 1 -- 172.21.15.8:0/2768748670 shutdown_connections
2024-04-12T05:46:01.696 INFO:teuthology.orchestra.run.smithi008.stdout:/usr/bin/ceph: stderr
2024-04-12T05:46:01.054+0000 7ff140dfc700 1 --2- 172.21.15.8:0/2768748670 >> [v2:172.21.15.8:6800/1010894527,v1:172.21.15.8:6801/1010894527] conn(0x7ff124038370 0x7ff12403a830 unknown :-1 s=CLOSED pgs=21 cs=0 l=1 rev1=1 crypto rx=0 tx=0 comp rx=0 tx=0).stop
2024-04-12T05:46:01.696 INFO:teuthology.orchestra.run.smithi008.stdout:/usr/bin/ceph: stderr
2024-04-12T05:46:01.054+0000 7ff140dfc700 1 --2- 172.21.15.8:0/2768748670 >> [v2:172.21.15.8:3300/0,v1:172.21.15.8:6789/0] conn(0x7ff13c106da0 0x7ff13c19a010 unknown :-1 s=CLOSED pgs=64 cs=0 l=1 rev1=1 crypto rx=0 tx=0 comp rx=0 tx=0).stop
2024-04-12T05:46:01.696 INFO:teuthology.orchestra.run.smithi008.stdout:/usr/bin/ceph: stderr
2024-04-12T05:46:01.054+0000 7ff140dfc700 1 -- 172.21.15.8:0/2768748670 >> 172.21.15.8:0/2768748670 conn(0x7ff13c1007d0 msgr2=0x7ff13c101f00 unknown :-1 s=STATE_NONE l=0).mark_down
2024-04-12T05:46:01.696 INFO:teuthology.orchestra.run.smithi008.stdout:/usr/bin/ceph: stderr
2024-04-12T05:46:01.054+0000 7ff140dfc700 1 -- 172.21.15.8:0/2768748670 shutdown_connections
2024-04-12T05:46:01.696 INFO:teuthology.orchestra.run.smithi008.stdout:/usr/bin/ceph: stderr
2024-04-12T05:46:01.055+0000 7ff140dfc700 1 -- 172.21.15.8:0/2768748670 wait complete.
2024-04-12T05:46:01.696 INFO:teuthology.orchestra.run.smithi008.stdout:Enabling the dashboard module...
2024-04-12T05:46:02.404 INFO:journalctl@ceph.mon.smithi008.smithi008.stdout:Apr 12 05:46:02 smithi008 ceph-mon[39722]: from='client.? 172.21.15.8:0/2768748670' entity='client.admin'
2024-04-12T05:46:03.404 INFO:journalctl@ceph.mon.smithi008.smithi008.stdout:Apr 12 05:46:03 smithi008 ceph-mon[39722]: from='client.? 172.21.15.8:0/1000553949' entity='client.admin' cmd=[{"prefix": "mgr module enable", "module": "dashboard"}]: dispatch
2024-04-12T05:46:03.404 INFO:journalctl@ceph.mon.smithi008.smithi008.stdout:Apr 12 05:46:03 smithi008 ceph-mon[39722]: pgmap v7: 0 pgs: ; 0 B data, 0 B used, 0 B / 0 B avail
2024-04-12T05:46:03.849 INFO:teuthology.orchestra.run.smithi008.stdout:/usr/bin/ceph: stderr
2024-04-12T05:46:02.289+0000 7f1ad4b6c700 1 Processor -- start
2024-04-12T05:46:03.849 INFO:teuthology.orchestra.run.smithi008.stdout:/usr/bin/ceph: stderr
2024-04-12T05:46:02.289+0000 7f1ad4b6c700 1 -- start start
2024-04-12T05:46:03.849 INFO:teuthology.orchestra.run.smithi008.stdout:/usr/bin/ceph: stderr
2024-04-12T05:46:02.290+0000 7f1ad4b6c700 1 --2- >> [v2:172.21.15.8:3300/0,v1:172.21.15.8:6789/0] conn(0x7f1ad0106330 0x7f1ad0106750 unknown :-1 s=NONE pgs=0 cs=0 l=0 rev1=0 crypto rx=0 tx=0 comp rx=0 tx=0).connect
2024-04-12T05:46:03.849 INFO:teuthology.orchestra.run.smithi008.stdout:/usr/bin/ceph: stderr
2024-04-12T05:46:02.290+0000 7f1ad4b6c700 1 -- --> [v2:172.21.15.8:3300/0,v1:172.21.15.8:6789/0] -- mon_getmap magic: 0 v1 -- 0x7f1ad0106d20 con 0x7f1ad0106330
2024-04-12T05:46:03.849 INFO:teuthology.orchestra.run.smithi008.stdout:/usr/bin/ceph: stderr
2024-04-12T05:46:02.290+0000 7f1ace59c700 1 --2- >> [v2:172.21.15.8:3300/0,v1:172.21.15.8:6789/0] conn(0x7f1ad0106330 0x7f1ad0106750 unknown :-1 s=BANNER_CONNECTING pgs=0 cs=0 l=0 rev1=0 crypto rx=0 tx=0 comp rx=0 tx=0)._handle_peer_banner_payload supported=3 required=0
2024-04-12T05:46:03.850 INFO:teuthology.orchestra.run.smithi008.stdout:/usr/bin/ceph: stderr
2024-04-12T05:46:02.290+0000 7f1ace59c700 1 --2- >> [v2:172.21.15.8:3300/0,v1:172.21.15.8:6789/0] conn(0x7f1ad0106330 0x7f1ad0106750 unknown :-1 s=HELLO_CONNECTING pgs=0 cs=0 l=0 rev1=1 crypto rx=0 tx=0 comp rx=0 tx=0).handle_hello peer v2:172.21.15.8:3300/0 says I am v2:172.21.15.8:34900/0 (socket says 172.21.15.8:34900)
2024-04-12T05:46:03.850 INFO:teuthology.orchestra.run.smithi008.stdout:/usr/bin/ceph: stderr
2024-04-12T05:46:02.290+0000 7f1ace59c700 1 -- 172.21.15.8:0/1058141668 learned_addr learned my addr 172.21.15.8:0/1058141668 (peer_addr_for_me v2:172.21.15.8:0/0)
2024-04-12T05:46:03.850 INFO:teuthology.orchestra.run.smithi008.stdout:/usr/bin/ceph: stderr
2024-04-12T05:46:02.290+0000 7f1ace59c700 1 -- 172.21.15.8:0/1058141668 --> [v2:172.21.15.8:3300/0,v1:172.21.15.8:6789/0] -- mon_subscribe({config=0+,monmap=0+}) v3 -- 0x7f1ad0107530 con 0x7f1ad0106330
2024-04-12T05:46:03.850 INFO:teuthology.orchestra.run.smithi008.stdout:/usr/bin/ceph: stderr
2024-04-12T05:46:02.290+0000 7f1ace59c700 1 --2- 172.21.15.8:0/1058141668 >> [v2:172.21.15.8:3300/0,v1:172.21.15.8:6789/0] conn(0x7f1ad0106330 0x7f1ad0106750 secure :-1 s=READY pgs=65 cs=0 l=1 rev1=1 crypto rx=0x7f1ac00098a0 tx=0x7f1ac0009bb0 comp rx=0 tx=0).ready entity=mon.0 client_cookie=4991bd80d81adab4 server_cookie=0 in_seq=0 out_seq=0
2024-04-12T05:46:03.850 INFO:teuthology.orchestra.run.smithi008.stdout:/usr/bin/ceph: stderr
2024-04-12T05:46:02.290+0000 7f1acd59a700 1 -- 172.21.15.8:0/1058141668 <== mon.0 v2:172.21.15.8:3300/0 1 ==== mon_map magic: 0 v1 ==== 229+0+0 (secure 0 0 0) 0x7f1ac0004180 con 0x7f1ad0106330
2024-04-12T05:46:03.850 INFO:teuthology.orchestra.run.smithi008.stdout:/usr/bin/ceph: stderr
2024-04-12T05:46:02.290+0000 7f1acd59a700 1 -- 172.21.15.8:0/1058141668 <== mon.0 v2:172.21.15.8:3300/0 2 ==== config(26 keys) v1 ==== 1066+0+0 (secure 0 0 0) 0x7f1ac00042e0 con 0x7f1ad0106330
2024-04-12T05:46:03.850 INFO:teuthology.orchestra.run.smithi008.stdout:/usr/bin/ceph: stderr
2024-04-12T05:46:02.290+0000 7f1acd59a700 1 -- 172.21.15.8:0/1058141668 <== mon.0 v2:172.21.15.8:3300/0 3 ==== mon_map magic: 0 v1 ==== 229+0+0 (secure 0 0 0) 0x7f1ac0011a30 con 0x7f1ad0106330
2024-04-12T05:46:03.850 INFO:teuthology.orchestra.run.smithi008.stdout:/usr/bin/ceph: stderr
2024-04-12T05:46:02.291+0000 7f1ad4b6c700 1 -- 172.21.15.8:0/1058141668 >> [v2:172.21.15.8:3300/0,v1:172.21.15.8:6789/0] conn(0x7f1ad0106330 msgr2=0x7f1ad0106750 secure :-1 s=STATE_CONNECTION_ESTABLISHED l=1).mark_down
2024-04-12T05:46:03.850 INFO:teuthology.orchestra.run.smithi008.stdout:/usr/bin/ceph: stderr
2024-04-12T05:46:02.291+0000 7f1ad4b6c700 1 --2- 172.21.15.8:0/1058141668 >> [v2:172.21.15.8:3300/0,v1:172.21.15.8:6789/0] conn(0x7f1ad0106330 0x7f1ad0106750 secure :-1 s=READY pgs=65 cs=0 l=1 rev1=1 crypto rx=0x7f1ac00098a0 tx=0x7f1ac0009bb0 comp rx=0 tx=0).stop
2024-04-12T05:46:03.850 INFO:teuthology.orchestra.run.smithi008.stdout:/usr/bin/ceph: stderr
2024-04-12T05:46:02.291+0000 7f1ad4b6c700 1 -- 172.21.15.8:0/1058141668 shutdown_connections
2024-04-12T05:46:03.850 INFO:teuthology.orchestra.run.smithi008.stdout:/usr/bin/ceph: stderr
2024-04-12T05:46:02.291+0000 7f1ad4b6c700 1 --2- 172.21.15.8:0/1058141668 >> [v2:172.21.15.8:3300/0,v1:172.21.15.8:6789/0] conn(0x7f1ad0106330 0x7f1ad0106750 unknown :-1 s=CLOSED pgs=65 cs=0 l=1 rev1=1 crypto rx=0 tx=0 comp rx=0 tx=0).stop
2024-04-12T05:46:03.850 INFO:teuthology.orchestra.run.smithi008.stdout:/usr/bin/ceph: stderr
2024-04-12T05:46:02.291+0000 7f1ad4b6c700 1 -- 172.21.15.8:0/1058141668 >> 172.21.15.8:0/1058141668 conn(0x7f1ad01018d0 msgr2=0x7f1ad0103d10 unknown :-1 s=STATE_NONE l=0).mark_down
2024-04-12T05:46:03.850 INFO:teuthology.orchestra.run.smithi008.stdout:/usr/bin/ceph: stderr
2024-04-12T05:46:02.291+0000 7f1ad4b6c700 1 -- 172.21.15.8:0/1058141668 shutdown_connections
2024-04-12T05:46:03.850 INFO:teuthology.orchestra.run.smithi008.stdout:/usr/bin/ceph: stderr
2024-04-12T05:46:02.291+0000 7f1ad4b6c700 1 -- 172.21.15.8:0/1058141668 wait complete.
2024-04-12T05:46:03.851 INFO:teuthology.orchestra.run.smithi008.stdout:/usr/bin/ceph: stderr
2024-04-12T05:46:02.292+0000 7f1ad4b6c700 1 Processor -- start
2024-04-12T05:46:03.851 INFO:teuthology.orchestra.run.smithi008.stdout:/usr/bin/ceph: stderr
2024-04-12T05:46:02.292+0000 7f1ad4b6c700 1 -- start start
2024-04-12T05:46:03.851 INFO:teuthology.orchestra.run.smithi008.stdout:/usr/bin/ceph: stderr
2024-04-12T05:46:02.292+0000 7f1ad4b6c700 1 --2- >> [v2:172.21.15.8:3300/0,v1:172.21.15.8:6789/0] conn(0x7f1ad0106330 0x7f1ad019a060 unknown :-1 s=NONE pgs=0 cs=0 l=1 rev1=0 crypto rx=0 tx=0 comp rx=0 tx=0).connect
2024-04-12T05:46:03.851 INFO:teuthology.orchestra.run.smithi008.stdout:/usr/bin/ceph: stderr
2024-04-12T05:46:02.292+0000 7f1ad4b6c700 1 -- --> [v2:172.21.15.8:3300/0,v1:172.21.15.8:6789/0] -- mon_getmap magic: 0 v1 -- 0x7f1ad019a5a0 con 0x7f1ad0106330
2024-04-12T05:46:03.851 INFO:teuthology.orchestra.run.smithi008.stdout:/usr/bin/ceph: stderr
2024-04-12T05:46:02.292+0000 7f1ace59c700 1 --2- >> [v2:172.21.15.8:3300/0,v1:172.21.15.8:6789/0] conn(0x7f1ad0106330 0x7f1ad019a060 unknown :-1 s=BANNER_CONNECTING pgs=0 cs=0 l=1 rev1=0 crypto rx=0 tx=0 comp rx=0 tx=0)._handle_peer_banner_payload supported=3 required=0
2024-04-12T05:46:03.851 INFO:teuthology.orchestra.run.smithi008.stdout:/usr/bin/ceph: stderr
2024-04-12T05:46:02.292+0000 7f1ace59c700 1 --2- >> [v2:172.21.15.8:3300/0,v1:172.21.15.8:6789/0] conn(0x7f1ad0106330 0x7f1ad019a060 unknown :-1 s=HELLO_CONNECTING pgs=0 cs=0 l=1 rev1=1 crypto rx=0 tx=0 comp rx=0 tx=0).handle_hello peer v2:172.21.15.8:3300/0 says I am v2:172.21.15.8:34914/0 (socket says 172.21.15.8:34914)
2024-04-12T05:46:03.851 INFO:teuthology.orchestra.run.smithi008.stdout:/usr/bin/ceph: stderr
2024-04-12T05:46:02.292+0000 7f1ace59c700 1 -- 172.21.15.8:0/1000553949 learned_addr learned my addr 172.21.15.8:0/1000553949 (peer_addr_for_me v2:172.21.15.8:0/0)
2024-04-12T05:46:03.851 INFO:teuthology.orchestra.run.smithi008.stdout:/usr/bin/ceph: stderr
2024-04-12T05:46:02.293+0000 7f1ace59c700 1 -- 172.21.15.8:0/1000553949 --> [v2:172.21.15.8:3300/0,v1:172.21.15.8:6789/0] -- mon_subscribe({config=0+,monmap=0+}) v3 -- 0x7f1ac0009550 con 0x7f1ad0106330
2024-04-12T05:46:03.851 INFO:teuthology.orchestra.run.smithi008.stdout:/usr/bin/ceph: stderr
2024-04-12T05:46:02.293+0000 7f1ace59c700 1 --2- 172.21.15.8:0/1000553949 >> [v2:172.21.15.8:3300/0,v1:172.21.15.8:6789/0] conn(0x7f1ad0106330 0x7f1ad019a060 secure :-1 s=READY pgs=66 cs=0 l=1 rev1=1 crypto rx=0x7f1ac0000c00 tx=0x7f1ac0011ab0 comp rx=0 tx=0).ready entity=mon.0 client_cookie=0 server_cookie=0 in_seq=0 out_seq=0
2024-04-12T05:46:03.851 INFO:teuthology.orchestra.run.smithi008.stdout:/usr/bin/ceph: stderr
2024-04-12T05:46:02.293+0000 7f1ac77fe700 1 -- 172.21.15.8:0/1000553949 <== mon.0 v2:172.21.15.8:3300/0 1 ==== mon_map magic: 0 v1 ==== 229+0+0 (secure 0 0 0) 0x7f1ac0003bc0 con 0x7f1ad0106330
2024-04-12T05:46:03.851 INFO:teuthology.orchestra.run.smithi008.stdout:/usr/bin/ceph: stderr
2024-04-12T05:46:02.293+0000 7f1ac77fe700 1 -- 172.21.15.8:0/1000553949 <== mon.0 v2:172.21.15.8:3300/0 2 ==== config(26 keys) v1 ==== 1066+0+0 (secure 0 0 0) 0x7f1ac00248d0 con 0x7f1ad0106330
2024-04-12T05:46:03.851 INFO:teuthology.orchestra.run.smithi008.stdout:/usr/bin/ceph: stderr
2024-04-12T05:46:02.293+0000 7f1ad4b6c700 1 -- 172.21.15.8:0/1000553949 --> [v2:172.21.15.8:3300/0,v1:172.21.15.8:6789/0] -- mon_subscribe({mgrmap=0+}) v3 -- 0x7f1ad019a7a0 con 0x7f1ad0106330
2024-04-12T05:46:03.851 INFO:teuthology.orchestra.run.smithi008.stdout:/usr/bin/ceph: stderr
2024-04-12T05:46:02.293+0000 7f1ac77fe700 1 -- 172.21.15.8:0/1000553949 <== mon.0 v2:172.21.15.8:3300/0 3 ==== mon_map magic: 0 v1 ==== 229+0+0 (secure 0 0 0) 0x7f1ac001a890 con 0x7f1ad0106330
2024-04-12T05:46:03.851 INFO:teuthology.orchestra.run.smithi008.stdout:/usr/bin/ceph: stderr
2024-04-12T05:46:02.293+0000 7f1ad4b6c700 1 -- 172.21.15.8:0/1000553949 --> [v2:172.21.15.8:3300/0,v1:172.21.15.8:6789/0] -- mon_subscribe({osdmap=0}) v3 -- 0x7f1ad019abc0 con 0x7f1ad0106330
2024-04-12T05:46:03.852 INFO:teuthology.orchestra.run.smithi008.stdout:/usr/bin/ceph: stderr
2024-04-12T05:46:02.294+0000 7f1ad4b6c700 1 -- 172.21.15.8:0/1000553949 --> [v2:172.21.15.8:3300/0,v1:172.21.15.8:6789/0] -- mon_command({"prefix": "get_command_descriptions"} v 0) v1 -- 0x7f1ad00623c0 con 0x7f1ad0106330
2024-04-12T05:46:03.852 INFO:teuthology.orchestra.run.smithi008.stdout:/usr/bin/ceph: stderr
2024-04-12T05:46:02.294+0000 7f1ac77fe700 1 -- 172.21.15.8:0/1000553949 <== mon.0 v2:172.21.15.8:3300/0 4 ==== mgrmap(e 8) v1 ==== 45283+0+0 (secure 0 0 0) 0x7f1ac0024a40 con 0x7f1ad0106330
2024-04-12T05:46:03.852 INFO:teuthology.orchestra.run.smithi008.stdout:/usr/bin/ceph: stderr
2024-04-12T05:46:02.294+0000 7f1ac77fe700 1 --2- 172.21.15.8:0/1000553949 >> [v2:172.21.15.8:6800/1010894527,v1:172.21.15.8:6801/1010894527] conn(0x7f1abc038320 0x7f1abc03a7e0 unknown :-1 s=NONE pgs=0 cs=0 l=1 rev1=0 crypto rx=0 tx=0 comp rx=0 tx=0).connect
2024-04-12T05:46:03.852 INFO:teuthology.orchestra.run.smithi008.stdout:/usr/bin/ceph: stderr
2024-04-12T05:46:02.295+0000 7f1ac77fe700 1 -- 172.21.15.8:0/1000553949 <== mon.0 v2:172.21.15.8:3300/0 5 ==== osd_map(2..2 src has 1..2) v4 ==== 940+0+0 (secure 0 0 0) 0x7f1ac004ca70 con 0x7f1ad0106330
2024-04-12T05:46:03.852 INFO:teuthology.orchestra.run.smithi008.stdout:/usr/bin/ceph: stderr
2024-04-12T05:46:02.295+0000 7f1acdd9b700 1 --2- 172.21.15.8:0/1000553949 >> [v2:172.21.15.8:6800/1010894527,v1:172.21.15.8:6801/1010894527] conn(0x7f1abc038320 0x7f1abc03a7e0 unknown :-1 s=BANNER_CONNECTING pgs=0 cs=0 l=1 rev1=0 crypto rx=0 tx=0 comp rx=0 tx=0)._handle_peer_banner_payload supported=3 required=0
2024-04-12T05:46:03.852 INFO:teuthology.orchestra.run.smithi008.stdout:/usr/bin/ceph: stderr
2024-04-12T05:46:02.295+0000 7f1acdd9b700 1 --2- 172.21.15.8:0/1000553949 >> [v2:172.21.15.8:6800/1010894527,v1:172.21.15.8:6801/1010894527] conn(0x7f1abc038320 0x7f1abc03a7e0 secure :-1 s=READY pgs=22 cs=0 l=1 rev1=1 crypto rx=0x7f1ab8006fd0 tx=0x7f1ab8006e40 comp rx=0 tx=0).ready entity=mgr.14118 client_cookie=0 server_cookie=0 in_seq=0 out_seq=0
2024-04-12T05:46:03.852 INFO:teuthology.orchestra.run.smithi008.stdout:/usr/bin/ceph: stderr
2024-04-12T05:46:02.299+0000 7f1ac77fe700 1 -- 172.21.15.8:0/1000553949 <== mon.0 v2:172.21.15.8:3300/0 6 ==== mon_command_ack([{"prefix": "get_command_descriptions"}]=0 v0) v1 ==== 72+0+180422 (secure 0 0 0) 0x7f1ac0018710 con 0x7f1ad0106330
2024-04-12T05:46:03.852 INFO:teuthology.orchestra.run.smithi008.stdout:/usr/bin/ceph: stderr
2024-04-12T05:46:02.556+0000 7f1ad4b6c700 1 -- 172.21.15.8:0/1000553949 --> [v2:172.21.15.8:3300/0,v1:172.21.15.8:6789/0] -- mon_command({"prefix": "mgr module enable", "module": "dashboard"} v 0) v1 -- 0x7f1ad010a730 con 0x7f1ad0106330
2024-04-12T05:46:03.852 INFO:teuthology.orchestra.run.smithi008.stdout:/usr/bin/ceph: stderr
2024-04-12T05:46:03.056+0000 7f1ac77fe700 1 -- 172.21.15.8:0/1000553949 <== mon.0 v2:172.21.15.8:3300/0 7 ==== mgrmap(e 9) v1 ==== 45296+0+0 (secure 0 0 0) 0x7f1ac004b8a0 con 0x7f1ad0106330
2024-04-12T05:46:03.852 INFO:teuthology.orchestra.run.smithi008.stdout:/usr/bin/ceph: stderr
2024-04-12T05:46:03.057+0000 7f1ac77fe700 1 -- 172.21.15.8:0/1000553949 <== mon.0 v2:172.21.15.8:3300/0 8 ==== mon_command_ack([{"prefix": "mgr module enable", "module": "dashboard"}]=0 v9) v1 ==== 88+0+0 (secure 0 0 0) 0x7f1ac000be20 con 0x7f1ad0106330
2024-04-12T05:46:03.852 INFO:teuthology.orchestra.run.smithi008.stdout:/usr/bin/ceph: stderr
2024-04-12T05:46:03.060+0000 7f1ad4b6c700 1 -- 172.21.15.8:0/1000553949 >> [v2:172.21.15.8:6800/1010894527,v1:172.21.15.8:6801/1010894527] conn(0x7f1abc038320 msgr2=0x7f1abc03a7e0 secure :-1 s=STATE_CONNECTION_ESTABLISHED l=1).mark_down
2024-04-12T05:46:03.852 INFO:teuthology.orchestra.run.smithi008.stdout:/usr/bin/ceph: stderr
2024-04-12T05:46:03.060+0000 7f1ad4b6c700 1 --2- 172.21.15.8:0/1000553949 >> [v2:172.21.15.8:6800/1010894527,v1:172.21.15.8:6801/1010894527] conn(0x7f1abc038320 0x7f1abc03a7e0 secure :-1 s=READY pgs=22 cs=0 l=1 rev1=1 crypto rx=0x7f1ab8006fd0 tx=0x7f1ab8006e40 comp rx=0 tx=0).stop
2024-04-12T05:46:03.852 INFO:teuthology.orchestra.run.smithi008.stdout:/usr/bin/ceph: stderr
2024-04-12T05:46:03.060+0000 7f1ad4b6c700 1 -- 172.21.15.8:0/1000553949 >> [v2:172.21.15.8:3300/0,v1:172.21.15.8:6789/0] conn(0x7f1ad0106330 msgr2=0x7f1ad019a060 secure :-1 s=STATE_CONNECTION_ESTABLISHED l=1).mark_down
2024-04-12T05:46:03.852 INFO:teuthology.orchestra.run.smithi008.stdout:/usr/bin/ceph: stderr
2024-04-12T05:46:03.060+0000 7f1ad4b6c700 1 --2- 172.21.15.8:0/1000553949 >> [v2:172.21.15.8:3300/0,v1:172.21.15.8:6789/0] conn(0x7f1ad0106330 0x7f1ad019a060 secure :-1 s=READY pgs=66 cs=0 l=1 rev1=1 crypto rx=0x7f1ac0000c00 tx=0x7f1ac0011ab0 comp rx=0 tx=0).stop
2024-04-12T05:46:03.853 INFO:teuthology.orchestra.run.smithi008.stdout:/usr/bin/ceph: stderr
2024-04-12T05:46:03.060+0000 7f1ad4b6c700 1 -- 172.21.15.8:0/1000553949 shutdown_connections
2024-04-12T05:46:03.853 INFO:teuthology.orchestra.run.smithi008.stdout:/usr/bin/ceph: stderr
2024-04-12T05:46:03.060+0000 7f1ad4b6c700 1 --2- 172.21.15.8:0/1000553949 >> [v2:172.21.15.8:6800/1010894527,v1:172.21.15.8:6801/1010894527] conn(0x7f1abc038320 0x7f1abc03a7e0 unknown :-1 s=CLOSED pgs=22 cs=0 l=1 rev1=1 crypto rx=0 tx=0 comp rx=0 tx=0).stop
2024-04-12T05:46:03.853 INFO:teuthology.orchestra.run.smithi008.stdout:/usr/bin/ceph: stderr
2024-04-12T05:46:03.060+0000 7f1ad4b6c700 1 --2- 172.21.15.8:0/1000553949 >> [v2:172.21.15.8:3300/0,v1:172.21.15.8:6789/0] conn(0x7f1ad0106330 0x7f1ad019a060 unknown :-1 s=CLOSED pgs=66 cs=0 l=1 rev1=1 crypto rx=0 tx=0 comp rx=0 tx=0).stop
2024-04-12T05:46:03.853 INFO:teuthology.orchestra.run.smithi008.stdout:/usr/bin/ceph: stderr
2024-04-12T05:46:03.060+0000 7f1ad4b6c700 1 -- 172.21.15.8:0/1000553949 >> 172.21.15.8:0/1000553949 conn(0x7f1ad01018d0 msgr2=0x7f1ad0103000 unknown :-1 s=STATE_NONE l=0).mark_down
2024-04-12T05:46:03.853 INFO:teuthology.orchestra.run.smithi008.stdout:/usr/bin/ceph: stderr
2024-04-12T05:46:03.060+0000 7f1ad4b6c700 1 -- 172.21.15.8:0/1000553949 shutdown_connections
2024-04-12T05:46:03.853 INFO:teuthology.orchestra.run.smithi008.stdout:/usr/bin/ceph: stderr
2024-04-12T05:46:03.061+0000 7f1ad4b6c700 1 -- 172.21.15.8:0/1000553949 wait complete.
2024-04-12T05:46:04.404 INFO:journalctl@ceph.mon.smithi008.smithi008.stdout:Apr 12 05:46:04 smithi008 ceph-mon[39722]: from='client.? 172.21.15.8:0/1000553949' entity='client.admin' cmd='[{"prefix": "mgr module enable", "module": "dashboard"}]': finished
2024-04-12T05:46:04.404 INFO:journalctl@ceph.mon.smithi008.smithi008.stdout:Apr 12 05:46:04 smithi008 ceph-mon[39722]: mgrmap e9: smithi008.ixmnlp(active, since 28s)
2024-04-12T05:46:05.334 INFO:teuthology.orchestra.run.smithi008.stdout:/usr/bin/ceph: stdout {
2024-04-12T05:46:05.340 INFO:teuthology.orchestra.run.smithi008.stdout:/usr/bin/ceph: stdout "epoch": 9,
2024-04-12T05:46:05.340 INFO:teuthology.orchestra.run.smithi008.stdout:/usr/bin/ceph: stdout "available": true,
2024-04-12T05:46:05.340 INFO:teuthology.orchestra.run.smithi008.stdout:/usr/bin/ceph: stdout "active_name": "smithi008.ixmnlp",
2024-04-12T05:46:05.340 INFO:teuthology.orchestra.run.smithi008.stdout:/usr/bin/ceph: stdout "num_standby": 0
2024-04-12T05:46:05.340 INFO:teuthology.orchestra.run.smithi008.stdout:/usr/bin/ceph: stdout }
2024-04-12T05:46:05.340 INFO:teuthology.orchestra.run.smithi008.stdout:/usr/bin/ceph: stderr
2024-04-12T05:46:04.402+0000 7f7ffe79f700 1 Processor -- start
2024-04-12T05:46:05.340 INFO:teuthology.orchestra.run.smithi008.stdout:/usr/bin/ceph: stderr
2024-04-12T05:46:04.402+0000 7f7ffe79f700 1 -- start start
2024-04-12T05:46:05.340 INFO:teuthology.orchestra.run.smithi008.stdout:/usr/bin/ceph: stderr
2024-04-12T05:46:04.402+0000 7f7ffe79f700 1 --2- >> [v2:172.21.15.8:3300/0,v1:172.21.15.8:6789/0] conn(0x7f7ff8106da0 0x7f7ff8109190 unknown :-1 s=NONE pgs=0 cs=0 l=0 rev1=0 crypto rx=0 tx=0 comp rx=0 tx=0).connect
2024-04-12T05:46:05.341 INFO:teuthology.orchestra.run.smithi008.stdout:/usr/bin/ceph: stderr
2024-04-12T05:46:04.402+0000 7f7ffe79f700 1 -- --> [v2:172.21.15.8:3300/0,v1:172.21.15.8:6789/0] -- mon_getmap magic: 0 v1 -- 0x7f7ff8074530 con 0x7f7ff8106da0
2024-04-12T05:46:05.341 INFO:teuthology.orchestra.run.smithi008.stdout:/usr/bin/ceph: stderr
2024-04-12T05:46:04.403+0000 7f7ff7fff700 1 --2- >> [v2:172.21.15.8:3300/0,v1:172.21.15.8:6789/0] conn(0x7f7ff8106da0 0x7f7ff8109190 unknown :-1 s=BANNER_CONNECTING pgs=0 cs=0 l=0 rev1=0 crypto rx=0 tx=0 comp rx=0 tx=0)._handle_peer_banner_payload supported=3 required=0
2024-04-12T05:46:05.341 INFO:teuthology.orchestra.run.smithi008.stdout:/usr/bin/ceph: stderr
2024-04-12T05:46:04.403+0000 7f7ff7fff700 1 --2- >> [v2:172.21.15.8:3300/0,v1:172.21.15.8:6789/0] conn(0x7f7ff8106da0 0x7f7ff8109190 unknown :-1 s=HELLO_CONNECTING pgs=0 cs=0 l=0 rev1=1 crypto rx=0 tx=0 comp rx=0 tx=0).handle_hello peer v2:172.21.15.8:3300/0 says I am v2:172.21.15.8:38186/0 (socket says 172.21.15.8:38186)
2024-04-12T05:46:05.341 INFO:teuthology.orchestra.run.smithi008.stdout:/usr/bin/ceph: stderr
2024-04-12T05:46:04.403+0000 7f7ff7fff700 1 -- 172.21.15.8:0/3293161725 learned_addr learned my addr 172.21.15.8:0/3293161725 (peer_addr_for_me v2:172.21.15.8:0/0)
2024-04-12T05:46:05.341 INFO:teuthology.orchestra.run.smithi008.stdout:/usr/bin/ceph: stderr
2024-04-12T05:46:04.403+0000 7f7ff7fff700 1 -- 172.21.15.8:0/3293161725 --> [v2:172.21.15.8:3300/0,v1:172.21.15.8:6789/0] -- mon_subscribe({config=0+,monmap=0+}) v3 -- 0x7f7ff81096d0 con 0x7f7ff8106da0
2024-04-12T05:46:05.341 INFO:teuthology.orchestra.run.smithi008.stdout:/usr/bin/ceph: stderr
2024-04-12T05:46:04.403+0000 7f7ff7fff700 1 --2- 172.21.15.8:0/3293161725 >> [v2:172.21.15.8:3300/0,v1:172.21.15.8:6789/0] conn(0x7f7ff8106da0 0x7f7ff8109190 secure :-1 s=READY pgs=69 cs=0 l=1 rev1=1 crypto rx=0x7f7fe80098a0 tx=0x7f7fe8009bb0 comp rx=0 tx=0).ready entity=mon.0 client_cookie=b51c82f171423546 server_cookie=0 in_seq=0 out_seq=0
2024-04-12T05:46:05.341 INFO:teuthology.orchestra.run.smithi008.stdout:/usr/bin/ceph: stderr
2024-04-12T05:46:04.403+0000 7f7ff6ffd700 1 -- 172.21.15.8:0/3293161725 <== mon.0 v2:172.21.15.8:3300/0 1 ==== mon_map magic: 0 v1 ==== 229+0+0 (secure 0 0 0) 0x7f7fe8004180 con 0x7f7ff8106da0
2024-04-12T05:46:05.341 INFO:teuthology.orchestra.run.smithi008.stdout:/usr/bin/ceph: stderr
2024-04-12T05:46:04.403+0000 7f7ff6ffd700 1 -- 172.21.15.8:0/3293161725 <== mon.0 v2:172.21.15.8:3300/0 2 ==== config(26 keys) v1 ==== 1066+0+0 (secure 0 0 0) 0x7f7fe80042e0 con 0x7f7ff8106da0
2024-04-12T05:46:05.341 INFO:teuthology.orchestra.run.smithi008.stdout:/usr/bin/ceph: stderr
2024-04-12T05:46:04.403+0000 7f7ff6ffd700 1 -- 172.21.15.8:0/3293161725 <== mon.0 v2:172.21.15.8:3300/0 3 ==== mon_map magic: 0 v1 ==== 229+0+0 (secure 0 0 0) 0x7f7fe8011a30 con 0x7f7ff8106da0
2024-04-12T05:46:05.341 INFO:teuthology.orchestra.run.smithi008.stdout:/usr/bin/ceph: stderr
2024-04-12T05:46:04.404+0000 7f7ffe79f700 1 -- 172.21.15.8:0/3293161725 >> [v2:172.21.15.8:3300/0,v1:172.21.15.8:6789/0] conn(0x7f7ff8106da0 msgr2=0x7f7ff8109190 secure :-1 s=STATE_CONNECTION_ESTABLISHED l=1).mark_down
2024-04-12T05:46:05.341 INFO:teuthology.orchestra.run.smithi008.stdout:/usr/bin/ceph: stderr
2024-04-12T05:46:04.404+0000 7f7ffe79f700 1 --2- 172.21.15.8:0/3293161725 >> [v2:172.21.15.8:3300/0,v1:172.21.15.8:6789/0] conn(0x7f7ff8106da0 0x7f7ff8109190 secure :-1 s=READY pgs=69 cs=0 l=1 rev1=1 crypto rx=0x7f7fe80098a0 tx=0x7f7fe8009bb0 comp rx=0 tx=0).stop
2024-04-12T05:46:05.341 INFO:teuthology.orchestra.run.smithi008.stdout:/usr/bin/ceph: stderr
2024-04-12T05:46:04.404+0000 7f7ffe79f700 1 -- 172.21.15.8:0/3293161725 shutdown_connections
2024-04-12T05:46:05.342 INFO:teuthology.orchestra.run.smithi008.stdout:/usr/bin/ceph: stderr
2024-04-12T05:46:04.404+0000 7f7ffe79f700 1 --2- 172.21.15.8:0/3293161725 >> [v2:172.21.15.8:3300/0,v1:172.21.15.8:6789/0] conn(0x7f7ff8106da0 0x7f7ff8109190 unknown :-1 s=CLOSED pgs=69 cs=0 l=1 rev1=1 crypto rx=0 tx=0 comp rx=0 tx=0).stop
2024-04-12T05:46:05.342 INFO:teuthology.orchestra.run.smithi008.stdout:/usr/bin/ceph: stderr
2024-04-12T05:46:04.404+0000 7f7ffe79f700 1 -- 172.21.15.8:0/3293161725 >> 172.21.15.8:0/3293161725 conn(0x7f7ff81007f0 msgr2=0x7f7ff8102c10 unknown :-1 s=STATE_NONE l=0).mark_down
2024-04-12T05:46:05.342 INFO:teuthology.orchestra.run.smithi008.stdout:/usr/bin/ceph: stderr
2024-04-12T05:46:04.404+0000 7f7ffe79f700 1 -- 172.21.15.8:0/3293161725 shutdown_connections
2024-04-12T05:46:05.342 INFO:teuthology.orchestra.run.smithi008.stdout:/usr/bin/ceph: stderr
2024-04-12T05:46:04.404+0000 7f7ffe79f700 1 -- 172.21.15.8:0/3293161725 wait complete.
