2024-04-18T16:25:19.139+0000 7f27527c0700 1 -- --> [v2:172.21.15.12:3300/0,v1:172.21.15.12:6789/0] -- mon_getmap magic: 0 v1 -- 0x7f274c105c00 con 0x7f274c105210
2024-04-18T16:25:20.955 INFO:teuthology.orchestra.run.smithi012.stdout:/usr/bin/ceph: stderr
2024-04-18T16:25:19.140+0000 7f274bfff700 1 --2- >> [v2:172.21.15.12:3300/0,v1:172.21.15.12:6789/0] conn(0x7f274c105210 0x7f274c105630 unknown :-1 s=BANNER_CONNECTING pgs=0 cs=0 l=0 rev1=0 crypto rx=0 tx=0 comp rx=0 tx=0)._handle_peer_banner_payload supported=3 required=0
2024-04-18T16:25:20.955 INFO:teuthology.orchestra.run.smithi012.stdout:/usr/bin/ceph: stderr
2024-04-18T16:25:19.140+0000 7f274bfff700 1 --2- >> [v2:172.21.15.12:3300/0,v1:172.21.15.12:6789/0] conn(0x7f274c105210 0x7f274c105630 unknown :-1 s=HELLO_CONNECTING pgs=0 cs=0 l=0 rev1=1 crypto rx=0 tx=0 comp rx=0 tx=0).handle_hello peer v2:172.21.15.12:3300/0 says I am v2:172.21.15.12:55128/0 (socket says 172.21.15.12:55128)
2024-04-18T16:25:20.955 INFO:teuthology.orchestra.run.smithi012.stdout:/usr/bin/ceph: stderr
2024-04-18T16:25:19.140+0000 7f274bfff700 1 -- 172.21.15.12:0/1180158637 learned_addr learned my addr 172.21.15.12:0/1180158637 (peer_addr_for_me v2:172.21.15.12:0/0)
2024-04-18T16:25:20.955 INFO:teuthology.orchestra.run.smithi012.stdout:/usr/bin/ceph: stderr
2024-04-18T16:25:19.140+0000 7f274bfff700 1 -- 172.21.15.12:0/1180158637 --> [v2:172.21.15.12:3300/0,v1:172.21.15.12:6789/0] -- mon_subscribe({config=0+,monmap=0+}) v3 -- 0x7f274c106410 con 0x7f274c105210
2024-04-18T16:25:20.955 INFO:teuthology.orchestra.run.smithi012.stdout:/usr/bin/ceph: stderr
2024-04-18T16:25:19.140+0000 7f274bfff700 1 --2- 172.21.15.12:0/1180158637 >> [v2:172.21.15.12:3300/0,v1:172.21.15.12:6789/0] conn(0x7f274c105210 0x7f274c105630 secure :-1 s=READY pgs=68 cs=0 l=1 rev1=1 crypto rx=0x7f273c0098a0 tx=0x7f273c009bb0 comp rx=0 tx=0).ready entity=mon.0 client_cookie=b44549e190d885c9 server_cookie=0 in_seq=0 out_seq=0
2024-04-18T16:25:20.955 INFO:teuthology.orchestra.run.smithi012.stdout:/usr/bin/ceph: stderr
2024-04-18T16:25:19.140+0000 7f274b7fe700 1 -- 172.21.15.12:0/1180158637 <== mon.0 v2:172.21.15.12:3300/0 1 ==== mon_map magic: 0 v1 ==== 205+0+0 (secure 0 0 0) 0x7f273c004160 con 0x7f274c105210
2024-04-18T16:25:20.955 INFO:teuthology.orchestra.run.smithi012.stdout:/usr/bin/ceph: stderr
2024-04-18T16:25:19.140+0000 7f274b7fe700 1 -- 172.21.15.12:0/1180158637 <== mon.0 v2:172.21.15.12:3300/0 2 ==== config(24 keys) v1 ==== 1035+0+0 (secure 0 0 0) 0x7f273c0042c0 con 0x7f274c105210
2024-04-18T16:25:20.955 INFO:teuthology.orchestra.run.smithi012.stdout:/usr/bin/ceph: stderr
2024-04-18T16:25:19.140+0000 7f274b7fe700 1 -- 172.21.15.12:0/1180158637 <== mon.0 v2:172.21.15.12:3300/0 3 ==== mon_map magic: 0 v1 ==== 205+0+0 (secure 0 0 0) 0x7f273c011830 con 0x7f274c105210
2024-04-18T16:25:20.956 INFO:teuthology.orchestra.run.smithi012.stdout:/usr/bin/ceph: stderr
2024-04-18T16:25:19.141+0000 7f27527c0700 1 -- 172.21.15.12:0/1180158637 >> [v2:172.21.15.12:3300/0,v1:172.21.15.12:6789/0] conn(0x7f274c105210 msgr2=0x7f274c105630 secure :-1 s=STATE_CONNECTION_ESTABLISHED l=1).mark_down
2024-04-18T16:25:20.956 INFO:teuthology.orchestra.run.smithi012.stdout:/usr/bin/ceph: stderr
2024-04-18T16:25:19.141+0000 7f27527c0700 1 --2- 172.21.15.12:0/1180158637 >> [v2:172.21.15.12:3300/0,v1:172.21.15.12:6789/0] conn(0x7f274c105210 0x7f274c105630 secure :-1 s=READY pgs=68 cs=0 l=1 rev1=1 crypto rx=0x7f273c0098a0 tx=0x7f273c009bb0 comp rx=0 tx=0).stop
2024-04-18T16:25:20.956 INFO:teuthology.orchestra.run.smithi012.stdout:/usr/bin/ceph: stderr
2024-04-18T16:25:19.141+0000 7f27527c0700 1 -- 172.21.15.12:0/1180158637 shutdown_connections
2024-04-18T16:25:20.956 INFO:teuthology.orchestra.run.smithi012.stdout:/usr/bin/ceph: stderr
2024-04-18T16:25:19.141+0000 7f27527c0700 1 --2- 172.21.15.12:0/1180158637 >> [v2:172.21.15.12:3300/0,v1:172.21.15.12:6789/0] conn(0x7f274c105210 0x7f274c105630 unknown :-1 s=CLOSED pgs=68 cs=0 l=1 rev1=1 crypto rx=0 tx=0 comp rx=0 tx=0).stop
2024-04-18T16:25:20.956 INFO:teuthology.orchestra.run.smithi012.stdout:/usr/bin/ceph: stderr
2024-04-18T16:25:19.141+0000 7f27527c0700 1 -- 172.21.15.12:0/1180158637 >> 172.21.15.12:0/1180158637 conn(0x7f274c100770 msgr2=0x7f274c102bf0 unknown :-1 s=STATE_NONE l=0).mark_down
2024-04-18T16:25:20.956 INFO:teuthology.orchestra.run.smithi012.stdout:/usr/bin/ceph: stderr
2024-04-18T16:25:19.141+0000 7f27527c0700 1 -- 172.21.15.12:0/1180158637 shutdown_connections
2024-04-18T16:25:20.956 INFO:teuthology.orchestra.run.smithi012.stdout:/usr/bin/ceph: stderr
2024-04-18T16:25:19.141+0000 7f27527c0700 1 -- 172.21.15.12:0/1180158637 wait complete.
2024-04-18T16:25:20.956 INFO:teuthology.orchestra.run.smithi012.stdout:/usr/bin/ceph: stderr
2024-04-18T16:25:19.142+0000 7f27527c0700 1 Processor -- start
2024-04-18T16:25:20.956 INFO:teuthology.orchestra.run.smithi012.stdout:/usr/bin/ceph: stderr
2024-04-18T16:25:19.142+0000 7f27527c0700 1 -- start start
2024-04-18T16:25:20.956 INFO:teuthology.orchestra.run.smithi012.stdout:/usr/bin/ceph: stderr
2024-04-18T16:25:19.142+0000 7f27527c0700 1 --2- >> [v2:172.21.15.12:3300/0,v1:172.21.15.12:6789/0] conn(0x7f274c105210 0x7f274c198f70 unknown :-1 s=NONE pgs=0 cs=0 l=1 rev1=0 crypto rx=0 tx=0 comp rx=0 tx=0).connect
2024-04-18T16:25:20.956 INFO:teuthology.orchestra.run.smithi012.stdout:/usr/bin/ceph: stderr
2024-04-18T16:25:19.142+0000 7f27527c0700 1 -- --> [v2:172.21.15.12:3300/0,v1:172.21.15.12:6789/0] -- mon_getmap magic: 0 v1 -- 0x7f274c1994b0 con 0x7f274c105210
2024-04-18T16:25:20.956 INFO:teuthology.orchestra.run.smithi012.stdout:/usr/bin/ceph: stderr
2024-04-18T16:25:19.142+0000 7f274bfff700 1 --2- >> [v2:172.21.15.12:3300/0,v1:172.21.15.12:6789/0] conn(0x7f274c105210 0x7f274c198f70 unknown :-1 s=BANNER_CONNECTING pgs=0 cs=0 l=1 rev1=0 crypto rx=0 tx=0 comp rx=0 tx=0)._handle_peer_banner_payload supported=3 required=0
2024-04-18T16:25:20.956 INFO:teuthology.orchestra.run.smithi012.stdout:/usr/bin/ceph: stderr
2024-04-18T16:25:19.142+0000 7f274bfff700 1 --2- >> [v2:172.21.15.12:3300/0,v1:172.21.15.12:6789/0] conn(0x7f274c105210 0x7f274c198f70 unknown :-1 s=HELLO_CONNECTING pgs=0 cs=0 l=1 rev1=1 crypto rx=0 tx=0 comp rx=0 tx=0).handle_hello peer v2:172.21.15.12:3300/0 says I am v2:172.21.15.12:55134/0 (socket says 172.21.15.12:55134)
2024-04-18T16:25:20.956 INFO:teuthology.orchestra.run.smithi012.stdout:/usr/bin/ceph: stderr
2024-04-18T16:25:19.142+0000 7f274bfff700 1 -- 172.21.15.12:0/2901654917 learned_addr learned my addr 172.21.15.12:0/2901654917 (peer_addr_for_me v2:172.21.15.12:0/0)
2024-04-18T16:25:20.957 INFO:teuthology.orchestra.run.smithi012.stdout:/usr/bin/ceph: stderr
2024-04-18T16:25:19.142+0000 7f274bfff700 1 -- 172.21.15.12:0/2901654917 --> [v2:172.21.15.12:3300/0,v1:172.21.15.12:6789/0] -- mon_subscribe({config=0+,monmap=0+}) v3 -- 0x7f273c009550 con 0x7f274c105210
2024-04-18T16:25:20.957 INFO:teuthology.orchestra.run.smithi012.stdout:/usr/bin/ceph: stderr
2024-04-18T16:25:19.142+0000 7f274bfff700 1 --2- 172.21.15.12:0/2901654917 >> [v2:172.21.15.12:3300/0,v1:172.21.15.12:6789/0] conn(0x7f274c105210 0x7f274c198f70 secure :-1 s=READY pgs=69 cs=0 l=1 rev1=1 crypto rx=0x7f273c009fb0 tx=0x7f273c011910 comp rx=0 tx=0).ready entity=mon.0 client_cookie=0 server_cookie=0 in_seq=0 out_seq=0
2024-04-18T16:25:20.957 INFO:teuthology.orchestra.run.smithi012.stdout:/usr/bin/ceph: stderr
2024-04-18T16:25:19.143+0000 7f2749ffb700 1 -- 172.21.15.12:0/2901654917 <== mon.0 v2:172.21.15.12:3300/0 1 ==== mon_map magic: 0 v1 ==== 205+0+0 (secure 0 0 0) 0x7f273c0036a0 con 0x7f274c105210
2024-04-18T16:25:20.957 INFO:teuthology.orchestra.run.smithi012.stdout:/usr/bin/ceph: stderr
2024-04-18T16:25:19.143+0000 7f2749ffb700 1 -- 172.21.15.12:0/2901654917 <== mon.0 v2:172.21.15.12:3300/0 2 ==== config(24 keys) v1 ==== 1035+0+0 (secure 0 0 0) 0x7f273c003800 con 0x7f274c105210
2024-04-18T16:25:20.957 INFO:teuthology.orchestra.run.smithi012.stdout:/usr/bin/ceph: stderr
2024-04-18T16:25:19.143+0000 7f27527c0700 1 -- 172.21.15.12:0/2901654917 --> [v2:172.21.15.12:3300/0,v1:172.21.15.12:6789/0] -- mon_subscribe({mgrmap=0+}) v3 -- 0x7f274c1996b0 con 0x7f274c105210
2024-04-18T16:25:20.957 INFO:teuthology.orchestra.run.smithi012.stdout:/usr/bin/ceph: stderr
2024-04-18T16:25:19.143+0000 7f2749ffb700 1 -- 172.21.15.12:0/2901654917 <== mon.0 v2:172.21.15.12:3300/0 3 ==== mon_map magic: 0 v1 ==== 205+0+0 (secure 0 0 0) 0x7f273c01ae50 con 0x7f274c105210
2024-04-18T16:25:20.957 INFO:teuthology.orchestra.run.smithi012.stdout:/usr/bin/ceph: stderr
2024-04-18T16:25:19.143+0000 7f27527c0700 1 -- 172.21.15.12:0/2901654917 --> [v2:172.21.15.12:3300/0,v1:172.21.15.12:6789/0] -- mon_subscribe({osdmap=0}) v3 -- 0x7f274c199b50 con 0x7f274c105210
2024-04-18T16:25:20.957 INFO:teuthology.orchestra.run.smithi012.stdout:/usr/bin/ceph: stderr
2024-04-18T16:25:19.144+0000 7f2749ffb700 1 -- 172.21.15.12:0/2901654917 <== mon.0 v2:172.21.15.12:3300/0 4 ==== mgrmap(e 11) v1 ==== 45448+0+0 (secure 0 0 0) 0x7f273c02d3f0 con 0x7f274c105210
2024-04-18T16:25:20.957 INFO:teuthology.orchestra.run.smithi012.stdout:/usr/bin/ceph: stderr
2024-04-18T16:25:19.144+0000 7f2749ffb700 20 mgrc handle_mgr_map mgrmap(e 11) v1
2024-04-18T16:25:20.957 INFO:teuthology.orchestra.run.smithi012.stdout:/usr/bin/ceph: stderr
2024-04-18T16:25:19.144+0000 7f27527c0700 1 -- 172.21.15.12:0/2901654917 --> [v2:172.21.15.12:3300/0,v1:172.21.15.12:6789/0] -- mon_command({"prefix": "get_command_descriptions"} v 0) v1 -- 0x7f274c062510 con 0x7f274c105210
2024-04-18T16:25:20.957 INFO:teuthology.orchestra.run.smithi012.stdout:/usr/bin/ceph: stderr
2024-04-18T16:25:19.144+0000 7f2749ffb700 4 mgrc handle_mgr_map Got map version 11
2024-04-18T16:25:20.957 INFO:teuthology.orchestra.run.smithi012.stdout:/usr/bin/ceph: stderr
2024-04-18T16:25:19.144+0000 7f2749ffb700 4 mgrc handle_mgr_map Active mgr is now [v2:172.21.15.12:6800/1245168006,v1:172.21.15.12:6801/1245168006]
2024-04-18T16:25:20.957 INFO:teuthology.orchestra.run.smithi012.stdout:/usr/bin/ceph: stderr
2024-04-18T16:25:19.144+0000 7f2749ffb700 4 mgrc reconnect Starting new session with [v2:172.21.15.12:6800/1245168006,v1:172.21.15.12:6801/1245168006]
2024-04-18T16:25:20.957 INFO:teuthology.orchestra.run.smithi012.stdout:/usr/bin/ceph: stderr
2024-04-18T16:25:19.144+0000 7f2749ffb700 1 --2- 172.21.15.12:0/2901654917 >> [v2:172.21.15.12:6800/1245168006,v1:172.21.15.12:6801/1245168006] conn(0x7f2738038620 0x7f273803aae0 unknown :-1 s=NONE pgs=0 cs=0 l=1 rev1=0 crypto rx=0 tx=0 comp rx=0 tx=0).connect
2024-04-18T16:25:20.958 INFO:teuthology.orchestra.run.smithi012.stdout:/usr/bin/ceph: stderr
2024-04-18T16:25:19.144+0000 7f2749ffb700 1 -- 172.21.15.12:0/2901654917 <== mon.0 v2:172.21.15.12:3300/0 5 ==== osd_map(3..3 src has 1..3) v4 ==== 1155+0+0 (secure 0 0 0) 0x7f273c04c680 con 0x7f274c105210
2024-04-18T16:25:20.958 INFO:teuthology.orchestra.run.smithi012.stdout:/usr/bin/ceph: stderr
2024-04-18T16:25:19.144+0000 7f2743fff700 1 --2- 172.21.15.12:0/2901654917 >> [v2:172.21.15.12:6800/1245168006,v1:172.21.15.12:6801/1245168006] conn(0x7f2738038620 0x7f273803aae0 unknown :-1 s=BANNER_CONNECTING pgs=0 cs=0 l=1 rev1=0 crypto rx=0 tx=0 comp rx=0 tx=0)._handle_peer_banner_payload supported=3 required=0
2024-04-18T16:25:20.958 INFO:teuthology.orchestra.run.smithi012.stdout:/usr/bin/ceph: stderr
2024-04-18T16:25:19.144+0000 7f2743fff700 1 --2- 172.21.15.12:0/2901654917 >> [v2:172.21.15.12:6800/1245168006,v1:172.21.15.12:6801/1245168006] conn(0x7f2738038620 0x7f273803aae0 secure :-1 s=READY pgs=7 cs=0 l=1 rev1=1 crypto rx=0x7f2734006fd0 tx=0x7f2734006e40 comp rx=0 tx=0).ready entity=mgr.14150 client_cookie=0 server_cookie=0 in_seq=0 out_seq=0
2024-04-18T16:25:20.958 INFO:teuthology.orchestra.run.smithi012.stdout:/usr/bin/ceph: stderr
2024-04-18T16:25:19.149+0000 7f2749ffb700 1 -- 172.21.15.12:0/2901654917 <== mon.0 v2:172.21.15.12:3300/0 6 ==== mon_command_ack([{"prefix": "get_command_descriptions"}]=0 v0) v1 ==== 72+0+183351 (secure 0 0 0) 0x7f273c022960 con 0x7f274c105210
2024-04-18T16:25:20.958 INFO:teuthology.orchestra.run.smithi012.stdout:/usr/bin/ceph: stderr
2024-04-18T16:25:19.227+0000 7f2749ffb700 1 -- 172.21.15.12:0/2901654917 <== mon.0 v2:172.21.15.12:3300/0 7 ==== mgrmap(e 12) v1 ==== 45554+0+0 (secure 0 0 0) 0x7f273c021d60 con 0x7f274c105210
2024-04-18T16:25:20.958 INFO:teuthology.orchestra.run.smithi012.stdout:/usr/bin/ceph: stderr
2024-04-18T16:25:19.227+0000 7f2749ffb700 20 mgrc handle_mgr_map mgrmap(e 12) v1
2024-04-18T16:25:20.958 INFO:teuthology.orchestra.run.smithi012.stdout:/usr/bin/ceph: stderr
2024-04-18T16:25:19.227+0000 7f2749ffb700 4 mgrc handle_mgr_map Got map version 12
2024-04-18T16:25:20.958 INFO:teuthology.orchestra.run.smithi012.stdout:/usr/bin/ceph: stderr
2024-04-18T16:25:19.227+0000 7f2749ffb700 4 mgrc handle_mgr_map Active mgr is now [v2:172.21.15.12:6800/1245168006,v1:172.21.15.12:6801/1245168006]
2024-04-18T16:25:20.958 INFO:teuthology.orchestra.run.smithi012.stdout:/usr/bin/ceph: stderr
2024-04-18T16:25:19.362+0000 7f27527c0700 20 mgrc start_command cmd: [{"prefix": "dashboard create-self-signed-cert", "target": ["mon-mgr", ""]}]
2024-04-18T16:25:20.958 INFO:teuthology.orchestra.run.smithi012.stdout:/usr/bin/ceph: stderr
2024-04-18T16:25:19.362+0000 7f27527c0700 1 -- 172.21.15.12:0/2901654917 --> [v2:172.21.15.12:6800/1245168006,v1:172.21.15.12:6801/1245168006] -- mgr_command(tid 0: {"prefix": "dashboard create-self-signed-cert", "target": ["mon-mgr", ""]}) v1 -- 0x7f274c109640 con 0x7f2738038620
2024-04-18T16:25:20.958 INFO:teuthology.orchestra.run.smithi012.stdout:/usr/bin/ceph: stderr
2024-04-18T16:25:19.519+0000 7f2749ffb700 1 -- 172.21.15.12:0/2901654917 <== mgr.14150 v2:172.21.15.12:6800/1245168006 1 ==== mgr_command_reply(tid 0: 0 ) v1 ==== 8+0+32 (secure 0 0 0) 0x7f274c109640 con 0x7f2738038620
2024-04-18T16:25:20.958 INFO:teuthology.orchestra.run.smithi012.stdout:/usr/bin/ceph: stderr
2024-04-18T16:25:19.519+0000 7f2749ffb700 20 mgrc handle_command_reply tid 0 r 0
2024-04-18T16:25:20.958 INFO:teuthology.orchestra.run.smithi012.stdout:/usr/bin/ceph: stderr
2024-04-18T16:25:19.521+0000 7f27527c0700 10 mgrc shutdown
2024-04-18T16:25:20.959 INFO:teuthology.orchestra.run.smithi012.stdout:/usr/bin/ceph: stderr
2024-04-18T16:25:19.521+0000 7f27527c0700 1 -- 172.21.15.12:0/2901654917 >> [v2:172.21.15.12:6800/1245168006,v1:172.21.15.12:6801/1245168006] conn(0x7f2738038620 msgr2=0x7f273803aae0 secure :-1 s=STATE_CONNECTION_ESTABLISHED l=1).mark_down
2024-04-18T16:25:20.959 INFO:teuthology.orchestra.run.smithi012.stdout:/usr/bin/ceph: stderr
2024-04-18T16:25:19.521+0000 7f27527c0700 1 --2- 172.21.15.12:0/2901654917 >> [v2:172.21.15.12:6800/1245168006,v1:172.21.15.12:6801/1245168006] conn(0x7f2738038620 0x7f273803aae0 secure :-1 s=READY pgs=7 cs=0 l=1 rev1=1 crypto rx=0x7f2734006fd0 tx=0x7f2734006e40 comp rx=0 tx=0).stop
2024-04-18T16:25:20.959 INFO:teuthology.orchestra.run.smithi012.stdout:/usr/bin/ceph: stderr
2024-04-18T16:25:19.521+0000 7f27527c0700 1 -- 172.21.15.12:0/2901654917 >> [v2:172.21.15.12:3300/0,v1:172.21.15.12:6789/0] conn(0x7f274c105210 msgr2=0x7f274c198f70 secure :-1 s=STATE_CONNECTION_ESTABLISHED l=1).mark_down
2024-04-18T16:25:20.959 INFO:teuthology.orchestra.run.smithi012.stdout:/usr/bin/ceph: stderr
2024-04-18T16:25:19.521+0000 7f27527c0700 1 --2- 172.21.15.12:0/2901654917 >> [v2:172.21.15.12:3300/0,v1:172.21.15.12:6789/0] conn(0x7f274c105210 0x7f274c198f70 secure :-1 s=READY pgs=69 cs=0 l=1 rev1=1 crypto rx=0x7f273c009fb0 tx=0x7f273c011910 comp rx=0 tx=0).stop
2024-04-18T16:25:20.959 INFO:teuthology.orchestra.run.smithi012.stdout:/usr/bin/ceph: stderr
2024-04-18T16:25:19.521+0000 7f27527c0700 1 -- 172.21.15.12:0/2901654917 shutdown_connections
2024-04-18T16:25:20.959 INFO:teuthology.orchestra.run.smithi012.stdout:/usr/bin/ceph: stderr
2024-04-18T16:25:19.521+0000 7f27527c0700 1 --2- 172.21.15.12:0/2901654917 >> [v2:172.21.15.12:6800/1245168006,v1:172.21.15.12:6801/1245168006] conn(0x7f2738038620 0x7f273803aae0 unknown :-1 s=CLOSED pgs=7 cs=0 l=1 rev1=1 crypto rx=0 tx=0 comp rx=0 tx=0).stop
2024-04-18T16:25:20.959 INFO:teuthology.orchestra.run.smithi012.stdout:/usr/bin/ceph: stderr
2024-04-18T16:25:19.521+0000 7f27527c0700 1 --2- 172.21.15.12:0/2901654917 >> [v2:172.21.15.12:3300/0,v1:172.21.15.12:6789/0] conn(0x7f274c105210 0x7f274c198f70 unknown :-1 s=CLOSED pgs=69 cs=0 l=1 rev1=1 crypto rx=0 tx=0 comp rx=0 tx=0).stop
2024-04-18T16:25:20.959 INFO:teuthology.orchestra.run.smithi012.stdout:/usr/bin/ceph: stderr
2024-04-18T16:25:19.521+0000 7f27527c0700 1 -- 172.21.15.12:0/2901654917 >> 172.21.15.12:0/2901654917 conn(0x7f274c100770 msgr2=0x7f274c101420 unknown :-1 s=STATE_NONE l=0).mark_down
2024-04-18T16:25:20.959 INFO:teuthology.orchestra.run.smithi012.stdout:/usr/bin/ceph: stderr
2024-04-18T16:25:19.522+0000 7f27527c0700 1 -- 172.21.15.12:0/2901654917 shutdown_connections
2024-04-18T16:25:20.959 INFO:teuthology.orchestra.run.smithi012.stdout:/usr/bin/ceph: stderr
2024-04-18T16:25:19.522+0000 7f27527c0700 1 -- 172.21.15.12:0/2901654917 wait complete.
2024-04-18T16:25:20.959 INFO:teuthology.orchestra.run.smithi012.stdout:Creating initial admin user...
2024-04-18T16:25:22.301 INFO:journalctl@ceph.mon.a.smithi012.stdout:Apr 18 16:25:21 smithi012 ceph-mon[39643]: from='client.14164 -' entity='client.admin' cmd=[{"prefix": "dashboard ac-user-create", "username": "admin", "rolename": "administrator", "force_password": true, "pwd_update_required": true, "target": ["mon-mgr", ""]}]: dispatch
2024-04-18T16:25:22.593 INFO:teuthology.orchestra.run.smithi012.stdout:/usr/bin/ceph: stdout {"username": "admin", "password": "$2b$12$XbAfj74kEvin2W/yQEPdGOT3pLWG8i0GqqkdY5QSm/28HYcZEQpiG", "roles": ["administrator"], "name": null, "email": null, "lastUpdate": 1713457521, "enabled": true, "pwdExpirationDate": null, "pwdUpdateRequired": true}
2024-04-18T16:25:22.593 INFO:teuthology.orchestra.run.smithi012.stdout:/usr/bin/ceph: stderr
2024-04-18T16:25:21.452+0000 7fa454590700 1 Processor -- start
2024-04-18T16:25:22.593 INFO:teuthology.orchestra.run.smithi012.stdout:/usr/bin/ceph: stderr
2024-04-18T16:25:21.452+0000 7fa454590700 1 -- start start
2024-04-18T16:25:22.593 INFO:teuthology.orchestra.run.smithi012.stdout:/usr/bin/ceph: stderr
2024-04-18T16:25:21.452+0000 7fa454590700 1 --2- >> [v2:172.21.15.12:3300/0,v1:172.21.15.12:6789/0] conn(0x7fa44c105210 0x7fa44c105630 unknown :-1 s=NONE pgs=0 cs=0 l=0 rev1=0 crypto rx=0 tx=0 comp rx=0 tx=0).connect
2024-04-18T16:25:22.593 INFO:teuthology.orchestra.run.smithi012.stdout:/usr/bin/ceph: stderr
2024-04-18T16:25:21.452+0000 7fa454590700 1 -- --> [v2:172.21.15.12:3300/0,v1:172.21.15.12:6789/0] -- mon_getmap magic: 0 v1 -- 0x7fa44c105c00 con 0x7fa44c105210
2024-04-18T16:25:22.594 INFO:teuthology.orchestra.run.smithi012.stdout:/usr/bin/ceph: stderr
2024-04-18T16:25:21.452+0000 7fa45232c700 1 --2- >> [v2:172.21.15.12:3300/0,v1:172.21.15.12:6789/0] conn(0x7fa44c105210 0x7fa44c105630 unknown :-1 s=BANNER_CONNECTING pgs=0 cs=0 l=0 rev1=0 crypto rx=0 tx=0 comp rx=0 tx=0)._handle_peer_banner_payload supported=3 required=0
2024-04-18T16:25:22.594 INFO:teuthology.orchestra.run.smithi012.stdout:/usr/bin/ceph: stderr
2024-04-18T16:25:21.452+0000 7fa45232c700 1 --2- >> [v2:172.21.15.12:3300/0,v1:172.21.15.12:6789/0] conn(0x7fa44c105210 0x7fa44c105630 unknown :-1 s=HELLO_CONNECTING pgs=0 cs=0 l=0 rev1=1 crypto rx=0 tx=0 comp rx=0 tx=0).handle_hello peer v2:172.21.15.12:3300/0 says I am v2:172.21.15.12:55146/0 (socket says 172.21.15.12:55146)
2024-04-18T16:25:22.594 INFO:teuthology.orchestra.run.smithi012.stdout:/usr/bin/ceph: stderr
2024-04-18T16:25:21.452+0000 7fa45232c700 1 -- 172.21.15.12:0/3198484597 learned_addr learned my addr 172.21.15.12:0/3198484597 (peer_addr_for_me v2:172.21.15.12:0/0)
2024-04-18T16:25:22.594 INFO:teuthology.orchestra.run.smithi012.stdout:/usr/bin/ceph: stderr
2024-04-18T16:25:21.452+0000 7fa45232c700 1 -- 172.21.15.12:0/3198484597 --> [v2:172.21.15.12:3300/0,v1:172.21.15.12:6789/0] -- mon_subscribe({config=0+,monmap=0+}) v3 -- 0x7fa44c106410 con 0x7fa44c105210
2024-04-18T16:25:22.594 INFO:teuthology.orchestra.run.smithi012.stdout:/usr/bin/ceph: stderr
2024-04-18T16:25:21.453+0000 7fa45232c700 1 --2- 172.21.15.12:0/3198484597 >> [v2:172.21.15.12:3300/0,v1:172.21.15.12:6789/0] conn(0x7fa44c105210 0x7fa44c105630 secure :-1 s=READY pgs=70 cs=0 l=1 rev1=1 crypto rx=0x7fa4480098a0 tx=0x7fa448009bb0 comp rx=0 tx=0).ready entity=mon.0 client_cookie=f4e97b12457bd84 server_cookie=0 in_seq=0 out_seq=0
2024-04-18T16:25:22.594 INFO:teuthology.orchestra.run.smithi012.stdout:/usr/bin/ceph: stderr
2024-04-18T16:25:21.453+0000 7fa45132a700 1 -- 172.21.15.12:0/3198484597 <== mon.0 v2:172.21.15.12:3300/0 1 ==== mon_map magic: 0 v1 ==== 205+0+0 (secure 0 0 0) 0x7fa448004160 con 0x7fa44c105210
2024-04-18T16:25:22.594 INFO:teuthology.orchestra.run.smithi012.stdout:/usr/bin/ceph: stderr
2024-04-18T16:25:21.453+0000 7fa45132a700 1 -- 172.21.15.12:0/3198484597 <== mon.0 v2:172.21.15.12:3300/0 2 ==== config(24 keys) v1 ==== 1035+0+0 (secure 0 0 0) 0x7fa4480042c0 con 0x7fa44c105210
2024-04-18T16:25:22.594 INFO:teuthology.orchestra.run.smithi012.stdout:/usr/bin/ceph: stderr
2024-04-18T16:25:21.453+0000 7fa45132a700 1 -- 172.21.15.12:0/3198484597 <== mon.0 v2:172.21.15.12:3300/0 3 ==== mon_map magic: 0 v1 ==== 205+0+0 (secure 0 0 0) 0x7fa448011830 con 0x7fa44c105210
2024-04-18T16:25:22.594 INFO:teuthology.orchestra.run.smithi012.stdout:/usr/bin/ceph: stderr
2024-04-18T16:25:21.453+0000 7fa454590700 1 -- 172.21.15.12:0/3198484597 >> [v2:172.21.15.12:3300/0,v1:172.21.15.12:6789/0] conn(0x7fa44c105210 msgr2=0x7fa44c105630 secure :-1 s=STATE_CONNECTION_ESTABLISHED l=1).mark_down
2024-04-18T16:25:22.594 INFO:teuthology.orchestra.run.smithi012.stdout:/usr/bin/ceph: stderr
2024-04-18T16:25:21.453+0000 7fa454590700 1 --2- 172.21.15.12:0/3198484597 >> [v2:172.21.15.12:3300/0,v1:172.21.15.12:6789/0] conn(0x7fa44c105210 0x7fa44c105630 secure :-1 s=READY pgs=70 cs=0 l=1 rev1=1 crypto rx=0x7fa4480098a0 tx=0x7fa448009bb0 comp rx=0 tx=0).stop
2024-04-18T16:25:22.594 INFO:teuthology.orchestra.run.smithi012.stdout:/usr/bin/ceph: stderr
2024-04-18T16:25:21.453+0000 7fa454590700 1 -- 172.21.15.12:0/3198484597 shutdown_connections
2024-04-18T16:25:22.594 INFO:teuthology.orchestra.run.smithi012.stdout:/usr/bin/ceph: stderr
2024-04-18T16:25:21.453+0000 7fa454590700 1 --2- 172.21.15.12:0/3198484597 >> [v2:172.21.15.12:3300/0,v1:172.21.15.12:6789/0] conn(0x7fa44c105210 0x7fa44c105630 unknown :-1 s=CLOSED pgs=70 cs=0 l=1 rev1=1 crypto rx=0 tx=0 comp rx=0 tx=0).stop
2024-04-18T16:25:22.595 INFO:teuthology.orchestra.run.smithi012.stdout:/usr/bin/ceph: stderr
2024-04-18T16:25:21.453+0000 7fa454590700 1 -- 172.21.15.12:0/3198484597 >> 172.21.15.12:0/3198484597 conn(0x7fa44c100790 msgr2=0x7fa44c102bf0 unknown :-1 s=STATE_NONE l=0).mark_down
2024-04-18T16:25:22.595 INFO:teuthology.orchestra.run.smithi012.stdout:/usr/bin/ceph: stderr
2024-04-18T16:25:21.454+0000 7fa454590700 1 -- 172.21.15.12:0/3198484597 shutdown_connections
2024-04-18T16:25:22.595 INFO:teuthology.orchestra.run.smithi012.stdout:/usr/bin/ceph: stderr
2024-04-18T16:25:21.454+0000 7fa454590700 1 -- 172.21.15.12:0/3198484597 wait complete.
2024-04-18T16:25:22.595 INFO:teuthology.orchestra.run.smithi012.stdout:/usr/bin/ceph: stderr
2024-04-18T16:25:21.454+0000 7fa454590700 1 Processor -- start
2024-04-18T16:25:22.595 INFO:teuthology.orchestra.run.smithi012.stdout:/usr/bin/ceph: stderr
2024-04-18T16:25:21.454+0000 7fa454590700 1 -- start start
2024-04-18T16:25:22.595 INFO:teuthology.orchestra.run.smithi012.stdout:/usr/bin/ceph: stderr
2024-04-18T16:25:21.454+0000 7fa454590700 1 --2- >> [v2:172.21.15.12:3300/0,v1:172.21.15.12:6789/0] conn(0x7fa44c105210 0x7fa44c198f00 unknown :-1 s=NONE pgs=0 cs=0 l=1 rev1=0 crypto rx=0 tx=0 comp rx=0 tx=0).connect
2024-04-18T16:25:22.595 INFO:teuthology.orchestra.run.smithi012.stdout:/usr/bin/ceph: stderr
2024-04-18T16:25:21.454+0000 7fa454590700 1 -- --> [v2:172.21.15.12:3300/0,v1:172.21.15.12:6789/0] -- mon_getmap magic: 0 v1 -- 0x7fa44c199440 con 0x7fa44c105210
2024-04-18T16:25:22.595 INFO:teuthology.orchestra.run.smithi012.stdout:/usr/bin/ceph: stderr
2024-04-18T16:25:21.454+0000 7fa45232c700 1 --2- >> [v2:172.21.15.12:3300/0,v1:172.21.15.12:6789/0] conn(0x7fa44c105210 0x7fa44c198f00 unknown :-1 s=BANNER_CONNECTING pgs=0 cs=0 l=1 rev1=0 crypto rx=0 tx=0 comp rx=0 tx=0)._handle_peer_banner_payload supported=3 required=0
2024-04-18T16:25:22.595 INFO:teuthology.orchestra.run.smithi012.stdout:/usr/bin/ceph: stderr
2024-04-18T16:25:21.454+0000 7fa45232c700 1 --2- >> [v2:172.21.15.12:3300/0,v1:172.21.15.12:6789/0] conn(0x7fa44c105210 0x7fa44c198f00 unknown :-1 s=HELLO_CONNECTING pgs=0 cs=0 l=1 rev1=1 crypto rx=0 tx=0 comp rx=0 tx=0).handle_hello peer v2:172.21.15.12:3300/0 says I am v2:172.21.15.12:55158/0 (socket says 172.21.15.12:55158)
2024-04-18T16:25:22.595 INFO:teuthology.orchestra.run.smithi012.stdout:/usr/bin/ceph: stderr
2024-04-18T16:25:21.455+0000 7fa45232c700 1 -- 172.21.15.12:0/301458316 learned_addr learned my addr 172.21.15.12:0/301458316 (peer_addr_for_me v2:172.21.15.12:0/0)
2024-04-18T16:25:22.595 INFO:teuthology.orchestra.run.smithi012.stdout:/usr/bin/ceph: stderr
2024-04-18T16:25:21.455+0000 7fa45232c700 1 -- 172.21.15.12:0/301458316 --> [v2:172.21.15.12:3300/0,v1:172.21.15.12:6789/0] -- mon_subscribe({config=0+,monmap=0+}) v3 -- 0x7fa448009550 con 0x7fa44c105210
2024-04-18T16:25:22.595 INFO:teuthology.orchestra.run.smithi012.stdout:/usr/bin/ceph: stderr
2024-04-18T16:25:21.455+0000 7fa45232c700 1 --2- 172.21.15.12:0/301458316 >> [v2:172.21.15.12:3300/0,v1:172.21.15.12:6789/0] conn(0x7fa44c105210 0x7fa44c198f00 secure :-1 s=READY pgs=71 cs=0 l=1 rev1=1 crypto rx=0x7fa448009fb0 tx=0x7fa448011910 comp rx=0 tx=0).ready entity=mon.0 client_cookie=0 server_cookie=0 in_seq=0 out_seq=0
2024-04-18T16:25:22.595 INFO:teuthology.orchestra.run.smithi012.stdout:/usr/bin/ceph: stderr
2024-04-18T16:25:21.455+0000 7fa4437fe700 1 -- 172.21.15.12:0/301458316 <== mon.0 v2:172.21.15.12:3300/0 1 ==== mon_map magic: 0 v1 ==== 205+0+0 (secure 0 0 0) 0x7fa4480036a0 con 0x7fa44c105210
2024-04-18T16:25:22.595 INFO:teuthology.orchestra.run.smithi012.stdout:/usr/bin/ceph: stderr
2024-04-18T16:25:21.455+0000 7fa4437fe700 1 -- 172.21.15.12:0/301458316 <== mon.0 v2:172.21.15.12:3300/0 2 ==== config(24 keys) v1 ==== 1035+0+0 (secure 0 0 0) 0x7fa448003800 con 0x7fa44c105210
2024-04-18T16:25:22.596 INFO:teuthology.orchestra.run.smithi012.stdout:/usr/bin/ceph: stderr
2024-04-18T16:25:21.455+0000 7fa454590700 1 -- 172.21.15.12:0/301458316 --> [v2:172.21.15.12:3300/0,v1:172.21.15.12:6789/0] -- mon_subscribe({mgrmap=0+}) v3 -- 0x7fa44c199640 con 0x7fa44c105210
2024-04-18T16:25:22.596 INFO:teuthology.orchestra.run.smithi012.stdout:/usr/bin/ceph: stderr
2024-04-18T16:25:21.455+0000 7fa4437fe700 1 -- 172.21.15.12:0/301458316 <== mon.0 v2:172.21.15.12:3300/0 3 ==== mon_map magic: 0 v1 ==== 205+0+0 (secure 0 0 0) 0x7fa448024410 con 0x7fa44c105210
2024-04-18T16:25:22.596 INFO:teuthology.orchestra.run.smithi012.stdout:/usr/bin/ceph: stderr
2024-04-18T16:25:21.455+0000 7fa454590700 1 -- 172.21.15.12:0/301458316 --> [v2:172.21.15.12:3300/0,v1:172.21.15.12:6789/0] -- mon_subscribe({osdmap=0}) v3 -- 0x7fa44c199ae0 con 0x7fa44c105210
2024-04-18T16:25:22.596 INFO:teuthology.orchestra.run.smithi012.stdout:/usr/bin/ceph: stderr
2024-04-18T16:25:21.456+0000 7fa4437fe700 1 -- 172.21.15.12:0/301458316 <== mon.0 v2:172.21.15.12:3300/0 4 ==== mgrmap(e 12) v1 ==== 45554+0+0 (secure 0 0 0) 0x7fa448024680 con 0x7fa44c105210
2024-04-18T16:25:22.596 INFO:teuthology.orchestra.run.smithi012.stdout:/usr/bin/ceph: stderr
2024-04-18T16:25:21.456+0000 7fa4437fe700 20 mgrc handle_mgr_map mgrmap(e 12) v1
2024-04-18T16:25:22.596 INFO:teuthology.orchestra.run.smithi012.stdout:/usr/bin/ceph: stderr
2024-04-18T16:25:21.456+0000 7fa454590700 1 -- 172.21.15.12:0/301458316 --> [v2:172.21.15.12:3300/0,v1:172.21.15.12:6789/0] -- mon_command({"prefix": "get_command_descriptions"} v 0) v1 -- 0x7fa44c062510 con 0x7fa44c105210
2024-04-18T16:25:22.596 INFO:teuthology.orchestra.run.smithi012.stdout:/usr/bin/ceph: stderr
2024-04-18T16:25:21.456+0000 7fa4437fe700 4 mgrc handle_mgr_map Got map version 12
2024-04-18T16:25:22.596 INFO:teuthology.orchestra.run.smithi012.stdout:/usr/bin/ceph: stderr
2024-04-18T16:25:21.456+0000 7fa4437fe700 4 mgrc handle_mgr_map Active mgr is now [v2:172.21.15.12:6800/1245168006,v1:172.21.15.12:6801/1245168006]
2024-04-18T16:25:22.596 INFO:teuthology.orchestra.run.smithi012.stdout:/usr/bin/ceph: stderr
2024-04-18T16:25:21.456+0000 7fa4437fe700 4 mgrc reconnect Starting new session with [v2:172.21.15.12:6800/1245168006,v1:172.21.15.12:6801/1245168006]
2024-04-18T16:25:22.596 INFO:teuthology.orchestra.run.smithi012.stdout:/usr/bin/ceph: stderr
2024-04-18T16:25:21.456+0000 7fa4437fe700 1 --2- 172.21.15.12:0/301458316 >> [v2:172.21.15.12:6800/1245168006,v1:172.21.15.12:6801/1245168006] conn(0x7fa4380387f0 0x7fa43803acb0 unknown :-1 s=NONE pgs=0 cs=0 l=1 rev1=0 crypto rx=0 tx=0 comp rx=0 tx=0).connect
2024-04-18T16:25:22.596 INFO:teuthology.orchestra.run.smithi012.stdout:/usr/bin/ceph: stderr
2024-04-18T16:25:21.456+0000 7fa4437fe700 1 -- 172.21.15.12:0/301458316 <== mon.0 v2:172.21.15.12:3300/0 5 ==== osd_map(3..3 src has 1..3) v4 ==== 1155+0+0 (secure 0 0 0) 0x7fa44804c920 con 0x7fa44c105210
2024-04-18T16:25:22.596 INFO:teuthology.orchestra.run.smithi012.stdout:/usr/bin/ceph: stderr
2024-04-18T16:25:21.456+0000 7fa451b2b700 1 --2- 172.21.15.12:0/301458316 >> [v2:172.21.15.12:6800/1245168006,v1:172.21.15.12:6801/1245168006] conn(0x7fa4380387f0 0x7fa43803acb0 unknown :-1 s=BANNER_CONNECTING pgs=0 cs=0 l=1 rev1=0 crypto rx=0 tx=0 comp rx=0 tx=0)._handle_peer_banner_payload supported=3 required=0
2024-04-18T16:25:22.596 INFO:teuthology.orchestra.run.smithi012.stdout:/usr/bin/ceph: stderr
2024-04-18T16:25:21.457+0000 7fa451b2b700 1 --2- 172.21.15.12:0/301458316 >> [v2:172.21.15.12:6800/1245168006,v1:172.21.15.12:6801/1245168006] conn(0x7fa4380387f0 0x7fa43803acb0 secure :-1 s=READY pgs=8 cs=0 l=1 rev1=1 crypto rx=0x7fa43c006fd0 tx=0x7fa43c006e40 comp rx=0 tx=0).ready entity=mgr.14150 client_cookie=0 server_cookie=0 in_seq=0 out_seq=0
2024-04-18T16:25:22.596 INFO:teuthology.orchestra.run.smithi012.stdout:/usr/bin/ceph: stderr
2024-04-18T16:25:21.461+0000 7fa4437fe700 1 -- 172.21.15.12:0/301458316 <== mon.0 v2:172.21.15.12:3300/0 6 ==== mon_command_ack([{"prefix": "get_command_descriptions"}]=0 v0) v1 ==== 72+0+183351 (secure 0 0 0) 0x7fa448018db0 con 0x7fa44c105210
2024-04-18T16:25:22.597 INFO:teuthology.orchestra.run.smithi012.stdout:/usr/bin/ceph: stderr
2024-04-18T16:25:21.679+0000 7fa454590700 20 mgrc start_command cmd: [{"prefix": "dashboard ac-user-create", "username": "admin", "rolename": "administrator", "force_password": true, "pwd_update_required": true, "target": ["mon-mgr", ""]}]
2024-04-18T16:25:22.597 INFO:teuthology.orchestra.run.smithi012.stdout:/usr/bin/ceph: stderr
2024-04-18T16:25:21.679+0000 7fa454590700 1 -- 172.21.15.12:0/301458316 --> [v2:172.21.15.12:6800/1245168006,v1:172.21.15.12:6801/1245168006] -- mgr_command(tid 0: {"prefix": "dashboard ac-user-create", "username": "admin", "rolename": "administrator", "force_password": true, "pwd_update_required": true, "target": ["mon-mgr", ""]}) v1 -- 0x7fa44c062330 con 0x7fa4380387f0
2024-04-18T16:25:22.597 INFO:teuthology.orchestra.run.smithi012.stdout:/usr/bin/ceph: stderr
2024-04-18T16:25:21.925+0000 7fa4437fe700 1 -- 172.21.15.12:0/301458316 <== mgr.14150 v2:172.21.15.12:6800/1245168006 1 ==== mgr_command_reply(tid 0: 0 ) v1 ==== 8+0+252 (secure 0 0 0) 0x7fa44c062330 con 0x7fa4380387f0
2024-04-18T16:25:22.597 INFO:teuthology.orchestra.run.smithi012.stdout:/usr/bin/ceph: stderr
2024-04-18T16:25:21.925+0000 7fa4437fe700 20 mgrc handle_command_reply tid 0 r 0
2024-04-18T16:25:22.597 INFO:teuthology.orchestra.run.smithi012.stdout:/usr/bin/ceph: stderr
2024-04-18T16:25:21.927+0000 7fa454590700 10 mgrc shutdown
2024-04-18T16:25:22.597 INFO:teuthology.orchestra.run.smithi012.stdout:/usr/bin/ceph: stderr
2024-04-18T16:25:21.927+0000 7fa454590700 1 -- 172.21.15.12:0/301458316 >> [v2:172.21.15.12:6800/1245168006,v1:172.21.15.12:6801/1245168006] conn(0x7fa4380387f0 msgr2=0x7fa43803acb0 secure :-1 s=STATE_CONNECTION_ESTABLISHED l=1).mark_down
2024-04-18T16:25:22.597 INFO:teuthology.orchestra.run.smithi012.stdout:/usr/bin/ceph: stderr
2024-04-18T16:25:21.927+0000 7fa454590700 1 --2- 172.21.15.12:0/301458316 >> [v2:172.21.15.12:6800/1245168006,v1:172.21.15.12:6801/1245168006] conn(0x7fa4380387f0 0x7fa43803acb0 secure :-1 s=READY pgs=8 cs=0 l=1 rev1=1 crypto rx=0x7fa43c006fd0 tx=0x7fa43c006e40 comp rx=0 tx=0).stop
2024-04-18T16:25:22.597 INFO:teuthology.orchestra.run.smithi012.stdout:/usr/bin/ceph: stderr
2024-04-18T16:25:21.927+0000 7fa454590700 1 -- 172.21.15.12:0/301458316 >> [v2:172.21.15.12:3300/0,v1:172.21.15.12:6789/0] conn(0x7fa44c105210 msgr2=0x7fa44c198f00 secure :-1 s=STATE_CONNECTION_ESTABLISHED l=1).mark_down
2024-04-18T16:25:22.597 INFO:teuthology.orchestra.run.smithi012.stdout:/usr/bin/ceph: stderr
2024-04-18T16:25:21.927+0000 7fa454590700 1 --2- 172.21.15.12:0/301458316 >> [v2:172.21.15.12:3300/0,v1:172.21.15.12:6789/0] conn(0x7fa44c105210 0x7fa44c198f00 secure :-1 s=READY pgs=71 cs=0 l=1 rev1=1 crypto rx=0x7fa448009fb0 tx=0x7fa448011910 comp rx=0 tx=0).stop
2024-04-18T16:25:22.597 INFO:teuthology.orchestra.run.smithi012.stdout:/usr/bin/ceph: stderr
2024-04-18T16:25:21.927+0000 7fa454590700 1 -- 172.21.15.12:0/301458316 shutdown_connections
2024-04-18T16:25:22.597 INFO:teuthology.orchestra.run.smithi012.stdout:/usr/bin/ceph: stderr
2024-04-18T16:25:21.927+0000 7fa454590700 1 --2- 172.21.15.12:0/301458316 >> [v2:172.21.15.12:6800/1245168006,v1:172.21.15.12:6801/1245168006] conn(0x7fa4380387f0 0x7fa43803acb0 unknown :-1 s=CLOSED pgs=8 cs=0 l=1 rev1=1 crypto rx=0 tx=0 comp rx=0 tx=0).stop
2024-04-18T16:25:22.597 INFO:teuthology.orchestra.run.smithi012.stdout:/usr/bin/ceph: stderr
2024-04-18T16:25:21.927+0000 7fa454590700 1 --2- 172.21.15.12:0/301458316 >> [v2:172.21.15.12:3300/0,v1:172.21.15.12:6789/0] conn(0x7fa44c105210 0x7fa44c198f00 unknown :-1 s=CLOSED pgs=71 cs=0 l=1 rev1=1 crypto rx=0 tx=0 comp rx=0 tx=0).stop
2024-04-18T16:25:22.597 INFO:teuthology.orchestra.run.smithi012.stdout:/usr/bin/ceph: stderr
2024-04-18T16:25:21.927+0000 7fa454590700 1 -- 172.21.15.12:0/301458316 >> 172.21.15.12:0/301458316 conn(0x7fa44c100790 msgr2=0x7fa44c101360 unknown :-1 s=STATE_NONE l=0).mark_down
2024-04-18T16:25:22.597 INFO:teuthology.orchestra.run.smithi012.stdout:/usr/bin/ceph: stderr
2024-04-18T16:25:21.928+0000 7fa454590700 1 -- 172.21.15.12:0/301458316 shutdown_connections
2024-04-18T16:25:22.598 INFO:teuthology.orchestra.run.smithi012.stdout:/usr/bin/ceph: stderr
2024-04-18T16:25:21.928+0000 7fa454590700 1 -- 172.21.15.12:0/301458316 wait complete.
2024-04-18T16:25:22.598 INFO:teuthology.orchestra.run.smithi012.stdout:Fetching dashboard port number...
2024-04-18T16:25:23.282 INFO:journalctl@ceph.mon.a.smithi012.stdout:Apr 18 16:25:22 smithi012 ceph-mon[39643]: from='mgr.14150 172.21.15.12:0/1355011605' entity='mgr.a'
2024-04-18T16:25:24.164 INFO:teuthology.orchestra.run.smithi012.stdout:/usr/bin/ceph: stdout 8443
2024-04-18T16:25:24.164 INFO:teuthology.orchestra.run.smithi012.stdout:/usr/bin/ceph: stderr
2024-04-18T16:25:23.051+0000 7fbe07207700 1 Processor -- start
2024-04-18T16:25:24.164 INFO:teuthology.orchestra.run.smithi012.stdout:/usr/bin/ceph: stderr
2024-04-18T16:25:23.051+0000 7fbe07207700 1 -- start start
2024-04-18T16:25:24.164 INFO:teuthology.orchestra.run.smithi012.stdout:/usr/bin/ceph: stderr
2024-04-18T16:25:23.051+0000 7fbe07207700 1 --2- >> [v2:172.21.15.12:3300/0,v1:172.21.15.12:6789/0] conn(0x7fbe00103ab0 0x7fbe00103ed0 unknown :-1 s=NONE pgs=0 cs=0 l=0 rev1=0 crypto rx=0 tx=0 comp rx=0 tx=0).connect
2024-04-18T16:25:24.164 INFO:teuthology.orchestra.run.smithi012.stdout:/usr/bin/ceph: stderr
2024-04-18T16:25:23.051+0000 7fbe07207700 1 -- --> [v2:172.21.15.12:3300/0,v1:172.21.15.12:6789/0] -- mon_getmap magic: 0 v1 -- 0x7fbe00074190 con 0x7fbe00103ab0
2024-04-18T16:25:24.164 INFO:teuthology.orchestra.run.smithi012.stdout:/usr/bin/ceph: stderr
2024-04-18T16:25:23.051+0000 7fbe04fa3700 1 --2- >> [v2:172.21.15.12:3300/0,v1:172.21.15.12:6789/0] conn(0x7fbe00103ab0 0x7fbe00103ed0 unknown :-1 s=BANNER_CONNECTING pgs=0 cs=0 l=0 rev1=0 crypto rx=0 tx=0 comp rx=0 tx=0)._handle_peer_banner_payload supported=3 required=0
2024-04-18T16:25:24.164 INFO:teuthology.orchestra.run.smithi012.stdout:/usr/bin/ceph: stderr
2024-04-18T16:25:23.051+0000 7fbe04fa3700 1 --2- >> [v2:172.21.15.12:3300/0,v1:172.21.15.12:6789/0] conn(0x7fbe00103ab0 0x7fbe00103ed0 unknown :-1 s=HELLO_CONNECTING pgs=0 cs=0 l=0 rev1=1 crypto rx=0 tx=0 comp rx=0 tx=0).handle_hello peer v2:172.21.15.12:3300/0 says I am v2:172.21.15.12:55166/0 (socket says 172.21.15.12:55166)
2024-04-18T16:25:24.164 INFO:teuthology.orchestra.run.smithi012.stdout:/usr/bin/ceph: stderr
2024-04-18T16:25:23.051+0000 7fbe04fa3700 1 -- 172.21.15.12:0/3862220388 learned_addr learned my addr 172.21.15.12:0/3862220388 (peer_addr_for_me v2:172.21.15.12:0/0)
2024-04-18T16:25:24.164 INFO:teuthology.orchestra.run.smithi012.stdout:/usr/bin/ceph: stderr
2024-04-18T16:25:23.052+0000 7fbe04fa3700 1 -- 172.21.15.12:0/3862220388 --> [v2:172.21.15.12:3300/0,v1:172.21.15.12:6789/0] -- mon_subscribe({config=0+,monmap=0+}) v3 -- 0x7fbe00104410 con 0x7fbe00103ab0
2024-04-18T16:25:24.165 INFO:teuthology.orchestra.run.smithi012.stdout:/usr/bin/ceph: stderr
2024-04-18T16:25:23.052+0000 7fbe04fa3700 1 --2- 172.21.15.12:0/3862220388 >> [v2:172.21.15.12:3300/0,v1:172.21.15.12:6789/0] conn(0x7fbe00103ab0 0x7fbe00103ed0 secure :-1 s=READY pgs=72 cs=0 l=1 rev1=1 crypto rx=0x7fbdf40098a0 tx=0x7fbdf4009bb0 comp rx=0 tx=0).ready entity=mon.0 client_cookie=2f7fe0eeab11c476 server_cookie=0 in_seq=0 out_seq=0
2024-04-18T16:25:24.165 INFO:teuthology.orchestra.run.smithi012.stdout:/usr/bin/ceph: stderr
2024-04-18T16:25:23.052+0000 7fbdff7fe700 1 -- 172.21.15.12:0/3862220388 <== mon.0 v2:172.21.15.12:3300/0 1 ==== mon_map magic: 0 v1 ==== 205+0+0 (secure 0 0 0) 0x7fbdf4004160 con 0x7fbe00103ab0
2024-04-18T16:25:24.165 INFO:teuthology.orchestra.run.smithi012.stdout:/usr/bin/ceph: stderr
2024-04-18T16:25:23.052+0000 7fbdff7fe700 1 -- 172.21.15.12:0/3862220388 <== mon.0 v2:172.21.15.12:3300/0 2 ==== config(24 keys) v1 ==== 1035+0+0 (secure 0 0 0) 0x7fbdf40042c0 con 0x7fbe00103ab0
2024-04-18T16:25:24.165 INFO:teuthology.orchestra.run.smithi012.stdout:/usr/bin/ceph: stderr
2024-04-18T16:25:23.052+0000 7fbdff7fe700 1 -- 172.21.15.12:0/3862220388 <== mon.0 v2:172.21.15.12:3300/0 3 ==== mon_map magic: 0 v1 ==== 205+0+0 (secure 0 0 0) 0x7fbdf4011830 con 0x7fbe00103ab0
2024-04-18T16:25:24.165 INFO:teuthology.orchestra.run.smithi012.stdout:/usr/bin/ceph: stderr
2024-04-18T16:25:23.052+0000 7fbe07207700 1 -- 172.21.15.12:0/3862220388 >> [v2:172.21.15.12:3300/0,v1:172.21.15.12:6789/0] conn(0x7fbe00103ab0 msgr2=0x7fbe00103ed0 secure :-1 s=STATE_CONNECTION_ESTABLISHED l=1).mark_down
2024-04-18T16:25:24.165 INFO:teuthology.orchestra.run.smithi012.stdout:/usr/bin/ceph: stderr
2024-04-18T16:25:23.052+0000 7fbe07207700 1 --2- 172.21.15.12:0/3862220388 >> [v2:172.21.15.12:3300/0,v1:172.21.15.12:6789/0] conn(0x7fbe00103ab0 0x7fbe00103ed0 secure :-1 s=READY pgs=72 cs=0 l=1 rev1=1 crypto rx=0x7fbdf40098a0 tx=0x7fbdf4009bb0 comp rx=0 tx=0).stop
2024-04-18T16:25:24.165 INFO:teuthology.orchestra.run.smithi012.stdout:/usr/bin/ceph: stderr
2024-04-18T16:25:23.053+0000 7fbe07207700 1 -- 172.21.15.12:0/3862220388 shutdown_connections
2024-04-18T16:25:24.165 INFO:teuthology.orchestra.run.smithi012.stdout:/usr/bin/ceph: stderr
2024-04-18T16:25:23.053+0000 7fbe07207700 1 --2- 172.21.15.12:0/3862220388 >> [v2:172.21.15.12:3300/0,v1:172.21.15.12:6789/0] conn(0x7fbe00103ab0 0x7fbe00103ed0 unknown :-1 s=CLOSED pgs=72 cs=0 l=1 rev1=1 crypto rx=0 tx=0 comp rx=0 tx=0).stop
2024-04-18T16:25:24.165 INFO:teuthology.orchestra.run.smithi012.stdout:/usr/bin/ceph: stderr
2024-04-18T16:25:23.053+0000 7fbe07207700 1 -- 172.21.15.12:0/3862220388 >> 172.21.15.12:0/3862220388 conn(0x7fbe000ff6b0 msgr2=0x7fbe00101ad0 unknown :-1 s=STATE_NONE l=0).mark_down
2024-04-18T16:25:24.165 INFO:teuthology.orchestra.run.smithi012.stdout:/usr/bin/ceph: stderr
2024-04-18T16:25:23.053+0000 7fbe07207700 1 -- 172.21.15.12:0/3862220388 shutdown_connections
2024-04-18T16:25:24.165 INFO:teuthology.orchestra.run.smithi012.stdout:/usr/bin/ceph: stderr
2024-04-18T16:25:23.053+0000 7fbe07207700 1 -- 172.21.15.12:0/3862220388 wait complete.
2024-04-18T16:25:24.165 INFO:teuthology.orchestra.run.smithi012.stdout:/usr/bin/ceph: stderr
2024-04-18T16:25:23.053+0000 7fbe07207700 1 Processor -- start
2024-04-18T16:25:24.165 INFO:teuthology.orchestra.run.smithi012.stdout:/usr/bin/ceph: stderr
2024-04-18T16:25:23.053+0000 7fbe07207700 1 -- start start
2024-04-18T16:25:24.165 INFO:teuthology.orchestra.run.smithi012.stdout:/usr/bin/ceph: stderr
2024-04-18T16:25:23.053+0000 7fbe07207700 1 --2- >> [v2:172.21.15.12:3300/0,v1:172.21.15.12:6789/0] conn(0x7fbe00103ab0 0x7fbe0019b200 unknown :-1 s=NONE pgs=0 cs=0 l=1 rev1=0 crypto rx=0 tx=0 comp rx=0 tx=0).connect
2024-04-18T16:25:24.166 INFO:teuthology.orchestra.run.smithi012.stdout:/usr/bin/ceph: stderr
2024-04-18T16:25:23.053+0000 7fbe07207700 1 -- --> [v2:172.21.15.12:3300/0,v1:172.21.15.12:6789/0] -- mon_getmap magic: 0 v1 -- 0x7fbe0019b740 con 0x7fbe00103ab0
2024-04-18T16:25:24.166 INFO:teuthology.orchestra.run.smithi012.stdout:/usr/bin/ceph: stderr
2024-04-18T16:25:23.053+0000 7fbe04fa3700 1 --2- >> [v2:172.21.15.12:3300/0,v1:172.21.15.12:6789/0] conn(0x7fbe00103ab0 0x7fbe0019b200 unknown :-1 s=BANNER_CONNECTING pgs=0 cs=0 l=1 rev1=0 crypto rx=0 tx=0 comp rx=0 tx=0)._handle_peer_banner_payload supported=3 required=0
2024-04-18T16:25:24.166 INFO:teuthology.orchestra.run.smithi012.stdout:/usr/bin/ceph: stderr
2024-04-18T16:25:23.053+0000 7fbe04fa3700 1 --2- >> [v2:172.21.15.12:3300/0,v1:172.21.15.12:6789/0] conn(0x7fbe00103ab0 0x7fbe0019b200 unknown :-1 s=HELLO_CONNECTING pgs=0 cs=0 l=1 rev1=1 crypto rx=0 tx=0 comp rx=0 tx=0).handle_hello peer v2:172.21.15.12:3300/0 says I am v2:172.21.15.12:55176/0 (socket says 172.21.15.12:55176)
2024-04-18T16:25:24.166 INFO:teuthology.orchestra.run.smithi012.stdout:/usr/bin/ceph: stderr
2024-04-18T16:25:23.054+0000 7fbe04fa3700 1 -- 172.21.15.12:0/2847953838 learned_addr learned my addr 172.21.15.12:0/2847953838 (peer_addr_for_me v2:172.21.15.12:0/0)
2024-04-18T16:25:24.166 INFO:teuthology.orchestra.run.smithi012.stdout:/usr/bin/ceph: stderr
2024-04-18T16:25:23.054+0000 7fbe04fa3700 1 -- 172.21.15.12:0/2847953838 --> [v2:172.21.15.12:3300/0,v1:172.21.15.12:6789/0] -- mon_subscribe({config=0+,monmap=0+}) v3 -- 0x7fbdf4009550 con 0x7fbe00103ab0
2024-04-18T16:25:24.166 INFO:teuthology.orchestra.run.smithi012.stdout:/usr/bin/ceph: stderr
2024-04-18T16:25:23.054+0000 7fbe04fa3700 1 --2- 172.21.15.12:0/2847953838 >> [v2:172.21.15.12:3300/0,v1:172.21.15.12:6789/0] conn(0x7fbe00103ab0 0x7fbe0019b200 secure :-1 s=READY pgs=73 cs=0 l=1 rev1=1 crypto rx=0x7fbdf4009fb0 tx=0x7fbdf4011910 comp rx=0 tx=0).ready entity=mon.0 client_cookie=0 server_cookie=0 in_seq=0 out_seq=0
2024-04-18T16:25:24.166 INFO:teuthology.orchestra.run.smithi012.stdout:/usr/bin/ceph: stderr
2024-04-18T16:25:23.054+0000 7fbdfdffb700 1 -- 172.21.15.12:0/2847953838 <== mon.0 v2:172.21.15.12:3300/0 1 ==== mon_map magic: 0 v1 ==== 205+0+0 (secure 0 0 0) 0x7fbdf40036a0 con 0x7fbe00103ab0
2024-04-18T16:25:24.166 INFO:journalctl@ceph.mon.a.smithi012.stdout:Apr 18 16:25:23 smithi012 ceph-mon[39643]: mgrmap e13: a(active, since 6s)
2024-04-18T16:25:24.166 INFO:journalctl@ceph.mon.a.smithi012.stdout:Apr 18 16:25:23 smithi012 ceph-mon[39643]: from='client.? 172.21.15.12:0/2847953838' entity='client.admin' cmd=[{"prefix": "config get", "who": "mgr", "key": "mgr/dashboard/ssl_server_port"}]: dispatch
2024-04-18T16:25:24.169 INFO:teuthology.orchestra.run.smithi012.stdout:/usr/bin/ceph: stderr
2024-04-18T16:25:23.054+0000 7fbdfdffb700 1 -- 172.21.15.12:0/2847953838 <== mon.0 v2:172.21.15.12:3300/0 2 ==== config(24 keys) v1 ==== 1035+0+0 (secure 0 0 0) 0x7fbdf4003800 con 0x7fbe00103ab0
2024-04-18T16:25:24.169 INFO:teuthology.orchestra.run.smithi012.stdout:/usr/bin/ceph: stderr
2024-04-18T16:25:23.054+0000 7fbe07207700 1 -- 172.21.15.12:0/2847953838 --> [v2:172.21.15.12:3300/0,v1:172.21.15.12:6789/0] -- mon_subscribe({mgrmap=0+}) v3 -- 0x7fbe0019b940 con 0x7fbe00103ab0
2024-04-18T16:25:24.169 INFO:teuthology.orchestra.run.smithi012.stdout:/usr/bin/ceph: stderr
2024-04-18T16:25:23.054+0000 7fbdfdffb700 1 -- 172.21.15.12:0/2847953838 <== mon.0 v2:172.21.15.12:3300/0 3 ==== mon_map magic: 0 v1 ==== 205+0+0 (secure 0 0 0) 0x7fbdf4024410 con 0x7fbe00103ab0
2024-04-18T16:25:24.169 INFO:teuthology.orchestra.run.smithi012.stdout:/usr/bin/ceph: stderr
2024-04-18T16:25:23.054+0000 7fbe07207700 1 -- 172.21.15.12:0/2847953838 --> [v2:172.21.15.12:3300/0,v1:172.21.15.12:6789/0] -- mon_subscribe({osdmap=0}) v3 -- 0x7fbe0019c4a0 con 0x7fbe00103ab0
2024-04-18T16:25:24.170 INFO:teuthology.orchestra.run.smithi012.stdout:/usr/bin/ceph: stderr
2024-04-18T16:25:23.055+0000 7fbdfdffb700 1 -- 172.21.15.12:0/2847953838 <== mon.0 v2:172.21.15.12:3300/0 4 ==== mgrmap(e 13) v1 ==== 45597+0+0 (secure 0 0 0) 0x7fbdf401a430 con 0x7fbe00103ab0
2024-04-18T16:25:24.170 INFO:teuthology.orchestra.run.smithi012.stdout:/usr/bin/ceph: stderr
2024-04-18T16:25:23.055+0000 7fbdfdffb700 20 mgrc handle_mgr_map mgrmap(e 13) v1
2024-04-18T16:25:24.170 INFO:teuthology.orchestra.run.smithi012.stdout:/usr/bin/ceph: stderr
2024-04-18T16:25:23.055+0000 7fbe07207700 1 -- 172.21.15.12:0/2847953838 --> [v2:172.21.15.12:3300/0,v1:172.21.15.12:6789/0] -- mon_command({"prefix": "get_command_descriptions"} v 0) v1 -- 0x7fbe0019bde0 con 0x7fbe00103ab0
2024-04-18T16:25:24.170 INFO:teuthology.orchestra.run.smithi012.stdout:/usr/bin/ceph: stderr
2024-04-18T16:25:23.055+0000 7fbdfdffb700 4 mgrc handle_mgr_map Got map version 13
2024-04-18T16:25:24.170 INFO:teuthology.orchestra.run.smithi012.stdout:/usr/bin/ceph: stderr
2024-04-18T16:25:23.055+0000 7fbdfdffb700 4 mgrc handle_mgr_map Active mgr is now [v2:172.21.15.12:6800/1245168006,v1:172.21.15.12:6801/1245168006]
2024-04-18T16:25:24.170 INFO:teuthology.orchestra.run.smithi012.stdout:/usr/bin/ceph: stderr
2024-04-18T16:25:23.055+0000 7fbdfdffb700 4 mgrc reconnect Starting new session with [v2:172.21.15.12:6800/1245168006,v1:172.21.15.12:6801/1245168006]
2024-04-18T16:25:24.170 INFO:teuthology.orchestra.run.smithi012.stdout:/usr/bin/ceph: stderr
2024-04-18T16:25:23.055+0000 7fbdfdffb700 1 --2- 172.21.15.12:0/2847953838 >> [v2:172.21.15.12:6800/1245168006,v1:172.21.15.12:6801/1245168006] conn(0x7fbdf0038890 0x7fbdf003ad50 unknown :-1 s=NONE pgs=0 cs=0 l=1 rev1=0 crypto rx=0 tx=0 comp rx=0 tx=0).connect
2024-04-18T16:25:24.170 INFO:teuthology.orchestra.run.smithi012.stdout:/usr/bin/ceph: stderr
2024-04-18T16:25:23.055+0000 7fbdfdffb700 1 -- 172.21.15.12:0/2847953838 <== mon.0 v2:172.21.15.12:3300/0 5 ==== osd_map(3..3 src has 1..3) v4 ==== 1155+0+0 (secure 0 0 0) 0x7fbdf404c800 con 0x7fbe00103ab0
2024-04-18T16:25:24.170 INFO:teuthology.orchestra.run.smithi012.stdout:/usr/bin/ceph: stderr
2024-04-18T16:25:23.056+0000 7fbdfffff700 1 --2- 172.21.15.12:0/2847953838 >> [v2:172.21.15.12:6800/1245168006,v1:172.21.15.12:6801/1245168006] conn(0x7fbdf0038890 0x7fbdf003ad50 unknown :-1 s=BANNER_CONNECTING pgs=0 cs=0 l=1 rev1=0 crypto rx=0 tx=0 comp rx=0 tx=0)._handle_peer_banner_payload supported=3 required=0
2024-04-18T16:25:24.170 INFO:teuthology.orchestra.run.smithi012.stdout:/usr/bin/ceph: stderr
2024-04-18T16:25:23.056+0000 7fbdfffff700 1 --2- 172.21.15.12:0/2847953838 >> [v2:172.21.15.12:6800/1245168006,v1:172.21.15.12:6801/1245168006] conn(0x7fbdf0038890 0x7fbdf003ad50 secure :-1 s=READY pgs=9 cs=0 l=1 rev1=1 crypto rx=0x7fbdec006fd0 tx=0x7fbdec006e40 comp rx=0 tx=0).ready entity=mgr.14150 client_cookie=0 server_cookie=0 in_seq=0 out_seq=0
2024-04-18T16:25:24.170 INFO:teuthology.orchestra.run.smithi012.stdout:/usr/bin/ceph: stderr
2024-04-18T16:25:23.060+0000 7fbdfdffb700 1 -- 172.21.15.12:0/2847953838 <== mon.0 v2:172.21.15.12:3300/0 6 ==== mon_command_ack([{"prefix": "get_command_descriptions"}]=0 v0) v1 ==== 72+0+183351 (secure 0 0 0) 0x7fbe0019bde0 con 0x7fbe00103ab0
2024-04-18T16:25:24.170 INFO:teuthology.orchestra.run.smithi012.stdout:/usr/bin/ceph: stderr
2024-04-18T16:25:23.263+0000 7fbe07207700 1 -- 172.21.15.12:0/2847953838 --> [v2:172.21.15.12:3300/0,v1:172.21.15.12:6789/0] -- mon_command({"prefix": "config get", "who": "mgr", "key": "mgr/dashboard/ssl_server_port"} v 0) v1 -- 0x7fbe0019bde0 con 0x7fbe00103ab0
2024-04-18T16:25:24.171 INFO:teuthology.orchestra.run.smithi012.stdout:/usr/bin/ceph: stderr
2024-04-18T16:25:23.263+0000 7fbdfdffb700 1 -- 172.21.15.12:0/2847953838 <== mon.0 v2:172.21.15.12:3300/0 7 ==== mon_command_ack([{"prefix": "config get", "who": "mgr", "key": "mgr/dashboard/ssl_server_port"}]=0 v8) v1 ==== 112+0+5 (secure 0 0 0) 0x7fbe0019bde0 con 0x7fbe00103ab0
2024-04-18T16:25:24.171 INFO:teuthology.orchestra.run.smithi012.stdout:/usr/bin/ceph: stderr
2024-04-18T16:25:23.265+0000 7fbe07207700 10 mgrc shutdown
2024-04-18T16:25:24.171 INFO:teuthology.orchestra.run.smithi012.stdout:/usr/bin/ceph: stderr
2024-04-18T16:25:23.266+0000 7fbe07207700 1 -- 172.21.15.12:0/2847953838 >> [v2:172.21.15.12:6800/1245168006,v1:172.21.15.12:6801/1245168006] conn(0x7fbdf0038890 msgr2=0x7fbdf003ad50 secure :-1 s=STATE_CONNECTION_ESTABLISHED l=1).mark_down
2024-04-18T16:25:24.171 INFO:teuthology.orchestra.run.smithi012.stdout:/usr/bin/ceph: stderr
