2024-04-18T16:25:23.266+0000 7fbe07207700 1 --2- 172.21.15.12:0/2847953838 >> [v2:172.21.15.12:6800/1245168006,v1:172.21.15.12:6801/1245168006] conn(0x7fbdf0038890 0x7fbdf003ad50 secure :-1 s=READY pgs=9 cs=0 l=1 rev1=1 crypto rx=0x7fbdec006fd0 tx=0x7fbdec006e40 comp rx=0 tx=0).stop
2024-04-18T16:25:24.171 INFO:teuthology.orchestra.run.smithi012.stdout:/usr/bin/ceph: stderr
2024-04-18T16:25:23.266+0000 7fbe07207700 1 -- 172.21.15.12:0/2847953838 >> [v2:172.21.15.12:3300/0,v1:172.21.15.12:6789/0] conn(0x7fbe00103ab0 msgr2=0x7fbe0019b200 secure :-1 s=STATE_CONNECTION_ESTABLISHED l=1).mark_down
2024-04-18T16:25:24.171 INFO:teuthology.orchestra.run.smithi012.stdout:/usr/bin/ceph: stderr
2024-04-18T16:25:23.266+0000 7fbe07207700 1 --2- 172.21.15.12:0/2847953838 >> [v2:172.21.15.12:3300/0,v1:172.21.15.12:6789/0] conn(0x7fbe00103ab0 0x7fbe0019b200 secure :-1 s=READY pgs=73 cs=0 l=1 rev1=1 crypto rx=0x7fbdf4009fb0 tx=0x7fbdf4011910 comp rx=0 tx=0).stop
2024-04-18T16:25:24.171 INFO:teuthology.orchestra.run.smithi012.stdout:/usr/bin/ceph: stderr
2024-04-18T16:25:23.266+0000 7fbe07207700 1 -- 172.21.15.12:0/2847953838 shutdown_connections
2024-04-18T16:25:24.171 INFO:teuthology.orchestra.run.smithi012.stdout:/usr/bin/ceph: stderr
2024-04-18T16:25:23.266+0000 7fbe07207700 1 --2- 172.21.15.12:0/2847953838 >> [v2:172.21.15.12:6800/1245168006,v1:172.21.15.12:6801/1245168006] conn(0x7fbdf0038890 0x7fbdf003ad50 unknown :-1 s=CLOSED pgs=9 cs=0 l=1 rev1=1 crypto rx=0 tx=0 comp rx=0 tx=0).stop
2024-04-18T16:25:24.171 INFO:teuthology.orchestra.run.smithi012.stdout:/usr/bin/ceph: stderr
2024-04-18T16:25:23.266+0000 7fbe07207700 1 --2- 172.21.15.12:0/2847953838 >> [v2:172.21.15.12:3300/0,v1:172.21.15.12:6789/0] conn(0x7fbe00103ab0 0x7fbe0019b200 unknown :-1 s=CLOSED pgs=73 cs=0 l=1 rev1=1 crypto rx=0 tx=0 comp rx=0 tx=0).stop
2024-04-18T16:25:24.171 INFO:teuthology.orchestra.run.smithi012.stdout:/usr/bin/ceph: stderr
2024-04-18T16:25:23.266+0000 7fbe07207700 1 -- 172.21.15.12:0/2847953838 >> 172.21.15.12:0/2847953838 conn(0x7fbe000ff6b0 msgr2=0x7fbe00191f70 unknown :-1 s=STATE_NONE l=0).mark_down
2024-04-18T16:25:24.171 INFO:teuthology.orchestra.run.smithi012.stdout:/usr/bin/ceph: stderr
2024-04-18T16:25:23.266+0000 7fbe07207700 1 -- 172.21.15.12:0/2847953838 shutdown_connections
2024-04-18T16:25:24.171 INFO:teuthology.orchestra.run.smithi012.stdout:/usr/bin/ceph: stderr
2024-04-18T16:25:23.266+0000 7fbe07207700 1 -- 172.21.15.12:0/2847953838 wait complete.
2024-04-18T16:25:24.178 INFO:teuthology.orchestra.run.smithi012.stdout:Non-zero exit code 1 from systemctl is-enabled firewalld.service
2024-04-18T16:25:24.178 INFO:teuthology.orchestra.run.smithi012.stdout:systemctl: stdout disabled
2024-04-18T16:25:24.188 INFO:teuthology.orchestra.run.smithi012.stdout:Non-zero exit code 3 from systemctl is-active firewalld.service
2024-04-18T16:25:24.188 INFO:teuthology.orchestra.run.smithi012.stdout:systemctl: stdout inactive
2024-04-18T16:25:24.188 INFO:teuthology.orchestra.run.smithi012.stdout:firewalld.service is not enabled
2024-04-18T16:25:24.188 INFO:teuthology.orchestra.run.smithi012.stdout:Not possible to open ports <[8443]>. firewalld.service is not available
2024-04-18T16:25:24.191 INFO:teuthology.orchestra.run.smithi012.stdout:Ceph Dashboard is now available at:
2024-04-18T16:25:24.191 INFO:teuthology.orchestra.run.smithi012.stdout:
2024-04-18T16:25:24.191 INFO:teuthology.orchestra.run.smithi012.stdout: URL: https://smithi012.front.sepia.ceph.com:8443/
2024-04-18T16:25:24.191 INFO:teuthology.orchestra.run.smithi012.stdout: User: admin
2024-04-18T16:25:24.191 INFO:teuthology.orchestra.run.smithi012.stdout: Password: hid9uwdc52
2024-04-18T16:25:24.191 INFO:teuthology.orchestra.run.smithi012.stdout:
2024-04-18T16:25:24.192 INFO:teuthology.orchestra.run.smithi012.stdout:Saving cluster configuration to /var/lib/ceph/faaef3b6-fd9f-11ee-bc92-c7b262605968/config directory
2024-04-18T16:25:24.192 INFO:teuthology.orchestra.run.smithi012.stdout:Enabling autotune for osd_memory_target
2024-04-18T16:25:25.588 INFO:teuthology.orchestra.run.smithi012.stdout:/usr/bin/ceph: stderr
2024-04-18T16:25:24.660+0000 7eff1bdcb700 1 Processor -- start
2024-04-18T16:25:25.588 INFO:teuthology.orchestra.run.smithi012.stdout:/usr/bin/ceph: stderr
2024-04-18T16:25:24.660+0000 7eff1bdcb700 1 -- start start
2024-04-18T16:25:25.588 INFO:teuthology.orchestra.run.smithi012.stdout:/usr/bin/ceph: stderr
2024-04-18T16:25:24.660+0000 7eff1bdcb700 1 --2- >> [v2:172.21.15.12:3300/0,v1:172.21.15.12:6789/0] conn(0x7eff1407ae60 0x7eff140792c0 unknown :-1 s=NONE pgs=0 cs=0 l=0 rev1=0 crypto rx=0 tx=0 comp rx=0 tx=0).connect
2024-04-18T16:25:25.588 INFO:teuthology.orchestra.run.smithi012.stdout:/usr/bin/ceph: stderr
2024-04-18T16:25:24.660+0000 7eff1bdcb700 1 -- --> [v2:172.21.15.12:3300/0,v1:172.21.15.12:6789/0] -- mon_getmap magic: 0 v1 -- 0x7eff14079890 con 0x7eff1407ae60
2024-04-18T16:25:25.588 INFO:teuthology.orchestra.run.smithi012.stdout:/usr/bin/ceph: stderr
2024-04-18T16:25:24.660+0000 7eff19b67700 1 --2- >> [v2:172.21.15.12:3300/0,v1:172.21.15.12:6789/0] conn(0x7eff1407ae60 0x7eff140792c0 unknown :-1 s=BANNER_CONNECTING pgs=0 cs=0 l=0 rev1=0 crypto rx=0 tx=0 comp rx=0 tx=0)._handle_peer_banner_payload supported=3 required=0
2024-04-18T16:25:25.588 INFO:teuthology.orchestra.run.smithi012.stdout:/usr/bin/ceph: stderr
2024-04-18T16:25:24.660+0000 7eff19b67700 1 --2- >> [v2:172.21.15.12:3300/0,v1:172.21.15.12:6789/0] conn(0x7eff1407ae60 0x7eff140792c0 unknown :-1 s=HELLO_CONNECTING pgs=0 cs=0 l=0 rev1=1 crypto rx=0 tx=0 comp rx=0 tx=0).handle_hello peer v2:172.21.15.12:3300/0 says I am v2:172.21.15.12:41782/0 (socket says 172.21.15.12:41782)
2024-04-18T16:25:25.589 INFO:teuthology.orchestra.run.smithi012.stdout:/usr/bin/ceph: stderr
2024-04-18T16:25:24.661+0000 7eff19b67700 1 -- 172.21.15.12:0/2228194387 learned_addr learned my addr 172.21.15.12:0/2228194387 (peer_addr_for_me v2:172.21.15.12:0/0)
2024-04-18T16:25:25.589 INFO:teuthology.orchestra.run.smithi012.stdout:/usr/bin/ceph: stderr
2024-04-18T16:25:24.661+0000 7eff19b67700 1 -- 172.21.15.12:0/2228194387 --> [v2:172.21.15.12:3300/0,v1:172.21.15.12:6789/0] -- mon_subscribe({config=0+,monmap=0+}) v3 -- 0x7eff140799d0 con 0x7eff1407ae60
2024-04-18T16:25:25.589 INFO:teuthology.orchestra.run.smithi012.stdout:/usr/bin/ceph: stderr
2024-04-18T16:25:24.661+0000 7eff19b67700 1 --2- 172.21.15.12:0/2228194387 >> [v2:172.21.15.12:3300/0,v1:172.21.15.12:6789/0] conn(0x7eff1407ae60 0x7eff140792c0 secure :-1 s=READY pgs=74 cs=0 l=1 rev1=1 crypto rx=0x7eff040098a0 tx=0x7eff04009bb0 comp rx=0 tx=0).ready entity=mon.0 client_cookie=6344d8b2eccba92a server_cookie=0 in_seq=0 out_seq=0
2024-04-18T16:25:25.589 INFO:teuthology.orchestra.run.smithi012.stdout:/usr/bin/ceph: stderr
2024-04-18T16:25:24.661+0000 7eff18b65700 1 -- 172.21.15.12:0/2228194387 <== mon.0 v2:172.21.15.12:3300/0 1 ==== mon_map magic: 0 v1 ==== 205+0+0 (secure 0 0 0) 0x7eff04004160 con 0x7eff1407ae60
2024-04-18T16:25:25.589 INFO:teuthology.orchestra.run.smithi012.stdout:/usr/bin/ceph: stderr
2024-04-18T16:25:24.661+0000 7eff18b65700 1 -- 172.21.15.12:0/2228194387 <== mon.0 v2:172.21.15.12:3300/0 2 ==== config(24 keys) v1 ==== 1035+0+0 (secure 0 0 0) 0x7eff040042c0 con 0x7eff1407ae60
2024-04-18T16:25:25.589 INFO:teuthology.orchestra.run.smithi012.stdout:/usr/bin/ceph: stderr
2024-04-18T16:25:24.661+0000 7eff18b65700 1 -- 172.21.15.12:0/2228194387 <== mon.0 v2:172.21.15.12:3300/0 3 ==== mon_map magic: 0 v1 ==== 205+0+0 (secure 0 0 0) 0x7eff04011830 con 0x7eff1407ae60
2024-04-18T16:25:25.589 INFO:teuthology.orchestra.run.smithi012.stdout:/usr/bin/ceph: stderr
2024-04-18T16:25:24.662+0000 7eff1bdcb700 1 -- 172.21.15.12:0/2228194387 >> [v2:172.21.15.12:3300/0,v1:172.21.15.12:6789/0] conn(0x7eff1407ae60 msgr2=0x7eff140792c0 secure :-1 s=STATE_CONNECTION_ESTABLISHED l=1).mark_down
2024-04-18T16:25:25.589 INFO:teuthology.orchestra.run.smithi012.stdout:/usr/bin/ceph: stderr
2024-04-18T16:25:24.662+0000 7eff1bdcb700 1 --2- 172.21.15.12:0/2228194387 >> [v2:172.21.15.12:3300/0,v1:172.21.15.12:6789/0] conn(0x7eff1407ae60 0x7eff140792c0 secure :-1 s=READY pgs=74 cs=0 l=1 rev1=1 crypto rx=0x7eff040098a0 tx=0x7eff04009bb0 comp rx=0 tx=0).stop
2024-04-18T16:25:25.589 INFO:teuthology.orchestra.run.smithi012.stdout:/usr/bin/ceph: stderr
2024-04-18T16:25:24.662+0000 7eff1bdcb700 1 -- 172.21.15.12:0/2228194387 shutdown_connections
2024-04-18T16:25:25.589 INFO:teuthology.orchestra.run.smithi012.stdout:/usr/bin/ceph: stderr
2024-04-18T16:25:24.662+0000 7eff1bdcb700 1 --2- 172.21.15.12:0/2228194387 >> [v2:172.21.15.12:3300/0,v1:172.21.15.12:6789/0] conn(0x7eff1407ae60 0x7eff140792c0 unknown :-1 s=CLOSED pgs=74 cs=0 l=1 rev1=1 crypto rx=0 tx=0 comp rx=0 tx=0).stop
2024-04-18T16:25:25.589 INFO:teuthology.orchestra.run.smithi012.stdout:/usr/bin/ceph: stderr
2024-04-18T16:25:24.662+0000 7eff1bdcb700 1 -- 172.21.15.12:0/2228194387 >> 172.21.15.12:0/2228194387 conn(0x7eff14100800 msgr2=0x7eff14102c20 unknown :-1 s=STATE_NONE l=0).mark_down
2024-04-18T16:25:25.589 INFO:teuthology.orchestra.run.smithi012.stdout:/usr/bin/ceph: stderr
2024-04-18T16:25:24.662+0000 7eff1bdcb700 1 -- 172.21.15.12:0/2228194387 shutdown_connections
2024-04-18T16:25:25.589 INFO:teuthology.orchestra.run.smithi012.stdout:/usr/bin/ceph: stderr
2024-04-18T16:25:24.662+0000 7eff1bdcb700 1 -- 172.21.15.12:0/2228194387 wait complete.
2024-04-18T16:25:25.590 INFO:teuthology.orchestra.run.smithi012.stdout:/usr/bin/ceph: stderr
2024-04-18T16:25:24.662+0000 7eff1bdcb700 1 Processor -- start
2024-04-18T16:25:25.590 INFO:teuthology.orchestra.run.smithi012.stdout:/usr/bin/ceph: stderr
2024-04-18T16:25:24.662+0000 7eff1bdcb700 1 -- start start
2024-04-18T16:25:25.590 INFO:teuthology.orchestra.run.smithi012.stdout:/usr/bin/ceph: stderr
2024-04-18T16:25:24.663+0000 7eff1bdcb700 1 --2- >> [v2:172.21.15.12:3300/0,v1:172.21.15.12:6789/0] conn(0x7eff1407ae60 0x7eff1419b070 unknown :-1 s=NONE pgs=0 cs=0 l=1 rev1=0 crypto rx=0 tx=0 comp rx=0 tx=0).connect
2024-04-18T16:25:25.590 INFO:teuthology.orchestra.run.smithi012.stdout:/usr/bin/ceph: stderr
2024-04-18T16:25:24.663+0000 7eff1bdcb700 1 -- --> [v2:172.21.15.12:3300/0,v1:172.21.15.12:6789/0] -- mon_getmap magic: 0 v1 -- 0x7eff1419b5b0 con 0x7eff1407ae60
2024-04-18T16:25:25.590 INFO:teuthology.orchestra.run.smithi012.stdout:/usr/bin/ceph: stderr
2024-04-18T16:25:24.663+0000 7eff19b67700 1 --2- >> [v2:172.21.15.12:3300/0,v1:172.21.15.12:6789/0] conn(0x7eff1407ae60 0x7eff1419b070 unknown :-1 s=BANNER_CONNECTING pgs=0 cs=0 l=1 rev1=0 crypto rx=0 tx=0 comp rx=0 tx=0)._handle_peer_banner_payload supported=3 required=0
2024-04-18T16:25:25.590 INFO:teuthology.orchestra.run.smithi012.stdout:/usr/bin/ceph: stderr
2024-04-18T16:25:24.663+0000 7eff19b67700 1 --2- >> [v2:172.21.15.12:3300/0,v1:172.21.15.12:6789/0] conn(0x7eff1407ae60 0x7eff1419b070 unknown :-1 s=HELLO_CONNECTING pgs=0 cs=0 l=1 rev1=1 crypto rx=0 tx=0 comp rx=0 tx=0).handle_hello peer v2:172.21.15.12:3300/0 says I am v2:172.21.15.12:41796/0 (socket says 172.21.15.12:41796)
2024-04-18T16:25:25.590 INFO:teuthology.orchestra.run.smithi012.stdout:/usr/bin/ceph: stderr
2024-04-18T16:25:24.663+0000 7eff19b67700 1 -- 172.21.15.12:0/2509694612 learned_addr learned my addr 172.21.15.12:0/2509694612 (peer_addr_for_me v2:172.21.15.12:0/0)
2024-04-18T16:25:25.590 INFO:teuthology.orchestra.run.smithi012.stdout:/usr/bin/ceph: stderr
2024-04-18T16:25:24.663+0000 7eff19b67700 1 -- 172.21.15.12:0/2509694612 --> [v2:172.21.15.12:3300/0,v1:172.21.15.12:6789/0] -- mon_subscribe({config=0+,monmap=0+}) v3 -- 0x7eff04009550 con 0x7eff1407ae60
2024-04-18T16:25:25.590 INFO:teuthology.orchestra.run.smithi012.stdout:/usr/bin/ceph: stderr
2024-04-18T16:25:24.663+0000 7eff19b67700 1 --2- 172.21.15.12:0/2509694612 >> [v2:172.21.15.12:3300/0,v1:172.21.15.12:6789/0] conn(0x7eff1407ae60 0x7eff1419b070 secure :-1 s=READY pgs=75 cs=0 l=1 rev1=1 crypto rx=0x7eff04003ee0 tx=0x7eff04011910 comp rx=0 tx=0).ready entity=mon.0 client_cookie=0 server_cookie=0 in_seq=0 out_seq=0
2024-04-18T16:25:25.590 INFO:teuthology.orchestra.run.smithi012.stdout:/usr/bin/ceph: stderr
2024-04-18T16:25:24.663+0000 7eff0affd700 1 -- 172.21.15.12:0/2509694612 <== mon.0 v2:172.21.15.12:3300/0 1 ==== mon_map magic: 0 v1 ==== 205+0+0 (secure 0 0 0) 0x7eff040037d0 con 0x7eff1407ae60
2024-04-18T16:25:25.590 INFO:teuthology.orchestra.run.smithi012.stdout:/usr/bin/ceph: stderr
2024-04-18T16:25:24.663+0000 7eff0affd700 1 -- 172.21.15.12:0/2509694612 <== mon.0 v2:172.21.15.12:3300/0 2 ==== config(24 keys) v1 ==== 1035+0+0 (secure 0 0 0) 0x7eff04003930 con 0x7eff1407ae60
2024-04-18T16:25:25.590 INFO:teuthology.orchestra.run.smithi012.stdout:/usr/bin/ceph: stderr
2024-04-18T16:25:24.663+0000 7eff1bdcb700 1 -- 172.21.15.12:0/2509694612 --> [v2:172.21.15.12:3300/0,v1:172.21.15.12:6789/0] -- mon_subscribe({mgrmap=0+}) v3 -- 0x7eff1419b7b0 con 0x7eff1407ae60
2024-04-18T16:25:25.590 INFO:teuthology.orchestra.run.smithi012.stdout:/usr/bin/ceph: stderr
2024-04-18T16:25:24.663+0000 7eff0affd700 1 -- 172.21.15.12:0/2509694612 <== mon.0 v2:172.21.15.12:3300/0 3 ==== mon_map magic: 0 v1 ==== 205+0+0 (secure 0 0 0) 0x7eff04024410 con 0x7eff1407ae60
2024-04-18T16:25:25.591 INFO:teuthology.orchestra.run.smithi012.stdout:/usr/bin/ceph: stderr
2024-04-18T16:25:24.664+0000 7eff1bdcb700 1 -- 172.21.15.12:0/2509694612 --> [v2:172.21.15.12:3300/0,v1:172.21.15.12:6789/0] -- mon_subscribe({osdmap=0}) v3 -- 0x7eff1419bc50 con 0x7eff1407ae60
2024-04-18T16:25:25.591 INFO:teuthology.orchestra.run.smithi012.stdout:/usr/bin/ceph: stderr
2024-04-18T16:25:24.664+0000 7eff1bdcb700 1 -- 172.21.15.12:0/2509694612 --> [v2:172.21.15.12:3300/0,v1:172.21.15.12:6789/0] -- mon_command({"prefix": "get_command_descriptions"} v 0) v1 -- 0x7eff1410b5a0 con 0x7eff1407ae60
2024-04-18T16:25:25.591 INFO:teuthology.orchestra.run.smithi012.stdout:/usr/bin/ceph: stderr
2024-04-18T16:25:24.665+0000 7eff0affd700 1 -- 172.21.15.12:0/2509694612 <== mon.0 v2:172.21.15.12:3300/0 4 ==== mgrmap(e 13) v1 ==== 45597+0+0 (secure 0 0 0) 0x7eff0401a430 con 0x7eff1407ae60
2024-04-18T16:25:25.591 INFO:teuthology.orchestra.run.smithi012.stdout:/usr/bin/ceph: stderr
2024-04-18T16:25:24.665+0000 7eff0affd700 20 mgrc handle_mgr_map mgrmap(e 13) v1
2024-04-18T16:25:25.591 INFO:teuthology.orchestra.run.smithi012.stdout:/usr/bin/ceph: stderr
2024-04-18T16:25:24.665+0000 7eff0affd700 4 mgrc handle_mgr_map Got map version 13
2024-04-18T16:25:25.591 INFO:teuthology.orchestra.run.smithi012.stdout:/usr/bin/ceph: stderr
2024-04-18T16:25:24.665+0000 7eff0affd700 4 mgrc handle_mgr_map Active mgr is now [v2:172.21.15.12:6800/1245168006,v1:172.21.15.12:6801/1245168006]
2024-04-18T16:25:25.591 INFO:teuthology.orchestra.run.smithi012.stdout:/usr/bin/ceph: stderr
2024-04-18T16:25:24.665+0000 7eff0affd700 4 mgrc reconnect Starting new session with [v2:172.21.15.12:6800/1245168006,v1:172.21.15.12:6801/1245168006]
2024-04-18T16:25:25.591 INFO:teuthology.orchestra.run.smithi012.stdout:/usr/bin/ceph: stderr
2024-04-18T16:25:24.665+0000 7eff0affd700 1 --2- 172.21.15.12:0/2509694612 >> [v2:172.21.15.12:6800/1245168006,v1:172.21.15.12:6801/1245168006] conn(0x7eff00038840 0x7eff0003ad00 unknown :-1 s=NONE pgs=0 cs=0 l=1 rev1=0 crypto rx=0 tx=0 comp rx=0 tx=0).connect
2024-04-18T16:25:25.591 INFO:teuthology.orchestra.run.smithi012.stdout:/usr/bin/ceph: stderr
2024-04-18T16:25:24.665+0000 7eff0affd700 1 -- 172.21.15.12:0/2509694612 <== mon.0 v2:172.21.15.12:3300/0 5 ==== osd_map(3..3 src has 1..3) v4 ==== 1155+0+0 (secure 0 0 0) 0x7eff0404ca20 con 0x7eff1407ae60
2024-04-18T16:25:25.591 INFO:teuthology.orchestra.run.smithi012.stdout:/usr/bin/ceph: stderr
2024-04-18T16:25:24.665+0000 7eff19366700 1 --2- 172.21.15.12:0/2509694612 >> [v2:172.21.15.12:6800/1245168006,v1:172.21.15.12:6801/1245168006] conn(0x7eff00038840 0x7eff0003ad00 unknown :-1 s=BANNER_CONNECTING pgs=0 cs=0 l=1 rev1=0 crypto rx=0 tx=0 comp rx=0 tx=0)._handle_peer_banner_payload supported=3 required=0
2024-04-18T16:25:25.591 INFO:teuthology.orchestra.run.smithi012.stdout:/usr/bin/ceph: stderr
2024-04-18T16:25:24.666+0000 7eff19366700 1 --2- 172.21.15.12:0/2509694612 >> [v2:172.21.15.12:6800/1245168006,v1:172.21.15.12:6801/1245168006] conn(0x7eff00038840 0x7eff0003ad00 secure :-1 s=READY pgs=10 cs=0 l=1 rev1=1 crypto rx=0x7eff10006fd0 tx=0x7eff10006e40 comp rx=0 tx=0).ready entity=mgr.14150 client_cookie=0 server_cookie=0 in_seq=0 out_seq=0
2024-04-18T16:25:25.591 INFO:teuthology.orchestra.run.smithi012.stdout:/usr/bin/ceph: stderr
2024-04-18T16:25:24.670+0000 7eff0affd700 1 -- 172.21.15.12:0/2509694612 <== mon.0 v2:172.21.15.12:3300/0 6 ==== mon_command_ack([{"prefix": "get_command_descriptions"}]=0 v0) v1 ==== 72+0+183351 (secure 0 0 0) 0x7eff04003aa0 con 0x7eff1407ae60
2024-04-18T16:25:25.591 INFO:teuthology.orchestra.run.smithi012.stdout:/usr/bin/ceph: stderr
2024-04-18T16:25:24.871+0000 7eff1bdcb700 1 -- 172.21.15.12:0/2509694612 --> [v2:172.21.15.12:3300/0,v1:172.21.15.12:6789/0] -- mon_command([{prefix=config set, name=osd_memory_target_autotune}] v 0) v1 -- 0x7eff1410b7b0 con 0x7eff1407ae60
2024-04-18T16:25:25.592 INFO:teuthology.orchestra.run.smithi012.stdout:/usr/bin/ceph: stderr
2024-04-18T16:25:24.871+0000 7eff0affd700 1 -- 172.21.15.12:0/2509694612 <== mon.0 v2:172.21.15.12:3300/0 7 ==== mon_command_ack([{prefix=config set, name=osd_memory_target_autotune}]=0 v8)=0 v8) v1 ==== 127+0+0 (secure 0 0 0) 0x7eff0400bb90 con 0x7eff1407ae60
2024-04-18T16:25:25.592 INFO:teuthology.orchestra.run.smithi012.stdout:/usr/bin/ceph: stderr
2024-04-18T16:25:24.873+0000 7eff1bdcb700 10 mgrc shutdown
2024-04-18T16:25:25.592 INFO:teuthology.orchestra.run.smithi012.stdout:/usr/bin/ceph: stderr
2024-04-18T16:25:24.873+0000 7eff1bdcb700 1 -- 172.21.15.12:0/2509694612 >> [v2:172.21.15.12:6800/1245168006,v1:172.21.15.12:6801/1245168006] conn(0x7eff00038840 msgr2=0x7eff0003ad00 secure :-1 s=STATE_CONNECTION_ESTABLISHED l=1).mark_down
2024-04-18T16:25:25.592 INFO:teuthology.orchestra.run.smithi012.stdout:/usr/bin/ceph: stderr
2024-04-18T16:25:24.873+0000 7eff1bdcb700 1 --2- 172.21.15.12:0/2509694612 >> [v2:172.21.15.12:6800/1245168006,v1:172.21.15.12:6801/1245168006] conn(0x7eff00038840 0x7eff0003ad00 secure :-1 s=READY pgs=10 cs=0 l=1 rev1=1 crypto rx=0x7eff10006fd0 tx=0x7eff10006e40 comp rx=0 tx=0).stop
2024-04-18T16:25:25.592 INFO:teuthology.orchestra.run.smithi012.stdout:/usr/bin/ceph: stderr
2024-04-18T16:25:24.873+0000 7eff1bdcb700 1 -- 172.21.15.12:0/2509694612 >> [v2:172.21.15.12:3300/0,v1:172.21.15.12:6789/0] conn(0x7eff1407ae60 msgr2=0x7eff1419b070 secure :-1 s=STATE_CONNECTION_ESTABLISHED l=1).mark_down
2024-04-18T16:25:25.592 INFO:teuthology.orchestra.run.smithi012.stdout:/usr/bin/ceph: stderr
2024-04-18T16:25:24.873+0000 7eff1bdcb700 1 --2- 172.21.15.12:0/2509694612 >> [v2:172.21.15.12:3300/0,v1:172.21.15.12:6789/0] conn(0x7eff1407ae60 0x7eff1419b070 secure :-1 s=READY pgs=75 cs=0 l=1 rev1=1 crypto rx=0x7eff04003ee0 tx=0x7eff04011910 comp rx=0 tx=0).stop
2024-04-18T16:25:25.592 INFO:teuthology.orchestra.run.smithi012.stdout:/usr/bin/ceph: stderr
2024-04-18T16:25:24.873+0000 7eff1bdcb700 1 -- 172.21.15.12:0/2509694612 shutdown_connections
2024-04-18T16:25:25.592 INFO:teuthology.orchestra.run.smithi012.stdout:/usr/bin/ceph: stderr
2024-04-18T16:25:24.873+0000 7eff1bdcb700 1 --2- 172.21.15.12:0/2509694612 >> [v2:172.21.15.12:6800/1245168006,v1:172.21.15.12:6801/1245168006] conn(0x7eff00038840 0x7eff0003ad00 unknown :-1 s=CLOSED pgs=10 cs=0 l=1 rev1=1 crypto rx=0 tx=0 comp rx=0 tx=0).stop
2024-04-18T16:25:25.592 INFO:teuthology.orchestra.run.smithi012.stdout:/usr/bin/ceph: stderr
2024-04-18T16:25:24.873+0000 7eff1bdcb700 1 --2- 172.21.15.12:0/2509694612 >> [v2:172.21.15.12:3300/0,v1:172.21.15.12:6789/0] conn(0x7eff1407ae60 0x7eff1419b070 unknown :-1 s=CLOSED pgs=75 cs=0 l=1 rev1=1 crypto rx=0 tx=0 comp rx=0 tx=0).stop
2024-04-18T16:25:25.592 INFO:teuthology.orchestra.run.smithi012.stdout:/usr/bin/ceph: stderr
2024-04-18T16:25:24.873+0000 7eff1bdcb700 1 -- 172.21.15.12:0/2509694612 >> 172.21.15.12:0/2509694612 conn(0x7eff14100800 msgr2=0x7eff14101310 unknown :-1 s=STATE_NONE l=0).mark_down
2024-04-18T16:25:25.592 INFO:teuthology.orchestra.run.smithi012.stdout:/usr/bin/ceph: stderr
2024-04-18T16:25:24.873+0000 7eff1bdcb700 1 -- 172.21.15.12:0/2509694612 shutdown_connections
2024-04-18T16:25:25.592 INFO:teuthology.orchestra.run.smithi012.stdout:/usr/bin/ceph: stderr
2024-04-18T16:25:24.873+0000 7eff1bdcb700 1 -- 172.21.15.12:0/2509694612 wait complete.
2024-04-18T16:25:27.027 INFO:teuthology.orchestra.run.smithi012.stdout:/usr/bin/ceph: stderr
2024-04-18T16:25:26.060+0000 7fb82f952700 1 Processor -- start
2024-04-18T16:25:27.034 INFO:teuthology.orchestra.run.smithi012.stdout:/usr/bin/ceph: stderr
2024-04-18T16:25:26.060+0000 7fb82f952700 1 -- start start
2024-04-18T16:25:27.034 INFO:teuthology.orchestra.run.smithi012.stdout:/usr/bin/ceph: stderr
2024-04-18T16:25:26.060+0000 7fb82f952700 1 --2- >> [v2:172.21.15.12:3300/0,v1:172.21.15.12:6789/0] conn(0x7fb828103520 0x7fb828103940 unknown :-1 s=NONE pgs=0 cs=0 l=0 rev1=0 crypto rx=0 tx=0 comp rx=0 tx=0).connect
2024-04-18T16:25:27.034 INFO:teuthology.orchestra.run.smithi012.stdout:/usr/bin/ceph: stderr
2024-04-18T16:25:26.060+0000 7fb82f952700 1 -- --> [v2:172.21.15.12:3300/0,v1:172.21.15.12:6789/0] -- mon_getmap magic: 0 v1 -- 0x7fb828103f10 con 0x7fb828103520
2024-04-18T16:25:27.034 INFO:teuthology.orchestra.run.smithi012.stdout:/usr/bin/ceph: stderr
2024-04-18T16:25:26.061+0000 7fb82d6ee700 1 --2- >> [v2:172.21.15.12:3300/0,v1:172.21.15.12:6789/0] conn(0x7fb828103520 0x7fb828103940 unknown :-1 s=BANNER_CONNECTING pgs=0 cs=0 l=0 rev1=0 crypto rx=0 tx=0 comp rx=0 tx=0)._handle_peer_banner_payload supported=3 required=0
2024-04-18T16:25:27.034 INFO:teuthology.orchestra.run.smithi012.stdout:/usr/bin/ceph: stderr
2024-04-18T16:25:26.061+0000 7fb82d6ee700 1 --2- >> [v2:172.21.15.12:3300/0,v1:172.21.15.12:6789/0] conn(0x7fb828103520 0x7fb828103940 unknown :-1 s=HELLO_CONNECTING pgs=0 cs=0 l=0 rev1=1 crypto rx=0 tx=0 comp rx=0 tx=0).handle_hello peer v2:172.21.15.12:3300/0 says I am v2:172.21.15.12:41806/0 (socket says 172.21.15.12:41806)
2024-04-18T16:25:27.034 INFO:teuthology.orchestra.run.smithi012.stdout:/usr/bin/ceph: stderr
2024-04-18T16:25:26.061+0000 7fb82d6ee700 1 -- 172.21.15.12:0/4060924840 learned_addr learned my addr 172.21.15.12:0/4060924840 (peer_addr_for_me v2:172.21.15.12:0/0)
2024-04-18T16:25:27.034 INFO:teuthology.orchestra.run.smithi012.stdout:/usr/bin/ceph: stderr
2024-04-18T16:25:26.061+0000 7fb82d6ee700 1 -- 172.21.15.12:0/4060924840 --> [v2:172.21.15.12:3300/0,v1:172.21.15.12:6789/0] -- mon_subscribe({config=0+,monmap=0+}) v3 -- 0x7fb8281064b0 con 0x7fb828103520
2024-04-18T16:25:27.034 INFO:teuthology.orchestra.run.smithi012.stdout:/usr/bin/ceph: stderr
2024-04-18T16:25:26.061+0000 7fb82d6ee700 1 --2- 172.21.15.12:0/4060924840 >> [v2:172.21.15.12:3300/0,v1:172.21.15.12:6789/0] conn(0x7fb828103520 0x7fb828103940 secure :-1 s=READY pgs=76 cs=0 l=1 rev1=1 crypto rx=0x7fb8240098a0 tx=0x7fb824009bb0 comp rx=0 tx=0).ready entity=mon.0 client_cookie=fb304f62549a2dc4 server_cookie=0 in_seq=0 out_seq=0
2024-04-18T16:25:27.034 INFO:teuthology.orchestra.run.smithi012.stdout:/usr/bin/ceph: stderr
2024-04-18T16:25:26.061+0000 7fb81bfff700 1 -- 172.21.15.12:0/4060924840 <== mon.0 v2:172.21.15.12:3300/0 1 ==== mon_map magic: 0 v1 ==== 205+0+0 (secure 0 0 0) 0x7fb824004160 con 0x7fb828103520
2024-04-18T16:25:27.035 INFO:teuthology.orchestra.run.smithi012.stdout:/usr/bin/ceph: stderr
2024-04-18T16:25:26.061+0000 7fb81bfff700 1 -- 172.21.15.12:0/4060924840 <== mon.0 v2:172.21.15.12:3300/0 2 ==== config(24 keys) v1 ==== 1035+0+0 (secure 0 0 0) 0x7fb8240042c0 con 0x7fb828103520
2024-04-18T16:25:27.035 INFO:teuthology.orchestra.run.smithi012.stdout:/usr/bin/ceph: stderr
2024-04-18T16:25:26.061+0000 7fb81bfff700 1 -- 172.21.15.12:0/4060924840 <== mon.0 v2:172.21.15.12:3300/0 3 ==== mon_map magic: 0 v1 ==== 205+0+0 (secure 0 0 0) 0x7fb824011830 con 0x7fb828103520
2024-04-18T16:25:27.035 INFO:teuthology.orchestra.run.smithi012.stdout:/usr/bin/ceph: stderr
2024-04-18T16:25:26.062+0000 7fb82f952700 1 -- 172.21.15.12:0/4060924840 >> [v2:172.21.15.12:3300/0,v1:172.21.15.12:6789/0] conn(0x7fb828103520 msgr2=0x7fb828103940 secure :-1 s=STATE_CONNECTION_ESTABLISHED l=1).mark_down
2024-04-18T16:25:27.035 INFO:teuthology.orchestra.run.smithi012.stdout:/usr/bin/ceph: stderr
2024-04-18T16:25:26.062+0000 7fb82f952700 1 --2- 172.21.15.12:0/4060924840 >> [v2:172.21.15.12:3300/0,v1:172.21.15.12:6789/0] conn(0x7fb828103520 0x7fb828103940 secure :-1 s=READY pgs=76 cs=0 l=1 rev1=1 crypto rx=0x7fb8240098a0 tx=0x7fb824009bb0 comp rx=0 tx=0).stop
2024-04-18T16:25:27.035 INFO:teuthology.orchestra.run.smithi012.stdout:/usr/bin/ceph: stderr
2024-04-18T16:25:26.062+0000 7fb82f952700 1 -- 172.21.15.12:0/4060924840 shutdown_connections
2024-04-18T16:25:27.035 INFO:teuthology.orchestra.run.smithi012.stdout:/usr/bin/ceph: stderr
2024-04-18T16:25:26.062+0000 7fb82f952700 1 --2- 172.21.15.12:0/4060924840 >> [v2:172.21.15.12:3300/0,v1:172.21.15.12:6789/0] conn(0x7fb828103520 0x7fb828103940 unknown :-1 s=CLOSED pgs=76 cs=0 l=1 rev1=1 crypto rx=0 tx=0 comp rx=0 tx=0).stop
2024-04-18T16:25:27.035 INFO:teuthology.orchestra.run.smithi012.stdout:/usr/bin/ceph: stderr
2024-04-18T16:25:26.062+0000 7fb82f952700 1 -- 172.21.15.12:0/4060924840 >> 172.21.15.12:0/4060924840 conn(0x7fb8280fee90 msgr2=0x7fb8281012b0 unknown :-1 s=STATE_NONE l=0).mark_down
2024-04-18T16:25:27.035 INFO:teuthology.orchestra.run.smithi012.stdout:/usr/bin/ceph: stderr
2024-04-18T16:25:26.062+0000 7fb82f952700 1 -- 172.21.15.12:0/4060924840 shutdown_connections
2024-04-18T16:25:27.035 INFO:teuthology.orchestra.run.smithi012.stdout:/usr/bin/ceph: stderr
2024-04-18T16:25:26.062+0000 7fb82f952700 1 -- 172.21.15.12:0/4060924840 wait complete.
2024-04-18T16:25:27.035 INFO:teuthology.orchestra.run.smithi012.stdout:/usr/bin/ceph: stderr
2024-04-18T16:25:26.063+0000 7fb82f952700 1 Processor -- start
2024-04-18T16:25:27.035 INFO:teuthology.orchestra.run.smithi012.stdout:/usr/bin/ceph: stderr
2024-04-18T16:25:26.063+0000 7fb82f952700 1 -- start start
2024-04-18T16:25:27.035 INFO:teuthology.orchestra.run.smithi012.stdout:/usr/bin/ceph: stderr
2024-04-18T16:25:26.063+0000 7fb82f952700 1 --2- >> [v2:172.21.15.12:3300/0,v1:172.21.15.12:6789/0] conn(0x7fb828103520 0x7fb828198ed0 unknown :-1 s=NONE pgs=0 cs=0 l=1 rev1=0 crypto rx=0 tx=0 comp rx=0 tx=0).connect
2024-04-18T16:25:27.035 INFO:teuthology.orchestra.run.smithi012.stdout:/usr/bin/ceph: stderr
2024-04-18T16:25:26.063+0000 7fb82f952700 1 -- --> [v2:172.21.15.12:3300/0,v1:172.21.15.12:6789/0] -- mon_getmap magic: 0 v1 -- 0x7fb828199410 con 0x7fb828103520
2024-04-18T16:25:27.035 INFO:teuthology.orchestra.run.smithi012.stdout:/usr/bin/ceph: stderr
2024-04-18T16:25:26.063+0000 7fb82d6ee700 1 --2- >> [v2:172.21.15.12:3300/0,v1:172.21.15.12:6789/0] conn(0x7fb828103520 0x7fb828198ed0 unknown :-1 s=BANNER_CONNECTING pgs=0 cs=0 l=1 rev1=0 crypto rx=0 tx=0 comp rx=0 tx=0)._handle_peer_banner_payload supported=3 required=0
2024-04-18T16:25:27.036 INFO:teuthology.orchestra.run.smithi012.stdout:/usr/bin/ceph: stderr
2024-04-18T16:25:26.063+0000 7fb82d6ee700 1 --2- >> [v2:172.21.15.12:3300/0,v1:172.21.15.12:6789/0] conn(0x7fb828103520 0x7fb828198ed0 unknown :-1 s=HELLO_CONNECTING pgs=0 cs=0 l=1 rev1=1 crypto rx=0 tx=0 comp rx=0 tx=0).handle_hello peer v2:172.21.15.12:3300/0 says I am v2:172.21.15.12:41812/0 (socket says 172.21.15.12:41812)
2024-04-18T16:25:27.036 INFO:teuthology.orchestra.run.smithi012.stdout:/usr/bin/ceph: stderr
2024-04-18T16:25:26.063+0000 7fb82d6ee700 1 -- 172.21.15.12:0/4018366670 learned_addr learned my addr 172.21.15.12:0/4018366670 (peer_addr_for_me v2:172.21.15.12:0/0)
2024-04-18T16:25:27.036 INFO:teuthology.orchestra.run.smithi012.stdout:/usr/bin/ceph: stderr
2024-04-18T16:25:26.063+0000 7fb82d6ee700 1 -- 172.21.15.12:0/4018366670 --> [v2:172.21.15.12:3300/0,v1:172.21.15.12:6789/0] -- mon_subscribe({config=0+,monmap=0+}) v3 -- 0x7fb824009550 con 0x7fb828103520
2024-04-18T16:25:27.036 INFO:teuthology.orchestra.run.smithi012.stdout:/usr/bin/ceph: stderr
2024-04-18T16:25:26.064+0000 7fb82d6ee700 1 --2- 172.21.15.12:0/4018366670 >> [v2:172.21.15.12:3300/0,v1:172.21.15.12:6789/0] conn(0x7fb828103520 0x7fb828198ed0 secure :-1 s=READY pgs=77 cs=0 l=1 rev1=1 crypto rx=0x7fb824003ee0 tx=0x7fb824011910 comp rx=0 tx=0).ready entity=mon.0 client_cookie=0 server_cookie=0 in_seq=0 out_seq=0
2024-04-18T16:25:27.036 INFO:teuthology.orchestra.run.smithi012.stdout:/usr/bin/ceph: stderr
2024-04-18T16:25:26.064+0000 7fb81a7fc700 1 -- 172.21.15.12:0/4018366670 <== mon.0 v2:172.21.15.12:3300/0 1 ==== mon_map magic: 0 v1 ==== 205+0+0 (secure 0 0 0) 0x7fb8240036a0 con 0x7fb828103520
2024-04-18T16:25:27.036 INFO:teuthology.orchestra.run.smithi012.stdout:/usr/bin/ceph: stderr
2024-04-18T16:25:26.064+0000 7fb81a7fc700 1 -- 172.21.15.12:0/4018366670 <== mon.0 v2:172.21.15.12:3300/0 2 ==== config(24 keys) v1 ==== 1035+0+0 (secure 0 0 0) 0x7fb824003800 con 0x7fb828103520
2024-04-18T16:25:27.036 INFO:teuthology.orchestra.run.smithi012.stdout:/usr/bin/ceph: stderr
2024-04-18T16:25:26.064+0000 7fb82f952700 1 -- 172.21.15.12:0/4018366670 --> [v2:172.21.15.12:3300/0,v1:172.21.15.12:6789/0] -- mon_subscribe({mgrmap=0+}) v3 -- 0x7fb828199610 con 0x7fb828103520
2024-04-18T16:25:27.036 INFO:teuthology.orchestra.run.smithi012.stdout:/usr/bin/ceph: stderr
2024-04-18T16:25:26.064+0000 7fb81a7fc700 1 -- 172.21.15.12:0/4018366670 <== mon.0 v2:172.21.15.12:3300/0 3 ==== mon_map magic: 0 v1 ==== 205+0+0 (secure 0 0 0) 0x7fb824024410 con 0x7fb828103520
2024-04-18T16:25:27.036 INFO:teuthology.orchestra.run.smithi012.stdout:/usr/bin/ceph: stderr
2024-04-18T16:25:26.064+0000 7fb82f952700 1 -- 172.21.15.12:0/4018366670 --> [v2:172.21.15.12:3300/0,v1:172.21.15.12:6789/0] -- mon_subscribe({osdmap=0}) v3 -- 0x7fb828199ab0 con 0x7fb828103520
2024-04-18T16:25:27.036 INFO:teuthology.orchestra.run.smithi012.stdout:/usr/bin/ceph: stderr
2024-04-18T16:25:26.065+0000 7fb82f952700 1 -- 172.21.15.12:0/4018366670 --> [v2:172.21.15.12:3300/0,v1:172.21.15.12:6789/0] -- mon_command({"prefix": "get_command_descriptions"} v 0) v1 -- 0x7fb828062510 con 0x7fb828103520
2024-04-18T16:25:27.036 INFO:teuthology.orchestra.run.smithi012.stdout:/usr/bin/ceph: stderr
2024-04-18T16:25:26.065+0000 7fb81a7fc700 1 -- 172.21.15.12:0/4018366670 <== mon.0 v2:172.21.15.12:3300/0 4 ==== mgrmap(e 13) v1 ==== 45597+0+0 (secure 0 0 0) 0x7fb82401a430 con 0x7fb828103520
2024-04-18T16:25:27.036 INFO:teuthology.orchestra.run.smithi012.stdout:/usr/bin/ceph: stderr
2024-04-18T16:25:26.065+0000 7fb81a7fc700 20 mgrc handle_mgr_map mgrmap(e 13) v1
2024-04-18T16:25:27.036 INFO:teuthology.orchestra.run.smithi012.stdout:/usr/bin/ceph: stderr
2024-04-18T16:25:26.065+0000 7fb81a7fc700 4 mgrc handle_mgr_map Got map version 13
2024-04-18T16:25:27.036 INFO:teuthology.orchestra.run.smithi012.stdout:/usr/bin/ceph: stderr
2024-04-18T16:25:26.065+0000 7fb81a7fc700 4 mgrc handle_mgr_map Active mgr is now [v2:172.21.15.12:6800/1245168006,v1:172.21.15.12:6801/1245168006]
2024-04-18T16:25:27.037 INFO:teuthology.orchestra.run.smithi012.stdout:/usr/bin/ceph: stderr
2024-04-18T16:25:26.065+0000 7fb81a7fc700 4 mgrc reconnect Starting new session with [v2:172.21.15.12:6800/1245168006,v1:172.21.15.12:6801/1245168006]
2024-04-18T16:25:27.037 INFO:teuthology.orchestra.run.smithi012.stdout:/usr/bin/ceph: stderr
2024-04-18T16:25:26.065+0000 7fb81a7fc700 1 --2- 172.21.15.12:0/4018366670 >> [v2:172.21.15.12:6800/1245168006,v1:172.21.15.12:6801/1245168006] conn(0x7fb8140387f0 0x7fb81403acb0 unknown :-1 s=NONE pgs=0 cs=0 l=1 rev1=0 crypto rx=0 tx=0 comp rx=0 tx=0).connect
2024-04-18T16:25:27.037 INFO:teuthology.orchestra.run.smithi012.stdout:/usr/bin/ceph: stderr
2024-04-18T16:25:26.065+0000 7fb81a7fc700 1 -- 172.21.15.12:0/4018366670 <== mon.0 v2:172.21.15.12:3300/0 5 ==== osd_map(3..3 src has 1..3) v4 ==== 1155+0+0 (secure 0 0 0) 0x7fb82404c7a0 con 0x7fb828103520
2024-04-18T16:25:27.037 INFO:teuthology.orchestra.run.smithi012.stdout:/usr/bin/ceph: stderr
2024-04-18T16:25:26.065+0000 7fb82ceed700 1 --2- 172.21.15.12:0/4018366670 >> [v2:172.21.15.12:6800/1245168006,v1:172.21.15.12:6801/1245168006] conn(0x7fb8140387f0 0x7fb81403acb0 unknown :-1 s=BANNER_CONNECTING pgs=0 cs=0 l=1 rev1=0 crypto rx=0 tx=0 comp rx=0 tx=0)._handle_peer_banner_payload supported=3 required=0
2024-04-18T16:25:27.037 INFO:teuthology.orchestra.run.smithi012.stdout:/usr/bin/ceph: stderr
2024-04-18T16:25:26.066+0000 7fb82ceed700 1 --2- 172.21.15.12:0/4018366670 >> [v2:172.21.15.12:6800/1245168006,v1:172.21.15.12:6801/1245168006] conn(0x7fb8140387f0 0x7fb81403acb0 secure :-1 s=READY pgs=11 cs=0 l=1 rev1=1 crypto rx=0x7fb81c006fd0 tx=0x7fb81c006e40 comp rx=0 tx=0).ready entity=mgr.14150 client_cookie=0 server_cookie=0 in_seq=0 out_seq=0
2024-04-18T16:25:27.037 INFO:teuthology.orchestra.run.smithi012.stdout:/usr/bin/ceph: stderr
2024-04-18T16:25:26.070+0000 7fb81a7fc700 1 -- 172.21.15.12:0/4018366670 <== mon.0 v2:172.21.15.12:3300/0 6 ==== mon_command_ack([{"prefix": "get_command_descriptions"}]=0 v0) v1 ==== 72+0+183351 (secure 0 0 0) 0x7fb824003970 con 0x7fb828103520
2024-04-18T16:25:27.037 INFO:teuthology.orchestra.run.smithi012.stdout:/usr/bin/ceph: stderr
2024-04-18T16:25:26.386+0000 7fb82f952700 1 -- 172.21.15.12:0/4018366670 --> [v2:172.21.15.12:3300/0,v1:172.21.15.12:6789/0] -- mon_command([{prefix=config-key set, key=mgr/dashboard/cluster/status}] v 0) v1 -- 0x7fb8281096e0 con 0x7fb828103520
2024-04-18T16:25:27.037 INFO:teuthology.orchestra.run.smithi012.stdout:/usr/bin/ceph: stderr
2024-04-18T16:25:26.389+0000 7fb81a7fc700 1 -- 172.21.15.12:0/4018366670 <== mon.0 v2:172.21.15.12:3300/0 7 ==== mon_command_ack([{prefix=config-key set, key=mgr/dashboard/cluster/status}]=0 set mgr/dashboard/cluster/status v28)=0 set mgr/dashboard/cluster/status v28) v1 ==== 153+0+0 (secure 0 0 0) 0x7fb824018b40 con 0x7fb828103520
2024-04-18T16:25:27.037 INFO:teuthology.orchestra.run.smithi012.stdout:/usr/bin/ceph: stderr
2024-04-18T16:25:26.391+0000 7fb82f952700 10 mgrc shutdown
2024-04-18T16:25:27.037 INFO:teuthology.orchestra.run.smithi012.stdout:/usr/bin/ceph: stderr
2024-04-18T16:25:26.391+0000 7fb82f952700 1 -- 172.21.15.12:0/4018366670 >> [v2:172.21.15.12:6800/1245168006,v1:172.21.15.12:6801/1245168006] conn(0x7fb8140387f0 msgr2=0x7fb81403acb0 secure :-1 s=STATE_CONNECTION_ESTABLISHED l=1).mark_down
2024-04-18T16:25:27.038 INFO:teuthology.orchestra.run.smithi012.stdout:/usr/bin/ceph: stderr
2024-04-18T16:25:26.391+0000 7fb82f952700 1 --2- 172.21.15.12:0/4018366670 >> [v2:172.21.15.12:6800/1245168006,v1:172.21.15.12:6801/1245168006] conn(0x7fb8140387f0 0x7fb81403acb0 secure :-1 s=READY pgs=11 cs=0 l=1 rev1=1 crypto rx=0x7fb81c006fd0 tx=0x7fb81c006e40 comp rx=0 tx=0).stop
2024-04-18T16:25:27.038 INFO:teuthology.orchestra.run.smithi012.stdout:/usr/bin/ceph: stderr
2024-04-18T16:25:26.391+0000 7fb82f952700 1 -- 172.21.15.12:0/4018366670 >> [v2:172.21.15.12:3300/0,v1:172.21.15.12:6789/0] conn(0x7fb828103520 msgr2=0x7fb828198ed0 secure :-1 s=STATE_CONNECTION_ESTABLISHED l=1).mark_down
2024-04-18T16:25:27.038 INFO:teuthology.orchestra.run.smithi012.stdout:/usr/bin/ceph: stderr
2024-04-18T16:25:26.391+0000 7fb82f952700 1 --2- 172.21.15.12:0/4018366670 >> [v2:172.21.15.12:3300/0,v1:172.21.15.12:6789/0] conn(0x7fb828103520 0x7fb828198ed0 secure :-1 s=READY pgs=77 cs=0 l=1 rev1=1 crypto rx=0x7fb824003ee0 tx=0x7fb824011910 comp rx=0 tx=0).stop
2024-04-18T16:25:27.038 INFO:teuthology.orchestra.run.smithi012.stdout:/usr/bin/ceph: stderr
2024-04-18T16:25:26.391+0000 7fb82f952700 1 -- 172.21.15.12:0/4018366670 shutdown_connections
2024-04-18T16:25:27.038 INFO:teuthology.orchestra.run.smithi012.stdout:/usr/bin/ceph: stderr
2024-04-18T16:25:26.391+0000 7fb82f952700 1 --2- 172.21.15.12:0/4018366670 >> [v2:172.21.15.12:6800/1245168006,v1:172.21.15.12:6801/1245168006] conn(0x7fb8140387f0 0x7fb81403acb0 unknown :-1 s=CLOSED pgs=11 cs=0 l=1 rev1=1 crypto rx=0 tx=0 comp rx=0 tx=0).stop
2024-04-18T16:25:27.038 INFO:teuthology.orchestra.run.smithi012.stdout:/usr/bin/ceph: stderr
2024-04-18T16:25:26.391+0000 7fb82f952700 1 --2- 172.21.15.12:0/4018366670 >> [v2:172.21.15.12:3300/0,v1:172.21.15.12:6789/0] conn(0x7fb828103520 0x7fb828198ed0 unknown :-1 s=CLOSED pgs=77 cs=0 l=1 rev1=1 crypto rx=0 tx=0 comp rx=0 tx=0).stop
2024-04-18T16:25:27.038 INFO:teuthology.orchestra.run.smithi012.stdout:/usr/bin/ceph: stderr
2024-04-18T16:25:26.391+0000 7fb82f952700 1 -- 172.21.15.12:0/4018366670 >> 172.21.15.12:0/4018366670 conn(0x7fb8280fee90 msgr2=0x7fb8280ff9c0 unknown :-1 s=STATE_NONE l=0).mark_down
2024-04-18T16:25:27.038 INFO:teuthology.orchestra.run.smithi012.stdout:/usr/bin/ceph: stderr
2024-04-18T16:25:26.391+0000 7fb82f952700 1 -- 172.21.15.12:0/4018366670 shutdown_connections
2024-04-18T16:25:27.038 INFO:teuthology.orchestra.run.smithi012.stdout:/usr/bin/ceph: stderr
2024-04-18T16:25:26.391+0000 7fb82f952700 1 -- 172.21.15.12:0/4018366670 wait complete.
2024-04-18T16:25:27.038 INFO:teuthology.orchestra.run.smithi012.stdout:/usr/bin/ceph: stderr set mgr/dashboard/cluster/status
2024-04-18T16:25:27.038 INFO:teuthology.orchestra.run.smithi012.stdout:You can access the Ceph CLI as following in case of multi-cluster or non-default config:
2024-04-18T16:25:27.038 INFO:teuthology.orchestra.run.smithi012.stdout:
2024-04-18T16:25:27.038 INFO:teuthology.orchestra.run.smithi012.stdout: sudo /home/ubuntu/cephtest/cephadm shell --fsid faaef3b6-fd9f-11ee-bc92-c7b262605968 -c /etc/ceph/ceph.conf -k /etc/ceph/ceph.client.admin.keyring
2024-04-18T16:25:27.039 INFO:teuthology.orchestra.run.smithi012.stdout:
2024-04-18T16:25:27.039 INFO:teuthology.orchestra.run.smithi012.stdout:Or, if you are only running a single cluster on this host:
2024-04-18T16:25:27.039 INFO:teuthology.orchestra.run.smithi012.stdout:
2024-04-18T16:25:27.039 INFO:teuthology.orchestra.run.smithi012.stdout: sudo /home/ubuntu/cephtest/cephadm shell
2024-04-18T16:25:27.039 INFO:teuthology.orchestra.run.smithi012.stdout:
2024-04-18T16:25:27.039 INFO:teuthology.orchestra.run.smithi012.stdout:Please consider enabling telemetry to help improve Ceph:
2024-04-18T16:25:27.039 INFO:teuthology.orchestra.run.smithi012.stdout:
2024-04-18T16:25:27.039 INFO:teuthology.orchestra.run.smithi012.stdout: ceph telemetry on
2024-04-18T16:25:27.039 INFO:teuthology.orchestra.run.smithi012.stdout:
2024-04-18T16:25:27.039 INFO:teuthology.orchestra.run.smithi012.stdout:For more information see:
2024-04-18T16:25:27.039 INFO:teuthology.orchestra.run.smithi012.stdout:
2024-04-18T16:25:27.039 INFO:teuthology.orchestra.run.smithi012.stdout: https://docs.ceph.com/en/latest/mgr/telemetry/
2024-04-18T16:25:27.039 INFO:teuthology.orchestra.run.smithi012.stdout:
2024-04-18T16:25:27.039 INFO:teuthology.orchestra.run.smithi012.stdout:Bootstrap complete.
2024-04-18T16:25:27.073 INFO:tasks.cephadm:Fetching config...
2024-04-18T16:25:27.073 DEBUG:teuthology.orchestra.run.smithi012:> set -ex
2024-04-18T16:25:27.073 DEBUG:teuthology.orchestra.run.smithi012:> dd if=/etc/ceph/ceph.conf of=/dev/stdout
2024-04-18T16:25:27.093 INFO:tasks.cephadm:Fetching client.admin keyring...
2024-04-18T16:25:27.093 DEBUG:teuthology.orchestra.run.smithi012:> set -ex
2024-04-18T16:25:27.093 DEBUG:teuthology.orchestra.run.smithi012:> dd if=/etc/ceph/ceph.client.admin.keyring of=/dev/stdout
2024-04-18T16:25:27.152 INFO:tasks.cephadm:Fetching mon keyring...
2024-04-18T16:25:27.152 DEBUG:teuthology.orchestra.run.smithi012:> set -ex
2024-04-18T16:25:27.152 DEBUG:teuthology.orchestra.run.smithi012:> sudo dd if=/var/lib/ceph/faaef3b6-fd9f-11ee-bc92-c7b262605968/mon.a/keyring of=/dev/stdout
2024-04-18T16:25:27.221 INFO:tasks.cephadm:Fetching pub ssh key...
2024-04-18T16:25:27.221 DEBUG:teuthology.orchestra.run.smithi012:> set -ex
2024-04-18T16:25:27.221 DEBUG:teuthology.orchestra.run.smithi012:> dd if=/home/ubuntu/cephtest/ceph.pub of=/dev/stdout
2024-04-18T16:25:27.279 INFO:tasks.cephadm:Installing pub ssh key for root users...
2024-04-18T16:25:27.280 DEBUG:teuthology.orchestra.run.smithi012:> sudo install -d -m 0700 /root/.ssh && echo 'ssh-rsa AAAAB3NzaC1yc2EAAAADAQABAAABgQDCFVomNN5arVLTE5C+J2zSVM/BLZJHRPxdaYnf7nHYhd7KLN5XPkeUKD3E1fILBvf+KYUarEIgUqiYMS5bc8+G1CYzYEqps9T7ztwrEYM+Zu84OJPXqTUGG1ADKMvoAui8Ul8+EKiSDGGH8+h5onbrwWQF+uVcbuq9wTNi8hVzFBz9lFDDBAMeBhD9PwQX9diSkmlCbm2Ewme1xWLsTSPNbqLi6IqQn2YheCJJiAMQNyqsGbQmNJhdJWKWMyDBq82raJNs7q0KzVxghFCqhPjbK2BKzptvTFISfXIAbfyV/j/Lgx+3rHbuuiCHNsvkWdmmH/BXMC4UNsu5EMRxcjgbsZi5VHXaprveBzMcuex216403vSBS34U9lki0gKCdHP7Zrr2YTAA6eKZqHxxIvPshzsKpz2vTrixUgWkGEW93f7InO8UKW9GJZHjAK04hOFq+XmBNCCWJLhhVEb7+NmN1Zu8481UcUTtuAqyShC7w0jedTc7ebfS4WwPHHDa9YU= ceph-faaef3b6-fd9f-11ee-bc92-c7b262605968' | sudo tee -a /root/.ssh/authorized_keys && sudo chmod 0600 /root/.ssh/authorized_keys
2024-04-18T16:25:27.356 INFO:teuthology.orchestra.run.smithi012.stdout:ssh-rsa AAAAB3NzaC1yc2EAAAADAQABAAABgQDCFVomNN5arVLTE5C+J2zSVM/BLZJHRPxdaYnf7nHYhd7KLN5XPkeUKD3E1fILBvf+KYUarEIgUqiYMS5bc8+G1CYzYEqps9T7ztwrEYM+Zu84OJPXqTUGG1ADKMvoAui8Ul8+EKiSDGGH8+h5onbrwWQF+uVcbuq9wTNi8hVzFBz9lFDDBAMeBhD9PwQX9diSkmlCbm2Ewme1xWLsTSPNbqLi6IqQn2YheCJJiAMQNyqsGbQmNJhdJWKWMyDBq82raJNs7q0KzVxghFCqhPjbK2BKzptvTFISfXIAbfyV/j/Lgx+3rHbuuiCHNsvkWdmmH/BXMC4UNsu5EMRxcjgbsZi5VHXaprveBzMcuex216403vSBS34U9lki0gKCdHP7Zrr2YTAA6eKZqHxxIvPshzsKpz2vTrixUgWkGEW93f7InO8UKW9GJZHjAK04hOFq+XmBNCCWJLhhVEb7+NmN1Zu8481UcUTtuAqyShC7w0jedTc7ebfS4WwPHHDa9YU= ceph-faaef3b6-fd9f-11ee-bc92-c7b262605968
2024-04-18T16:25:27.370 DEBUG:teuthology.orchestra.run.smithi123:> sudo install -d -m 0700 /root/.ssh && echo 'ssh-rsa AAAAB3NzaC1yc2EAAAADAQABAAABgQDCFVomNN5arVLTE5C+J2zSVM/BLZJHRPxdaYnf7nHYhd7KLN5XPkeUKD3E1fILBvf+KYUarEIgUqiYMS5bc8+G1CYzYEqps9T7ztwrEYM+Zu84OJPXqTUGG1ADKMvoAui8Ul8+EKiSDGGH8+h5onbrwWQF+uVcbuq9wTNi8hVzFBz9lFDDBAMeBhD9PwQX9diSkmlCbm2Ewme1xWLsTSPNbqLi6IqQn2YheCJJiAMQNyqsGbQmNJhdJWKWMyDBq82raJNs7q0KzVxghFCqhPjbK2BKzptvTFISfXIAbfyV/j/Lgx+3rHbuuiCHNsvkWdmmH/BXMC4UNsu5EMRxcjgbsZi5VHXaprveBzMcuex216403vSBS34U9lki0gKCdHP7Zrr2YTAA6eKZqHxxIvPshzsKpz2vTrixUgWkGEW93f7InO8UKW9GJZHjAK04hOFq+XmBNCCWJLhhVEb7+NmN1Zu8481UcUTtuAqyShC7w0jedTc7ebfS4WwPHHDa9YU= ceph-faaef3b6-fd9f-11ee-bc92-c7b262605968' | sudo tee -a /root/.ssh/authorized_keys && sudo chmod 0600 /root/.ssh/authorized_keys
2024-04-18T16:25:27.414 INFO:teuthology.orchestra.run.smithi123.stdout:ssh-rsa AAAAB3NzaC1yc2EAAAADAQABAAABgQDCFVomNN5arVLTE5C+J2zSVM/BLZJHRPxdaYnf7nHYhd7KLN5XPkeUKD3E1fILBvf+KYUarEIgUqiYMS5bc8+G1CYzYEqps9T7ztwrEYM+Zu84OJPXqTUGG1ADKMvoAui8Ul8+EKiSDGGH8+h5onbrwWQF+uVcbuq9wTNi8hVzFBz9lFDDBAMeBhD9PwQX9diSkmlCbm2Ewme1xWLsTSPNbqLi6IqQn2YheCJJiAMQNyqsGbQmNJhdJWKWMyDBq82raJNs7q0KzVxghFCqhPjbK2BKzptvTFISfXIAbfyV/j/Lgx+3rHbuuiCHNsvkWdmmH/BXMC4UNsu5EMRxcjgbsZi5VHXaprveBzMcuex216403vSBS34U9lki0gKCdHP7Zrr2YTAA6eKZqHxxIvPshzsKpz2vTrixUgWkGEW93f7InO8UKW9GJZHjAK04hOFq+XmBNCCWJLhhVEb7+NmN1Zu8481UcUTtuAqyShC7w0jedTc7ebfS4WwPHHDa9YU= ceph-faaef3b6-fd9f-11ee-bc92-c7b262605968
2024-04-18T16:25:27.425 DEBUG:teuthology.orchestra.run.smithi012:> sudo /home/ubuntu/cephtest/cephadm --image quay-quay-quay.apps.os.sepia.ceph.com/ceph-ci/ceph:6a7528e4aecd36b18c4b41cee6012e9f92aa7ab0 shell -c /etc/ceph/ceph.conf -k /etc/ceph/ceph.client.admin.keyring --fsid faaef3b6-fd9f-11ee-bc92-c7b262605968 -- ceph config set mgr mgr/cephadm/allow_ptrace true
2024-04-18T16:25:27.652 INFO:teuthology.orchestra.run.smithi012.stderr:Inferring config /var/lib/ceph/faaef3b6-fd9f-11ee-bc92-c7b262605968/mon.a/config
2024-04-18T16:25:27.829 INFO:journalctl@ceph.mon.a.smithi012.stdout:Apr 18 16:25:27 smithi012 ceph-mon[39643]: from='client.? 172.21.15.12:0/4018366670' entity='client.admin'
2024-04-18T16:25:29.511 INFO:teuthology.orchestra.run.smithi012.stderr:2024-04-18T16:25:29.513+0000 7fdaed655700 1 -- 172.21.15.12:0/4108396993 >> [v2:172.21.15.12:3300/0,v1:172.21.15.12:6789/0] conn(0x7fdae8100870 msgr2=0x7fdae8100c90 secure :-1 s=STATE_CONNECTION_ESTABLISHED l=1).mark_down
2024-04-18T16:25:29.511 INFO:teuthology.orchestra.run.smithi012.stderr:2024-04-18T16:25:29.513+0000 7fdaed655700 1 --2- 172.21.15.12:0/4108396993 >> [v2:172.21.15.12:3300/0,v1:172.21.15.12:6789/0] conn(0x7fdae8100870 0x7fdae8100c90 secure :-1 s=READY pgs=78 cs=0 l=1 rev1=1 crypto rx=0x7fdad0009910 tx=0x7fdad0009c20 comp rx=0 tx=0).stop
2024-04-18T16:25:29.511 INFO:teuthology.orchestra.run.smithi012.stderr:2024-04-18T16:25:29.513+0000 7fdaed655700 1 -- 172.21.15.12:0/4108396993 shutdown_connections
2024-04-18T16:25:29.511 INFO:teuthology.orchestra.run.smithi012.stderr:2024-04-18T16:25:29.513+0000 7fdaed655700 1 --2- 172.21.15.12:0/4108396993 >> [v2:172.21.15.12:3300/0,v1:172.21.15.12:6789/0] conn(0x7fdae8100870 0x7fdae8100c90 unknown :-1 s=CLOSED pgs=78 cs=0 l=1 rev1=1 crypto rx=0 tx=0 comp rx=0 tx=0).stop
2024-04-18T16:25:29.512 INFO:teuthology.orchestra.run.smithi012.stderr:2024-04-18T16:25:29.513+0000 7fdaed655700 1 -- 172.21.15.12:0/4108396993 >> 172.21.15.12:0/4108396993 conn(0x7fdae80fbe30 msgr2=0x7fdae80fe250 unknown :-1 s=STATE_NONE l=0).mark_down
2024-04-18T16:25:29.512 INFO:teuthology.orchestra.run.smithi012.stderr:2024-04-18T16:25:29.513+0000 7fdaed655700 1 -- 172.21.15.12:0/4108396993 shutdown_connections
2024-04-18T16:25:29.512 INFO:teuthology.orchestra.run.smithi012.stderr:2024-04-18T16:25:29.513+0000 7fdaed655700 1 -- 172.21.15.12:0/4108396993 wait complete.
2024-04-18T16:25:29.512 INFO:teuthology.orchestra.run.smithi012.stderr:2024-04-18T16:25:29.514+0000 7fdaed655700 1 Processor -- start
2024-04-18T16:25:29.512 INFO:teuthology.orchestra.run.smithi012.stderr:2024-04-18T16:25:29.514+0000 7fdaed655700 1 -- start start
2024-04-18T16:25:29.512 INFO:teuthology.orchestra.run.smithi012.stderr:2024-04-18T16:25:29.514+0000 7fdaed655700 1 --2- >> [v2:172.21.15.12:3300/0,v1:172.21.15.12:6789/0] conn(0x7fdae8100870 0x7fdae81974d0 unknown :-1 s=NONE pgs=0 cs=0 l=1 rev1=0 crypto rx=0 tx=0 comp rx=0 tx=0).connect
2024-04-18T16:25:29.512 INFO:teuthology.orchestra.run.smithi012.stderr:2024-04-18T16:25:29.514+0000 7fdaed655700 1 -- --> [v2:172.21.15.12:3300/0,v1:172.21.15.12:6789/0] -- mon_getmap magic: 0 v1 -- 0x7fdae8197a10 con 0x7fdae8100870
2024-04-18T16:25:29.512 INFO:teuthology.orchestra.run.smithi012.stderr:2024-04-18T16:25:29.514+0000 7fdae6ffd700 1 --2- >> [v2:172.21.15.12:3300/0,v1:172.21.15.12:6789/0] conn(0x7fdae8100870 0x7fdae81974d0 unknown :-1 s=BANNER_CONNECTING pgs=0 cs=0 l=1 rev1=0 crypto rx=0 tx=0 comp rx=0 tx=0)._handle_peer_banner_payload supported=3 required=0
2024-04-18T16:25:29.512 INFO:teuthology.orchestra.run.smithi012.stderr:2024-04-18T16:25:29.514+0000 7fdae6ffd700 1 --2- >> [v2:172.21.15.12:3300/0,v1:172.21.15.12:6789/0] conn(0x7fdae8100870 0x7fdae81974d0 unknown :-1 s=HELLO_CONNECTING pgs=0 cs=0 l=1 rev1=1 crypto rx=0 tx=0 comp rx=0 tx=0).handle_hello peer v2:172.21.15.12:3300/0 says I am v2:172.21.15.12:41822/0 (socket says 172.21.15.12:41822)
2024-04-18T16:25:29.512 INFO:teuthology.orchestra.run.smithi012.stderr:2024-04-18T16:25:29.514+0000 7fdae6ffd700 1 -- 172.21.15.12:0/3245246189 learned_addr learned my addr 172.21.15.12:0/3245246189 (peer_addr_for_me v2:172.21.15.12:0/0)
2024-04-18T16:25:29.512 INFO:teuthology.orchestra.run.smithi012.stderr:2024-04-18T16:25:29.515+0000 7fdae6ffd700 1 -- 172.21.15.12:0/3245246189 --> [v2:172.21.15.12:3300/0,v1:172.21.15.12:6789/0] -- mon_subscribe({config=0+,monmap=0+}) v3 -- 0x7fdad00095f0 con 0x7fdae8100870
2024-04-18T16:25:29.513 INFO:teuthology.orchestra.run.smithi012.stderr:2024-04-18T16:25:29.515+0000 7fdae6ffd700 1 --2- 172.21.15.12:0/3245246189 >> [v2:172.21.15.12:3300/0,v1:172.21.15.12:6789/0] conn(0x7fdae8100870 0x7fdae81974d0 secure :-1 s=READY pgs=79 cs=0 l=1 rev1=1 crypto rx=0x7fdad0005660 tx=0x7fdad0005740 comp rx=0 tx=0).ready entity=mon.0 client_cookie=0 server_cookie=0 in_seq=0 out_seq=0
2024-04-18T16:25:29.513 INFO:teuthology.orchestra.run.smithi012.stderr:2024-04-18T16:25:29.515+0000 7fdadffff700 1 -- 172.21.15.12:0/3245246189 <== mon.0 v2:172.21.15.12:3300/0 1 ==== mon_map magic: 0 v1 ==== 205+0+0 (secure 0 0 0) 0x7fdad001d070 con 0x7fdae8100870
2024-04-18T16:25:29.513 INFO:teuthology.orchestra.run.smithi012.stderr:2024-04-18T16:25:29.515+0000 7fdadffff700 1 -- 172.21.15.12:0/3245246189 <== mon.0 v2:172.21.15.12:3300/0 2 ==== config(24 keys) v1 ==== 1035+0+0 (secure 0 0 0) 0x7fdad000bdd0 con 0x7fdae8100870
2024-04-18T16:25:29.513 INFO:teuthology.orchestra.run.smithi012.stderr:2024-04-18T16:25:29.515+0000 7fdaed655700 1 -- 172.21.15.12:0/3245246189 --> [v2:172.21.15.12:3300/0,v1:172.21.15.12:6789/0] -- mon_subscribe({mgrmap=0+}) v3 -- 0x7fdae8197c10 con 0x7fdae8100870
2024-04-18T16:25:29.513 INFO:teuthology.orchestra.run.smithi012.stderr:2024-04-18T16:25:29.515+0000 7fdadffff700 1 -- 172.21.15.12:0/3245246189 <== mon.0 v2:172.21.15.12:3300/0 3 ==== mon_map magic: 0 v1 ==== 205+0+0 (secure 0 0 0) 0x7fdad0022c50 con 0x7fdae8100870
2024-04-18T16:25:29.513 INFO:teuthology.orchestra.run.smithi012.stderr:2024-04-18T16:25:29.515+0000 7fdaed655700 1 -- 172.21.15.12:0/3245246189 --> [v2:172.21.15.12:3300/0,v1:172.21.15.12:6789/0] -- mon_subscribe({osdmap=0}) v3 -- 0x7fdae81980b0 con 0x7fdae8100870
2024-04-18T16:25:29.514 INFO:teuthology.orchestra.run.smithi012.stderr:2024-04-18T16:25:29.516+0000 7fdaed655700 1 -- 172.21.15.12:0/3245246189 --> [v2:172.21.15.12:3300/0,v1:172.21.15.12:6789/0] -- mon_command({"prefix": "get_command_descriptions"} v 0) v1 -- 0x7fdae81913c0 con 0x7fdae8100870
2024-04-18T16:25:29.514 INFO:teuthology.orchestra.run.smithi012.stderr:2024-04-18T16:25:29.516+0000 7fdadffff700 1 -- 172.21.15.12:0/3245246189 <== mon.0 v2:172.21.15.12:3300/0 4 ==== mgrmap(e 13) v1 ==== 45597+0+0 (secure 0 0 0) 0x7fdad0022470 con 0x7fdae8100870
2024-04-18T16:25:29.514 INFO:teuthology.orchestra.run.smithi012.stderr:2024-04-18T16:25:29.516+0000 7fdadffff700 20 mgrc handle_mgr_map mgrmap(e 13) v1
