2024-05-04T11:55:51.595+0000 7eff85ffb700 1 -- 172.21.15.59:0/2218293196 <== mon.0 v2:172.21.15.59:3300/0 4 ==== mgrmap(e 8) v1 ==== 45084+0+0 (secure 0 0 0) 0x7eff7c0199b0 con 0x7eff88104a30
2024-05-04T11:55:52.411 INFO:teuthology.orchestra.run.smithi059.stdout:/usr/bin/ceph: stderr
2024-05-04T11:55:51.595+0000 7eff85ffb700 1 --2- 172.21.15.59:0/2218293196 >> [v2:172.21.15.59:6800/4263387005,v1:172.21.15.59:6801/4263387005] conn(0x7eff780383f0 0x7eff7803a8a0 unknown :-1 s=NONE pgs=0 cs=0 l=1 rev1=0 crypto rx=0 tx=0 comp rx=0 tx=0).connect
2024-05-04T11:55:52.411 INFO:teuthology.orchestra.run.smithi059.stdout:/usr/bin/ceph: stderr
2024-05-04T11:55:51.595+0000 7eff8ed4e700 1 -- 172.21.15.59:0/2218293196 --> [v2:172.21.15.59:3300/0,v1:172.21.15.59:6789/0] -- mon_command({"prefix": "get_command_descriptions"} v 0) v1 -- 0x7eff88062380 con 0x7eff88104a30
2024-05-04T11:55:52.411 INFO:teuthology.orchestra.run.smithi059.stdout:/usr/bin/ceph: stderr
2024-05-04T11:55:51.595+0000 7eff85ffb700 1 -- 172.21.15.59:0/2218293196 <== mon.0 v2:172.21.15.59:3300/0 5 ==== osd_map(2..2 src has 1..2) v4 ==== 940+0+0 (secure 0 0 0) 0x7eff7c04c470 con 0x7eff88104a30
2024-05-04T11:55:52.411 INFO:teuthology.orchestra.run.smithi059.stdout:/usr/bin/ceph: stderr
2024-05-04T11:55:51.595+0000 7eff87fff700 1 --2- 172.21.15.59:0/2218293196 >> [v2:172.21.15.59:6800/4263387005,v1:172.21.15.59:6801/4263387005] conn(0x7eff780383f0 0x7eff7803a8a0 unknown :-1 s=BANNER_CONNECTING pgs=0 cs=0 l=1 rev1=0 crypto rx=0 tx=0 comp rx=0 tx=0)._handle_peer_banner_payload supported=3 required=0
2024-05-04T11:55:52.411 INFO:teuthology.orchestra.run.smithi059.stdout:/usr/bin/ceph: stderr
2024-05-04T11:55:51.596+0000 7eff87fff700 1 --2- 172.21.15.59:0/2218293196 >> [v2:172.21.15.59:6800/4263387005,v1:172.21.15.59:6801/4263387005] conn(0x7eff780383f0 0x7eff7803a8a0 secure :-1 s=READY pgs=7 cs=0 l=1 rev1=1 crypto rx=0x7eff74006fd0 tx=0x7eff74006e40 comp rx=0 tx=0).ready entity=mgr.14120 client_cookie=0 server_cookie=0 in_seq=0 out_seq=0
2024-05-04T11:55:52.411 INFO:teuthology.orchestra.run.smithi059.stdout:/usr/bin/ceph: stderr
2024-05-04T11:55:51.600+0000 7eff85ffb700 1 -- 172.21.15.59:0/2218293196 <== mon.0 v2:172.21.15.59:3300/0 6 ==== mon_command_ack([{"prefix": "get_command_descriptions"}]=0 v0) v1 ==== 72+0+177933 (secure 0 0 0) 0x7eff7c02c3a0 con 0x7eff88104a30
2024-05-04T11:55:52.411 INFO:teuthology.orchestra.run.smithi059.stdout:/usr/bin/ceph: stderr
2024-05-04T11:55:51.814+0000 7eff8ed4e700 1 -- 172.21.15.59:0/2218293196 --> [v2:172.21.15.59:6800/4263387005,v1:172.21.15.59:6801/4263387005] -- mgr_command(tid 0: {"prefix": "orch set backend", "module_name": "cephadm", "target": ["mon-mgr", ""]}) v1 -- 0x7eff88102280 con 0x7eff780383f0
2024-05-04T11:55:52.411 INFO:teuthology.orchestra.run.smithi059.stdout:/usr/bin/ceph: stderr
2024-05-04T11:55:51.822+0000 7eff85ffb700 1 -- 172.21.15.59:0/2218293196 <== mgr.14120 v2:172.21.15.59:6800/4263387005 1 ==== mgr_command_reply(tid 0: 0 ) v1 ==== 8+0+0 (secure 0 0 0) 0x7eff88102280 con 0x7eff780383f0
2024-05-04T11:55:52.411 INFO:teuthology.orchestra.run.smithi059.stdout:/usr/bin/ceph: stderr
2024-05-04T11:55:51.825+0000 7eff8ed4e700 1 -- 172.21.15.59:0/2218293196 >> [v2:172.21.15.59:6800/4263387005,v1:172.21.15.59:6801/4263387005] conn(0x7eff780383f0 msgr2=0x7eff7803a8a0 secure :-1 s=STATE_CONNECTION_ESTABLISHED l=1).mark_down
2024-05-04T11:55:52.411 INFO:teuthology.orchestra.run.smithi059.stdout:/usr/bin/ceph: stderr
2024-05-04T11:55:51.825+0000 7eff8ed4e700 1 --2- 172.21.15.59:0/2218293196 >> [v2:172.21.15.59:6800/4263387005,v1:172.21.15.59:6801/4263387005] conn(0x7eff780383f0 0x7eff7803a8a0 secure :-1 s=READY pgs=7 cs=0 l=1 rev1=1 crypto rx=0x7eff74006fd0 tx=0x7eff74006e40 comp rx=0 tx=0).stop
2024-05-04T11:55:52.411 INFO:teuthology.orchestra.run.smithi059.stdout:/usr/bin/ceph: stderr
2024-05-04T11:55:51.825+0000 7eff8ed4e700 1 -- 172.21.15.59:0/2218293196 >> [v2:172.21.15.59:3300/0,v1:172.21.15.59:6789/0] conn(0x7eff88104a30 msgr2=0x7eff8818fbd0 secure :-1 s=STATE_CONNECTION_ESTABLISHED l=1).mark_down
2024-05-04T11:55:52.411 INFO:teuthology.orchestra.run.smithi059.stdout:/usr/bin/ceph: stderr
2024-05-04T11:55:51.825+0000 7eff8ed4e700 1 --2- 172.21.15.59:0/2218293196 >> [v2:172.21.15.59:3300/0,v1:172.21.15.59:6789/0] conn(0x7eff88104a30 0x7eff8818fbd0 secure :-1 s=READY pgs=38 cs=0 l=1 rev1=1 crypto rx=0x7eff7c003de0 tx=0x7eff7c011ab0 comp rx=0 tx=0).stop
2024-05-04T11:55:52.411 INFO:teuthology.orchestra.run.smithi059.stdout:/usr/bin/ceph: stderr
2024-05-04T11:55:51.825+0000 7eff8ed4e700 1 -- 172.21.15.59:0/2218293196 shutdown_connections
2024-05-04T11:55:52.412 INFO:teuthology.orchestra.run.smithi059.stdout:/usr/bin/ceph: stderr
2024-05-04T11:55:51.825+0000 7eff8ed4e700 1 --2- 172.21.15.59:0/2218293196 >> [v2:172.21.15.59:6800/4263387005,v1:172.21.15.59:6801/4263387005] conn(0x7eff780383f0 0x7eff7803a8a0 unknown :-1 s=CLOSED pgs=7 cs=0 l=1 rev1=1 crypto rx=0 tx=0 comp rx=0 tx=0).stop
2024-05-04T11:55:52.412 INFO:teuthology.orchestra.run.smithi059.stdout:/usr/bin/ceph: stderr
2024-05-04T11:55:51.825+0000 7eff8ed4e700 1 --2- 172.21.15.59:0/2218293196 >> [v2:172.21.15.59:3300/0,v1:172.21.15.59:6789/0] conn(0x7eff88104a30 0x7eff8818fbd0 unknown :-1 s=CLOSED pgs=38 cs=0 l=1 rev1=1 crypto rx=0 tx=0 comp rx=0 tx=0).stop
2024-05-04T11:55:52.412 INFO:teuthology.orchestra.run.smithi059.stdout:/usr/bin/ceph: stderr
2024-05-04T11:55:51.825+0000 7eff8ed4e700 1 -- 172.21.15.59:0/2218293196 >> 172.21.15.59:0/2218293196 conn(0x7eff88100060 msgr2=0x7eff88079910 unknown :-1 s=STATE_NONE l=0).mark_down
2024-05-04T11:55:52.412 INFO:teuthology.orchestra.run.smithi059.stdout:/usr/bin/ceph: stderr
2024-05-04T11:55:51.825+0000 7eff8ed4e700 1 -- 172.21.15.59:0/2218293196 shutdown_connections
2024-05-04T11:55:52.412 INFO:teuthology.orchestra.run.smithi059.stdout:/usr/bin/ceph: stderr
2024-05-04T11:55:51.825+0000 7eff8ed4e700 1 -- 172.21.15.59:0/2218293196 wait complete.
2024-05-04T11:55:52.706 INFO:journalctl@ceph.mon.smithi059.smithi059.stdout:May 04 11:55:52 smithi059 ceph-mon[27233]: [04/May/2024:11:55:50] ENGINE Bus STARTING
2024-05-04T11:55:52.706 INFO:journalctl@ceph.mon.smithi059.smithi059.stdout:May 04 11:55:52 smithi059 ceph-mon[27233]: [04/May/2024:11:55:50] ENGINE Serving on https://172.21.15.59:7150
2024-05-04T11:55:52.706 INFO:journalctl@ceph.mon.smithi059.smithi059.stdout:May 04 11:55:52 smithi059 ceph-mon[27233]: [04/May/2024:11:55:50] ENGINE Serving on http://172.21.15.59:8765
2024-05-04T11:55:52.707 INFO:journalctl@ceph.mon.smithi059.smithi059.stdout:May 04 11:55:52 smithi059 ceph-mon[27233]: [04/May/2024:11:55:50] ENGINE Bus STARTED
2024-05-04T11:55:52.707 INFO:journalctl@ceph.mon.smithi059.smithi059.stdout:May 04 11:55:52 smithi059 ceph-mon[27233]: mgrmap e8: smithi059.crngxk(active, since 2s)
2024-05-04T11:55:52.707 INFO:journalctl@ceph.mon.smithi059.smithi059.stdout:May 04 11:55:52 smithi059 ceph-mon[27233]: from='mgr.14120 172.21.15.59:0/2767090094' entity='mgr.smithi059.crngxk'
2024-05-04T11:55:52.707 INFO:journalctl@ceph.mon.smithi059.smithi059.stdout:May 04 11:55:52 smithi059 ceph-mon[27233]: from='mgr.14120 172.21.15.59:0/2767090094' entity='mgr.smithi059.crngxk' cmd=[{"prefix": "config dump", "format": "json"}]: dispatch
2024-05-04T11:55:53.601 INFO:journalctl@ceph.mon.smithi059.smithi059.stdout:May 04 11:55:53 smithi059 ceph-mon[27233]: from='client.14132 -' entity='client.admin' cmd=[{"prefix": "orch set backend", "module_name": "cephadm", "target": ["mon-mgr", ""]}]: dispatch
2024-05-04T11:55:53.608 INFO:teuthology.orchestra.run.smithi059.stdout:/usr/bin/ceph: stdout value unchanged
2024-05-04T11:55:53.608 INFO:teuthology.orchestra.run.smithi059.stdout:/usr/bin/ceph: stderr
2024-05-04T11:55:52.817+0000 7f563a6b6700 1 Processor -- start
2024-05-04T11:55:53.609 INFO:teuthology.orchestra.run.smithi059.stdout:/usr/bin/ceph: stderr
2024-05-04T11:55:52.817+0000 7f563a6b6700 1 -- start start
2024-05-04T11:55:53.609 INFO:teuthology.orchestra.run.smithi059.stdout:/usr/bin/ceph: stderr
2024-05-04T11:55:52.817+0000 7f563a6b6700 1 --2- >> [v2:172.21.15.59:3300/0,v1:172.21.15.59:6789/0] conn(0x7f5634106620 0x7f5634108a00 unknown :-1 s=NONE pgs=0 cs=0 l=0 rev1=0 crypto rx=0 tx=0 comp rx=0 tx=0).connect
2024-05-04T11:55:53.609 INFO:teuthology.orchestra.run.smithi059.stdout:/usr/bin/ceph: stderr
2024-05-04T11:55:52.817+0000 7f563a6b6700 1 -- --> [v2:172.21.15.59:3300/0,v1:172.21.15.59:6789/0] -- mon_getmap magic: 0 v1 -- 0x7f5634079d70 con 0x7f5634106620
2024-05-04T11:55:53.609 INFO:teuthology.orchestra.run.smithi059.stdout:/usr/bin/ceph: stderr
2024-05-04T11:55:52.817+0000 7f5633fff700 1 --2- >> [v2:172.21.15.59:3300/0,v1:172.21.15.59:6789/0] conn(0x7f5634106620 0x7f5634108a00 unknown :-1 s=BANNER_CONNECTING pgs=0 cs=0 l=0 rev1=0 crypto rx=0 tx=0 comp rx=0 tx=0)._handle_peer_banner_payload supported=3 required=0
2024-05-04T11:55:53.609 INFO:teuthology.orchestra.run.smithi059.stdout:/usr/bin/ceph: stderr
2024-05-04T11:55:52.817+0000 7f5633fff700 1 --2- >> [v2:172.21.15.59:3300/0,v1:172.21.15.59:6789/0] conn(0x7f5634106620 0x7f5634108a00 unknown :-1 s=HELLO_CONNECTING pgs=0 cs=0 l=0 rev1=1 crypto rx=0 tx=0 comp rx=0 tx=0).handle_hello peer v2:172.21.15.59:3300/0 says I am v2:172.21.15.59:53462/0 (socket says 172.21.15.59:53462)
2024-05-04T11:55:53.609 INFO:teuthology.orchestra.run.smithi059.stdout:/usr/bin/ceph: stderr
2024-05-04T11:55:52.817+0000 7f5633fff700 1 -- 172.21.15.59:0/1900399417 learned_addr learned my addr 172.21.15.59:0/1900399417 (peer_addr_for_me v2:172.21.15.59:0/0)
2024-05-04T11:55:53.609 INFO:teuthology.orchestra.run.smithi059.stdout:/usr/bin/ceph: stderr
2024-05-04T11:55:52.818+0000 7f5633fff700 1 -- 172.21.15.59:0/1900399417 --> [v2:172.21.15.59:3300/0,v1:172.21.15.59:6789/0] -- mon_subscribe({config=0+,monmap=0+}) v3 -- 0x7f5634079eb0 con 0x7f5634106620
2024-05-04T11:55:53.609 INFO:teuthology.orchestra.run.smithi059.stdout:/usr/bin/ceph: stderr
2024-05-04T11:55:52.818+0000 7f5633fff700 1 --2- 172.21.15.59:0/1900399417 >> [v2:172.21.15.59:3300/0,v1:172.21.15.59:6789/0] conn(0x7f5634106620 0x7f5634108a00 secure :-1 s=READY pgs=39 cs=0 l=1 rev1=1 crypto rx=0x7f56240098a0 tx=0x7f5624009bb0 comp rx=0 tx=0).ready entity=mon.0 client_cookie=77670b3c3eac4f server_cookie=0 in_seq=0 out_seq=0
2024-05-04T11:55:53.609 INFO:teuthology.orchestra.run.smithi059.stdout:/usr/bin/ceph: stderr
2024-05-04T11:55:52.818+0000 7f5632ffd700 1 -- 172.21.15.59:0/1900399417 <== mon.0 v2:172.21.15.59:3300/0 1 ==== mon_map magic: 0 v1 ==== 229+0+0 (secure 0 0 0) 0x7f5624004180 con 0x7f5634106620
2024-05-04T11:55:53.609 INFO:teuthology.orchestra.run.smithi059.stdout:/usr/bin/ceph: stderr
2024-05-04T11:55:52.818+0000 7f5632ffd700 1 -- 172.21.15.59:0/1900399417 <== mon.0 v2:172.21.15.59:3300/0 2 ==== config(27 keys) v1 ==== 1037+0+0 (secure 0 0 0) 0x7f56240042e0 con 0x7f5634106620
2024-05-04T11:55:53.609 INFO:teuthology.orchestra.run.smithi059.stdout:/usr/bin/ceph: stderr
2024-05-04T11:55:52.818+0000 7f5632ffd700 1 -- 172.21.15.59:0/1900399417 <== mon.0 v2:172.21.15.59:3300/0 3 ==== mon_map magic: 0 v1 ==== 229+0+0 (secure 0 0 0) 0x7f5624011a50 con 0x7f5634106620
2024-05-04T11:55:53.609 INFO:teuthology.orchestra.run.smithi059.stdout:/usr/bin/ceph: stderr
2024-05-04T11:55:52.819+0000 7f563a6b6700 1 -- 172.21.15.59:0/1900399417 >> [v2:172.21.15.59:3300/0,v1:172.21.15.59:6789/0] conn(0x7f5634106620 msgr2=0x7f5634108a00 secure :-1 s=STATE_CONNECTION_ESTABLISHED l=1).mark_down
2024-05-04T11:55:53.609 INFO:teuthology.orchestra.run.smithi059.stdout:/usr/bin/ceph: stderr
2024-05-04T11:55:52.819+0000 7f563a6b6700 1 --2- 172.21.15.59:0/1900399417 >> [v2:172.21.15.59:3300/0,v1:172.21.15.59:6789/0] conn(0x7f5634106620 0x7f5634108a00 secure :-1 s=READY pgs=39 cs=0 l=1 rev1=1 crypto rx=0x7f56240098a0 tx=0x7f5624009bb0 comp rx=0 tx=0).stop
2024-05-04T11:55:53.609 INFO:teuthology.orchestra.run.smithi059.stdout:/usr/bin/ceph: stderr
2024-05-04T11:55:52.819+0000 7f563a6b6700 1 -- 172.21.15.59:0/1900399417 shutdown_connections
2024-05-04T11:55:53.609 INFO:teuthology.orchestra.run.smithi059.stdout:/usr/bin/ceph: stderr
2024-05-04T11:55:52.819+0000 7f563a6b6700 1 --2- 172.21.15.59:0/1900399417 >> [v2:172.21.15.59:3300/0,v1:172.21.15.59:6789/0] conn(0x7f5634106620 0x7f5634108a00 unknown :-1 s=CLOSED pgs=39 cs=0 l=1 rev1=1 crypto rx=0 tx=0 comp rx=0 tx=0).stop
2024-05-04T11:55:53.610 INFO:teuthology.orchestra.run.smithi059.stdout:/usr/bin/ceph: stderr
2024-05-04T11:55:52.819+0000 7f563a6b6700 1 -- 172.21.15.59:0/1900399417 >> 172.21.15.59:0/1900399417 conn(0x7f5634100060 msgr2=0x7f5634102490 unknown :-1 s=STATE_NONE l=0).mark_down
2024-05-04T11:55:53.610 INFO:teuthology.orchestra.run.smithi059.stdout:/usr/bin/ceph: stderr
2024-05-04T11:55:52.819+0000 7f563a6b6700 1 -- 172.21.15.59:0/1900399417 shutdown_connections
2024-05-04T11:55:53.610 INFO:teuthology.orchestra.run.smithi059.stdout:/usr/bin/ceph: stderr
2024-05-04T11:55:52.819+0000 7f563a6b6700 1 -- 172.21.15.59:0/1900399417 wait complete.
2024-05-04T11:55:53.610 INFO:teuthology.orchestra.run.smithi059.stdout:/usr/bin/ceph: stderr
2024-05-04T11:55:52.819+0000 7f563a6b6700 1 Processor -- start
2024-05-04T11:55:53.610 INFO:teuthology.orchestra.run.smithi059.stdout:/usr/bin/ceph: stderr
2024-05-04T11:55:52.820+0000 7f563a6b6700 1 -- start start
2024-05-04T11:55:53.610 INFO:teuthology.orchestra.run.smithi059.stdout:/usr/bin/ceph: stderr
2024-05-04T11:55:52.820+0000 7f563a6b6700 1 --2- >> [v2:172.21.15.59:3300/0,v1:172.21.15.59:6789/0] conn(0x7f5634106620 0x7f5634105f80 unknown :-1 s=NONE pgs=0 cs=0 l=1 rev1=0 crypto rx=0 tx=0 comp rx=0 tx=0).connect
2024-05-04T11:55:53.610 INFO:teuthology.orchestra.run.smithi059.stdout:/usr/bin/ceph: stderr
2024-05-04T11:55:52.820+0000 7f563a6b6700 1 -- --> [v2:172.21.15.59:3300/0,v1:172.21.15.59:6789/0] -- mon_getmap magic: 0 v1 -- 0x7f56341064c0 con 0x7f5634106620
2024-05-04T11:55:53.610 INFO:teuthology.orchestra.run.smithi059.stdout:/usr/bin/ceph: stderr
2024-05-04T11:55:52.820+0000 7f5633fff700 1 --2- >> [v2:172.21.15.59:3300/0,v1:172.21.15.59:6789/0] conn(0x7f5634106620 0x7f5634105f80 unknown :-1 s=BANNER_CONNECTING pgs=0 cs=0 l=1 rev1=0 crypto rx=0 tx=0 comp rx=0 tx=0)._handle_peer_banner_payload supported=3 required=0
2024-05-04T11:55:53.610 INFO:teuthology.orchestra.run.smithi059.stdout:/usr/bin/ceph: stderr
2024-05-04T11:55:52.820+0000 7f5633fff700 1 --2- >> [v2:172.21.15.59:3300/0,v1:172.21.15.59:6789/0] conn(0x7f5634106620 0x7f5634105f80 unknown :-1 s=HELLO_CONNECTING pgs=0 cs=0 l=1 rev1=1 crypto rx=0 tx=0 comp rx=0 tx=0).handle_hello peer v2:172.21.15.59:3300/0 says I am v2:172.21.15.59:53466/0 (socket says 172.21.15.59:53466)
2024-05-04T11:55:53.610 INFO:teuthology.orchestra.run.smithi059.stdout:/usr/bin/ceph: stderr
2024-05-04T11:55:52.820+0000 7f5633fff700 1 -- 172.21.15.59:0/2058726253 learned_addr learned my addr 172.21.15.59:0/2058726253 (peer_addr_for_me v2:172.21.15.59:0/0)
2024-05-04T11:55:53.610 INFO:teuthology.orchestra.run.smithi059.stdout:/usr/bin/ceph: stderr
2024-05-04T11:55:52.820+0000 7f5633fff700 1 -- 172.21.15.59:0/2058726253 --> [v2:172.21.15.59:3300/0,v1:172.21.15.59:6789/0] -- mon_subscribe({config=0+,monmap=0+}) v3 -- 0x7f5624009550 con 0x7f5634106620
2024-05-04T11:55:53.610 INFO:teuthology.orchestra.run.smithi059.stdout:/usr/bin/ceph: stderr
2024-05-04T11:55:52.820+0000 7f5633fff700 1 --2- 172.21.15.59:0/2058726253 >> [v2:172.21.15.59:3300/0,v1:172.21.15.59:6789/0] conn(0x7f5634106620 0x7f5634105f80 secure :-1 s=READY pgs=40 cs=0 l=1 rev1=1 crypto rx=0x7f5624000c00 tx=0x7f5624011ab0 comp rx=0 tx=0).ready entity=mon.0 client_cookie=0 server_cookie=0 in_seq=0 out_seq=0
2024-05-04T11:55:53.610 INFO:teuthology.orchestra.run.smithi059.stdout:/usr/bin/ceph: stderr
2024-05-04T11:55:52.821+0000 7f56317fa700 1 -- 172.21.15.59:0/2058726253 <== mon.0 v2:172.21.15.59:3300/0 1 ==== mon_map magic: 0 v1 ==== 229+0+0 (secure 0 0 0) 0x7f5624003b90 con 0x7f5634106620
2024-05-04T11:55:53.611 INFO:teuthology.orchestra.run.smithi059.stdout:/usr/bin/ceph: stderr
2024-05-04T11:55:52.821+0000 7f56317fa700 1 -- 172.21.15.59:0/2058726253 <== mon.0 v2:172.21.15.59:3300/0 2 ==== config(27 keys) v1 ==== 1037+0+0 (secure 0 0 0) 0x7f56240248b0 con 0x7f5634106620
2024-05-04T11:55:53.611 INFO:teuthology.orchestra.run.smithi059.stdout:/usr/bin/ceph: stderr
2024-05-04T11:55:52.821+0000 7f56317fa700 1 -- 172.21.15.59:0/2058726253 <== mon.0 v2:172.21.15.59:3300/0 3 ==== mon_map magic: 0 v1 ==== 229+0+0 (secure 0 0 0) 0x7f562401a8e0 con 0x7f5634106620
2024-05-04T11:55:53.611 INFO:teuthology.orchestra.run.smithi059.stdout:/usr/bin/ceph: stderr
2024-05-04T11:55:52.821+0000 7f563a6b6700 1 -- 172.21.15.59:0/2058726253 --> [v2:172.21.15.59:3300/0,v1:172.21.15.59:6789/0] -- mon_subscribe({mgrmap=0+}) v3 -- 0x7f56341045d0 con 0x7f5634106620
2024-05-04T11:55:53.611 INFO:teuthology.orchestra.run.smithi059.stdout:/usr/bin/ceph: stderr
2024-05-04T11:55:52.821+0000 7f563a6b6700 1 -- 172.21.15.59:0/2058726253 --> [v2:172.21.15.59:3300/0,v1:172.21.15.59:6789/0] -- mon_subscribe({osdmap=0}) v3 -- 0x7f56341049f0 con 0x7f5634106620
2024-05-04T11:55:53.611 INFO:teuthology.orchestra.run.smithi059.stdout:/usr/bin/ceph: stderr
2024-05-04T11:55:52.822+0000 7f56317fa700 1 -- 172.21.15.59:0/2058726253 <== mon.0 v2:172.21.15.59:3300/0 4 ==== mgrmap(e 8) v1 ==== 45084+0+0 (secure 0 0 0) 0x7f562401ab50 con 0x7f5634106620
2024-05-04T11:55:53.611 INFO:teuthology.orchestra.run.smithi059.stdout:/usr/bin/ceph: stderr
2024-05-04T11:55:52.822+0000 7f56317fa700 1 --2- 172.21.15.59:0/2058726253 >> [v2:172.21.15.59:6800/4263387005,v1:172.21.15.59:6801/4263387005] conn(0x7f561c038440 0x7f561c03a8f0 unknown :-1 s=NONE pgs=0 cs=0 l=1 rev1=0 crypto rx=0 tx=0 comp rx=0 tx=0).connect
2024-05-04T11:55:53.611 INFO:teuthology.orchestra.run.smithi059.stdout:/usr/bin/ceph: stderr
2024-05-04T11:55:52.822+0000 7f563a6b6700 1 -- 172.21.15.59:0/2058726253 --> [v2:172.21.15.59:3300/0,v1:172.21.15.59:6789/0] -- mon_command({"prefix": "get_command_descriptions"} v 0) v1 -- 0x7f5634109b90 con 0x7f5634106620
2024-05-04T11:55:53.611 INFO:teuthology.orchestra.run.smithi059.stdout:/usr/bin/ceph: stderr
2024-05-04T11:55:52.822+0000 7f56317fa700 1 -- 172.21.15.59:0/2058726253 <== mon.0 v2:172.21.15.59:3300/0 5 ==== osd_map(2..2 src has 1..2) v4 ==== 940+0+0 (secure 0 0 0) 0x7f562404c600 con 0x7f5634106620
2024-05-04T11:55:53.611 INFO:teuthology.orchestra.run.smithi059.stdout:/usr/bin/ceph: stderr
2024-05-04T11:55:52.822+0000 7f56337fe700 1 --2- 172.21.15.59:0/2058726253 >> [v2:172.21.15.59:6800/4263387005,v1:172.21.15.59:6801/4263387005] conn(0x7f561c038440 0x7f561c03a8f0 unknown :-1 s=BANNER_CONNECTING pgs=0 cs=0 l=1 rev1=0 crypto rx=0 tx=0 comp rx=0 tx=0)._handle_peer_banner_payload supported=3 required=0
2024-05-04T11:55:53.611 INFO:teuthology.orchestra.run.smithi059.stdout:/usr/bin/ceph: stderr
2024-05-04T11:55:52.823+0000 7f56337fe700 1 --2- 172.21.15.59:0/2058726253 >> [v2:172.21.15.59:6800/4263387005,v1:172.21.15.59:6801/4263387005] conn(0x7f561c038440 0x7f561c03a8f0 secure :-1 s=READY pgs=8 cs=0 l=1 rev1=1 crypto rx=0x7f5628006fd0 tx=0x7f5628006e40 comp rx=0 tx=0).ready entity=mgr.14120 client_cookie=0 server_cookie=0 in_seq=0 out_seq=0
2024-05-04T11:55:53.611 INFO:teuthology.orchestra.run.smithi059.stdout:/usr/bin/ceph: stderr
2024-05-04T11:55:52.827+0000 7f56317fa700 1 -- 172.21.15.59:0/2058726253 <== mon.0 v2:172.21.15.59:3300/0 6 ==== mon_command_ack([{"prefix": "get_command_descriptions"}]=0 v0) v1 ==== 72+0+177933 (secure 0 0 0) 0x7f56240189a0 con 0x7f5634106620
2024-05-04T11:55:53.611 INFO:teuthology.orchestra.run.smithi059.stdout:/usr/bin/ceph: stderr
2024-05-04T11:55:53.029+0000 7f563a6b6700 1 -- 172.21.15.59:0/2058726253 --> [v2:172.21.15.59:6800/4263387005,v1:172.21.15.59:6801/4263387005] -- mgr_command(tid 0: {"prefix": "cephadm set-user", "user": "root", "target": ["mon-mgr", ""]}) v1 -- 0x7f5634102380 con 0x7f561c038440
2024-05-04T11:55:53.611 INFO:teuthology.orchestra.run.smithi059.stdout:/usr/bin/ceph: stderr
2024-05-04T11:55:53.030+0000 7f56317fa700 1 -- 172.21.15.59:0/2058726253 <== mgr.14120 v2:172.21.15.59:6800/4263387005 1 ==== mgr_command_reply(tid 0: 0 ) v1 ==== 8+0+16 (secure 0 0 0) 0x7f5634102380 con 0x7f561c038440
2024-05-04T11:55:53.611 INFO:teuthology.orchestra.run.smithi059.stdout:/usr/bin/ceph: stderr
2024-05-04T11:55:53.032+0000 7f563a6b6700 1 -- 172.21.15.59:0/2058726253 >> [v2:172.21.15.59:6800/4263387005,v1:172.21.15.59:6801/4263387005] conn(0x7f561c038440 msgr2=0x7f561c03a8f0 secure :-1 s=STATE_CONNECTION_ESTABLISHED l=1).mark_down
2024-05-04T11:55:53.611 INFO:teuthology.orchestra.run.smithi059.stdout:/usr/bin/ceph: stderr
2024-05-04T11:55:53.032+0000 7f563a6b6700 1 --2- 172.21.15.59:0/2058726253 >> [v2:172.21.15.59:6800/4263387005,v1:172.21.15.59:6801/4263387005] conn(0x7f561c038440 0x7f561c03a8f0 secure :-1 s=READY pgs=8 cs=0 l=1 rev1=1 crypto rx=0x7f5628006fd0 tx=0x7f5628006e40 comp rx=0 tx=0).stop
2024-05-04T11:55:53.612 INFO:teuthology.orchestra.run.smithi059.stdout:/usr/bin/ceph: stderr
2024-05-04T11:55:53.032+0000 7f563a6b6700 1 -- 172.21.15.59:0/2058726253 >> [v2:172.21.15.59:3300/0,v1:172.21.15.59:6789/0] conn(0x7f5634106620 msgr2=0x7f5634105f80 secure :-1 s=STATE_CONNECTION_ESTABLISHED l=1).mark_down
2024-05-04T11:55:53.612 INFO:teuthology.orchestra.run.smithi059.stdout:/usr/bin/ceph: stderr
2024-05-04T11:55:53.032+0000 7f563a6b6700 1 --2- 172.21.15.59:0/2058726253 >> [v2:172.21.15.59:3300/0,v1:172.21.15.59:6789/0] conn(0x7f5634106620 0x7f5634105f80 secure :-1 s=READY pgs=40 cs=0 l=1 rev1=1 crypto rx=0x7f5624000c00 tx=0x7f5624011ab0 comp rx=0 tx=0).stop
2024-05-04T11:55:53.612 INFO:teuthology.orchestra.run.smithi059.stdout:/usr/bin/ceph: stderr
2024-05-04T11:55:53.032+0000 7f563a6b6700 1 -- 172.21.15.59:0/2058726253 shutdown_connections
2024-05-04T11:55:53.612 INFO:teuthology.orchestra.run.smithi059.stdout:/usr/bin/ceph: stderr
2024-05-04T11:55:53.032+0000 7f563a6b6700 1 --2- 172.21.15.59:0/2058726253 >> [v2:172.21.15.59:6800/4263387005,v1:172.21.15.59:6801/4263387005] conn(0x7f561c038440 0x7f561c03a8f0 unknown :-1 s=CLOSED pgs=8 cs=0 l=1 rev1=1 crypto rx=0 tx=0 comp rx=0 tx=0).stop
2024-05-04T11:55:53.612 INFO:teuthology.orchestra.run.smithi059.stdout:/usr/bin/ceph: stderr
2024-05-04T11:55:53.032+0000 7f563a6b6700 1 --2- 172.21.15.59:0/2058726253 >> [v2:172.21.15.59:3300/0,v1:172.21.15.59:6789/0] conn(0x7f5634106620 0x7f5634105f80 unknown :-1 s=CLOSED pgs=40 cs=0 l=1 rev1=1 crypto rx=0 tx=0 comp rx=0 tx=0).stop
2024-05-04T11:55:53.612 INFO:teuthology.orchestra.run.smithi059.stdout:/usr/bin/ceph: stderr
2024-05-04T11:55:53.032+0000 7f563a6b6700 1 -- 172.21.15.59:0/2058726253 >> 172.21.15.59:0/2058726253 conn(0x7f5634100060 msgr2=0x7f5634101760 unknown :-1 s=STATE_NONE l=0).mark_down
2024-05-04T11:55:53.612 INFO:teuthology.orchestra.run.smithi059.stdout:/usr/bin/ceph: stderr
2024-05-04T11:55:53.032+0000 7f563a6b6700 1 -- 172.21.15.59:0/2058726253 shutdown_connections
2024-05-04T11:55:53.612 INFO:teuthology.orchestra.run.smithi059.stdout:/usr/bin/ceph: stderr
2024-05-04T11:55:53.032+0000 7f563a6b6700 1 -- 172.21.15.59:0/2058726253 wait complete.
2024-05-04T11:55:53.612 INFO:teuthology.orchestra.run.smithi059.stdout:Generating ssh key...
2024-05-04T11:55:54.872 INFO:journalctl@ceph.mon.smithi059.smithi059.stdout:May 04 11:55:54 smithi059 ceph-mon[27233]: from='client.14134 -' entity='client.admin' cmd=[{"prefix": "cephadm set-user", "user": "root", "target": ["mon-mgr", ""]}]: dispatch
2024-05-04T11:55:54.873 INFO:journalctl@ceph.mon.smithi059.smithi059.stdout:May 04 11:55:54 smithi059 ceph-mon[27233]: from='mgr.14120 172.21.15.59:0/2767090094' entity='mgr.smithi059.crngxk'
2024-05-04T11:55:54.873 INFO:journalctl@ceph.mon.smithi059.smithi059.stdout:May 04 11:55:54 smithi059 ceph-mon[27233]: from='mgr.14120 172.21.15.59:0/2767090094' entity='mgr.smithi059.crngxk'
2024-05-04T11:55:55.100 INFO:teuthology.orchestra.run.smithi059.stdout:/usr/bin/ceph: stderr
2024-05-04T11:55:54.033+0000 7f2e6e9a2700 1 Processor -- start
2024-05-04T11:55:55.100 INFO:teuthology.orchestra.run.smithi059.stdout:/usr/bin/ceph: stderr
2024-05-04T11:55:54.033+0000 7f2e6e9a2700 1 -- start start
2024-05-04T11:55:55.100 INFO:teuthology.orchestra.run.smithi059.stdout:/usr/bin/ceph: stderr
2024-05-04T11:55:54.033+0000 7f2e6e9a2700 1 --2- >> [v2:172.21.15.59:3300/0,v1:172.21.15.59:6789/0] conn(0x7f2e68104820 0x7f2e68104c30 unknown :-1 s=NONE pgs=0 cs=0 l=0 rev1=0 crypto rx=0 tx=0 comp rx=0 tx=0).connect
2024-05-04T11:55:55.101 INFO:teuthology.orchestra.run.smithi059.stdout:/usr/bin/ceph: stderr
2024-05-04T11:55:54.033+0000 7f2e6e9a2700 1 -- --> [v2:172.21.15.59:3300/0,v1:172.21.15.59:6789/0] -- mon_getmap magic: 0 v1 -- 0x7f2e68105170 con 0x7f2e68104820
2024-05-04T11:55:55.101 INFO:teuthology.orchestra.run.smithi059.stdout:/usr/bin/ceph: stderr
2024-05-04T11:55:54.034+0000 7f2e6d9a0700 1 --2- >> [v2:172.21.15.59:3300/0,v1:172.21.15.59:6789/0] conn(0x7f2e68104820 0x7f2e68104c30 unknown :-1 s=BANNER_CONNECTING pgs=0 cs=0 l=0 rev1=0 crypto rx=0 tx=0 comp rx=0 tx=0)._handle_peer_banner_payload supported=3 required=0
2024-05-04T11:55:55.101 INFO:teuthology.orchestra.run.smithi059.stdout:/usr/bin/ceph: stderr
2024-05-04T11:55:54.034+0000 7f2e6d9a0700 1 --2- >> [v2:172.21.15.59:3300/0,v1:172.21.15.59:6789/0] conn(0x7f2e68104820 0x7f2e68104c30 unknown :-1 s=HELLO_CONNECTING pgs=0 cs=0 l=0 rev1=1 crypto rx=0 tx=0 comp rx=0 tx=0).handle_hello peer v2:172.21.15.59:3300/0 says I am v2:172.21.15.59:53480/0 (socket says 172.21.15.59:53480)
2024-05-04T11:55:55.101 INFO:teuthology.orchestra.run.smithi059.stdout:/usr/bin/ceph: stderr
2024-05-04T11:55:54.034+0000 7f2e6d9a0700 1 -- 172.21.15.59:0/1822208673 learned_addr learned my addr 172.21.15.59:0/1822208673 (peer_addr_for_me v2:172.21.15.59:0/0)
2024-05-04T11:55:55.101 INFO:teuthology.orchestra.run.smithi059.stdout:/usr/bin/ceph: stderr
2024-05-04T11:55:54.034+0000 7f2e6d9a0700 1 -- 172.21.15.59:0/1822208673 --> [v2:172.21.15.59:3300/0,v1:172.21.15.59:6789/0] -- mon_subscribe({config=0+,monmap=0+}) v3 -- 0x7f2e681052b0 con 0x7f2e68104820
2024-05-04T11:55:55.101 INFO:teuthology.orchestra.run.smithi059.stdout:/usr/bin/ceph: stderr
2024-05-04T11:55:54.034+0000 7f2e6d9a0700 1 --2- 172.21.15.59:0/1822208673 >> [v2:172.21.15.59:3300/0,v1:172.21.15.59:6789/0] conn(0x7f2e68104820 0x7f2e68104c30 secure :-1 s=READY pgs=41 cs=0 l=1 rev1=1 crypto rx=0x7f2e6400bb40 tx=0x7f2e6400be50 comp rx=0 tx=0).ready entity=mon.0 client_cookie=cdbba535fdcbc721 server_cookie=0 in_seq=0 out_seq=0
2024-05-04T11:55:55.101 INFO:teuthology.orchestra.run.smithi059.stdout:/usr/bin/ceph: stderr
2024-05-04T11:55:54.034+0000 7f2e6c99e700 1 -- 172.21.15.59:0/1822208673 <== mon.0 v2:172.21.15.59:3300/0 1 ==== mon_map magic: 0 v1 ==== 229+0+0 (secure 0 0 0) 0x7f2e6400dc00 con 0x7f2e68104820
2024-05-04T11:55:55.101 INFO:teuthology.orchestra.run.smithi059.stdout:/usr/bin/ceph: stderr
2024-05-04T11:55:54.034+0000 7f2e6c99e700 1 -- 172.21.15.59:0/1822208673 <== mon.0 v2:172.21.15.59:3300/0 2 ==== config(27 keys) v1 ==== 1037+0+0 (secure 0 0 0) 0x7f2e640044a0 con 0x7f2e68104820
2024-05-04T11:55:55.101 INFO:teuthology.orchestra.run.smithi059.stdout:/usr/bin/ceph: stderr
2024-05-04T11:55:54.034+0000 7f2e6c99e700 1 -- 172.21.15.59:0/1822208673 <== mon.0 v2:172.21.15.59:3300/0 3 ==== mon_map magic: 0 v1 ==== 229+0+0 (secure 0 0 0) 0x7f2e64010470 con 0x7f2e68104820
2024-05-04T11:55:55.101 INFO:teuthology.orchestra.run.smithi059.stdout:/usr/bin/ceph: stderr
2024-05-04T11:55:54.035+0000 7f2e6e9a2700 1 -- 172.21.15.59:0/1822208673 >> [v2:172.21.15.59:3300/0,v1:172.21.15.59:6789/0] conn(0x7f2e68104820 msgr2=0x7f2e68104c30 secure :-1 s=STATE_CONNECTION_ESTABLISHED l=1).mark_down
2024-05-04T11:55:55.101 INFO:teuthology.orchestra.run.smithi059.stdout:/usr/bin/ceph: stderr
2024-05-04T11:55:54.035+0000 7f2e6e9a2700 1 --2- 172.21.15.59:0/1822208673 >> [v2:172.21.15.59:3300/0,v1:172.21.15.59:6789/0] conn(0x7f2e68104820 0x7f2e68104c30 secure :-1 s=READY pgs=41 cs=0 l=1 rev1=1 crypto rx=0x7f2e6400bb40 tx=0x7f2e6400be50 comp rx=0 tx=0).stop
2024-05-04T11:55:55.101 INFO:teuthology.orchestra.run.smithi059.stdout:/usr/bin/ceph: stderr
2024-05-04T11:55:54.035+0000 7f2e6e9a2700 1 -- 172.21.15.59:0/1822208673 shutdown_connections
2024-05-04T11:55:55.101 INFO:teuthology.orchestra.run.smithi059.stdout:/usr/bin/ceph: stderr
2024-05-04T11:55:54.035+0000 7f2e6e9a2700 1 --2- 172.21.15.59:0/1822208673 >> [v2:172.21.15.59:3300/0,v1:172.21.15.59:6789/0] conn(0x7f2e68104820 0x7f2e68104c30 unknown :-1 s=CLOSED pgs=41 cs=0 l=1 rev1=1 crypto rx=0 tx=0 comp rx=0 tx=0).stop
2024-05-04T11:55:55.101 INFO:teuthology.orchestra.run.smithi059.stdout:/usr/bin/ceph: stderr
2024-05-04T11:55:54.035+0000 7f2e6e9a2700 1 -- 172.21.15.59:0/1822208673 >> 172.21.15.59:0/1822208673 conn(0x7f2e680ffeb0 msgr2=0x7f2e681022c0 unknown :-1 s=STATE_NONE l=0).mark_down
2024-05-04T11:55:55.102 INFO:teuthology.orchestra.run.smithi059.stdout:/usr/bin/ceph: stderr
2024-05-04T11:55:54.035+0000 7f2e6e9a2700 1 -- 172.21.15.59:0/1822208673 shutdown_connections
2024-05-04T11:55:55.102 INFO:teuthology.orchestra.run.smithi059.stdout:/usr/bin/ceph: stderr
2024-05-04T11:55:54.035+0000 7f2e6e9a2700 1 -- 172.21.15.59:0/1822208673 wait complete.
2024-05-04T11:55:55.102 INFO:teuthology.orchestra.run.smithi059.stdout:/usr/bin/ceph: stderr
2024-05-04T11:55:54.036+0000 7f2e6e9a2700 1 Processor -- start
2024-05-04T11:55:55.102 INFO:teuthology.orchestra.run.smithi059.stdout:/usr/bin/ceph: stderr
2024-05-04T11:55:54.036+0000 7f2e6e9a2700 1 -- start start
2024-05-04T11:55:55.102 INFO:teuthology.orchestra.run.smithi059.stdout:/usr/bin/ceph: stderr
2024-05-04T11:55:54.036+0000 7f2e6e9a2700 1 --2- >> [v2:172.21.15.59:3300/0,v1:172.21.15.59:6789/0] conn(0x7f2e68104820 0x7f2e6819b820 unknown :-1 s=NONE pgs=0 cs=0 l=1 rev1=0 crypto rx=0 tx=0 comp rx=0 tx=0).connect
2024-05-04T11:55:55.102 INFO:teuthology.orchestra.run.smithi059.stdout:/usr/bin/ceph: stderr
2024-05-04T11:55:54.036+0000 7f2e6e9a2700 1 -- --> [v2:172.21.15.59:3300/0,v1:172.21.15.59:6789/0] -- mon_getmap magic: 0 v1 -- 0x7f2e6819bd60 con 0x7f2e68104820
2024-05-04T11:55:55.102 INFO:teuthology.orchestra.run.smithi059.stdout:/usr/bin/ceph: stderr
2024-05-04T11:55:54.036+0000 7f2e6d9a0700 1 --2- >> [v2:172.21.15.59:3300/0,v1:172.21.15.59:6789/0] conn(0x7f2e68104820 0x7f2e6819b820 unknown :-1 s=BANNER_CONNECTING pgs=0 cs=0 l=1 rev1=0 crypto rx=0 tx=0 comp rx=0 tx=0)._handle_peer_banner_payload supported=3 required=0
2024-05-04T11:55:55.102 INFO:teuthology.orchestra.run.smithi059.stdout:/usr/bin/ceph: stderr
2024-05-04T11:55:54.036+0000 7f2e6d9a0700 1 --2- >> [v2:172.21.15.59:3300/0,v1:172.21.15.59:6789/0] conn(0x7f2e68104820 0x7f2e6819b820 unknown :-1 s=HELLO_CONNECTING pgs=0 cs=0 l=1 rev1=1 crypto rx=0 tx=0 comp rx=0 tx=0).handle_hello peer v2:172.21.15.59:3300/0 says I am v2:172.21.15.59:53490/0 (socket says 172.21.15.59:53490)
2024-05-04T11:55:55.102 INFO:teuthology.orchestra.run.smithi059.stdout:/usr/bin/ceph: stderr
2024-05-04T11:55:54.036+0000 7f2e6d9a0700 1 -- 172.21.15.59:0/4155632140 learned_addr learned my addr 172.21.15.59:0/4155632140 (peer_addr_for_me v2:172.21.15.59:0/0)
2024-05-04T11:55:55.102 INFO:teuthology.orchestra.run.smithi059.stdout:/usr/bin/ceph: stderr
2024-05-04T11:55:54.036+0000 7f2e6d9a0700 1 -- 172.21.15.59:0/4155632140 --> [v2:172.21.15.59:3300/0,v1:172.21.15.59:6789/0] -- mon_subscribe({config=0+,monmap=0+}) v3 -- 0x7f2e6400b7f0 con 0x7f2e68104820
2024-05-04T11:55:55.102 INFO:teuthology.orchestra.run.smithi059.stdout:/usr/bin/ceph: stderr
2024-05-04T11:55:54.036+0000 7f2e6d9a0700 1 --2- 172.21.15.59:0/4155632140 >> [v2:172.21.15.59:3300/0,v1:172.21.15.59:6789/0] conn(0x7f2e68104820 0x7f2e6819b820 secure :-1 s=READY pgs=42 cs=0 l=1 rev1=1 crypto rx=0x7f2e640046d0 tx=0x7f2e64003d70 comp rx=0 tx=0).ready entity=mon.0 client_cookie=0 server_cookie=0 in_seq=0 out_seq=0
2024-05-04T11:55:55.102 INFO:teuthology.orchestra.run.smithi059.stdout:/usr/bin/ceph: stderr
2024-05-04T11:55:54.037+0000 7f2e5effd700 1 -- 172.21.15.59:0/4155632140 <== mon.0 v2:172.21.15.59:3300/0 1 ==== mon_map magic: 0 v1 ==== 229+0+0 (secure 0 0 0) 0x7f2e640042a0 con 0x7f2e68104820
2024-05-04T11:55:55.102 INFO:teuthology.orchestra.run.smithi059.stdout:/usr/bin/ceph: stderr
2024-05-04T11:55:54.037+0000 7f2e5effd700 1 -- 172.21.15.59:0/4155632140 <== mon.0 v2:172.21.15.59:3300/0 2 ==== config(27 keys) v1 ==== 1037+0+0 (secure 0 0 0) 0x7f2e64010b50 con 0x7f2e68104820
2024-05-04T11:55:55.103 INFO:teuthology.orchestra.run.smithi059.stdout:/usr/bin/ceph: stderr
2024-05-04T11:55:54.037+0000 7f2e6e9a2700 1 -- 172.21.15.59:0/4155632140 --> [v2:172.21.15.59:3300/0,v1:172.21.15.59:6789/0] -- mon_subscribe({mgrmap=0+}) v3 -- 0x7f2e6819bf60 con 0x7f2e68104820
2024-05-04T11:55:55.103 INFO:teuthology.orchestra.run.smithi059.stdout:/usr/bin/ceph: stderr
2024-05-04T11:55:54.037+0000 7f2e5effd700 1 -- 172.21.15.59:0/4155632140 <== mon.0 v2:172.21.15.59:3300/0 3 ==== mon_map magic: 0 v1 ==== 229+0+0 (secure 0 0 0) 0x7f2e64021ae0 con 0x7f2e68104820
2024-05-04T11:55:55.103 INFO:teuthology.orchestra.run.smithi059.stdout:/usr/bin/ceph: stderr
2024-05-04T11:55:54.037+0000 7f2e6e9a2700 1 -- 172.21.15.59:0/4155632140 --> [v2:172.21.15.59:3300/0,v1:172.21.15.59:6789/0] -- mon_subscribe({osdmap=0}) v3 -- 0x7f2e6819c320 con 0x7f2e68104820
2024-05-04T11:55:55.103 INFO:teuthology.orchestra.run.smithi059.stdout:/usr/bin/ceph: stderr
2024-05-04T11:55:54.038+0000 7f2e5effd700 1 -- 172.21.15.59:0/4155632140 <== mon.0 v2:172.21.15.59:3300/0 4 ==== mgrmap(e 8) v1 ==== 45084+0+0 (secure 0 0 0) 0x7f2e640106e0 con 0x7f2e68104820
2024-05-04T11:55:55.103 INFO:teuthology.orchestra.run.smithi059.stdout:/usr/bin/ceph: stderr
2024-05-04T11:55:54.038+0000 7f2e5effd700 1 --2- 172.21.15.59:0/4155632140 >> [v2:172.21.15.59:6800/4263387005,v1:172.21.15.59:6801/4263387005] conn(0x7f2e54038440 0x7f2e5403a8f0 unknown :-1 s=NONE pgs=0 cs=0 l=1 rev1=0 crypto rx=0 tx=0 comp rx=0 tx=0).connect
2024-05-04T11:55:55.103 INFO:teuthology.orchestra.run.smithi059.stdout:/usr/bin/ceph: stderr
2024-05-04T11:55:54.038+0000 7f2e5effd700 1 -- 172.21.15.59:0/4155632140 <== mon.0 v2:172.21.15.59:3300/0 5 ==== osd_map(2..2 src has 1..2) v4 ==== 940+0+0 (secure 0 0 0) 0x7f2e6404c390 con 0x7f2e68104820
2024-05-04T11:55:55.103 INFO:teuthology.orchestra.run.smithi059.stdout:/usr/bin/ceph: stderr
2024-05-04T11:55:54.038+0000 7f2e6d19f700 1 --2- 172.21.15.59:0/4155632140 >> [v2:172.21.15.59:6800/4263387005,v1:172.21.15.59:6801/4263387005] conn(0x7f2e54038440 0x7f2e5403a8f0 unknown :-1 s=BANNER_CONNECTING pgs=0 cs=0 l=1 rev1=0 crypto rx=0 tx=0 comp rx=0 tx=0)._handle_peer_banner_payload supported=3 required=0
2024-05-04T11:55:55.103 INFO:teuthology.orchestra.run.smithi059.stdout:/usr/bin/ceph: stderr
2024-05-04T11:55:54.038+0000 7f2e6e9a2700 1 -- 172.21.15.59:0/4155632140 --> [v2:172.21.15.59:3300/0,v1:172.21.15.59:6789/0] -- mon_command({"prefix": "get_command_descriptions"} v 0) v1 -- 0x7f2e68195560 con 0x7f2e68104820
2024-05-04T11:55:55.103 INFO:teuthology.orchestra.run.smithi059.stdout:/usr/bin/ceph: stderr
2024-05-04T11:55:54.038+0000 7f2e6d19f700 1 --2- 172.21.15.59:0/4155632140 >> [v2:172.21.15.59:6800/4263387005,v1:172.21.15.59:6801/4263387005] conn(0x7f2e54038440 0x7f2e5403a8f0 secure :-1 s=READY pgs=9 cs=0 l=1 rev1=1 crypto rx=0x7f2e58006fd0 tx=0x7f2e58006e40 comp rx=0 tx=0).ready entity=mgr.14120 client_cookie=0 server_cookie=0 in_seq=0 out_seq=0
2024-05-04T11:55:55.103 INFO:teuthology.orchestra.run.smithi059.stdout:/usr/bin/ceph: stderr
2024-05-04T11:55:54.043+0000 7f2e5effd700 1 -- 172.21.15.59:0/4155632140 <== mon.0 v2:172.21.15.59:3300/0 6 ==== mon_command_ack([{"prefix": "get_command_descriptions"}]=0 v0) v1 ==== 72+0+177933 (secure 0 0 0) 0x7f2e6400fa20 con 0x7f2e68104820
2024-05-04T11:55:55.103 INFO:teuthology.orchestra.run.smithi059.stdout:/usr/bin/ceph: stderr
2024-05-04T11:55:54.245+0000 7f2e6e9a2700 1 -- 172.21.15.59:0/4155632140 --> [v2:172.21.15.59:6800/4263387005,v1:172.21.15.59:6801/4263387005] -- mgr_command(tid 0: {"prefix": "cephadm generate-key", "target": ["mon-mgr", ""]}) v1 -- 0x7f2e68061190 con 0x7f2e54038440
2024-05-04T11:55:55.103 INFO:teuthology.orchestra.run.smithi059.stdout:/usr/bin/ceph: stderr
2024-05-04T11:55:54.414+0000 7f2e5effd700 1 -- 172.21.15.59:0/4155632140 <== mgr.14120 v2:172.21.15.59:6800/4263387005 1 ==== mgr_command_reply(tid 0: 0 ) v1 ==== 8+0+0 (secure 0 0 0) 0x7f2e68061190 con 0x7f2e54038440
2024-05-04T11:55:55.103 INFO:teuthology.orchestra.run.smithi059.stdout:/usr/bin/ceph: stderr
2024-05-04T11:55:54.417+0000 7f2e6e9a2700 1 -- 172.21.15.59:0/4155632140 >> [v2:172.21.15.59:6800/4263387005,v1:172.21.15.59:6801/4263387005] conn(0x7f2e54038440 msgr2=0x7f2e5403a8f0 secure :-1 s=STATE_CONNECTION_ESTABLISHED l=1).mark_down
2024-05-04T11:55:55.103 INFO:teuthology.orchestra.run.smithi059.stdout:/usr/bin/ceph: stderr
2024-05-04T11:55:54.417+0000 7f2e6e9a2700 1 --2- 172.21.15.59:0/4155632140 >> [v2:172.21.15.59:6800/4263387005,v1:172.21.15.59:6801/4263387005] conn(0x7f2e54038440 0x7f2e5403a8f0 secure :-1 s=READY pgs=9 cs=0 l=1 rev1=1 crypto rx=0x7f2e58006fd0 tx=0x7f2e58006e40 comp rx=0 tx=0).stop
2024-05-04T11:55:55.104 INFO:teuthology.orchestra.run.smithi059.stdout:/usr/bin/ceph: stderr
2024-05-04T11:55:54.417+0000 7f2e6e9a2700 1 -- 172.21.15.59:0/4155632140 >> [v2:172.21.15.59:3300/0,v1:172.21.15.59:6789/0] conn(0x7f2e68104820 msgr2=0x7f2e6819b820 secure :-1 s=STATE_CONNECTION_ESTABLISHED l=1).mark_down
2024-05-04T11:55:55.104 INFO:teuthology.orchestra.run.smithi059.stdout:/usr/bin/ceph: stderr
2024-05-04T11:55:54.417+0000 7f2e6e9a2700 1 --2- 172.21.15.59:0/4155632140 >> [v2:172.21.15.59:3300/0,v1:172.21.15.59:6789/0] conn(0x7f2e68104820 0x7f2e6819b820 secure :-1 s=READY pgs=42 cs=0 l=1 rev1=1 crypto rx=0x7f2e640046d0 tx=0x7f2e64003d70 comp rx=0 tx=0).stop
2024-05-04T11:55:55.104 INFO:teuthology.orchestra.run.smithi059.stdout:/usr/bin/ceph: stderr
2024-05-04T11:55:54.417+0000 7f2e6e9a2700 1 -- 172.21.15.59:0/4155632140 shutdown_connections
2024-05-04T11:55:55.104 INFO:teuthology.orchestra.run.smithi059.stdout:/usr/bin/ceph: stderr
2024-05-04T11:55:54.417+0000 7f2e6e9a2700 1 --2- 172.21.15.59:0/4155632140 >> [v2:172.21.15.59:6800/4263387005,v1:172.21.15.59:6801/4263387005] conn(0x7f2e54038440 0x7f2e5403a8f0 unknown :-1 s=CLOSED pgs=9 cs=0 l=1 rev1=1 crypto rx=0 tx=0 comp rx=0 tx=0).stop
2024-05-04T11:55:55.104 INFO:teuthology.orchestra.run.smithi059.stdout:/usr/bin/ceph: stderr
2024-05-04T11:55:54.417+0000 7f2e6e9a2700 1 --2- 172.21.15.59:0/4155632140 >> [v2:172.21.15.59:3300/0,v1:172.21.15.59:6789/0] conn(0x7f2e68104820 0x7f2e6819b820 unknown :-1 s=CLOSED pgs=42 cs=0 l=1 rev1=1 crypto rx=0 tx=0 comp rx=0 tx=0).stop
2024-05-04T11:55:55.104 INFO:teuthology.orchestra.run.smithi059.stdout:/usr/bin/ceph: stderr
2024-05-04T11:55:54.417+0000 7f2e6e9a2700 1 -- 172.21.15.59:0/4155632140 >> 172.21.15.59:0/4155632140 conn(0x7f2e680ffeb0 msgr2=0x7f2e681926a0 unknown :-1 s=STATE_NONE l=0).mark_down
2024-05-04T11:55:55.104 INFO:teuthology.orchestra.run.smithi059.stdout:/usr/bin/ceph: stderr
2024-05-04T11:55:54.417+0000 7f2e6e9a2700 1 -- 172.21.15.59:0/4155632140 shutdown_connections
2024-05-04T11:55:55.104 INFO:teuthology.orchestra.run.smithi059.stdout:/usr/bin/ceph: stderr
2024-05-04T11:55:54.417+0000 7f2e6e9a2700 1 -- 172.21.15.59:0/4155632140 wait complete.
2024-05-04T11:55:55.730 INFO:journalctl@ceph.mon.smithi059.smithi059.stdout:May 04 11:55:55 smithi059 ceph-mon[27233]: from='client.14136 -' entity='client.admin' cmd=[{"prefix": "cephadm generate-key", "target": ["mon-mgr", ""]}]: dispatch
2024-05-04T11:55:55.731 INFO:journalctl@ceph.mon.smithi059.smithi059.stdout:May 04 11:55:55 smithi059 ceph-mon[27233]: Generating ssh key...
2024-05-04T11:55:56.339 INFO:teuthology.orchestra.run.smithi059.stdout:/usr/bin/ceph: stdout ssh-rsa AAAAB3NzaC1yc2EAAAADAQABAAABgQDFA+I/PuAa+I3kGaCD6xx7BuoyOc5mj920uEw8LyGfTTT4SNCGhWv+4jiBvB6FgQKme5a5V/so00mAxrh5To/FSZhhTzNggBre5delR7jcNV4Vc928uVvGM+8ABS8p2WUsV+t+Mub97hL5fWZW6E7PGIlDJVvr0PsYzxC7qkjB2M8SpJIBmppdxGx0cpbLSE6yEswL7HFrkXsW1KhryrIFXklWCGkF7OP3RyW+ADTjZ7TAKiUI40SVH/QGfc8OIqFD0241kKPjgoNdFP0y0c1TKrH7uLIJX4PU5X0Gq1n2Dur8xeAPnbDpXLZlF7kr27uyN7vYnAPAmxutdUUr96rjQ7X1MVdTn919FhGLlRHlliYAPw1luQ/nLFfH9NKdOwW67/Ww5IWAA2MWUc83ZCkJGVriRgVcX+NfSRz02mlgku2IvPn3HS1PX6EE0WefwnyOffbgCmabP1rmTiNlZMGWc37Z0pPHOh4W6amdhZQe2j5i/enIExe/nB3Pn9TAGQE= ceph-167760c8-0a0d-11ef-bc97-c7b262605968
2024-05-04T11:55:56.340 INFO:teuthology.orchestra.run.smithi059.stdout:/usr/bin/ceph: stderr
2024-05-04T11:55:55.519+0000 7fafd7d92700 1 Processor -- start
2024-05-04T11:55:56.340 INFO:teuthology.orchestra.run.smithi059.stdout:/usr/bin/ceph: stderr
2024-05-04T11:55:55.519+0000 7fafd7d92700 1 -- start start
2024-05-04T11:55:56.340 INFO:teuthology.orchestra.run.smithi059.stdout:/usr/bin/ceph: stderr
2024-05-04T11:55:55.519+0000 7fafd7d92700 1 --2- >> [v2:172.21.15.59:3300/0,v1:172.21.15.59:6789/0] conn(0x7fafd0104a10 0x7fafd0104e20 unknown :-1 s=NONE pgs=0 cs=0 l=0 rev1=0 crypto rx=0 tx=0 comp rx=0 tx=0).connect
2024-05-04T11:55:56.340 INFO:teuthology.orchestra.run.smithi059.stdout:/usr/bin/ceph: stderr
2024-05-04T11:55:55.519+0000 7fafd7d92700 1 -- --> [v2:172.21.15.59:3300/0,v1:172.21.15.59:6789/0] -- mon_getmap magic: 0 v1 -- 0x7fafd0105360 con 0x7fafd0104a10
2024-05-04T11:55:56.340 INFO:teuthology.orchestra.run.smithi059.stdout:/usr/bin/ceph: stderr
2024-05-04T11:55:55.519+0000 7fafd5b2e700 1 --2- >> [v2:172.21.15.59:3300/0,v1:172.21.15.59:6789/0] conn(0x7fafd0104a10 0x7fafd0104e20 unknown :-1 s=BANNER_CONNECTING pgs=0 cs=0 l=0 rev1=0 crypto rx=0 tx=0 comp rx=0 tx=0)._handle_peer_banner_payload supported=3 required=0
2024-05-04T11:55:56.340 INFO:teuthology.orchestra.run.smithi059.stdout:/usr/bin/ceph: stderr
2024-05-04T11:55:55.519+0000 7fafd5b2e700 1 --2- >> [v2:172.21.15.59:3300/0,v1:172.21.15.59:6789/0] conn(0x7fafd0104a10 0x7fafd0104e20 unknown :-1 s=HELLO_CONNECTING pgs=0 cs=0 l=0 rev1=1 crypto rx=0 tx=0 comp rx=0 tx=0).handle_hello peer v2:172.21.15.59:3300/0 says I am v2:172.21.15.59:53496/0 (socket says 172.21.15.59:53496)
2024-05-04T11:55:56.340 INFO:teuthology.orchestra.run.smithi059.stdout:/usr/bin/ceph: stderr
2024-05-04T11:55:55.519+0000 7fafd5b2e700 1 -- 172.21.15.59:0/160424830 learned_addr learned my addr 172.21.15.59:0/160424830 (peer_addr_for_me v2:172.21.15.59:0/0)
2024-05-04T11:55:56.340 INFO:teuthology.orchestra.run.smithi059.stdout:/usr/bin/ceph: stderr
2024-05-04T11:55:55.520+0000 7fafd5b2e700 1 -- 172.21.15.59:0/160424830 --> [v2:172.21.15.59:3300/0,v1:172.21.15.59:6789/0] -- mon_subscribe({config=0+,monmap=0+}) v3 -- 0x7fafd01054a0 con 0x7fafd0104a10
2024-05-04T11:55:56.340 INFO:teuthology.orchestra.run.smithi059.stdout:/usr/bin/ceph: stderr
2024-05-04T11:55:55.520+0000 7fafd5b2e700 1 --2- 172.21.15.59:0/160424830 >> [v2:172.21.15.59:3300/0,v1:172.21.15.59:6789/0] conn(0x7fafd0104a10 0x7fafd0104e20 secure :-1 s=READY pgs=43 cs=0 l=1 rev1=1 crypto rx=0x7fafcc0098a0 tx=0x7fafcc009bb0 comp rx=0 tx=0).ready entity=mon.0 client_cookie=9fdcd3ea3648b0cf server_cookie=0 in_seq=0 out_seq=0
2024-05-04T11:55:56.340 INFO:teuthology.orchestra.run.smithi059.stdout:/usr/bin/ceph: stderr
2024-05-04T11:55:55.520+0000 7fafd4b2c700 1 -- 172.21.15.59:0/160424830 <== mon.0 v2:172.21.15.59:3300/0 1 ==== mon_map magic: 0 v1 ==== 229+0+0 (secure 0 0 0) 0x7fafcc004180 con 0x7fafd0104a10
2024-05-04T11:55:56.340 INFO:teuthology.orchestra.run.smithi059.stdout:/usr/bin/ceph: stderr
2024-05-04T11:55:55.520+0000 7fafd4b2c700 1 -- 172.21.15.59:0/160424830 <== mon.0 v2:172.21.15.59:3300/0 2 ==== config(27 keys) v1 ==== 1037+0+0 (secure 0 0 0) 0x7fafcc0042e0 con 0x7fafd0104a10
2024-05-04T11:55:56.340 INFO:teuthology.orchestra.run.smithi059.stdout:/usr/bin/ceph: stderr
2024-05-04T11:55:55.520+0000 7fafd4b2c700 1 -- 172.21.15.59:0/160424830 <== mon.0 v2:172.21.15.59:3300/0 3 ==== mon_map magic: 0 v1 ==== 229+0+0 (secure 0 0 0) 0x7fafcc011a50 con 0x7fafd0104a10
2024-05-04T11:55:56.340 INFO:teuthology.orchestra.run.smithi059.stdout:/usr/bin/ceph: stderr
2024-05-04T11:55:55.521+0000 7fafd7d92700 1 -- 172.21.15.59:0/160424830 >> [v2:172.21.15.59:3300/0,v1:172.21.15.59:6789/0] conn(0x7fafd0104a10 msgr2=0x7fafd0104e20 secure :-1 s=STATE_CONNECTION_ESTABLISHED l=1).mark_down
2024-05-04T11:55:56.341 INFO:teuthology.orchestra.run.smithi059.stdout:/usr/bin/ceph: stderr
2024-05-04T11:55:55.521+0000 7fafd7d92700 1 --2- 172.21.15.59:0/160424830 >> [v2:172.21.15.59:3300/0,v1:172.21.15.59:6789/0] conn(0x7fafd0104a10 0x7fafd0104e20 secure :-1 s=READY pgs=43 cs=0 l=1 rev1=1 crypto rx=0x7fafcc0098a0 tx=0x7fafcc009bb0 comp rx=0 tx=0).stop
2024-05-04T11:55:56.341 INFO:teuthology.orchestra.run.smithi059.stdout:/usr/bin/ceph: stderr
2024-05-04T11:55:55.521+0000 7fafd7d92700 1 -- 172.21.15.59:0/160424830 shutdown_connections
2024-05-04T11:55:56.341 INFO:teuthology.orchestra.run.smithi059.stdout:/usr/bin/ceph: stderr
2024-05-04T11:55:55.521+0000 7fafd7d92700 1 --2- 172.21.15.59:0/160424830 >> [v2:172.21.15.59:3300/0,v1:172.21.15.59:6789/0] conn(0x7fafd0104a10 0x7fafd0104e20 unknown :-1 s=CLOSED pgs=43 cs=0 l=1 rev1=1 crypto rx=0 tx=0 comp rx=0 tx=0).stop
2024-05-04T11:55:56.341 INFO:teuthology.orchestra.run.smithi059.stdout:/usr/bin/ceph: stderr
2024-05-04T11:55:55.521+0000 7fafd7d92700 1 -- 172.21.15.59:0/160424830 >> 172.21.15.59:0/160424830 conn(0x7fafd0100060 msgr2=0x7fafd0102490 unknown :-1 s=STATE_NONE l=0).mark_down
2024-05-04T11:55:56.341 INFO:teuthology.orchestra.run.smithi059.stdout:/usr/bin/ceph: stderr
2024-05-04T11:55:55.521+0000 7fafd7d92700 1 -- 172.21.15.59:0/160424830 shutdown_connections
2024-05-04T11:55:56.341 INFO:teuthology.orchestra.run.smithi059.stdout:/usr/bin/ceph: stderr
2024-05-04T11:55:55.521+0000 7fafd7d92700 1 -- 172.21.15.59:0/160424830 wait complete.
2024-05-04T11:55:56.341 INFO:teuthology.orchestra.run.smithi059.stdout:/usr/bin/ceph: stderr
2024-05-04T11:55:55.521+0000 7fafd7d92700 1 Processor -- start
2024-05-04T11:55:56.341 INFO:teuthology.orchestra.run.smithi059.stdout:/usr/bin/ceph: stderr
2024-05-04T11:55:55.521+0000 7fafd7d92700 1 -- start start
2024-05-04T11:55:56.341 INFO:teuthology.orchestra.run.smithi059.stdout:/usr/bin/ceph: stderr
2024-05-04T11:55:55.522+0000 7fafd7d92700 1 --2- >> [v2:172.21.15.59:3300/0,v1:172.21.15.59:6789/0] conn(0x7fafd0104a10 0x7fafd0199830 unknown :-1 s=NONE pgs=0 cs=0 l=1 rev1=0 crypto rx=0 tx=0 comp rx=0 tx=0).connect
2024-05-04T11:55:56.341 INFO:teuthology.orchestra.run.smithi059.stdout:/usr/bin/ceph: stderr
2024-05-04T11:55:55.522+0000 7fafd7d92700 1 -- --> [v2:172.21.15.59:3300/0,v1:172.21.15.59:6789/0] -- mon_getmap magic: 0 v1 -- 0x7fafd0199d70 con 0x7fafd0104a10
2024-05-04T11:55:56.341 INFO:teuthology.orchestra.run.smithi059.stdout:/usr/bin/ceph: stderr
2024-05-04T11:55:55.522+0000 7fafd5b2e700 1 --2- >> [v2:172.21.15.59:3300/0,v1:172.21.15.59:6789/0] conn(0x7fafd0104a10 0x7fafd0199830 unknown :-1 s=BANNER_CONNECTING pgs=0 cs=0 l=1 rev1=0 crypto rx=0 tx=0 comp rx=0 tx=0)._handle_peer_banner_payload supported=3 required=0
2024-05-04T11:55:56.341 INFO:teuthology.orchestra.run.smithi059.stdout:/usr/bin/ceph: stderr
2024-05-04T11:55:55.522+0000 7fafd5b2e700 1 --2- >> [v2:172.21.15.59:3300/0,v1:172.21.15.59:6789/0] conn(0x7fafd0104a10 0x7fafd0199830 unknown :-1 s=HELLO_CONNECTING pgs=0 cs=0 l=1 rev1=1 crypto rx=0 tx=0 comp rx=0 tx=0).handle_hello peer v2:172.21.15.59:3300/0 says I am v2:172.21.15.59:53510/0 (socket says 172.21.15.59:53510)
2024-05-04T11:55:56.341 INFO:teuthology.orchestra.run.smithi059.stdout:/usr/bin/ceph: stderr
2024-05-04T11:55:55.522+0000 7fafd5b2e700 1 -- 172.21.15.59:0/3349613927 learned_addr learned my addr 172.21.15.59:0/3349613927 (peer_addr_for_me v2:172.21.15.59:0/0)
2024-05-04T11:55:56.341 INFO:teuthology.orchestra.run.smithi059.stdout:/usr/bin/ceph: stderr
2024-05-04T11:55:55.522+0000 7fafd5b2e700 1 -- 172.21.15.59:0/3349613927 --> [v2:172.21.15.59:3300/0,v1:172.21.15.59:6789/0] -- mon_subscribe({config=0+,monmap=0+}) v3 -- 0x7fafcc009550 con 0x7fafd0104a10
2024-05-04T11:55:56.342 INFO:teuthology.orchestra.run.smithi059.stdout:/usr/bin/ceph: stderr
2024-05-04T11:55:55.522+0000 7fafd5b2e700 1 --2- 172.21.15.59:0/3349613927 >> [v2:172.21.15.59:3300/0,v1:172.21.15.59:6789/0] conn(0x7fafd0104a10 0x7fafd0199830 secure :-1 s=READY pgs=44 cs=0 l=1 rev1=1 crypto rx=0x7fafcc000c00 tx=0x7fafcc011ab0 comp rx=0 tx=0).ready entity=mon.0 client_cookie=0 server_cookie=0 in_seq=0 out_seq=0
2024-05-04T11:55:56.342 INFO:teuthology.orchestra.run.smithi059.stdout:/usr/bin/ceph: stderr
2024-05-04T11:55:55.522+0000 7fafc6ffd700 1 -- 172.21.15.59:0/3349613927 <== mon.0 v2:172.21.15.59:3300/0 1 ==== mon_map magic: 0 v1 ==== 229+0+0 (secure 0 0 0) 0x7fafcc003b90 con 0x7fafd0104a10
2024-05-04T11:55:56.342 INFO:teuthology.orchestra.run.smithi059.stdout:/usr/bin/ceph: stderr
2024-05-04T11:55:55.522+0000 7fafc6ffd700 1 -- 172.21.15.59:0/3349613927 <== mon.0 v2:172.21.15.59:3300/0 2 ==== config(27 keys) v1 ==== 1037+0+0 (secure 0 0 0) 0x7fafcc0248b0 con 0x7fafd0104a10
2024-05-04T11:55:56.342 INFO:teuthology.orchestra.run.smithi059.stdout:/usr/bin/ceph: stderr
2024-05-04T11:55:55.522+0000 7fafd7d92700 1 -- 172.21.15.59:0/3349613927 --> [v2:172.21.15.59:3300/0,v1:172.21.15.59:6789/0] -- mon_subscribe({mgrmap=0+}) v3 -- 0x7fafd0199f70 con 0x7fafd0104a10
2024-05-04T11:55:56.342 INFO:teuthology.orchestra.run.smithi059.stdout:/usr/bin/ceph: stderr
2024-05-04T11:55:55.522+0000 7fafc6ffd700 1 -- 172.21.15.59:0/3349613927 <== mon.0 v2:172.21.15.59:3300/0 3 ==== mon_map magic: 0 v1 ==== 229+0+0 (secure 0 0 0) 0x7fafcc01a8e0 con 0x7fafd0104a10
2024-05-04T11:55:56.342 INFO:teuthology.orchestra.run.smithi059.stdout:/usr/bin/ceph: stderr
2024-05-04T11:55:55.522+0000 7fafd7d92700 1 -- 172.21.15.59:0/3349613927 --> [v2:172.21.15.59:3300/0,v1:172.21.15.59:6789/0] -- mon_subscribe({osdmap=0}) v3 -- 0x7fafd019a390 con 0x7fafd0104a10
2024-05-04T11:55:56.342 INFO:teuthology.orchestra.run.smithi059.stdout:/usr/bin/ceph: stderr
