2024-05-04T11:56:07.119 INFO:teuthology.orchestra.run.smithi059.stdout:/usr/bin/ceph: stderr
2024-05-04T11:56:06.273+0000 7f4d627fc700 1 -- 172.21.15.59:0/377269709 <== mon.0 v2:172.21.15.59:3300/0 5 ==== osd_map(2..2 src has 1..2) v4 ==== 940+0+0 (secure 0 0 0) 0x7f4d6804c470 con 0x7f4d6c106640
2024-05-04T11:56:07.119 INFO:teuthology.orchestra.run.smithi059.stdout:/usr/bin/ceph: stderr
2024-05-04T11:56:06.273+0000 7f4d70a91700 1 --2- 172.21.15.59:0/377269709 >> [v2:172.21.15.59:6800/4263387005,v1:172.21.15.59:6801/4263387005] conn(0x7f4d58038400 0x7f4d5803a8b0 unknown :-1 s=BANNER_CONNECTING pgs=0 cs=0 l=1 rev1=0 crypto rx=0 tx=0 comp rx=0 tx=0)._handle_peer_banner_payload supported=3 required=0
2024-05-04T11:56:07.119 INFO:teuthology.orchestra.run.smithi059.stdout:/usr/bin/ceph: stderr
2024-05-04T11:56:06.273+0000 7f4d70a91700 1 --2- 172.21.15.59:0/377269709 >> [v2:172.21.15.59:6800/4263387005,v1:172.21.15.59:6801/4263387005] conn(0x7f4d58038400 0x7f4d5803a8b0 secure :-1 s=READY pgs=16 cs=0 l=1 rev1=1 crypto rx=0x7f4d5c006fd0 tx=0x7f4d5c006e40 comp rx=0 tx=0).ready entity=mgr.14120 client_cookie=0 server_cookie=0 in_seq=0 out_seq=0
2024-05-04T11:56:07.119 INFO:teuthology.orchestra.run.smithi059.stdout:/usr/bin/ceph: stderr
2024-05-04T11:56:06.278+0000 7f4d627fc700 1 -- 172.21.15.59:0/377269709 <== mon.0 v2:172.21.15.59:3300/0 6 ==== mon_command_ack([{"prefix": "get_command_descriptions"}]=0 v0) v1 ==== 72+0+177933 (secure 0 0 0) 0x7f4d68018a10 con 0x7f4d6c106640
2024-05-04T11:56:07.119 INFO:teuthology.orchestra.run.smithi059.stdout:/usr/bin/ceph: stderr
2024-05-04T11:56:06.498+0000 7f4d734f6700 1 -- 172.21.15.59:0/377269709 --> [v2:172.21.15.59:6800/4263387005,v1:172.21.15.59:6801/4263387005] -- mgr_command(tid 0: {"prefix": "orch apply", "service_type": "prometheus", "target": ["mon-mgr", ""]}) v1 -- 0x7f4d6c1023d0 con 0x7f4d58038400
2024-05-04T11:56:07.119 INFO:teuthology.orchestra.run.smithi059.stdout:/usr/bin/ceph: stderr
2024-05-04T11:56:06.503+0000 7f4d627fc700 1 -- 172.21.15.59:0/377269709 <== mgr.14120 v2:172.21.15.59:6800/4263387005 1 ==== mgr_command_reply(tid 0: 0 ) v1 ==== 8+0+31 (secure 0 0 0) 0x7f4d6c1023d0 con 0x7f4d58038400
2024-05-04T11:56:07.119 INFO:teuthology.orchestra.run.smithi059.stdout:/usr/bin/ceph: stderr
2024-05-04T11:56:06.505+0000 7f4d734f6700 1 -- 172.21.15.59:0/377269709 >> [v2:172.21.15.59:6800/4263387005,v1:172.21.15.59:6801/4263387005] conn(0x7f4d58038400 msgr2=0x7f4d5803a8b0 secure :-1 s=STATE_CONNECTION_ESTABLISHED l=1).mark_down
2024-05-04T11:56:07.119 INFO:teuthology.orchestra.run.smithi059.stdout:/usr/bin/ceph: stderr
2024-05-04T11:56:06.505+0000 7f4d734f6700 1 --2- 172.21.15.59:0/377269709 >> [v2:172.21.15.59:6800/4263387005,v1:172.21.15.59:6801/4263387005] conn(0x7f4d58038400 0x7f4d5803a8b0 secure :-1 s=READY pgs=16 cs=0 l=1 rev1=1 crypto rx=0x7f4d5c006fd0 tx=0x7f4d5c006e40 comp rx=0 tx=0).stop
2024-05-04T11:56:07.119 INFO:teuthology.orchestra.run.smithi059.stdout:/usr/bin/ceph: stderr
2024-05-04T11:56:06.505+0000 7f4d734f6700 1 -- 172.21.15.59:0/377269709 >> [v2:172.21.15.59:3300/0,v1:172.21.15.59:6789/0] conn(0x7f4d6c106640 msgr2=0x7f4d6c199910 secure :-1 s=STATE_CONNECTION_ESTABLISHED l=1).mark_down
2024-05-04T11:56:07.119 INFO:teuthology.orchestra.run.smithi059.stdout:/usr/bin/ceph: stderr
2024-05-04T11:56:06.505+0000 7f4d734f6700 1 --2- 172.21.15.59:0/377269709 >> [v2:172.21.15.59:3300/0,v1:172.21.15.59:6789/0] conn(0x7f4d6c106640 0x7f4d6c199910 secure :-1 s=READY pgs=56 cs=0 l=1 rev1=1 crypto rx=0x7f4d68011670 tx=0x7f4d68011aa0 comp rx=0 tx=0).stop
2024-05-04T11:56:07.119 INFO:teuthology.orchestra.run.smithi059.stdout:/usr/bin/ceph: stderr
2024-05-04T11:56:06.505+0000 7f4d734f6700 1 -- 172.21.15.59:0/377269709 shutdown_connections
2024-05-04T11:56:07.119 INFO:teuthology.orchestra.run.smithi059.stdout:/usr/bin/ceph: stderr
2024-05-04T11:56:06.505+0000 7f4d734f6700 1 --2- 172.21.15.59:0/377269709 >> [v2:172.21.15.59:6800/4263387005,v1:172.21.15.59:6801/4263387005] conn(0x7f4d58038400 0x7f4d5803a8b0 unknown :-1 s=CLOSED pgs=16 cs=0 l=1 rev1=1 crypto rx=0 tx=0 comp rx=0 tx=0).stop
2024-05-04T11:56:07.119 INFO:teuthology.orchestra.run.smithi059.stdout:/usr/bin/ceph: stderr
2024-05-04T11:56:06.505+0000 7f4d734f6700 1 --2- 172.21.15.59:0/377269709 >> [v2:172.21.15.59:3300/0,v1:172.21.15.59:6789/0] conn(0x7f4d6c106640 0x7f4d6c199910 unknown :-1 s=CLOSED pgs=56 cs=0 l=1 rev1=1 crypto rx=0 tx=0 comp rx=0 tx=0).stop
2024-05-04T11:56:07.119 INFO:teuthology.orchestra.run.smithi059.stdout:/usr/bin/ceph: stderr
2024-05-04T11:56:06.505+0000 7f4d734f6700 1 -- 172.21.15.59:0/377269709 >> 172.21.15.59:0/377269709 conn(0x7f4d6c100060 msgr2=0x7f4d6c1017b0 unknown :-1 s=STATE_NONE l=0).mark_down
2024-05-04T11:56:07.120 INFO:teuthology.orchestra.run.smithi059.stdout:/usr/bin/ceph: stderr
2024-05-04T11:56:06.505+0000 7f4d734f6700 1 -- 172.21.15.59:0/377269709 shutdown_connections
2024-05-04T11:56:07.120 INFO:teuthology.orchestra.run.smithi059.stdout:/usr/bin/ceph: stderr
2024-05-04T11:56:06.506+0000 7f4d734f6700 1 -- 172.21.15.59:0/377269709 wait complete.
2024-05-04T11:56:07.120 INFO:teuthology.orchestra.run.smithi059.stdout:Deploying grafana service with default placement...
2024-05-04T11:56:07.669 INFO:journalctl@ceph.mon.smithi059.smithi059.stdout:May 04 11:56:07 smithi059 ceph-mon[27233]: from='client.14150 -' entity='client.admin' cmd=[{"prefix": "orch apply", "service_type": "prometheus", "target": ["mon-mgr", ""]}]: dispatch
2024-05-04T11:56:07.669 INFO:journalctl@ceph.mon.smithi059.smithi059.stdout:May 04 11:56:07 smithi059 ceph-mon[27233]: Saving service prometheus spec with placement count:1
2024-05-04T11:56:07.669 INFO:journalctl@ceph.mon.smithi059.smithi059.stdout:May 04 11:56:07 smithi059 ceph-mon[27233]: from='mgr.14120 172.21.15.59:0/2767090094' entity='mgr.smithi059.crngxk'
2024-05-04T11:56:08.876 INFO:teuthology.orchestra.run.smithi059.stdout:/usr/bin/ceph: stdout Scheduled grafana update...
2024-05-04T11:56:08.876 INFO:teuthology.orchestra.run.smithi059.stdout:/usr/bin/ceph: stderr
2024-05-04T11:56:07.982+0000 7f9d11f88700 1 Processor -- start
2024-05-04T11:56:08.876 INFO:teuthology.orchestra.run.smithi059.stdout:/usr/bin/ceph: stderr
2024-05-04T11:56:07.982+0000 7f9d11f88700 1 -- start start
2024-05-04T11:56:08.877 INFO:teuthology.orchestra.run.smithi059.stdout:/usr/bin/ceph: stderr
2024-05-04T11:56:07.982+0000 7f9d11f88700 1 --2- >> [v2:172.21.15.59:3300/0,v1:172.21.15.59:6789/0] conn(0x7f9d0c104a30 0x7f9d0c104e40 unknown :-1 s=NONE pgs=0 cs=0 l=0 rev1=0 crypto rx=0 tx=0 comp rx=0 tx=0).connect
2024-05-04T11:56:08.877 INFO:teuthology.orchestra.run.smithi059.stdout:/usr/bin/ceph: stderr
2024-05-04T11:56:07.982+0000 7f9d11f88700 1 -- --> [v2:172.21.15.59:3300/0,v1:172.21.15.59:6789/0] -- mon_getmap magic: 0 v1 -- 0x7f9d0c105380 con 0x7f9d0c104a30
2024-05-04T11:56:08.877 INFO:teuthology.orchestra.run.smithi059.stdout:/usr/bin/ceph: stderr
2024-05-04T11:56:07.983+0000 7f9d0b7fe700 1 --2- >> [v2:172.21.15.59:3300/0,v1:172.21.15.59:6789/0] conn(0x7f9d0c104a30 0x7f9d0c104e40 unknown :-1 s=BANNER_CONNECTING pgs=0 cs=0 l=0 rev1=0 crypto rx=0 tx=0 comp rx=0 tx=0)._handle_peer_banner_payload supported=3 required=0
2024-05-04T11:56:08.877 INFO:teuthology.orchestra.run.smithi059.stdout:/usr/bin/ceph: stderr
2024-05-04T11:56:07.983+0000 7f9d0b7fe700 1 --2- >> [v2:172.21.15.59:3300/0,v1:172.21.15.59:6789/0] conn(0x7f9d0c104a30 0x7f9d0c104e40 unknown :-1 s=HELLO_CONNECTING pgs=0 cs=0 l=0 rev1=1 crypto rx=0 tx=0 comp rx=0 tx=0).handle_hello peer v2:172.21.15.59:3300/0 says I am v2:172.21.15.59:54152/0 (socket says 172.21.15.59:54152)
2024-05-04T11:56:08.877 INFO:teuthology.orchestra.run.smithi059.stdout:/usr/bin/ceph: stderr
2024-05-04T11:56:07.983+0000 7f9d0b7fe700 1 -- 172.21.15.59:0/3412312169 learned_addr learned my addr 172.21.15.59:0/3412312169 (peer_addr_for_me v2:172.21.15.59:0/0)
2024-05-04T11:56:08.877 INFO:teuthology.orchestra.run.smithi059.stdout:/usr/bin/ceph: stderr
2024-05-04T11:56:07.983+0000 7f9d0b7fe700 1 -- 172.21.15.59:0/3412312169 --> [v2:172.21.15.59:3300/0,v1:172.21.15.59:6789/0] -- mon_subscribe({config=0+,monmap=0+}) v3 -- 0x7f9d0c1054c0 con 0x7f9d0c104a30
2024-05-04T11:56:08.877 INFO:teuthology.orchestra.run.smithi059.stdout:/usr/bin/ceph: stderr
2024-05-04T11:56:07.983+0000 7f9d0b7fe700 1 --2- 172.21.15.59:0/3412312169 >> [v2:172.21.15.59:3300/0,v1:172.21.15.59:6789/0] conn(0x7f9d0c104a30 0x7f9d0c104e40 secure :-1 s=READY pgs=57 cs=0 l=1 rev1=1 crypto rx=0x7f9cf40098a0 tx=0x7f9cf4009bb0 comp rx=0 tx=0).ready entity=mon.0 client_cookie=fb4408bdf22794cb server_cookie=0 in_seq=0 out_seq=0
2024-05-04T11:56:08.877 INFO:teuthology.orchestra.run.smithi059.stdout:/usr/bin/ceph: stderr
2024-05-04T11:56:07.983+0000 7f9d0a7fc700 1 -- 172.21.15.59:0/3412312169 <== mon.0 v2:172.21.15.59:3300/0 1 ==== mon_map magic: 0 v1 ==== 229+0+0 (secure 0 0 0) 0x7f9cf4004180 con 0x7f9d0c104a30
2024-05-04T11:56:08.877 INFO:teuthology.orchestra.run.smithi059.stdout:/usr/bin/ceph: stderr
2024-05-04T11:56:07.983+0000 7f9d0a7fc700 1 -- 172.21.15.59:0/3412312169 <== mon.0 v2:172.21.15.59:3300/0 2 ==== config(27 keys) v1 ==== 1101+0+0 (secure 0 0 0) 0x7f9cf40042e0 con 0x7f9d0c104a30
2024-05-04T11:56:08.877 INFO:teuthology.orchestra.run.smithi059.stdout:/usr/bin/ceph: stderr
2024-05-04T11:56:07.983+0000 7f9d0a7fc700 1 -- 172.21.15.59:0/3412312169 <== mon.0 v2:172.21.15.59:3300/0 3 ==== mon_map magic: 0 v1 ==== 229+0+0 (secure 0 0 0) 0x7f9cf4011af0 con 0x7f9d0c104a30
2024-05-04T11:56:08.877 INFO:teuthology.orchestra.run.smithi059.stdout:/usr/bin/ceph: stderr
2024-05-04T11:56:07.984+0000 7f9d11f88700 1 -- 172.21.15.59:0/3412312169 >> [v2:172.21.15.59:3300/0,v1:172.21.15.59:6789/0] conn(0x7f9d0c104a30 msgr2=0x7f9d0c104e40 secure :-1 s=STATE_CONNECTION_ESTABLISHED l=1).mark_down
2024-05-04T11:56:08.877 INFO:teuthology.orchestra.run.smithi059.stdout:/usr/bin/ceph: stderr
2024-05-04T11:56:07.984+0000 7f9d11f88700 1 --2- 172.21.15.59:0/3412312169 >> [v2:172.21.15.59:3300/0,v1:172.21.15.59:6789/0] conn(0x7f9d0c104a30 0x7f9d0c104e40 secure :-1 s=READY pgs=57 cs=0 l=1 rev1=1 crypto rx=0x7f9cf40098a0 tx=0x7f9cf4009bb0 comp rx=0 tx=0).stop
2024-05-04T11:56:08.877 INFO:teuthology.orchestra.run.smithi059.stdout:/usr/bin/ceph: stderr
2024-05-04T11:56:07.984+0000 7f9d11f88700 1 -- 172.21.15.59:0/3412312169 shutdown_connections
2024-05-04T11:56:08.878 INFO:teuthology.orchestra.run.smithi059.stdout:/usr/bin/ceph: stderr
2024-05-04T11:56:07.984+0000 7f9d11f88700 1 --2- 172.21.15.59:0/3412312169 >> [v2:172.21.15.59:3300/0,v1:172.21.15.59:6789/0] conn(0x7f9d0c104a30 0x7f9d0c104e40 unknown :-1 s=CLOSED pgs=57 cs=0 l=1 rev1=1 crypto rx=0 tx=0 comp rx=0 tx=0).stop
2024-05-04T11:56:08.878 INFO:teuthology.orchestra.run.smithi059.stdout:/usr/bin/ceph: stderr
2024-05-04T11:56:07.984+0000 7f9d11f88700 1 -- 172.21.15.59:0/3412312169 >> 172.21.15.59:0/3412312169 conn(0x7f9d0c100060 msgr2=0x7f9d0c1024b0 unknown :-1 s=STATE_NONE l=0).mark_down
2024-05-04T11:56:08.878 INFO:teuthology.orchestra.run.smithi059.stdout:/usr/bin/ceph: stderr
2024-05-04T11:56:07.984+0000 7f9d11f88700 1 -- 172.21.15.59:0/3412312169 shutdown_connections
2024-05-04T11:56:08.878 INFO:teuthology.orchestra.run.smithi059.stdout:/usr/bin/ceph: stderr
2024-05-04T11:56:07.984+0000 7f9d11f88700 1 -- 172.21.15.59:0/3412312169 wait complete.
2024-05-04T11:56:08.878 INFO:teuthology.orchestra.run.smithi059.stdout:/usr/bin/ceph: stderr
2024-05-04T11:56:07.985+0000 7f9d11f88700 1 Processor -- start
2024-05-04T11:56:08.878 INFO:teuthology.orchestra.run.smithi059.stdout:/usr/bin/ceph: stderr
2024-05-04T11:56:07.985+0000 7f9d11f88700 1 -- start start
2024-05-04T11:56:08.878 INFO:teuthology.orchestra.run.smithi059.stdout:/usr/bin/ceph: stderr
2024-05-04T11:56:07.985+0000 7f9d11f88700 1 --2- >> [v2:172.21.15.59:3300/0,v1:172.21.15.59:6789/0] conn(0x7f9d0c104a30 0x7f9d0c079b20 unknown :-1 s=NONE pgs=0 cs=0 l=1 rev1=0 crypto rx=0 tx=0 comp rx=0 tx=0).connect
2024-05-04T11:56:08.878 INFO:teuthology.orchestra.run.smithi059.stdout:/usr/bin/ceph: stderr
2024-05-04T11:56:07.985+0000 7f9d11f88700 1 -- --> [v2:172.21.15.59:3300/0,v1:172.21.15.59:6789/0] -- mon_getmap magic: 0 v1 -- 0x7f9d0c19c640 con 0x7f9d0c104a30
2024-05-04T11:56:08.878 INFO:teuthology.orchestra.run.smithi059.stdout:/usr/bin/ceph: stderr
2024-05-04T11:56:07.985+0000 7f9d0b7fe700 1 --2- >> [v2:172.21.15.59:3300/0,v1:172.21.15.59:6789/0] conn(0x7f9d0c104a30 0x7f9d0c079b20 unknown :-1 s=BANNER_CONNECTING pgs=0 cs=0 l=1 rev1=0 crypto rx=0 tx=0 comp rx=0 tx=0)._handle_peer_banner_payload supported=3 required=0
2024-05-04T11:56:08.878 INFO:teuthology.orchestra.run.smithi059.stdout:/usr/bin/ceph: stderr
2024-05-04T11:56:07.985+0000 7f9d0b7fe700 1 --2- >> [v2:172.21.15.59:3300/0,v1:172.21.15.59:6789/0] conn(0x7f9d0c104a30 0x7f9d0c079b20 unknown :-1 s=HELLO_CONNECTING pgs=0 cs=0 l=1 rev1=1 crypto rx=0 tx=0 comp rx=0 tx=0).handle_hello peer v2:172.21.15.59:3300/0 says I am v2:172.21.15.59:54154/0 (socket says 172.21.15.59:54154)
2024-05-04T11:56:08.878 INFO:teuthology.orchestra.run.smithi059.stdout:/usr/bin/ceph: stderr
2024-05-04T11:56:07.985+0000 7f9d0b7fe700 1 -- 172.21.15.59:0/2906932105 learned_addr learned my addr 172.21.15.59:0/2906932105 (peer_addr_for_me v2:172.21.15.59:0/0)
2024-05-04T11:56:08.878 INFO:teuthology.orchestra.run.smithi059.stdout:/usr/bin/ceph: stderr
2024-05-04T11:56:07.985+0000 7f9d0b7fe700 1 -- 172.21.15.59:0/2906932105 --> [v2:172.21.15.59:3300/0,v1:172.21.15.59:6789/0] -- mon_subscribe({config=0+,monmap=0+}) v3 -- 0x7f9cf4009550 con 0x7f9d0c104a30
2024-05-04T11:56:08.878 INFO:teuthology.orchestra.run.smithi059.stdout:/usr/bin/ceph: stderr
2024-05-04T11:56:07.986+0000 7f9d0b7fe700 1 --2- 172.21.15.59:0/2906932105 >> [v2:172.21.15.59:3300/0,v1:172.21.15.59:6789/0] conn(0x7f9d0c104a30 0x7f9d0c079b20 secure :-1 s=READY pgs=58 cs=0 l=1 rev1=1 crypto rx=0x7f9cf4011670 tx=0x7f9cf4011b50 comp rx=0 tx=0).ready entity=mon.0 client_cookie=0 server_cookie=0 in_seq=0 out_seq=0
2024-05-04T11:56:08.878 INFO:teuthology.orchestra.run.smithi059.stdout:/usr/bin/ceph: stderr
2024-05-04T11:56:07.986+0000 7f9d08ff9700 1 -- 172.21.15.59:0/2906932105 <== mon.0 v2:172.21.15.59:3300/0 1 ==== mon_map magic: 0 v1 ==== 229+0+0 (secure 0 0 0) 0x7f9cf4003a40 con 0x7f9d0c104a30
2024-05-04T11:56:08.879 INFO:teuthology.orchestra.run.smithi059.stdout:/usr/bin/ceph: stderr
2024-05-04T11:56:07.986+0000 7f9d08ff9700 1 -- 172.21.15.59:0/2906932105 <== mon.0 v2:172.21.15.59:3300/0 2 ==== config(27 keys) v1 ==== 1101+0+0 (secure 0 0 0) 0x7f9cf4003ba0 con 0x7f9d0c104a30
2024-05-04T11:56:08.879 INFO:teuthology.orchestra.run.smithi059.stdout:/usr/bin/ceph: stderr
2024-05-04T11:56:07.986+0000 7f9d11f88700 1 -- 172.21.15.59:0/2906932105 --> [v2:172.21.15.59:3300/0,v1:172.21.15.59:6789/0] -- mon_subscribe({mgrmap=0+}) v3 -- 0x7f9d0c19c780 con 0x7f9d0c104a30
2024-05-04T11:56:08.879 INFO:teuthology.orchestra.run.smithi059.stdout:/usr/bin/ceph: stderr
2024-05-04T11:56:07.986+0000 7f9d08ff9700 1 -- 172.21.15.59:0/2906932105 <== mon.0 v2:172.21.15.59:3300/0 3 ==== mon_map magic: 0 v1 ==== 229+0+0 (secure 0 0 0) 0x7f9cf4024790 con 0x7f9d0c104a30
2024-05-04T11:56:08.879 INFO:teuthology.orchestra.run.smithi059.stdout:/usr/bin/ceph: stderr
2024-05-04T11:56:07.986+0000 7f9d11f88700 1 -- 172.21.15.59:0/2906932105 --> [v2:172.21.15.59:3300/0,v1:172.21.15.59:6789/0] -- mon_subscribe({osdmap=0}) v3 -- 0x7f9d0c19cba0 con 0x7f9d0c104a30
2024-05-04T11:56:08.879 INFO:teuthology.orchestra.run.smithi059.stdout:/usr/bin/ceph: stderr
2024-05-04T11:56:07.987+0000 7f9d08ff9700 1 -- 172.21.15.59:0/2906932105 <== mon.0 v2:172.21.15.59:3300/0 4 ==== mgrmap(e 8) v1 ==== 45084+0+0 (secure 0 0 0) 0x7f9cf402d3f0 con 0x7f9d0c104a30
2024-05-04T11:56:08.879 INFO:teuthology.orchestra.run.smithi059.stdout:/usr/bin/ceph: stderr
2024-05-04T11:56:07.987+0000 7f9d08ff9700 1 --2- 172.21.15.59:0/2906932105 >> [v2:172.21.15.59:6800/4263387005,v1:172.21.15.59:6801/4263387005] conn(0x7f9cf8038440 0x7f9cf803a8f0 unknown :-1 s=NONE pgs=0 cs=0 l=1 rev1=0 crypto rx=0 tx=0 comp rx=0 tx=0).connect
2024-05-04T11:56:08.879 INFO:teuthology.orchestra.run.smithi059.stdout:/usr/bin/ceph: stderr
2024-05-04T11:56:07.987+0000 7f9d08ff9700 1 -- 172.21.15.59:0/2906932105 <== mon.0 v2:172.21.15.59:3300/0 5 ==== osd_map(2..2 src has 1..2) v4 ==== 940+0+0 (secure 0 0 0) 0x7f9cf404c480 con 0x7f9d0c104a30
2024-05-04T11:56:08.879 INFO:teuthology.orchestra.run.smithi059.stdout:/usr/bin/ceph: stderr
2024-05-04T11:56:07.987+0000 7f9d11f88700 1 -- 172.21.15.59:0/2906932105 --> [v2:172.21.15.59:3300/0,v1:172.21.15.59:6789/0] -- mon_command({"prefix": "get_command_descriptions"} v 0) v1 -- 0x7f9d0c062380 con 0x7f9d0c104a30
2024-05-04T11:56:08.879 INFO:teuthology.orchestra.run.smithi059.stdout:/usr/bin/ceph: stderr
2024-05-04T11:56:07.987+0000 7f9d0affd700 1 --2- 172.21.15.59:0/2906932105 >> [v2:172.21.15.59:6800/4263387005,v1:172.21.15.59:6801/4263387005] conn(0x7f9cf8038440 0x7f9cf803a8f0 unknown :-1 s=BANNER_CONNECTING pgs=0 cs=0 l=1 rev1=0 crypto rx=0 tx=0 comp rx=0 tx=0)._handle_peer_banner_payload supported=3 required=0
2024-05-04T11:56:08.879 INFO:teuthology.orchestra.run.smithi059.stdout:/usr/bin/ceph: stderr
2024-05-04T11:56:07.987+0000 7f9d0affd700 1 --2- 172.21.15.59:0/2906932105 >> [v2:172.21.15.59:6800/4263387005,v1:172.21.15.59:6801/4263387005] conn(0x7f9cf8038440 0x7f9cf803a8f0 secure :-1 s=READY pgs=17 cs=0 l=1 rev1=1 crypto rx=0x7f9cfc006fd0 tx=0x7f9cfc006e40 comp rx=0 tx=0).ready entity=mgr.14120 client_cookie=0 server_cookie=0 in_seq=0 out_seq=0
2024-05-04T11:56:08.879 INFO:teuthology.orchestra.run.smithi059.stdout:/usr/bin/ceph: stderr
2024-05-04T11:56:07.992+0000 7f9d08ff9700 1 -- 172.21.15.59:0/2906932105 <== mon.0 v2:172.21.15.59:3300/0 6 ==== mon_command_ack([{"prefix": "get_command_descriptions"}]=0 v0) v1 ==== 72+0+177933 (secure 0 0 0) 0x7f9cf4019460 con 0x7f9d0c104a30
2024-05-04T11:56:08.879 INFO:teuthology.orchestra.run.smithi059.stdout:/usr/bin/ceph: stderr
2024-05-04T11:56:08.207+0000 7f9d11f88700 1 -- 172.21.15.59:0/2906932105 --> [v2:172.21.15.59:6800/4263387005,v1:172.21.15.59:6801/4263387005] -- mgr_command(tid 0: {"prefix": "orch apply", "service_type": "grafana", "target": ["mon-mgr", ""]}) v1 -- 0x7f9d0c1023f0 con 0x7f9cf8038440
2024-05-04T11:56:08.879 INFO:teuthology.orchestra.run.smithi059.stdout:/usr/bin/ceph: stderr
2024-05-04T11:56:08.211+0000 7f9d08ff9700 1 -- 172.21.15.59:0/2906932105 <== mgr.14120 v2:172.21.15.59:6800/4263387005 1 ==== mgr_command_reply(tid 0: 0 ) v1 ==== 8+0+28 (secure 0 0 0) 0x7f9d0c1023f0 con 0x7f9cf8038440
2024-05-04T11:56:08.879 INFO:teuthology.orchestra.run.smithi059.stdout:/usr/bin/ceph: stderr
2024-05-04T11:56:08.213+0000 7f9d11f88700 1 -- 172.21.15.59:0/2906932105 >> [v2:172.21.15.59:6800/4263387005,v1:172.21.15.59:6801/4263387005] conn(0x7f9cf8038440 msgr2=0x7f9cf803a8f0 secure :-1 s=STATE_CONNECTION_ESTABLISHED l=1).mark_down
2024-05-04T11:56:08.880 INFO:teuthology.orchestra.run.smithi059.stdout:/usr/bin/ceph: stderr
2024-05-04T11:56:08.213+0000 7f9d11f88700 1 --2- 172.21.15.59:0/2906932105 >> [v2:172.21.15.59:6800/4263387005,v1:172.21.15.59:6801/4263387005] conn(0x7f9cf8038440 0x7f9cf803a8f0 secure :-1 s=READY pgs=17 cs=0 l=1 rev1=1 crypto rx=0x7f9cfc006fd0 tx=0x7f9cfc006e40 comp rx=0 tx=0).stop
2024-05-04T11:56:08.880 INFO:teuthology.orchestra.run.smithi059.stdout:/usr/bin/ceph: stderr
2024-05-04T11:56:08.213+0000 7f9d11f88700 1 -- 172.21.15.59:0/2906932105 >> [v2:172.21.15.59:3300/0,v1:172.21.15.59:6789/0] conn(0x7f9d0c104a30 msgr2=0x7f9d0c079b20 secure :-1 s=STATE_CONNECTION_ESTABLISHED l=1).mark_down
2024-05-04T11:56:08.880 INFO:teuthology.orchestra.run.smithi059.stdout:/usr/bin/ceph: stderr
2024-05-04T11:56:08.213+0000 7f9d11f88700 1 --2- 172.21.15.59:0/2906932105 >> [v2:172.21.15.59:3300/0,v1:172.21.15.59:6789/0] conn(0x7f9d0c104a30 0x7f9d0c079b20 secure :-1 s=READY pgs=58 cs=0 l=1 rev1=1 crypto rx=0x7f9cf4011670 tx=0x7f9cf4011b50 comp rx=0 tx=0).stop
2024-05-04T11:56:08.880 INFO:teuthology.orchestra.run.smithi059.stdout:/usr/bin/ceph: stderr
2024-05-04T11:56:08.213+0000 7f9d11f88700 1 -- 172.21.15.59:0/2906932105 shutdown_connections
2024-05-04T11:56:08.880 INFO:teuthology.orchestra.run.smithi059.stdout:/usr/bin/ceph: stderr
2024-05-04T11:56:08.213+0000 7f9d11f88700 1 --2- 172.21.15.59:0/2906932105 >> [v2:172.21.15.59:6800/4263387005,v1:172.21.15.59:6801/4263387005] conn(0x7f9cf8038440 0x7f9cf803a8f0 unknown :-1 s=CLOSED pgs=17 cs=0 l=1 rev1=1 crypto rx=0 tx=0 comp rx=0 tx=0).stop
2024-05-04T11:56:08.880 INFO:teuthology.orchestra.run.smithi059.stdout:/usr/bin/ceph: stderr
2024-05-04T11:56:08.213+0000 7f9d11f88700 1 --2- 172.21.15.59:0/2906932105 >> [v2:172.21.15.59:3300/0,v1:172.21.15.59:6789/0] conn(0x7f9d0c104a30 0x7f9d0c079b20 unknown :-1 s=CLOSED pgs=58 cs=0 l=1 rev1=1 crypto rx=0 tx=0 comp rx=0 tx=0).stop
2024-05-04T11:56:08.880 INFO:teuthology.orchestra.run.smithi059.stdout:/usr/bin/ceph: stderr
2024-05-04T11:56:08.213+0000 7f9d11f88700 1 -- 172.21.15.59:0/2906932105 >> 172.21.15.59:0/2906932105 conn(0x7f9d0c100060 msgr2=0x7f9d0c1017d0 unknown :-1 s=STATE_NONE l=0).mark_down
2024-05-04T11:56:08.880 INFO:teuthology.orchestra.run.smithi059.stdout:/usr/bin/ceph: stderr
2024-05-04T11:56:08.214+0000 7f9d11f88700 1 -- 172.21.15.59:0/2906932105 shutdown_connections
2024-05-04T11:56:08.880 INFO:teuthology.orchestra.run.smithi059.stdout:/usr/bin/ceph: stderr
2024-05-04T11:56:08.214+0000 7f9d11f88700 1 -- 172.21.15.59:0/2906932105 wait complete.
2024-05-04T11:56:08.880 INFO:teuthology.orchestra.run.smithi059.stdout:Deploying node-exporter service with default placement...
2024-05-04T11:56:09.541 INFO:journalctl@ceph.mon.smithi059.smithi059.stdout:May 04 11:56:09 smithi059 ceph-mon[27233]: from='client.14152 -' entity='client.admin' cmd=[{"prefix": "orch apply", "service_type": "grafana", "target": ["mon-mgr", ""]}]: dispatch
2024-05-04T11:56:09.542 INFO:journalctl@ceph.mon.smithi059.smithi059.stdout:May 04 11:56:09 smithi059 ceph-mon[27233]: Saving service grafana spec with placement count:1
2024-05-04T11:56:09.542 INFO:journalctl@ceph.mon.smithi059.smithi059.stdout:May 04 11:56:09 smithi059 ceph-mon[27233]: from='mgr.14120 172.21.15.59:0/2767090094' entity='mgr.smithi059.crngxk'
2024-05-04T11:56:10.103 INFO:teuthology.orchestra.run.smithi059.stdout:/usr/bin/ceph: stdout Scheduled node-exporter update...
2024-05-04T11:56:10.104 INFO:teuthology.orchestra.run.smithi059.stdout:/usr/bin/ceph: stderr
2024-05-04T11:56:09.323+0000 7f9e32d8d700 1 Processor -- start
2024-05-04T11:56:10.104 INFO:teuthology.orchestra.run.smithi059.stdout:/usr/bin/ceph: stderr
2024-05-04T11:56:09.323+0000 7f9e32d8d700 1 -- start start
2024-05-04T11:56:10.104 INFO:teuthology.orchestra.run.smithi059.stdout:/usr/bin/ceph: stderr
2024-05-04T11:56:09.323+0000 7f9e32d8d700 1 --2- >> [v2:172.21.15.59:3300/0,v1:172.21.15.59:6789/0] conn(0x7f9e2c105b10 0x7f9e2c105f20 unknown :-1 s=NONE pgs=0 cs=0 l=0 rev1=0 crypto rx=0 tx=0 comp rx=0 tx=0).connect
2024-05-04T11:56:10.104 INFO:teuthology.orchestra.run.smithi059.stdout:/usr/bin/ceph: stderr
2024-05-04T11:56:09.323+0000 7f9e32d8d700 1 -- --> [v2:172.21.15.59:3300/0,v1:172.21.15.59:6789/0] -- mon_getmap magic: 0 v1 -- 0x7f9e2c106460 con 0x7f9e2c105b10
2024-05-04T11:56:10.104 INFO:teuthology.orchestra.run.smithi059.stdout:/usr/bin/ceph: stderr
2024-05-04T11:56:09.323+0000 7f9e30b29700 1 --2- >> [v2:172.21.15.59:3300/0,v1:172.21.15.59:6789/0] conn(0x7f9e2c105b10 0x7f9e2c105f20 unknown :-1 s=BANNER_CONNECTING pgs=0 cs=0 l=0 rev1=0 crypto rx=0 tx=0 comp rx=0 tx=0)._handle_peer_banner_payload supported=3 required=0
2024-05-04T11:56:10.104 INFO:teuthology.orchestra.run.smithi059.stdout:/usr/bin/ceph: stderr
2024-05-04T11:56:09.323+0000 7f9e30b29700 1 --2- >> [v2:172.21.15.59:3300/0,v1:172.21.15.59:6789/0] conn(0x7f9e2c105b10 0x7f9e2c105f20 unknown :-1 s=HELLO_CONNECTING pgs=0 cs=0 l=0 rev1=1 crypto rx=0 tx=0 comp rx=0 tx=0).handle_hello peer v2:172.21.15.59:3300/0 says I am v2:172.21.15.59:54166/0 (socket says 172.21.15.59:54166)
2024-05-04T11:56:10.104 INFO:teuthology.orchestra.run.smithi059.stdout:/usr/bin/ceph: stderr
2024-05-04T11:56:09.323+0000 7f9e30b29700 1 -- 172.21.15.59:0/3639328866 learned_addr learned my addr 172.21.15.59:0/3639328866 (peer_addr_for_me v2:172.21.15.59:0/0)
2024-05-04T11:56:10.104 INFO:teuthology.orchestra.run.smithi059.stdout:/usr/bin/ceph: stderr
2024-05-04T11:56:09.324+0000 7f9e30b29700 1 -- 172.21.15.59:0/3639328866 --> [v2:172.21.15.59:3300/0,v1:172.21.15.59:6789/0] -- mon_subscribe({config=0+,monmap=0+}) v3 -- 0x7f9e2c1065a0 con 0x7f9e2c105b10
2024-05-04T11:56:10.104 INFO:teuthology.orchestra.run.smithi059.stdout:/usr/bin/ceph: stderr
2024-05-04T11:56:09.324+0000 7f9e30b29700 1 --2- 172.21.15.59:0/3639328866 >> [v2:172.21.15.59:3300/0,v1:172.21.15.59:6789/0] conn(0x7f9e2c105b10 0x7f9e2c105f20 secure :-1 s=READY pgs=59 cs=0 l=1 rev1=1 crypto rx=0x7f9e200098a0 tx=0x7f9e20009bb0 comp rx=0 tx=0).ready entity=mon.0 client_cookie=9c50436a41b5682b server_cookie=0 in_seq=0 out_seq=0
2024-05-04T11:56:10.104 INFO:teuthology.orchestra.run.smithi059.stdout:/usr/bin/ceph: stderr
2024-05-04T11:56:09.324+0000 7f9e2b7fe700 1 -- 172.21.15.59:0/3639328866 <== mon.0 v2:172.21.15.59:3300/0 1 ==== mon_map magic: 0 v1 ==== 229+0+0 (secure 0 0 0) 0x7f9e20004180 con 0x7f9e2c105b10
2024-05-04T11:56:10.104 INFO:teuthology.orchestra.run.smithi059.stdout:/usr/bin/ceph: stderr
2024-05-04T11:56:09.324+0000 7f9e2b7fe700 1 -- 172.21.15.59:0/3639328866 <== mon.0 v2:172.21.15.59:3300/0 2 ==== config(27 keys) v1 ==== 1101+0+0 (secure 0 0 0) 0x7f9e200042e0 con 0x7f9e2c105b10
2024-05-04T11:56:10.104 INFO:teuthology.orchestra.run.smithi059.stdout:/usr/bin/ceph: stderr
2024-05-04T11:56:09.324+0000 7f9e2b7fe700 1 -- 172.21.15.59:0/3639328866 <== mon.0 v2:172.21.15.59:3300/0 3 ==== mon_map magic: 0 v1 ==== 229+0+0 (secure 0 0 0) 0x7f9e20011af0 con 0x7f9e2c105b10
2024-05-04T11:56:10.105 INFO:teuthology.orchestra.run.smithi059.stdout:/usr/bin/ceph: stderr
2024-05-04T11:56:09.325+0000 7f9e32d8d700 1 -- 172.21.15.59:0/3639328866 >> [v2:172.21.15.59:3300/0,v1:172.21.15.59:6789/0] conn(0x7f9e2c105b10 msgr2=0x7f9e2c105f20 secure :-1 s=STATE_CONNECTION_ESTABLISHED l=1).mark_down
2024-05-04T11:56:10.105 INFO:teuthology.orchestra.run.smithi059.stdout:/usr/bin/ceph: stderr
2024-05-04T11:56:09.325+0000 7f9e32d8d700 1 --2- 172.21.15.59:0/3639328866 >> [v2:172.21.15.59:3300/0,v1:172.21.15.59:6789/0] conn(0x7f9e2c105b10 0x7f9e2c105f20 secure :-1 s=READY pgs=59 cs=0 l=1 rev1=1 crypto rx=0x7f9e200098a0 tx=0x7f9e20009bb0 comp rx=0 tx=0).stop
2024-05-04T11:56:10.105 INFO:teuthology.orchestra.run.smithi059.stdout:/usr/bin/ceph: stderr
2024-05-04T11:56:09.325+0000 7f9e32d8d700 1 -- 172.21.15.59:0/3639328866 shutdown_connections
2024-05-04T11:56:10.105 INFO:teuthology.orchestra.run.smithi059.stdout:/usr/bin/ceph: stderr
2024-05-04T11:56:09.325+0000 7f9e32d8d700 1 --2- 172.21.15.59:0/3639328866 >> [v2:172.21.15.59:3300/0,v1:172.21.15.59:6789/0] conn(0x7f9e2c105b10 0x7f9e2c105f20 unknown :-1 s=CLOSED pgs=59 cs=0 l=1 rev1=1 crypto rx=0 tx=0 comp rx=0 tx=0).stop
2024-05-04T11:56:10.105 INFO:teuthology.orchestra.run.smithi059.stdout:/usr/bin/ceph: stderr
2024-05-04T11:56:09.325+0000 7f9e32d8d700 1 -- 172.21.15.59:0/3639328866 >> 172.21.15.59:0/3639328866 conn(0x7f9e2c101180 msgr2=0x7f9e2c103590 unknown :-1 s=STATE_NONE l=0).mark_down
2024-05-04T11:56:10.105 INFO:teuthology.orchestra.run.smithi059.stdout:/usr/bin/ceph: stderr
2024-05-04T11:56:09.325+0000 7f9e32d8d700 1 -- 172.21.15.59:0/3639328866 shutdown_connections
2024-05-04T11:56:10.105 INFO:teuthology.orchestra.run.smithi059.stdout:/usr/bin/ceph: stderr
2024-05-04T11:56:09.325+0000 7f9e32d8d700 1 -- 172.21.15.59:0/3639328866 wait complete.
2024-05-04T11:56:10.105 INFO:teuthology.orchestra.run.smithi059.stdout:/usr/bin/ceph: stderr
2024-05-04T11:56:09.325+0000 7f9e32d8d700 1 Processor -- start
2024-05-04T11:56:10.105 INFO:teuthology.orchestra.run.smithi059.stdout:/usr/bin/ceph: stderr
2024-05-04T11:56:09.325+0000 7f9e32d8d700 1 -- start start
2024-05-04T11:56:10.105 INFO:teuthology.orchestra.run.smithi059.stdout:/usr/bin/ceph: stderr
2024-05-04T11:56:09.326+0000 7f9e32d8d700 1 --2- >> [v2:172.21.15.59:3300/0,v1:172.21.15.59:6789/0] conn(0x7f9e2c105b10 0x7f9e2c07bc40 unknown :-1 s=NONE pgs=0 cs=0 l=1 rev1=0 crypto rx=0 tx=0 comp rx=0 tx=0).connect
2024-05-04T11:56:10.105 INFO:teuthology.orchestra.run.smithi059.stdout:/usr/bin/ceph: stderr
2024-05-04T11:56:09.326+0000 7f9e32d8d700 1 -- --> [v2:172.21.15.59:3300/0,v1:172.21.15.59:6789/0] -- mon_getmap magic: 0 v1 -- 0x7f9e2c07c180 con 0x7f9e2c105b10
2024-05-04T11:56:10.105 INFO:teuthology.orchestra.run.smithi059.stdout:/usr/bin/ceph: stderr
2024-05-04T11:56:09.326+0000 7f9e30b29700 1 --2- >> [v2:172.21.15.59:3300/0,v1:172.21.15.59:6789/0] conn(0x7f9e2c105b10 0x7f9e2c07bc40 unknown :-1 s=BANNER_CONNECTING pgs=0 cs=0 l=1 rev1=0 crypto rx=0 tx=0 comp rx=0 tx=0)._handle_peer_banner_payload supported=3 required=0
2024-05-04T11:56:10.105 INFO:teuthology.orchestra.run.smithi059.stdout:/usr/bin/ceph: stderr
2024-05-04T11:56:09.326+0000 7f9e30b29700 1 --2- >> [v2:172.21.15.59:3300/0,v1:172.21.15.59:6789/0] conn(0x7f9e2c105b10 0x7f9e2c07bc40 unknown :-1 s=HELLO_CONNECTING pgs=0 cs=0 l=1 rev1=1 crypto rx=0 tx=0 comp rx=0 tx=0).handle_hello peer v2:172.21.15.59:3300/0 says I am v2:172.21.15.59:54170/0 (socket says 172.21.15.59:54170)
2024-05-04T11:56:10.105 INFO:teuthology.orchestra.run.smithi059.stdout:/usr/bin/ceph: stderr
2024-05-04T11:56:09.326+0000 7f9e30b29700 1 -- 172.21.15.59:0/3111503631 learned_addr learned my addr 172.21.15.59:0/3111503631 (peer_addr_for_me v2:172.21.15.59:0/0)
2024-05-04T11:56:10.105 INFO:teuthology.orchestra.run.smithi059.stdout:/usr/bin/ceph: stderr
2024-05-04T11:56:09.326+0000 7f9e30b29700 1 -- 172.21.15.59:0/3111503631 --> [v2:172.21.15.59:3300/0,v1:172.21.15.59:6789/0] -- mon_subscribe({config=0+,monmap=0+}) v3 -- 0x7f9e20009550 con 0x7f9e2c105b10
2024-05-04T11:56:10.106 INFO:teuthology.orchestra.run.smithi059.stdout:/usr/bin/ceph: stderr
2024-05-04T11:56:09.326+0000 7f9e30b29700 1 --2- 172.21.15.59:0/3111503631 >> [v2:172.21.15.59:3300/0,v1:172.21.15.59:6789/0] conn(0x7f9e2c105b10 0x7f9e2c07bc40 secure :-1 s=READY pgs=60 cs=0 l=1 rev1=1 crypto rx=0x7f9e20006ba0 tx=0x7f9e20011b50 comp rx=0 tx=0).ready entity=mon.0 client_cookie=0 server_cookie=0 in_seq=0 out_seq=0
2024-05-04T11:56:10.106 INFO:teuthology.orchestra.run.smithi059.stdout:/usr/bin/ceph: stderr
2024-05-04T11:56:09.326+0000 7f9e29ffb700 1 -- 172.21.15.59:0/3111503631 <== mon.0 v2:172.21.15.59:3300/0 1 ==== mon_map magic: 0 v1 ==== 229+0+0 (secure 0 0 0) 0x7f9e20003b00 con 0x7f9e2c105b10
2024-05-04T11:56:10.106 INFO:teuthology.orchestra.run.smithi059.stdout:/usr/bin/ceph: stderr
2024-05-04T11:56:09.326+0000 7f9e29ffb700 1 -- 172.21.15.59:0/3111503631 <== mon.0 v2:172.21.15.59:3300/0 2 ==== config(27 keys) v1 ==== 1101+0+0 (secure 0 0 0) 0x7f9e2001a8e0 con 0x7f9e2c105b10
2024-05-04T11:56:10.106 INFO:teuthology.orchestra.run.smithi059.stdout:/usr/bin/ceph: stderr
2024-05-04T11:56:09.326+0000 7f9e32d8d700 1 -- 172.21.15.59:0/3111503631 --> [v2:172.21.15.59:3300/0,v1:172.21.15.59:6789/0] -- mon_subscribe({mgrmap=0+}) v3 -- 0x7f9e2c07a290 con 0x7f9e2c105b10
2024-05-04T11:56:10.106 INFO:teuthology.orchestra.run.smithi059.stdout:/usr/bin/ceph: stderr
2024-05-04T11:56:09.326+0000 7f9e29ffb700 1 -- 172.21.15.59:0/3111503631 <== mon.0 v2:172.21.15.59:3300/0 3 ==== mon_map magic: 0 v1 ==== 229+0+0 (secure 0 0 0) 0x7f9e200199c0 con 0x7f9e2c105b10
2024-05-04T11:56:10.106 INFO:teuthology.orchestra.run.smithi059.stdout:/usr/bin/ceph: stderr
2024-05-04T11:56:09.327+0000 7f9e32d8d700 1 -- 172.21.15.59:0/3111503631 --> [v2:172.21.15.59:3300/0,v1:172.21.15.59:6789/0] -- mon_subscribe({osdmap=0}) v3 -- 0x7f9e2c07a6b0 con 0x7f9e2c105b10
2024-05-04T11:56:10.106 INFO:teuthology.orchestra.run.smithi059.stdout:/usr/bin/ceph: stderr
2024-05-04T11:56:09.328+0000 7f9e29ffb700 1 -- 172.21.15.59:0/3111503631 <== mon.0 v2:172.21.15.59:3300/0 4 ==== mgrmap(e 8) v1 ==== 45084+0+0 (secure 0 0 0) 0x7f9e20019c30 con 0x7f9e2c105b10
2024-05-04T11:56:10.106 INFO:teuthology.orchestra.run.smithi059.stdout:/usr/bin/ceph: stderr
2024-05-04T11:56:09.328+0000 7f9e32d8d700 1 -- 172.21.15.59:0/3111503631 --> [v2:172.21.15.59:3300/0,v1:172.21.15.59:6789/0] -- mon_command({"prefix": "get_command_descriptions"} v 0) v1 -- 0x7f9e2c062380 con 0x7f9e2c105b10
2024-05-04T11:56:10.106 INFO:teuthology.orchestra.run.smithi059.stdout:/usr/bin/ceph: stderr
2024-05-04T11:56:09.328+0000 7f9e29ffb700 1 --2- 172.21.15.59:0/3111503631 >> [v2:172.21.15.59:6800/4263387005,v1:172.21.15.59:6801/4263387005] conn(0x7f9e1c0383f0 0x7f9e1c03a8a0 unknown :-1 s=NONE pgs=0 cs=0 l=1 rev1=0 crypto rx=0 tx=0 comp rx=0 tx=0).connect
2024-05-04T11:56:10.106 INFO:teuthology.orchestra.run.smithi059.stdout:/usr/bin/ceph: stderr
2024-05-04T11:56:09.328+0000 7f9e29ffb700 1 -- 172.21.15.59:0/3111503631 <== mon.0 v2:172.21.15.59:3300/0 5 ==== osd_map(2..2 src has 1..2) v4 ==== 940+0+0 (secure 0 0 0) 0x7f9e2004c560 con 0x7f9e2c105b10
2024-05-04T11:56:10.106 INFO:teuthology.orchestra.run.smithi059.stdout:/usr/bin/ceph: stderr
2024-05-04T11:56:09.328+0000 7f9e2bfff700 1 --2- 172.21.15.59:0/3111503631 >> [v2:172.21.15.59:6800/4263387005,v1:172.21.15.59:6801/4263387005] conn(0x7f9e1c0383f0 0x7f9e1c03a8a0 unknown :-1 s=BANNER_CONNECTING pgs=0 cs=0 l=1 rev1=0 crypto rx=0 tx=0 comp rx=0 tx=0)._handle_peer_banner_payload supported=3 required=0
2024-05-04T11:56:10.107 INFO:teuthology.orchestra.run.smithi059.stdout:/usr/bin/ceph: stderr
2024-05-04T11:56:09.328+0000 7f9e2bfff700 1 --2- 172.21.15.59:0/3111503631 >> [v2:172.21.15.59:6800/4263387005,v1:172.21.15.59:6801/4263387005] conn(0x7f9e1c0383f0 0x7f9e1c03a8a0 secure :-1 s=READY pgs=18 cs=0 l=1 rev1=1 crypto rx=0x7f9e18006fd0 tx=0x7f9e18006e40 comp rx=0 tx=0).ready entity=mgr.14120 client_cookie=0 server_cookie=0 in_seq=0 out_seq=0
2024-05-04T11:56:10.107 INFO:teuthology.orchestra.run.smithi059.stdout:/usr/bin/ceph: stderr
2024-05-04T11:56:09.333+0000 7f9e29ffb700 1 -- 172.21.15.59:0/3111503631 <== mon.0 v2:172.21.15.59:3300/0 6 ==== mon_command_ack([{"prefix": "get_command_descriptions"}]=0 v0) v1 ==== 72+0+177933 (secure 0 0 0) 0x7f9e20018710 con 0x7f9e2c105b10
2024-05-04T11:56:10.107 INFO:teuthology.orchestra.run.smithi059.stdout:/usr/bin/ceph: stderr
2024-05-04T11:56:09.542+0000 7f9e32d8d700 1 -- 172.21.15.59:0/3111503631 --> [v2:172.21.15.59:6800/4263387005,v1:172.21.15.59:6801/4263387005] -- mgr_command(tid 0: {"prefix": "orch apply", "service_type": "node-exporter", "target": ["mon-mgr", ""]}) v1 -- 0x7f9e2c102610 con 0x7f9e1c0383f0
2024-05-04T11:56:10.107 INFO:teuthology.orchestra.run.smithi059.stdout:/usr/bin/ceph: stderr
2024-05-04T11:56:09.546+0000 7f9e29ffb700 1 -- 172.21.15.59:0/3111503631 <== mgr.14120 v2:172.21.15.59:6800/4263387005 1 ==== mgr_command_reply(tid 0: 0 ) v1 ==== 8+0+34 (secure 0 0 0) 0x7f9e2c102610 con 0x7f9e1c0383f0
2024-05-04T11:56:10.107 INFO:teuthology.orchestra.run.smithi059.stdout:/usr/bin/ceph: stderr
2024-05-04T11:56:09.549+0000 7f9e32d8d700 1 -- 172.21.15.59:0/3111503631 >> [v2:172.21.15.59:6800/4263387005,v1:172.21.15.59:6801/4263387005] conn(0x7f9e1c0383f0 msgr2=0x7f9e1c03a8a0 secure :-1 s=STATE_CONNECTION_ESTABLISHED l=1).mark_down
2024-05-04T11:56:10.107 INFO:teuthology.orchestra.run.smithi059.stdout:/usr/bin/ceph: stderr
2024-05-04T11:56:09.549+0000 7f9e32d8d700 1 --2- 172.21.15.59:0/3111503631 >> [v2:172.21.15.59:6800/4263387005,v1:172.21.15.59:6801/4263387005] conn(0x7f9e1c0383f0 0x7f9e1c03a8a0 secure :-1 s=READY pgs=18 cs=0 l=1 rev1=1 crypto rx=0x7f9e18006fd0 tx=0x7f9e18006e40 comp rx=0 tx=0).stop
2024-05-04T11:56:10.107 INFO:teuthology.orchestra.run.smithi059.stdout:/usr/bin/ceph: stderr
2024-05-04T11:56:09.549+0000 7f9e32d8d700 1 -- 172.21.15.59:0/3111503631 >> [v2:172.21.15.59:3300/0,v1:172.21.15.59:6789/0] conn(0x7f9e2c105b10 msgr2=0x7f9e2c07bc40 secure :-1 s=STATE_CONNECTION_ESTABLISHED l=1).mark_down
2024-05-04T11:56:10.107 INFO:teuthology.orchestra.run.smithi059.stdout:/usr/bin/ceph: stderr
2024-05-04T11:56:09.549+0000 7f9e32d8d700 1 --2- 172.21.15.59:0/3111503631 >> [v2:172.21.15.59:3300/0,v1:172.21.15.59:6789/0] conn(0x7f9e2c105b10 0x7f9e2c07bc40 secure :-1 s=READY pgs=60 cs=0 l=1 rev1=1 crypto rx=0x7f9e20006ba0 tx=0x7f9e20011b50 comp rx=0 tx=0).stop
2024-05-04T11:56:10.107 INFO:teuthology.orchestra.run.smithi059.stdout:/usr/bin/ceph: stderr
2024-05-04T11:56:09.549+0000 7f9e32d8d700 1 -- 172.21.15.59:0/3111503631 shutdown_connections
2024-05-04T11:56:10.107 INFO:teuthology.orchestra.run.smithi059.stdout:/usr/bin/ceph: stderr
2024-05-04T11:56:09.549+0000 7f9e32d8d700 1 --2- 172.21.15.59:0/3111503631 >> [v2:172.21.15.59:6800/4263387005,v1:172.21.15.59:6801/4263387005] conn(0x7f9e1c0383f0 0x7f9e1c03a8a0 unknown :-1 s=CLOSED pgs=18 cs=0 l=1 rev1=1 crypto rx=0 tx=0 comp rx=0 tx=0).stop
2024-05-04T11:56:10.107 INFO:teuthology.orchestra.run.smithi059.stdout:/usr/bin/ceph: stderr
2024-05-04T11:56:09.549+0000 7f9e32d8d700 1 --2- 172.21.15.59:0/3111503631 >> [v2:172.21.15.59:3300/0,v1:172.21.15.59:6789/0] conn(0x7f9e2c105b10 0x7f9e2c07bc40 unknown :-1 s=CLOSED pgs=60 cs=0 l=1 rev1=1 crypto rx=0 tx=0 comp rx=0 tx=0).stop
2024-05-04T11:56:10.107 INFO:teuthology.orchestra.run.smithi059.stdout:/usr/bin/ceph: stderr
2024-05-04T11:56:09.549+0000 7f9e32d8d700 1 -- 172.21.15.59:0/3111503631 >> 172.21.15.59:0/3111503631 conn(0x7f9e2c101180 msgr2=0x7f9e2c101f00 unknown :-1 s=STATE_NONE l=0).mark_down
2024-05-04T11:56:10.107 INFO:teuthology.orchestra.run.smithi059.stdout:/usr/bin/ceph: stderr
2024-05-04T11:56:09.549+0000 7f9e32d8d700 1 -- 172.21.15.59:0/3111503631 shutdown_connections
2024-05-04T11:56:10.108 INFO:teuthology.orchestra.run.smithi059.stdout:/usr/bin/ceph: stderr
2024-05-04T11:56:09.549+0000 7f9e32d8d700 1 -- 172.21.15.59:0/3111503631 wait complete.
2024-05-04T11:56:10.108 INFO:teuthology.orchestra.run.smithi059.stdout:Deploying alertmanager service with default placement...
2024-05-04T11:56:10.739 INFO:journalctl@ceph.mon.smithi059.smithi059.stdout:May 04 11:56:10 smithi059 ceph-mon[27233]: pgmap v3: 0 pgs: ; 0 B data, 0 B used, 0 B / 0 B avail
2024-05-04T11:56:10.740 INFO:journalctl@ceph.mon.smithi059.smithi059.stdout:May 04 11:56:10 smithi059 ceph-mon[27233]: from='client.14154 -' entity='client.admin' cmd=[{"prefix": "orch apply", "service_type": "node-exporter", "target": ["mon-mgr", ""]}]: dispatch
2024-05-04T11:56:10.740 INFO:journalctl@ceph.mon.smithi059.smithi059.stdout:May 04 11:56:10 smithi059 ceph-mon[27233]: Saving service node-exporter spec with placement *
2024-05-04T11:56:10.740 INFO:journalctl@ceph.mon.smithi059.smithi059.stdout:May 04 11:56:10 smithi059 ceph-mon[27233]: from='mgr.14120 172.21.15.59:0/2767090094' entity='mgr.smithi059.crngxk'
2024-05-04T11:56:11.338 INFO:teuthology.orchestra.run.smithi059.stdout:/usr/bin/ceph: stdout Scheduled alertmanager update...
2024-05-04T11:56:11.338 INFO:teuthology.orchestra.run.smithi059.stdout:/usr/bin/ceph: stderr
2024-05-04T11:56:10.482+0000 7f2fd9f6a700 1 Processor -- start
2024-05-04T11:56:11.338 INFO:teuthology.orchestra.run.smithi059.stdout:/usr/bin/ceph: stderr
2024-05-04T11:56:10.482+0000 7f2fd9f6a700 1 -- start start
2024-05-04T11:56:11.338 INFO:teuthology.orchestra.run.smithi059.stdout:/usr/bin/ceph: stderr
2024-05-04T11:56:10.482+0000 7f2fd9f6a700 1 --2- >> [v2:172.21.15.59:3300/0,v1:172.21.15.59:6789/0] conn(0x7f2fd41049f0 0x7f2fd4104e00 unknown :-1 s=NONE pgs=0 cs=0 l=0 rev1=0 crypto rx=0 tx=0 comp rx=0 tx=0).connect
2024-05-04T11:56:11.338 INFO:teuthology.orchestra.run.smithi059.stdout:/usr/bin/ceph: stderr
2024-05-04T11:56:10.482+0000 7f2fd9f6a700 1 -- --> [v2:172.21.15.59:3300/0,v1:172.21.15.59:6789/0] -- mon_getmap magic: 0 v1 -- 0x7f2fd4105340 con 0x7f2fd41049f0
2024-05-04T11:56:11.338 INFO:teuthology.orchestra.run.smithi059.stdout:/usr/bin/ceph: stderr
2024-05-04T11:56:10.482+0000 7f2fd37fe700 1 --2- >> [v2:172.21.15.59:3300/0,v1:172.21.15.59:6789/0] conn(0x7f2fd41049f0 0x7f2fd4104e00 unknown :-1 s=BANNER_CONNECTING pgs=0 cs=0 l=0 rev1=0 crypto rx=0 tx=0 comp rx=0 tx=0)._handle_peer_banner_payload supported=3 required=0
2024-05-04T11:56:11.338 INFO:teuthology.orchestra.run.smithi059.stdout:/usr/bin/ceph: stderr
2024-05-04T11:56:10.482+0000 7f2fd37fe700 1 --2- >> [v2:172.21.15.59:3300/0,v1:172.21.15.59:6789/0] conn(0x7f2fd41049f0 0x7f2fd4104e00 unknown :-1 s=HELLO_CONNECTING pgs=0 cs=0 l=0 rev1=1 crypto rx=0 tx=0 comp rx=0 tx=0).handle_hello peer v2:172.21.15.59:3300/0 says I am v2:172.21.15.59:54174/0 (socket says 172.21.15.59:54174)
2024-05-04T11:56:11.338 INFO:teuthology.orchestra.run.smithi059.stdout:/usr/bin/ceph: stderr
2024-05-04T11:56:10.482+0000 7f2fd37fe700 1 -- 172.21.15.59:0/1167072375 learned_addr learned my addr 172.21.15.59:0/1167072375 (peer_addr_for_me v2:172.21.15.59:0/0)
2024-05-04T11:56:11.339 INFO:teuthology.orchestra.run.smithi059.stdout:/usr/bin/ceph: stderr
2024-05-04T11:56:10.483+0000 7f2fd37fe700 1 -- 172.21.15.59:0/1167072375 --> [v2:172.21.15.59:3300/0,v1:172.21.15.59:6789/0] -- mon_subscribe({config=0+,monmap=0+}) v3 -- 0x7f2fd4105480 con 0x7f2fd41049f0
2024-05-04T11:56:11.339 INFO:teuthology.orchestra.run.smithi059.stdout:/usr/bin/ceph: stderr
2024-05-04T11:56:10.483+0000 7f2fd37fe700 1 --2- 172.21.15.59:0/1167072375 >> [v2:172.21.15.59:3300/0,v1:172.21.15.59:6789/0] conn(0x7f2fd41049f0 0x7f2fd4104e00 secure :-1 s=READY pgs=61 cs=0 l=1 rev1=1 crypto rx=0x7f2fc40098a0 tx=0x7f2fc4009bb0 comp rx=0 tx=0).ready entity=mon.0 client_cookie=416d0d12b737888e server_cookie=0 in_seq=0 out_seq=0
2024-05-04T11:56:11.339 INFO:teuthology.orchestra.run.smithi059.stdout:/usr/bin/ceph: stderr
2024-05-04T11:56:10.483+0000 7f2fd27fc700 1 -- 172.21.15.59:0/1167072375 <== mon.0 v2:172.21.15.59:3300/0 1 ==== mon_map magic: 0 v1 ==== 229+0+0 (secure 0 0 0) 0x7f2fc4004180 con 0x7f2fd41049f0
2024-05-04T11:56:11.339 INFO:teuthology.orchestra.run.smithi059.stdout:/usr/bin/ceph: stderr
2024-05-04T11:56:10.483+0000 7f2fd27fc700 1 -- 172.21.15.59:0/1167072375 <== mon.0 v2:172.21.15.59:3300/0 2 ==== config(27 keys) v1 ==== 1101+0+0 (secure 0 0 0) 0x7f2fc40042e0 con 0x7f2fd41049f0
2024-05-04T11:56:11.339 INFO:teuthology.orchestra.run.smithi059.stdout:/usr/bin/ceph: stderr
2024-05-04T11:56:10.483+0000 7f2fd27fc700 1 -- 172.21.15.59:0/1167072375 <== mon.0 v2:172.21.15.59:3300/0 3 ==== mon_map magic: 0 v1 ==== 229+0+0 (secure 0 0 0) 0x7f2fc4011af0 con 0x7f2fd41049f0
2024-05-04T11:56:11.339 INFO:teuthology.orchestra.run.smithi059.stdout:/usr/bin/ceph: stderr
2024-05-04T11:56:10.484+0000 7f2fd9f6a700 1 -- 172.21.15.59:0/1167072375 >> [v2:172.21.15.59:3300/0,v1:172.21.15.59:6789/0] conn(0x7f2fd41049f0 msgr2=0x7f2fd4104e00 secure :-1 s=STATE_CONNECTION_ESTABLISHED l=1).mark_down
2024-05-04T11:56:11.339 INFO:teuthology.orchestra.run.smithi059.stdout:/usr/bin/ceph: stderr
2024-05-04T11:56:10.484+0000 7f2fd9f6a700 1 --2- 172.21.15.59:0/1167072375 >> [v2:172.21.15.59:3300/0,v1:172.21.15.59:6789/0] conn(0x7f2fd41049f0 0x7f2fd4104e00 secure :-1 s=READY pgs=61 cs=0 l=1 rev1=1 crypto rx=0x7f2fc40098a0 tx=0x7f2fc4009bb0 comp rx=0 tx=0).stop
2024-05-04T11:56:11.339 INFO:teuthology.orchestra.run.smithi059.stdout:/usr/bin/ceph: stderr
2024-05-04T11:56:10.484+0000 7f2fd9f6a700 1 -- 172.21.15.59:0/1167072375 shutdown_connections
2024-05-04T11:56:11.339 INFO:teuthology.orchestra.run.smithi059.stdout:/usr/bin/ceph: stderr
2024-05-04T11:56:10.484+0000 7f2fd9f6a700 1 --2- 172.21.15.59:0/1167072375 >> [v2:172.21.15.59:3300/0,v1:172.21.15.59:6789/0] conn(0x7f2fd41049f0 0x7f2fd4104e00 unknown :-1 s=CLOSED pgs=61 cs=0 l=1 rev1=1 crypto rx=0 tx=0 comp rx=0 tx=0).stop
2024-05-04T11:56:11.339 INFO:teuthology.orchestra.run.smithi059.stdout:/usr/bin/ceph: stderr
2024-05-04T11:56:10.484+0000 7f2fd9f6a700 1 -- 172.21.15.59:0/1167072375 >> 172.21.15.59:0/1167072375 conn(0x7f2fd4100080 msgr2=0x7f2fd4102490 unknown :-1 s=STATE_NONE l=0).mark_down
2024-05-04T11:56:11.339 INFO:teuthology.orchestra.run.smithi059.stdout:/usr/bin/ceph: stderr
2024-05-04T11:56:10.484+0000 7f2fd9f6a700 1 -- 172.21.15.59:0/1167072375 shutdown_connections
2024-05-04T11:56:11.339 INFO:teuthology.orchestra.run.smithi059.stdout:/usr/bin/ceph: stderr
2024-05-04T11:56:10.484+0000 7f2fd9f6a700 1 -- 172.21.15.59:0/1167072375 wait complete.
2024-05-04T11:56:11.339 INFO:teuthology.orchestra.run.smithi059.stdout:/usr/bin/ceph: stderr
2024-05-04T11:56:10.484+0000 7f2fd9f6a700 1 Processor -- start
2024-05-04T11:56:11.339 INFO:teuthology.orchestra.run.smithi059.stdout:/usr/bin/ceph: stderr
2024-05-04T11:56:10.485+0000 7f2fd9f6a700 1 -- start start
2024-05-04T11:56:11.340 INFO:teuthology.orchestra.run.smithi059.stdout:/usr/bin/ceph: stderr
2024-05-04T11:56:10.485+0000 7f2fd9f6a700 1 --2- >> [v2:172.21.15.59:3300/0,v1:172.21.15.59:6789/0] conn(0x7f2fd41049f0 0x7f2fd419ba60 unknown :-1 s=NONE pgs=0 cs=0 l=1 rev1=0 crypto rx=0 tx=0 comp rx=0 tx=0).connect
2024-05-04T11:56:11.340 INFO:teuthology.orchestra.run.smithi059.stdout:/usr/bin/ceph: stderr
2024-05-04T11:56:10.485+0000 7f2fd9f6a700 1 -- --> [v2:172.21.15.59:3300/0,v1:172.21.15.59:6789/0] -- mon_getmap magic: 0 v1 -- 0x7f2fd419bfa0 con 0x7f2fd41049f0
2024-05-04T11:56:11.340 INFO:teuthology.orchestra.run.smithi059.stdout:/usr/bin/ceph: stderr
2024-05-04T11:56:10.485+0000 7f2fd37fe700 1 --2- >> [v2:172.21.15.59:3300/0,v1:172.21.15.59:6789/0] conn(0x7f2fd41049f0 0x7f2fd419ba60 unknown :-1 s=BANNER_CONNECTING pgs=0 cs=0 l=1 rev1=0 crypto rx=0 tx=0 comp rx=0 tx=0)._handle_peer_banner_payload supported=3 required=0
2024-05-04T11:56:11.340 INFO:teuthology.orchestra.run.smithi059.stdout:/usr/bin/ceph: stderr
2024-05-04T11:56:10.485+0000 7f2fd37fe700 1 --2- >> [v2:172.21.15.59:3300/0,v1:172.21.15.59:6789/0] conn(0x7f2fd41049f0 0x7f2fd419ba60 unknown :-1 s=HELLO_CONNECTING pgs=0 cs=0 l=1 rev1=1 crypto rx=0 tx=0 comp rx=0 tx=0).handle_hello peer v2:172.21.15.59:3300/0 says I am v2:172.21.15.59:54178/0 (socket says 172.21.15.59:54178)
2024-05-04T11:56:11.340 INFO:teuthology.orchestra.run.smithi059.stdout:/usr/bin/ceph: stderr
2024-05-04T11:56:10.485+0000 7f2fd37fe700 1 -- 172.21.15.59:0/2392143144 learned_addr learned my addr 172.21.15.59:0/2392143144 (peer_addr_for_me v2:172.21.15.59:0/0)
2024-05-04T11:56:11.340 INFO:teuthology.orchestra.run.smithi059.stdout:/usr/bin/ceph: stderr
2024-05-04T11:56:10.485+0000 7f2fd37fe700 1 -- 172.21.15.59:0/2392143144 --> [v2:172.21.15.59:3300/0,v1:172.21.15.59:6789/0] -- mon_subscribe({config=0+,monmap=0+}) v3 -- 0x7f2fc4009550 con 0x7f2fd41049f0
2024-05-04T11:56:11.340 INFO:teuthology.orchestra.run.smithi059.stdout:/usr/bin/ceph: stderr
2024-05-04T11:56:10.485+0000 7f2fd37fe700 1 --2- 172.21.15.59:0/2392143144 >> [v2:172.21.15.59:3300/0,v1:172.21.15.59:6789/0] conn(0x7f2fd41049f0 0x7f2fd419ba60 secure :-1 s=READY pgs=62 cs=0 l=1 rev1=1 crypto rx=0x7f2fc4011ad0 tx=0x7f2fc4011bb0 comp rx=0 tx=0).ready entity=mon.0 client_cookie=0 server_cookie=0 in_seq=0 out_seq=0
2024-05-04T11:56:11.340 INFO:teuthology.orchestra.run.smithi059.stdout:/usr/bin/ceph: stderr
2024-05-04T11:56:10.485+0000 7f2fd0ff9700 1 -- 172.21.15.59:0/2392143144 <== mon.0 v2:172.21.15.59:3300/0 1 ==== mon_map magic: 0 v1 ==== 229+0+0 (secure 0 0 0) 0x7f2fc4003ab0 con 0x7f2fd41049f0
2024-05-04T11:56:11.340 INFO:teuthology.orchestra.run.smithi059.stdout:/usr/bin/ceph: stderr
2024-05-04T11:56:10.486+0000 7f2fd0ff9700 1 -- 172.21.15.59:0/2392143144 <== mon.0 v2:172.21.15.59:3300/0 2 ==== config(27 keys) v1 ==== 1101+0+0 (secure 0 0 0) 0x7f2fc4003c10 con 0x7f2fd41049f0
2024-05-04T11:56:11.340 INFO:teuthology.orchestra.run.smithi059.stdout:/usr/bin/ceph: stderr
2024-05-04T11:56:10.486+0000 7f2fd9f6a700 1 -- 172.21.15.59:0/2392143144 --> [v2:172.21.15.59:3300/0,v1:172.21.15.59:6789/0] -- mon_subscribe({mgrmap=0+}) v3 -- 0x7f2fd419c1a0 con 0x7f2fd41049f0
2024-05-04T11:56:11.340 INFO:teuthology.orchestra.run.smithi059.stdout:/usr/bin/ceph: stderr
2024-05-04T11:56:10.486+0000 7f2fd0ff9700 1 -- 172.21.15.59:0/2392143144 <== mon.0 v2:172.21.15.59:3300/0 3 ==== mon_map magic: 0 v1 ==== 229+0+0 (secure 0 0 0) 0x7f2fc40198e0 con 0x7f2fd41049f0
2024-05-04T11:56:11.340 INFO:teuthology.orchestra.run.smithi059.stdout:/usr/bin/ceph: stderr
2024-05-04T11:56:10.486+0000 7f2fd9f6a700 1 -- 172.21.15.59:0/2392143144 --> [v2:172.21.15.59:3300/0,v1:172.21.15.59:6789/0] -- mon_subscribe({osdmap=0}) v3 -- 0x7f2fd419c5c0 con 0x7f2fd41049f0
2024-05-04T11:56:11.340 INFO:teuthology.orchestra.run.smithi059.stdout:/usr/bin/ceph: stderr
2024-05-04T11:56:10.486+0000 7f2fd0ff9700 1 -- 172.21.15.59:0/2392143144 <== mon.0 v2:172.21.15.59:3300/0 4 ==== mgrmap(e 8) v1 ==== 45084+0+0 (secure 0 0 0) 0x7f2fc4019bc0 con 0x7f2fd41049f0
2024-05-04T11:56:11.340 INFO:teuthology.orchestra.run.smithi059.stdout:/usr/bin/ceph: stderr
2024-05-04T11:56:10.487+0000 7f2fd0ff9700 1 --2- 172.21.15.59:0/2392143144 >> [v2:172.21.15.59:6800/4263387005,v1:172.21.15.59:6801/4263387005] conn(0x7f2fbc038440 0x7f2fbc03a8f0 unknown :-1 s=NONE pgs=0 cs=0 l=1 rev1=0 crypto rx=0 tx=0 comp rx=0 tx=0).connect
2024-05-04T11:56:11.340 INFO:teuthology.orchestra.run.smithi059.stdout:/usr/bin/ceph: stderr
2024-05-04T11:56:10.487+0000 7f2fd0ff9700 1 -- 172.21.15.59:0/2392143144 <== mon.0 v2:172.21.15.59:3300/0 5 ==== osd_map(2..2 src has 1..2) v4 ==== 940+0+0 (secure 0 0 0) 0x7f2fc401ad10 con 0x7f2fd41049f0
2024-05-04T11:56:11.341 INFO:teuthology.orchestra.run.smithi059.stdout:/usr/bin/ceph: stderr
2024-05-04T11:56:10.487+0000 7f2fd2ffd700 1 --2- 172.21.15.59:0/2392143144 >> [v2:172.21.15.59:6800/4263387005,v1:172.21.15.59:6801/4263387005] conn(0x7f2fbc038440 0x7f2fbc03a8f0 unknown :-1 s=BANNER_CONNECTING pgs=0 cs=0 l=1 rev1=0 crypto rx=0 tx=0 comp rx=0 tx=0)._handle_peer_banner_payload supported=3 required=0
2024-05-04T11:56:11.341 INFO:teuthology.orchestra.run.smithi059.stdout:/usr/bin/ceph: stderr
