2024-05-04T12:08:38.570+0000 7f1df1ffb700 1 -- 172.21.15.79:0/1444547554 <== mon.0 v2:172.21.15.79:3300/0 1 ==== mon_map magic: 0 v1 ==== 229+0+0 (secure 0 0 0) 0x7f1de80039f0 con 0x7f1df4106a60
2024-05-04T12:08:39.419 INFO:teuthology.orchestra.run.smithi079.stdout:/usr/bin/ceph: stderr
2024-05-04T12:08:38.570+0000 7f1dfae34700 1 -- 172.21.15.79:0/1444547554 --> [v2:172.21.15.79:3300/0,v1:172.21.15.79:6789/0] -- mon_subscribe({mgrmap=0+}) v3 -- 0x7f1df419d0a0 con 0x7f1df4106a60
2024-05-04T12:08:39.420 INFO:teuthology.orchestra.run.smithi079.stdout:/usr/bin/ceph: stderr
2024-05-04T12:08:38.570+0000 7f1df1ffb700 1 -- 172.21.15.79:0/1444547554 <== mon.0 v2:172.21.15.79:3300/0 2 ==== config(27 keys) v1 ==== 1101+0+0 (secure 0 0 0) 0x7f1de8003b50 con 0x7f1df4106a60
2024-05-04T12:08:39.420 INFO:teuthology.orchestra.run.smithi079.stdout:/usr/bin/ceph: stderr
2024-05-04T12:08:38.570+0000 7f1df1ffb700 1 -- 172.21.15.79:0/1444547554 <== mon.0 v2:172.21.15.79:3300/0 3 ==== mon_map magic: 0 v1 ==== 229+0+0 (secure 0 0 0) 0x7f1de80247c0 con 0x7f1df4106a60
2024-05-04T12:08:39.420 INFO:teuthology.orchestra.run.smithi079.stdout:/usr/bin/ceph: stderr
2024-05-04T12:08:38.570+0000 7f1dfae34700 1 -- 172.21.15.79:0/1444547554 --> [v2:172.21.15.79:3300/0,v1:172.21.15.79:6789/0] -- mon_subscribe({osdmap=0}) v3 -- 0x7f1df419d540 con 0x7f1df4106a60
2024-05-04T12:08:39.420 INFO:teuthology.orchestra.run.smithi079.stdout:/usr/bin/ceph: stderr
2024-05-04T12:08:38.571+0000 7f1df1ffb700 1 -- 172.21.15.79:0/1444547554 <== mon.0 v2:172.21.15.79:3300/0 4 ==== mgrmap(e 8) v1 ==== 45283+0+0 (secure 0 0 0) 0x7f1de801a430 con 0x7f1df4106a60
2024-05-04T12:08:39.420 INFO:teuthology.orchestra.run.smithi079.stdout:/usr/bin/ceph: stderr
2024-05-04T12:08:38.571+0000 7f1df1ffb700 1 --2- 172.21.15.79:0/1444547554 >> [v2:172.21.15.79:6800/1620705054,v1:172.21.15.79:6801/1620705054] conn(0x7f1de4038370 0x7f1de403a830 unknown :-1 s=NONE pgs=0 cs=0 l=1 rev1=0 crypto rx=0 tx=0 comp rx=0 tx=0).connect
2024-05-04T12:08:39.420 INFO:teuthology.orchestra.run.smithi079.stdout:/usr/bin/ceph: stderr
2024-05-04T12:08:38.571+0000 7f1dfae34700 1 -- 172.21.15.79:0/1444547554 --> [v2:172.21.15.79:3300/0,v1:172.21.15.79:6789/0] -- mon_command({"prefix": "get_command_descriptions"} v 0) v1 -- 0x7f1df40623c0 con 0x7f1df4106a60
2024-05-04T12:08:39.420 INFO:teuthology.orchestra.run.smithi079.stdout:/usr/bin/ceph: stderr
2024-05-04T12:08:38.571+0000 7f1df1ffb700 1 -- 172.21.15.79:0/1444547554 <== mon.0 v2:172.21.15.79:3300/0 5 ==== osd_map(2..2 src has 1..2) v4 ==== 940+0+0 (secure 0 0 0) 0x7f1de804c370 con 0x7f1df4106a60
2024-05-04T12:08:39.420 INFO:teuthology.orchestra.run.smithi079.stdout:/usr/bin/ceph: stderr
2024-05-04T12:08:38.571+0000 7f1df3fff700 1 --2- 172.21.15.79:0/1444547554 >> [v2:172.21.15.79:6800/1620705054,v1:172.21.15.79:6801/1620705054] conn(0x7f1de4038370 0x7f1de403a830 unknown :-1 s=BANNER_CONNECTING pgs=0 cs=0 l=1 rev1=0 crypto rx=0 tx=0 comp rx=0 tx=0)._handle_peer_banner_payload supported=3 required=0
2024-05-04T12:08:39.420 INFO:teuthology.orchestra.run.smithi079.stdout:/usr/bin/ceph: stderr
2024-05-04T12:08:38.572+0000 7f1df3fff700 1 --2- 172.21.15.79:0/1444547554 >> [v2:172.21.15.79:6800/1620705054,v1:172.21.15.79:6801/1620705054] conn(0x7f1de4038370 0x7f1de403a830 secure :-1 s=READY pgs=13 cs=0 l=1 rev1=1 crypto rx=0x7f1de0006fd0 tx=0x7f1de0006e40 comp rx=0 tx=0).ready entity=mgr.14120 client_cookie=0 server_cookie=0 in_seq=0 out_seq=0
2024-05-04T12:08:39.420 INFO:teuthology.orchestra.run.smithi079.stdout:/usr/bin/ceph: stderr
2024-05-04T12:08:38.576+0000 7f1df1ffb700 1 -- 172.21.15.79:0/1444547554 <== mon.0 v2:172.21.15.79:3300/0 6 ==== mon_command_ack([{"prefix": "get_command_descriptions"}]=0 v0) v1 ==== 72+0+180422 (secure 0 0 0) 0x7f1de8018b40 con 0x7f1df4106a60
2024-05-04T12:08:39.420 INFO:teuthology.orchestra.run.smithi079.stdout:/usr/bin/ceph: stderr
2024-05-04T12:08:38.792+0000 7f1dfae34700 1 -- 172.21.15.79:0/1444547554 --> [v2:172.21.15.79:6800/1620705054,v1:172.21.15.79:6801/1620705054] -- mgr_command(tid 0: {"prefix": "orch apply", "service_type": "mgr", "target": ["mon-mgr", ""]}) v1 -- 0x7f1df4101680 con 0x7f1de4038370
2024-05-04T12:08:39.420 INFO:teuthology.orchestra.run.smithi079.stdout:/usr/bin/ceph: stderr
2024-05-04T12:08:38.800+0000 7f1df1ffb700 1 -- 172.21.15.79:0/1444547554 <== mgr.14120 v2:172.21.15.79:6800/1620705054 1 ==== mgr_command_reply(tid 0: 0 ) v1 ==== 8+0+24 (secure 0 0 0) 0x7f1df4101680 con 0x7f1de4038370
2024-05-04T12:08:39.420 INFO:teuthology.orchestra.run.smithi079.stdout:/usr/bin/ceph: stderr
2024-05-04T12:08:38.802+0000 7f1dfae34700 1 -- 172.21.15.79:0/1444547554 >> [v2:172.21.15.79:6800/1620705054,v1:172.21.15.79:6801/1620705054] conn(0x7f1de4038370 msgr2=0x7f1de403a830 secure :-1 s=STATE_CONNECTION_ESTABLISHED l=1).mark_down
2024-05-04T12:08:39.420 INFO:teuthology.orchestra.run.smithi079.stdout:/usr/bin/ceph: stderr
2024-05-04T12:08:38.802+0000 7f1dfae34700 1 --2- 172.21.15.79:0/1444547554 >> [v2:172.21.15.79:6800/1620705054,v1:172.21.15.79:6801/1620705054] conn(0x7f1de4038370 0x7f1de403a830 secure :-1 s=READY pgs=13 cs=0 l=1 rev1=1 crypto rx=0x7f1de0006fd0 tx=0x7f1de0006e40 comp rx=0 tx=0).stop
2024-05-04T12:08:39.421 INFO:teuthology.orchestra.run.smithi079.stdout:/usr/bin/ceph: stderr
2024-05-04T12:08:38.802+0000 7f1dfae34700 1 -- 172.21.15.79:0/1444547554 >> [v2:172.21.15.79:3300/0,v1:172.21.15.79:6789/0] conn(0x7f1df4106a60 msgr2=0x7f1df4105170 secure :-1 s=STATE_CONNECTION_ESTABLISHED l=1).mark_down
2024-05-04T12:08:39.421 INFO:teuthology.orchestra.run.smithi079.stdout:/usr/bin/ceph: stderr
2024-05-04T12:08:38.802+0000 7f1dfae34700 1 --2- 172.21.15.79:0/1444547554 >> [v2:172.21.15.79:3300/0,v1:172.21.15.79:6789/0] conn(0x7f1df4106a60 0x7f1df4105170 secure :-1 s=READY pgs=50 cs=0 l=1 rev1=1 crypto rx=0x7f1de8011670 tx=0x7f1de8011b50 comp rx=0 tx=0).stop
2024-05-04T12:08:39.421 INFO:teuthology.orchestra.run.smithi079.stdout:/usr/bin/ceph: stderr
2024-05-04T12:08:38.802+0000 7f1dfae34700 1 -- 172.21.15.79:0/1444547554 shutdown_connections
2024-05-04T12:08:39.421 INFO:teuthology.orchestra.run.smithi079.stdout:/usr/bin/ceph: stderr
2024-05-04T12:08:38.802+0000 7f1dfae34700 1 --2- 172.21.15.79:0/1444547554 >> [v2:172.21.15.79:6800/1620705054,v1:172.21.15.79:6801/1620705054] conn(0x7f1de4038370 0x7f1de403a830 unknown :-1 s=CLOSED pgs=13 cs=0 l=1 rev1=1 crypto rx=0 tx=0 comp rx=0 tx=0).stop
2024-05-04T12:08:39.421 INFO:teuthology.orchestra.run.smithi079.stdout:/usr/bin/ceph: stderr
2024-05-04T12:08:38.802+0000 7f1dfae34700 1 --2- 172.21.15.79:0/1444547554 >> [v2:172.21.15.79:3300/0,v1:172.21.15.79:6789/0] conn(0x7f1df4106a60 0x7f1df4105170 unknown :-1 s=CLOSED pgs=50 cs=0 l=1 rev1=1 crypto rx=0 tx=0 comp rx=0 tx=0).stop
2024-05-04T12:08:39.421 INFO:teuthology.orchestra.run.smithi079.stdout:/usr/bin/ceph: stderr
2024-05-04T12:08:38.802+0000 7f1dfae34700 1 -- 172.21.15.79:0/1444547554 >> 172.21.15.79:0/1444547554 conn(0x7f1df41001d0 msgr2=0x7f1df4100f70 unknown :-1 s=STATE_NONE l=0).mark_down
2024-05-04T12:08:39.421 INFO:teuthology.orchestra.run.smithi079.stdout:/usr/bin/ceph: stderr
2024-05-04T12:08:38.802+0000 7f1dfae34700 1 -- 172.21.15.79:0/1444547554 shutdown_connections
2024-05-04T12:08:39.421 INFO:teuthology.orchestra.run.smithi079.stdout:/usr/bin/ceph: stderr
2024-05-04T12:08:38.802+0000 7f1dfae34700 1 -- 172.21.15.79:0/1444547554 wait complete.
2024-05-04T12:08:39.421 INFO:teuthology.orchestra.run.smithi079.stdout:Deploying crash service with default placement...
2024-05-04T12:08:40.445 INFO:journalctl@ceph.mon.smithi079.smithi079.stdout:May 04 12:08:40 smithi079 ceph-mon[27222]: from='client.14144 -' entity='client.admin' cmd=[{"prefix": "orch apply", "service_type": "mgr", "target": ["mon-mgr", ""]}]: dispatch
2024-05-04T12:08:40.445 INFO:journalctl@ceph.mon.smithi079.smithi079.stdout:May 04 12:08:40 smithi079 ceph-mon[27222]: Saving service mgr spec with placement count:2
2024-05-04T12:08:40.445 INFO:journalctl@ceph.mon.smithi079.smithi079.stdout:May 04 12:08:40 smithi079 ceph-mon[27222]: from='mgr.14120 172.21.15.79:0/2394226123' entity='mgr.smithi079.dgcpwl'
2024-05-04T12:08:40.809 INFO:teuthology.orchestra.run.smithi079.stdout:/usr/bin/ceph: stdout Scheduled crash update...
2024-05-04T12:08:40.809 INFO:teuthology.orchestra.run.smithi079.stdout:/usr/bin/ceph: stderr
2024-05-04T12:08:39.810+0000 7f1eafe95700 1 Processor -- start
2024-05-04T12:08:40.809 INFO:teuthology.orchestra.run.smithi079.stdout:/usr/bin/ceph: stderr
2024-05-04T12:08:39.810+0000 7f1eafe95700 1 -- start start
2024-05-04T12:08:40.809 INFO:teuthology.orchestra.run.smithi079.stdout:/usr/bin/ceph: stderr
2024-05-04T12:08:39.810+0000 7f1eafe95700 1 --2- >> [v2:172.21.15.79:3300/0,v1:172.21.15.79:6789/0] conn(0x7f1ea8105470 0x7f1ea8105890 unknown :-1 s=NONE pgs=0 cs=0 l=0 rev1=0 crypto rx=0 tx=0 comp rx=0 tx=0).connect
2024-05-04T12:08:40.809 INFO:teuthology.orchestra.run.smithi079.stdout:/usr/bin/ceph: stderr
2024-05-04T12:08:39.810+0000 7f1eafe95700 1 -- --> [v2:172.21.15.79:3300/0,v1:172.21.15.79:6789/0] -- mon_getmap magic: 0 v1 -- 0x7f1ea8105e60 con 0x7f1ea8105470
2024-05-04T12:08:40.809 INFO:teuthology.orchestra.run.smithi079.stdout:/usr/bin/ceph: stderr
2024-05-04T12:08:39.811+0000 7f1eadc31700 1 --2- >> [v2:172.21.15.79:3300/0,v1:172.21.15.79:6789/0] conn(0x7f1ea8105470 0x7f1ea8105890 unknown :-1 s=BANNER_CONNECTING pgs=0 cs=0 l=0 rev1=0 crypto rx=0 tx=0 comp rx=0 tx=0)._handle_peer_banner_payload supported=3 required=0
2024-05-04T12:08:40.809 INFO:teuthology.orchestra.run.smithi079.stdout:/usr/bin/ceph: stderr
2024-05-04T12:08:39.811+0000 7f1eadc31700 1 --2- >> [v2:172.21.15.79:3300/0,v1:172.21.15.79:6789/0] conn(0x7f1ea8105470 0x7f1ea8105890 unknown :-1 s=HELLO_CONNECTING pgs=0 cs=0 l=0 rev1=1 crypto rx=0 tx=0 comp rx=0 tx=0).handle_hello peer v2:172.21.15.79:3300/0 says I am v2:172.21.15.79:57230/0 (socket says 172.21.15.79:57230)
2024-05-04T12:08:40.809 INFO:teuthology.orchestra.run.smithi079.stdout:/usr/bin/ceph: stderr
2024-05-04T12:08:39.811+0000 7f1eadc31700 1 -- 172.21.15.79:0/3885025274 learned_addr learned my addr 172.21.15.79:0/3885025274 (peer_addr_for_me v2:172.21.15.79:0/0)
2024-05-04T12:08:40.809 INFO:teuthology.orchestra.run.smithi079.stdout:/usr/bin/ceph: stderr
2024-05-04T12:08:39.811+0000 7f1eadc31700 1 -- 172.21.15.79:0/3885025274 --> [v2:172.21.15.79:3300/0,v1:172.21.15.79:6789/0] -- mon_subscribe({config=0+,monmap=0+}) v3 -- 0x7f1ea8106670 con 0x7f1ea8105470
2024-05-04T12:08:40.809 INFO:teuthology.orchestra.run.smithi079.stdout:/usr/bin/ceph: stderr
2024-05-04T12:08:39.811+0000 7f1eadc31700 1 --2- 172.21.15.79:0/3885025274 >> [v2:172.21.15.79:3300/0,v1:172.21.15.79:6789/0] conn(0x7f1ea8105470 0x7f1ea8105890 secure :-1 s=READY pgs=51 cs=0 l=1 rev1=1 crypto rx=0x7f1ea4009e80 tx=0x7f1ea400b330 comp rx=0 tx=0).ready entity=mon.0 client_cookie=d4795d7585eb8ee6 server_cookie=0 in_seq=0 out_seq=0
2024-05-04T12:08:40.809 INFO:teuthology.orchestra.run.smithi079.stdout:/usr/bin/ceph: stderr
2024-05-04T12:08:39.811+0000 7f1eacc2f700 1 -- 172.21.15.79:0/3885025274 <== mon.0 v2:172.21.15.79:3300/0 1 ==== mon_map magic: 0 v1 ==== 229+0+0 (secure 0 0 0) 0x7f1ea400e070 con 0x7f1ea8105470
2024-05-04T12:08:40.809 INFO:teuthology.orchestra.run.smithi079.stdout:/usr/bin/ceph: stderr
2024-05-04T12:08:39.811+0000 7f1eacc2f700 1 -- 172.21.15.79:0/3885025274 <== mon.0 v2:172.21.15.79:3300/0 2 ==== config(27 keys) v1 ==== 1101+0+0 (secure 0 0 0) 0x7f1ea400b8c0 con 0x7f1ea8105470
2024-05-04T12:08:40.810 INFO:teuthology.orchestra.run.smithi079.stdout:/usr/bin/ceph: stderr
2024-05-04T12:08:39.811+0000 7f1eacc2f700 1 -- 172.21.15.79:0/3885025274 <== mon.0 v2:172.21.15.79:3300/0 3 ==== mon_map magic: 0 v1 ==== 229+0+0 (secure 0 0 0) 0x7f1ea40044d0 con 0x7f1ea8105470
2024-05-04T12:08:40.810 INFO:teuthology.orchestra.run.smithi079.stdout:/usr/bin/ceph: stderr
2024-05-04T12:08:39.812+0000 7f1eafe95700 1 -- 172.21.15.79:0/3885025274 >> [v2:172.21.15.79:3300/0,v1:172.21.15.79:6789/0] conn(0x7f1ea8105470 msgr2=0x7f1ea8105890 secure :-1 s=STATE_CONNECTION_ESTABLISHED l=1).mark_down
2024-05-04T12:08:40.810 INFO:teuthology.orchestra.run.smithi079.stdout:/usr/bin/ceph: stderr
2024-05-04T12:08:39.812+0000 7f1eafe95700 1 --2- 172.21.15.79:0/3885025274 >> [v2:172.21.15.79:3300/0,v1:172.21.15.79:6789/0] conn(0x7f1ea8105470 0x7f1ea8105890 secure :-1 s=READY pgs=51 cs=0 l=1 rev1=1 crypto rx=0x7f1ea4009e80 tx=0x7f1ea400b330 comp rx=0 tx=0).stop
2024-05-04T12:08:40.810 INFO:teuthology.orchestra.run.smithi079.stdout:/usr/bin/ceph: stderr
2024-05-04T12:08:39.812+0000 7f1eafe95700 1 -- 172.21.15.79:0/3885025274 shutdown_connections
2024-05-04T12:08:40.810 INFO:teuthology.orchestra.run.smithi079.stdout:/usr/bin/ceph: stderr
2024-05-04T12:08:39.812+0000 7f1eafe95700 1 --2- 172.21.15.79:0/3885025274 >> [v2:172.21.15.79:3300/0,v1:172.21.15.79:6789/0] conn(0x7f1ea8105470 0x7f1ea8105890 unknown :-1 s=CLOSED pgs=51 cs=0 l=1 rev1=1 crypto rx=0 tx=0 comp rx=0 tx=0).stop
2024-05-04T12:08:40.810 INFO:teuthology.orchestra.run.smithi079.stdout:/usr/bin/ceph: stderr
2024-05-04T12:08:39.812+0000 7f1eafe95700 1 -- 172.21.15.79:0/3885025274 >> 172.21.15.79:0/3885025274 conn(0x7f1ea81009f0 msgr2=0x7f1ea8102e50 unknown :-1 s=STATE_NONE l=0).mark_down
2024-05-04T12:08:40.810 INFO:teuthology.orchestra.run.smithi079.stdout:/usr/bin/ceph: stderr
2024-05-04T12:08:39.812+0000 7f1eafe95700 1 -- 172.21.15.79:0/3885025274 shutdown_connections
2024-05-04T12:08:40.810 INFO:teuthology.orchestra.run.smithi079.stdout:/usr/bin/ceph: stderr
2024-05-04T12:08:39.812+0000 7f1eafe95700 1 -- 172.21.15.79:0/3885025274 wait complete.
2024-05-04T12:08:40.810 INFO:teuthology.orchestra.run.smithi079.stdout:/usr/bin/ceph: stderr
2024-05-04T12:08:39.813+0000 7f1eafe95700 1 Processor -- start
2024-05-04T12:08:40.810 INFO:teuthology.orchestra.run.smithi079.stdout:/usr/bin/ceph: stderr
2024-05-04T12:08:39.813+0000 7f1eafe95700 1 -- start start
2024-05-04T12:08:40.810 INFO:teuthology.orchestra.run.smithi079.stdout:/usr/bin/ceph: stderr
2024-05-04T12:08:39.813+0000 7f1eafe95700 1 --2- >> [v2:172.21.15.79:3300/0,v1:172.21.15.79:6789/0] conn(0x7f1ea8105470 0x7f1ea81990a0 unknown :-1 s=NONE pgs=0 cs=0 l=1 rev1=0 crypto rx=0 tx=0 comp rx=0 tx=0).connect
2024-05-04T12:08:40.810 INFO:teuthology.orchestra.run.smithi079.stdout:/usr/bin/ceph: stderr
2024-05-04T12:08:39.813+0000 7f1eafe95700 1 -- --> [v2:172.21.15.79:3300/0,v1:172.21.15.79:6789/0] -- mon_getmap magic: 0 v1 -- 0x7f1ea81995e0 con 0x7f1ea8105470
2024-05-04T12:08:40.810 INFO:teuthology.orchestra.run.smithi079.stdout:/usr/bin/ceph: stderr
2024-05-04T12:08:39.813+0000 7f1eadc31700 1 --2- >> [v2:172.21.15.79:3300/0,v1:172.21.15.79:6789/0] conn(0x7f1ea8105470 0x7f1ea81990a0 unknown :-1 s=BANNER_CONNECTING pgs=0 cs=0 l=1 rev1=0 crypto rx=0 tx=0 comp rx=0 tx=0)._handle_peer_banner_payload supported=3 required=0
2024-05-04T12:08:40.811 INFO:teuthology.orchestra.run.smithi079.stdout:/usr/bin/ceph: stderr
2024-05-04T12:08:39.813+0000 7f1eadc31700 1 --2- >> [v2:172.21.15.79:3300/0,v1:172.21.15.79:6789/0] conn(0x7f1ea8105470 0x7f1ea81990a0 unknown :-1 s=HELLO_CONNECTING pgs=0 cs=0 l=1 rev1=1 crypto rx=0 tx=0 comp rx=0 tx=0).handle_hello peer v2:172.21.15.79:3300/0 says I am v2:172.21.15.79:57240/0 (socket says 172.21.15.79:57240)
2024-05-04T12:08:40.811 INFO:teuthology.orchestra.run.smithi079.stdout:/usr/bin/ceph: stderr
2024-05-04T12:08:39.813+0000 7f1eadc31700 1 -- 172.21.15.79:0/1352487952 learned_addr learned my addr 172.21.15.79:0/1352487952 (peer_addr_for_me v2:172.21.15.79:0/0)
2024-05-04T12:08:40.811 INFO:teuthology.orchestra.run.smithi079.stdout:/usr/bin/ceph: stderr
2024-05-04T12:08:39.813+0000 7f1eadc31700 1 -- 172.21.15.79:0/1352487952 --> [v2:172.21.15.79:3300/0,v1:172.21.15.79:6789/0] -- mon_subscribe({config=0+,monmap=0+}) v3 -- 0x7f1ea4009b30 con 0x7f1ea8105470
2024-05-04T12:08:40.811 INFO:teuthology.orchestra.run.smithi079.stdout:/usr/bin/ceph: stderr
2024-05-04T12:08:39.813+0000 7f1eadc31700 1 --2- 172.21.15.79:0/1352487952 >> [v2:172.21.15.79:3300/0,v1:172.21.15.79:6789/0] conn(0x7f1ea8105470 0x7f1ea81990a0 secure :-1 s=READY pgs=52 cs=0 l=1 rev1=1 crypto rx=0x7f1ea4004940 tx=0x7f1ea4004a20 comp rx=0 tx=0).ready entity=mon.0 client_cookie=0 server_cookie=0 in_seq=0 out_seq=0
2024-05-04T12:08:40.811 INFO:teuthology.orchestra.run.smithi079.stdout:/usr/bin/ceph: stderr
2024-05-04T12:08:39.813+0000 7f1e9effd700 1 -- 172.21.15.79:0/1352487952 <== mon.0 v2:172.21.15.79:3300/0 1 ==== mon_map magic: 0 v1 ==== 229+0+0 (secure 0 0 0) 0x7f1ea400e040 con 0x7f1ea8105470
2024-05-04T12:08:40.811 INFO:teuthology.orchestra.run.smithi079.stdout:/usr/bin/ceph: stderr
2024-05-04T12:08:39.813+0000 7f1e9effd700 1 -- 172.21.15.79:0/1352487952 <== mon.0 v2:172.21.15.79:3300/0 2 ==== config(27 keys) v1 ==== 1101+0+0 (secure 0 0 0) 0x7f1ea400bc40 con 0x7f1ea8105470
2024-05-04T12:08:40.811 INFO:teuthology.orchestra.run.smithi079.stdout:/usr/bin/ceph: stderr
2024-05-04T12:08:39.813+0000 7f1eafe95700 1 -- 172.21.15.79:0/1352487952 --> [v2:172.21.15.79:3300/0,v1:172.21.15.79:6789/0] -- mon_subscribe({mgrmap=0+}) v3 -- 0x7f1ea81997e0 con 0x7f1ea8105470
2024-05-04T12:08:40.811 INFO:teuthology.orchestra.run.smithi079.stdout:/usr/bin/ceph: stderr
2024-05-04T12:08:39.813+0000 7f1e9effd700 1 -- 172.21.15.79:0/1352487952 <== mon.0 v2:172.21.15.79:3300/0 3 ==== mon_map magic: 0 v1 ==== 229+0+0 (secure 0 0 0) 0x7f1ea40126e0 con 0x7f1ea8105470
2024-05-04T12:08:40.811 INFO:teuthology.orchestra.run.smithi079.stdout:/usr/bin/ceph: stderr
2024-05-04T12:08:39.814+0000 7f1eafe95700 1 -- 172.21.15.79:0/1352487952 --> [v2:172.21.15.79:3300/0,v1:172.21.15.79:6789/0] -- mon_subscribe({osdmap=0}) v3 -- 0x7f1ea8199ce0 con 0x7f1ea8105470
2024-05-04T12:08:40.811 INFO:teuthology.orchestra.run.smithi079.stdout:/usr/bin/ceph: stderr
2024-05-04T12:08:39.814+0000 7f1e9effd700 1 -- 172.21.15.79:0/1352487952 <== mon.0 v2:172.21.15.79:3300/0 4 ==== mgrmap(e 8) v1 ==== 45283+0+0 (secure 0 0 0) 0x7f1ea4019040 con 0x7f1ea8105470
2024-05-04T12:08:40.811 INFO:teuthology.orchestra.run.smithi079.stdout:/usr/bin/ceph: stderr
2024-05-04T12:08:39.814+0000 7f1eafe95700 1 -- 172.21.15.79:0/1352487952 --> [v2:172.21.15.79:3300/0,v1:172.21.15.79:6789/0] -- mon_command({"prefix": "get_command_descriptions"} v 0) v1 -- 0x7f1ea80623c0 con 0x7f1ea8105470
2024-05-04T12:08:40.811 INFO:teuthology.orchestra.run.smithi079.stdout:/usr/bin/ceph: stderr
2024-05-04T12:08:39.815+0000 7f1e9effd700 1 --2- 172.21.15.79:0/1352487952 >> [v2:172.21.15.79:6800/1620705054,v1:172.21.15.79:6801/1620705054] conn(0x7f1e94038320 0x7f1e9403a7e0 unknown :-1 s=NONE pgs=0 cs=0 l=1 rev1=0 crypto rx=0 tx=0 comp rx=0 tx=0).connect
2024-05-04T12:08:40.811 INFO:teuthology.orchestra.run.smithi079.stdout:/usr/bin/ceph: stderr
2024-05-04T12:08:39.815+0000 7f1e9effd700 1 -- 172.21.15.79:0/1352487952 <== mon.0 v2:172.21.15.79:3300/0 5 ==== osd_map(2..2 src has 1..2) v4 ==== 940+0+0 (secure 0 0 0) 0x7f1ea404bce0 con 0x7f1ea8105470
2024-05-04T12:08:40.811 INFO:teuthology.orchestra.run.smithi079.stdout:/usr/bin/ceph: stderr
2024-05-04T12:08:39.815+0000 7f1ead430700 1 --2- 172.21.15.79:0/1352487952 >> [v2:172.21.15.79:6800/1620705054,v1:172.21.15.79:6801/1620705054] conn(0x7f1e94038320 0x7f1e9403a7e0 unknown :-1 s=BANNER_CONNECTING pgs=0 cs=0 l=1 rev1=0 crypto rx=0 tx=0 comp rx=0 tx=0)._handle_peer_banner_payload supported=3 required=0
2024-05-04T12:08:40.812 INFO:teuthology.orchestra.run.smithi079.stdout:/usr/bin/ceph: stderr
2024-05-04T12:08:39.815+0000 7f1ead430700 1 --2- 172.21.15.79:0/1352487952 >> [v2:172.21.15.79:6800/1620705054,v1:172.21.15.79:6801/1620705054] conn(0x7f1e94038320 0x7f1e9403a7e0 secure :-1 s=READY pgs=14 cs=0 l=1 rev1=1 crypto rx=0x7f1e98006fd0 tx=0x7f1e98006e40 comp rx=0 tx=0).ready entity=mgr.14120 client_cookie=0 server_cookie=0 in_seq=0 out_seq=0
2024-05-04T12:08:40.812 INFO:teuthology.orchestra.run.smithi079.stdout:/usr/bin/ceph: stderr
2024-05-04T12:08:39.819+0000 7f1e9effd700 1 -- 172.21.15.79:0/1352487952 <== mon.0 v2:172.21.15.79:3300/0 6 ==== mon_command_ack([{"prefix": "get_command_descriptions"}]=0 v0) v1 ==== 72+0+180422 (secure 0 0 0) 0x7f1ea4011750 con 0x7f1ea8105470
2024-05-04T12:08:40.812 INFO:teuthology.orchestra.run.smithi079.stdout:/usr/bin/ceph: stderr
2024-05-04T12:08:40.042+0000 7f1eafe95700 1 -- 172.21.15.79:0/1352487952 --> [v2:172.21.15.79:6800/1620705054,v1:172.21.15.79:6801/1620705054] -- mgr_command(tid 0: {"prefix": "orch apply", "service_type": "crash", "target": ["mon-mgr", ""]}) v1 -- 0x7f1ea8101e50 con 0x7f1e94038320
2024-05-04T12:08:40.812 INFO:teuthology.orchestra.run.smithi079.stdout:/usr/bin/ceph: stderr
2024-05-04T12:08:40.046+0000 7f1e9effd700 1 -- 172.21.15.79:0/1352487952 <== mgr.14120 v2:172.21.15.79:6800/1620705054 1 ==== mgr_command_reply(tid 0: 0 ) v1 ==== 8+0+26 (secure 0 0 0) 0x7f1ea8101e50 con 0x7f1e94038320
2024-05-04T12:08:40.812 INFO:teuthology.orchestra.run.smithi079.stdout:/usr/bin/ceph: stderr
2024-05-04T12:08:40.048+0000 7f1eafe95700 1 -- 172.21.15.79:0/1352487952 >> [v2:172.21.15.79:6800/1620705054,v1:172.21.15.79:6801/1620705054] conn(0x7f1e94038320 msgr2=0x7f1e9403a7e0 secure :-1 s=STATE_CONNECTION_ESTABLISHED l=1).mark_down
2024-05-04T12:08:40.812 INFO:teuthology.orchestra.run.smithi079.stdout:/usr/bin/ceph: stderr
2024-05-04T12:08:40.048+0000 7f1eafe95700 1 --2- 172.21.15.79:0/1352487952 >> [v2:172.21.15.79:6800/1620705054,v1:172.21.15.79:6801/1620705054] conn(0x7f1e94038320 0x7f1e9403a7e0 secure :-1 s=READY pgs=14 cs=0 l=1 rev1=1 crypto rx=0x7f1e98006fd0 tx=0x7f1e98006e40 comp rx=0 tx=0).stop
2024-05-04T12:08:40.812 INFO:teuthology.orchestra.run.smithi079.stdout:/usr/bin/ceph: stderr
2024-05-04T12:08:40.048+0000 7f1eafe95700 1 -- 172.21.15.79:0/1352487952 >> [v2:172.21.15.79:3300/0,v1:172.21.15.79:6789/0] conn(0x7f1ea8105470 msgr2=0x7f1ea81990a0 secure :-1 s=STATE_CONNECTION_ESTABLISHED l=1).mark_down
2024-05-04T12:08:40.812 INFO:teuthology.orchestra.run.smithi079.stdout:/usr/bin/ceph: stderr
2024-05-04T12:08:40.048+0000 7f1eafe95700 1 --2- 172.21.15.79:0/1352487952 >> [v2:172.21.15.79:3300/0,v1:172.21.15.79:6789/0] conn(0x7f1ea8105470 0x7f1ea81990a0 secure :-1 s=READY pgs=52 cs=0 l=1 rev1=1 crypto rx=0x7f1ea4004940 tx=0x7f1ea4004a20 comp rx=0 tx=0).stop
2024-05-04T12:08:40.812 INFO:teuthology.orchestra.run.smithi079.stdout:/usr/bin/ceph: stderr
2024-05-04T12:08:40.049+0000 7f1eafe95700 1 -- 172.21.15.79:0/1352487952 shutdown_connections
2024-05-04T12:08:40.812 INFO:teuthology.orchestra.run.smithi079.stdout:/usr/bin/ceph: stderr
2024-05-04T12:08:40.049+0000 7f1eafe95700 1 --2- 172.21.15.79:0/1352487952 >> [v2:172.21.15.79:6800/1620705054,v1:172.21.15.79:6801/1620705054] conn(0x7f1e94038320 0x7f1e9403a7e0 unknown :-1 s=CLOSED pgs=14 cs=0 l=1 rev1=1 crypto rx=0 tx=0 comp rx=0 tx=0).stop
2024-05-04T12:08:40.812 INFO:teuthology.orchestra.run.smithi079.stdout:/usr/bin/ceph: stderr
2024-05-04T12:08:40.049+0000 7f1eafe95700 1 --2- 172.21.15.79:0/1352487952 >> [v2:172.21.15.79:3300/0,v1:172.21.15.79:6789/0] conn(0x7f1ea8105470 0x7f1ea81990a0 unknown :-1 s=CLOSED pgs=52 cs=0 l=1 rev1=1 crypto rx=0 tx=0 comp rx=0 tx=0).stop
2024-05-04T12:08:40.812 INFO:teuthology.orchestra.run.smithi079.stdout:/usr/bin/ceph: stderr
2024-05-04T12:08:40.049+0000 7f1eafe95700 1 -- 172.21.15.79:0/1352487952 >> 172.21.15.79:0/1352487952 conn(0x7f1ea81009f0 msgr2=0x7f1ea8101740 unknown :-1 s=STATE_NONE l=0).mark_down
2024-05-04T12:08:40.812 INFO:teuthology.orchestra.run.smithi079.stdout:/usr/bin/ceph: stderr
2024-05-04T12:08:40.049+0000 7f1eafe95700 1 -- 172.21.15.79:0/1352487952 shutdown_connections
2024-05-04T12:08:40.812 INFO:teuthology.orchestra.run.smithi079.stdout:/usr/bin/ceph: stderr
2024-05-04T12:08:40.049+0000 7f1eafe95700 1 -- 172.21.15.79:0/1352487952 wait complete.
2024-05-04T12:08:40.812 INFO:teuthology.orchestra.run.smithi079.stdout:Deploying ceph-exporter service with default placement...
2024-05-04T12:08:41.432 INFO:journalctl@ceph.mon.smithi079.smithi079.stdout:May 04 12:08:41 smithi079 ceph-mon[27222]: from='client.14146 -' entity='client.admin' cmd=[{"prefix": "orch apply", "service_type": "crash", "target": ["mon-mgr", ""]}]: dispatch
2024-05-04T12:08:41.432 INFO:journalctl@ceph.mon.smithi079.smithi079.stdout:May 04 12:08:41 smithi079 ceph-mon[27222]: Saving service crash spec with placement *
2024-05-04T12:08:42.083 INFO:teuthology.orchestra.run.smithi079.stdout:/usr/bin/ceph: stdout Scheduled ceph-exporter update...
2024-05-04T12:08:42.083 INFO:teuthology.orchestra.run.smithi079.stdout:/usr/bin/ceph: stderr
2024-05-04T12:08:41.220+0000 7f0743623700 1 Processor -- start
2024-05-04T12:08:42.083 INFO:teuthology.orchestra.run.smithi079.stdout:/usr/bin/ceph: stderr
2024-05-04T12:08:41.220+0000 7f0743623700 1 -- start start
2024-05-04T12:08:42.083 INFO:teuthology.orchestra.run.smithi079.stdout:/usr/bin/ceph: stderr
2024-05-04T12:08:41.220+0000 7f0743623700 1 --2- >> [v2:172.21.15.79:3300/0,v1:172.21.15.79:6789/0] conn(0x7f073c107060 0x7f073c109450 unknown :-1 s=NONE pgs=0 cs=0 l=0 rev1=0 crypto rx=0 tx=0 comp rx=0 tx=0).connect
2024-05-04T12:08:42.083 INFO:teuthology.orchestra.run.smithi079.stdout:/usr/bin/ceph: stderr
2024-05-04T12:08:41.220+0000 7f0743623700 1 -- --> [v2:172.21.15.79:3300/0,v1:172.21.15.79:6789/0] -- mon_getmap magic: 0 v1 -- 0x7f073c074600 con 0x7f073c107060
2024-05-04T12:08:42.084 INFO:teuthology.orchestra.run.smithi079.stdout:/usr/bin/ceph: stderr
2024-05-04T12:08:41.221+0000 7f07413bf700 1 --2- >> [v2:172.21.15.79:3300/0,v1:172.21.15.79:6789/0] conn(0x7f073c107060 0x7f073c109450 unknown :-1 s=BANNER_CONNECTING pgs=0 cs=0 l=0 rev1=0 crypto rx=0 tx=0 comp rx=0 tx=0)._handle_peer_banner_payload supported=3 required=0
2024-05-04T12:08:42.084 INFO:teuthology.orchestra.run.smithi079.stdout:/usr/bin/ceph: stderr
2024-05-04T12:08:41.221+0000 7f07413bf700 1 --2- >> [v2:172.21.15.79:3300/0,v1:172.21.15.79:6789/0] conn(0x7f073c107060 0x7f073c109450 unknown :-1 s=HELLO_CONNECTING pgs=0 cs=0 l=0 rev1=1 crypto rx=0 tx=0 comp rx=0 tx=0).handle_hello peer v2:172.21.15.79:3300/0 says I am v2:172.21.15.79:57252/0 (socket says 172.21.15.79:57252)
2024-05-04T12:08:42.084 INFO:teuthology.orchestra.run.smithi079.stdout:/usr/bin/ceph: stderr
2024-05-04T12:08:41.221+0000 7f07413bf700 1 -- 172.21.15.79:0/4294700245 learned_addr learned my addr 172.21.15.79:0/4294700245 (peer_addr_for_me v2:172.21.15.79:0/0)
2024-05-04T12:08:42.084 INFO:teuthology.orchestra.run.smithi079.stdout:/usr/bin/ceph: stderr
2024-05-04T12:08:41.221+0000 7f07413bf700 1 -- 172.21.15.79:0/4294700245 --> [v2:172.21.15.79:3300/0,v1:172.21.15.79:6789/0] -- mon_subscribe({config=0+,monmap=0+}) v3 -- 0x7f073c109990 con 0x7f073c107060
2024-05-04T12:08:42.084 INFO:teuthology.orchestra.run.smithi079.stdout:/usr/bin/ceph: stderr
2024-05-04T12:08:41.221+0000 7f07413bf700 1 --2- 172.21.15.79:0/4294700245 >> [v2:172.21.15.79:3300/0,v1:172.21.15.79:6789/0] conn(0x7f073c107060 0x7f073c109450 secure :-1 s=READY pgs=53 cs=0 l=1 rev1=1 crypto rx=0x7f07380098a0 tx=0x7f0738009bb0 comp rx=0 tx=0).ready entity=mon.0 client_cookie=a4362c60b060eb06 server_cookie=0 in_seq=0 out_seq=0
2024-05-04T12:08:42.084 INFO:teuthology.orchestra.run.smithi079.stdout:/usr/bin/ceph: stderr
2024-05-04T12:08:41.221+0000 7f0733fff700 1 -- 172.21.15.79:0/4294700245 <== mon.0 v2:172.21.15.79:3300/0 1 ==== mon_map magic: 0 v1 ==== 229+0+0 (secure 0 0 0) 0x7f0738004180 con 0x7f073c107060
2024-05-04T12:08:42.084 INFO:teuthology.orchestra.run.smithi079.stdout:/usr/bin/ceph: stderr
2024-05-04T12:08:41.221+0000 7f0733fff700 1 -- 172.21.15.79:0/4294700245 <== mon.0 v2:172.21.15.79:3300/0 2 ==== config(27 keys) v1 ==== 1101+0+0 (secure 0 0 0) 0x7f07380042e0 con 0x7f073c107060
2024-05-04T12:08:42.084 INFO:teuthology.orchestra.run.smithi079.stdout:/usr/bin/ceph: stderr
2024-05-04T12:08:41.221+0000 7f0733fff700 1 -- 172.21.15.79:0/4294700245 <== mon.0 v2:172.21.15.79:3300/0 3 ==== mon_map magic: 0 v1 ==== 229+0+0 (secure 0 0 0) 0x7f0738011af0 con 0x7f073c107060
2024-05-04T12:08:42.085 INFO:teuthology.orchestra.run.smithi079.stdout:/usr/bin/ceph: stderr
2024-05-04T12:08:41.222+0000 7f0743623700 1 -- 172.21.15.79:0/4294700245 >> [v2:172.21.15.79:3300/0,v1:172.21.15.79:6789/0] conn(0x7f073c107060 msgr2=0x7f073c109450 secure :-1 s=STATE_CONNECTION_ESTABLISHED l=1).mark_down
2024-05-04T12:08:42.085 INFO:teuthology.orchestra.run.smithi079.stdout:/usr/bin/ceph: stderr
2024-05-04T12:08:41.222+0000 7f0743623700 1 --2- 172.21.15.79:0/4294700245 >> [v2:172.21.15.79:3300/0,v1:172.21.15.79:6789/0] conn(0x7f073c107060 0x7f073c109450 secure :-1 s=READY pgs=53 cs=0 l=1 rev1=1 crypto rx=0x7f07380098a0 tx=0x7f0738009bb0 comp rx=0 tx=0).stop
2024-05-04T12:08:42.085 INFO:teuthology.orchestra.run.smithi079.stdout:/usr/bin/ceph: stderr
2024-05-04T12:08:41.222+0000 7f0743623700 1 -- 172.21.15.79:0/4294700245 shutdown_connections
2024-05-04T12:08:42.085 INFO:teuthology.orchestra.run.smithi079.stdout:/usr/bin/ceph: stderr
2024-05-04T12:08:41.222+0000 7f0743623700 1 --2- 172.21.15.79:0/4294700245 >> [v2:172.21.15.79:3300/0,v1:172.21.15.79:6789/0] conn(0x7f073c107060 0x7f073c109450 unknown :-1 s=CLOSED pgs=53 cs=0 l=1 rev1=1 crypto rx=0 tx=0 comp rx=0 tx=0).stop
2024-05-04T12:08:42.085 INFO:teuthology.orchestra.run.smithi079.stdout:/usr/bin/ceph: stderr
2024-05-04T12:08:41.222+0000 7f0743623700 1 -- 172.21.15.79:0/4294700245 >> 172.21.15.79:0/4294700245 conn(0x7f073c1009f0 msgr2=0x7f073c102e50 unknown :-1 s=STATE_NONE l=0).mark_down
2024-05-04T12:08:42.086 INFO:teuthology.orchestra.run.smithi079.stdout:/usr/bin/ceph: stderr
2024-05-04T12:08:41.222+0000 7f0743623700 1 -- 172.21.15.79:0/4294700245 shutdown_connections
2024-05-04T12:08:42.086 INFO:teuthology.orchestra.run.smithi079.stdout:/usr/bin/ceph: stderr
2024-05-04T12:08:41.222+0000 7f0743623700 1 -- 172.21.15.79:0/4294700245 wait complete.
2024-05-04T12:08:42.086 INFO:teuthology.orchestra.run.smithi079.stdout:/usr/bin/ceph: stderr
2024-05-04T12:08:41.222+0000 7f0743623700 1 Processor -- start
2024-05-04T12:08:42.086 INFO:teuthology.orchestra.run.smithi079.stdout:/usr/bin/ceph: stderr
2024-05-04T12:08:41.222+0000 7f0743623700 1 -- start start
2024-05-04T12:08:42.086 INFO:teuthology.orchestra.run.smithi079.stdout:/usr/bin/ceph: stderr
2024-05-04T12:08:41.223+0000 7f0743623700 1 --2- >> [v2:172.21.15.79:3300/0,v1:172.21.15.79:6789/0] conn(0x7f073c107060 0x7f073c19c390 unknown :-1 s=NONE pgs=0 cs=0 l=1 rev1=0 crypto rx=0 tx=0 comp rx=0 tx=0).connect
2024-05-04T12:08:42.086 INFO:teuthology.orchestra.run.smithi079.stdout:/usr/bin/ceph: stderr
2024-05-04T12:08:41.223+0000 7f0743623700 1 -- --> [v2:172.21.15.79:3300/0,v1:172.21.15.79:6789/0] -- mon_getmap magic: 0 v1 -- 0x7f073c19c8d0 con 0x7f073c107060
2024-05-04T12:08:42.087 INFO:teuthology.orchestra.run.smithi079.stdout:/usr/bin/ceph: stderr
2024-05-04T12:08:41.223+0000 7f07413bf700 1 --2- >> [v2:172.21.15.79:3300/0,v1:172.21.15.79:6789/0] conn(0x7f073c107060 0x7f073c19c390 unknown :-1 s=BANNER_CONNECTING pgs=0 cs=0 l=1 rev1=0 crypto rx=0 tx=0 comp rx=0 tx=0)._handle_peer_banner_payload supported=3 required=0
2024-05-04T12:08:42.087 INFO:teuthology.orchestra.run.smithi079.stdout:/usr/bin/ceph: stderr
2024-05-04T12:08:41.223+0000 7f07413bf700 1 --2- >> [v2:172.21.15.79:3300/0,v1:172.21.15.79:6789/0] conn(0x7f073c107060 0x7f073c19c390 unknown :-1 s=HELLO_CONNECTING pgs=0 cs=0 l=1 rev1=1 crypto rx=0 tx=0 comp rx=0 tx=0).handle_hello peer v2:172.21.15.79:3300/0 says I am v2:172.21.15.79:57258/0 (socket says 172.21.15.79:57258)
2024-05-04T12:08:42.087 INFO:teuthology.orchestra.run.smithi079.stdout:/usr/bin/ceph: stderr
2024-05-04T12:08:41.223+0000 7f07413bf700 1 -- 172.21.15.79:0/2335382408 learned_addr learned my addr 172.21.15.79:0/2335382408 (peer_addr_for_me v2:172.21.15.79:0/0)
2024-05-04T12:08:42.087 INFO:teuthology.orchestra.run.smithi079.stdout:/usr/bin/ceph: stderr
2024-05-04T12:08:41.223+0000 7f07413bf700 1 -- 172.21.15.79:0/2335382408 --> [v2:172.21.15.79:3300/0,v1:172.21.15.79:6789/0] -- mon_subscribe({config=0+,monmap=0+}) v3 -- 0x7f0738009550 con 0x7f073c107060
2024-05-04T12:08:42.087 INFO:teuthology.orchestra.run.smithi079.stdout:/usr/bin/ceph: stderr
2024-05-04T12:08:41.223+0000 7f07413bf700 1 --2- 172.21.15.79:0/2335382408 >> [v2:172.21.15.79:3300/0,v1:172.21.15.79:6789/0] conn(0x7f073c107060 0x7f073c19c390 secure :-1 s=READY pgs=54 cs=0 l=1 rev1=1 crypto rx=0x7f0738011ad0 tx=0x7f0738011bb0 comp rx=0 tx=0).ready entity=mon.0 client_cookie=0 server_cookie=0 in_seq=0 out_seq=0
2024-05-04T12:08:42.087 INFO:teuthology.orchestra.run.smithi079.stdout:/usr/bin/ceph: stderr
2024-05-04T12:08:41.223+0000 7f07327fc700 1 -- 172.21.15.79:0/2335382408 <== mon.0 v2:172.21.15.79:3300/0 1 ==== mon_map magic: 0 v1 ==== 229+0+0 (secure 0 0 0) 0x7f0738003ab0 con 0x7f073c107060
2024-05-04T12:08:42.088 INFO:teuthology.orchestra.run.smithi079.stdout:/usr/bin/ceph: stderr
2024-05-04T12:08:41.223+0000 7f07327fc700 1 -- 172.21.15.79:0/2335382408 <== mon.0 v2:172.21.15.79:3300/0 2 ==== config(27 keys) v1 ==== 1101+0+0 (secure 0 0 0) 0x7f0738003c10 con 0x7f073c107060
2024-05-04T12:08:42.088 INFO:teuthology.orchestra.run.smithi079.stdout:/usr/bin/ceph: stderr
2024-05-04T12:08:41.223+0000 7f07327fc700 1 -- 172.21.15.79:0/2335382408 <== mon.0 v2:172.21.15.79:3300/0 3 ==== mon_map magic: 0 v1 ==== 229+0+0 (secure 0 0 0) 0x7f07380198e0 con 0x7f073c107060
2024-05-04T12:08:42.088 INFO:teuthology.orchestra.run.smithi079.stdout:/usr/bin/ceph: stderr
2024-05-04T12:08:41.223+0000 7f0743623700 1 -- 172.21.15.79:0/2335382408 --> [v2:172.21.15.79:3300/0,v1:172.21.15.79:6789/0] -- mon_subscribe({mgrmap=0+}) v3 -- 0x7f073c19cad0 con 0x7f073c107060
2024-05-04T12:08:42.088 INFO:teuthology.orchestra.run.smithi079.stdout:/usr/bin/ceph: stderr
2024-05-04T12:08:41.223+0000 7f0743623700 1 -- 172.21.15.79:0/2335382408 --> [v2:172.21.15.79:3300/0,v1:172.21.15.79:6789/0] -- mon_subscribe({osdmap=0}) v3 -- 0x7f073c19cf70 con 0x7f073c107060
2024-05-04T12:08:42.088 INFO:teuthology.orchestra.run.smithi079.stdout:/usr/bin/ceph: stderr
2024-05-04T12:08:41.224+0000 7f07327fc700 1 -- 172.21.15.79:0/2335382408 <== mon.0 v2:172.21.15.79:3300/0 4 ==== mgrmap(e 8) v1 ==== 45283+0+0 (secure 0 0 0) 0x7f0738019ba0 con 0x7f073c107060
2024-05-04T12:08:42.088 INFO:teuthology.orchestra.run.smithi079.stdout:/usr/bin/ceph: stderr
2024-05-04T12:08:41.224+0000 7f0743623700 1 -- 172.21.15.79:0/2335382408 --> [v2:172.21.15.79:3300/0,v1:172.21.15.79:6789/0] -- mon_command({"prefix": "get_command_descriptions"} v 0) v1 -- 0x7f073c10a6d0 con 0x7f073c107060
2024-05-04T12:08:42.088 INFO:teuthology.orchestra.run.smithi079.stdout:/usr/bin/ceph: stderr
2024-05-04T12:08:41.224+0000 7f07327fc700 1 --2- 172.21.15.79:0/2335382408 >> [v2:172.21.15.79:6800/1620705054,v1:172.21.15.79:6801/1620705054] conn(0x7f0728038320 0x7f072803a7e0 unknown :-1 s=NONE pgs=0 cs=0 l=1 rev1=0 crypto rx=0 tx=0 comp rx=0 tx=0).connect
2024-05-04T12:08:42.089 INFO:teuthology.orchestra.run.smithi079.stdout:/usr/bin/ceph: stderr
2024-05-04T12:08:41.225+0000 7f07327fc700 1 -- 172.21.15.79:0/2335382408 <== mon.0 v2:172.21.15.79:3300/0 5 ==== osd_map(2..2 src has 1..2) v4 ==== 940+0+0 (secure 0 0 0) 0x7f073804c170 con 0x7f073c107060
2024-05-04T12:08:42.089 INFO:teuthology.orchestra.run.smithi079.stdout:/usr/bin/ceph: stderr
2024-05-04T12:08:41.225+0000 7f0740bbe700 1 --2- 172.21.15.79:0/2335382408 >> [v2:172.21.15.79:6800/1620705054,v1:172.21.15.79:6801/1620705054] conn(0x7f0728038320 0x7f072803a7e0 unknown :-1 s=BANNER_CONNECTING pgs=0 cs=0 l=1 rev1=0 crypto rx=0 tx=0 comp rx=0 tx=0)._handle_peer_banner_payload supported=3 required=0
2024-05-04T12:08:42.089 INFO:teuthology.orchestra.run.smithi079.stdout:/usr/bin/ceph: stderr
2024-05-04T12:08:41.225+0000 7f0740bbe700 1 --2- 172.21.15.79:0/2335382408 >> [v2:172.21.15.79:6800/1620705054,v1:172.21.15.79:6801/1620705054] conn(0x7f0728038320 0x7f072803a7e0 secure :-1 s=READY pgs=15 cs=0 l=1 rev1=1 crypto rx=0x7f072c006fd0 tx=0x7f072c006e40 comp rx=0 tx=0).ready entity=mgr.14120 client_cookie=0 server_cookie=0 in_seq=0 out_seq=0
2024-05-04T12:08:42.089 INFO:teuthology.orchestra.run.smithi079.stdout:/usr/bin/ceph: stderr
2024-05-04T12:08:41.229+0000 7f07327fc700 1 -- 172.21.15.79:0/2335382408 <== mon.0 v2:172.21.15.79:3300/0 6 ==== mon_command_ack([{"prefix": "get_command_descriptions"}]=0 v0) v1 ==== 72+0+180422 (secure 0 0 0) 0x7f073801a430 con 0x7f073c107060
2024-05-04T12:08:42.089 INFO:teuthology.orchestra.run.smithi079.stdout:/usr/bin/ceph: stderr
2024-05-04T12:08:41.433+0000 7f0743623700 1 -- 172.21.15.79:0/2335382408 --> [v2:172.21.15.79:6800/1620705054,v1:172.21.15.79:6801/1620705054] -- mgr_command(tid 0: {"prefix": "orch apply", "service_type": "ceph-exporter", "target": ["mon-mgr", ""]}) v1 -- 0x7f073c101e10 con 0x7f0728038320
2024-05-04T12:08:42.089 INFO:teuthology.orchestra.run.smithi079.stdout:/usr/bin/ceph: stderr
2024-05-04T12:08:41.438+0000 7f07327fc700 1 -- 172.21.15.79:0/2335382408 <== mgr.14120 v2:172.21.15.79:6800/1620705054 1 ==== mgr_command_reply(tid 0: 0 ) v1 ==== 8+0+34 (secure 0 0 0) 0x7f073c101e10 con 0x7f0728038320
2024-05-04T12:08:42.090 INFO:teuthology.orchestra.run.smithi079.stdout:/usr/bin/ceph: stderr
2024-05-04T12:08:41.440+0000 7f0743623700 1 -- 172.21.15.79:0/2335382408 >> [v2:172.21.15.79:6800/1620705054,v1:172.21.15.79:6801/1620705054] conn(0x7f0728038320 msgr2=0x7f072803a7e0 secure :-1 s=STATE_CONNECTION_ESTABLISHED l=1).mark_down
2024-05-04T12:08:42.090 INFO:teuthology.orchestra.run.smithi079.stdout:/usr/bin/ceph: stderr
2024-05-04T12:08:41.440+0000 7f0743623700 1 --2- 172.21.15.79:0/2335382408 >> [v2:172.21.15.79:6800/1620705054,v1:172.21.15.79:6801/1620705054] conn(0x7f0728038320 0x7f072803a7e0 secure :-1 s=READY pgs=15 cs=0 l=1 rev1=1 crypto rx=0x7f072c006fd0 tx=0x7f072c006e40 comp rx=0 tx=0).stop
2024-05-04T12:08:42.090 INFO:teuthology.orchestra.run.smithi079.stdout:/usr/bin/ceph: stderr
2024-05-04T12:08:41.440+0000 7f0743623700 1 -- 172.21.15.79:0/2335382408 >> [v2:172.21.15.79:3300/0,v1:172.21.15.79:6789/0] conn(0x7f073c107060 msgr2=0x7f073c19c390 secure :-1 s=STATE_CONNECTION_ESTABLISHED l=1).mark_down
2024-05-04T12:08:42.090 INFO:teuthology.orchestra.run.smithi079.stdout:/usr/bin/ceph: stderr
2024-05-04T12:08:41.440+0000 7f0743623700 1 --2- 172.21.15.79:0/2335382408 >> [v2:172.21.15.79:3300/0,v1:172.21.15.79:6789/0] conn(0x7f073c107060 0x7f073c19c390 secure :-1 s=READY pgs=54 cs=0 l=1 rev1=1 crypto rx=0x7f0738011ad0 tx=0x7f0738011bb0 comp rx=0 tx=0).stop
2024-05-04T12:08:42.090 INFO:teuthology.orchestra.run.smithi079.stdout:/usr/bin/ceph: stderr
2024-05-04T12:08:41.440+0000 7f0743623700 1 -- 172.21.15.79:0/2335382408 shutdown_connections
2024-05-04T12:08:42.091 INFO:teuthology.orchestra.run.smithi079.stdout:/usr/bin/ceph: stderr
2024-05-04T12:08:41.440+0000 7f0743623700 1 --2- 172.21.15.79:0/2335382408 >> [v2:172.21.15.79:6800/1620705054,v1:172.21.15.79:6801/1620705054] conn(0x7f0728038320 0x7f072803a7e0 unknown :-1 s=CLOSED pgs=15 cs=0 l=1 rev1=1 crypto rx=0 tx=0 comp rx=0 tx=0).stop
2024-05-04T12:08:42.091 INFO:teuthology.orchestra.run.smithi079.stdout:/usr/bin/ceph: stderr
2024-05-04T12:08:41.440+0000 7f0743623700 1 --2- 172.21.15.79:0/2335382408 >> [v2:172.21.15.79:3300/0,v1:172.21.15.79:6789/0] conn(0x7f073c107060 0x7f073c19c390 unknown :-1 s=CLOSED pgs=54 cs=0 l=1 rev1=1 crypto rx=0 tx=0 comp rx=0 tx=0).stop
2024-05-04T12:08:42.091 INFO:teuthology.orchestra.run.smithi079.stdout:/usr/bin/ceph: stderr
2024-05-04T12:08:41.440+0000 7f0743623700 1 -- 172.21.15.79:0/2335382408 >> 172.21.15.79:0/2335382408 conn(0x7f073c1009f0 msgr2=0x7f073c101700 unknown :-1 s=STATE_NONE l=0).mark_down
2024-05-04T12:08:42.091 INFO:teuthology.orchestra.run.smithi079.stdout:/usr/bin/ceph: stderr
2024-05-04T12:08:41.440+0000 7f0743623700 1 -- 172.21.15.79:0/2335382408 shutdown_connections
2024-05-04T12:08:42.091 INFO:teuthology.orchestra.run.smithi079.stdout:/usr/bin/ceph: stderr
2024-05-04T12:08:41.440+0000 7f0743623700 1 -- 172.21.15.79:0/2335382408 wait complete.
2024-05-04T12:08:42.091 INFO:teuthology.orchestra.run.smithi079.stdout:Deploying prometheus service with default placement...
2024-05-04T12:08:42.478 INFO:journalctl@ceph.mon.smithi079.smithi079.stdout:May 04 12:08:42 smithi079 ceph-mon[27222]: from='client.14148 -' entity='client.admin' cmd=[{"prefix": "orch apply", "service_type": "ceph-exporter", "target": ["mon-mgr", ""]}]: dispatch
2024-05-04T12:08:42.478 INFO:journalctl@ceph.mon.smithi079.smithi079.stdout:May 04 12:08:42 smithi079 ceph-mon[27222]: Saving service ceph-exporter spec with placement *
2024-05-04T12:08:42.478 INFO:journalctl@ceph.mon.smithi079.smithi079.stdout:May 04 12:08:42 smithi079 ceph-mon[27222]: from='mgr.14120 172.21.15.79:0/2394226123' entity='mgr.smithi079.dgcpwl'
2024-05-04T12:08:43.336 INFO:teuthology.orchestra.run.smithi079.stdout:/usr/bin/ceph: stdout Scheduled prometheus update...
2024-05-04T12:08:43.337 INFO:teuthology.orchestra.run.smithi079.stdout:/usr/bin/ceph: stderr
2024-05-04T12:08:42.508+0000 7f2392c83700 1 Processor -- start
2024-05-04T12:08:43.337 INFO:teuthology.orchestra.run.smithi079.stdout:/usr/bin/ceph: stderr
2024-05-04T12:08:42.508+0000 7f2392c83700 1 -- start start
2024-05-04T12:08:43.337 INFO:teuthology.orchestra.run.smithi079.stdout:/usr/bin/ceph: stderr
2024-05-04T12:08:42.508+0000 7f2392c83700 1 --2- >> [v2:172.21.15.79:3300/0,v1:172.21.15.79:6789/0] conn(0x7f238c07bea0 0x7f238c07a300 unknown :-1 s=NONE pgs=0 cs=0 l=0 rev1=0 crypto rx=0 tx=0 comp rx=0 tx=0).connect
2024-05-04T12:08:43.337 INFO:teuthology.orchestra.run.smithi079.stdout:/usr/bin/ceph: stderr
2024-05-04T12:08:42.508+0000 7f2392c83700 1 -- --> [v2:172.21.15.79:3300/0,v1:172.21.15.79:6789/0] -- mon_getmap magic: 0 v1 -- 0x7f238c07a8d0 con 0x7f238c07bea0
2024-05-04T12:08:43.337 INFO:teuthology.orchestra.run.smithi079.stdout:/usr/bin/ceph: stderr
2024-05-04T12:08:42.508+0000 7f2390a1f700 1 --2- >> [v2:172.21.15.79:3300/0,v1:172.21.15.79:6789/0] conn(0x7f238c07bea0 0x7f238c07a300 unknown :-1 s=BANNER_CONNECTING pgs=0 cs=0 l=0 rev1=0 crypto rx=0 tx=0 comp rx=0 tx=0)._handle_peer_banner_payload supported=3 required=0
2024-05-04T12:08:43.337 INFO:teuthology.orchestra.run.smithi079.stdout:/usr/bin/ceph: stderr
2024-05-04T12:08:42.508+0000 7f2390a1f700 1 --2- >> [v2:172.21.15.79:3300/0,v1:172.21.15.79:6789/0] conn(0x7f238c07bea0 0x7f238c07a300 unknown :-1 s=HELLO_CONNECTING pgs=0 cs=0 l=0 rev1=1 crypto rx=0 tx=0 comp rx=0 tx=0).handle_hello peer v2:172.21.15.79:3300/0 says I am v2:172.21.15.79:57266/0 (socket says 172.21.15.79:57266)
2024-05-04T12:08:43.337 INFO:teuthology.orchestra.run.smithi079.stdout:/usr/bin/ceph: stderr
2024-05-04T12:08:42.508+0000 7f2390a1f700 1 -- 172.21.15.79:0/178778934 learned_addr learned my addr 172.21.15.79:0/178778934 (peer_addr_for_me v2:172.21.15.79:0/0)
2024-05-04T12:08:43.337 INFO:teuthology.orchestra.run.smithi079.stdout:/usr/bin/ceph: stderr
2024-05-04T12:08:42.508+0000 7f2390a1f700 1 -- 172.21.15.79:0/178778934 --> [v2:172.21.15.79:3300/0,v1:172.21.15.79:6789/0] -- mon_subscribe({config=0+,monmap=0+}) v3 -- 0x7f238c07aa10 con 0x7f238c07bea0
2024-05-04T12:08:43.338 INFO:teuthology.orchestra.run.smithi079.stdout:/usr/bin/ceph: stderr
2024-05-04T12:08:42.509+0000 7f2390a1f700 1 --2- 172.21.15.79:0/178778934 >> [v2:172.21.15.79:3300/0,v1:172.21.15.79:6789/0] conn(0x7f238c07bea0 0x7f238c07a300 secure :-1 s=READY pgs=55 cs=0 l=1 rev1=1 crypto rx=0x7f23800098a0 tx=0x7f2380009bb0 comp rx=0 tx=0).ready entity=mon.0 client_cookie=e940fb942d89362d server_cookie=0 in_seq=0 out_seq=0
2024-05-04T12:08:43.338 INFO:teuthology.orchestra.run.smithi079.stdout:/usr/bin/ceph: stderr
2024-05-04T12:08:42.509+0000 7f238b7fe700 1 -- 172.21.15.79:0/178778934 <== mon.0 v2:172.21.15.79:3300/0 1 ==== mon_map magic: 0 v1 ==== 229+0+0 (secure 0 0 0) 0x7f2380004180 con 0x7f238c07bea0
2024-05-04T12:08:43.338 INFO:teuthology.orchestra.run.smithi079.stdout:/usr/bin/ceph: stderr
2024-05-04T12:08:42.509+0000 7f238b7fe700 1 -- 172.21.15.79:0/178778934 <== mon.0 v2:172.21.15.79:3300/0 2 ==== config(27 keys) v1 ==== 1101+0+0 (secure 0 0 0) 0x7f23800042e0 con 0x7f238c07bea0
2024-05-04T12:08:43.338 INFO:teuthology.orchestra.run.smithi079.stdout:/usr/bin/ceph: stderr
2024-05-04T12:08:42.509+0000 7f238b7fe700 1 -- 172.21.15.79:0/178778934 <== mon.0 v2:172.21.15.79:3300/0 3 ==== mon_map magic: 0 v1 ==== 229+0+0 (secure 0 0 0) 0x7f2380011af0 con 0x7f238c07bea0
2024-05-04T12:08:43.338 INFO:teuthology.orchestra.run.smithi079.stdout:/usr/bin/ceph: stderr
2024-05-04T12:08:42.509+0000 7f2392c83700 1 -- 172.21.15.79:0/178778934 >> [v2:172.21.15.79:3300/0,v1:172.21.15.79:6789/0] conn(0x7f238c07bea0 msgr2=0x7f238c07a300 secure :-1 s=STATE_CONNECTION_ESTABLISHED l=1).mark_down
2024-05-04T12:08:43.338 INFO:teuthology.orchestra.run.smithi079.stdout:/usr/bin/ceph: stderr
2024-05-04T12:08:42.509+0000 7f2392c83700 1 --2- 172.21.15.79:0/178778934 >> [v2:172.21.15.79:3300/0,v1:172.21.15.79:6789/0] conn(0x7f238c07bea0 0x7f238c07a300 secure :-1 s=READY pgs=55 cs=0 l=1 rev1=1 crypto rx=0x7f23800098a0 tx=0x7f2380009bb0 comp rx=0 tx=0).stop
2024-05-04T12:08:43.338 INFO:teuthology.orchestra.run.smithi079.stdout:/usr/bin/ceph: stderr
2024-05-04T12:08:42.509+0000 7f2392c83700 1 -- 172.21.15.79:0/178778934 shutdown_connections
2024-05-04T12:08:43.339 INFO:teuthology.orchestra.run.smithi079.stdout:/usr/bin/ceph: stderr
2024-05-04T12:08:42.509+0000 7f2392c83700 1 --2- 172.21.15.79:0/178778934 >> [v2:172.21.15.79:3300/0,v1:172.21.15.79:6789/0] conn(0x7f238c07bea0 0x7f238c07a300 unknown :-1 s=CLOSED pgs=55 cs=0 l=1 rev1=1 crypto rx=0 tx=0 comp rx=0 tx=0).stop
2024-05-04T12:08:43.339 INFO:teuthology.orchestra.run.smithi079.stdout:/usr/bin/ceph: stderr
2024-05-04T12:08:42.509+0000 7f2392c83700 1 -- 172.21.15.79:0/178778934 >> 172.21.15.79:0/178778934 conn(0x7f238c101b40 msgr2=0x7f238c103f60 unknown :-1 s=STATE_NONE l=0).mark_down
2024-05-04T12:08:43.339 INFO:teuthology.orchestra.run.smithi079.stdout:/usr/bin/ceph: stderr
2024-05-04T12:08:42.510+0000 7f2392c83700 1 -- 172.21.15.79:0/178778934 shutdown_connections
2024-05-04T12:08:43.339 INFO:teuthology.orchestra.run.smithi079.stdout:/usr/bin/ceph: stderr
2024-05-04T12:08:42.510+0000 7f2392c83700 1 -- 172.21.15.79:0/178778934 wait complete.
2024-05-04T12:08:43.339 INFO:teuthology.orchestra.run.smithi079.stdout:/usr/bin/ceph: stderr
2024-05-04T12:08:42.510+0000 7f2392c83700 1 Processor -- start
2024-05-04T12:08:43.339 INFO:teuthology.orchestra.run.smithi079.stdout:/usr/bin/ceph: stderr
2024-05-04T12:08:42.510+0000 7f2392c83700 1 -- start start
2024-05-04T12:08:43.339 INFO:teuthology.orchestra.run.smithi079.stdout:/usr/bin/ceph: stderr
2024-05-04T12:08:42.510+0000 7f2392c83700 1 --2- >> [v2:172.21.15.79:3300/0,v1:172.21.15.79:6789/0] conn(0x7f238c07bea0 0x7f238c19c460 unknown :-1 s=NONE pgs=0 cs=0 l=1 rev1=0 crypto rx=0 tx=0 comp rx=0 tx=0).connect
2024-05-04T12:08:43.339 INFO:teuthology.orchestra.run.smithi079.stdout:/usr/bin/ceph: stderr
2024-05-04T12:08:42.510+0000 7f2392c83700 1 -- --> [v2:172.21.15.79:3300/0,v1:172.21.15.79:6789/0] -- mon_getmap magic: 0 v1 -- 0x7f238c19c9a0 con 0x7f238c07bea0
2024-05-04T12:08:43.339 INFO:teuthology.orchestra.run.smithi079.stdout:/usr/bin/ceph: stderr
2024-05-04T12:08:42.510+0000 7f2390a1f700 1 --2- >> [v2:172.21.15.79:3300/0,v1:172.21.15.79:6789/0] conn(0x7f238c07bea0 0x7f238c19c460 unknown :-1 s=BANNER_CONNECTING pgs=0 cs=0 l=1 rev1=0 crypto rx=0 tx=0 comp rx=0 tx=0)._handle_peer_banner_payload supported=3 required=0
2024-05-04T12:08:43.340 INFO:teuthology.orchestra.run.smithi079.stdout:/usr/bin/ceph: stderr
2024-05-04T12:08:42.510+0000 7f2390a1f700 1 --2- >> [v2:172.21.15.79:3300/0,v1:172.21.15.79:6789/0] conn(0x7f238c07bea0 0x7f238c19c460 unknown :-1 s=HELLO_CONNECTING pgs=0 cs=0 l=1 rev1=1 crypto rx=0 tx=0 comp rx=0 tx=0).handle_hello peer v2:172.21.15.79:3300/0 says I am v2:172.21.15.79:57274/0 (socket says 172.21.15.79:57274)
2024-05-04T12:08:43.340 INFO:teuthology.orchestra.run.smithi079.stdout:/usr/bin/ceph: stderr
2024-05-04T12:08:42.510+0000 7f2390a1f700 1 -- 172.21.15.79:0/3254605835 learned_addr learned my addr 172.21.15.79:0/3254605835 (peer_addr_for_me v2:172.21.15.79:0/0)
2024-05-04T12:08:43.340 INFO:teuthology.orchestra.run.smithi079.stdout:/usr/bin/ceph: stderr
2024-05-04T12:08:42.511+0000 7f2390a1f700 1 -- 172.21.15.79:0/3254605835 --> [v2:172.21.15.79:3300/0,v1:172.21.15.79:6789/0] -- mon_subscribe({config=0+,monmap=0+}) v3 -- 0x7f2380009550 con 0x7f238c07bea0
2024-05-04T12:08:43.340 INFO:teuthology.orchestra.run.smithi079.stdout:/usr/bin/ceph: stderr
2024-05-04T12:08:42.511+0000 7f2390a1f700 1 --2- 172.21.15.79:0/3254605835 >> [v2:172.21.15.79:3300/0,v1:172.21.15.79:6789/0] conn(0x7f238c07bea0 0x7f238c19c460 secure :-1 s=READY pgs=56 cs=0 l=1 rev1=1 crypto rx=0x7f2380011670 tx=0x7f2380011aa0 comp rx=0 tx=0).ready entity=mon.0 client_cookie=0 server_cookie=0 in_seq=0 out_seq=0
2024-05-04T12:08:43.340 INFO:teuthology.orchestra.run.smithi079.stdout:/usr/bin/ceph: stderr
2024-05-04T12:08:42.511+0000 7f2389ffb700 1 -- 172.21.15.79:0/3254605835 <== mon.0 v2:172.21.15.79:3300/0 1 ==== mon_map magic: 0 v1 ==== 229+0+0 (secure 0 0 0) 0x7f23800039c0 con 0x7f238c07bea0
2024-05-04T12:08:43.340 INFO:teuthology.orchestra.run.smithi079.stdout:/usr/bin/ceph: stderr
2024-05-04T12:08:42.511+0000 7f2389ffb700 1 -- 172.21.15.79:0/3254605835 <== mon.0 v2:172.21.15.79:3300/0 2 ==== config(27 keys) v1 ==== 1101+0+0 (secure 0 0 0) 0x7f2380003b20 con 0x7f238c07bea0
2024-05-04T12:08:43.340 INFO:teuthology.orchestra.run.smithi079.stdout:/usr/bin/ceph: stderr
2024-05-04T12:08:42.511+0000 7f2392c83700 1 -- 172.21.15.79:0/3254605835 --> [v2:172.21.15.79:3300/0,v1:172.21.15.79:6789/0] -- mon_subscribe({mgrmap=0+}) v3 -- 0x7f238c19cba0 con 0x7f238c07bea0
2024-05-04T12:08:43.340 INFO:teuthology.orchestra.run.smithi079.stdout:/usr/bin/ceph: stderr
2024-05-04T12:08:42.511+0000 7f2389ffb700 1 -- 172.21.15.79:0/3254605835 <== mon.0 v2:172.21.15.79:3300/0 3 ==== mon_map magic: 0 v1 ==== 229+0+0 (secure 0 0 0) 0x7f23800247f0 con 0x7f238c07bea0
