2024-06-15T00:01:25.077+0000 7fe10adc9640 1 --2- 172.21.15.63:0/2179107076 >> [v2:172.21.15.63:6800/55223302,v1:172.21.15.63:6801/55223302] conn(0x7fe0f40348b0 0x7fe0f4036d60 unknown :-1 s=CLOSED pgs=0 cs=0 l=1 rev1=0 crypto rx=0 tx=0 comp rx=0 tx=0).stop
2024-06-15T00:01:25.668 INFO:teuthology.orchestra.run.smithi063.stdout:/usr/bin/ceph: stderr
2024-06-15T00:01:25.077+0000 7fe10adc9640 1 --2- 172.21.15.63:0/2179107076 >> [v2:172.21.15.63:3300/0,v1:172.21.15.63:6789/0] conn(0x7fe104101a60 0x7fe104110800 unknown :-1 s=CLOSED pgs=68 cs=0 l=1 rev1=1 crypto rx=0 tx=0 comp rx=0 tx=0).stop
2024-06-15T00:01:25.668 INFO:teuthology.orchestra.run.smithi063.stdout:/usr/bin/ceph: stderr
2024-06-15T00:01:25.077+0000 7fe10adc9640 1 -- 172.21.15.63:0/2179107076 >> 172.21.15.63:0/2179107076 conn(0x7fe1040fd280 msgr2=0x7fe1040fde20 unknown :-1 s=STATE_NONE l=0).mark_down
2024-06-15T00:01:25.668 INFO:teuthology.orchestra.run.smithi063.stdout:/usr/bin/ceph: stderr
2024-06-15T00:01:25.077+0000 7fe10adc9640 1 -- 172.21.15.63:0/2179107076 shutdown_connections
2024-06-15T00:01:25.669 INFO:teuthology.orchestra.run.smithi063.stdout:/usr/bin/ceph: stderr
2024-06-15T00:01:25.077+0000 7fe10adc9640 1 -- 172.21.15.63:0/2179107076 wait complete.
2024-06-15T00:01:25.669 INFO:teuthology.orchestra.run.smithi063.stdout:Waiting for the mgr to restart...
2024-06-15T00:01:25.669 INFO:teuthology.orchestra.run.smithi063.stdout:Waiting for mgr epoch 9...
2024-06-15T00:01:25.911 INFO:journalctl@ceph.mon.smithi063.smithi063.stdout:Jun 15 00:01:25 smithi063 ceph-mon[28882]: from='client.? 172.21.15.63:0/2179107076' entity='client.admin' cmd=[{"prefix": "mgr stat"}]: dispatch
2024-06-15T00:01:28.680 INFO:journalctl@ceph.mon.smithi063.smithi063.stdout:Jun 15 00:01:28 smithi063 ceph-mon[28882]: Active manager daemon smithi063.dhizav restarted
2024-06-15T00:01:28.680 INFO:journalctl@ceph.mon.smithi063.smithi063.stdout:Jun 15 00:01:28 smithi063 ceph-mon[28882]: Activating manager daemon smithi063.dhizav
2024-06-15T00:01:28.680 INFO:journalctl@ceph.mon.smithi063.smithi063.stdout:Jun 15 00:01:28 smithi063 ceph-mon[28882]: osdmap e3: 0 total, 0 up, 0 in
2024-06-15T00:01:28.680 INFO:journalctl@ceph.mon.smithi063.smithi063.stdout:Jun 15 00:01:28 smithi063 ceph-mon[28882]: mgrmap e10: smithi063.dhizav(active, starting, since 0.00318573s)
2024-06-15T00:01:28.681 INFO:journalctl@ceph.mon.smithi063.smithi063.stdout:Jun 15 00:01:28 smithi063 ceph-mon[28882]: from='mgr.14160 172.21.15.63:0/2123736804' entity='mgr.smithi063.dhizav' cmd=[{"prefix": "mon metadata", "id": "smithi063"}]: dispatch
2024-06-15T00:01:28.681 INFO:journalctl@ceph.mon.smithi063.smithi063.stdout:Jun 15 00:01:28 smithi063 ceph-mon[28882]: from='mgr.14160 172.21.15.63:0/2123736804' entity='mgr.smithi063.dhizav' cmd=[{"prefix": "mgr metadata", "who": "smithi063.dhizav", "id": "smithi063.dhizav"}]: dispatch
2024-06-15T00:01:28.681 INFO:journalctl@ceph.mon.smithi063.smithi063.stdout:Jun 15 00:01:28 smithi063 ceph-mon[28882]: from='mgr.14160 172.21.15.63:0/2123736804' entity='mgr.smithi063.dhizav' cmd=[{"prefix": "mds metadata"}]: dispatch
2024-06-15T00:01:28.681 INFO:journalctl@ceph.mon.smithi063.smithi063.stdout:Jun 15 00:01:28 smithi063 ceph-mon[28882]: from='mgr.14160 172.21.15.63:0/2123736804' entity='mgr.smithi063.dhizav' cmd=[{"prefix": "osd metadata"}]: dispatch
2024-06-15T00:01:28.681 INFO:journalctl@ceph.mon.smithi063.smithi063.stdout:Jun 15 00:01:28 smithi063 ceph-mon[28882]: from='mgr.14160 172.21.15.63:0/2123736804' entity='mgr.smithi063.dhizav' cmd=[{"prefix": "mon metadata"}]: dispatch
2024-06-15T00:01:28.681 INFO:journalctl@ceph.mon.smithi063.smithi063.stdout:Jun 15 00:01:28 smithi063 ceph-mon[28882]: Manager daemon smithi063.dhizav is now available
2024-06-15T00:01:28.681 INFO:journalctl@ceph.mon.smithi063.smithi063.stdout:Jun 15 00:01:28 smithi063 ceph-mon[28882]: from='mgr.14160 172.21.15.63:0/2123736804' entity='mgr.smithi063.dhizav' cmd=[{"prefix": "config dump", "format": "json"}]: dispatch
2024-06-15T00:01:28.682 INFO:journalctl@ceph.mon.smithi063.smithi063.stdout:Jun 15 00:01:28 smithi063 ceph-mon[28882]: from='mgr.14160 172.21.15.63:0/2123736804' entity='mgr.smithi063.dhizav' cmd=[{"prefix": "config dump", "format": "json"}]: dispatch
2024-06-15T00:01:28.682 INFO:journalctl@ceph.mon.smithi063.smithi063.stdout:Jun 15 00:01:28 smithi063 ceph-mon[28882]: from='mgr.14160 172.21.15.63:0/2123736804' entity='mgr.smithi063.dhizav' cmd=[{"prefix":"config rm","who":"mgr","name":"mgr/rbd_support/smithi063.dhizav/mirror_snapshot_schedule"}]: dispatch
2024-06-15T00:01:28.682 INFO:journalctl@ceph.mon.smithi063.smithi063.stdout:Jun 15 00:01:28 smithi063 ceph-mon[28882]: from='mgr.14160 172.21.15.63:0/2123736804' entity='mgr.smithi063.dhizav' cmd=[{"prefix":"config rm","who":"mgr","name":"mgr/rbd_support/smithi063.dhizav/trash_purge_schedule"}]: dispatch
2024-06-15T00:01:30.451 INFO:teuthology.orchestra.run.smithi063.stdout:/usr/bin/ceph: stdout {
2024-06-15T00:01:30.451 INFO:teuthology.orchestra.run.smithi063.stdout:/usr/bin/ceph: stdout "mgrmap_epoch": 11,
2024-06-15T00:01:30.451 INFO:teuthology.orchestra.run.smithi063.stdout:/usr/bin/ceph: stdout "initialized": true
2024-06-15T00:01:30.451 INFO:teuthology.orchestra.run.smithi063.stdout:/usr/bin/ceph: stdout }
2024-06-15T00:01:30.451 INFO:teuthology.orchestra.run.smithi063.stdout:/usr/bin/ceph: stderr
2024-06-15T00:01:26.104+0000 7f955947a640 1 Processor -- start
2024-06-15T00:01:30.452 INFO:teuthology.orchestra.run.smithi063.stdout:/usr/bin/ceph: stderr
2024-06-15T00:01:26.104+0000 7f955947a640 1 -- start start
2024-06-15T00:01:30.452 INFO:teuthology.orchestra.run.smithi063.stdout:/usr/bin/ceph: stderr
2024-06-15T00:01:26.104+0000 7f955947a640 1 --2- >> [v2:172.21.15.63:3300/0,v1:172.21.15.63:6789/0] conn(0x7f9554100970 0x7f9554100d80 unknown :-1 s=NONE pgs=0 cs=0 l=0 rev1=0 crypto rx=0 tx=0 comp rx=0 tx=0).connect
2024-06-15T00:01:30.452 INFO:teuthology.orchestra.run.smithi063.stdout:/usr/bin/ceph: stderr
2024-06-15T00:01:26.104+0000 7f955947a640 1 -- --> [v2:172.21.15.63:3300/0,v1:172.21.15.63:6789/0] -- mon_getmap magic: 0 v1 -- 0x7f95541012c0 con 0x7f9554100970
2024-06-15T00:01:30.452 INFO:teuthology.orchestra.run.smithi063.stdout:/usr/bin/ceph: stderr
2024-06-15T00:01:26.105+0000 7f9552ffd640 1 --2- >> [v2:172.21.15.63:3300/0,v1:172.21.15.63:6789/0] conn(0x7f9554100970 0x7f9554100d80 unknown :-1 s=BANNER_CONNECTING pgs=0 cs=0 l=0 rev1=0 crypto rx=0 tx=0 comp rx=0 tx=0)._handle_peer_banner_payload supported=3 required=0
2024-06-15T00:01:30.452 INFO:teuthology.orchestra.run.smithi063.stdout:/usr/bin/ceph: stderr
2024-06-15T00:01:26.105+0000 7f9552ffd640 1 --2- >> [v2:172.21.15.63:3300/0,v1:172.21.15.63:6789/0] conn(0x7f9554100970 0x7f9554100d80 unknown :-1 s=HELLO_CONNECTING pgs=0 cs=0 l=0 rev1=1 crypto rx=0 tx=0 comp rx=0 tx=0).handle_hello peer v2:172.21.15.63:3300/0 says I am v2:172.21.15.63:40382/0 (socket says 172.21.15.63:40382)
2024-06-15T00:01:30.452 INFO:teuthology.orchestra.run.smithi063.stdout:/usr/bin/ceph: stderr
2024-06-15T00:01:26.105+0000 7f9552ffd640 1 -- 172.21.15.63:0/409634606 learned_addr learned my addr 172.21.15.63:0/409634606 (peer_addr_for_me v2:172.21.15.63:0/0)
2024-06-15T00:01:30.452 INFO:teuthology.orchestra.run.smithi063.stdout:/usr/bin/ceph: stderr
2024-06-15T00:01:26.105+0000 7f9552ffd640 1 -- 172.21.15.63:0/409634606 --> [v2:172.21.15.63:3300/0,v1:172.21.15.63:6789/0] -- mon_subscribe({config=0+,monmap=0+}) v3 -- 0x7f9554101400 con 0x7f9554100970
2024-06-15T00:01:30.452 INFO:teuthology.orchestra.run.smithi063.stdout:/usr/bin/ceph: stderr
2024-06-15T00:01:26.106+0000 7f9552ffd640 1 --2- 172.21.15.63:0/409634606 >> [v2:172.21.15.63:3300/0,v1:172.21.15.63:6789/0] conn(0x7f9554100970 0x7f9554100d80 secure :-1 s=READY pgs=69 cs=0 l=1 rev1=1 crypto rx=0x7f9544009840 tx=0x7f95440091d0 comp rx=0 tx=0).ready entity=mon.0 client_cookie=46712e2747569b20 server_cookie=0 in_seq=0 out_seq=0
2024-06-15T00:01:30.452 INFO:teuthology.orchestra.run.smithi063.stdout:/usr/bin/ceph: stderr
2024-06-15T00:01:26.106+0000 7f9551ffb640 1 -- 172.21.15.63:0/409634606 <== mon.0 v2:172.21.15.63:3300/0 1 ==== mon_map magic: 0 v1 ==== 229+0+0 (secure 0 0 0) 0x7f9544032440 con 0x7f9554100970
2024-06-15T00:01:30.452 INFO:teuthology.orchestra.run.smithi063.stdout:/usr/bin/ceph: stderr
2024-06-15T00:01:26.106+0000 7f9551ffb640 1 -- 172.21.15.63:0/409634606 <== mon.0 v2:172.21.15.63:3300/0 2 ==== config(26 keys) v1 ==== 1074+0+0 (secure 0 0 0) 0x7f9544032a50 con 0x7f9554100970
2024-06-15T00:01:30.452 INFO:teuthology.orchestra.run.smithi063.stdout:/usr/bin/ceph: stderr
2024-06-15T00:01:26.106+0000 7f9551ffb640 1 -- 172.21.15.63:0/409634606 <== mon.0 v2:172.21.15.63:3300/0 3 ==== mon_map magic: 0 v1 ==== 229+0+0 (secure 0 0 0) 0x7f9544031aa0 con 0x7f9554100970
2024-06-15T00:01:30.452 INFO:teuthology.orchestra.run.smithi063.stdout:/usr/bin/ceph: stderr
2024-06-15T00:01:26.107+0000 7f955947a640 1 -- 172.21.15.63:0/409634606 >> [v2:172.21.15.63:3300/0,v1:172.21.15.63:6789/0] conn(0x7f9554100970 msgr2=0x7f9554100d80 secure :-1 s=STATE_CONNECTION_ESTABLISHED l=1).mark_down
2024-06-15T00:01:30.452 INFO:teuthology.orchestra.run.smithi063.stdout:/usr/bin/ceph: stderr
2024-06-15T00:01:26.107+0000 7f955947a640 1 --2- 172.21.15.63:0/409634606 >> [v2:172.21.15.63:3300/0,v1:172.21.15.63:6789/0] conn(0x7f9554100970 0x7f9554100d80 secure :-1 s=READY pgs=69 cs=0 l=1 rev1=1 crypto rx=0x7f9544009840 tx=0x7f95440091d0 comp rx=0 tx=0).stop
2024-06-15T00:01:30.453 INFO:teuthology.orchestra.run.smithi063.stdout:/usr/bin/ceph: stderr
2024-06-15T00:01:26.107+0000 7f955947a640 1 -- 172.21.15.63:0/409634606 shutdown_connections
2024-06-15T00:01:30.453 INFO:teuthology.orchestra.run.smithi063.stdout:/usr/bin/ceph: stderr
2024-06-15T00:01:26.107+0000 7f955947a640 1 --2- 172.21.15.63:0/409634606 >> [v2:172.21.15.63:3300/0,v1:172.21.15.63:6789/0] conn(0x7f9554100970 0x7f9554100d80 unknown :-1 s=CLOSED pgs=69 cs=0 l=1 rev1=1 crypto rx=0 tx=0 comp rx=0 tx=0).stop
2024-06-15T00:01:30.453 INFO:teuthology.orchestra.run.smithi063.stdout:/usr/bin/ceph: stderr
2024-06-15T00:01:26.107+0000 7f955947a640 1 -- 172.21.15.63:0/409634606 >> 172.21.15.63:0/409634606 conn(0x7f95540fc190 msgr2=0x7f95540fe5a0 unknown :-1 s=STATE_NONE l=0).mark_down
2024-06-15T00:01:30.453 INFO:teuthology.orchestra.run.smithi063.stdout:/usr/bin/ceph: stderr
2024-06-15T00:01:26.107+0000 7f955947a640 1 -- 172.21.15.63:0/409634606 shutdown_connections
2024-06-15T00:01:30.453 INFO:teuthology.orchestra.run.smithi063.stdout:/usr/bin/ceph: stderr
2024-06-15T00:01:26.107+0000 7f955947a640 1 -- 172.21.15.63:0/409634606 wait complete.
2024-06-15T00:01:30.453 INFO:teuthology.orchestra.run.smithi063.stdout:/usr/bin/ceph: stderr
2024-06-15T00:01:26.108+0000 7f955947a640 1 Processor -- start
2024-06-15T00:01:30.453 INFO:teuthology.orchestra.run.smithi063.stdout:/usr/bin/ceph: stderr
2024-06-15T00:01:26.108+0000 7f955947a640 1 -- start start
2024-06-15T00:01:30.453 INFO:teuthology.orchestra.run.smithi063.stdout:/usr/bin/ceph: stderr
2024-06-15T00:01:26.108+0000 7f955947a640 1 --2- >> [v2:172.21.15.63:3300/0,v1:172.21.15.63:6789/0] conn(0x7f9554100970 0x7f9554112a60 unknown :-1 s=NONE pgs=0 cs=0 l=1 rev1=0 crypto rx=0 tx=0 comp rx=0 tx=0).connect
2024-06-15T00:01:30.453 INFO:teuthology.orchestra.run.smithi063.stdout:/usr/bin/ceph: stderr
2024-06-15T00:01:26.108+0000 7f955947a640 1 -- --> [v2:172.21.15.63:3300/0,v1:172.21.15.63:6789/0] -- mon_getmap magic: 0 v1 -- 0x7f9554112fa0 con 0x7f9554100970
2024-06-15T00:01:30.453 INFO:teuthology.orchestra.run.smithi063.stdout:/usr/bin/ceph: stderr
2024-06-15T00:01:26.108+0000 7f9552ffd640 1 --2- >> [v2:172.21.15.63:3300/0,v1:172.21.15.63:6789/0] conn(0x7f9554100970 0x7f9554112a60 unknown :-1 s=BANNER_CONNECTING pgs=0 cs=0 l=1 rev1=0 crypto rx=0 tx=0 comp rx=0 tx=0)._handle_peer_banner_payload supported=3 required=0
2024-06-15T00:01:30.453 INFO:teuthology.orchestra.run.smithi063.stdout:/usr/bin/ceph: stderr
2024-06-15T00:01:26.108+0000 7f9552ffd640 1 --2- >> [v2:172.21.15.63:3300/0,v1:172.21.15.63:6789/0] conn(0x7f9554100970 0x7f9554112a60 unknown :-1 s=HELLO_CONNECTING pgs=0 cs=0 l=1 rev1=1 crypto rx=0 tx=0 comp rx=0 tx=0).handle_hello peer v2:172.21.15.63:3300/0 says I am v2:172.21.15.63:40388/0 (socket says 172.21.15.63:40388)
2024-06-15T00:01:30.453 INFO:teuthology.orchestra.run.smithi063.stdout:/usr/bin/ceph: stderr
2024-06-15T00:01:26.108+0000 7f9552ffd640 1 -- 172.21.15.63:0/4016634055 learned_addr learned my addr 172.21.15.63:0/4016634055 (peer_addr_for_me v2:172.21.15.63:0/0)
2024-06-15T00:01:30.454 INFO:teuthology.orchestra.run.smithi063.stdout:/usr/bin/ceph: stderr
2024-06-15T00:01:26.108+0000 7f9552ffd640 1 -- 172.21.15.63:0/4016634055 --> [v2:172.21.15.63:3300/0,v1:172.21.15.63:6789/0] -- mon_subscribe({config=0+,monmap=0+}) v3 -- 0x7f9544009450 con 0x7f9554100970
2024-06-15T00:01:30.454 INFO:teuthology.orchestra.run.smithi063.stdout:/usr/bin/ceph: stderr
2024-06-15T00:01:26.108+0000 7f9552ffd640 1 --2- 172.21.15.63:0/4016634055 >> [v2:172.21.15.63:3300/0,v1:172.21.15.63:6789/0] conn(0x7f9554100970 0x7f9554112a60 secure :-1 s=READY pgs=70 cs=0 l=1 rev1=1 crypto rx=0x7f9544009420 tx=0x7f954402c040 comp rx=0 tx=0).ready entity=mon.0 client_cookie=0 server_cookie=0 in_seq=0 out_seq=0
2024-06-15T00:01:30.454 INFO:teuthology.orchestra.run.smithi063.stdout:/usr/bin/ceph: stderr
2024-06-15T00:01:26.109+0000 7f953b7fe640 1 -- 172.21.15.63:0/4016634055 <== mon.0 v2:172.21.15.63:3300/0 1 ==== mon_map magic: 0 v1 ==== 229+0+0 (secure 0 0 0) 0x7f954403b440 con 0x7f9554100970
2024-06-15T00:01:30.454 INFO:teuthology.orchestra.run.smithi063.stdout:/usr/bin/ceph: stderr
2024-06-15T00:01:26.109+0000 7f953b7fe640 1 -- 172.21.15.63:0/4016634055 <== mon.0 v2:172.21.15.63:3300/0 2 ==== config(26 keys) v1 ==== 1074+0+0 (secure 0 0 0) 0x7f954403ba50 con 0x7f9554100970
2024-06-15T00:01:30.454 INFO:teuthology.orchestra.run.smithi063.stdout:/usr/bin/ceph: stderr
2024-06-15T00:01:26.109+0000 7f955947a640 1 -- 172.21.15.63:0/4016634055 --> [v2:172.21.15.63:3300/0,v1:172.21.15.63:6789/0] -- mon_subscribe({mgrmap=0+}) v3 -- 0x7f95541131a0 con 0x7f9554100970
2024-06-15T00:01:30.454 INFO:teuthology.orchestra.run.smithi063.stdout:/usr/bin/ceph: stderr
2024-06-15T00:01:26.109+0000 7f953b7fe640 1 -- 172.21.15.63:0/4016634055 <== mon.0 v2:172.21.15.63:3300/0 3 ==== mon_map magic: 0 v1 ==== 229+0+0 (secure 0 0 0) 0x7f954403aa20 con 0x7f9554100970
2024-06-15T00:01:30.454 INFO:teuthology.orchestra.run.smithi063.stdout:/usr/bin/ceph: stderr
2024-06-15T00:01:26.109+0000 7f955947a640 1 -- 172.21.15.63:0/4016634055 --> [v2:172.21.15.63:3300/0,v1:172.21.15.63:6789/0] -- mon_subscribe({osdmap=0}) v3 -- 0x7f9554113610 con 0x7f9554100970
2024-06-15T00:01:30.454 INFO:teuthology.orchestra.run.smithi063.stdout:/usr/bin/ceph: stderr
2024-06-15T00:01:26.110+0000 7f953b7fe640 1 -- 172.21.15.63:0/4016634055 <== mon.0 v2:172.21.15.63:3300/0 4 ==== mgrmap(e 9) v1 ==== 41959+0+0 (secure 0 0 0) 0x7f9544039070 con 0x7f9554100970
2024-06-15T00:01:30.454 INFO:teuthology.orchestra.run.smithi063.stdout:/usr/bin/ceph: stderr
2024-06-15T00:01:26.110+0000 7f953b7fe640 1 --2- 172.21.15.63:0/4016634055 >> [v2:172.21.15.63:6800/55223302,v1:172.21.15.63:6801/55223302] conn(0x7f953c0348b0 0x7f953c036d60 unknown :-1 s=NONE pgs=0 cs=0 l=1 rev1=0 crypto rx=0 tx=0 comp rx=0 tx=0).connect
2024-06-15T00:01:30.455 INFO:teuthology.orchestra.run.smithi063.stdout:/usr/bin/ceph: stderr
2024-06-15T00:01:26.110+0000 7f953b7fe640 1 -- 172.21.15.63:0/4016634055 <== mon.0 v2:172.21.15.63:3300/0 5 ==== osd_map(2..2 src has 1..2) v4 ==== 936+0+0 (secure 0 0 0) 0x7f9544066fa0 con 0x7f9554100970
2024-06-15T00:01:30.455 INFO:teuthology.orchestra.run.smithi063.stdout:/usr/bin/ceph: stderr
2024-06-15T00:01:26.110+0000 7f955947a640 1 -- 172.21.15.63:0/4016634055 --> [v2:172.21.15.63:6800/55223302,v1:172.21.15.63:6801/55223302] -- command(tid 0: {"prefix": "get_command_descriptions"}) v1 -- 0x7f955405ead0 con 0x7f953c0348b0
2024-06-15T00:01:30.455 INFO:teuthology.orchestra.run.smithi063.stdout:/usr/bin/ceph: stderr
2024-06-15T00:01:26.110+0000 7f95527fc640 1 -- 172.21.15.63:0/4016634055 >> [v2:172.21.15.63:6800/55223302,v1:172.21.15.63:6801/55223302] conn(0x7f953c0348b0 msgr2=0x7f953c036d60 unknown :-1 s=STATE_CONNECTING_RE l=1).process reconnect failed to v2:172.21.15.63:6800/55223302
2024-06-15T00:01:30.455 INFO:teuthology.orchestra.run.smithi063.stdout:/usr/bin/ceph: stderr
2024-06-15T00:01:26.110+0000 7f95527fc640 1 --2- 172.21.15.63:0/4016634055 >> [v2:172.21.15.63:6800/55223302,v1:172.21.15.63:6801/55223302] conn(0x7f953c0348b0 0x7f953c036d60 unknown :-1 s=START_CONNECT pgs=0 cs=0 l=1 rev1=0 crypto rx=0 tx=0 comp rx=0 tx=0)._fault waiting 0.200000
2024-06-15T00:01:30.455 INFO:teuthology.orchestra.run.smithi063.stdout:/usr/bin/ceph: stderr
2024-06-15T00:01:26.311+0000 7f95527fc640 1 -- 172.21.15.63:0/4016634055 >> [v2:172.21.15.63:6800/55223302,v1:172.21.15.63:6801/55223302] conn(0x7f953c0348b0 msgr2=0x7f953c036d60 unknown :-1 s=STATE_CONNECTING_RE l=1).process reconnect failed to v2:172.21.15.63:6800/55223302
2024-06-15T00:01:30.455 INFO:teuthology.orchestra.run.smithi063.stdout:/usr/bin/ceph: stderr
2024-06-15T00:01:26.311+0000 7f95527fc640 1 --2- 172.21.15.63:0/4016634055 >> [v2:172.21.15.63:6800/55223302,v1:172.21.15.63:6801/55223302] conn(0x7f953c0348b0 0x7f953c036d60 unknown :-1 s=START_CONNECT pgs=0 cs=0 l=1 rev1=0 crypto rx=0 tx=0 comp rx=0 tx=0)._fault waiting 0.400000
2024-06-15T00:01:30.455 INFO:teuthology.orchestra.run.smithi063.stdout:/usr/bin/ceph: stderr
2024-06-15T00:01:26.712+0000 7f95527fc640 1 -- 172.21.15.63:0/4016634055 >> [v2:172.21.15.63:6800/55223302,v1:172.21.15.63:6801/55223302] conn(0x7f953c0348b0 msgr2=0x7f953c036d60 unknown :-1 s=STATE_CONNECTING_RE l=1).process reconnect failed to v2:172.21.15.63:6800/55223302
2024-06-15T00:01:30.455 INFO:teuthology.orchestra.run.smithi063.stdout:/usr/bin/ceph: stderr
2024-06-15T00:01:26.712+0000 7f95527fc640 1 --2- 172.21.15.63:0/4016634055 >> [v2:172.21.15.63:6800/55223302,v1:172.21.15.63:6801/55223302] conn(0x7f953c0348b0 0x7f953c036d60 unknown :-1 s=START_CONNECT pgs=0 cs=0 l=1 rev1=0 crypto rx=0 tx=0 comp rx=0 tx=0)._fault waiting 0.800000
2024-06-15T00:01:30.455 INFO:teuthology.orchestra.run.smithi063.stdout:/usr/bin/ceph: stderr
2024-06-15T00:01:27.513+0000 7f95527fc640 1 -- 172.21.15.63:0/4016634055 >> [v2:172.21.15.63:6800/55223302,v1:172.21.15.63:6801/55223302] conn(0x7f953c0348b0 msgr2=0x7f953c036d60 unknown :-1 s=STATE_CONNECTING_RE l=1).process reconnect failed to v2:172.21.15.63:6800/55223302
2024-06-15T00:01:30.455 INFO:teuthology.orchestra.run.smithi063.stdout:/usr/bin/ceph: stderr
2024-06-15T00:01:27.513+0000 7f95527fc640 1 --2- 172.21.15.63:0/4016634055 >> [v2:172.21.15.63:6800/55223302,v1:172.21.15.63:6801/55223302] conn(0x7f953c0348b0 0x7f953c036d60 unknown :-1 s=START_CONNECT pgs=0 cs=0 l=1 rev1=0 crypto rx=0 tx=0 comp rx=0 tx=0)._fault waiting 1.600000
2024-06-15T00:01:30.456 INFO:teuthology.orchestra.run.smithi063.stdout:/usr/bin/ceph: stderr
2024-06-15T00:01:28.539+0000 7f953b7fe640 1 -- 172.21.15.63:0/4016634055 <== mon.0 v2:172.21.15.63:3300/0 6 ==== mgrmap(e 10) v1 ==== 41726+0+0 (secure 0 0 0) 0x7f9544066160 con 0x7f9554100970
2024-06-15T00:01:30.456 INFO:teuthology.orchestra.run.smithi063.stdout:/usr/bin/ceph: stderr
2024-06-15T00:01:28.539+0000 7f953b7fe640 1 -- 172.21.15.63:0/4016634055 >> [v2:172.21.15.63:6800/55223302,v1:172.21.15.63:6801/55223302] conn(0x7f953c0348b0 msgr2=0x7f953c036d60 unknown :-1 s=STATE_CONNECTING l=1).mark_down
2024-06-15T00:01:30.456 INFO:teuthology.orchestra.run.smithi063.stdout:/usr/bin/ceph: stderr
2024-06-15T00:01:28.539+0000 7f953b7fe640 1 --2- 172.21.15.63:0/4016634055 >> [v2:172.21.15.63:6800/55223302,v1:172.21.15.63:6801/55223302] conn(0x7f953c0348b0 0x7f953c036d60 unknown :-1 s=START_CONNECT pgs=0 cs=0 l=1 rev1=0 crypto rx=0 tx=0 comp rx=0 tx=0).stop
2024-06-15T00:01:30.456 INFO:teuthology.orchestra.run.smithi063.stdout:/usr/bin/ceph: stderr
2024-06-15T00:01:29.540+0000 7f953b7fe640 1 -- 172.21.15.63:0/4016634055 <== mon.0 v2:172.21.15.63:3300/0 7 ==== mgrmap(e 11) v1 ==== 41853+0+0 (secure 0 0 0) 0x7f9544039320 con 0x7f9554100970
2024-06-15T00:01:30.456 INFO:teuthology.orchestra.run.smithi063.stdout:/usr/bin/ceph: stderr
2024-06-15T00:01:29.541+0000 7f953b7fe640 1 --2- 172.21.15.63:0/4016634055 >> [v2:172.21.15.63:6800/3768764057,v1:172.21.15.63:6801/3768764057] conn(0x7f953c037fe0 0x7f953c03a3c0 unknown :-1 s=NONE pgs=0 cs=0 l=1 rev1=0 crypto rx=0 tx=0 comp rx=0 tx=0).connect
2024-06-15T00:01:30.456 INFO:teuthology.orchestra.run.smithi063.stdout:/usr/bin/ceph: stderr
2024-06-15T00:01:29.541+0000 7f953b7fe640 1 -- 172.21.15.63:0/4016634055 --> [v2:172.21.15.63:6800/3768764057,v1:172.21.15.63:6801/3768764057] -- command(tid 0: {"prefix": "get_command_descriptions"}) v1 -- 0x7f955405ead0 con 0x7f953c037fe0
2024-06-15T00:01:30.456 INFO:teuthology.orchestra.run.smithi063.stdout:/usr/bin/ceph: stderr
2024-06-15T00:01:29.542+0000 7f95527fc640 1 --2- 172.21.15.63:0/4016634055 >> [v2:172.21.15.63:6800/3768764057,v1:172.21.15.63:6801/3768764057] conn(0x7f953c037fe0 0x7f953c03a3c0 unknown :-1 s=BANNER_CONNECTING pgs=0 cs=0 l=1 rev1=0 crypto rx=0 tx=0 comp rx=0 tx=0)._handle_peer_banner_payload supported=3 required=0
2024-06-15T00:01:30.456 INFO:teuthology.orchestra.run.smithi063.stdout:/usr/bin/ceph: stderr
2024-06-15T00:01:29.543+0000 7f95527fc640 1 --2- 172.21.15.63:0/4016634055 >> [v2:172.21.15.63:6800/3768764057,v1:172.21.15.63:6801/3768764057] conn(0x7f953c037fe0 0x7f953c03a3c0 secure :-1 s=READY pgs=4 cs=0 l=1 rev1=1 crypto rx=0x7f9548003940 tx=0x7f9548009350 comp rx=0 tx=0).ready entity=mgr.14160 client_cookie=0 server_cookie=0 in_seq=0 out_seq=0
2024-06-15T00:01:30.456 INFO:teuthology.orchestra.run.smithi063.stdout:/usr/bin/ceph: stderr
2024-06-15T00:01:29.543+0000 7f953b7fe640 1 -- 172.21.15.63:0/4016634055 <== mgr.14160 v2:172.21.15.63:6800/3768764057 1 ==== command_reply(tid 0: 0 ) v1 ==== 8+0+6549 (secure 0 0 0) 0x7f955405ead0 con 0x7f953c037fe0
2024-06-15T00:01:30.456 INFO:teuthology.orchestra.run.smithi063.stdout:/usr/bin/ceph: stderr
2024-06-15T00:01:29.549+0000 7f955947a640 1 -- 172.21.15.63:0/4016634055 --> [v2:172.21.15.63:6800/3768764057,v1:172.21.15.63:6801/3768764057] -- command(tid 1: {"prefix": "mgr_status"}) v1 -- 0x7f955404b480 con 0x7f953c037fe0
2024-06-15T00:01:30.456 INFO:teuthology.orchestra.run.smithi063.stdout:/usr/bin/ceph: stderr
2024-06-15T00:01:29.549+0000 7f953b7fe640 1 -- 172.21.15.63:0/4016634055 <== mgr.14160 v2:172.21.15.63:6800/3768764057 2 ==== command_reply(tid 1: 0 ) v1 ==== 8+0+52 (secure 0 0 0) 0x7f955404b480 con 0x7f953c037fe0
2024-06-15T00:01:30.456 INFO:teuthology.orchestra.run.smithi063.stdout:/usr/bin/ceph: stderr
2024-06-15T00:01:29.549+0000 7f955947a640 1 -- 172.21.15.63:0/4016634055 >> [v2:172.21.15.63:6800/3768764057,v1:172.21.15.63:6801/3768764057] conn(0x7f953c037fe0 msgr2=0x7f953c03a3c0 secure :-1 s=STATE_CONNECTION_ESTABLISHED l=1).mark_down
2024-06-15T00:01:30.457 INFO:teuthology.orchestra.run.smithi063.stdout:/usr/bin/ceph: stderr
2024-06-15T00:01:29.549+0000 7f955947a640 1 --2- 172.21.15.63:0/4016634055 >> [v2:172.21.15.63:6800/3768764057,v1:172.21.15.63:6801/3768764057] conn(0x7f953c037fe0 0x7f953c03a3c0 secure :-1 s=READY pgs=4 cs=0 l=1 rev1=1 crypto rx=0x7f9548003940 tx=0x7f9548009350 comp rx=0 tx=0).stop
2024-06-15T00:01:30.457 INFO:teuthology.orchestra.run.smithi063.stdout:/usr/bin/ceph: stderr
2024-06-15T00:01:29.549+0000 7f955947a640 1 -- 172.21.15.63:0/4016634055 >> [v2:172.21.15.63:3300/0,v1:172.21.15.63:6789/0] conn(0x7f9554100970 msgr2=0x7f9554112a60 secure :-1 s=STATE_CONNECTION_ESTABLISHED l=1).mark_down
2024-06-15T00:01:30.457 INFO:teuthology.orchestra.run.smithi063.stdout:/usr/bin/ceph: stderr
2024-06-15T00:01:29.549+0000 7f955947a640 1 --2- 172.21.15.63:0/4016634055 >> [v2:172.21.15.63:3300/0,v1:172.21.15.63:6789/0] conn(0x7f9554100970 0x7f9554112a60 secure :-1 s=READY pgs=70 cs=0 l=1 rev1=1 crypto rx=0x7f9544009420 tx=0x7f954402c040 comp rx=0 tx=0).stop
2024-06-15T00:01:30.457 INFO:teuthology.orchestra.run.smithi063.stdout:/usr/bin/ceph: stderr
2024-06-15T00:01:29.550+0000 7f955947a640 1 -- 172.21.15.63:0/4016634055 shutdown_connections
2024-06-15T00:01:30.457 INFO:teuthology.orchestra.run.smithi063.stdout:/usr/bin/ceph: stderr
2024-06-15T00:01:29.550+0000 7f955947a640 1 --2- 172.21.15.63:0/4016634055 >> [v2:172.21.15.63:6800/3768764057,v1:172.21.15.63:6801/3768764057] conn(0x7f953c037fe0 0x7f953c03a3c0 unknown :-1 s=CLOSED pgs=4 cs=0 l=1 rev1=1 crypto rx=0 tx=0 comp rx=0 tx=0).stop
2024-06-15T00:01:30.457 INFO:teuthology.orchestra.run.smithi063.stdout:/usr/bin/ceph: stderr
2024-06-15T00:01:29.550+0000 7f955947a640 1 --2- 172.21.15.63:0/4016634055 >> [v2:172.21.15.63:6800/55223302,v1:172.21.15.63:6801/55223302] conn(0x7f953c0348b0 0x7f953c036d60 unknown :-1 s=CLOSED pgs=0 cs=0 l=1 rev1=0 crypto rx=0 tx=0 comp rx=0 tx=0).stop
2024-06-15T00:01:30.457 INFO:teuthology.orchestra.run.smithi063.stdout:/usr/bin/ceph: stderr
2024-06-15T00:01:29.550+0000 7f955947a640 1 --2- 172.21.15.63:0/4016634055 >> [v2:172.21.15.63:3300/0,v1:172.21.15.63:6789/0] conn(0x7f9554100970 0x7f9554112a60 unknown :-1 s=CLOSED pgs=70 cs=0 l=1 rev1=1 crypto rx=0 tx=0 comp rx=0 tx=0).stop
2024-06-15T00:01:30.457 INFO:teuthology.orchestra.run.smithi063.stdout:/usr/bin/ceph: stderr
2024-06-15T00:01:29.550+0000 7f955947a640 1 -- 172.21.15.63:0/4016634055 >> 172.21.15.63:0/4016634055 conn(0x7f95540fc190 msgr2=0x7f95540fcfe0 unknown :-1 s=STATE_NONE l=0).mark_down
2024-06-15T00:01:30.457 INFO:teuthology.orchestra.run.smithi063.stdout:/usr/bin/ceph: stderr
2024-06-15T00:01:29.550+0000 7f955947a640 1 -- 172.21.15.63:0/4016634055 shutdown_connections
2024-06-15T00:01:30.457 INFO:teuthology.orchestra.run.smithi063.stdout:/usr/bin/ceph: stderr
2024-06-15T00:01:29.550+0000 7f955947a640 1 -- 172.21.15.63:0/4016634055 wait complete.
2024-06-15T00:01:30.457 INFO:teuthology.orchestra.run.smithi063.stdout:mgr epoch 9 is available
2024-06-15T00:01:30.458 INFO:teuthology.orchestra.run.smithi063.stdout:Generating a dashboard self-signed certificate...
2024-06-15T00:01:30.851 INFO:journalctl@ceph.mon.smithi063.smithi063.stdout:Jun 15 00:01:30 smithi063 ceph-mon[28882]: from='client.14164 -' entity='client.admin' cmd=[{"prefix": "get_command_descriptions"}]: dispatch
2024-06-15T00:01:30.852 INFO:journalctl@ceph.mon.smithi063.smithi063.stdout:Jun 15 00:01:30 smithi063 ceph-mon[28882]: mgrmap e11: smithi063.dhizav(active, since 1.00616s)
2024-06-15T00:01:30.852 INFO:journalctl@ceph.mon.smithi063.smithi063.stdout:Jun 15 00:01:30 smithi063 ceph-mon[28882]: from='client.14164 -' entity='client.admin' cmd=[{"prefix": "mgr_status"}]: dispatch
2024-06-15T00:01:30.852 INFO:journalctl@ceph.mon.smithi063.smithi063.stdout:Jun 15 00:01:30 smithi063 ceph-mon[28882]: from='mgr.14160 172.21.15.63:0/2123736804' entity='mgr.smithi063.dhizav'
2024-06-15T00:01:31.997 INFO:teuthology.orchestra.run.smithi063.stdout:/usr/bin/ceph: stdout Self-signed certificate created
2024-06-15T00:01:31.998 INFO:teuthology.orchestra.run.smithi063.stdout:/usr/bin/ceph: stderr
2024-06-15T00:01:30.856+0000 7f134f8c0640 1 Processor -- start
2024-06-15T00:01:31.998 INFO:teuthology.orchestra.run.smithi063.stdout:/usr/bin/ceph: stderr
2024-06-15T00:01:30.856+0000 7f134f8c0640 1 -- start start
2024-06-15T00:01:31.998 INFO:teuthology.orchestra.run.smithi063.stdout:/usr/bin/ceph: stderr
2024-06-15T00:01:30.856+0000 7f134f8c0640 1 --2- >> [v2:172.21.15.63:3300/0,v1:172.21.15.63:6789/0] conn(0x7f1348101a60 0x7f1348101e70 unknown :-1 s=NONE pgs=0 cs=0 l=0 rev1=0 crypto rx=0 tx=0 comp rx=0 tx=0).connect
2024-06-15T00:01:31.998 INFO:teuthology.orchestra.run.smithi063.stdout:/usr/bin/ceph: stderr
2024-06-15T00:01:30.856+0000 7f134f8c0640 1 -- --> [v2:172.21.15.63:3300/0,v1:172.21.15.63:6789/0] -- mon_getmap magic: 0 v1 -- 0x7f13481023b0 con 0x7f1348101a60
2024-06-15T00:01:31.998 INFO:teuthology.orchestra.run.smithi063.stdout:/usr/bin/ceph: stderr
2024-06-15T00:01:30.857+0000 7f134d65c640 1 --2- >> [v2:172.21.15.63:3300/0,v1:172.21.15.63:6789/0] conn(0x7f1348101a60 0x7f1348101e70 unknown :-1 s=BANNER_CONNECTING pgs=0 cs=0 l=0 rev1=0 crypto rx=0 tx=0 comp rx=0 tx=0)._handle_peer_banner_payload supported=3 required=0
2024-06-15T00:01:31.998 INFO:teuthology.orchestra.run.smithi063.stdout:/usr/bin/ceph: stderr
2024-06-15T00:01:30.857+0000 7f134d65c640 1 --2- >> [v2:172.21.15.63:3300/0,v1:172.21.15.63:6789/0] conn(0x7f1348101a60 0x7f1348101e70 unknown :-1 s=HELLO_CONNECTING pgs=0 cs=0 l=0 rev1=1 crypto rx=0 tx=0 comp rx=0 tx=0).handle_hello peer v2:172.21.15.63:3300/0 says I am v2:172.21.15.63:33102/0 (socket says 172.21.15.63:33102)
2024-06-15T00:01:31.998 INFO:teuthology.orchestra.run.smithi063.stdout:/usr/bin/ceph: stderr
2024-06-15T00:01:30.857+0000 7f134d65c640 1 -- 172.21.15.63:0/1580115690 learned_addr learned my addr 172.21.15.63:0/1580115690 (peer_addr_for_me v2:172.21.15.63:0/0)
2024-06-15T00:01:31.999 INFO:teuthology.orchestra.run.smithi063.stdout:/usr/bin/ceph: stderr
2024-06-15T00:01:30.857+0000 7f134d65c640 1 -- 172.21.15.63:0/1580115690 --> [v2:172.21.15.63:3300/0,v1:172.21.15.63:6789/0] -- mon_subscribe({config=0+,monmap=0+}) v3 -- 0x7f13481024f0 con 0x7f1348101a60
2024-06-15T00:01:31.999 INFO:teuthology.orchestra.run.smithi063.stdout:/usr/bin/ceph: stderr
2024-06-15T00:01:30.858+0000 7f134d65c640 1 --2- 172.21.15.63:0/1580115690 >> [v2:172.21.15.63:3300/0,v1:172.21.15.63:6789/0] conn(0x7f1348101a60 0x7f1348101e70 secure :-1 s=READY pgs=78 cs=0 l=1 rev1=1 crypto rx=0x7f1344009840 tx=0x7f13440091d0 comp rx=0 tx=0).ready entity=mon.0 client_cookie=f735a690e9c228a0 server_cookie=0 in_seq=0 out_seq=0
2024-06-15T00:01:31.999 INFO:teuthology.orchestra.run.smithi063.stdout:/usr/bin/ceph: stderr
2024-06-15T00:01:30.858+0000 7f133ffff640 1 -- 172.21.15.63:0/1580115690 <== mon.0 v2:172.21.15.63:3300/0 1 ==== mon_map magic: 0 v1 ==== 229+0+0 (secure 0 0 0) 0x7f1344032440 con 0x7f1348101a60
2024-06-15T00:01:31.999 INFO:teuthology.orchestra.run.smithi063.stdout:/usr/bin/ceph: stderr
2024-06-15T00:01:30.858+0000 7f133ffff640 1 -- 172.21.15.63:0/1580115690 <== mon.0 v2:172.21.15.63:3300/0 2 ==== config(26 keys) v1 ==== 1074+0+0 (secure 0 0 0) 0x7f1344032a50 con 0x7f1348101a60
2024-06-15T00:01:31.999 INFO:teuthology.orchestra.run.smithi063.stdout:/usr/bin/ceph: stderr
2024-06-15T00:01:30.858+0000 7f133ffff640 1 -- 172.21.15.63:0/1580115690 <== mon.0 v2:172.21.15.63:3300/0 3 ==== mon_map magic: 0 v1 ==== 229+0+0 (secure 0 0 0) 0x7f1344031aa0 con 0x7f1348101a60
2024-06-15T00:01:31.999 INFO:teuthology.orchestra.run.smithi063.stdout:/usr/bin/ceph: stderr
2024-06-15T00:01:30.859+0000 7f134f8c0640 1 -- 172.21.15.63:0/1580115690 >> [v2:172.21.15.63:3300/0,v1:172.21.15.63:6789/0] conn(0x7f1348101a60 msgr2=0x7f1348101e70 secure :-1 s=STATE_CONNECTION_ESTABLISHED l=1).mark_down
2024-06-15T00:01:31.999 INFO:teuthology.orchestra.run.smithi063.stdout:/usr/bin/ceph: stderr
2024-06-15T00:01:30.859+0000 7f134f8c0640 1 --2- 172.21.15.63:0/1580115690 >> [v2:172.21.15.63:3300/0,v1:172.21.15.63:6789/0] conn(0x7f1348101a60 0x7f1348101e70 secure :-1 s=READY pgs=78 cs=0 l=1 rev1=1 crypto rx=0x7f1344009840 tx=0x7f13440091d0 comp rx=0 tx=0).stop
2024-06-15T00:01:31.999 INFO:teuthology.orchestra.run.smithi063.stdout:/usr/bin/ceph: stderr
2024-06-15T00:01:30.859+0000 7f134f8c0640 1 -- 172.21.15.63:0/1580115690 shutdown_connections
2024-06-15T00:01:31.999 INFO:teuthology.orchestra.run.smithi063.stdout:/usr/bin/ceph: stderr
2024-06-15T00:01:30.859+0000 7f134f8c0640 1 --2- 172.21.15.63:0/1580115690 >> [v2:172.21.15.63:3300/0,v1:172.21.15.63:6789/0] conn(0x7f1348101a60 0x7f1348101e70 unknown :-1 s=CLOSED pgs=78 cs=0 l=1 rev1=1 crypto rx=0 tx=0 comp rx=0 tx=0).stop
2024-06-15T00:01:31.999 INFO:teuthology.orchestra.run.smithi063.stdout:/usr/bin/ceph: stderr
2024-06-15T00:01:30.859+0000 7f134f8c0640 1 -- 172.21.15.63:0/1580115690 >> 172.21.15.63:0/1580115690 conn(0x7f13480fd280 msgr2=0x7f13480ff690 unknown :-1 s=STATE_NONE l=0).mark_down
2024-06-15T00:01:31.999 INFO:teuthology.orchestra.run.smithi063.stdout:/usr/bin/ceph: stderr
2024-06-15T00:01:30.859+0000 7f134f8c0640 1 -- 172.21.15.63:0/1580115690 shutdown_connections
2024-06-15T00:01:31.999 INFO:teuthology.orchestra.run.smithi063.stdout:/usr/bin/ceph: stderr
2024-06-15T00:01:30.859+0000 7f134f8c0640 1 -- 172.21.15.63:0/1580115690 wait complete.
2024-06-15T00:01:32.000 INFO:teuthology.orchestra.run.smithi063.stdout:/usr/bin/ceph: stderr
2024-06-15T00:01:30.860+0000 7f134f8c0640 1 Processor -- start
2024-06-15T00:01:32.000 INFO:teuthology.orchestra.run.smithi063.stdout:/usr/bin/ceph: stderr
2024-06-15T00:01:30.860+0000 7f134f8c0640 1 -- start start
2024-06-15T00:01:32.000 INFO:teuthology.orchestra.run.smithi063.stdout:/usr/bin/ceph: stderr
2024-06-15T00:01:30.860+0000 7f134f8c0640 1 --2- >> [v2:172.21.15.63:3300/0,v1:172.21.15.63:6789/0] conn(0x7f1348101a60 0x7f1348077c50 unknown :-1 s=NONE pgs=0 cs=0 l=1 rev1=0 crypto rx=0 tx=0 comp rx=0 tx=0).connect
2024-06-15T00:01:32.000 INFO:teuthology.orchestra.run.smithi063.stdout:/usr/bin/ceph: stderr
2024-06-15T00:01:30.860+0000 7f134f8c0640 1 -- --> [v2:172.21.15.63:3300/0,v1:172.21.15.63:6789/0] -- mon_getmap magic: 0 v1 -- 0x7f1348078190 con 0x7f1348101a60
2024-06-15T00:01:32.000 INFO:teuthology.orchestra.run.smithi063.stdout:/usr/bin/ceph: stderr
2024-06-15T00:01:30.860+0000 7f134d65c640 1 --2- >> [v2:172.21.15.63:3300/0,v1:172.21.15.63:6789/0] conn(0x7f1348101a60 0x7f1348077c50 unknown :-1 s=BANNER_CONNECTING pgs=0 cs=0 l=1 rev1=0 crypto rx=0 tx=0 comp rx=0 tx=0)._handle_peer_banner_payload supported=3 required=0
2024-06-15T00:01:32.000 INFO:teuthology.orchestra.run.smithi063.stdout:/usr/bin/ceph: stderr
2024-06-15T00:01:30.860+0000 7f134d65c640 1 --2- >> [v2:172.21.15.63:3300/0,v1:172.21.15.63:6789/0] conn(0x7f1348101a60 0x7f1348077c50 unknown :-1 s=HELLO_CONNECTING pgs=0 cs=0 l=1 rev1=1 crypto rx=0 tx=0 comp rx=0 tx=0).handle_hello peer v2:172.21.15.63:3300/0 says I am v2:172.21.15.63:33108/0 (socket says 172.21.15.63:33108)
2024-06-15T00:01:32.000 INFO:teuthology.orchestra.run.smithi063.stdout:/usr/bin/ceph: stderr
2024-06-15T00:01:30.860+0000 7f134d65c640 1 -- 172.21.15.63:0/1056184054 learned_addr learned my addr 172.21.15.63:0/1056184054 (peer_addr_for_me v2:172.21.15.63:0/0)
2024-06-15T00:01:32.000 INFO:teuthology.orchestra.run.smithi063.stdout:/usr/bin/ceph: stderr
2024-06-15T00:01:30.861+0000 7f134d65c640 1 -- 172.21.15.63:0/1056184054 --> [v2:172.21.15.63:3300/0,v1:172.21.15.63:6789/0] -- mon_subscribe({config=0+,monmap=0+}) v3 -- 0x7f1344009450 con 0x7f1348101a60
2024-06-15T00:01:32.000 INFO:teuthology.orchestra.run.smithi063.stdout:/usr/bin/ceph: stderr
2024-06-15T00:01:30.861+0000 7f134d65c640 1 --2- 172.21.15.63:0/1056184054 >> [v2:172.21.15.63:3300/0,v1:172.21.15.63:6789/0] conn(0x7f1348101a60 0x7f1348077c50 secure :-1 s=READY pgs=79 cs=0 l=1 rev1=1 crypto rx=0x7f1344009420 tx=0x7f134402c040 comp rx=0 tx=0).ready entity=mon.0 client_cookie=0 server_cookie=0 in_seq=0 out_seq=0
2024-06-15T00:01:32.000 INFO:teuthology.orchestra.run.smithi063.stdout:/usr/bin/ceph: stderr
2024-06-15T00:01:30.861+0000 7f133dffb640 1 -- 172.21.15.63:0/1056184054 <== mon.0 v2:172.21.15.63:3300/0 1 ==== mon_map magic: 0 v1 ==== 229+0+0 (secure 0 0 0) 0x7f134403b440 con 0x7f1348101a60
2024-06-15T00:01:32.000 INFO:teuthology.orchestra.run.smithi063.stdout:/usr/bin/ceph: stderr
2024-06-15T00:01:30.861+0000 7f133dffb640 1 -- 172.21.15.63:0/1056184054 <== mon.0 v2:172.21.15.63:3300/0 2 ==== config(26 keys) v1 ==== 1074+0+0 (secure 0 0 0) 0x7f134403ba50 con 0x7f1348101a60
2024-06-15T00:01:32.000 INFO:teuthology.orchestra.run.smithi063.stdout:/usr/bin/ceph: stderr
2024-06-15T00:01:30.861+0000 7f134f8c0640 1 -- 172.21.15.63:0/1056184054 --> [v2:172.21.15.63:3300/0,v1:172.21.15.63:6789/0] -- mon_subscribe({mgrmap=0+}) v3 -- 0x7f1348076220 con 0x7f1348101a60
2024-06-15T00:01:32.000 INFO:teuthology.orchestra.run.smithi063.stdout:/usr/bin/ceph: stderr
2024-06-15T00:01:30.861+0000 7f133dffb640 1 -- 172.21.15.63:0/1056184054 <== mon.0 v2:172.21.15.63:3300/0 3 ==== mon_map magic: 0 v1 ==== 229+0+0 (secure 0 0 0) 0x7f134403aa20 con 0x7f1348101a60
2024-06-15T00:01:32.001 INFO:teuthology.orchestra.run.smithi063.stdout:/usr/bin/ceph: stderr
2024-06-15T00:01:30.861+0000 7f134f8c0640 1 -- 172.21.15.63:0/1056184054 --> [v2:172.21.15.63:3300/0,v1:172.21.15.63:6789/0] -- mon_subscribe({osdmap=0}) v3 -- 0x7f1348076690 con 0x7f1348101a60
2024-06-15T00:01:32.001 INFO:teuthology.orchestra.run.smithi063.stdout:/usr/bin/ceph: stderr
2024-06-15T00:01:30.862+0000 7f133dffb640 1 -- 172.21.15.63:0/1056184054 <== mon.0 v2:172.21.15.63:3300/0 4 ==== mgrmap(e 11) v1 ==== 41853+0+0 (secure 0 0 0) 0x7f1344039070 con 0x7f1348101a60
2024-06-15T00:01:32.001 INFO:teuthology.orchestra.run.smithi063.stdout:/usr/bin/ceph: stderr
2024-06-15T00:01:30.862+0000 7f133dffb640 1 --2- 172.21.15.63:0/1056184054 >> [v2:172.21.15.63:6800/3768764057,v1:172.21.15.63:6801/3768764057] conn(0x7f1334034790 0x7f1334036c40 unknown :-1 s=NONE pgs=0 cs=0 l=1 rev1=0 crypto rx=0 tx=0 comp rx=0 tx=0).connect
2024-06-15T00:01:32.001 INFO:teuthology.orchestra.run.smithi063.stdout:/usr/bin/ceph: stderr
2024-06-15T00:01:30.862+0000 7f133dffb640 1 -- 172.21.15.63:0/1056184054 <== mon.0 v2:172.21.15.63:3300/0 5 ==== osd_map(3..3 src has 1..3) v4 ==== 1151+0+0 (secure 0 0 0) 0x7f1344066ff0 con 0x7f1348101a60
2024-06-15T00:01:32.001 INFO:teuthology.orchestra.run.smithi063.stdout:/usr/bin/ceph: stderr
2024-06-15T00:01:30.862+0000 7f134ce5b640 1 --2- 172.21.15.63:0/1056184054 >> [v2:172.21.15.63:6800/3768764057,v1:172.21.15.63:6801/3768764057] conn(0x7f1334034790 0x7f1334036c40 unknown :-1 s=BANNER_CONNECTING pgs=0 cs=0 l=1 rev1=0 crypto rx=0 tx=0 comp rx=0 tx=0)._handle_peer_banner_payload supported=3 required=0
2024-06-15T00:01:32.001 INFO:teuthology.orchestra.run.smithi063.stdout:/usr/bin/ceph: stderr
2024-06-15T00:01:30.863+0000 7f134f8c0640 1 -- 172.21.15.63:0/1056184054 --> [v2:172.21.15.63:3300/0,v1:172.21.15.63:6789/0] -- mon_command({"prefix": "get_command_descriptions"} v 0) v1 -- 0x7f134804b480 con 0x7f1348101a60
2024-06-15T00:01:32.001 INFO:teuthology.orchestra.run.smithi063.stdout:/usr/bin/ceph: stderr
2024-06-15T00:01:30.863+0000 7f134ce5b640 1 --2- 172.21.15.63:0/1056184054 >> [v2:172.21.15.63:6800/3768764057,v1:172.21.15.63:6801/3768764057] conn(0x7f1334034790 0x7f1334036c40 secure :-1 s=READY pgs=7 cs=0 l=1 rev1=1 crypto rx=0x7f1338006fd0 tx=0x7f1338006db0 comp rx=0 tx=0).ready entity=mgr.14160 client_cookie=0 server_cookie=0 in_seq=0 out_seq=0
2024-06-15T00:01:32.001 INFO:teuthology.orchestra.run.smithi063.stdout:/usr/bin/ceph: stderr
2024-06-15T00:01:30.869+0000 7f133dffb640 1 -- 172.21.15.63:0/1056184054 <== mon.0 v2:172.21.15.63:3300/0 6 ==== mon_command_ack([{"prefix": "get_command_descriptions"}]=0 v0) v1 ==== 72+0+175578 (secure 0 0 0) 0x7f134403f020 con 0x7f1348101a60
2024-06-15T00:01:32.001 INFO:teuthology.orchestra.run.smithi063.stdout:/usr/bin/ceph: stderr
2024-06-15T00:01:31.051+0000 7f134f8c0640 1 -- 172.21.15.63:0/1056184054 --> [v2:172.21.15.63:6800/3768764057,v1:172.21.15.63:6801/3768764057] -- mgr_command(tid 0: {"prefix": "dashboard create-self-signed-cert", "target": ["mon-mgr", ""]}) v1 -- 0x7f1348076c10 con 0x7f1334034790
2024-06-15T00:01:32.001 INFO:teuthology.orchestra.run.smithi063.stdout:/usr/bin/ceph: stderr
2024-06-15T00:01:31.115+0000 7f133dffb640 1 -- 172.21.15.63:0/1056184054 <== mon.0 v2:172.21.15.63:3300/0 7 ==== mgrmap(e 12) v1 ==== 41959+0+0 (secure 0 0 0) 0x7f1344092df0 con 0x7f1348101a60
2024-06-15T00:01:32.001 INFO:teuthology.orchestra.run.smithi063.stdout:/usr/bin/ceph: stderr
2024-06-15T00:01:31.202+0000 7f133dffb640 1 -- 172.21.15.63:0/1056184054 <== mgr.14160 v2:172.21.15.63:6800/3768764057 1 ==== mgr_command_reply(tid 0: 0 ) v1 ==== 8+0+32 (secure 0 0 0) 0x7f1348076c10 con 0x7f1334034790
2024-06-15T00:01:32.001 INFO:teuthology.orchestra.run.smithi063.stdout:/usr/bin/ceph: stderr
2024-06-15T00:01:31.205+0000 7f134f8c0640 1 -- 172.21.15.63:0/1056184054 >> [v2:172.21.15.63:6800/3768764057,v1:172.21.15.63:6801/3768764057] conn(0x7f1334034790 msgr2=0x7f1334036c40 secure :-1 s=STATE_CONNECTION_ESTABLISHED l=1).mark_down
2024-06-15T00:01:32.002 INFO:teuthology.orchestra.run.smithi063.stdout:/usr/bin/ceph: stderr
2024-06-15T00:01:31.205+0000 7f134f8c0640 1 --2- 172.21.15.63:0/1056184054 >> [v2:172.21.15.63:6800/3768764057,v1:172.21.15.63:6801/3768764057] conn(0x7f1334034790 0x7f1334036c40 secure :-1 s=READY pgs=7 cs=0 l=1 rev1=1 crypto rx=0x7f1338006fd0 tx=0x7f1338006db0 comp rx=0 tx=0).stop
2024-06-15T00:01:32.002 INFO:teuthology.orchestra.run.smithi063.stdout:/usr/bin/ceph: stderr
2024-06-15T00:01:31.205+0000 7f134f8c0640 1 -- 172.21.15.63:0/1056184054 >> [v2:172.21.15.63:3300/0,v1:172.21.15.63:6789/0] conn(0x7f1348101a60 msgr2=0x7f1348077c50 secure :-1 s=STATE_CONNECTION_ESTABLISHED l=1).mark_down
2024-06-15T00:01:32.002 INFO:teuthology.orchestra.run.smithi063.stdout:/usr/bin/ceph: stderr
2024-06-15T00:01:31.205+0000 7f134f8c0640 1 --2- 172.21.15.63:0/1056184054 >> [v2:172.21.15.63:3300/0,v1:172.21.15.63:6789/0] conn(0x7f1348101a60 0x7f1348077c50 secure :-1 s=READY pgs=79 cs=0 l=1 rev1=1 crypto rx=0x7f1344009420 tx=0x7f134402c040 comp rx=0 tx=0).stop
2024-06-15T00:01:32.002 INFO:teuthology.orchestra.run.smithi063.stdout:/usr/bin/ceph: stderr
2024-06-15T00:01:31.205+0000 7f134f8c0640 1 -- 172.21.15.63:0/1056184054 shutdown_connections
2024-06-15T00:01:32.002 INFO:teuthology.orchestra.run.smithi063.stdout:/usr/bin/ceph: stderr
2024-06-15T00:01:31.205+0000 7f134f8c0640 1 --2- 172.21.15.63:0/1056184054 >> [v2:172.21.15.63:6800/3768764057,v1:172.21.15.63:6801/3768764057] conn(0x7f1334034790 0x7f1334036c40 unknown :-1 s=CLOSED pgs=7 cs=0 l=1 rev1=1 crypto rx=0 tx=0 comp rx=0 tx=0).stop
2024-06-15T00:01:32.002 INFO:teuthology.orchestra.run.smithi063.stdout:/usr/bin/ceph: stderr
2024-06-15T00:01:31.205+0000 7f134f8c0640 1 --2- 172.21.15.63:0/1056184054 >> [v2:172.21.15.63:3300/0,v1:172.21.15.63:6789/0] conn(0x7f1348101a60 0x7f1348077c50 unknown :-1 s=CLOSED pgs=79 cs=0 l=1 rev1=1 crypto rx=0 tx=0 comp rx=0 tx=0).stop
2024-06-15T00:01:32.002 INFO:teuthology.orchestra.run.smithi063.stdout:/usr/bin/ceph: stderr
2024-06-15T00:01:31.205+0000 7f134f8c0640 1 -- 172.21.15.63:0/1056184054 >> 172.21.15.63:0/1056184054 conn(0x7f13480fd280 msgr2=0x7f13480fde20 unknown :-1 s=STATE_NONE l=0).mark_down
2024-06-15T00:01:32.002 INFO:teuthology.orchestra.run.smithi063.stdout:/usr/bin/ceph: stderr
2024-06-15T00:01:31.205+0000 7f134f8c0640 1 -- 172.21.15.63:0/1056184054 shutdown_connections
2024-06-15T00:01:32.002 INFO:teuthology.orchestra.run.smithi063.stdout:/usr/bin/ceph: stderr
2024-06-15T00:01:31.205+0000 7f134f8c0640 1 -- 172.21.15.63:0/1056184054 wait complete.
2024-06-15T00:01:32.002 INFO:teuthology.orchestra.run.smithi063.stdout:Creating initial admin user...
2024-06-15T00:01:32.116 INFO:journalctl@ceph.mon.smithi063.smithi063.stdout:Jun 15 00:01:31 smithi063 ceph-mon[28882]: [15/Jun/2024:00:01:30] ENGINE Bus STARTING
2024-06-15T00:01:32.116 INFO:journalctl@ceph.mon.smithi063.smithi063.stdout:Jun 15 00:01:31 smithi063 ceph-mon[28882]: [15/Jun/2024:00:01:30] ENGINE Serving on https://172.21.15.63:7150
2024-06-15T00:01:32.116 INFO:journalctl@ceph.mon.smithi063.smithi063.stdout:Jun 15 00:01:31 smithi063 ceph-mon[28882]: [15/Jun/2024:00:01:30] ENGINE Bus STARTED
2024-06-15T00:01:32.116 INFO:journalctl@ceph.mon.smithi063.smithi063.stdout:Jun 15 00:01:31 smithi063 ceph-mon[28882]: [15/Jun/2024:00:01:30] ENGINE Error in HTTPServer.serve
2024-06-15T00:01:32.117 INFO:journalctl@ceph.mon.smithi063.smithi063.stdout: Traceback (most recent call last):
2024-06-15T00:01:32.117 INFO:journalctl@ceph.mon.smithi063.smithi063.stdout: File "/lib/python3.9/site-packages/cheroot/server.py", line 1823, in serve
2024-06-15T00:01:32.117 INFO:journalctl@ceph.mon.smithi063.smithi063.stdout: self._connections.run(self.expiration_interval)
2024-06-15T00:01:32.117 INFO:journalctl@ceph.mon.smithi063.smithi063.stdout: File "/lib/python3.9/site-packages/cheroot/connections.py", line 203, in run
2024-06-15T00:01:32.117 INFO:journalctl@ceph.mon.smithi063.smithi063.stdout: self._run(expiration_interval)
2024-06-15T00:01:32.117 INFO:journalctl@ceph.mon.smithi063.smithi063.stdout: File "/lib/python3.9/site-packages/cheroot/connections.py", line 246, in _run
2024-06-15T00:01:32.117 INFO:journalctl@ceph.mon.smithi063.smithi063.stdout: new_conn = self._from_server_socket(self.server.socket)
2024-06-15T00:01:32.117 INFO:journalctl@ceph.mon.smithi063.smithi063.stdout: File "/lib/python3.9/site-packages/cheroot/connections.py", line 300, in _from_server_socket
2024-06-15T00:01:32.117 INFO:journalctl@ceph.mon.smithi063.smithi063.stdout: s, ssl_env = self.server.ssl_adapter.wrap(s)
2024-06-15T00:01:32.117 INFO:journalctl@ceph.mon.smithi063.smithi063.stdout: File "/lib/python3.9/site-packages/cheroot/ssl/builtin.py", line 277, in wrap
2024-06-15T00:01:32.117 INFO:journalctl@ceph.mon.smithi063.smithi063.stdout: s = self.context.wrap_socket(
2024-06-15T00:01:32.117 INFO:journalctl@ceph.mon.smithi063.smithi063.stdout: File "/lib64/python3.9/ssl.py", line 501, in wrap_socket
2024-06-15T00:01:32.117 INFO:journalctl@ceph.mon.smithi063.smithi063.stdout: return self.sslsocket_class._create(
2024-06-15T00:01:32.118 INFO:journalctl@ceph.mon.smithi063.smithi063.stdout: File "/lib64/python3.9/ssl.py", line 1074, in _create
2024-06-15T00:01:32.118 INFO:journalctl@ceph.mon.smithi063.smithi063.stdout: self.do_handshake()
2024-06-15T00:01:32.118 INFO:journalctl@ceph.mon.smithi063.smithi063.stdout: File "/lib64/python3.9/ssl.py", line 1343, in do_handshake
2024-06-15T00:01:32.118 INFO:journalctl@ceph.mon.smithi063.smithi063.stdout: self._sslobj.do_handshake()
2024-06-15T00:01:32.118 INFO:journalctl@ceph.mon.smithi063.smithi063.stdout: ssl.SSLZeroReturnError: TLS/SSL connection has been closed (EOF) (_ssl.c:1129)
2024-06-15T00:01:32.118 INFO:journalctl@ceph.mon.smithi063.smithi063.stdout:Jun 15 00:01:31 smithi063 ceph-mon[28882]: from='mgr.14160 172.21.15.63:0/2123736804' entity='mgr.smithi063.dhizav'
2024-06-15T00:01:32.118 INFO:journalctl@ceph.mon.smithi063.smithi063.stdout:Jun 15 00:01:31 smithi063 ceph-mon[28882]: from='mgr.14160 172.21.15.63:0/2123736804' entity='mgr.smithi063.dhizav'
2024-06-15T00:01:32.118 INFO:journalctl@ceph.mon.smithi063.smithi063.stdout:Jun 15 00:01:31 smithi063 ceph-mon[28882]: mgrmap e12: smithi063.dhizav(active, since 2s)
2024-06-15T00:01:32.118 INFO:journalctl@ceph.mon.smithi063.smithi063.stdout:Jun 15 00:01:31 smithi063 ceph-mon[28882]: from='mgr.14160 172.21.15.63:0/2123736804' entity='mgr.smithi063.dhizav'
2024-06-15T00:01:32.118 INFO:journalctl@ceph.mon.smithi063.smithi063.stdout:Jun 15 00:01:31 smithi063 ceph-mon[28882]: from='mgr.14160 172.21.15.63:0/2123736804' entity='mgr.smithi063.dhizav'
2024-06-15T00:01:33.017 INFO:journalctl@ceph.mon.smithi063.smithi063.stdout:Jun 15 00:01:32 smithi063 ceph-mon[28882]: from='client.14172 -' entity='client.admin' cmd=[{"prefix": "dashboard create-self-signed-cert", "target": ["mon-mgr", ""]}]: dispatch
2024-06-15T00:01:33.851 INFO:teuthology.orchestra.run.smithi063.stdout:/usr/bin/ceph: stdout {"username": "admin", "password": "$2b$12$7yW8n/S13lyy.eh3b2wHGu2Tn8k19UzZHnuHX72nxUgzZY.63LBSW", "roles": ["administrator"], "name": null, "email": null, "lastUpdate": 1718409693, "enabled": true, "pwdExpirationDate": null, "pwdUpdateRequired": true}
2024-06-15T00:01:33.851 INFO:teuthology.orchestra.run.smithi063.stdout:/usr/bin/ceph: stderr
2024-06-15T00:01:32.818+0000 7f284b9a5640 1 Processor -- start
2024-06-15T00:01:33.851 INFO:teuthology.orchestra.run.smithi063.stdout:/usr/bin/ceph: stderr
2024-06-15T00:01:32.818+0000 7f284b9a5640 1 -- start start
2024-06-15T00:01:33.851 INFO:teuthology.orchestra.run.smithi063.stdout:/usr/bin/ceph: stderr
2024-06-15T00:01:32.818+0000 7f284b9a5640 1 --2- >> [v2:172.21.15.63:3300/0,v1:172.21.15.63:6789/0] conn(0x7f2844075c50 0x7f28441046c0 unknown :-1 s=NONE pgs=0 cs=0 l=0 rev1=0 crypto rx=0 tx=0 comp rx=0 tx=0).connect
2024-06-15T00:01:33.851 INFO:teuthology.orchestra.run.smithi063.stdout:/usr/bin/ceph: stderr
2024-06-15T00:01:32.818+0000 7f284b9a5640 1 -- --> [v2:172.21.15.63:3300/0,v1:172.21.15.63:6789/0] -- mon_getmap magic: 0 v1 -- 0x7f2844104c00 con 0x7f2844075c50
2024-06-15T00:01:33.851 INFO:teuthology.orchestra.run.smithi063.stdout:/usr/bin/ceph: stderr
2024-06-15T00:01:32.818+0000 7f2849741640 1 --2- >> [v2:172.21.15.63:3300/0,v1:172.21.15.63:6789/0] conn(0x7f2844075c50 0x7f28441046c0 unknown :-1 s=BANNER_CONNECTING pgs=0 cs=0 l=0 rev1=0 crypto rx=0 tx=0 comp rx=0 tx=0)._handle_peer_banner_payload supported=3 required=0
2024-06-15T00:01:33.851 INFO:teuthology.orchestra.run.smithi063.stdout:/usr/bin/ceph: stderr
2024-06-15T00:01:32.818+0000 7f2849741640 1 --2- >> [v2:172.21.15.63:3300/0,v1:172.21.15.63:6789/0] conn(0x7f2844075c50 0x7f28441046c0 unknown :-1 s=HELLO_CONNECTING pgs=0 cs=0 l=0 rev1=1 crypto rx=0 tx=0 comp rx=0 tx=0).handle_hello peer v2:172.21.15.63:3300/0 says I am v2:172.21.15.63:33120/0 (socket says 172.21.15.63:33120)
2024-06-15T00:01:33.851 INFO:teuthology.orchestra.run.smithi063.stdout:/usr/bin/ceph: stderr
2024-06-15T00:01:32.818+0000 7f2849741640 1 -- 172.21.15.63:0/1329178060 learned_addr learned my addr 172.21.15.63:0/1329178060 (peer_addr_for_me v2:172.21.15.63:0/0)
2024-06-15T00:01:33.851 INFO:teuthology.orchestra.run.smithi063.stdout:/usr/bin/ceph: stderr
2024-06-15T00:01:32.818+0000 7f2849741640 1 -- 172.21.15.63:0/1329178060 --> [v2:172.21.15.63:3300/0,v1:172.21.15.63:6789/0] -- mon_subscribe({config=0+,monmap=0+}) v3 -- 0x7f2844104d40 con 0x7f2844075c50
2024-06-15T00:01:33.851 INFO:teuthology.orchestra.run.smithi063.stdout:/usr/bin/ceph: stderr
