2024-06-15T00:48:16.612 INFO:teuthology.orchestra.run.smithi105.stdout:/usr/bin/ceph: stderr
2024-06-15T00:48:15.886+0000 7fdbd5ffb640 1 -- 172.21.15.105:0/644205597 <== mon.0 v2:172.21.15.105:3300/0 3 ==== mon_map magic: 0 v1 ==== 229+0+0 (secure 0 0 0) 0x7fdbc8031aa0 con 0x7fdbd80ffea0
2024-06-15T00:48:16.612 INFO:teuthology.orchestra.run.smithi105.stdout:/usr/bin/ceph: stderr
2024-06-15T00:48:15.887+0000 7fdbdd27f640 1 -- 172.21.15.105:0/644205597 >> [v2:172.21.15.105:3300/0,v1:172.21.15.105:6789/0] conn(0x7fdbd80ffea0 msgr2=0x7fdbd81002b0 secure :-1 s=STATE_CONNECTION_ESTABLISHED l=1).mark_down
2024-06-15T00:48:16.612 INFO:teuthology.orchestra.run.smithi105.stdout:/usr/bin/ceph: stderr
2024-06-15T00:48:15.887+0000 7fdbdd27f640 1 --2- 172.21.15.105:0/644205597 >> [v2:172.21.15.105:3300/0,v1:172.21.15.105:6789/0] conn(0x7fdbd80ffea0 0x7fdbd81002b0 secure :-1 s=READY pgs=61 cs=0 l=1 rev1=1 crypto rx=0x7fdbc8009840 tx=0x7fdbc80091d0 comp rx=0 tx=0).stop
2024-06-15T00:48:16.612 INFO:teuthology.orchestra.run.smithi105.stdout:/usr/bin/ceph: stderr
2024-06-15T00:48:15.887+0000 7fdbdd27f640 1 -- 172.21.15.105:0/644205597 shutdown_connections
2024-06-15T00:48:16.612 INFO:teuthology.orchestra.run.smithi105.stdout:/usr/bin/ceph: stderr
2024-06-15T00:48:15.887+0000 7fdbdd27f640 1 --2- 172.21.15.105:0/644205597 >> [v2:172.21.15.105:3300/0,v1:172.21.15.105:6789/0] conn(0x7fdbd80ffea0 0x7fdbd81002b0 unknown :-1 s=CLOSED pgs=61 cs=0 l=1 rev1=1 crypto rx=0 tx=0 comp rx=0 tx=0).stop
2024-06-15T00:48:16.612 INFO:teuthology.orchestra.run.smithi105.stdout:/usr/bin/ceph: stderr
2024-06-15T00:48:15.887+0000 7fdbdd27f640 1 -- 172.21.15.105:0/644205597 >> 172.21.15.105:0/644205597 conn(0x7fdbd80fb960 msgr2=0x7fdbd80fdd70 unknown :-1 s=STATE_NONE l=0).mark_down
2024-06-15T00:48:16.612 INFO:teuthology.orchestra.run.smithi105.stdout:/usr/bin/ceph: stderr
2024-06-15T00:48:15.887+0000 7fdbdd27f640 1 -- 172.21.15.105:0/644205597 shutdown_connections
2024-06-15T00:48:16.612 INFO:teuthology.orchestra.run.smithi105.stdout:/usr/bin/ceph: stderr
2024-06-15T00:48:15.887+0000 7fdbdd27f640 1 -- 172.21.15.105:0/644205597 wait complete.
2024-06-15T00:48:16.612 INFO:teuthology.orchestra.run.smithi105.stdout:/usr/bin/ceph: stderr
2024-06-15T00:48:15.888+0000 7fdbdd27f640 1 Processor -- start
2024-06-15T00:48:16.612 INFO:teuthology.orchestra.run.smithi105.stdout:/usr/bin/ceph: stderr
2024-06-15T00:48:15.888+0000 7fdbdd27f640 1 -- start start
2024-06-15T00:48:16.612 INFO:teuthology.orchestra.run.smithi105.stdout:/usr/bin/ceph: stderr
2024-06-15T00:48:15.888+0000 7fdbdd27f640 1 --2- >> [v2:172.21.15.105:3300/0,v1:172.21.15.105:6789/0] conn(0x7fdbd80ffea0 0x7fdbd8110860 unknown :-1 s=NONE pgs=0 cs=0 l=1 rev1=0 crypto rx=0 tx=0 comp rx=0 tx=0).connect
2024-06-15T00:48:16.613 INFO:teuthology.orchestra.run.smithi105.stdout:/usr/bin/ceph: stderr
2024-06-15T00:48:15.888+0000 7fdbdd27f640 1 -- --> [v2:172.21.15.105:3300/0,v1:172.21.15.105:6789/0] -- mon_getmap magic: 0 v1 -- 0x7fdbd8110da0 con 0x7fdbd80ffea0
2024-06-15T00:48:16.613 INFO:teuthology.orchestra.run.smithi105.stdout:/usr/bin/ceph: stderr
2024-06-15T00:48:15.888+0000 7fdbd6ffd640 1 --2- >> [v2:172.21.15.105:3300/0,v1:172.21.15.105:6789/0] conn(0x7fdbd80ffea0 0x7fdbd8110860 unknown :-1 s=BANNER_CONNECTING pgs=0 cs=0 l=1 rev1=0 crypto rx=0 tx=0 comp rx=0 tx=0)._handle_peer_banner_payload supported=3 required=0
2024-06-15T00:48:16.613 INFO:teuthology.orchestra.run.smithi105.stdout:/usr/bin/ceph: stderr
2024-06-15T00:48:15.888+0000 7fdbd6ffd640 1 --2- >> [v2:172.21.15.105:3300/0,v1:172.21.15.105:6789/0] conn(0x7fdbd80ffea0 0x7fdbd8110860 unknown :-1 s=HELLO_CONNECTING pgs=0 cs=0 l=1 rev1=1 crypto rx=0 tx=0 comp rx=0 tx=0).handle_hello peer v2:172.21.15.105:3300/0 says I am v2:172.21.15.105:43446/0 (socket says 172.21.15.105:43446)
2024-06-15T00:48:16.613 INFO:teuthology.orchestra.run.smithi105.stdout:/usr/bin/ceph: stderr
2024-06-15T00:48:15.888+0000 7fdbd6ffd640 1 -- 172.21.15.105:0/4134815286 learned_addr learned my addr 172.21.15.105:0/4134815286 (peer_addr_for_me v2:172.21.15.105:0/0)
2024-06-15T00:48:16.613 INFO:teuthology.orchestra.run.smithi105.stdout:/usr/bin/ceph: stderr
2024-06-15T00:48:15.888+0000 7fdbd6ffd640 1 -- 172.21.15.105:0/4134815286 --> [v2:172.21.15.105:3300/0,v1:172.21.15.105:6789/0] -- mon_subscribe({config=0+,monmap=0+}) v3 -- 0x7fdbc8009450 con 0x7fdbd80ffea0
2024-06-15T00:48:16.613 INFO:teuthology.orchestra.run.smithi105.stdout:/usr/bin/ceph: stderr
2024-06-15T00:48:15.888+0000 7fdbd6ffd640 1 --2- 172.21.15.105:0/4134815286 >> [v2:172.21.15.105:3300/0,v1:172.21.15.105:6789/0] conn(0x7fdbd80ffea0 0x7fdbd8110860 secure :-1 s=READY pgs=62 cs=0 l=1 rev1=1 crypto rx=0x7fdbc8009420 tx=0x7fdbc802c040 comp rx=0 tx=0).ready entity=mon.0 client_cookie=0 server_cookie=0 in_seq=0 out_seq=0
2024-06-15T00:48:16.613 INFO:teuthology.orchestra.run.smithi105.stdout:/usr/bin/ceph: stderr
2024-06-15T00:48:15.888+0000 7fdbbf7fe640 1 -- 172.21.15.105:0/4134815286 <== mon.0 v2:172.21.15.105:3300/0 1 ==== mon_map magic: 0 v1 ==== 229+0+0 (secure 0 0 0) 0x7fdbc803b440 con 0x7fdbd80ffea0
2024-06-15T00:48:16.613 INFO:teuthology.orchestra.run.smithi105.stdout:/usr/bin/ceph: stderr
2024-06-15T00:48:15.888+0000 7fdbbf7fe640 1 -- 172.21.15.105:0/4134815286 <== mon.0 v2:172.21.15.105:3300/0 2 ==== config(26 keys) v1 ==== 1074+0+0 (secure 0 0 0) 0x7fdbc803ba50 con 0x7fdbd80ffea0
2024-06-15T00:48:16.613 INFO:teuthology.orchestra.run.smithi105.stdout:/usr/bin/ceph: stderr
2024-06-15T00:48:15.888+0000 7fdbdd27f640 1 -- 172.21.15.105:0/4134815286 --> [v2:172.21.15.105:3300/0,v1:172.21.15.105:6789/0] -- mon_subscribe({mgrmap=0+}) v3 -- 0x7fdbd8110fa0 con 0x7fdbd80ffea0
2024-06-15T00:48:16.613 INFO:teuthology.orchestra.run.smithi105.stdout:/usr/bin/ceph: stderr
2024-06-15T00:48:15.888+0000 7fdbbf7fe640 1 -- 172.21.15.105:0/4134815286 <== mon.0 v2:172.21.15.105:3300/0 3 ==== mon_map magic: 0 v1 ==== 229+0+0 (secure 0 0 0) 0x7fdbc803aa20 con 0x7fdbd80ffea0
2024-06-15T00:48:16.613 INFO:teuthology.orchestra.run.smithi105.stdout:/usr/bin/ceph: stderr
2024-06-15T00:48:15.889+0000 7fdbdd27f640 1 -- 172.21.15.105:0/4134815286 --> [v2:172.21.15.105:3300/0,v1:172.21.15.105:6789/0] -- mon_subscribe({osdmap=0}) v3 -- 0x7fdbd8111410 con 0x7fdbd80ffea0
2024-06-15T00:48:16.613 INFO:teuthology.orchestra.run.smithi105.stdout:/usr/bin/ceph: stderr
2024-06-15T00:48:15.889+0000 7fdbbf7fe640 1 -- 172.21.15.105:0/4134815286 <== mon.0 v2:172.21.15.105:3300/0 4 ==== mgrmap(e 8) v1 ==== 41946+0+0 (secure 0 0 0) 0x7fdbc8039070 con 0x7fdbd80ffea0
2024-06-15T00:48:16.613 INFO:teuthology.orchestra.run.smithi105.stdout:/usr/bin/ceph: stderr
2024-06-15T00:48:15.889+0000 7fdbbf7fe640 1 --2- 172.21.15.105:0/4134815286 >> [v2:172.21.15.105:6800/2469050433,v1:172.21.15.105:6801/2469050433] conn(0x7fdbc0034860 0x7fdbc0036d10 unknown :-1 s=NONE pgs=0 cs=0 l=1 rev1=0 crypto rx=0 tx=0 comp rx=0 tx=0).connect
2024-06-15T00:48:16.614 INFO:teuthology.orchestra.run.smithi105.stdout:/usr/bin/ceph: stderr
2024-06-15T00:48:15.889+0000 7fdbbf7fe640 1 -- 172.21.15.105:0/4134815286 <== mon.0 v2:172.21.15.105:3300/0 5 ==== osd_map(2..2 src has 1..2) v4 ==== 936+0+0 (secure 0 0 0) 0x7fdbc8066e20 con 0x7fdbd80ffea0
2024-06-15T00:48:16.614 INFO:teuthology.orchestra.run.smithi105.stdout:/usr/bin/ceph: stderr
2024-06-15T00:48:15.889+0000 7fdbdd27f640 1 -- 172.21.15.105:0/4134815286 --> [v2:172.21.15.105:3300/0,v1:172.21.15.105:6789/0] -- mon_command({"prefix": "get_command_descriptions"} v 0) v1 -- 0x7fdbd805ead0 con 0x7fdbd80ffea0
2024-06-15T00:48:16.614 INFO:teuthology.orchestra.run.smithi105.stdout:/usr/bin/ceph: stderr
2024-06-15T00:48:15.890+0000 7fdbd67fc640 1 --2- 172.21.15.105:0/4134815286 >> [v2:172.21.15.105:6800/2469050433,v1:172.21.15.105:6801/2469050433] conn(0x7fdbc0034860 0x7fdbc0036d10 unknown :-1 s=BANNER_CONNECTING pgs=0 cs=0 l=1 rev1=0 crypto rx=0 tx=0 comp rx=0 tx=0)._handle_peer_banner_payload supported=3 required=0
2024-06-15T00:48:16.614 INFO:teuthology.orchestra.run.smithi105.stdout:/usr/bin/ceph: stderr
2024-06-15T00:48:15.890+0000 7fdbd67fc640 1 --2- 172.21.15.105:0/4134815286 >> [v2:172.21.15.105:6800/2469050433,v1:172.21.15.105:6801/2469050433] conn(0x7fdbc0034860 0x7fdbc0036d10 secure :-1 s=READY pgs=21 cs=0 l=1 rev1=1 crypto rx=0x7fdbcc006fd0 tx=0x7fdbcc006db0 comp rx=0 tx=0).ready entity=mgr.14118 client_cookie=0 server_cookie=0 in_seq=0 out_seq=0
2024-06-15T00:48:16.614 INFO:teuthology.orchestra.run.smithi105.stdout:/usr/bin/ceph: stderr
2024-06-15T00:48:15.894+0000 7fdbbf7fe640 1 -- 172.21.15.105:0/4134815286 <== mon.0 v2:172.21.15.105:3300/0 6 ==== mon_command_ack([{"prefix": "get_command_descriptions"}]=0 v0) v1 ==== 72+0+175578 (secure 0 0 0) 0x7fdbc803f080 con 0x7fdbd80ffea0
2024-06-15T00:48:16.614 INFO:teuthology.orchestra.run.smithi105.stdout:/usr/bin/ceph: stderr
2024-06-15T00:48:16.062+0000 7fdbdd27f640 1 -- 172.21.15.105:0/4134815286 --> [v2:172.21.15.105:3300/0,v1:172.21.15.105:6789/0] -- mon_command([{prefix=config set, name=mgr/dashboard/ssl_server_port}] v 0) v1 -- 0x7fdbd804b480 con 0x7fdbd80ffea0
2024-06-15T00:48:16.614 INFO:teuthology.orchestra.run.smithi105.stdout:/usr/bin/ceph: stderr
2024-06-15T00:48:16.064+0000 7fdbbf7fe640 1 -- 172.21.15.105:0/4134815286 <== mon.0 v2:172.21.15.105:3300/0 7 ==== mon_command_ack([{prefix=config set, name=mgr/dashboard/ssl_server_port}]=0 v8)=0 v8) v1 ==== 130+0+0 (secure 0 0 0) 0x7fdbc80650c0 con 0x7fdbd80ffea0
2024-06-15T00:48:16.614 INFO:teuthology.orchestra.run.smithi105.stdout:/usr/bin/ceph: stderr
2024-06-15T00:48:16.067+0000 7fdbdd27f640 1 -- 172.21.15.105:0/4134815286 >> [v2:172.21.15.105:6800/2469050433,v1:172.21.15.105:6801/2469050433] conn(0x7fdbc0034860 msgr2=0x7fdbc0036d10 secure :-1 s=STATE_CONNECTION_ESTABLISHED l=1).mark_down
2024-06-15T00:48:16.614 INFO:teuthology.orchestra.run.smithi105.stdout:/usr/bin/ceph: stderr
2024-06-15T00:48:16.067+0000 7fdbdd27f640 1 --2- 172.21.15.105:0/4134815286 >> [v2:172.21.15.105:6800/2469050433,v1:172.21.15.105:6801/2469050433] conn(0x7fdbc0034860 0x7fdbc0036d10 secure :-1 s=READY pgs=21 cs=0 l=1 rev1=1 crypto rx=0x7fdbcc006fd0 tx=0x7fdbcc006db0 comp rx=0 tx=0).stop
2024-06-15T00:48:16.614 INFO:teuthology.orchestra.run.smithi105.stdout:/usr/bin/ceph: stderr
2024-06-15T00:48:16.067+0000 7fdbdd27f640 1 -- 172.21.15.105:0/4134815286 >> [v2:172.21.15.105:3300/0,v1:172.21.15.105:6789/0] conn(0x7fdbd80ffea0 msgr2=0x7fdbd8110860 secure :-1 s=STATE_CONNECTION_ESTABLISHED l=1).mark_down
2024-06-15T00:48:16.614 INFO:teuthology.orchestra.run.smithi105.stdout:/usr/bin/ceph: stderr
2024-06-15T00:48:16.067+0000 7fdbdd27f640 1 --2- 172.21.15.105:0/4134815286 >> [v2:172.21.15.105:3300/0,v1:172.21.15.105:6789/0] conn(0x7fdbd80ffea0 0x7fdbd8110860 secure :-1 s=READY pgs=62 cs=0 l=1 rev1=1 crypto rx=0x7fdbc8009420 tx=0x7fdbc802c040 comp rx=0 tx=0).stop
2024-06-15T00:48:16.614 INFO:teuthology.orchestra.run.smithi105.stdout:/usr/bin/ceph: stderr
2024-06-15T00:48:16.067+0000 7fdbdd27f640 1 -- 172.21.15.105:0/4134815286 shutdown_connections
2024-06-15T00:48:16.615 INFO:teuthology.orchestra.run.smithi105.stdout:/usr/bin/ceph: stderr
2024-06-15T00:48:16.067+0000 7fdbdd27f640 1 --2- 172.21.15.105:0/4134815286 >> [v2:172.21.15.105:6800/2469050433,v1:172.21.15.105:6801/2469050433] conn(0x7fdbc0034860 0x7fdbc0036d10 unknown :-1 s=CLOSED pgs=21 cs=0 l=1 rev1=1 crypto rx=0 tx=0 comp rx=0 tx=0).stop
2024-06-15T00:48:16.615 INFO:teuthology.orchestra.run.smithi105.stdout:/usr/bin/ceph: stderr
2024-06-15T00:48:16.067+0000 7fdbdd27f640 1 --2- 172.21.15.105:0/4134815286 >> [v2:172.21.15.105:3300/0,v1:172.21.15.105:6789/0] conn(0x7fdbd80ffea0 0x7fdbd8110860 unknown :-1 s=CLOSED pgs=62 cs=0 l=1 rev1=1 crypto rx=0 tx=0 comp rx=0 tx=0).stop
2024-06-15T00:48:16.615 INFO:teuthology.orchestra.run.smithi105.stdout:/usr/bin/ceph: stderr
2024-06-15T00:48:16.067+0000 7fdbdd27f640 1 -- 172.21.15.105:0/4134815286 >> 172.21.15.105:0/4134815286 conn(0x7fdbd80fb960 msgr2=0x7fdbd80fc4c0 unknown :-1 s=STATE_NONE l=0).mark_down
2024-06-15T00:48:16.615 INFO:teuthology.orchestra.run.smithi105.stdout:/usr/bin/ceph: stderr
2024-06-15T00:48:16.067+0000 7fdbdd27f640 1 -- 172.21.15.105:0/4134815286 shutdown_connections
2024-06-15T00:48:16.615 INFO:teuthology.orchestra.run.smithi105.stdout:/usr/bin/ceph: stderr
2024-06-15T00:48:16.067+0000 7fdbdd27f640 1 -- 172.21.15.105:0/4134815286 wait complete.
2024-06-15T00:48:16.615 INFO:teuthology.orchestra.run.smithi105.stdout:Enabling the dashboard module...
2024-06-15T00:48:17.218 INFO:journalctl@ceph.mon.smithi105.smithi105.stdout:Jun 15 00:48:17 smithi105 ceph-mon[28877]: pgmap v8: 0 pgs: ; 0 B data, 0 B used, 0 B / 0 B avail
2024-06-15T00:48:17.219 INFO:journalctl@ceph.mon.smithi105.smithi105.stdout:Jun 15 00:48:17 smithi105 ceph-mon[28877]: from='client.? 172.21.15.105:0/4134815286' entity='client.admin'
2024-06-15T00:48:18.335 INFO:journalctl@ceph.mon.smithi105.smithi105.stdout:Jun 15 00:48:18 smithi105 ceph-mon[28877]: from='client.? 172.21.15.105:0/1864471207' entity='client.admin' cmd=[{"prefix": "mgr module enable", "module": "dashboard"}]: dispatch
2024-06-15T00:48:18.653 INFO:teuthology.orchestra.run.smithi105.stdout:/usr/bin/ceph: stderr
2024-06-15T00:48:17.000+0000 7fc7e123f640 1 Processor -- start
2024-06-15T00:48:18.653 INFO:teuthology.orchestra.run.smithi105.stdout:/usr/bin/ceph: stderr
2024-06-15T00:48:17.000+0000 7fc7e123f640 1 -- start start
2024-06-15T00:48:18.654 INFO:teuthology.orchestra.run.smithi105.stdout:/usr/bin/ceph: stderr
2024-06-15T00:48:17.000+0000 7fc7e123f640 1 --2- >> [v2:172.21.15.105:3300/0,v1:172.21.15.105:6789/0] conn(0x7fc7dc101b50 0x7fc7dc101f60 unknown :-1 s=NONE pgs=0 cs=0 l=0 rev1=0 crypto rx=0 tx=0 comp rx=0 tx=0).connect
2024-06-15T00:48:18.654 INFO:teuthology.orchestra.run.smithi105.stdout:/usr/bin/ceph: stderr
2024-06-15T00:48:17.000+0000 7fc7e123f640 1 -- --> [v2:172.21.15.105:3300/0,v1:172.21.15.105:6789/0] -- mon_getmap magic: 0 v1 -- 0x7fc7dc1024a0 con 0x7fc7dc101b50
2024-06-15T00:48:18.654 INFO:teuthology.orchestra.run.smithi105.stdout:/usr/bin/ceph: stderr
2024-06-15T00:48:17.001+0000 7fc7dad9d640 1 --2- >> [v2:172.21.15.105:3300/0,v1:172.21.15.105:6789/0] conn(0x7fc7dc101b50 0x7fc7dc101f60 unknown :-1 s=BANNER_CONNECTING pgs=0 cs=0 l=0 rev1=0 crypto rx=0 tx=0 comp rx=0 tx=0)._handle_peer_banner_payload supported=3 required=0
2024-06-15T00:48:18.654 INFO:teuthology.orchestra.run.smithi105.stdout:/usr/bin/ceph: stderr
2024-06-15T00:48:17.001+0000 7fc7dad9d640 1 --2- >> [v2:172.21.15.105:3300/0,v1:172.21.15.105:6789/0] conn(0x7fc7dc101b50 0x7fc7dc101f60 unknown :-1 s=HELLO_CONNECTING pgs=0 cs=0 l=0 rev1=1 crypto rx=0 tx=0 comp rx=0 tx=0).handle_hello peer v2:172.21.15.105:3300/0 says I am v2:172.21.15.105:43456/0 (socket says 172.21.15.105:43456)
2024-06-15T00:48:18.654 INFO:teuthology.orchestra.run.smithi105.stdout:/usr/bin/ceph: stderr
2024-06-15T00:48:17.001+0000 7fc7dad9d640 1 -- 172.21.15.105:0/3137132817 learned_addr learned my addr 172.21.15.105:0/3137132817 (peer_addr_for_me v2:172.21.15.105:0/0)
2024-06-15T00:48:18.654 INFO:teuthology.orchestra.run.smithi105.stdout:/usr/bin/ceph: stderr
2024-06-15T00:48:17.001+0000 7fc7dad9d640 1 -- 172.21.15.105:0/3137132817 --> [v2:172.21.15.105:3300/0,v1:172.21.15.105:6789/0] -- mon_subscribe({config=0+,monmap=0+}) v3 -- 0x7fc7dc1025e0 con 0x7fc7dc101b50
2024-06-15T00:48:18.654 INFO:teuthology.orchestra.run.smithi105.stdout:/usr/bin/ceph: stderr
2024-06-15T00:48:17.001+0000 7fc7dad9d640 1 --2- 172.21.15.105:0/3137132817 >> [v2:172.21.15.105:3300/0,v1:172.21.15.105:6789/0] conn(0x7fc7dc101b50 0x7fc7dc101f60 secure :-1 s=READY pgs=63 cs=0 l=1 rev1=1 crypto rx=0x7fc7c4009840 tx=0x7fc7c40091d0 comp rx=0 tx=0).ready entity=mon.0 client_cookie=a87609b9991b761c server_cookie=0 in_seq=0 out_seq=0
2024-06-15T00:48:18.654 INFO:teuthology.orchestra.run.smithi105.stdout:/usr/bin/ceph: stderr
2024-06-15T00:48:17.002+0000 7fc7d9d9b640 1 -- 172.21.15.105:0/3137132817 <== mon.0 v2:172.21.15.105:3300/0 1 ==== mon_map magic: 0 v1 ==== 229+0+0 (secure 0 0 0) 0x7fc7c4032440 con 0x7fc7dc101b50
2024-06-15T00:48:18.654 INFO:teuthology.orchestra.run.smithi105.stdout:/usr/bin/ceph: stderr
2024-06-15T00:48:17.002+0000 7fc7d9d9b640 1 -- 172.21.15.105:0/3137132817 <== mon.0 v2:172.21.15.105:3300/0 2 ==== config(26 keys) v1 ==== 1074+0+0 (secure 0 0 0) 0x7fc7c4032a50 con 0x7fc7dc101b50
2024-06-15T00:48:18.654 INFO:teuthology.orchestra.run.smithi105.stdout:/usr/bin/ceph: stderr
2024-06-15T00:48:17.002+0000 7fc7d9d9b640 1 -- 172.21.15.105:0/3137132817 <== mon.0 v2:172.21.15.105:3300/0 3 ==== mon_map magic: 0 v1 ==== 229+0+0 (secure 0 0 0) 0x7fc7c4031aa0 con 0x7fc7dc101b50
2024-06-15T00:48:18.654 INFO:teuthology.orchestra.run.smithi105.stdout:/usr/bin/ceph: stderr
2024-06-15T00:48:17.002+0000 7fc7e123f640 1 -- 172.21.15.105:0/3137132817 >> [v2:172.21.15.105:3300/0,v1:172.21.15.105:6789/0] conn(0x7fc7dc101b50 msgr2=0x7fc7dc101f60 secure :-1 s=STATE_CONNECTION_ESTABLISHED l=1).mark_down
2024-06-15T00:48:18.654 INFO:teuthology.orchestra.run.smithi105.stdout:/usr/bin/ceph: stderr
2024-06-15T00:48:17.002+0000 7fc7e123f640 1 --2- 172.21.15.105:0/3137132817 >> [v2:172.21.15.105:3300/0,v1:172.21.15.105:6789/0] conn(0x7fc7dc101b50 0x7fc7dc101f60 secure :-1 s=READY pgs=63 cs=0 l=1 rev1=1 crypto rx=0x7fc7c4009840 tx=0x7fc7c40091d0 comp rx=0 tx=0).stop
2024-06-15T00:48:18.655 INFO:teuthology.orchestra.run.smithi105.stdout:/usr/bin/ceph: stderr
2024-06-15T00:48:17.002+0000 7fc7e123f640 1 -- 172.21.15.105:0/3137132817 shutdown_connections
2024-06-15T00:48:18.655 INFO:teuthology.orchestra.run.smithi105.stdout:/usr/bin/ceph: stderr
2024-06-15T00:48:17.002+0000 7fc7e123f640 1 --2- 172.21.15.105:0/3137132817 >> [v2:172.21.15.105:3300/0,v1:172.21.15.105:6789/0] conn(0x7fc7dc101b50 0x7fc7dc101f60 unknown :-1 s=CLOSED pgs=63 cs=0 l=1 rev1=1 crypto rx=0 tx=0 comp rx=0 tx=0).stop
2024-06-15T00:48:18.655 INFO:teuthology.orchestra.run.smithi105.stdout:/usr/bin/ceph: stderr
2024-06-15T00:48:17.002+0000 7fc7e123f640 1 -- 172.21.15.105:0/3137132817 >> 172.21.15.105:0/3137132817 conn(0x7fc7dc0fd350 msgr2=0x7fc7dc0ff760 unknown :-1 s=STATE_NONE l=0).mark_down
2024-06-15T00:48:18.655 INFO:teuthology.orchestra.run.smithi105.stdout:/usr/bin/ceph: stderr
2024-06-15T00:48:17.002+0000 7fc7e123f640 1 -- 172.21.15.105:0/3137132817 shutdown_connections
2024-06-15T00:48:18.655 INFO:teuthology.orchestra.run.smithi105.stdout:/usr/bin/ceph: stderr
2024-06-15T00:48:17.002+0000 7fc7e123f640 1 -- 172.21.15.105:0/3137132817 wait complete.
2024-06-15T00:48:18.655 INFO:teuthology.orchestra.run.smithi105.stdout:/usr/bin/ceph: stderr
2024-06-15T00:48:17.003+0000 7fc7e123f640 1 Processor -- start
2024-06-15T00:48:18.655 INFO:teuthology.orchestra.run.smithi105.stdout:/usr/bin/ceph: stderr
2024-06-15T00:48:17.003+0000 7fc7e123f640 1 -- start start
2024-06-15T00:48:18.655 INFO:teuthology.orchestra.run.smithi105.stdout:/usr/bin/ceph: stderr
2024-06-15T00:48:17.003+0000 7fc7e123f640 1 --2- >> [v2:172.21.15.105:3300/0,v1:172.21.15.105:6789/0] conn(0x7fc7dc101b50 0x7fc7dc110830 unknown :-1 s=NONE pgs=0 cs=0 l=1 rev1=0 crypto rx=0 tx=0 comp rx=0 tx=0).connect
2024-06-15T00:48:18.655 INFO:teuthology.orchestra.run.smithi105.stdout:/usr/bin/ceph: stderr
2024-06-15T00:48:17.003+0000 7fc7e123f640 1 -- --> [v2:172.21.15.105:3300/0,v1:172.21.15.105:6789/0] -- mon_getmap magic: 0 v1 -- 0x7fc7dc110d70 con 0x7fc7dc101b50
2024-06-15T00:48:18.655 INFO:teuthology.orchestra.run.smithi105.stdout:/usr/bin/ceph: stderr
2024-06-15T00:48:17.003+0000 7fc7dad9d640 1 --2- >> [v2:172.21.15.105:3300/0,v1:172.21.15.105:6789/0] conn(0x7fc7dc101b50 0x7fc7dc110830 unknown :-1 s=BANNER_CONNECTING pgs=0 cs=0 l=1 rev1=0 crypto rx=0 tx=0 comp rx=0 tx=0)._handle_peer_banner_payload supported=3 required=0
2024-06-15T00:48:18.655 INFO:teuthology.orchestra.run.smithi105.stdout:/usr/bin/ceph: stderr
2024-06-15T00:48:17.003+0000 7fc7dad9d640 1 --2- >> [v2:172.21.15.105:3300/0,v1:172.21.15.105:6789/0] conn(0x7fc7dc101b50 0x7fc7dc110830 unknown :-1 s=HELLO_CONNECTING pgs=0 cs=0 l=1 rev1=1 crypto rx=0 tx=0 comp rx=0 tx=0).handle_hello peer v2:172.21.15.105:3300/0 says I am v2:172.21.15.105:43462/0 (socket says 172.21.15.105:43462)
2024-06-15T00:48:18.655 INFO:teuthology.orchestra.run.smithi105.stdout:/usr/bin/ceph: stderr
2024-06-15T00:48:17.003+0000 7fc7dad9d640 1 -- 172.21.15.105:0/1864471207 learned_addr learned my addr 172.21.15.105:0/1864471207 (peer_addr_for_me v2:172.21.15.105:0/0)
2024-06-15T00:48:18.655 INFO:teuthology.orchestra.run.smithi105.stdout:/usr/bin/ceph: stderr
2024-06-15T00:48:17.003+0000 7fc7dad9d640 1 -- 172.21.15.105:0/1864471207 --> [v2:172.21.15.105:3300/0,v1:172.21.15.105:6789/0] -- mon_subscribe({config=0+,monmap=0+}) v3 -- 0x7fc7c4009450 con 0x7fc7dc101b50
2024-06-15T00:48:18.655 INFO:teuthology.orchestra.run.smithi105.stdout:/usr/bin/ceph: stderr
2024-06-15T00:48:17.004+0000 7fc7dad9d640 1 --2- 172.21.15.105:0/1864471207 >> [v2:172.21.15.105:3300/0,v1:172.21.15.105:6789/0] conn(0x7fc7dc101b50 0x7fc7dc110830 secure :-1 s=READY pgs=64 cs=0 l=1 rev1=1 crypto rx=0x7fc7c4031780 tx=0x7fc7c402c040 comp rx=0 tx=0).ready entity=mon.0 client_cookie=0 server_cookie=0 in_seq=0 out_seq=0
2024-06-15T00:48:18.655 INFO:teuthology.orchestra.run.smithi105.stdout:/usr/bin/ceph: stderr
2024-06-15T00:48:17.004+0000 7fc7d37fe640 1 -- 172.21.15.105:0/1864471207 <== mon.0 v2:172.21.15.105:3300/0 1 ==== mon_map magic: 0 v1 ==== 229+0+0 (secure 0 0 0) 0x7fc7c403b440 con 0x7fc7dc101b50
2024-06-15T00:48:18.656 INFO:teuthology.orchestra.run.smithi105.stdout:/usr/bin/ceph: stderr
2024-06-15T00:48:17.004+0000 7fc7e123f640 1 -- 172.21.15.105:0/1864471207 --> [v2:172.21.15.105:3300/0,v1:172.21.15.105:6789/0] -- mon_subscribe({mgrmap=0+}) v3 -- 0x7fc7dc110f70 con 0x7fc7dc101b50
2024-06-15T00:48:18.656 INFO:teuthology.orchestra.run.smithi105.stdout:/usr/bin/ceph: stderr
2024-06-15T00:48:17.004+0000 7fc7d37fe640 1 -- 172.21.15.105:0/1864471207 <== mon.0 v2:172.21.15.105:3300/0 2 ==== config(26 keys) v1 ==== 1074+0+0 (secure 0 0 0) 0x7fc7c403ba50 con 0x7fc7dc101b50
2024-06-15T00:48:18.656 INFO:teuthology.orchestra.run.smithi105.stdout:/usr/bin/ceph: stderr
2024-06-15T00:48:17.004+0000 7fc7d37fe640 1 -- 172.21.15.105:0/1864471207 <== mon.0 v2:172.21.15.105:3300/0 3 ==== mon_map magic: 0 v1 ==== 229+0+0 (secure 0 0 0) 0x7fc7c403aab0 con 0x7fc7dc101b50
2024-06-15T00:48:18.656 INFO:teuthology.orchestra.run.smithi105.stdout:/usr/bin/ceph: stderr
2024-06-15T00:48:17.004+0000 7fc7e123f640 1 -- 172.21.15.105:0/1864471207 --> [v2:172.21.15.105:3300/0,v1:172.21.15.105:6789/0] -- mon_subscribe({osdmap=0}) v3 -- 0x7fc7dc111380 con 0x7fc7dc101b50
2024-06-15T00:48:18.656 INFO:teuthology.orchestra.run.smithi105.stdout:/usr/bin/ceph: stderr
2024-06-15T00:48:17.005+0000 7fc7d37fe640 1 -- 172.21.15.105:0/1864471207 <== mon.0 v2:172.21.15.105:3300/0 4 ==== mgrmap(e 8) v1 ==== 41946+0+0 (secure 0 0 0) 0x7fc7c4039070 con 0x7fc7dc101b50
2024-06-15T00:48:18.656 INFO:teuthology.orchestra.run.smithi105.stdout:/usr/bin/ceph: stderr
2024-06-15T00:48:17.005+0000 7fc7d37fe640 1 --2- 172.21.15.105:0/1864471207 >> [v2:172.21.15.105:6800/2469050433,v1:172.21.15.105:6801/2469050433] conn(0x7fc7c8034810 0x7fc7c8036cc0 unknown :-1 s=NONE pgs=0 cs=0 l=1 rev1=0 crypto rx=0 tx=0 comp rx=0 tx=0).connect
2024-06-15T00:48:18.656 INFO:teuthology.orchestra.run.smithi105.stdout:/usr/bin/ceph: stderr
2024-06-15T00:48:17.005+0000 7fc7e123f640 1 -- 172.21.15.105:0/1864471207 --> [v2:172.21.15.105:3300/0,v1:172.21.15.105:6789/0] -- mon_command({"prefix": "get_command_descriptions"} v 0) v1 -- 0x7fc7dc04b480 con 0x7fc7dc101b50
2024-06-15T00:48:18.656 INFO:teuthology.orchestra.run.smithi105.stdout:/usr/bin/ceph: stderr
2024-06-15T00:48:17.005+0000 7fc7d37fe640 1 -- 172.21.15.105:0/1864471207 <== mon.0 v2:172.21.15.105:3300/0 5 ==== osd_map(2..2 src has 1..2) v4 ==== 936+0+0 (secure 0 0 0) 0x7fc7c4067180 con 0x7fc7dc101b50
2024-06-15T00:48:18.656 INFO:teuthology.orchestra.run.smithi105.stdout:/usr/bin/ceph: stderr
2024-06-15T00:48:17.005+0000 7fc7da59c640 1 --2- 172.21.15.105:0/1864471207 >> [v2:172.21.15.105:6800/2469050433,v1:172.21.15.105:6801/2469050433] conn(0x7fc7c8034810 0x7fc7c8036cc0 unknown :-1 s=BANNER_CONNECTING pgs=0 cs=0 l=1 rev1=0 crypto rx=0 tx=0 comp rx=0 tx=0)._handle_peer_banner_payload supported=3 required=0
2024-06-15T00:48:18.656 INFO:teuthology.orchestra.run.smithi105.stdout:/usr/bin/ceph: stderr
2024-06-15T00:48:17.005+0000 7fc7da59c640 1 --2- 172.21.15.105:0/1864471207 >> [v2:172.21.15.105:6800/2469050433,v1:172.21.15.105:6801/2469050433] conn(0x7fc7c8034810 0x7fc7c8036cc0 secure :-1 s=READY pgs=22 cs=0 l=1 rev1=1 crypto rx=0x7fc7cc006fd0 tx=0x7fc7cc006db0 comp rx=0 tx=0).ready entity=mgr.14118 client_cookie=0 server_cookie=0 in_seq=0 out_seq=0
2024-06-15T00:48:18.656 INFO:teuthology.orchestra.run.smithi105.stdout:/usr/bin/ceph: stderr
2024-06-15T00:48:17.009+0000 7fc7d37fe640 1 -- 172.21.15.105:0/1864471207 <== mon.0 v2:172.21.15.105:3300/0 6 ==== mon_command_ack([{"prefix": "get_command_descriptions"}]=0 v0) v1 ==== 72+0+175578 (secure 0 0 0) 0x7fc7c403b5a0 con 0x7fc7dc101b50
2024-06-15T00:48:18.656 INFO:teuthology.orchestra.run.smithi105.stdout:/usr/bin/ceph: stderr
2024-06-15T00:48:17.218+0000 7fc7e123f640 1 -- 172.21.15.105:0/1864471207 --> [v2:172.21.15.105:3300/0,v1:172.21.15.105:6789/0] -- mon_command({"prefix": "mgr module enable", "module": "dashboard"} v 0) v1 -- 0x7fc7dc111f20 con 0x7fc7dc101b50
2024-06-15T00:48:18.656 INFO:teuthology.orchestra.run.smithi105.stdout:/usr/bin/ceph: stderr
2024-06-15T00:48:18.070+0000 7fc7d37fe640 1 -- 172.21.15.105:0/1864471207 <== mon.0 v2:172.21.15.105:3300/0 7 ==== mgrmap(e 9) v1 ==== 41959+0+0 (secure 0 0 0) 0x7fc7c4066b80 con 0x7fc7dc101b50
2024-06-15T00:48:18.656 INFO:teuthology.orchestra.run.smithi105.stdout:/usr/bin/ceph: stderr
2024-06-15T00:48:18.072+0000 7fc7d37fe640 1 -- 172.21.15.105:0/1864471207 <== mon.0 v2:172.21.15.105:3300/0 8 ==== mon_command_ack([{"prefix": "mgr module enable", "module": "dashboard"}]=0 v9) v1 ==== 88+0+0 (secure 0 0 0) 0x7fc7c404c3a0 con 0x7fc7dc101b50
2024-06-15T00:48:18.657 INFO:teuthology.orchestra.run.smithi105.stdout:/usr/bin/ceph: stderr
2024-06-15T00:48:18.075+0000 7fc7e123f640 1 -- 172.21.15.105:0/1864471207 >> [v2:172.21.15.105:6800/2469050433,v1:172.21.15.105:6801/2469050433] conn(0x7fc7c8034810 msgr2=0x7fc7c8036cc0 secure :-1 s=STATE_CONNECTION_ESTABLISHED l=1).mark_down
2024-06-15T00:48:18.657 INFO:teuthology.orchestra.run.smithi105.stdout:/usr/bin/ceph: stderr
2024-06-15T00:48:18.075+0000 7fc7e123f640 1 --2- 172.21.15.105:0/1864471207 >> [v2:172.21.15.105:6800/2469050433,v1:172.21.15.105:6801/2469050433] conn(0x7fc7c8034810 0x7fc7c8036cc0 secure :-1 s=READY pgs=22 cs=0 l=1 rev1=1 crypto rx=0x7fc7cc006fd0 tx=0x7fc7cc006db0 comp rx=0 tx=0).stop
2024-06-15T00:48:18.657 INFO:teuthology.orchestra.run.smithi105.stdout:/usr/bin/ceph: stderr
2024-06-15T00:48:18.075+0000 7fc7e123f640 1 -- 172.21.15.105:0/1864471207 >> [v2:172.21.15.105:3300/0,v1:172.21.15.105:6789/0] conn(0x7fc7dc101b50 msgr2=0x7fc7dc110830 secure :-1 s=STATE_CONNECTION_ESTABLISHED l=1).mark_down
2024-06-15T00:48:18.657 INFO:teuthology.orchestra.run.smithi105.stdout:/usr/bin/ceph: stderr
2024-06-15T00:48:18.075+0000 7fc7e123f640 1 --2- 172.21.15.105:0/1864471207 >> [v2:172.21.15.105:3300/0,v1:172.21.15.105:6789/0] conn(0x7fc7dc101b50 0x7fc7dc110830 secure :-1 s=READY pgs=64 cs=0 l=1 rev1=1 crypto rx=0x7fc7c4031780 tx=0x7fc7c402c040 comp rx=0 tx=0).stop
2024-06-15T00:48:18.657 INFO:teuthology.orchestra.run.smithi105.stdout:/usr/bin/ceph: stderr
2024-06-15T00:48:18.075+0000 7fc7e123f640 1 -- 172.21.15.105:0/1864471207 shutdown_connections
2024-06-15T00:48:18.657 INFO:teuthology.orchestra.run.smithi105.stdout:/usr/bin/ceph: stderr
2024-06-15T00:48:18.075+0000 7fc7e123f640 1 --2- 172.21.15.105:0/1864471207 >> [v2:172.21.15.105:6800/2469050433,v1:172.21.15.105:6801/2469050433] conn(0x7fc7c8034810 0x7fc7c8036cc0 unknown :-1 s=CLOSED pgs=22 cs=0 l=1 rev1=1 crypto rx=0 tx=0 comp rx=0 tx=0).stop
2024-06-15T00:48:18.657 INFO:teuthology.orchestra.run.smithi105.stdout:/usr/bin/ceph: stderr
2024-06-15T00:48:18.075+0000 7fc7e123f640 1 --2- 172.21.15.105:0/1864471207 >> [v2:172.21.15.105:3300/0,v1:172.21.15.105:6789/0] conn(0x7fc7dc101b50 0x7fc7dc110830 unknown :-1 s=CLOSED pgs=64 cs=0 l=1 rev1=1 crypto rx=0 tx=0 comp rx=0 tx=0).stop
2024-06-15T00:48:18.657 INFO:teuthology.orchestra.run.smithi105.stdout:/usr/bin/ceph: stderr
2024-06-15T00:48:18.075+0000 7fc7e123f640 1 -- 172.21.15.105:0/1864471207 >> 172.21.15.105:0/1864471207 conn(0x7fc7dc0fd350 msgr2=0x7fc7dc0fdea0 unknown :-1 s=STATE_NONE l=0).mark_down
2024-06-15T00:48:18.657 INFO:teuthology.orchestra.run.smithi105.stdout:/usr/bin/ceph: stderr
2024-06-15T00:48:18.075+0000 7fc7e123f640 1 -- 172.21.15.105:0/1864471207 shutdown_connections
2024-06-15T00:48:18.657 INFO:teuthology.orchestra.run.smithi105.stdout:/usr/bin/ceph: stderr
2024-06-15T00:48:18.075+0000 7fc7e123f640 1 -- 172.21.15.105:0/1864471207 wait complete.
2024-06-15T00:48:19.275 INFO:journalctl@ceph.mon.smithi105.smithi105.stdout:Jun 15 00:48:19 smithi105 ceph-mon[28877]: from='client.? 172.21.15.105:0/1864471207' entity='client.admin' cmd='[{"prefix": "mgr module enable", "module": "dashboard"}]': finished
2024-06-15T00:48:19.275 INFO:journalctl@ceph.mon.smithi105.smithi105.stdout:Jun 15 00:48:19 smithi105 ceph-mon[28877]: mgrmap e9: smithi105.oorfym(active, since 32s)
2024-06-15T00:48:19.828 INFO:teuthology.orchestra.run.smithi105.stdout:/usr/bin/ceph: stdout {
2024-06-15T00:48:19.834 INFO:teuthology.orchestra.run.smithi105.stdout:/usr/bin/ceph: stdout "epoch": 9,
2024-06-15T00:48:19.835 INFO:teuthology.orchestra.run.smithi105.stdout:/usr/bin/ceph: stdout "available": true,
2024-06-15T00:48:19.835 INFO:teuthology.orchestra.run.smithi105.stdout:/usr/bin/ceph: stdout "active_name": "smithi105.oorfym",
2024-06-15T00:48:19.835 INFO:teuthology.orchestra.run.smithi105.stdout:/usr/bin/ceph: stdout "num_standby": 0
2024-06-15T00:48:19.835 INFO:teuthology.orchestra.run.smithi105.stdout:/usr/bin/ceph: stdout }
2024-06-15T00:48:19.835 INFO:teuthology.orchestra.run.smithi105.stdout:/usr/bin/ceph: stderr
2024-06-15T00:48:19.065+0000 7fb986eb4640 1 Processor -- start
2024-06-15T00:48:19.835 INFO:teuthology.orchestra.run.smithi105.stdout:/usr/bin/ceph: stderr
2024-06-15T00:48:19.066+0000 7fb986eb4640 1 -- start start
2024-06-15T00:48:19.835 INFO:teuthology.orchestra.run.smithi105.stdout:/usr/bin/ceph: stderr
2024-06-15T00:48:19.066+0000 7fb986eb4640 1 --2- >> [v2:172.21.15.105:3300/0,v1:172.21.15.105:6789/0] conn(0x7fb980075c40 0x7fb9801046c0 unknown :-1 s=NONE pgs=0 cs=0 l=0 rev1=0 crypto rx=0 tx=0 comp rx=0 tx=0).connect
2024-06-15T00:48:19.835 INFO:teuthology.orchestra.run.smithi105.stdout:/usr/bin/ceph: stderr
2024-06-15T00:48:19.066+0000 7fb986eb4640 1 -- --> [v2:172.21.15.105:3300/0,v1:172.21.15.105:6789/0] -- mon_getmap magic: 0 v1 -- 0x7fb980104c00 con 0x7fb980075c40
2024-06-15T00:48:19.835 INFO:teuthology.orchestra.run.smithi105.stdout:/usr/bin/ceph: stderr
2024-06-15T00:48:19.066+0000 7fb984c50640 1 --2- >> [v2:172.21.15.105:3300/0,v1:172.21.15.105:6789/0] conn(0x7fb980075c40 0x7fb9801046c0 unknown :-1 s=BANNER_CONNECTING pgs=0 cs=0 l=0 rev1=0 crypto rx=0 tx=0 comp rx=0 tx=0)._handle_peer_banner_payload supported=3 required=0
2024-06-15T00:48:19.835 INFO:teuthology.orchestra.run.smithi105.stdout:/usr/bin/ceph: stderr
2024-06-15T00:48:19.066+0000 7fb984c50640 1 --2- >> [v2:172.21.15.105:3300/0,v1:172.21.15.105:6789/0] conn(0x7fb980075c40 0x7fb9801046c0 unknown :-1 s=HELLO_CONNECTING pgs=0 cs=0 l=0 rev1=1 crypto rx=0 tx=0 comp rx=0 tx=0).handle_hello peer v2:172.21.15.105:3300/0 says I am v2:172.21.15.105:43478/0 (socket says 172.21.15.105:43478)
2024-06-15T00:48:19.835 INFO:teuthology.orchestra.run.smithi105.stdout:/usr/bin/ceph: stderr
2024-06-15T00:48:19.066+0000 7fb984c50640 1 -- 172.21.15.105:0/961118042 learned_addr learned my addr 172.21.15.105:0/961118042 (peer_addr_for_me v2:172.21.15.105:0/0)
2024-06-15T00:48:19.835 INFO:teuthology.orchestra.run.smithi105.stdout:/usr/bin/ceph: stderr
2024-06-15T00:48:19.066+0000 7fb984c50640 1 -- 172.21.15.105:0/961118042 --> [v2:172.21.15.105:3300/0,v1:172.21.15.105:6789/0] -- mon_subscribe({config=0+,monmap=0+}) v3 -- 0x7fb980104d40 con 0x7fb980075c40
2024-06-15T00:48:19.835 INFO:teuthology.orchestra.run.smithi105.stdout:/usr/bin/ceph: stderr
2024-06-15T00:48:19.067+0000 7fb984c50640 1 --2- 172.21.15.105:0/961118042 >> [v2:172.21.15.105:3300/0,v1:172.21.15.105:6789/0] conn(0x7fb980075c40 0x7fb9801046c0 secure :-1 s=READY pgs=67 cs=0 l=1 rev1=1 crypto rx=0x7fb974009840 tx=0x7fb9740091d0 comp rx=0 tx=0).ready entity=mon.0 client_cookie=9d97fc65d41994ae server_cookie=0 in_seq=0 out_seq=0
2024-06-15T00:48:19.836 INFO:teuthology.orchestra.run.smithi105.stdout:/usr/bin/ceph: stderr
2024-06-15T00:48:19.067+0000 7fb97f7fe640 1 -- 172.21.15.105:0/961118042 <== mon.0 v2:172.21.15.105:3300/0 1 ==== mon_map magic: 0 v1 ==== 229+0+0 (secure 0 0 0) 0x7fb974032440 con 0x7fb980075c40
2024-06-15T00:48:19.836 INFO:teuthology.orchestra.run.smithi105.stdout:/usr/bin/ceph: stderr
2024-06-15T00:48:19.067+0000 7fb97f7fe640 1 -- 172.21.15.105:0/961118042 <== mon.0 v2:172.21.15.105:3300/0 2 ==== config(26 keys) v1 ==== 1074+0+0 (secure 0 0 0) 0x7fb974032a50 con 0x7fb980075c40
2024-06-15T00:48:19.836 INFO:teuthology.orchestra.run.smithi105.stdout:/usr/bin/ceph: stderr
2024-06-15T00:48:19.067+0000 7fb97f7fe640 1 -- 172.21.15.105:0/961118042 <== mon.0 v2:172.21.15.105:3300/0 3 ==== mon_map magic: 0 v1 ==== 229+0+0 (secure 0 0 0) 0x7fb974031aa0 con 0x7fb980075c40
2024-06-15T00:48:19.836 INFO:teuthology.orchestra.run.smithi105.stdout:/usr/bin/ceph: stderr
2024-06-15T00:48:19.068+0000 7fb986eb4640 1 -- 172.21.15.105:0/961118042 >> [v2:172.21.15.105:3300/0,v1:172.21.15.105:6789/0] conn(0x7fb980075c40 msgr2=0x7fb9801046c0 secure :-1 s=STATE_CONNECTION_ESTABLISHED l=1).mark_down
2024-06-15T00:48:19.836 INFO:teuthology.orchestra.run.smithi105.stdout:/usr/bin/ceph: stderr
2024-06-15T00:48:19.068+0000 7fb986eb4640 1 --2- 172.21.15.105:0/961118042 >> [v2:172.21.15.105:3300/0,v1:172.21.15.105:6789/0] conn(0x7fb980075c40 0x7fb9801046c0 secure :-1 s=READY pgs=67 cs=0 l=1 rev1=1 crypto rx=0x7fb974009840 tx=0x7fb9740091d0 comp rx=0 tx=0).stop
2024-06-15T00:48:19.836 INFO:teuthology.orchestra.run.smithi105.stdout:/usr/bin/ceph: stderr
2024-06-15T00:48:19.068+0000 7fb986eb4640 1 -- 172.21.15.105:0/961118042 shutdown_connections
2024-06-15T00:48:19.836 INFO:teuthology.orchestra.run.smithi105.stdout:/usr/bin/ceph: stderr
2024-06-15T00:48:19.068+0000 7fb986eb4640 1 --2- 172.21.15.105:0/961118042 >> [v2:172.21.15.105:3300/0,v1:172.21.15.105:6789/0] conn(0x7fb980075c40 0x7fb9801046c0 unknown :-1 s=CLOSED pgs=67 cs=0 l=1 rev1=1 crypto rx=0 tx=0 comp rx=0 tx=0).stop
2024-06-15T00:48:19.836 INFO:teuthology.orchestra.run.smithi105.stdout:/usr/bin/ceph: stderr
2024-06-15T00:48:19.068+0000 7fb986eb4640 1 -- 172.21.15.105:0/961118042 >> 172.21.15.105:0/961118042 conn(0x7fb9800fc150 msgr2=0x7fb9800fe580 unknown :-1 s=STATE_NONE l=0).mark_down
2024-06-15T00:48:19.836 INFO:teuthology.orchestra.run.smithi105.stdout:/usr/bin/ceph: stderr
2024-06-15T00:48:19.068+0000 7fb986eb4640 1 -- 172.21.15.105:0/961118042 shutdown_connections
2024-06-15T00:48:19.836 INFO:teuthology.orchestra.run.smithi105.stdout:/usr/bin/ceph: stderr
2024-06-15T00:48:19.068+0000 7fb986eb4640 1 -- 172.21.15.105:0/961118042 wait complete.
2024-06-15T00:48:19.836 INFO:teuthology.orchestra.run.smithi105.stdout:/usr/bin/ceph: stderr
2024-06-15T00:48:19.069+0000 7fb986eb4640 1 Processor -- start
2024-06-15T00:48:19.836 INFO:teuthology.orchestra.run.smithi105.stdout:/usr/bin/ceph: stderr
2024-06-15T00:48:19.069+0000 7fb986eb4640 1 -- start start
2024-06-15T00:48:19.836 INFO:teuthology.orchestra.run.smithi105.stdout:/usr/bin/ceph: stderr
2024-06-15T00:48:19.069+0000 7fb986eb4640 1 --2- >> [v2:172.21.15.105:3300/0,v1:172.21.15.105:6789/0] conn(0x7fb980075c40 0x7fb980110890 unknown :-1 s=NONE pgs=0 cs=0 l=1 rev1=0 crypto rx=0 tx=0 comp rx=0 tx=0).connect
2024-06-15T00:48:19.837 INFO:teuthology.orchestra.run.smithi105.stdout:/usr/bin/ceph: stderr
2024-06-15T00:48:19.069+0000 7fb986eb4640 1 -- --> [v2:172.21.15.105:3300/0,v1:172.21.15.105:6789/0] -- mon_getmap magic: 0 v1 -- 0x7fb980110dd0 con 0x7fb980075c40
2024-06-15T00:48:19.837 INFO:teuthology.orchestra.run.smithi105.stdout:/usr/bin/ceph: stderr
2024-06-15T00:48:19.069+0000 7fb984c50640 1 --2- >> [v2:172.21.15.105:3300/0,v1:172.21.15.105:6789/0] conn(0x7fb980075c40 0x7fb980110890 unknown :-1 s=BANNER_CONNECTING pgs=0 cs=0 l=1 rev1=0 crypto rx=0 tx=0 comp rx=0 tx=0)._handle_peer_banner_payload supported=3 required=0
2024-06-15T00:48:19.837 INFO:teuthology.orchestra.run.smithi105.stdout:/usr/bin/ceph: stderr
2024-06-15T00:48:19.069+0000 7fb984c50640 1 --2- >> [v2:172.21.15.105:3300/0,v1:172.21.15.105:6789/0] conn(0x7fb980075c40 0x7fb980110890 unknown :-1 s=HELLO_CONNECTING pgs=0 cs=0 l=1 rev1=1 crypto rx=0 tx=0 comp rx=0 tx=0).handle_hello peer v2:172.21.15.105:3300/0 says I am v2:172.21.15.105:43486/0 (socket says 172.21.15.105:43486)
2024-06-15T00:48:19.837 INFO:teuthology.orchestra.run.smithi105.stdout:/usr/bin/ceph: stderr
2024-06-15T00:48:19.069+0000 7fb984c50640 1 -- 172.21.15.105:0/2583194373 learned_addr learned my addr 172.21.15.105:0/2583194373 (peer_addr_for_me v2:172.21.15.105:0/0)
2024-06-15T00:48:19.837 INFO:teuthology.orchestra.run.smithi105.stdout:/usr/bin/ceph: stderr
2024-06-15T00:48:19.069+0000 7fb984c50640 1 -- 172.21.15.105:0/2583194373 --> [v2:172.21.15.105:3300/0,v1:172.21.15.105:6789/0] -- mon_subscribe({config=0+,monmap=0+}) v3 -- 0x7fb974009450 con 0x7fb980075c40
2024-06-15T00:48:19.837 INFO:teuthology.orchestra.run.smithi105.stdout:/usr/bin/ceph: stderr
2024-06-15T00:48:19.070+0000 7fb984c50640 1 --2- 172.21.15.105:0/2583194373 >> [v2:172.21.15.105:3300/0,v1:172.21.15.105:6789/0] conn(0x7fb980075c40 0x7fb980110890 secure :-1 s=READY pgs=68 cs=0 l=1 rev1=1 crypto rx=0x7fb974031780 tx=0x7fb97402c040 comp rx=0 tx=0).ready entity=mon.0 client_cookie=0 server_cookie=0 in_seq=0 out_seq=0
2024-06-15T00:48:19.837 INFO:teuthology.orchestra.run.smithi105.stdout:/usr/bin/ceph: stderr
2024-06-15T00:48:19.072+0000 7fb97d7fa640 1 -- 172.21.15.105:0/2583194373 <== mon.0 v2:172.21.15.105:3300/0 1 ==== mon_map magic: 0 v1 ==== 229+0+0 (secure 0 0 0) 0x7fb97403b440 con 0x7fb980075c40
2024-06-15T00:48:19.837 INFO:teuthology.orchestra.run.smithi105.stdout:/usr/bin/ceph: stderr
2024-06-15T00:48:19.072+0000 7fb97d7fa640 1 -- 172.21.15.105:0/2583194373 <== mon.0 v2:172.21.15.105:3300/0 2 ==== config(26 keys) v1 ==== 1074+0+0 (secure 0 0 0) 0x7fb97403ba50 con 0x7fb980075c40
2024-06-15T00:48:19.837 INFO:teuthology.orchestra.run.smithi105.stdout:/usr/bin/ceph: stderr
2024-06-15T00:48:19.072+0000 7fb986eb4640 1 -- 172.21.15.105:0/2583194373 --> [v2:172.21.15.105:3300/0,v1:172.21.15.105:6789/0] -- mon_subscribe({mgrmap=0+}) v3 -- 0x7fb980110fd0 con 0x7fb980075c40
2024-06-15T00:48:19.837 INFO:teuthology.orchestra.run.smithi105.stdout:/usr/bin/ceph: stderr
2024-06-15T00:48:19.072+0000 7fb97d7fa640 1 -- 172.21.15.105:0/2583194373 <== mon.0 v2:172.21.15.105:3300/0 3 ==== mon_map magic: 0 v1 ==== 229+0+0 (secure 0 0 0) 0x7fb97403aa70 con 0x7fb980075c40
2024-06-15T00:48:19.837 INFO:teuthology.orchestra.run.smithi105.stdout:/usr/bin/ceph: stderr
2024-06-15T00:48:19.072+0000 7fb986eb4640 1 -- 172.21.15.105:0/2583194373 --> [v2:172.21.15.105:3300/0,v1:172.21.15.105:6789/0] -- mon_subscribe({osdmap=0}) v3 -- 0x7fb980111440 con 0x7fb980075c40
2024-06-15T00:48:19.837 INFO:teuthology.orchestra.run.smithi105.stdout:/usr/bin/ceph: stderr
2024-06-15T00:48:19.073+0000 7fb97d7fa640 1 -- 172.21.15.105:0/2583194373 <== mon.0 v2:172.21.15.105:3300/0 4 ==== mgrmap(e 9) v1 ==== 41959+0+0 (secure 0 0 0) 0x7fb974039070 con 0x7fb980075c40
2024-06-15T00:48:19.837 INFO:teuthology.orchestra.run.smithi105.stdout:/usr/bin/ceph: stderr
2024-06-15T00:48:19.073+0000 7fb986eb4640 1 -- 172.21.15.105:0/2583194373 --> [v2:172.21.15.105:3300/0,v1:172.21.15.105:6789/0] -- mon_command({"prefix": "get_command_descriptions"} v 0) v1 -- 0x7fb98004b480 con 0x7fb980075c40
2024-06-15T00:48:19.837 INFO:teuthology.orchestra.run.smithi105.stdout:/usr/bin/ceph: stderr
2024-06-15T00:48:19.074+0000 7fb97d7fa640 1 --2- 172.21.15.105:0/2583194373 >> [v2:172.21.15.105:6800/2469050433,v1:172.21.15.105:6801/2469050433] conn(0x7fb9700348b0 0x7fb970036d60 unknown :-1 s=NONE pgs=0 cs=0 l=1 rev1=0 crypto rx=0 tx=0 comp rx=0 tx=0).connect
2024-06-15T00:48:19.838 INFO:teuthology.orchestra.run.smithi105.stdout:/usr/bin/ceph: stderr
2024-06-15T00:48:19.074+0000 7fb97d7fa640 1 -- 172.21.15.105:0/2583194373 <== mon.0 v2:172.21.15.105:3300/0 5 ==== osd_map(2..2 src has 1..2) v4 ==== 936+0+0 (secure 0 0 0) 0x7fb97403b7c0 con 0x7fb980075c40
2024-06-15T00:48:19.838 INFO:teuthology.orchestra.run.smithi105.stdout:/usr/bin/ceph: stderr
2024-06-15T00:48:19.074+0000 7fb97ffff640 1 -- 172.21.15.105:0/2583194373 >> [v2:172.21.15.105:6800/2469050433,v1:172.21.15.105:6801/2469050433] conn(0x7fb9700348b0 msgr2=0x7fb970036d60 unknown :-1 s=STATE_CONNECTING_RE l=1).process reconnect failed to v2:172.21.15.105:6800/2469050433
2024-06-15T00:48:19.838 INFO:teuthology.orchestra.run.smithi105.stdout:/usr/bin/ceph: stderr
2024-06-15T00:48:19.074+0000 7fb97ffff640 1 --2- 172.21.15.105:0/2583194373 >> [v2:172.21.15.105:6800/2469050433,v1:172.21.15.105:6801/2469050433] conn(0x7fb9700348b0 0x7fb970036d60 unknown :-1 s=START_CONNECT pgs=0 cs=0 l=1 rev1=0 crypto rx=0 tx=0 comp rx=0 tx=0)._fault waiting 0.200000
2024-06-15T00:48:19.838 INFO:teuthology.orchestra.run.smithi105.stdout:/usr/bin/ceph: stderr
2024-06-15T00:48:19.078+0000 7fb97d7fa640 1 -- 172.21.15.105:0/2583194373 <== mon.0 v2:172.21.15.105:3300/0 6 ==== mon_command_ack([{"prefix": "get_command_descriptions"}]=0 v0) v1 ==== 72+0+175578 (secure 0 0 0) 0x7fb9740308c0 con 0x7fb980075c40
2024-06-15T00:48:19.838 INFO:teuthology.orchestra.run.smithi105.stdout:/usr/bin/ceph: stderr
2024-06-15T00:48:19.275+0000 7fb97ffff640 1 -- 172.21.15.105:0/2583194373 >> [v2:172.21.15.105:6800/2469050433,v1:172.21.15.105:6801/2469050433] conn(0x7fb9700348b0 msgr2=0x7fb970036d60 unknown :-1 s=STATE_CONNECTING_RE l=1).process reconnect failed to v2:172.21.15.105:6800/2469050433
2024-06-15T00:48:19.838 INFO:teuthology.orchestra.run.smithi105.stdout:/usr/bin/ceph: stderr
2024-06-15T00:48:19.275+0000 7fb97ffff640 1 --2- 172.21.15.105:0/2583194373 >> [v2:172.21.15.105:6800/2469050433,v1:172.21.15.105:6801/2469050433] conn(0x7fb9700348b0 0x7fb970036d60 unknown :-1 s=START_CONNECT pgs=0 cs=0 l=1 rev1=0 crypto rx=0 tx=0 comp rx=0 tx=0)._fault waiting 0.400000
2024-06-15T00:48:19.838 INFO:teuthology.orchestra.run.smithi105.stdout:/usr/bin/ceph: stderr
2024-06-15T00:48:19.300+0000 7fb986eb4640 1 -- 172.21.15.105:0/2583194373 --> [v2:172.21.15.105:3300/0,v1:172.21.15.105:6789/0] -- mon_command({"prefix": "mgr stat"} v 0) v1 -- 0x7fb980105ad0 con 0x7fb980075c40
2024-06-15T00:48:19.838 INFO:teuthology.orchestra.run.smithi105.stdout:/usr/bin/ceph: stderr
2024-06-15T00:48:19.301+0000 7fb97d7fa640 1 -- 172.21.15.105:0/2583194373 <== mon.0 v2:172.21.15.105:3300/0 7 ==== mon_command_ack([{"prefix": "mgr stat"}]=0 v9) v1 ==== 56+0+103 (secure 0 0 0) 0x7fb974037030 con 0x7fb980075c40
2024-06-15T00:48:19.838 INFO:teuthology.orchestra.run.smithi105.stdout:/usr/bin/ceph: stderr
2024-06-15T00:48:19.303+0000 7fb986eb4640 1 -- 172.21.15.105:0/2583194373 >> [v2:172.21.15.105:6800/2469050433,v1:172.21.15.105:6801/2469050433] conn(0x7fb9700348b0 msgr2=0x7fb970036d60 unknown :-1 s=STATE_CONNECTING l=1).mark_down
2024-06-15T00:48:19.838 INFO:teuthology.orchestra.run.smithi105.stdout:/usr/bin/ceph: stderr
2024-06-15T00:48:19.303+0000 7fb986eb4640 1 --2- 172.21.15.105:0/2583194373 >> [v2:172.21.15.105:6800/2469050433,v1:172.21.15.105:6801/2469050433] conn(0x7fb9700348b0 0x7fb970036d60 unknown :-1 s=START_CONNECT pgs=0 cs=0 l=1 rev1=0 crypto rx=0 tx=0 comp rx=0 tx=0).stop
2024-06-15T00:48:19.838 INFO:teuthology.orchestra.run.smithi105.stdout:/usr/bin/ceph: stderr
2024-06-15T00:48:19.303+0000 7fb986eb4640 1 -- 172.21.15.105:0/2583194373 >> [v2:172.21.15.105:3300/0,v1:172.21.15.105:6789/0] conn(0x7fb980075c40 msgr2=0x7fb980110890 secure :-1 s=STATE_CONNECTION_ESTABLISHED l=1).mark_down
2024-06-15T00:48:19.838 INFO:teuthology.orchestra.run.smithi105.stdout:/usr/bin/ceph: stderr
2024-06-15T00:48:19.303+0000 7fb986eb4640 1 --2- 172.21.15.105:0/2583194373 >> [v2:172.21.15.105:3300/0,v1:172.21.15.105:6789/0] conn(0x7fb980075c40 0x7fb980110890 secure :-1 s=READY pgs=68 cs=0 l=1 rev1=1 crypto rx=0x7fb974031780 tx=0x7fb97402c040 comp rx=0 tx=0).stop
2024-06-15T00:48:19.839 INFO:teuthology.orchestra.run.smithi105.stdout:/usr/bin/ceph: stderr
2024-06-15T00:48:19.303+0000 7fb986eb4640 1 -- 172.21.15.105:0/2583194373 shutdown_connections
2024-06-15T00:48:19.839 INFO:teuthology.orchestra.run.smithi105.stdout:/usr/bin/ceph: stderr
2024-06-15T00:48:19.303+0000 7fb986eb4640 1 --2- 172.21.15.105:0/2583194373 >> [v2:172.21.15.105:6800/2469050433,v1:172.21.15.105:6801/2469050433] conn(0x7fb9700348b0 0x7fb970036d60 unknown :-1 s=CLOSED pgs=0 cs=0 l=1 rev1=0 crypto rx=0 tx=0 comp rx=0 tx=0).stop
2024-06-15T00:48:19.839 INFO:teuthology.orchestra.run.smithi105.stdout:/usr/bin/ceph: stderr
2024-06-15T00:48:19.303+0000 7fb986eb4640 1 --2- 172.21.15.105:0/2583194373 >> [v2:172.21.15.105:3300/0,v1:172.21.15.105:6789/0] conn(0x7fb980075c40 0x7fb980110890 unknown :-1 s=CLOSED pgs=68 cs=0 l=1 rev1=1 crypto rx=0 tx=0 comp rx=0 tx=0).stop
2024-06-15T00:48:19.839 INFO:teuthology.orchestra.run.smithi105.stdout:/usr/bin/ceph: stderr
2024-06-15T00:48:19.303+0000 7fb986eb4640 1 -- 172.21.15.105:0/2583194373 >> 172.21.15.105:0/2583194373 conn(0x7fb9800fc150 msgr2=0x7fb9800fcd20 unknown :-1 s=STATE_NONE l=0).mark_down
2024-06-15T00:48:19.839 INFO:teuthology.orchestra.run.smithi105.stdout:/usr/bin/ceph: stderr
2024-06-15T00:48:19.303+0000 7fb986eb4640 1 -- 172.21.15.105:0/2583194373 shutdown_connections
2024-06-15T00:48:19.839 INFO:teuthology.orchestra.run.smithi105.stdout:/usr/bin/ceph: stderr
2024-06-15T00:48:19.303+0000 7fb986eb4640 1 -- 172.21.15.105:0/2583194373 wait complete.
2024-06-15T00:48:19.839 INFO:teuthology.orchestra.run.smithi105.stdout:Waiting for the mgr to restart...
2024-06-15T00:48:19.839 INFO:teuthology.orchestra.run.smithi105.stdout:Waiting for mgr epoch 9...
2024-06-15T00:48:20.086 INFO:journalctl@ceph.mon.smithi105.smithi105.stdout:Jun 15 00:48:20 smithi105 ceph-mon[28877]: from='client.? 172.21.15.105:0/2583194373' entity='client.admin' cmd=[{"prefix": "mgr stat"}]: dispatch
2024-06-15T00:48:22.767 INFO:journalctl@ceph.mon.smithi105.smithi105.stdout:Jun 15 00:48:22 smithi105 ceph-mon[28877]: Active manager daemon smithi105.oorfym restarted
2024-06-15T00:48:22.767 INFO:journalctl@ceph.mon.smithi105.smithi105.stdout:Jun 15 00:48:22 smithi105 ceph-mon[28877]: Activating manager daemon smithi105.oorfym
2024-06-15T00:48:22.767 INFO:journalctl@ceph.mon.smithi105.smithi105.stdout:Jun 15 00:48:22 smithi105 ceph-mon[28877]: osdmap e3: 0 total, 0 up, 0 in
2024-06-15T00:48:22.767 INFO:journalctl@ceph.mon.smithi105.smithi105.stdout:Jun 15 00:48:22 smithi105 ceph-mon[28877]: mgrmap e10: smithi105.oorfym(active, starting, since 0.00323936s)
2024-06-15T00:48:22.767 INFO:journalctl@ceph.mon.smithi105.smithi105.stdout:Jun 15 00:48:22 smithi105 ceph-mon[28877]: from='mgr.14160 172.21.15.105:0/4073552342' entity='mgr.smithi105.oorfym' cmd=[{"prefix": "mon metadata", "id": "smithi105"}]: dispatch
2024-06-15T00:48:22.767 INFO:journalctl@ceph.mon.smithi105.smithi105.stdout:Jun 15 00:48:22 smithi105 ceph-mon[28877]: from='mgr.14160 172.21.15.105:0/4073552342' entity='mgr.smithi105.oorfym' cmd=[{"prefix": "mgr metadata", "who": "smithi105.oorfym", "id": "smithi105.oorfym"}]: dispatch
2024-06-15T00:48:22.767 INFO:journalctl@ceph.mon.smithi105.smithi105.stdout:Jun 15 00:48:22 smithi105 ceph-mon[28877]: from='mgr.14160 172.21.15.105:0/4073552342' entity='mgr.smithi105.oorfym' cmd=[{"prefix": "mds metadata"}]: dispatch
2024-06-15T00:48:22.767 INFO:journalctl@ceph.mon.smithi105.smithi105.stdout:Jun 15 00:48:22 smithi105 ceph-mon[28877]: from='mgr.14160 172.21.15.105:0/4073552342' entity='mgr.smithi105.oorfym' cmd=[{"prefix": "osd metadata"}]: dispatch
2024-06-15T00:48:22.767 INFO:journalctl@ceph.mon.smithi105.smithi105.stdout:Jun 15 00:48:22 smithi105 ceph-mon[28877]: from='mgr.14160 172.21.15.105:0/4073552342' entity='mgr.smithi105.oorfym' cmd=[{"prefix": "mon metadata"}]: dispatch
2024-06-15T00:48:22.767 INFO:journalctl@ceph.mon.smithi105.smithi105.stdout:Jun 15 00:48:22 smithi105 ceph-mon[28877]: Manager daemon smithi105.oorfym is now available
2024-06-15T00:48:22.768 INFO:journalctl@ceph.mon.smithi105.smithi105.stdout:Jun 15 00:48:22 smithi105 ceph-mon[28877]: from='mgr.14160 172.21.15.105:0/4073552342' entity='mgr.smithi105.oorfym' cmd=[{"prefix": "config dump", "format": "json"}]: dispatch
2024-06-15T00:48:22.768 INFO:journalctl@ceph.mon.smithi105.smithi105.stdout:Jun 15 00:48:22 smithi105 ceph-mon[28877]: from='mgr.14160 172.21.15.105:0/4073552342' entity='mgr.smithi105.oorfym' cmd=[{"prefix": "config dump", "format": "json"}]: dispatch
2024-06-15T00:48:22.768 INFO:journalctl@ceph.mon.smithi105.smithi105.stdout:Jun 15 00:48:22 smithi105 ceph-mon[28877]: from='mgr.14160 172.21.15.105:0/4073552342' entity='mgr.smithi105.oorfym' cmd=[{"prefix":"config rm","who":"mgr","name":"mgr/rbd_support/smithi105.oorfym/mirror_snapshot_schedule"}]: dispatch
2024-06-15T00:48:22.768 INFO:journalctl@ceph.mon.smithi105.smithi105.stdout:Jun 15 00:48:22 smithi105 ceph-mon[28877]: from='mgr.14160 172.21.15.105:0/4073552342' entity='mgr.smithi105.oorfym' cmd=[{"prefix":"config rm","who":"mgr","name":"mgr/rbd_support/smithi105.oorfym/trash_purge_schedule"}]: dispatch
2024-06-15T00:48:24.470 INFO:teuthology.orchestra.run.smithi105.stdout:/usr/bin/ceph: stdout {
