2024-06-15T00:48:00.408+0000 7fbc5effd640 1 --2- 172.21.15.105:0/151513584 >> [v2:172.21.15.105:3300/0,v1:172.21.15.105:6789/0] conn(0x7fbc60075c00 0x7fbc60106b00 secure :-1 s=READY pgs=43 cs=0 l=1 rev1=1 crypto rx=0x7fbc58009e50 tx=0x7fbc58009840 comp rx=0 tx=0).ready entity=mon.0 client_cookie=4a96b1262c36fa17 server_cookie=0 in_seq=0 out_seq=0
2024-06-15T00:48:03.865 INFO:teuthology.orchestra.run.smithi105.stdout:/usr/bin/ceph: stderr
2024-06-15T00:48:00.409+0000 7fbc5dffb640 1 -- 172.21.15.105:0/151513584 <== mon.0 v2:172.21.15.105:3300/0 1 ==== mon_map magic: 0 v1 ==== 229+0+0 (secure 0 0 0) 0x7fbc58031560 con 0x7fbc60075c00
2024-06-15T00:48:03.865 INFO:teuthology.orchestra.run.smithi105.stdout:/usr/bin/ceph: stderr
2024-06-15T00:48:00.409+0000 7fbc5dffb640 1 -- 172.21.15.105:0/151513584 <== mon.0 v2:172.21.15.105:3300/0 2 ==== config(26 keys) v1 ==== 1009+0+0 (secure 0 0 0) 0x7fbc5802d050 con 0x7fbc60075c00
2024-06-15T00:48:03.865 INFO:teuthology.orchestra.run.smithi105.stdout:/usr/bin/ceph: stderr
2024-06-15T00:48:00.409+0000 7fbc5dffb640 1 -- 172.21.15.105:0/151513584 <== mon.0 v2:172.21.15.105:3300/0 3 ==== mon_map magic: 0 v1 ==== 229+0+0 (secure 0 0 0) 0x7fbc580079a0 con 0x7fbc60075c00
2024-06-15T00:48:03.865 INFO:teuthology.orchestra.run.smithi105.stdout:/usr/bin/ceph: stderr
2024-06-15T00:48:00.409+0000 7fbc655b7640 1 -- 172.21.15.105:0/151513584 >> [v2:172.21.15.105:3300/0,v1:172.21.15.105:6789/0] conn(0x7fbc60075c00 msgr2=0x7fbc60106b00 secure :-1 s=STATE_CONNECTION_ESTABLISHED l=1).mark_down
2024-06-15T00:48:03.865 INFO:teuthology.orchestra.run.smithi105.stdout:/usr/bin/ceph: stderr
2024-06-15T00:48:00.409+0000 7fbc655b7640 1 --2- 172.21.15.105:0/151513584 >> [v2:172.21.15.105:3300/0,v1:172.21.15.105:6789/0] conn(0x7fbc60075c00 0x7fbc60106b00 secure :-1 s=READY pgs=43 cs=0 l=1 rev1=1 crypto rx=0x7fbc58009e50 tx=0x7fbc58009840 comp rx=0 tx=0).stop
2024-06-15T00:48:03.865 INFO:teuthology.orchestra.run.smithi105.stdout:/usr/bin/ceph: stderr
2024-06-15T00:48:00.409+0000 7fbc655b7640 1 -- 172.21.15.105:0/151513584 shutdown_connections
2024-06-15T00:48:03.865 INFO:teuthology.orchestra.run.smithi105.stdout:/usr/bin/ceph: stderr
2024-06-15T00:48:00.409+0000 7fbc655b7640 1 --2- 172.21.15.105:0/151513584 >> [v2:172.21.15.105:3300/0,v1:172.21.15.105:6789/0] conn(0x7fbc60075c00 0x7fbc60106b00 unknown :-1 s=CLOSED pgs=43 cs=0 l=1 rev1=1 crypto rx=0 tx=0 comp rx=0 tx=0).stop
2024-06-15T00:48:03.866 INFO:teuthology.orchestra.run.smithi105.stdout:/usr/bin/ceph: stderr
2024-06-15T00:48:00.409+0000 7fbc655b7640 1 -- 172.21.15.105:0/151513584 >> 172.21.15.105:0/151513584 conn(0x7fbc600fc150 msgr2=0x7fbc600fe580 unknown :-1 s=STATE_NONE l=0).mark_down
2024-06-15T00:48:03.866 INFO:teuthology.orchestra.run.smithi105.stdout:/usr/bin/ceph: stderr
2024-06-15T00:48:00.409+0000 7fbc655b7640 1 -- 172.21.15.105:0/151513584 shutdown_connections
2024-06-15T00:48:03.866 INFO:teuthology.orchestra.run.smithi105.stdout:/usr/bin/ceph: stderr
2024-06-15T00:48:00.409+0000 7fbc655b7640 1 -- 172.21.15.105:0/151513584 wait complete.
2024-06-15T00:48:03.866 INFO:teuthology.orchestra.run.smithi105.stdout:/usr/bin/ceph: stderr
2024-06-15T00:48:00.410+0000 7fbc655b7640 1 Processor -- start
2024-06-15T00:48:03.866 INFO:teuthology.orchestra.run.smithi105.stdout:/usr/bin/ceph: stderr
2024-06-15T00:48:00.410+0000 7fbc655b7640 1 -- start start
2024-06-15T00:48:03.866 INFO:teuthology.orchestra.run.smithi105.stdout:/usr/bin/ceph: stderr
2024-06-15T00:48:00.410+0000 7fbc655b7640 1 --2- >> [v2:172.21.15.105:3300/0,v1:172.21.15.105:6789/0] conn(0x7fbc60075c00 0x7fbc60112a90 unknown :-1 s=NONE pgs=0 cs=0 l=1 rev1=0 crypto rx=0 tx=0 comp rx=0 tx=0).connect
2024-06-15T00:48:03.866 INFO:teuthology.orchestra.run.smithi105.stdout:/usr/bin/ceph: stderr
2024-06-15T00:48:00.410+0000 7fbc655b7640 1 -- --> [v2:172.21.15.105:3300/0,v1:172.21.15.105:6789/0] -- mon_getmap magic: 0 v1 -- 0x7fbc60112fd0 con 0x7fbc60075c00
2024-06-15T00:48:03.866 INFO:teuthology.orchestra.run.smithi105.stdout:/usr/bin/ceph: stderr
2024-06-15T00:48:00.410+0000 7fbc5effd640 1 --2- >> [v2:172.21.15.105:3300/0,v1:172.21.15.105:6789/0] conn(0x7fbc60075c00 0x7fbc60112a90 unknown :-1 s=BANNER_CONNECTING pgs=0 cs=0 l=1 rev1=0 crypto rx=0 tx=0 comp rx=0 tx=0)._handle_peer_banner_payload supported=3 required=0
2024-06-15T00:48:03.866 INFO:teuthology.orchestra.run.smithi105.stdout:/usr/bin/ceph: stderr
2024-06-15T00:48:00.410+0000 7fbc5effd640 1 --2- >> [v2:172.21.15.105:3300/0,v1:172.21.15.105:6789/0] conn(0x7fbc60075c00 0x7fbc60112a90 unknown :-1 s=HELLO_CONNECTING pgs=0 cs=0 l=1 rev1=1 crypto rx=0 tx=0 comp rx=0 tx=0).handle_hello peer v2:172.21.15.105:3300/0 says I am v2:172.21.15.105:33148/0 (socket says 172.21.15.105:33148)
2024-06-15T00:48:03.866 INFO:teuthology.orchestra.run.smithi105.stdout:/usr/bin/ceph: stderr
2024-06-15T00:48:00.410+0000 7fbc5effd640 1 -- 172.21.15.105:0/2027296697 learned_addr learned my addr 172.21.15.105:0/2027296697 (peer_addr_for_me v2:172.21.15.105:0/0)
2024-06-15T00:48:03.866 INFO:teuthology.orchestra.run.smithi105.stdout:/usr/bin/ceph: stderr
2024-06-15T00:48:00.411+0000 7fbc5effd640 1 -- 172.21.15.105:0/2027296697 --> [v2:172.21.15.105:3300/0,v1:172.21.15.105:6789/0] -- mon_subscribe({config=0+,monmap=0+}) v3 -- 0x7fbc58009ae0 con 0x7fbc60075c00
2024-06-15T00:48:03.866 INFO:teuthology.orchestra.run.smithi105.stdout:/usr/bin/ceph: stderr
2024-06-15T00:48:00.411+0000 7fbc5effd640 1 --2- 172.21.15.105:0/2027296697 >> [v2:172.21.15.105:3300/0,v1:172.21.15.105:6789/0] conn(0x7fbc60075c00 0x7fbc60112a90 secure :-1 s=READY pgs=44 cs=0 l=1 rev1=1 crypto rx=0x7fbc580076c0 tx=0x7fbc58009840 comp rx=0 tx=0).ready entity=mon.0 client_cookie=0 server_cookie=0 in_seq=0 out_seq=0
2024-06-15T00:48:03.866 INFO:teuthology.orchestra.run.smithi105.stdout:/usr/bin/ceph: stderr
2024-06-15T00:48:00.411+0000 7fbc577fe640 1 -- 172.21.15.105:0/2027296697 <== mon.0 v2:172.21.15.105:3300/0 1 ==== mon_map magic: 0 v1 ==== 229+0+0 (secure 0 0 0) 0x7fbc58031bc0 con 0x7fbc60075c00
2024-06-15T00:48:03.867 INFO:teuthology.orchestra.run.smithi105.stdout:/usr/bin/ceph: stderr
2024-06-15T00:48:00.411+0000 7fbc655b7640 1 -- 172.21.15.105:0/2027296697 --> [v2:172.21.15.105:3300/0,v1:172.21.15.105:6789/0] -- mon_subscribe({mgrmap=0+}) v3 -- 0x7fbc601131d0 con 0x7fbc60075c00
2024-06-15T00:48:03.867 INFO:teuthology.orchestra.run.smithi105.stdout:/usr/bin/ceph: stderr
2024-06-15T00:48:00.411+0000 7fbc577fe640 1 -- 172.21.15.105:0/2027296697 <== mon.0 v2:172.21.15.105:3300/0 2 ==== config(26 keys) v1 ==== 1009+0+0 (secure 0 0 0) 0x7fbc58031d20 con 0x7fbc60075c00
2024-06-15T00:48:03.867 INFO:teuthology.orchestra.run.smithi105.stdout:/usr/bin/ceph: stderr
2024-06-15T00:48:00.411+0000 7fbc577fe640 1 -- 172.21.15.105:0/2027296697 <== mon.0 v2:172.21.15.105:3300/0 3 ==== mon_map magic: 0 v1 ==== 229+0+0 (secure 0 0 0) 0x7fbc580453b0 con 0x7fbc60075c00
2024-06-15T00:48:03.867 INFO:teuthology.orchestra.run.smithi105.stdout:/usr/bin/ceph: stderr
2024-06-15T00:48:00.411+0000 7fbc655b7640 1 -- 172.21.15.105:0/2027296697 --> [v2:172.21.15.105:3300/0,v1:172.21.15.105:6789/0] -- mon_subscribe({osdmap=0}) v3 -- 0x7fbc60113640 con 0x7fbc60075c00
2024-06-15T00:48:03.867 INFO:teuthology.orchestra.run.smithi105.stdout:/usr/bin/ceph: stderr
2024-06-15T00:48:00.412+0000 7fbc577fe640 1 -- 172.21.15.105:0/2027296697 <== mon.0 v2:172.21.15.105:3300/0 4 ==== mgrmap(e 8) v1 ==== 41946+0+0 (secure 0 0 0) 0x7fbc58038050 con 0x7fbc60075c00
2024-06-15T00:48:03.867 INFO:teuthology.orchestra.run.smithi105.stdout:/usr/bin/ceph: stderr
2024-06-15T00:48:00.412+0000 7fbc577fe640 1 --2- 172.21.15.105:0/2027296697 >> [v2:172.21.15.105:6800/2469050433,v1:172.21.15.105:6801/2469050433] conn(0x7fbc4c034810 0x7fbc4c036cc0 unknown :-1 s=NONE pgs=0 cs=0 l=1 rev1=0 crypto rx=0 tx=0 comp rx=0 tx=0).connect
2024-06-15T00:48:03.867 INFO:teuthology.orchestra.run.smithi105.stdout:/usr/bin/ceph: stderr
2024-06-15T00:48:00.412+0000 7fbc577fe640 1 -- 172.21.15.105:0/2027296697 <== mon.0 v2:172.21.15.105:3300/0 5 ==== osd_map(2..2 src has 1..2) v4 ==== 936+0+0 (secure 0 0 0) 0x7fbc58066e10 con 0x7fbc60075c00
2024-06-15T00:48:03.867 INFO:teuthology.orchestra.run.smithi105.stdout:/usr/bin/ceph: stderr
2024-06-15T00:48:00.412+0000 7fbc655b7640 1 -- 172.21.15.105:0/2027296697 --> [v2:172.21.15.105:3300/0,v1:172.21.15.105:6789/0] -- mon_command({"prefix": "get_command_descriptions"} v 0) v1 -- 0x7fbc60113640 con 0x7fbc60075c00
2024-06-15T00:48:03.867 INFO:teuthology.orchestra.run.smithi105.stdout:/usr/bin/ceph: stderr
2024-06-15T00:48:00.412+0000 7fbc5e7fc640 1 --2- 172.21.15.105:0/2027296697 >> [v2:172.21.15.105:6800/2469050433,v1:172.21.15.105:6801/2469050433] conn(0x7fbc4c034810 0x7fbc4c036cc0 unknown :-1 s=BANNER_CONNECTING pgs=0 cs=0 l=1 rev1=0 crypto rx=0 tx=0 comp rx=0 tx=0)._handle_peer_banner_payload supported=3 required=0
2024-06-15T00:48:03.867 INFO:teuthology.orchestra.run.smithi105.stdout:/usr/bin/ceph: stderr
2024-06-15T00:48:00.412+0000 7fbc5e7fc640 1 --2- 172.21.15.105:0/2027296697 >> [v2:172.21.15.105:6800/2469050433,v1:172.21.15.105:6801/2469050433] conn(0x7fbc4c034810 0x7fbc4c036cc0 secure :-1 s=READY pgs=12 cs=0 l=1 rev1=1 crypto rx=0x7fbc48006fd0 tx=0x7fbc48006db0 comp rx=0 tx=0).ready entity=mgr.14118 client_cookie=0 server_cookie=0 in_seq=0 out_seq=0
2024-06-15T00:48:03.867 INFO:teuthology.orchestra.run.smithi105.stdout:/usr/bin/ceph: stderr
2024-06-15T00:48:00.416+0000 7fbc577fe640 1 -- 172.21.15.105:0/2027296697 <== mon.0 v2:172.21.15.105:3300/0 6 ==== mon_command_ack([{"prefix": "get_command_descriptions"}]=0 v0) v1 ==== 72+0+175578 (secure 0 0 0) 0x7fbc60113640 con 0x7fbc60075c00
2024-06-15T00:48:03.867 INFO:teuthology.orchestra.run.smithi105.stdout:/usr/bin/ceph: stderr
2024-06-15T00:48:00.585+0000 7fbc655b7640 1 -- 172.21.15.105:0/2027296697 --> [v2:172.21.15.105:6800/2469050433,v1:172.21.15.105:6801/2469050433] -- mgr_command(tid 0: {"prefix": "orch host add", "hostname": "smithi105", "addr": "172.21.15.105", "target": ["mon-mgr", ""]}) v1 -- 0x7fbc60113640 con 0x7fbc4c034810
2024-06-15T00:48:03.867 INFO:teuthology.orchestra.run.smithi105.stdout:/usr/bin/ceph: stderr
2024-06-15T00:48:03.291+0000 7fbc577fe640 1 -- 172.21.15.105:0/2027296697 <== mgr.14118 v2:172.21.15.105:6800/2469050433 1 ==== mgr_command_reply(tid 0: 0 ) v1 ==== 8+0+49 (secure 0 0 0) 0x7fbc60113640 con 0x7fbc4c034810
2024-06-15T00:48:03.868 INFO:teuthology.orchestra.run.smithi105.stdout:/usr/bin/ceph: stderr
2024-06-15T00:48:03.294+0000 7fbc655b7640 1 -- 172.21.15.105:0/2027296697 >> [v2:172.21.15.105:6800/2469050433,v1:172.21.15.105:6801/2469050433] conn(0x7fbc4c034810 msgr2=0x7fbc4c036cc0 secure :-1 s=STATE_CONNECTION_ESTABLISHED l=1).mark_down
2024-06-15T00:48:03.868 INFO:teuthology.orchestra.run.smithi105.stdout:/usr/bin/ceph: stderr
2024-06-15T00:48:03.294+0000 7fbc655b7640 1 --2- 172.21.15.105:0/2027296697 >> [v2:172.21.15.105:6800/2469050433,v1:172.21.15.105:6801/2469050433] conn(0x7fbc4c034810 0x7fbc4c036cc0 secure :-1 s=READY pgs=12 cs=0 l=1 rev1=1 crypto rx=0x7fbc48006fd0 tx=0x7fbc48006db0 comp rx=0 tx=0).stop
2024-06-15T00:48:03.868 INFO:teuthology.orchestra.run.smithi105.stdout:/usr/bin/ceph: stderr
2024-06-15T00:48:03.294+0000 7fbc655b7640 1 -- 172.21.15.105:0/2027296697 >> [v2:172.21.15.105:3300/0,v1:172.21.15.105:6789/0] conn(0x7fbc60075c00 msgr2=0x7fbc60112a90 secure :-1 s=STATE_CONNECTION_ESTABLISHED l=1).mark_down
2024-06-15T00:48:03.868 INFO:teuthology.orchestra.run.smithi105.stdout:/usr/bin/ceph: stderr
2024-06-15T00:48:03.294+0000 7fbc655b7640 1 --2- 172.21.15.105:0/2027296697 >> [v2:172.21.15.105:3300/0,v1:172.21.15.105:6789/0] conn(0x7fbc60075c00 0x7fbc60112a90 secure :-1 s=READY pgs=44 cs=0 l=1 rev1=1 crypto rx=0x7fbc580076c0 tx=0x7fbc58009840 comp rx=0 tx=0).stop
2024-06-15T00:48:03.868 INFO:teuthology.orchestra.run.smithi105.stdout:/usr/bin/ceph: stderr
2024-06-15T00:48:03.294+0000 7fbc655b7640 1 -- 172.21.15.105:0/2027296697 shutdown_connections
2024-06-15T00:48:03.868 INFO:teuthology.orchestra.run.smithi105.stdout:/usr/bin/ceph: stderr
2024-06-15T00:48:03.294+0000 7fbc655b7640 1 --2- 172.21.15.105:0/2027296697 >> [v2:172.21.15.105:6800/2469050433,v1:172.21.15.105:6801/2469050433] conn(0x7fbc4c034810 0x7fbc4c036cc0 unknown :-1 s=CLOSED pgs=12 cs=0 l=1 rev1=1 crypto rx=0 tx=0 comp rx=0 tx=0).stop
2024-06-15T00:48:03.868 INFO:teuthology.orchestra.run.smithi105.stdout:/usr/bin/ceph: stderr
2024-06-15T00:48:03.294+0000 7fbc655b7640 1 --2- 172.21.15.105:0/2027296697 >> [v2:172.21.15.105:3300/0,v1:172.21.15.105:6789/0] conn(0x7fbc60075c00 0x7fbc60112a90 unknown :-1 s=CLOSED pgs=44 cs=0 l=1 rev1=1 crypto rx=0 tx=0 comp rx=0 tx=0).stop
2024-06-15T00:48:03.868 INFO:teuthology.orchestra.run.smithi105.stdout:/usr/bin/ceph: stderr
2024-06-15T00:48:03.294+0000 7fbc655b7640 1 -- 172.21.15.105:0/2027296697 >> 172.21.15.105:0/2027296697 conn(0x7fbc600fc150 msgr2=0x7fbc600fcdb0 unknown :-1 s=STATE_NONE l=0).mark_down
2024-06-15T00:48:03.868 INFO:teuthology.orchestra.run.smithi105.stdout:/usr/bin/ceph: stderr
2024-06-15T00:48:03.294+0000 7fbc655b7640 1 -- 172.21.15.105:0/2027296697 shutdown_connections
2024-06-15T00:48:03.868 INFO:teuthology.orchestra.run.smithi105.stdout:/usr/bin/ceph: stderr
2024-06-15T00:48:03.294+0000 7fbc655b7640 1 -- 172.21.15.105:0/2027296697 wait complete.
2024-06-15T00:48:03.868 INFO:teuthology.orchestra.run.smithi105.stdout:Deploying mon service with default placement...
2024-06-15T00:48:04.526 INFO:journalctl@ceph.mon.smithi105.smithi105.stdout:Jun 15 00:48:04 smithi105 ceph-mon[28877]: from='mgr.14118 172.21.15.105:0/1713029507' entity='mgr.smithi105.oorfym'
2024-06-15T00:48:04.526 INFO:journalctl@ceph.mon.smithi105.smithi105.stdout:Jun 15 00:48:04 smithi105 ceph-mon[28877]: Added host smithi105
2024-06-15T00:48:04.527 INFO:journalctl@ceph.mon.smithi105.smithi105.stdout:Jun 15 00:48:04 smithi105 ceph-mon[28877]: from='mgr.14118 172.21.15.105:0/1713029507' entity='mgr.smithi105.oorfym' cmd=[{"prefix": "config dump", "format": "json"}]: dispatch
2024-06-15T00:48:05.173 INFO:teuthology.orchestra.run.smithi105.stdout:/usr/bin/ceph: stdout Scheduled mon update...
2024-06-15T00:48:05.174 INFO:teuthology.orchestra.run.smithi105.stdout:/usr/bin/ceph: stderr
2024-06-15T00:48:04.220+0000 7f2e1fef2640 1 Processor -- start
2024-06-15T00:48:05.174 INFO:teuthology.orchestra.run.smithi105.stdout:/usr/bin/ceph: stderr
2024-06-15T00:48:04.220+0000 7f2e1fef2640 1 -- start start
2024-06-15T00:48:05.174 INFO:teuthology.orchestra.run.smithi105.stdout:/usr/bin/ceph: stderr
2024-06-15T00:48:04.221+0000 7f2e1fef2640 1 --2- >> [v2:172.21.15.105:3300/0,v1:172.21.15.105:6789/0] conn(0x7f2e18075be0 0x7f2e18106b20 unknown :-1 s=NONE pgs=0 cs=0 l=0 rev1=0 crypto rx=0 tx=0 comp rx=0 tx=0).connect
2024-06-15T00:48:05.174 INFO:teuthology.orchestra.run.smithi105.stdout:/usr/bin/ceph: stderr
2024-06-15T00:48:04.221+0000 7f2e1fef2640 1 -- --> [v2:172.21.15.105:3300/0,v1:172.21.15.105:6789/0] -- mon_getmap magic: 0 v1 -- 0x7f2e18102510 con 0x7f2e18075be0
2024-06-15T00:48:05.174 INFO:teuthology.orchestra.run.smithi105.stdout:/usr/bin/ceph: stderr
2024-06-15T00:48:04.221+0000 7f2e1dc8e640 1 --2- >> [v2:172.21.15.105:3300/0,v1:172.21.15.105:6789/0] conn(0x7f2e18075be0 0x7f2e18106b20 unknown :-1 s=BANNER_CONNECTING pgs=0 cs=0 l=0 rev1=0 crypto rx=0 tx=0 comp rx=0 tx=0)._handle_peer_banner_payload supported=3 required=0
2024-06-15T00:48:05.174 INFO:teuthology.orchestra.run.smithi105.stdout:/usr/bin/ceph: stderr
2024-06-15T00:48:04.221+0000 7f2e1dc8e640 1 --2- >> [v2:172.21.15.105:3300/0,v1:172.21.15.105:6789/0] conn(0x7f2e18075be0 0x7f2e18106b20 unknown :-1 s=HELLO_CONNECTING pgs=0 cs=0 l=0 rev1=1 crypto rx=0 tx=0 comp rx=0 tx=0).handle_hello peer v2:172.21.15.105:3300/0 says I am v2:172.21.15.105:34530/0 (socket says 172.21.15.105:34530)
2024-06-15T00:48:05.174 INFO:teuthology.orchestra.run.smithi105.stdout:/usr/bin/ceph: stderr
2024-06-15T00:48:04.221+0000 7f2e1dc8e640 1 -- 172.21.15.105:0/3108039327 learned_addr learned my addr 172.21.15.105:0/3108039327 (peer_addr_for_me v2:172.21.15.105:0/0)
2024-06-15T00:48:05.174 INFO:teuthology.orchestra.run.smithi105.stdout:/usr/bin/ceph: stderr
2024-06-15T00:48:04.221+0000 7f2e1dc8e640 1 -- 172.21.15.105:0/3108039327 --> [v2:172.21.15.105:3300/0,v1:172.21.15.105:6789/0] -- mon_subscribe({config=0+,monmap=0+}) v3 -- 0x7f2e18107060 con 0x7f2e18075be0
2024-06-15T00:48:05.174 INFO:teuthology.orchestra.run.smithi105.stdout:/usr/bin/ceph: stderr
2024-06-15T00:48:04.222+0000 7f2e1dc8e640 1 --2- 172.21.15.105:0/3108039327 >> [v2:172.21.15.105:3300/0,v1:172.21.15.105:6789/0] conn(0x7f2e18075be0 0x7f2e18106b20 secure :-1 s=READY pgs=45 cs=0 l=1 rev1=1 crypto rx=0x7f2e08009e50 tx=0x7f2e08009840 comp rx=0 tx=0).ready entity=mon.0 client_cookie=f4ede603897c14e2 server_cookie=0 in_seq=0 out_seq=0
2024-06-15T00:48:05.174 INFO:teuthology.orchestra.run.smithi105.stdout:/usr/bin/ceph: stderr
2024-06-15T00:48:04.222+0000 7f2e1cc8c640 1 -- 172.21.15.105:0/3108039327 <== mon.0 v2:172.21.15.105:3300/0 1 ==== mon_map magic: 0 v1 ==== 229+0+0 (secure 0 0 0) 0x7f2e08031560 con 0x7f2e18075be0
2024-06-15T00:48:05.175 INFO:teuthology.orchestra.run.smithi105.stdout:/usr/bin/ceph: stderr
2024-06-15T00:48:04.222+0000 7f2e1cc8c640 1 -- 172.21.15.105:0/3108039327 <== mon.0 v2:172.21.15.105:3300/0 2 ==== config(26 keys) v1 ==== 1009+0+0 (secure 0 0 0) 0x7f2e0802d050 con 0x7f2e18075be0
2024-06-15T00:48:05.175 INFO:teuthology.orchestra.run.smithi105.stdout:/usr/bin/ceph: stderr
2024-06-15T00:48:04.222+0000 7f2e1cc8c640 1 -- 172.21.15.105:0/3108039327 <== mon.0 v2:172.21.15.105:3300/0 3 ==== mon_map magic: 0 v1 ==== 229+0+0 (secure 0 0 0) 0x7f2e080079a0 con 0x7f2e18075be0
2024-06-15T00:48:05.175 INFO:teuthology.orchestra.run.smithi105.stdout:/usr/bin/ceph: stderr
2024-06-15T00:48:04.223+0000 7f2e1fef2640 1 -- 172.21.15.105:0/3108039327 >> [v2:172.21.15.105:3300/0,v1:172.21.15.105:6789/0] conn(0x7f2e18075be0 msgr2=0x7f2e18106b20 secure :-1 s=STATE_CONNECTION_ESTABLISHED l=1).mark_down
2024-06-15T00:48:05.175 INFO:teuthology.orchestra.run.smithi105.stdout:/usr/bin/ceph: stderr
2024-06-15T00:48:04.223+0000 7f2e1fef2640 1 --2- 172.21.15.105:0/3108039327 >> [v2:172.21.15.105:3300/0,v1:172.21.15.105:6789/0] conn(0x7f2e18075be0 0x7f2e18106b20 secure :-1 s=READY pgs=45 cs=0 l=1 rev1=1 crypto rx=0x7f2e08009e50 tx=0x7f2e08009840 comp rx=0 tx=0).stop
2024-06-15T00:48:05.175 INFO:teuthology.orchestra.run.smithi105.stdout:/usr/bin/ceph: stderr
2024-06-15T00:48:04.223+0000 7f2e1fef2640 1 -- 172.21.15.105:0/3108039327 shutdown_connections
2024-06-15T00:48:05.175 INFO:teuthology.orchestra.run.smithi105.stdout:/usr/bin/ceph: stderr
2024-06-15T00:48:04.223+0000 7f2e1fef2640 1 --2- 172.21.15.105:0/3108039327 >> [v2:172.21.15.105:3300/0,v1:172.21.15.105:6789/0] conn(0x7f2e18075be0 0x7f2e18106b20 unknown :-1 s=CLOSED pgs=45 cs=0 l=1 rev1=1 crypto rx=0 tx=0 comp rx=0 tx=0).stop
2024-06-15T00:48:05.175 INFO:teuthology.orchestra.run.smithi105.stdout:/usr/bin/ceph: stderr
2024-06-15T00:48:04.223+0000 7f2e1fef2640 1 -- 172.21.15.105:0/3108039327 >> 172.21.15.105:0/3108039327 conn(0x7f2e180fc150 msgr2=0x7f2e180fe580 unknown :-1 s=STATE_NONE l=0).mark_down
2024-06-15T00:48:05.175 INFO:teuthology.orchestra.run.smithi105.stdout:/usr/bin/ceph: stderr
2024-06-15T00:48:04.223+0000 7f2e1fef2640 1 -- 172.21.15.105:0/3108039327 shutdown_connections
2024-06-15T00:48:05.175 INFO:teuthology.orchestra.run.smithi105.stdout:/usr/bin/ceph: stderr
2024-06-15T00:48:04.223+0000 7f2e1fef2640 1 -- 172.21.15.105:0/3108039327 wait complete.
2024-06-15T00:48:05.175 INFO:teuthology.orchestra.run.smithi105.stdout:/usr/bin/ceph: stderr
2024-06-15T00:48:04.223+0000 7f2e1fef2640 1 Processor -- start
2024-06-15T00:48:05.175 INFO:teuthology.orchestra.run.smithi105.stdout:/usr/bin/ceph: stderr
2024-06-15T00:48:04.223+0000 7f2e1fef2640 1 -- start start
2024-06-15T00:48:05.175 INFO:teuthology.orchestra.run.smithi105.stdout:/usr/bin/ceph: stderr
2024-06-15T00:48:04.223+0000 7f2e1fef2640 1 --2- >> [v2:172.21.15.105:3300/0,v1:172.21.15.105:6789/0] conn(0x7f2e18075be0 0x7f2e18112ac0 unknown :-1 s=NONE pgs=0 cs=0 l=1 rev1=0 crypto rx=0 tx=0 comp rx=0 tx=0).connect
2024-06-15T00:48:05.175 INFO:teuthology.orchestra.run.smithi105.stdout:/usr/bin/ceph: stderr
2024-06-15T00:48:04.223+0000 7f2e1fef2640 1 -- --> [v2:172.21.15.105:3300/0,v1:172.21.15.105:6789/0] -- mon_getmap magic: 0 v1 -- 0x7f2e18113000 con 0x7f2e18075be0
2024-06-15T00:48:05.176 INFO:teuthology.orchestra.run.smithi105.stdout:/usr/bin/ceph: stderr
2024-06-15T00:48:04.223+0000 7f2e1dc8e640 1 --2- >> [v2:172.21.15.105:3300/0,v1:172.21.15.105:6789/0] conn(0x7f2e18075be0 0x7f2e18112ac0 unknown :-1 s=BANNER_CONNECTING pgs=0 cs=0 l=1 rev1=0 crypto rx=0 tx=0 comp rx=0 tx=0)._handle_peer_banner_payload supported=3 required=0
2024-06-15T00:48:05.176 INFO:teuthology.orchestra.run.smithi105.stdout:/usr/bin/ceph: stderr
2024-06-15T00:48:04.223+0000 7f2e1dc8e640 1 --2- >> [v2:172.21.15.105:3300/0,v1:172.21.15.105:6789/0] conn(0x7f2e18075be0 0x7f2e18112ac0 unknown :-1 s=HELLO_CONNECTING pgs=0 cs=0 l=1 rev1=1 crypto rx=0 tx=0 comp rx=0 tx=0).handle_hello peer v2:172.21.15.105:3300/0 says I am v2:172.21.15.105:34546/0 (socket says 172.21.15.105:34546)
2024-06-15T00:48:05.176 INFO:teuthology.orchestra.run.smithi105.stdout:/usr/bin/ceph: stderr
2024-06-15T00:48:04.223+0000 7f2e1dc8e640 1 -- 172.21.15.105:0/1730556716 learned_addr learned my addr 172.21.15.105:0/1730556716 (peer_addr_for_me v2:172.21.15.105:0/0)
2024-06-15T00:48:05.176 INFO:teuthology.orchestra.run.smithi105.stdout:/usr/bin/ceph: stderr
2024-06-15T00:48:04.224+0000 7f2e1dc8e640 1 -- 172.21.15.105:0/1730556716 --> [v2:172.21.15.105:3300/0,v1:172.21.15.105:6789/0] -- mon_subscribe({config=0+,monmap=0+}) v3 -- 0x7f2e08009ae0 con 0x7f2e18075be0
2024-06-15T00:48:05.176 INFO:teuthology.orchestra.run.smithi105.stdout:/usr/bin/ceph: stderr
2024-06-15T00:48:04.224+0000 7f2e1dc8e640 1 --2- 172.21.15.105:0/1730556716 >> [v2:172.21.15.105:3300/0,v1:172.21.15.105:6789/0] conn(0x7f2e18075be0 0x7f2e18112ac0 secure :-1 s=READY pgs=46 cs=0 l=1 rev1=1 crypto rx=0x7f2e08007030 tx=0x7f2e08009840 comp rx=0 tx=0).ready entity=mon.0 client_cookie=0 server_cookie=0 in_seq=0 out_seq=0
2024-06-15T00:48:05.176 INFO:teuthology.orchestra.run.smithi105.stdout:/usr/bin/ceph: stderr
2024-06-15T00:48:04.224+0000 7f2e167fc640 1 -- 172.21.15.105:0/1730556716 <== mon.0 v2:172.21.15.105:3300/0 1 ==== mon_map magic: 0 v1 ==== 229+0+0 (secure 0 0 0) 0x7f2e08031bc0 con 0x7f2e18075be0
2024-06-15T00:48:05.176 INFO:teuthology.orchestra.run.smithi105.stdout:/usr/bin/ceph: stderr
2024-06-15T00:48:04.224+0000 7f2e1fef2640 1 -- 172.21.15.105:0/1730556716 --> [v2:172.21.15.105:3300/0,v1:172.21.15.105:6789/0] -- mon_subscribe({mgrmap=0+}) v3 -- 0x7f2e18113200 con 0x7f2e18075be0
2024-06-15T00:48:05.176 INFO:teuthology.orchestra.run.smithi105.stdout:/usr/bin/ceph: stderr
2024-06-15T00:48:04.224+0000 7f2e167fc640 1 -- 172.21.15.105:0/1730556716 <== mon.0 v2:172.21.15.105:3300/0 2 ==== config(26 keys) v1 ==== 1009+0+0 (secure 0 0 0) 0x7f2e08031d20 con 0x7f2e18075be0
2024-06-15T00:48:05.176 INFO:teuthology.orchestra.run.smithi105.stdout:/usr/bin/ceph: stderr
2024-06-15T00:48:04.224+0000 7f2e167fc640 1 -- 172.21.15.105:0/1730556716 <== mon.0 v2:172.21.15.105:3300/0 3 ==== mon_map magic: 0 v1 ==== 229+0+0 (secure 0 0 0) 0x7f2e080453b0 con 0x7f2e18075be0
2024-06-15T00:48:05.176 INFO:teuthology.orchestra.run.smithi105.stdout:/usr/bin/ceph: stderr
2024-06-15T00:48:04.224+0000 7f2e1fef2640 1 -- 172.21.15.105:0/1730556716 --> [v2:172.21.15.105:3300/0,v1:172.21.15.105:6789/0] -- mon_subscribe({osdmap=0}) v3 -- 0x7f2e18113670 con 0x7f2e18075be0
2024-06-15T00:48:05.176 INFO:teuthology.orchestra.run.smithi105.stdout:/usr/bin/ceph: stderr
2024-06-15T00:48:04.225+0000 7f2e167fc640 1 -- 172.21.15.105:0/1730556716 <== mon.0 v2:172.21.15.105:3300/0 4 ==== mgrmap(e 8) v1 ==== 41946+0+0 (secure 0 0 0) 0x7f2e08038050 con 0x7f2e18075be0
2024-06-15T00:48:05.176 INFO:teuthology.orchestra.run.smithi105.stdout:/usr/bin/ceph: stderr
2024-06-15T00:48:04.225+0000 7f2e167fc640 1 --2- 172.21.15.105:0/1730556716 >> [v2:172.21.15.105:6800/2469050433,v1:172.21.15.105:6801/2469050433] conn(0x7f2e00034810 0x7f2e00036cc0 unknown :-1 s=NONE pgs=0 cs=0 l=1 rev1=0 crypto rx=0 tx=0 comp rx=0 tx=0).connect
2024-06-15T00:48:05.176 INFO:teuthology.orchestra.run.smithi105.stdout:/usr/bin/ceph: stderr
2024-06-15T00:48:04.225+0000 7f2e1fef2640 1 -- 172.21.15.105:0/1730556716 --> [v2:172.21.15.105:3300/0,v1:172.21.15.105:6789/0] -- mon_command({"prefix": "get_command_descriptions"} v 0) v1 -- 0x7f2e18113670 con 0x7f2e18075be0
2024-06-15T00:48:05.177 INFO:teuthology.orchestra.run.smithi105.stdout:/usr/bin/ceph: stderr
2024-06-15T00:48:04.225+0000 7f2e167fc640 1 -- 172.21.15.105:0/1730556716 <== mon.0 v2:172.21.15.105:3300/0 5 ==== osd_map(2..2 src has 1..2) v4 ==== 936+0+0 (secure 0 0 0) 0x7f2e08066d70 con 0x7f2e18075be0
2024-06-15T00:48:05.177 INFO:teuthology.orchestra.run.smithi105.stdout:/usr/bin/ceph: stderr
2024-06-15T00:48:04.225+0000 7f2e1d48d640 1 --2- 172.21.15.105:0/1730556716 >> [v2:172.21.15.105:6800/2469050433,v1:172.21.15.105:6801/2469050433] conn(0x7f2e00034810 0x7f2e00036cc0 unknown :-1 s=BANNER_CONNECTING pgs=0 cs=0 l=1 rev1=0 crypto rx=0 tx=0 comp rx=0 tx=0)._handle_peer_banner_payload supported=3 required=0
2024-06-15T00:48:05.177 INFO:teuthology.orchestra.run.smithi105.stdout:/usr/bin/ceph: stderr
2024-06-15T00:48:04.226+0000 7f2e1d48d640 1 --2- 172.21.15.105:0/1730556716 >> [v2:172.21.15.105:6800/2469050433,v1:172.21.15.105:6801/2469050433] conn(0x7f2e00034810 0x7f2e00036cc0 secure :-1 s=READY pgs=13 cs=0 l=1 rev1=1 crypto rx=0x7f2e0c006fd0 tx=0x7f2e0c006db0 comp rx=0 tx=0).ready entity=mgr.14118 client_cookie=0 server_cookie=0 in_seq=0 out_seq=0
2024-06-15T00:48:05.177 INFO:teuthology.orchestra.run.smithi105.stdout:/usr/bin/ceph: stderr
2024-06-15T00:48:04.229+0000 7f2e167fc640 1 -- 172.21.15.105:0/1730556716 <== mon.0 v2:172.21.15.105:3300/0 6 ==== mon_command_ack([{"prefix": "get_command_descriptions"}]=0 v0) v1 ==== 72+0+175578 (secure 0 0 0) 0x7f2e18113670 con 0x7f2e18075be0
2024-06-15T00:48:05.177 INFO:teuthology.orchestra.run.smithi105.stdout:/usr/bin/ceph: stderr
2024-06-15T00:48:04.422+0000 7f2e1fef2640 1 -- 172.21.15.105:0/1730556716 --> [v2:172.21.15.105:6800/2469050433,v1:172.21.15.105:6801/2469050433] -- mgr_command(tid 0: {"prefix": "orch apply", "service_type": "mon", "target": ["mon-mgr", ""]}) v1 -- 0x7f2e18113670 con 0x7f2e00034810
2024-06-15T00:48:05.177 INFO:teuthology.orchestra.run.smithi105.stdout:/usr/bin/ceph: stderr
2024-06-15T00:48:04.429+0000 7f2e167fc640 1 -- 172.21.15.105:0/1730556716 <== mgr.14118 v2:172.21.15.105:6800/2469050433 1 ==== mgr_command_reply(tid 0: 0 ) v1 ==== 8+0+24 (secure 0 0 0) 0x7f2e18113670 con 0x7f2e00034810
2024-06-15T00:48:05.177 INFO:teuthology.orchestra.run.smithi105.stdout:/usr/bin/ceph: stderr
2024-06-15T00:48:04.431+0000 7f2e1fef2640 1 -- 172.21.15.105:0/1730556716 >> [v2:172.21.15.105:6800/2469050433,v1:172.21.15.105:6801/2469050433] conn(0x7f2e00034810 msgr2=0x7f2e00036cc0 secure :-1 s=STATE_CONNECTION_ESTABLISHED l=1).mark_down
2024-06-15T00:48:05.177 INFO:teuthology.orchestra.run.smithi105.stdout:/usr/bin/ceph: stderr
2024-06-15T00:48:04.431+0000 7f2e1fef2640 1 --2- 172.21.15.105:0/1730556716 >> [v2:172.21.15.105:6800/2469050433,v1:172.21.15.105:6801/2469050433] conn(0x7f2e00034810 0x7f2e00036cc0 secure :-1 s=READY pgs=13 cs=0 l=1 rev1=1 crypto rx=0x7f2e0c006fd0 tx=0x7f2e0c006db0 comp rx=0 tx=0).stop
2024-06-15T00:48:05.177 INFO:teuthology.orchestra.run.smithi105.stdout:/usr/bin/ceph: stderr
2024-06-15T00:48:04.431+0000 7f2e1fef2640 1 -- 172.21.15.105:0/1730556716 >> [v2:172.21.15.105:3300/0,v1:172.21.15.105:6789/0] conn(0x7f2e18075be0 msgr2=0x7f2e18112ac0 secure :-1 s=STATE_CONNECTION_ESTABLISHED l=1).mark_down
2024-06-15T00:48:05.177 INFO:teuthology.orchestra.run.smithi105.stdout:/usr/bin/ceph: stderr
2024-06-15T00:48:04.431+0000 7f2e1fef2640 1 --2- 172.21.15.105:0/1730556716 >> [v2:172.21.15.105:3300/0,v1:172.21.15.105:6789/0] conn(0x7f2e18075be0 0x7f2e18112ac0 secure :-1 s=READY pgs=46 cs=0 l=1 rev1=1 crypto rx=0x7f2e08007030 tx=0x7f2e08009840 comp rx=0 tx=0).stop
2024-06-15T00:48:05.178 INFO:teuthology.orchestra.run.smithi105.stdout:/usr/bin/ceph: stderr
2024-06-15T00:48:04.431+0000 7f2e1fef2640 1 -- 172.21.15.105:0/1730556716 shutdown_connections
2024-06-15T00:48:05.178 INFO:teuthology.orchestra.run.smithi105.stdout:/usr/bin/ceph: stderr
2024-06-15T00:48:04.431+0000 7f2e1fef2640 1 --2- 172.21.15.105:0/1730556716 >> [v2:172.21.15.105:6800/2469050433,v1:172.21.15.105:6801/2469050433] conn(0x7f2e00034810 0x7f2e00036cc0 unknown :-1 s=CLOSED pgs=13 cs=0 l=1 rev1=1 crypto rx=0 tx=0 comp rx=0 tx=0).stop
2024-06-15T00:48:05.178 INFO:teuthology.orchestra.run.smithi105.stdout:/usr/bin/ceph: stderr
2024-06-15T00:48:04.431+0000 7f2e1fef2640 1 --2- 172.21.15.105:0/1730556716 >> [v2:172.21.15.105:3300/0,v1:172.21.15.105:6789/0] conn(0x7f2e18075be0 0x7f2e18112ac0 unknown :-1 s=CLOSED pgs=46 cs=0 l=1 rev1=1 crypto rx=0 tx=0 comp rx=0 tx=0).stop
2024-06-15T00:48:05.178 INFO:teuthology.orchestra.run.smithi105.stdout:/usr/bin/ceph: stderr
2024-06-15T00:48:04.431+0000 7f2e1fef2640 1 -- 172.21.15.105:0/1730556716 >> 172.21.15.105:0/1730556716 conn(0x7f2e180fc150 msgr2=0x7f2e180fcd90 unknown :-1 s=STATE_NONE l=0).mark_down
2024-06-15T00:48:05.178 INFO:teuthology.orchestra.run.smithi105.stdout:/usr/bin/ceph: stderr
2024-06-15T00:48:04.431+0000 7f2e1fef2640 1 -- 172.21.15.105:0/1730556716 shutdown_connections
2024-06-15T00:48:05.178 INFO:teuthology.orchestra.run.smithi105.stdout:/usr/bin/ceph: stderr
2024-06-15T00:48:04.431+0000 7f2e1fef2640 1 -- 172.21.15.105:0/1730556716 wait complete.
2024-06-15T00:48:05.178 INFO:teuthology.orchestra.run.smithi105.stdout:Deploying mgr service with default placement...
2024-06-15T00:48:05.720 INFO:journalctl@ceph.mon.smithi105.smithi105.stdout:Jun 15 00:48:05 smithi105 ceph-mon[28877]: from='client.14140 -' entity='client.admin' cmd=[{"prefix": "orch apply", "service_type": "mon", "target": ["mon-mgr", ""]}]: dispatch
2024-06-15T00:48:05.720 INFO:journalctl@ceph.mon.smithi105.smithi105.stdout:Jun 15 00:48:05 smithi105 ceph-mon[28877]: Saving service mon spec with placement count:5
2024-06-15T00:48:05.720 INFO:journalctl@ceph.mon.smithi105.smithi105.stdout:Jun 15 00:48:05 smithi105 ceph-mon[28877]: from='mgr.14118 172.21.15.105:0/1713029507' entity='mgr.smithi105.oorfym'
2024-06-15T00:48:06.341 INFO:teuthology.orchestra.run.smithi105.stdout:/usr/bin/ceph: stdout Scheduled mgr update...
2024-06-15T00:48:06.342 INFO:teuthology.orchestra.run.smithi105.stdout:/usr/bin/ceph: stderr
2024-06-15T00:48:05.603+0000 7fa5802cc640 1 Processor -- start
2024-06-15T00:48:06.342 INFO:teuthology.orchestra.run.smithi105.stdout:/usr/bin/ceph: stderr
2024-06-15T00:48:05.603+0000 7fa5802cc640 1 -- start start
2024-06-15T00:48:06.342 INFO:teuthology.orchestra.run.smithi105.stdout:/usr/bin/ceph: stderr
2024-06-15T00:48:05.603+0000 7fa5802cc640 1 --2- >> [v2:172.21.15.105:3300/0,v1:172.21.15.105:6789/0] conn(0x7fa578075c40 0x7fa5781046c0 unknown :-1 s=NONE pgs=0 cs=0 l=0 rev1=0 crypto rx=0 tx=0 comp rx=0 tx=0).connect
2024-06-15T00:48:06.342 INFO:teuthology.orchestra.run.smithi105.stdout:/usr/bin/ceph: stderr
2024-06-15T00:48:05.603+0000 7fa5802cc640 1 -- --> [v2:172.21.15.105:3300/0,v1:172.21.15.105:6789/0] -- mon_getmap magic: 0 v1 -- 0x7fa578104c00 con 0x7fa578075c40
2024-06-15T00:48:06.342 INFO:teuthology.orchestra.run.smithi105.stdout:/usr/bin/ceph: stderr
2024-06-15T00:48:05.604+0000 7fa57e068640 1 --2- >> [v2:172.21.15.105:3300/0,v1:172.21.15.105:6789/0] conn(0x7fa578075c40 0x7fa5781046c0 unknown :-1 s=BANNER_CONNECTING pgs=0 cs=0 l=0 rev1=0 crypto rx=0 tx=0 comp rx=0 tx=0)._handle_peer_banner_payload supported=3 required=0
2024-06-15T00:48:06.342 INFO:teuthology.orchestra.run.smithi105.stdout:/usr/bin/ceph: stderr
2024-06-15T00:48:05.604+0000 7fa57e068640 1 --2- >> [v2:172.21.15.105:3300/0,v1:172.21.15.105:6789/0] conn(0x7fa578075c40 0x7fa5781046c0 unknown :-1 s=HELLO_CONNECTING pgs=0 cs=0 l=0 rev1=1 crypto rx=0 tx=0 comp rx=0 tx=0).handle_hello peer v2:172.21.15.105:3300/0 says I am v2:172.21.15.105:34550/0 (socket says 172.21.15.105:34550)
2024-06-15T00:48:06.342 INFO:teuthology.orchestra.run.smithi105.stdout:/usr/bin/ceph: stderr
2024-06-15T00:48:05.604+0000 7fa57e068640 1 -- 172.21.15.105:0/341307058 learned_addr learned my addr 172.21.15.105:0/341307058 (peer_addr_for_me v2:172.21.15.105:0/0)
2024-06-15T00:48:06.342 INFO:teuthology.orchestra.run.smithi105.stdout:/usr/bin/ceph: stderr
2024-06-15T00:48:05.604+0000 7fa57e068640 1 -- 172.21.15.105:0/341307058 --> [v2:172.21.15.105:3300/0,v1:172.21.15.105:6789/0] -- mon_subscribe({config=0+,monmap=0+}) v3 -- 0x7fa578104d40 con 0x7fa578075c40
2024-06-15T00:48:06.342 INFO:teuthology.orchestra.run.smithi105.stdout:/usr/bin/ceph: stderr
2024-06-15T00:48:05.605+0000 7fa57e068640 1 --2- 172.21.15.105:0/341307058 >> [v2:172.21.15.105:3300/0,v1:172.21.15.105:6789/0] conn(0x7fa578075c40 0x7fa5781046c0 secure :-1 s=READY pgs=47 cs=0 l=1 rev1=1 crypto rx=0x7fa574009840 tx=0x7fa5740091d0 comp rx=0 tx=0).ready entity=mon.0 client_cookie=2d067127cfc4df0c server_cookie=0 in_seq=0 out_seq=0
2024-06-15T00:48:06.342 INFO:teuthology.orchestra.run.smithi105.stdout:/usr/bin/ceph: stderr
2024-06-15T00:48:05.605+0000 7fa57d066640 1 -- 172.21.15.105:0/341307058 <== mon.0 v2:172.21.15.105:3300/0 1 ==== mon_map magic: 0 v1 ==== 229+0+0 (secure 0 0 0) 0x7fa574032440 con 0x7fa578075c40
2024-06-15T00:48:06.342 INFO:teuthology.orchestra.run.smithi105.stdout:/usr/bin/ceph: stderr
2024-06-15T00:48:05.605+0000 7fa57d066640 1 -- 172.21.15.105:0/341307058 <== mon.0 v2:172.21.15.105:3300/0 2 ==== config(26 keys) v1 ==== 1009+0+0 (secure 0 0 0) 0x7fa574032a10 con 0x7fa578075c40
2024-06-15T00:48:06.342 INFO:teuthology.orchestra.run.smithi105.stdout:/usr/bin/ceph: stderr
2024-06-15T00:48:05.605+0000 7fa57d066640 1 -- 172.21.15.105:0/341307058 <== mon.0 v2:172.21.15.105:3300/0 3 ==== mon_map magic: 0 v1 ==== 229+0+0 (secure 0 0 0) 0x7fa574031a00 con 0x7fa578075c40
2024-06-15T00:48:06.342 INFO:teuthology.orchestra.run.smithi105.stdout:/usr/bin/ceph: stderr
2024-06-15T00:48:05.605+0000 7fa5802cc640 1 -- 172.21.15.105:0/341307058 >> [v2:172.21.15.105:3300/0,v1:172.21.15.105:6789/0] conn(0x7fa578075c40 msgr2=0x7fa5781046c0 secure :-1 s=STATE_CONNECTION_ESTABLISHED l=1).mark_down
2024-06-15T00:48:06.343 INFO:teuthology.orchestra.run.smithi105.stdout:/usr/bin/ceph: stderr
2024-06-15T00:48:05.605+0000 7fa5802cc640 1 --2- 172.21.15.105:0/341307058 >> [v2:172.21.15.105:3300/0,v1:172.21.15.105:6789/0] conn(0x7fa578075c40 0x7fa5781046c0 secure :-1 s=READY pgs=47 cs=0 l=1 rev1=1 crypto rx=0x7fa574009840 tx=0x7fa5740091d0 comp rx=0 tx=0).stop
2024-06-15T00:48:06.343 INFO:teuthology.orchestra.run.smithi105.stdout:/usr/bin/ceph: stderr
2024-06-15T00:48:05.605+0000 7fa5802cc640 1 -- 172.21.15.105:0/341307058 shutdown_connections
2024-06-15T00:48:06.343 INFO:teuthology.orchestra.run.smithi105.stdout:/usr/bin/ceph: stderr
2024-06-15T00:48:05.605+0000 7fa5802cc640 1 --2- 172.21.15.105:0/341307058 >> [v2:172.21.15.105:3300/0,v1:172.21.15.105:6789/0] conn(0x7fa578075c40 0x7fa5781046c0 unknown :-1 s=CLOSED pgs=47 cs=0 l=1 rev1=1 crypto rx=0 tx=0 comp rx=0 tx=0).stop
2024-06-15T00:48:06.343 INFO:teuthology.orchestra.run.smithi105.stdout:/usr/bin/ceph: stderr
2024-06-15T00:48:05.605+0000 7fa5802cc640 1 -- 172.21.15.105:0/341307058 >> 172.21.15.105:0/341307058 conn(0x7fa5780fc150 msgr2=0x7fa5780fe580 unknown :-1 s=STATE_NONE l=0).mark_down
2024-06-15T00:48:06.343 INFO:teuthology.orchestra.run.smithi105.stdout:/usr/bin/ceph: stderr
2024-06-15T00:48:05.605+0000 7fa5802cc640 1 -- 172.21.15.105:0/341307058 shutdown_connections
2024-06-15T00:48:06.343 INFO:teuthology.orchestra.run.smithi105.stdout:/usr/bin/ceph: stderr
2024-06-15T00:48:05.605+0000 7fa5802cc640 1 -- 172.21.15.105:0/341307058 wait complete.
2024-06-15T00:48:06.343 INFO:teuthology.orchestra.run.smithi105.stdout:/usr/bin/ceph: stderr
2024-06-15T00:48:05.606+0000 7fa5802cc640 1 Processor -- start
2024-06-15T00:48:06.343 INFO:teuthology.orchestra.run.smithi105.stdout:/usr/bin/ceph: stderr
2024-06-15T00:48:05.606+0000 7fa5802cc640 1 -- start start
2024-06-15T00:48:06.343 INFO:teuthology.orchestra.run.smithi105.stdout:/usr/bin/ceph: stderr
2024-06-15T00:48:05.606+0000 7fa5802cc640 1 --2- >> [v2:172.21.15.105:3300/0,v1:172.21.15.105:6789/0] conn(0x7fa578075c40 0x7fa5781108c0 unknown :-1 s=NONE pgs=0 cs=0 l=1 rev1=0 crypto rx=0 tx=0 comp rx=0 tx=0).connect
2024-06-15T00:48:06.343 INFO:teuthology.orchestra.run.smithi105.stdout:/usr/bin/ceph: stderr
2024-06-15T00:48:05.606+0000 7fa5802cc640 1 -- --> [v2:172.21.15.105:3300/0,v1:172.21.15.105:6789/0] -- mon_getmap magic: 0 v1 -- 0x7fa578110e00 con 0x7fa578075c40
2024-06-15T00:48:06.343 INFO:teuthology.orchestra.run.smithi105.stdout:/usr/bin/ceph: stderr
2024-06-15T00:48:05.606+0000 7fa57e068640 1 --2- >> [v2:172.21.15.105:3300/0,v1:172.21.15.105:6789/0] conn(0x7fa578075c40 0x7fa5781108c0 unknown :-1 s=BANNER_CONNECTING pgs=0 cs=0 l=1 rev1=0 crypto rx=0 tx=0 comp rx=0 tx=0)._handle_peer_banner_payload supported=3 required=0
2024-06-15T00:48:06.343 INFO:teuthology.orchestra.run.smithi105.stdout:/usr/bin/ceph: stderr
2024-06-15T00:48:05.606+0000 7fa57e068640 1 --2- >> [v2:172.21.15.105:3300/0,v1:172.21.15.105:6789/0] conn(0x7fa578075c40 0x7fa5781108c0 unknown :-1 s=HELLO_CONNECTING pgs=0 cs=0 l=1 rev1=1 crypto rx=0 tx=0 comp rx=0 tx=0).handle_hello peer v2:172.21.15.105:3300/0 says I am v2:172.21.15.105:34554/0 (socket says 172.21.15.105:34554)
2024-06-15T00:48:06.343 INFO:teuthology.orchestra.run.smithi105.stdout:/usr/bin/ceph: stderr
2024-06-15T00:48:05.606+0000 7fa57e068640 1 -- 172.21.15.105:0/4233711772 learned_addr learned my addr 172.21.15.105:0/4233711772 (peer_addr_for_me v2:172.21.15.105:0/0)
2024-06-15T00:48:06.344 INFO:teuthology.orchestra.run.smithi105.stdout:/usr/bin/ceph: stderr
2024-06-15T00:48:05.606+0000 7fa57e068640 1 -- 172.21.15.105:0/4233711772 --> [v2:172.21.15.105:3300/0,v1:172.21.15.105:6789/0] -- mon_subscribe({config=0+,monmap=0+}) v3 -- 0x7fa574009450 con 0x7fa578075c40
2024-06-15T00:48:06.344 INFO:teuthology.orchestra.run.smithi105.stdout:/usr/bin/ceph: stderr
2024-06-15T00:48:05.607+0000 7fa57e068640 1 --2- 172.21.15.105:0/4233711772 >> [v2:172.21.15.105:3300/0,v1:172.21.15.105:6789/0] conn(0x7fa578075c40 0x7fa5781108c0 secure :-1 s=READY pgs=48 cs=0 l=1 rev1=1 crypto rx=0x7fa574006f00 tx=0x7fa574008040 comp rx=0 tx=0).ready entity=mon.0 client_cookie=0 server_cookie=0 in_seq=0 out_seq=0
2024-06-15T00:48:06.344 INFO:teuthology.orchestra.run.smithi105.stdout:/usr/bin/ceph: stderr
2024-06-15T00:48:05.607+0000 7fa56affd640 1 -- 172.21.15.105:0/4233711772 <== mon.0 v2:172.21.15.105:3300/0 1 ==== mon_map magic: 0 v1 ==== 229+0+0 (secure 0 0 0) 0x7fa574031e20 con 0x7fa578075c40
2024-06-15T00:48:06.344 INFO:teuthology.orchestra.run.smithi105.stdout:/usr/bin/ceph: stderr
2024-06-15T00:48:05.607+0000 7fa5802cc640 1 -- 172.21.15.105:0/4233711772 --> [v2:172.21.15.105:3300/0,v1:172.21.15.105:6789/0] -- mon_subscribe({mgrmap=0+}) v3 -- 0x7fa578111000 con 0x7fa578075c40
2024-06-15T00:48:06.344 INFO:teuthology.orchestra.run.smithi105.stdout:/usr/bin/ceph: stderr
2024-06-15T00:48:05.607+0000 7fa56affd640 1 -- 172.21.15.105:0/4233711772 <== mon.0 v2:172.21.15.105:3300/0 2 ==== config(26 keys) v1 ==== 1009+0+0 (secure 0 0 0) 0x7fa57403d8c0 con 0x7fa578075c40
2024-06-15T00:48:06.344 INFO:teuthology.orchestra.run.smithi105.stdout:/usr/bin/ceph: stderr
2024-06-15T00:48:05.607+0000 7fa56affd640 1 -- 172.21.15.105:0/4233711772 <== mon.0 v2:172.21.15.105:3300/0 3 ==== mon_map magic: 0 v1 ==== 229+0+0 (secure 0 0 0) 0x7fa57403b840 con 0x7fa578075c40
2024-06-15T00:48:06.344 INFO:teuthology.orchestra.run.smithi105.stdout:/usr/bin/ceph: stderr
2024-06-15T00:48:05.607+0000 7fa5802cc640 1 -- 172.21.15.105:0/4233711772 --> [v2:172.21.15.105:3300/0,v1:172.21.15.105:6789/0] -- mon_subscribe({osdmap=0}) v3 -- 0x7fa578111470 con 0x7fa578075c40
2024-06-15T00:48:06.344 INFO:teuthology.orchestra.run.smithi105.stdout:/usr/bin/ceph: stderr
2024-06-15T00:48:05.608+0000 7fa56affd640 1 -- 172.21.15.105:0/4233711772 <== mon.0 v2:172.21.15.105:3300/0 4 ==== mgrmap(e 8) v1 ==== 41946+0+0 (secure 0 0 0) 0x7fa574039070 con 0x7fa578075c40
2024-06-15T00:48:06.344 INFO:teuthology.orchestra.run.smithi105.stdout:/usr/bin/ceph: stderr
2024-06-15T00:48:05.608+0000 7fa56affd640 1 --2- 172.21.15.105:0/4233711772 >> [v2:172.21.15.105:6800/2469050433,v1:172.21.15.105:6801/2469050433] conn(0x7fa564034810 0x7fa564036cc0 unknown :-1 s=NONE pgs=0 cs=0 l=1 rev1=0 crypto rx=0 tx=0 comp rx=0 tx=0).connect
2024-06-15T00:48:06.344 INFO:teuthology.orchestra.run.smithi105.stdout:/usr/bin/ceph: stderr
2024-06-15T00:48:05.608+0000 7fa56affd640 1 -- 172.21.15.105:0/4233711772 <== mon.0 v2:172.21.15.105:3300/0 5 ==== osd_map(2..2 src has 1..2) v4 ==== 936+0+0 (secure 0 0 0) 0x7fa574067670 con 0x7fa578075c40
2024-06-15T00:48:06.344 INFO:teuthology.orchestra.run.smithi105.stdout:/usr/bin/ceph: stderr
2024-06-15T00:48:05.608+0000 7fa57d867640 1 --2- 172.21.15.105:0/4233711772 >> [v2:172.21.15.105:6800/2469050433,v1:172.21.15.105:6801/2469050433] conn(0x7fa564034810 0x7fa564036cc0 unknown :-1 s=BANNER_CONNECTING pgs=0 cs=0 l=1 rev1=0 crypto rx=0 tx=0 comp rx=0 tx=0)._handle_peer_banner_payload supported=3 required=0
2024-06-15T00:48:06.344 INFO:teuthology.orchestra.run.smithi105.stdout:/usr/bin/ceph: stderr
2024-06-15T00:48:05.608+0000 7fa5802cc640 1 -- 172.21.15.105:0/4233711772 --> [v2:172.21.15.105:3300/0,v1:172.21.15.105:6789/0] -- mon_command({"prefix": "get_command_descriptions"} v 0) v1 -- 0x7fa57805ead0 con 0x7fa578075c40
2024-06-15T00:48:06.344 INFO:teuthology.orchestra.run.smithi105.stdout:/usr/bin/ceph: stderr
2024-06-15T00:48:05.608+0000 7fa57d867640 1 --2- 172.21.15.105:0/4233711772 >> [v2:172.21.15.105:6800/2469050433,v1:172.21.15.105:6801/2469050433] conn(0x7fa564034810 0x7fa564036cc0 secure :-1 s=READY pgs=14 cs=0 l=1 rev1=1 crypto rx=0x7fa56c006fd0 tx=0x7fa56c006db0 comp rx=0 tx=0).ready entity=mgr.14118 client_cookie=0 server_cookie=0 in_seq=0 out_seq=0
2024-06-15T00:48:06.344 INFO:teuthology.orchestra.run.smithi105.stdout:/usr/bin/ceph: stderr
2024-06-15T00:48:05.613+0000 7fa56affd640 1 -- 172.21.15.105:0/4233711772 <== mon.0 v2:172.21.15.105:3300/0 6 ==== mon_command_ack([{"prefix": "get_command_descriptions"}]=0 v0) v1 ==== 72+0+175578 (secure 0 0 0) 0x7fa574041070 con 0x7fa578075c40
2024-06-15T00:48:06.345 INFO:teuthology.orchestra.run.smithi105.stdout:/usr/bin/ceph: stderr
2024-06-15T00:48:05.790+0000 7fa5802cc640 1 -- 172.21.15.105:0/4233711772 --> [v2:172.21.15.105:6800/2469050433,v1:172.21.15.105:6801/2469050433] -- mgr_command(tid 0: {"prefix": "orch apply", "service_type": "mgr", "target": ["mon-mgr", ""]}) v1 -- 0x7fa5780fd5b0 con 0x7fa564034810
2024-06-15T00:48:06.345 INFO:teuthology.orchestra.run.smithi105.stdout:/usr/bin/ceph: stderr
2024-06-15T00:48:05.796+0000 7fa56affd640 1 -- 172.21.15.105:0/4233711772 <== mgr.14118 v2:172.21.15.105:6800/2469050433 1 ==== mgr_command_reply(tid 0: 0 ) v1 ==== 8+0+24 (secure 0 0 0) 0x7fa5780fd5b0 con 0x7fa564034810
2024-06-15T00:48:06.345 INFO:teuthology.orchestra.run.smithi105.stdout:/usr/bin/ceph: stderr
2024-06-15T00:48:05.798+0000 7fa5802cc640 1 -- 172.21.15.105:0/4233711772 >> [v2:172.21.15.105:6800/2469050433,v1:172.21.15.105:6801/2469050433] conn(0x7fa564034810 msgr2=0x7fa564036cc0 secure :-1 s=STATE_CONNECTION_ESTABLISHED l=1).mark_down
2024-06-15T00:48:06.345 INFO:teuthology.orchestra.run.smithi105.stdout:/usr/bin/ceph: stderr
2024-06-15T00:48:05.798+0000 7fa5802cc640 1 --2- 172.21.15.105:0/4233711772 >> [v2:172.21.15.105:6800/2469050433,v1:172.21.15.105:6801/2469050433] conn(0x7fa564034810 0x7fa564036cc0 secure :-1 s=READY pgs=14 cs=0 l=1 rev1=1 crypto rx=0x7fa56c006fd0 tx=0x7fa56c006db0 comp rx=0 tx=0).stop
2024-06-15T00:48:06.345 INFO:teuthology.orchestra.run.smithi105.stdout:/usr/bin/ceph: stderr
2024-06-15T00:48:05.798+0000 7fa5802cc640 1 -- 172.21.15.105:0/4233711772 >> [v2:172.21.15.105:3300/0,v1:172.21.15.105:6789/0] conn(0x7fa578075c40 msgr2=0x7fa5781108c0 secure :-1 s=STATE_CONNECTION_ESTABLISHED l=1).mark_down
2024-06-15T00:48:06.345 INFO:teuthology.orchestra.run.smithi105.stdout:/usr/bin/ceph: stderr
2024-06-15T00:48:05.798+0000 7fa5802cc640 1 --2- 172.21.15.105:0/4233711772 >> [v2:172.21.15.105:3300/0,v1:172.21.15.105:6789/0] conn(0x7fa578075c40 0x7fa5781108c0 secure :-1 s=READY pgs=48 cs=0 l=1 rev1=1 crypto rx=0x7fa574006f00 tx=0x7fa574008040 comp rx=0 tx=0).stop
2024-06-15T00:48:06.345 INFO:teuthology.orchestra.run.smithi105.stdout:/usr/bin/ceph: stderr
2024-06-15T00:48:05.798+0000 7fa5802cc640 1 -- 172.21.15.105:0/4233711772 shutdown_connections
2024-06-15T00:48:06.345 INFO:teuthology.orchestra.run.smithi105.stdout:/usr/bin/ceph: stderr
2024-06-15T00:48:05.798+0000 7fa5802cc640 1 --2- 172.21.15.105:0/4233711772 >> [v2:172.21.15.105:6800/2469050433,v1:172.21.15.105:6801/2469050433] conn(0x7fa564034810 0x7fa564036cc0 unknown :-1 s=CLOSED pgs=14 cs=0 l=1 rev1=1 crypto rx=0 tx=0 comp rx=0 tx=0).stop
2024-06-15T00:48:06.345 INFO:teuthology.orchestra.run.smithi105.stdout:/usr/bin/ceph: stderr
2024-06-15T00:48:05.798+0000 7fa5802cc640 1 --2- 172.21.15.105:0/4233711772 >> [v2:172.21.15.105:3300/0,v1:172.21.15.105:6789/0] conn(0x7fa578075c40 0x7fa5781108c0 unknown :-1 s=CLOSED pgs=48 cs=0 l=1 rev1=1 crypto rx=0 tx=0 comp rx=0 tx=0).stop
2024-06-15T00:48:06.345 INFO:teuthology.orchestra.run.smithi105.stdout:/usr/bin/ceph: stderr
2024-06-15T00:48:05.798+0000 7fa5802cc640 1 -- 172.21.15.105:0/4233711772 >> 172.21.15.105:0/4233711772 conn(0x7fa5780fc150 msgr2=0x7fa5780fcde0 unknown :-1 s=STATE_NONE l=0).mark_down
2024-06-15T00:48:06.345 INFO:teuthology.orchestra.run.smithi105.stdout:/usr/bin/ceph: stderr
2024-06-15T00:48:05.798+0000 7fa5802cc640 1 -- 172.21.15.105:0/4233711772 shutdown_connections
2024-06-15T00:48:06.345 INFO:teuthology.orchestra.run.smithi105.stdout:/usr/bin/ceph: stderr
2024-06-15T00:48:05.798+0000 7fa5802cc640 1 -- 172.21.15.105:0/4233711772 wait complete.
2024-06-15T00:48:06.345 INFO:teuthology.orchestra.run.smithi105.stdout:Deploying crash service with default placement...
2024-06-15T00:48:06.953 INFO:journalctl@ceph.mon.smithi105.smithi105.stdout:Jun 15 00:48:06 smithi105 ceph-mon[28877]: from='client.14142 -' entity='client.admin' cmd=[{"prefix": "orch apply", "service_type": "mgr", "target": ["mon-mgr", ""]}]: dispatch
2024-06-15T00:48:06.954 INFO:journalctl@ceph.mon.smithi105.smithi105.stdout:Jun 15 00:48:06 smithi105 ceph-mon[28877]: Saving service mgr spec with placement count:2
2024-06-15T00:48:06.954 INFO:journalctl@ceph.mon.smithi105.smithi105.stdout:Jun 15 00:48:06 smithi105 ceph-mon[28877]: from='mgr.14118 172.21.15.105:0/1713029507' entity='mgr.smithi105.oorfym'
2024-06-15T00:48:06.954 INFO:journalctl@ceph.mon.smithi105.smithi105.stdout:Jun 15 00:48:06 smithi105 ceph-mon[28877]: pgmap v3: 0 pgs: ; 0 B data, 0 B used, 0 B / 0 B avail
2024-06-15T00:48:08.094 INFO:journalctl@ceph.mon.smithi105.smithi105.stdout:Jun 15 00:48:07 smithi105 ceph-mon[28877]: from='client.14144 -' entity='client.admin' cmd=[{"prefix": "orch apply", "service_type": "crash", "target": ["mon-mgr", ""]}]: dispatch
2024-06-15T00:48:08.095 INFO:journalctl@ceph.mon.smithi105.smithi105.stdout:Jun 15 00:48:07 smithi105 ceph-mon[28877]: Saving service crash spec with placement *
2024-06-15T00:48:08.095 INFO:journalctl@ceph.mon.smithi105.smithi105.stdout:Jun 15 00:48:07 smithi105 ceph-mon[28877]: from='mgr.14118 172.21.15.105:0/1713029507' entity='mgr.smithi105.oorfym'
2024-06-15T00:48:08.095 INFO:journalctl@ceph.mon.smithi105.smithi105.stdout:Jun 15 00:48:07 smithi105 ceph-mon[28877]: from='mgr.14118 172.21.15.105:0/1713029507' entity='mgr.smithi105.oorfym'
2024-06-15T00:48:08.102 INFO:teuthology.orchestra.run.smithi105.stdout:/usr/bin/ceph: stdout Scheduled crash update...
2024-06-15T00:48:08.102 INFO:teuthology.orchestra.run.smithi105.stdout:/usr/bin/ceph: stderr
2024-06-15T00:48:06.770+0000 7f163fc87640 1 Processor -- start
2024-06-15T00:48:08.103 INFO:teuthology.orchestra.run.smithi105.stdout:/usr/bin/ceph: stderr
2024-06-15T00:48:06.771+0000 7f163fc87640 1 -- start start
2024-06-15T00:48:08.103 INFO:teuthology.orchestra.run.smithi105.stdout:/usr/bin/ceph: stderr
2024-06-15T00:48:06.771+0000 7f163fc87640 1 --2- >> [v2:172.21.15.105:3300/0,v1:172.21.15.105:6789/0] conn(0x7f1638075d00 0x7f1638104700 unknown :-1 s=NONE pgs=0 cs=0 l=0 rev1=0 crypto rx=0 tx=0 comp rx=0 tx=0).connect
2024-06-15T00:48:08.103 INFO:teuthology.orchestra.run.smithi105.stdout:/usr/bin/ceph: stderr
2024-06-15T00:48:06.771+0000 7f163fc87640 1 -- --> [v2:172.21.15.105:3300/0,v1:172.21.15.105:6789/0] -- mon_getmap magic: 0 v1 -- 0x7f1638104c40 con 0x7f1638075d00
2024-06-15T00:48:08.103 INFO:teuthology.orchestra.run.smithi105.stdout:/usr/bin/ceph: stderr
2024-06-15T00:48:06.771+0000 7f163da23640 1 --2- >> [v2:172.21.15.105:3300/0,v1:172.21.15.105:6789/0] conn(0x7f1638075d00 0x7f1638104700 unknown :-1 s=BANNER_CONNECTING pgs=0 cs=0 l=0 rev1=0 crypto rx=0 tx=0 comp rx=0 tx=0)._handle_peer_banner_payload supported=3 required=0
2024-06-15T00:48:08.103 INFO:teuthology.orchestra.run.smithi105.stdout:/usr/bin/ceph: stderr
2024-06-15T00:48:06.771+0000 7f163da23640 1 --2- >> [v2:172.21.15.105:3300/0,v1:172.21.15.105:6789/0] conn(0x7f1638075d00 0x7f1638104700 unknown :-1 s=HELLO_CONNECTING pgs=0 cs=0 l=0 rev1=1 crypto rx=0 tx=0 comp rx=0 tx=0).handle_hello peer v2:172.21.15.105:3300/0 says I am v2:172.21.15.105:34556/0 (socket says 172.21.15.105:34556)
2024-06-15T00:48:08.103 INFO:teuthology.orchestra.run.smithi105.stdout:/usr/bin/ceph: stderr
2024-06-15T00:48:06.771+0000 7f163da23640 1 -- 172.21.15.105:0/2998363829 learned_addr learned my addr 172.21.15.105:0/2998363829 (peer_addr_for_me v2:172.21.15.105:0/0)
