2024-06-15T00:58:06.261+0000 7fd674b92700 1 -- 172.21.15.137:0/3160282259 --> [v2:172.21.15.137:3300/0,v1:172.21.15.137:6789/0] -- mon_subscribe({config=0+,monmap=0+}) v3 -- 0x7fd664009550 con 0x7fd670106e00
2024-06-15T00:58:07.048 INFO:teuthology.orchestra.run.smithi137.stdout:/usr/bin/ceph: stderr
2024-06-15T00:58:06.262+0000 7fd674b92700 1 --2- 172.21.15.137:0/3160282259 >> [v2:172.21.15.137:3300/0,v1:172.21.15.137:6789/0] conn(0x7fd670106e00 0x7fd67019a010 secure :-1 s=READY pgs=60 cs=0 l=1 rev1=1 crypto rx=0x7fd664006af0 tx=0x7fd664011ab0 comp rx=0 tx=0).ready entity=mon.0 client_cookie=0 server_cookie=0 in_seq=0 out_seq=0
2024-06-15T00:58:07.048 INFO:teuthology.orchestra.run.smithi137.stdout:/usr/bin/ceph: stderr
2024-06-15T00:58:06.262+0000 7fd66dffb700 1 -- 172.21.15.137:0/3160282259 <== mon.0 v2:172.21.15.137:3300/0 1 ==== mon_map magic: 0 v1 ==== 229+0+0 (secure 0 0 0) 0x7fd664003bc0 con 0x7fd670106e00
2024-06-15T00:58:07.048 INFO:teuthology.orchestra.run.smithi137.stdout:/usr/bin/ceph: stderr
2024-06-15T00:58:06.262+0000 7fd66dffb700 1 -- 172.21.15.137:0/3160282259 <== mon.0 v2:172.21.15.137:3300/0 2 ==== config(26 keys) v1 ==== 1066+0+0 (secure 0 0 0) 0x7fd66401a8c0 con 0x7fd670106e00
2024-06-15T00:58:07.048 INFO:teuthology.orchestra.run.smithi137.stdout:/usr/bin/ceph: stderr
2024-06-15T00:58:06.262+0000 7fd676df6700 1 -- 172.21.15.137:0/3160282259 --> [v2:172.21.15.137:3300/0,v1:172.21.15.137:6789/0] -- mon_subscribe({mgrmap=0+}) v3 -- 0x7fd67019a750 con 0x7fd670106e00
2024-06-15T00:58:07.049 INFO:teuthology.orchestra.run.smithi137.stdout:/usr/bin/ceph: stderr
2024-06-15T00:58:06.262+0000 7fd66dffb700 1 -- 172.21.15.137:0/3160282259 <== mon.0 v2:172.21.15.137:3300/0 3 ==== mon_map magic: 0 v1 ==== 229+0+0 (secure 0 0 0) 0x7fd664019860 con 0x7fd670106e00
2024-06-15T00:58:07.049 INFO:teuthology.orchestra.run.smithi137.stdout:/usr/bin/ceph: stderr
2024-06-15T00:58:06.262+0000 7fd676df6700 1 -- 172.21.15.137:0/3160282259 --> [v2:172.21.15.137:3300/0,v1:172.21.15.137:6789/0] -- mon_subscribe({osdmap=0}) v3 -- 0x7fd67019ab70 con 0x7fd670106e00
2024-06-15T00:58:07.049 INFO:teuthology.orchestra.run.smithi137.stdout:/usr/bin/ceph: stderr
2024-06-15T00:58:06.263+0000 7fd66dffb700 1 -- 172.21.15.137:0/3160282259 <== mon.0 v2:172.21.15.137:3300/0 4 ==== mgrmap(e 8) v1 ==== 45283+0+0 (secure 0 0 0) 0x7fd664019b20 con 0x7fd670106e00
2024-06-15T00:58:07.049 INFO:teuthology.orchestra.run.smithi137.stdout:/usr/bin/ceph: stderr
2024-06-15T00:58:06.263+0000 7fd676df6700 1 -- 172.21.15.137:0/3160282259 --> [v2:172.21.15.137:3300/0,v1:172.21.15.137:6789/0] -- mon_command({"prefix": "get_command_descriptions"} v 0) v1 -- 0x7fd6700623c0 con 0x7fd670106e00
2024-06-15T00:58:07.049 INFO:teuthology.orchestra.run.smithi137.stdout:/usr/bin/ceph: stderr
2024-06-15T00:58:06.263+0000 7fd66dffb700 1 --2- 172.21.15.137:0/3160282259 >> [v2:172.21.15.137:6800/4018707027,v1:172.21.15.137:6801/4018707027] conn(0x7fd6600382e0 0x7fd66003a7a0 unknown :-1 s=NONE pgs=0 cs=0 l=1 rev1=0 crypto rx=0 tx=0 comp rx=0 tx=0).connect
2024-06-15T00:58:07.049 INFO:teuthology.orchestra.run.smithi137.stdout:/usr/bin/ceph: stderr
2024-06-15T00:58:06.263+0000 7fd66dffb700 1 -- 172.21.15.137:0/3160282259 <== mon.0 v2:172.21.15.137:3300/0 5 ==== osd_map(2..2 src has 1..2) v4 ==== 940+0+0 (secure 0 0 0) 0x7fd66404c8f0 con 0x7fd670106e00
2024-06-15T00:58:07.049 INFO:teuthology.orchestra.run.smithi137.stdout:/usr/bin/ceph: stderr
2024-06-15T00:58:06.263+0000 7fd66ffff700 1 --2- 172.21.15.137:0/3160282259 >> [v2:172.21.15.137:6800/4018707027,v1:172.21.15.137:6801/4018707027] conn(0x7fd6600382e0 0x7fd66003a7a0 unknown :-1 s=BANNER_CONNECTING pgs=0 cs=0 l=1 rev1=0 crypto rx=0 tx=0 comp rx=0 tx=0)._handle_peer_banner_payload supported=3 required=0
2024-06-15T00:58:07.049 INFO:teuthology.orchestra.run.smithi137.stdout:/usr/bin/ceph: stderr
2024-06-15T00:58:06.264+0000 7fd66ffff700 1 --2- 172.21.15.137:0/3160282259 >> [v2:172.21.15.137:6800/4018707027,v1:172.21.15.137:6801/4018707027] conn(0x7fd6600382e0 0x7fd66003a7a0 secure :-1 s=READY pgs=18 cs=0 l=1 rev1=1 crypto rx=0x7fd65c006fd0 tx=0x7fd65c006e40 comp rx=0 tx=0).ready entity=mgr.14120 client_cookie=0 server_cookie=0 in_seq=0 out_seq=0
2024-06-15T00:58:07.049 INFO:teuthology.orchestra.run.smithi137.stdout:/usr/bin/ceph: stderr
2024-06-15T00:58:06.268+0000 7fd66dffb700 1 -- 172.21.15.137:0/3160282259 <== mon.0 v2:172.21.15.137:3300/0 6 ==== mon_command_ack([{"prefix": "get_command_descriptions"}]=0 v0) v1 ==== 72+0+180422 (secure 0 0 0) 0x7fd66402b750 con 0x7fd670106e00
2024-06-15T00:58:07.049 INFO:teuthology.orchestra.run.smithi137.stdout:/usr/bin/ceph: stderr
2024-06-15T00:58:06.468+0000 7fd676df6700 1 -- 172.21.15.137:0/3160282259 --> [v2:172.21.15.137:6800/4018707027,v1:172.21.15.137:6801/4018707027] -- mgr_command(tid 0: {"prefix": "orch apply", "service_type": "node-exporter", "target": ["mon-mgr", ""]}) v1 -- 0x7fd670102b10 con 0x7fd6600382e0
2024-06-15T00:58:07.050 INFO:teuthology.orchestra.run.smithi137.stdout:/usr/bin/ceph: stderr
2024-06-15T00:58:06.473+0000 7fd66dffb700 1 -- 172.21.15.137:0/3160282259 <== mgr.14120 v2:172.21.15.137:6800/4018707027 1 ==== mgr_command_reply(tid 0: 0 ) v1 ==== 8+0+34 (secure 0 0 0) 0x7fd670102b10 con 0x7fd6600382e0
2024-06-15T00:58:07.050 INFO:teuthology.orchestra.run.smithi137.stdout:/usr/bin/ceph: stderr
2024-06-15T00:58:06.475+0000 7fd676df6700 1 -- 172.21.15.137:0/3160282259 >> [v2:172.21.15.137:6800/4018707027,v1:172.21.15.137:6801/4018707027] conn(0x7fd6600382e0 msgr2=0x7fd66003a7a0 secure :-1 s=STATE_CONNECTION_ESTABLISHED l=1).mark_down
2024-06-15T00:58:07.050 INFO:teuthology.orchestra.run.smithi137.stdout:/usr/bin/ceph: stderr
2024-06-15T00:58:06.475+0000 7fd676df6700 1 --2- 172.21.15.137:0/3160282259 >> [v2:172.21.15.137:6800/4018707027,v1:172.21.15.137:6801/4018707027] conn(0x7fd6600382e0 0x7fd66003a7a0 secure :-1 s=READY pgs=18 cs=0 l=1 rev1=1 crypto rx=0x7fd65c006fd0 tx=0x7fd65c006e40 comp rx=0 tx=0).stop
2024-06-15T00:58:07.050 INFO:teuthology.orchestra.run.smithi137.stdout:/usr/bin/ceph: stderr
2024-06-15T00:58:06.475+0000 7fd676df6700 1 -- 172.21.15.137:0/3160282259 >> [v2:172.21.15.137:3300/0,v1:172.21.15.137:6789/0] conn(0x7fd670106e00 msgr2=0x7fd67019a010 secure :-1 s=STATE_CONNECTION_ESTABLISHED l=1).mark_down
2024-06-15T00:58:07.050 INFO:teuthology.orchestra.run.smithi137.stdout:/usr/bin/ceph: stderr
2024-06-15T00:58:06.475+0000 7fd676df6700 1 --2- 172.21.15.137:0/3160282259 >> [v2:172.21.15.137:3300/0,v1:172.21.15.137:6789/0] conn(0x7fd670106e00 0x7fd67019a010 secure :-1 s=READY pgs=60 cs=0 l=1 rev1=1 crypto rx=0x7fd664006af0 tx=0x7fd664011ab0 comp rx=0 tx=0).stop
2024-06-15T00:58:07.050 INFO:teuthology.orchestra.run.smithi137.stdout:/usr/bin/ceph: stderr
2024-06-15T00:58:06.475+0000 7fd676df6700 1 -- 172.21.15.137:0/3160282259 shutdown_connections
2024-06-15T00:58:07.050 INFO:teuthology.orchestra.run.smithi137.stdout:/usr/bin/ceph: stderr
2024-06-15T00:58:06.475+0000 7fd676df6700 1 --2- 172.21.15.137:0/3160282259 >> [v2:172.21.15.137:6800/4018707027,v1:172.21.15.137:6801/4018707027] conn(0x7fd6600382e0 0x7fd66003a7a0 unknown :-1 s=CLOSED pgs=18 cs=0 l=1 rev1=1 crypto rx=0 tx=0 comp rx=0 tx=0).stop
2024-06-15T00:58:07.050 INFO:teuthology.orchestra.run.smithi137.stdout:/usr/bin/ceph: stderr
2024-06-15T00:58:06.475+0000 7fd676df6700 1 --2- 172.21.15.137:0/3160282259 >> [v2:172.21.15.137:3300/0,v1:172.21.15.137:6789/0] conn(0x7fd670106e00 0x7fd67019a010 unknown :-1 s=CLOSED pgs=60 cs=0 l=1 rev1=1 crypto rx=0 tx=0 comp rx=0 tx=0).stop
2024-06-15T00:58:07.050 INFO:teuthology.orchestra.run.smithi137.stdout:/usr/bin/ceph: stderr
2024-06-15T00:58:06.475+0000 7fd676df6700 1 -- 172.21.15.137:0/3160282259 >> 172.21.15.137:0/3160282259 conn(0x7fd6701007d0 msgr2=0x7fd670101ef0 unknown :-1 s=STATE_NONE l=0).mark_down
2024-06-15T00:58:07.050 INFO:teuthology.orchestra.run.smithi137.stdout:/usr/bin/ceph: stderr
2024-06-15T00:58:06.475+0000 7fd676df6700 1 -- 172.21.15.137:0/3160282259 shutdown_connections
2024-06-15T00:58:07.050 INFO:teuthology.orchestra.run.smithi137.stdout:/usr/bin/ceph: stderr
2024-06-15T00:58:06.475+0000 7fd676df6700 1 -- 172.21.15.137:0/3160282259 wait complete.
2024-06-15T00:58:07.050 INFO:teuthology.orchestra.run.smithi137.stdout:Deploying alertmanager service with default placement...
2024-06-15T00:58:07.672 INFO:journalctl@ceph.mon.smithi137.smithi137.stdout:Jun 15 00:58:07 smithi137 ceph-mon[29354]: pgmap v3: 0 pgs: ; 0 B data, 0 B used, 0 B / 0 B avail
2024-06-15T00:58:07.673 INFO:journalctl@ceph.mon.smithi137.smithi137.stdout:Jun 15 00:58:07 smithi137 ceph-mon[29354]: from='client.14154 -' entity='client.admin' cmd=[{"prefix": "orch apply", "service_type": "node-exporter", "target": ["mon-mgr", ""]}]: dispatch
2024-06-15T00:58:07.673 INFO:journalctl@ceph.mon.smithi137.smithi137.stdout:Jun 15 00:58:07 smithi137 ceph-mon[29354]: Saving service node-exporter spec with placement *
2024-06-15T00:58:07.673 INFO:journalctl@ceph.mon.smithi137.smithi137.stdout:Jun 15 00:58:07 smithi137 ceph-mon[29354]: from='mgr.14120 172.21.15.137:0/2951563140' entity='mgr.smithi137.nbzbyc'
2024-06-15T00:58:08.159 INFO:teuthology.orchestra.run.smithi137.stdout:/usr/bin/ceph: stdout Scheduled alertmanager update...
2024-06-15T00:58:08.159 INFO:teuthology.orchestra.run.smithi137.stdout:/usr/bin/ceph: stderr
2024-06-15T00:58:07.445+0000 7fe6380b2700 1 Processor -- start
2024-06-15T00:58:08.159 INFO:teuthology.orchestra.run.smithi137.stdout:/usr/bin/ceph: stderr
2024-06-15T00:58:07.445+0000 7fe6380b2700 1 -- start start
2024-06-15T00:58:08.159 INFO:teuthology.orchestra.run.smithi137.stdout:/usr/bin/ceph: stderr
2024-06-15T00:58:07.445+0000 7fe6380b2700 1 --2- >> [v2:172.21.15.137:3300/0,v1:172.21.15.137:6789/0] conn(0x7fe630106da0 0x7fe630109190 unknown :-1 s=NONE pgs=0 cs=0 l=0 rev1=0 crypto rx=0 tx=0 comp rx=0 tx=0).connect
2024-06-15T00:58:08.159 INFO:teuthology.orchestra.run.smithi137.stdout:/usr/bin/ceph: stderr
2024-06-15T00:58:07.445+0000 7fe6380b2700 1 -- --> [v2:172.21.15.137:3300/0,v1:172.21.15.137:6789/0] -- mon_getmap magic: 0 v1 -- 0x7fe630079de0 con 0x7fe630106da0
2024-06-15T00:58:08.159 INFO:teuthology.orchestra.run.smithi137.stdout:/usr/bin/ceph: stderr
2024-06-15T00:58:07.445+0000 7fe635e4e700 1 --2- >> [v2:172.21.15.137:3300/0,v1:172.21.15.137:6789/0] conn(0x7fe630106da0 0x7fe630109190 unknown :-1 s=BANNER_CONNECTING pgs=0 cs=0 l=0 rev1=0 crypto rx=0 tx=0 comp rx=0 tx=0)._handle_peer_banner_payload supported=3 required=0
2024-06-15T00:58:08.159 INFO:teuthology.orchestra.run.smithi137.stdout:/usr/bin/ceph: stderr
2024-06-15T00:58:07.445+0000 7fe635e4e700 1 --2- >> [v2:172.21.15.137:3300/0,v1:172.21.15.137:6789/0] conn(0x7fe630106da0 0x7fe630109190 unknown :-1 s=HELLO_CONNECTING pgs=0 cs=0 l=0 rev1=1 crypto rx=0 tx=0 comp rx=0 tx=0).handle_hello peer v2:172.21.15.137:3300/0 says I am v2:172.21.15.137:60812/0 (socket says 172.21.15.137:60812)
2024-06-15T00:58:08.159 INFO:teuthology.orchestra.run.smithi137.stdout:/usr/bin/ceph: stderr
2024-06-15T00:58:07.445+0000 7fe635e4e700 1 -- 172.21.15.137:0/2785911596 learned_addr learned my addr 172.21.15.137:0/2785911596 (peer_addr_for_me v2:172.21.15.137:0/0)
2024-06-15T00:58:08.159 INFO:teuthology.orchestra.run.smithi137.stdout:/usr/bin/ceph: stderr
2024-06-15T00:58:07.446+0000 7fe635e4e700 1 -- 172.21.15.137:0/2785911596 --> [v2:172.21.15.137:3300/0,v1:172.21.15.137:6789/0] -- mon_subscribe({config=0+,monmap=0+}) v3 -- 0x7fe6301096d0 con 0x7fe630106da0
2024-06-15T00:58:08.160 INFO:teuthology.orchestra.run.smithi137.stdout:/usr/bin/ceph: stderr
2024-06-15T00:58:07.446+0000 7fe635e4e700 1 --2- 172.21.15.137:0/2785911596 >> [v2:172.21.15.137:3300/0,v1:172.21.15.137:6789/0] conn(0x7fe630106da0 0x7fe630109190 secure :-1 s=READY pgs=61 cs=0 l=1 rev1=1 crypto rx=0x7fe6200098a0 tx=0x7fe620009bb0 comp rx=0 tx=0).ready entity=mon.0 client_cookie=dce770344954bfc2 server_cookie=0 in_seq=0 out_seq=0
2024-06-15T00:58:08.160 INFO:teuthology.orchestra.run.smithi137.stdout:/usr/bin/ceph: stderr
2024-06-15T00:58:07.446+0000 7fe634e4c700 1 -- 172.21.15.137:0/2785911596 <== mon.0 v2:172.21.15.137:3300/0 1 ==== mon_map magic: 0 v1 ==== 229+0+0 (secure 0 0 0) 0x7fe620004180 con 0x7fe630106da0
2024-06-15T00:58:08.160 INFO:teuthology.orchestra.run.smithi137.stdout:/usr/bin/ceph: stderr
2024-06-15T00:58:07.446+0000 7fe634e4c700 1 -- 172.21.15.137:0/2785911596 <== mon.0 v2:172.21.15.137:3300/0 2 ==== config(26 keys) v1 ==== 1066+0+0 (secure 0 0 0) 0x7fe6200042e0 con 0x7fe630106da0
2024-06-15T00:58:08.160 INFO:teuthology.orchestra.run.smithi137.stdout:/usr/bin/ceph: stderr
2024-06-15T00:58:07.446+0000 7fe634e4c700 1 -- 172.21.15.137:0/2785911596 <== mon.0 v2:172.21.15.137:3300/0 3 ==== mon_map magic: 0 v1 ==== 229+0+0 (secure 0 0 0) 0x7fe620011a30 con 0x7fe630106da0
2024-06-15T00:58:08.160 INFO:teuthology.orchestra.run.smithi137.stdout:/usr/bin/ceph: stderr
2024-06-15T00:58:07.447+0000 7fe6380b2700 1 -- 172.21.15.137:0/2785911596 >> [v2:172.21.15.137:3300/0,v1:172.21.15.137:6789/0] conn(0x7fe630106da0 msgr2=0x7fe630109190 secure :-1 s=STATE_CONNECTION_ESTABLISHED l=1).mark_down
2024-06-15T00:58:08.160 INFO:teuthology.orchestra.run.smithi137.stdout:/usr/bin/ceph: stderr
2024-06-15T00:58:07.447+0000 7fe6380b2700 1 --2- 172.21.15.137:0/2785911596 >> [v2:172.21.15.137:3300/0,v1:172.21.15.137:6789/0] conn(0x7fe630106da0 0x7fe630109190 secure :-1 s=READY pgs=61 cs=0 l=1 rev1=1 crypto rx=0x7fe6200098a0 tx=0x7fe620009bb0 comp rx=0 tx=0).stop
2024-06-15T00:58:08.160 INFO:teuthology.orchestra.run.smithi137.stdout:/usr/bin/ceph: stderr
2024-06-15T00:58:07.447+0000 7fe6380b2700 1 -- 172.21.15.137:0/2785911596 shutdown_connections
2024-06-15T00:58:08.160 INFO:teuthology.orchestra.run.smithi137.stdout:/usr/bin/ceph: stderr
2024-06-15T00:58:07.447+0000 7fe6380b2700 1 --2- 172.21.15.137:0/2785911596 >> [v2:172.21.15.137:3300/0,v1:172.21.15.137:6789/0] conn(0x7fe630106da0 0x7fe630109190 unknown :-1 s=CLOSED pgs=61 cs=0 l=1 rev1=1 crypto rx=0 tx=0 comp rx=0 tx=0).stop
2024-06-15T00:58:08.160 INFO:teuthology.orchestra.run.smithi137.stdout:/usr/bin/ceph: stderr
2024-06-15T00:58:07.447+0000 7fe6380b2700 1 -- 172.21.15.137:0/2785911596 >> 172.21.15.137:0/2785911596 conn(0x7fe6301007d0 msgr2=0x7fe630102c10 unknown :-1 s=STATE_NONE l=0).mark_down
2024-06-15T00:58:08.160 INFO:teuthology.orchestra.run.smithi137.stdout:/usr/bin/ceph: stderr
2024-06-15T00:58:07.447+0000 7fe6380b2700 1 -- 172.21.15.137:0/2785911596 shutdown_connections
2024-06-15T00:58:08.160 INFO:teuthology.orchestra.run.smithi137.stdout:/usr/bin/ceph: stderr
2024-06-15T00:58:07.447+0000 7fe6380b2700 1 -- 172.21.15.137:0/2785911596 wait complete.
2024-06-15T00:58:08.161 INFO:teuthology.orchestra.run.smithi137.stdout:/usr/bin/ceph: stderr
2024-06-15T00:58:07.447+0000 7fe6380b2700 1 Processor -- start
2024-06-15T00:58:08.161 INFO:teuthology.orchestra.run.smithi137.stdout:/usr/bin/ceph: stderr
2024-06-15T00:58:07.447+0000 7fe6380b2700 1 -- start start
2024-06-15T00:58:08.161 INFO:teuthology.orchestra.run.smithi137.stdout:/usr/bin/ceph: stderr
2024-06-15T00:58:07.447+0000 7fe6380b2700 1 --2- >> [v2:172.21.15.137:3300/0,v1:172.21.15.137:6789/0] conn(0x7fe630106da0 0x7fe630199ff0 unknown :-1 s=NONE pgs=0 cs=0 l=1 rev1=0 crypto rx=0 tx=0 comp rx=0 tx=0).connect
2024-06-15T00:58:08.161 INFO:teuthology.orchestra.run.smithi137.stdout:/usr/bin/ceph: stderr
2024-06-15T00:58:07.447+0000 7fe6380b2700 1 -- --> [v2:172.21.15.137:3300/0,v1:172.21.15.137:6789/0] -- mon_getmap magic: 0 v1 -- 0x7fe63019a530 con 0x7fe630106da0
2024-06-15T00:58:08.161 INFO:teuthology.orchestra.run.smithi137.stdout:/usr/bin/ceph: stderr
2024-06-15T00:58:07.448+0000 7fe635e4e700 1 --2- >> [v2:172.21.15.137:3300/0,v1:172.21.15.137:6789/0] conn(0x7fe630106da0 0x7fe630199ff0 unknown :-1 s=BANNER_CONNECTING pgs=0 cs=0 l=1 rev1=0 crypto rx=0 tx=0 comp rx=0 tx=0)._handle_peer_banner_payload supported=3 required=0
2024-06-15T00:58:08.161 INFO:teuthology.orchestra.run.smithi137.stdout:/usr/bin/ceph: stderr
2024-06-15T00:58:07.448+0000 7fe635e4e700 1 --2- >> [v2:172.21.15.137:3300/0,v1:172.21.15.137:6789/0] conn(0x7fe630106da0 0x7fe630199ff0 unknown :-1 s=HELLO_CONNECTING pgs=0 cs=0 l=1 rev1=1 crypto rx=0 tx=0 comp rx=0 tx=0).handle_hello peer v2:172.21.15.137:3300/0 says I am v2:172.21.15.137:60816/0 (socket says 172.21.15.137:60816)
2024-06-15T00:58:08.161 INFO:teuthology.orchestra.run.smithi137.stdout:/usr/bin/ceph: stderr
2024-06-15T00:58:07.448+0000 7fe635e4e700 1 -- 172.21.15.137:0/171880196 learned_addr learned my addr 172.21.15.137:0/171880196 (peer_addr_for_me v2:172.21.15.137:0/0)
2024-06-15T00:58:08.161 INFO:teuthology.orchestra.run.smithi137.stdout:/usr/bin/ceph: stderr
2024-06-15T00:58:07.448+0000 7fe635e4e700 1 -- 172.21.15.137:0/171880196 --> [v2:172.21.15.137:3300/0,v1:172.21.15.137:6789/0] -- mon_subscribe({config=0+,monmap=0+}) v3 -- 0x7fe620009550 con 0x7fe630106da0
2024-06-15T00:58:08.161 INFO:teuthology.orchestra.run.smithi137.stdout:/usr/bin/ceph: stderr
2024-06-15T00:58:07.448+0000 7fe635e4e700 1 --2- 172.21.15.137:0/171880196 >> [v2:172.21.15.137:3300/0,v1:172.21.15.137:6789/0] conn(0x7fe630106da0 0x7fe630199ff0 secure :-1 s=READY pgs=62 cs=0 l=1 rev1=1 crypto rx=0x7fe620011a00 tx=0x7fe620011ae0 comp rx=0 tx=0).ready entity=mon.0 client_cookie=0 server_cookie=0 in_seq=0 out_seq=0
2024-06-15T00:58:08.161 INFO:teuthology.orchestra.run.smithi137.stdout:/usr/bin/ceph: stderr
2024-06-15T00:58:07.448+0000 7fe626ffd700 1 -- 172.21.15.137:0/171880196 <== mon.0 v2:172.21.15.137:3300/0 1 ==== mon_map magic: 0 v1 ==== 229+0+0 (secure 0 0 0) 0x7fe620003bc0 con 0x7fe630106da0
2024-06-15T00:58:08.161 INFO:teuthology.orchestra.run.smithi137.stdout:/usr/bin/ceph: stderr
2024-06-15T00:58:07.448+0000 7fe626ffd700 1 -- 172.21.15.137:0/171880196 <== mon.0 v2:172.21.15.137:3300/0 2 ==== config(26 keys) v1 ==== 1066+0+0 (secure 0 0 0) 0x7fe6200248c0 con 0x7fe630106da0
2024-06-15T00:58:08.162 INFO:teuthology.orchestra.run.smithi137.stdout:/usr/bin/ceph: stderr
2024-06-15T00:58:07.448+0000 7fe626ffd700 1 -- 172.21.15.137:0/171880196 <== mon.0 v2:172.21.15.137:3300/0 3 ==== mon_map magic: 0 v1 ==== 229+0+0 (secure 0 0 0) 0x7fe62001a850 con 0x7fe630106da0
2024-06-15T00:58:08.162 INFO:teuthology.orchestra.run.smithi137.stdout:/usr/bin/ceph: stderr
2024-06-15T00:58:07.448+0000 7fe6380b2700 1 -- 172.21.15.137:0/171880196 --> [v2:172.21.15.137:3300/0,v1:172.21.15.137:6789/0] -- mon_subscribe({mgrmap=0+}) v3 -- 0x7fe63019a730 con 0x7fe630106da0
2024-06-15T00:58:08.162 INFO:teuthology.orchestra.run.smithi137.stdout:/usr/bin/ceph: stderr
2024-06-15T00:58:07.448+0000 7fe6380b2700 1 -- 172.21.15.137:0/171880196 --> [v2:172.21.15.137:3300/0,v1:172.21.15.137:6789/0] -- mon_subscribe({osdmap=0}) v3 -- 0x7fe63019ab50 con 0x7fe630106da0
2024-06-15T00:58:08.162 INFO:teuthology.orchestra.run.smithi137.stdout:/usr/bin/ceph: stderr
2024-06-15T00:58:07.449+0000 7fe626ffd700 1 -- 172.21.15.137:0/171880196 <== mon.0 v2:172.21.15.137:3300/0 4 ==== mgrmap(e 8) v1 ==== 45283+0+0 (secure 0 0 0) 0x7fe62001aac0 con 0x7fe630106da0
2024-06-15T00:58:08.162 INFO:teuthology.orchestra.run.smithi137.stdout:/usr/bin/ceph: stderr
2024-06-15T00:58:07.449+0000 7fe6380b2700 1 -- 172.21.15.137:0/171880196 --> [v2:172.21.15.137:3300/0,v1:172.21.15.137:6789/0] -- mon_command({"prefix": "get_command_descriptions"} v 0) v1 -- 0x7fe63010a460 con 0x7fe630106da0
2024-06-15T00:58:08.162 INFO:teuthology.orchestra.run.smithi137.stdout:/usr/bin/ceph: stderr
2024-06-15T00:58:07.449+0000 7fe626ffd700 1 --2- 172.21.15.137:0/171880196 >> [v2:172.21.15.137:6800/4018707027,v1:172.21.15.137:6801/4018707027] conn(0x7fe61c038370 0x7fe61c03a830 unknown :-1 s=NONE pgs=0 cs=0 l=1 rev1=0 crypto rx=0 tx=0 comp rx=0 tx=0).connect
2024-06-15T00:58:08.162 INFO:teuthology.orchestra.run.smithi137.stdout:/usr/bin/ceph: stderr
2024-06-15T00:58:07.449+0000 7fe626ffd700 1 -- 172.21.15.137:0/171880196 <== mon.0 v2:172.21.15.137:3300/0 5 ==== osd_map(2..2 src has 1..2) v4 ==== 940+0+0 (secure 0 0 0) 0x7fe62004c610 con 0x7fe630106da0
2024-06-15T00:58:08.162 INFO:teuthology.orchestra.run.smithi137.stdout:/usr/bin/ceph: stderr
2024-06-15T00:58:07.449+0000 7fe63564d700 1 --2- 172.21.15.137:0/171880196 >> [v2:172.21.15.137:6800/4018707027,v1:172.21.15.137:6801/4018707027] conn(0x7fe61c038370 0x7fe61c03a830 unknown :-1 s=BANNER_CONNECTING pgs=0 cs=0 l=1 rev1=0 crypto rx=0 tx=0 comp rx=0 tx=0)._handle_peer_banner_payload supported=3 required=0
2024-06-15T00:58:08.162 INFO:teuthology.orchestra.run.smithi137.stdout:/usr/bin/ceph: stderr
2024-06-15T00:58:07.450+0000 7fe63564d700 1 --2- 172.21.15.137:0/171880196 >> [v2:172.21.15.137:6800/4018707027,v1:172.21.15.137:6801/4018707027] conn(0x7fe61c038370 0x7fe61c03a830 secure :-1 s=READY pgs=19 cs=0 l=1 rev1=1 crypto rx=0x7fe62c006fd0 tx=0x7fe62c006e40 comp rx=0 tx=0).ready entity=mgr.14120 client_cookie=0 server_cookie=0 in_seq=0 out_seq=0
2024-06-15T00:58:08.162 INFO:teuthology.orchestra.run.smithi137.stdout:/usr/bin/ceph: stderr
2024-06-15T00:58:07.454+0000 7fe626ffd700 1 -- 172.21.15.137:0/171880196 <== mon.0 v2:172.21.15.137:3300/0 6 ==== mon_command_ack([{"prefix": "get_command_descriptions"}]=0 v0) v1 ==== 72+0+180422 (secure 0 0 0) 0x7fe620024a30 con 0x7fe630106da0
2024-06-15T00:58:08.162 INFO:teuthology.orchestra.run.smithi137.stdout:/usr/bin/ceph: stderr
2024-06-15T00:58:07.654+0000 7fe6380b2700 1 -- 172.21.15.137:0/171880196 --> [v2:172.21.15.137:6800/4018707027,v1:172.21.15.137:6801/4018707027] -- mgr_command(tid 0: {"prefix": "orch apply", "service_type": "alertmanager", "target": ["mon-mgr", ""]}) v1 -- 0x7fe63019d9b0 con 0x7fe61c038370
2024-06-15T00:58:08.163 INFO:teuthology.orchestra.run.smithi137.stdout:/usr/bin/ceph: stderr
2024-06-15T00:58:07.659+0000 7fe626ffd700 1 -- 172.21.15.137:0/171880196 <== mgr.14120 v2:172.21.15.137:6800/4018707027 1 ==== mgr_command_reply(tid 0: 0 ) v1 ==== 8+0+33 (secure 0 0 0) 0x7fe63019d9b0 con 0x7fe61c038370
2024-06-15T00:58:08.163 INFO:teuthology.orchestra.run.smithi137.stdout:/usr/bin/ceph: stderr
2024-06-15T00:58:07.661+0000 7fe6380b2700 1 -- 172.21.15.137:0/171880196 >> [v2:172.21.15.137:6800/4018707027,v1:172.21.15.137:6801/4018707027] conn(0x7fe61c038370 msgr2=0x7fe61c03a830 secure :-1 s=STATE_CONNECTION_ESTABLISHED l=1).mark_down
2024-06-15T00:58:08.163 INFO:teuthology.orchestra.run.smithi137.stdout:/usr/bin/ceph: stderr
2024-06-15T00:58:07.661+0000 7fe6380b2700 1 --2- 172.21.15.137:0/171880196 >> [v2:172.21.15.137:6800/4018707027,v1:172.21.15.137:6801/4018707027] conn(0x7fe61c038370 0x7fe61c03a830 secure :-1 s=READY pgs=19 cs=0 l=1 rev1=1 crypto rx=0x7fe62c006fd0 tx=0x7fe62c006e40 comp rx=0 tx=0).stop
2024-06-15T00:58:08.163 INFO:teuthology.orchestra.run.smithi137.stdout:/usr/bin/ceph: stderr
2024-06-15T00:58:07.661+0000 7fe6380b2700 1 -- 172.21.15.137:0/171880196 >> [v2:172.21.15.137:3300/0,v1:172.21.15.137:6789/0] conn(0x7fe630106da0 msgr2=0x7fe630199ff0 secure :-1 s=STATE_CONNECTION_ESTABLISHED l=1).mark_down
2024-06-15T00:58:08.163 INFO:teuthology.orchestra.run.smithi137.stdout:/usr/bin/ceph: stderr
2024-06-15T00:58:07.661+0000 7fe6380b2700 1 --2- 172.21.15.137:0/171880196 >> [v2:172.21.15.137:3300/0,v1:172.21.15.137:6789/0] conn(0x7fe630106da0 0x7fe630199ff0 secure :-1 s=READY pgs=62 cs=0 l=1 rev1=1 crypto rx=0x7fe620011a00 tx=0x7fe620011ae0 comp rx=0 tx=0).stop
2024-06-15T00:58:08.163 INFO:teuthology.orchestra.run.smithi137.stdout:/usr/bin/ceph: stderr
2024-06-15T00:58:07.661+0000 7fe6380b2700 1 -- 172.21.15.137:0/171880196 shutdown_connections
2024-06-15T00:58:08.163 INFO:teuthology.orchestra.run.smithi137.stdout:/usr/bin/ceph: stderr
2024-06-15T00:58:07.661+0000 7fe6380b2700 1 --2- 172.21.15.137:0/171880196 >> [v2:172.21.15.137:6800/4018707027,v1:172.21.15.137:6801/4018707027] conn(0x7fe61c038370 0x7fe61c03a830 unknown :-1 s=CLOSED pgs=19 cs=0 l=1 rev1=1 crypto rx=0 tx=0 comp rx=0 tx=0).stop
2024-06-15T00:58:08.163 INFO:teuthology.orchestra.run.smithi137.stdout:/usr/bin/ceph: stderr
2024-06-15T00:58:07.661+0000 7fe6380b2700 1 --2- 172.21.15.137:0/171880196 >> [v2:172.21.15.137:3300/0,v1:172.21.15.137:6789/0] conn(0x7fe630106da0 0x7fe630199ff0 unknown :-1 s=CLOSED pgs=62 cs=0 l=1 rev1=1 crypto rx=0 tx=0 comp rx=0 tx=0).stop
2024-06-15T00:58:08.163 INFO:teuthology.orchestra.run.smithi137.stdout:/usr/bin/ceph: stderr
2024-06-15T00:58:07.661+0000 7fe6380b2700 1 -- 172.21.15.137:0/171880196 >> 172.21.15.137:0/171880196 conn(0x7fe6301007d0 msgr2=0x7fe630101e60 unknown :-1 s=STATE_NONE l=0).mark_down
2024-06-15T00:58:08.163 INFO:teuthology.orchestra.run.smithi137.stdout:/usr/bin/ceph: stderr
2024-06-15T00:58:07.661+0000 7fe6380b2700 1 -- 172.21.15.137:0/171880196 shutdown_connections
2024-06-15T00:58:08.163 INFO:teuthology.orchestra.run.smithi137.stdout:/usr/bin/ceph: stderr
2024-06-15T00:58:07.661+0000 7fe6380b2700 1 -- 172.21.15.137:0/171880196 wait complete.
2024-06-15T00:58:08.830 INFO:journalctl@ceph.mon.smithi137.smithi137.stdout:Jun 15 00:58:08 smithi137 ceph-mon[29354]: from='client.14156 -' entity='client.admin' cmd=[{"prefix": "orch apply", "service_type": "alertmanager", "target": ["mon-mgr", ""]}]: dispatch
2024-06-15T00:58:08.830 INFO:journalctl@ceph.mon.smithi137.smithi137.stdout:Jun 15 00:58:08 smithi137 ceph-mon[29354]: Saving service alertmanager spec with placement count:1
2024-06-15T00:58:08.830 INFO:journalctl@ceph.mon.smithi137.smithi137.stdout:Jun 15 00:58:08 smithi137 ceph-mon[29354]: from='mgr.14120 172.21.15.137:0/2951563140' entity='mgr.smithi137.nbzbyc'
2024-06-15T00:58:09.439 INFO:teuthology.orchestra.run.smithi137.stdout:/usr/bin/ceph: stderr
2024-06-15T00:58:08.631+0000 7f7f41246700 1 Processor -- start
2024-06-15T00:58:09.439 INFO:teuthology.orchestra.run.smithi137.stdout:/usr/bin/ceph: stderr
2024-06-15T00:58:08.631+0000 7f7f41246700 1 -- start start
2024-06-15T00:58:09.439 INFO:teuthology.orchestra.run.smithi137.stdout:/usr/bin/ceph: stderr
2024-06-15T00:58:08.632+0000 7f7f41246700 1 --2- >> [v2:172.21.15.137:3300/0,v1:172.21.15.137:6789/0] conn(0x7f7f3c07bdd0 0x7f7f3c07a230 unknown :-1 s=NONE pgs=0 cs=0 l=0 rev1=0 crypto rx=0 tx=0 comp rx=0 tx=0).connect
2024-06-15T00:58:09.439 INFO:teuthology.orchestra.run.smithi137.stdout:/usr/bin/ceph: stderr
2024-06-15T00:58:08.632+0000 7f7f41246700 1 -- --> [v2:172.21.15.137:3300/0,v1:172.21.15.137:6789/0] -- mon_getmap magic: 0 v1 -- 0x7f7f3c07a800 con 0x7f7f3c07bdd0
2024-06-15T00:58:09.439 INFO:teuthology.orchestra.run.smithi137.stdout:/usr/bin/ceph: stderr
2024-06-15T00:58:08.632+0000 7f7f3ad9d700 1 --2- >> [v2:172.21.15.137:3300/0,v1:172.21.15.137:6789/0] conn(0x7f7f3c07bdd0 0x7f7f3c07a230 unknown :-1 s=BANNER_CONNECTING pgs=0 cs=0 l=0 rev1=0 crypto rx=0 tx=0 comp rx=0 tx=0)._handle_peer_banner_payload supported=3 required=0
2024-06-15T00:58:09.440 INFO:teuthology.orchestra.run.smithi137.stdout:/usr/bin/ceph: stderr
2024-06-15T00:58:08.632+0000 7f7f3ad9d700 1 --2- >> [v2:172.21.15.137:3300/0,v1:172.21.15.137:6789/0] conn(0x7f7f3c07bdd0 0x7f7f3c07a230 unknown :-1 s=HELLO_CONNECTING pgs=0 cs=0 l=0 rev1=1 crypto rx=0 tx=0 comp rx=0 tx=0).handle_hello peer v2:172.21.15.137:3300/0 says I am v2:172.21.15.137:60832/0 (socket says 172.21.15.137:60832)
2024-06-15T00:58:09.440 INFO:teuthology.orchestra.run.smithi137.stdout:/usr/bin/ceph: stderr
2024-06-15T00:58:08.632+0000 7f7f3ad9d700 1 -- 172.21.15.137:0/3989447722 learned_addr learned my addr 172.21.15.137:0/3989447722 (peer_addr_for_me v2:172.21.15.137:0/0)
2024-06-15T00:58:09.440 INFO:teuthology.orchestra.run.smithi137.stdout:/usr/bin/ceph: stderr
2024-06-15T00:58:08.632+0000 7f7f3ad9d700 1 -- 172.21.15.137:0/3989447722 --> [v2:172.21.15.137:3300/0,v1:172.21.15.137:6789/0] -- mon_subscribe({config=0+,monmap=0+}) v3 -- 0x7f7f3c07a940 con 0x7f7f3c07bdd0
2024-06-15T00:58:09.440 INFO:teuthology.orchestra.run.smithi137.stdout:/usr/bin/ceph: stderr
2024-06-15T00:58:08.632+0000 7f7f3ad9d700 1 --2- 172.21.15.137:0/3989447722 >> [v2:172.21.15.137:3300/0,v1:172.21.15.137:6789/0] conn(0x7f7f3c07bdd0 0x7f7f3c07a230 secure :-1 s=READY pgs=63 cs=0 l=1 rev1=1 crypto rx=0x7f7f2c0098a0 tx=0x7f7f2c009bb0 comp rx=0 tx=0).ready entity=mon.0 client_cookie=c53787286c3a25fe server_cookie=0 in_seq=0 out_seq=0
2024-06-15T00:58:09.440 INFO:teuthology.orchestra.run.smithi137.stdout:/usr/bin/ceph: stderr
2024-06-15T00:58:08.632+0000 7f7f39d9b700 1 -- 172.21.15.137:0/3989447722 <== mon.0 v2:172.21.15.137:3300/0 1 ==== mon_map magic: 0 v1 ==== 229+0+0 (secure 0 0 0) 0x7f7f2c004180 con 0x7f7f3c07bdd0
2024-06-15T00:58:09.440 INFO:teuthology.orchestra.run.smithi137.stdout:/usr/bin/ceph: stderr
2024-06-15T00:58:08.632+0000 7f7f39d9b700 1 -- 172.21.15.137:0/3989447722 <== mon.0 v2:172.21.15.137:3300/0 2 ==== config(26 keys) v1 ==== 1066+0+0 (secure 0 0 0) 0x7f7f2c0042e0 con 0x7f7f3c07bdd0
2024-06-15T00:58:09.440 INFO:teuthology.orchestra.run.smithi137.stdout:/usr/bin/ceph: stderr
2024-06-15T00:58:08.632+0000 7f7f39d9b700 1 -- 172.21.15.137:0/3989447722 <== mon.0 v2:172.21.15.137:3300/0 3 ==== mon_map magic: 0 v1 ==== 229+0+0 (secure 0 0 0) 0x7f7f2c011a30 con 0x7f7f3c07bdd0
2024-06-15T00:58:09.440 INFO:teuthology.orchestra.run.smithi137.stdout:/usr/bin/ceph: stderr
2024-06-15T00:58:08.633+0000 7f7f41246700 1 -- 172.21.15.137:0/3989447722 >> [v2:172.21.15.137:3300/0,v1:172.21.15.137:6789/0] conn(0x7f7f3c07bdd0 msgr2=0x7f7f3c07a230 secure :-1 s=STATE_CONNECTION_ESTABLISHED l=1).mark_down
2024-06-15T00:58:09.440 INFO:teuthology.orchestra.run.smithi137.stdout:/usr/bin/ceph: stderr
2024-06-15T00:58:08.633+0000 7f7f41246700 1 --2- 172.21.15.137:0/3989447722 >> [v2:172.21.15.137:3300/0,v1:172.21.15.137:6789/0] conn(0x7f7f3c07bdd0 0x7f7f3c07a230 secure :-1 s=READY pgs=63 cs=0 l=1 rev1=1 crypto rx=0x7f7f2c0098a0 tx=0x7f7f2c009bb0 comp rx=0 tx=0).stop
2024-06-15T00:58:09.440 INFO:teuthology.orchestra.run.smithi137.stdout:/usr/bin/ceph: stderr
2024-06-15T00:58:08.633+0000 7f7f41246700 1 -- 172.21.15.137:0/3989447722 shutdown_connections
2024-06-15T00:58:09.440 INFO:teuthology.orchestra.run.smithi137.stdout:/usr/bin/ceph: stderr
2024-06-15T00:58:08.633+0000 7f7f41246700 1 --2- 172.21.15.137:0/3989447722 >> [v2:172.21.15.137:3300/0,v1:172.21.15.137:6789/0] conn(0x7f7f3c07bdd0 0x7f7f3c07a230 unknown :-1 s=CLOSED pgs=63 cs=0 l=1 rev1=1 crypto rx=0 tx=0 comp rx=0 tx=0).stop
2024-06-15T00:58:09.440 INFO:teuthology.orchestra.run.smithi137.stdout:/usr/bin/ceph: stderr
2024-06-15T00:58:08.633+0000 7f7f41246700 1 -- 172.21.15.137:0/3989447722 >> 172.21.15.137:0/3989447722 conn(0x7f7f3c101910 msgr2=0x7f7f3c103d30 unknown :-1 s=STATE_NONE l=0).mark_down
2024-06-15T00:58:09.440 INFO:teuthology.orchestra.run.smithi137.stdout:/usr/bin/ceph: stderr
2024-06-15T00:58:08.633+0000 7f7f41246700 1 -- 172.21.15.137:0/3989447722 shutdown_connections
2024-06-15T00:58:09.441 INFO:teuthology.orchestra.run.smithi137.stdout:/usr/bin/ceph: stderr
2024-06-15T00:58:08.633+0000 7f7f41246700 1 -- 172.21.15.137:0/3989447722 wait complete.
2024-06-15T00:58:09.441 INFO:teuthology.orchestra.run.smithi137.stdout:/usr/bin/ceph: stderr
2024-06-15T00:58:08.634+0000 7f7f41246700 1 Processor -- start
2024-06-15T00:58:09.441 INFO:teuthology.orchestra.run.smithi137.stdout:/usr/bin/ceph: stderr
2024-06-15T00:58:08.634+0000 7f7f41246700 1 -- start start
2024-06-15T00:58:09.441 INFO:teuthology.orchestra.run.smithi137.stdout:/usr/bin/ceph: stderr
2024-06-15T00:58:08.634+0000 7f7f41246700 1 --2- >> [v2:172.21.15.137:3300/0,v1:172.21.15.137:6789/0] conn(0x7f7f3c07bdd0 0x7f7f3c19c2c0 unknown :-1 s=NONE pgs=0 cs=0 l=1 rev1=0 crypto rx=0 tx=0 comp rx=0 tx=0).connect
2024-06-15T00:58:09.441 INFO:teuthology.orchestra.run.smithi137.stdout:/usr/bin/ceph: stderr
2024-06-15T00:58:08.634+0000 7f7f41246700 1 -- --> [v2:172.21.15.137:3300/0,v1:172.21.15.137:6789/0] -- mon_getmap magic: 0 v1 -- 0x7f7f3c19c800 con 0x7f7f3c07bdd0
2024-06-15T00:58:09.441 INFO:teuthology.orchestra.run.smithi137.stdout:/usr/bin/ceph: stderr
2024-06-15T00:58:08.634+0000 7f7f3ad9d700 1 --2- >> [v2:172.21.15.137:3300/0,v1:172.21.15.137:6789/0] conn(0x7f7f3c07bdd0 0x7f7f3c19c2c0 unknown :-1 s=BANNER_CONNECTING pgs=0 cs=0 l=1 rev1=0 crypto rx=0 tx=0 comp rx=0 tx=0)._handle_peer_banner_payload supported=3 required=0
2024-06-15T00:58:09.441 INFO:teuthology.orchestra.run.smithi137.stdout:/usr/bin/ceph: stderr
2024-06-15T00:58:08.634+0000 7f7f3ad9d700 1 --2- >> [v2:172.21.15.137:3300/0,v1:172.21.15.137:6789/0] conn(0x7f7f3c07bdd0 0x7f7f3c19c2c0 unknown :-1 s=HELLO_CONNECTING pgs=0 cs=0 l=1 rev1=1 crypto rx=0 tx=0 comp rx=0 tx=0).handle_hello peer v2:172.21.15.137:3300/0 says I am v2:172.21.15.137:60848/0 (socket says 172.21.15.137:60848)
2024-06-15T00:58:09.441 INFO:teuthology.orchestra.run.smithi137.stdout:/usr/bin/ceph: stderr
2024-06-15T00:58:08.634+0000 7f7f3ad9d700 1 -- 172.21.15.137:0/2828684302 learned_addr learned my addr 172.21.15.137:0/2828684302 (peer_addr_for_me v2:172.21.15.137:0/0)
2024-06-15T00:58:09.441 INFO:teuthology.orchestra.run.smithi137.stdout:/usr/bin/ceph: stderr
2024-06-15T00:58:08.634+0000 7f7f3ad9d700 1 -- 172.21.15.137:0/2828684302 --> [v2:172.21.15.137:3300/0,v1:172.21.15.137:6789/0] -- mon_subscribe({config=0+,monmap=0+}) v3 -- 0x7f7f2c009550 con 0x7f7f3c07bdd0
2024-06-15T00:58:09.441 INFO:teuthology.orchestra.run.smithi137.stdout:/usr/bin/ceph: stderr
2024-06-15T00:58:08.634+0000 7f7f3ad9d700 1 --2- 172.21.15.137:0/2828684302 >> [v2:172.21.15.137:3300/0,v1:172.21.15.137:6789/0] conn(0x7f7f3c07bdd0 0x7f7f3c19c2c0 secure :-1 s=READY pgs=64 cs=0 l=1 rev1=1 crypto rx=0x7f7f2c000c00 tx=0x7f7f2c011ab0 comp rx=0 tx=0).ready entity=mon.0 client_cookie=0 server_cookie=0 in_seq=0 out_seq=0
2024-06-15T00:58:09.441 INFO:teuthology.orchestra.run.smithi137.stdout:/usr/bin/ceph: stderr
2024-06-15T00:58:08.635+0000 7f7f23fff700 1 -- 172.21.15.137:0/2828684302 <== mon.0 v2:172.21.15.137:3300/0 1 ==== mon_map magic: 0 v1 ==== 229+0+0 (secure 0 0 0) 0x7f7f2c003b40 con 0x7f7f3c07bdd0
2024-06-15T00:58:09.441 INFO:teuthology.orchestra.run.smithi137.stdout:/usr/bin/ceph: stderr
2024-06-15T00:58:08.635+0000 7f7f23fff700 1 -- 172.21.15.137:0/2828684302 <== mon.0 v2:172.21.15.137:3300/0 2 ==== config(26 keys) v1 ==== 1066+0+0 (secure 0 0 0) 0x7f7f2c0248d0 con 0x7f7f3c07bdd0
2024-06-15T00:58:09.441 INFO:teuthology.orchestra.run.smithi137.stdout:/usr/bin/ceph: stderr
2024-06-15T00:58:08.635+0000 7f7f41246700 1 -- 172.21.15.137:0/2828684302 --> [v2:172.21.15.137:3300/0,v1:172.21.15.137:6789/0] -- mon_subscribe({mgrmap=0+}) v3 -- 0x7f7f3c19ca00 con 0x7f7f3c07bdd0
2024-06-15T00:58:09.441 INFO:teuthology.orchestra.run.smithi137.stdout:/usr/bin/ceph: stderr
2024-06-15T00:58:08.635+0000 7f7f23fff700 1 -- 172.21.15.137:0/2828684302 <== mon.0 v2:172.21.15.137:3300/0 3 ==== mon_map magic: 0 v1 ==== 229+0+0 (secure 0 0 0) 0x7f7f2c01a820 con 0x7f7f3c07bdd0
2024-06-15T00:58:09.442 INFO:teuthology.orchestra.run.smithi137.stdout:/usr/bin/ceph: stderr
2024-06-15T00:58:08.635+0000 7f7f41246700 1 -- 172.21.15.137:0/2828684302 --> [v2:172.21.15.137:3300/0,v1:172.21.15.137:6789/0] -- mon_subscribe({osdmap=0}) v3 -- 0x7f7f3c19ce20 con 0x7f7f3c07bdd0
2024-06-15T00:58:09.442 INFO:teuthology.orchestra.run.smithi137.stdout:/usr/bin/ceph: stderr
2024-06-15T00:58:08.636+0000 7f7f23fff700 1 -- 172.21.15.137:0/2828684302 <== mon.0 v2:172.21.15.137:3300/0 4 ==== mgrmap(e 8) v1 ==== 45283+0+0 (secure 0 0 0) 0x7f7f2c01aae0 con 0x7f7f3c07bdd0
2024-06-15T00:58:09.442 INFO:teuthology.orchestra.run.smithi137.stdout:/usr/bin/ceph: stderr
2024-06-15T00:58:08.636+0000 7f7f23fff700 1 --2- 172.21.15.137:0/2828684302 >> [v2:172.21.15.137:6800/4018707027,v1:172.21.15.137:6801/4018707027] conn(0x7f7f24038320 0x7f7f2403a7e0 unknown :-1 s=NONE pgs=0 cs=0 l=1 rev1=0 crypto rx=0 tx=0 comp rx=0 tx=0).connect
2024-06-15T00:58:09.442 INFO:teuthology.orchestra.run.smithi137.stdout:/usr/bin/ceph: stderr
2024-06-15T00:58:08.636+0000 7f7f41246700 1 -- 172.21.15.137:0/2828684302 --> [v2:172.21.15.137:3300/0,v1:172.21.15.137:6789/0] -- mon_command({"prefix": "get_command_descriptions"} v 0) v1 -- 0x7f7f3c196310 con 0x7f7f3c07bdd0
2024-06-15T00:58:09.442 INFO:teuthology.orchestra.run.smithi137.stdout:/usr/bin/ceph: stderr
2024-06-15T00:58:08.636+0000 7f7f23fff700 1 -- 172.21.15.137:0/2828684302 <== mon.0 v2:172.21.15.137:3300/0 5 ==== osd_map(2..2 src has 1..2) v4 ==== 940+0+0 (secure 0 0 0) 0x7f7f2c04c3b0 con 0x7f7f3c07bdd0
2024-06-15T00:58:09.442 INFO:teuthology.orchestra.run.smithi137.stdout:/usr/bin/ceph: stderr
2024-06-15T00:58:08.636+0000 7f7f3a59c700 1 --2- 172.21.15.137:0/2828684302 >> [v2:172.21.15.137:6800/4018707027,v1:172.21.15.137:6801/4018707027] conn(0x7f7f24038320 0x7f7f2403a7e0 unknown :-1 s=BANNER_CONNECTING pgs=0 cs=0 l=1 rev1=0 crypto rx=0 tx=0 comp rx=0 tx=0)._handle_peer_banner_payload supported=3 required=0
2024-06-15T00:58:09.442 INFO:teuthology.orchestra.run.smithi137.stdout:/usr/bin/ceph: stderr
2024-06-15T00:58:08.636+0000 7f7f3a59c700 1 --2- 172.21.15.137:0/2828684302 >> [v2:172.21.15.137:6800/4018707027,v1:172.21.15.137:6801/4018707027] conn(0x7f7f24038320 0x7f7f2403a7e0 secure :-1 s=READY pgs=20 cs=0 l=1 rev1=1 crypto rx=0x7f7f30006fd0 tx=0x7f7f30006e40 comp rx=0 tx=0).ready entity=mgr.14120 client_cookie=0 server_cookie=0 in_seq=0 out_seq=0
2024-06-15T00:58:09.442 INFO:teuthology.orchestra.run.smithi137.stdout:/usr/bin/ceph: stderr
2024-06-15T00:58:08.641+0000 7f7f23fff700 1 -- 172.21.15.137:0/2828684302 <== mon.0 v2:172.21.15.137:3300/0 6 ==== mon_command_ack([{"prefix": "get_command_descriptions"}]=0 v0) v1 ==== 72+0+180422 (secure 0 0 0) 0x7f7f2c0233a0 con 0x7f7f3c07bdd0
2024-06-15T00:58:09.442 INFO:teuthology.orchestra.run.smithi137.stdout:/usr/bin/ceph: stderr
2024-06-15T00:58:08.829+0000 7f7f41246700 1 -- 172.21.15.137:0/2828684302 --> [v2:172.21.15.137:3300/0,v1:172.21.15.137:6789/0] -- mon_command([{prefix=config set, name=mgr/cephadm/container_init}] v 0) v1 -- 0x7f7f3c0623c0 con 0x7f7f3c07bdd0
2024-06-15T00:58:09.443 INFO:teuthology.orchestra.run.smithi137.stdout:/usr/bin/ceph: stderr
2024-06-15T00:58:08.833+0000 7f7f23fff700 1 -- 172.21.15.137:0/2828684302 <== mon.0 v2:172.21.15.137:3300/0 7 ==== mon_command_ack([{prefix=config set, name=mgr/cephadm/container_init}]=0 v7)=0 v7) v1 ==== 142+0+0 (secure 0 0 0) 0x7f7f2c02c350 con 0x7f7f3c07bdd0
2024-06-15T00:58:09.443 INFO:teuthology.orchestra.run.smithi137.stdout:/usr/bin/ceph: stderr
2024-06-15T00:58:08.835+0000 7f7f41246700 1 -- 172.21.15.137:0/2828684302 >> [v2:172.21.15.137:6800/4018707027,v1:172.21.15.137:6801/4018707027] conn(0x7f7f24038320 msgr2=0x7f7f2403a7e0 secure :-1 s=STATE_CONNECTION_ESTABLISHED l=1).mark_down
2024-06-15T00:58:09.443 INFO:teuthology.orchestra.run.smithi137.stdout:/usr/bin/ceph: stderr
2024-06-15T00:58:08.835+0000 7f7f41246700 1 --2- 172.21.15.137:0/2828684302 >> [v2:172.21.15.137:6800/4018707027,v1:172.21.15.137:6801/4018707027] conn(0x7f7f24038320 0x7f7f2403a7e0 secure :-1 s=READY pgs=20 cs=0 l=1 rev1=1 crypto rx=0x7f7f30006fd0 tx=0x7f7f30006e40 comp rx=0 tx=0).stop
2024-06-15T00:58:09.443 INFO:teuthology.orchestra.run.smithi137.stdout:/usr/bin/ceph: stderr
2024-06-15T00:58:08.835+0000 7f7f41246700 1 -- 172.21.15.137:0/2828684302 >> [v2:172.21.15.137:3300/0,v1:172.21.15.137:6789/0] conn(0x7f7f3c07bdd0 msgr2=0x7f7f3c19c2c0 secure :-1 s=STATE_CONNECTION_ESTABLISHED l=1).mark_down
2024-06-15T00:58:09.443 INFO:teuthology.orchestra.run.smithi137.stdout:/usr/bin/ceph: stderr
2024-06-15T00:58:08.835+0000 7f7f41246700 1 --2- 172.21.15.137:0/2828684302 >> [v2:172.21.15.137:3300/0,v1:172.21.15.137:6789/0] conn(0x7f7f3c07bdd0 0x7f7f3c19c2c0 secure :-1 s=READY pgs=64 cs=0 l=1 rev1=1 crypto rx=0x7f7f2c000c00 tx=0x7f7f2c011ab0 comp rx=0 tx=0).stop
2024-06-15T00:58:09.443 INFO:teuthology.orchestra.run.smithi137.stdout:/usr/bin/ceph: stderr
2024-06-15T00:58:08.835+0000 7f7f41246700 1 -- 172.21.15.137:0/2828684302 shutdown_connections
2024-06-15T00:58:09.443 INFO:teuthology.orchestra.run.smithi137.stdout:/usr/bin/ceph: stderr
2024-06-15T00:58:08.835+0000 7f7f41246700 1 --2- 172.21.15.137:0/2828684302 >> [v2:172.21.15.137:6800/4018707027,v1:172.21.15.137:6801/4018707027] conn(0x7f7f24038320 0x7f7f2403a7e0 unknown :-1 s=CLOSED pgs=20 cs=0 l=1 rev1=1 crypto rx=0 tx=0 comp rx=0 tx=0).stop
2024-06-15T00:58:09.443 INFO:teuthology.orchestra.run.smithi137.stdout:/usr/bin/ceph: stderr
2024-06-15T00:58:08.835+0000 7f7f41246700 1 --2- 172.21.15.137:0/2828684302 >> [v2:172.21.15.137:3300/0,v1:172.21.15.137:6789/0] conn(0x7f7f3c07bdd0 0x7f7f3c19c2c0 unknown :-1 s=CLOSED pgs=64 cs=0 l=1 rev1=1 crypto rx=0 tx=0 comp rx=0 tx=0).stop
2024-06-15T00:58:09.443 INFO:teuthology.orchestra.run.smithi137.stdout:/usr/bin/ceph: stderr
2024-06-15T00:58:08.835+0000 7f7f41246700 1 -- 172.21.15.137:0/2828684302 >> 172.21.15.137:0/2828684302 conn(0x7f7f3c101910 msgr2=0x7f7f3c103080 unknown :-1 s=STATE_NONE l=0).mark_down
2024-06-15T00:58:09.443 INFO:teuthology.orchestra.run.smithi137.stdout:/usr/bin/ceph: stderr
2024-06-15T00:58:08.836+0000 7f7f41246700 1 -- 172.21.15.137:0/2828684302 shutdown_connections
2024-06-15T00:58:09.443 INFO:teuthology.orchestra.run.smithi137.stdout:/usr/bin/ceph: stderr
2024-06-15T00:58:08.836+0000 7f7f41246700 1 -- 172.21.15.137:0/2828684302 wait complete.
2024-06-15T00:58:10.042 INFO:journalctl@ceph.mon.smithi137.smithi137.stdout:Jun 15 00:58:09 smithi137 ceph-mon[29354]: pgmap v4: 0 pgs: ; 0 B data, 0 B used, 0 B / 0 B avail
2024-06-15T00:58:10.042 INFO:journalctl@ceph.mon.smithi137.smithi137.stdout:Jun 15 00:58:09 smithi137 ceph-mon[29354]: from='client.? 172.21.15.137:0/2828684302' entity='client.admin'
2024-06-15T00:58:10.605 INFO:teuthology.orchestra.run.smithi137.stdout:/usr/bin/ceph: stderr
2024-06-15T00:58:09.845+0000 7f59b312b700 1 Processor -- start
2024-06-15T00:58:10.605 INFO:teuthology.orchestra.run.smithi137.stdout:/usr/bin/ceph: stderr
2024-06-15T00:58:09.845+0000 7f59b312b700 1 -- start start
2024-06-15T00:58:10.605 INFO:teuthology.orchestra.run.smithi137.stdout:/usr/bin/ceph: stderr
2024-06-15T00:58:09.846+0000 7f59b312b700 1 --2- >> [v2:172.21.15.137:3300/0,v1:172.21.15.137:6789/0] conn(0x7f59ac106330 0x7f59ac106750 unknown :-1 s=NONE pgs=0 cs=0 l=0 rev1=0 crypto rx=0 tx=0 comp rx=0 tx=0).connect
2024-06-15T00:58:10.605 INFO:teuthology.orchestra.run.smithi137.stdout:/usr/bin/ceph: stderr
2024-06-15T00:58:09.846+0000 7f59b312b700 1 -- --> [v2:172.21.15.137:3300/0,v1:172.21.15.137:6789/0] -- mon_getmap magic: 0 v1 -- 0x7f59ac106d20 con 0x7f59ac106330
2024-06-15T00:58:10.605 INFO:teuthology.orchestra.run.smithi137.stdout:/usr/bin/ceph: stderr
2024-06-15T00:58:09.846+0000 7f59b0ec7700 1 --2- >> [v2:172.21.15.137:3300/0,v1:172.21.15.137:6789/0] conn(0x7f59ac106330 0x7f59ac106750 unknown :-1 s=BANNER_CONNECTING pgs=0 cs=0 l=0 rev1=0 crypto rx=0 tx=0 comp rx=0 tx=0)._handle_peer_banner_payload supported=3 required=0
2024-06-15T00:58:10.605 INFO:teuthology.orchestra.run.smithi137.stdout:/usr/bin/ceph: stderr
2024-06-15T00:58:09.846+0000 7f59b0ec7700 1 --2- >> [v2:172.21.15.137:3300/0,v1:172.21.15.137:6789/0] conn(0x7f59ac106330 0x7f59ac106750 unknown :-1 s=HELLO_CONNECTING pgs=0 cs=0 l=0 rev1=1 crypto rx=0 tx=0 comp rx=0 tx=0).handle_hello peer v2:172.21.15.137:3300/0 says I am v2:172.21.15.137:60862/0 (socket says 172.21.15.137:60862)
2024-06-15T00:58:10.605 INFO:teuthology.orchestra.run.smithi137.stdout:/usr/bin/ceph: stderr
2024-06-15T00:58:09.846+0000 7f59b0ec7700 1 -- 172.21.15.137:0/1018939022 learned_addr learned my addr 172.21.15.137:0/1018939022 (peer_addr_for_me v2:172.21.15.137:0/0)
2024-06-15T00:58:10.605 INFO:teuthology.orchestra.run.smithi137.stdout:/usr/bin/ceph: stderr
2024-06-15T00:58:09.846+0000 7f59b0ec7700 1 -- 172.21.15.137:0/1018939022 --> [v2:172.21.15.137:3300/0,v1:172.21.15.137:6789/0] -- mon_subscribe({config=0+,monmap=0+}) v3 -- 0x7f59ac107530 con 0x7f59ac106330
2024-06-15T00:58:10.605 INFO:teuthology.orchestra.run.smithi137.stdout:/usr/bin/ceph: stderr
2024-06-15T00:58:09.846+0000 7f59b0ec7700 1 --2- 172.21.15.137:0/1018939022 >> [v2:172.21.15.137:3300/0,v1:172.21.15.137:6789/0] conn(0x7f59ac106330 0x7f59ac106750 secure :-1 s=READY pgs=65 cs=0 l=1 rev1=1 crypto rx=0x7f59a40098a0 tx=0x7f59a4009bb0 comp rx=0 tx=0).ready entity=mon.0 client_cookie=50aa1b65dd3276d3 server_cookie=0 in_seq=0 out_seq=0
2024-06-15T00:58:10.605 INFO:teuthology.orchestra.run.smithi137.stdout:/usr/bin/ceph: stderr
2024-06-15T00:58:09.846+0000 7f59ab7fe700 1 -- 172.21.15.137:0/1018939022 <== mon.0 v2:172.21.15.137:3300/0 1 ==== mon_map magic: 0 v1 ==== 229+0+0 (secure 0 0 0) 0x7f59a4004180 con 0x7f59ac106330
2024-06-15T00:58:10.606 INFO:teuthology.orchestra.run.smithi137.stdout:/usr/bin/ceph: stderr
2024-06-15T00:58:09.846+0000 7f59ab7fe700 1 -- 172.21.15.137:0/1018939022 <== mon.0 v2:172.21.15.137:3300/0 2 ==== config(26 keys) v1 ==== 1066+0+0 (secure 0 0 0) 0x7f59a40042e0 con 0x7f59ac106330
2024-06-15T00:58:10.606 INFO:teuthology.orchestra.run.smithi137.stdout:/usr/bin/ceph: stderr
2024-06-15T00:58:09.846+0000 7f59ab7fe700 1 -- 172.21.15.137:0/1018939022 <== mon.0 v2:172.21.15.137:3300/0 3 ==== mon_map magic: 0 v1 ==== 229+0+0 (secure 0 0 0) 0x7f59a4011a30 con 0x7f59ac106330
2024-06-15T00:58:10.606 INFO:teuthology.orchestra.run.smithi137.stdout:/usr/bin/ceph: stderr
2024-06-15T00:58:09.847+0000 7f59b312b700 1 -- 172.21.15.137:0/1018939022 >> [v2:172.21.15.137:3300/0,v1:172.21.15.137:6789/0] conn(0x7f59ac106330 msgr2=0x7f59ac106750 secure :-1 s=STATE_CONNECTION_ESTABLISHED l=1).mark_down
2024-06-15T00:58:10.606 INFO:teuthology.orchestra.run.smithi137.stdout:/usr/bin/ceph: stderr
2024-06-15T00:58:09.847+0000 7f59b312b700 1 --2- 172.21.15.137:0/1018939022 >> [v2:172.21.15.137:3300/0,v1:172.21.15.137:6789/0] conn(0x7f59ac106330 0x7f59ac106750 secure :-1 s=READY pgs=65 cs=0 l=1 rev1=1 crypto rx=0x7f59a40098a0 tx=0x7f59a4009bb0 comp rx=0 tx=0).stop
2024-06-15T00:58:10.606 INFO:teuthology.orchestra.run.smithi137.stdout:/usr/bin/ceph: stderr
2024-06-15T00:58:09.847+0000 7f59b312b700 1 -- 172.21.15.137:0/1018939022 shutdown_connections
2024-06-15T00:58:10.606 INFO:teuthology.orchestra.run.smithi137.stdout:/usr/bin/ceph: stderr
2024-06-15T00:58:09.847+0000 7f59b312b700 1 --2- 172.21.15.137:0/1018939022 >> [v2:172.21.15.137:3300/0,v1:172.21.15.137:6789/0] conn(0x7f59ac106330 0x7f59ac106750 unknown :-1 s=CLOSED pgs=65 cs=0 l=1 rev1=1 crypto rx=0 tx=0 comp rx=0 tx=0).stop
2024-06-15T00:58:10.606 INFO:teuthology.orchestra.run.smithi137.stdout:/usr/bin/ceph: stderr
2024-06-15T00:58:09.847+0000 7f59b312b700 1 -- 172.21.15.137:0/1018939022 >> 172.21.15.137:0/1018939022 conn(0x7f59ac101910 msgr2=0x7f59ac103d30 unknown :-1 s=STATE_NONE l=0).mark_down
2024-06-15T00:58:10.606 INFO:teuthology.orchestra.run.smithi137.stdout:/usr/bin/ceph: stderr
2024-06-15T00:58:09.847+0000 7f59b312b700 1 -- 172.21.15.137:0/1018939022 shutdown_connections
2024-06-15T00:58:10.606 INFO:teuthology.orchestra.run.smithi137.stdout:/usr/bin/ceph: stderr
2024-06-15T00:58:09.847+0000 7f59b312b700 1 -- 172.21.15.137:0/1018939022 wait complete.
2024-06-15T00:58:10.606 INFO:teuthology.orchestra.run.smithi137.stdout:/usr/bin/ceph: stderr
2024-06-15T00:58:09.848+0000 7f59b312b700 1 Processor -- start
2024-06-15T00:58:10.606 INFO:teuthology.orchestra.run.smithi137.stdout:/usr/bin/ceph: stderr
2024-06-15T00:58:09.848+0000 7f59b312b700 1 -- start start
2024-06-15T00:58:10.606 INFO:teuthology.orchestra.run.smithi137.stdout:/usr/bin/ceph: stderr
2024-06-15T00:58:09.848+0000 7f59b312b700 1 --2- >> [v2:172.21.15.137:3300/0,v1:172.21.15.137:6789/0] conn(0x7f59ac106330 0x7f59ac19a0c0 unknown :-1 s=NONE pgs=0 cs=0 l=1 rev1=0 crypto rx=0 tx=0 comp rx=0 tx=0).connect
2024-06-15T00:58:10.606 INFO:teuthology.orchestra.run.smithi137.stdout:/usr/bin/ceph: stderr
2024-06-15T00:58:09.848+0000 7f59b312b700 1 -- --> [v2:172.21.15.137:3300/0,v1:172.21.15.137:6789/0] -- mon_getmap magic: 0 v1 -- 0x7f59ac19a600 con 0x7f59ac106330
2024-06-15T00:58:10.607 INFO:teuthology.orchestra.run.smithi137.stdout:/usr/bin/ceph: stderr
2024-06-15T00:58:09.848+0000 7f59b0ec7700 1 --2- >> [v2:172.21.15.137:3300/0,v1:172.21.15.137:6789/0] conn(0x7f59ac106330 0x7f59ac19a0c0 unknown :-1 s=BANNER_CONNECTING pgs=0 cs=0 l=1 rev1=0 crypto rx=0 tx=0 comp rx=0 tx=0)._handle_peer_banner_payload supported=3 required=0
2024-06-15T00:58:10.607 INFO:teuthology.orchestra.run.smithi137.stdout:/usr/bin/ceph: stderr
2024-06-15T00:58:09.848+0000 7f59b0ec7700 1 --2- >> [v2:172.21.15.137:3300/0,v1:172.21.15.137:6789/0] conn(0x7f59ac106330 0x7f59ac19a0c0 unknown :-1 s=HELLO_CONNECTING pgs=0 cs=0 l=1 rev1=1 crypto rx=0 tx=0 comp rx=0 tx=0).handle_hello peer v2:172.21.15.137:3300/0 says I am v2:172.21.15.137:60868/0 (socket says 172.21.15.137:60868)
2024-06-15T00:58:10.607 INFO:teuthology.orchestra.run.smithi137.stdout:/usr/bin/ceph: stderr
2024-06-15T00:58:09.848+0000 7f59b0ec7700 1 -- 172.21.15.137:0/3085778402 learned_addr learned my addr 172.21.15.137:0/3085778402 (peer_addr_for_me v2:172.21.15.137:0/0)
2024-06-15T00:58:10.607 INFO:teuthology.orchestra.run.smithi137.stdout:/usr/bin/ceph: stderr
2024-06-15T00:58:09.848+0000 7f59b0ec7700 1 -- 172.21.15.137:0/3085778402 --> [v2:172.21.15.137:3300/0,v1:172.21.15.137:6789/0] -- mon_subscribe({config=0+,monmap=0+}) v3 -- 0x7f59a4009550 con 0x7f59ac106330
2024-06-15T00:58:10.607 INFO:teuthology.orchestra.run.smithi137.stdout:/usr/bin/ceph: stderr
2024-06-15T00:58:09.848+0000 7f59b0ec7700 1 --2- 172.21.15.137:0/3085778402 >> [v2:172.21.15.137:3300/0,v1:172.21.15.137:6789/0] conn(0x7f59ac106330 0x7f59ac19a0c0 secure :-1 s=READY pgs=66 cs=0 l=1 rev1=1 crypto rx=0x7f59a4000c00 tx=0x7f59a4011ab0 comp rx=0 tx=0).ready entity=mon.0 client_cookie=0 server_cookie=0 in_seq=0 out_seq=0
2024-06-15T00:58:10.607 INFO:teuthology.orchestra.run.smithi137.stdout:/usr/bin/ceph: stderr
2024-06-15T00:58:09.848+0000 7f59a9ffb700 1 -- 172.21.15.137:0/3085778402 <== mon.0 v2:172.21.15.137:3300/0 1 ==== mon_map magic: 0 v1 ==== 229+0+0 (secure 0 0 0) 0x7f59a4003b40 con 0x7f59ac106330
2024-06-15T00:58:10.607 INFO:teuthology.orchestra.run.smithi137.stdout:/usr/bin/ceph: stderr
