2024-06-15T00:58:02.048+0000 7f1adffff700 1 --2- >> [v2:172.21.15.137:3300/0,v1:172.21.15.137:6789/0] conn(0x7f1ae0106330 0x7f1ae019a090 unknown :-1 s=BANNER_CONNECTING pgs=0 cs=0 l=1 rev1=0 crypto rx=0 tx=0 comp rx=0 tx=0)._handle_peer_banner_payload supported=3 required=0
2024-06-15T00:58:03.351 INFO:teuthology.orchestra.run.smithi137.stdout:/usr/bin/ceph: stderr
2024-06-15T00:58:02.048+0000 7f1adffff700 1 --2- >> [v2:172.21.15.137:3300/0,v1:172.21.15.137:6789/0] conn(0x7f1ae0106330 0x7f1ae019a090 unknown :-1 s=HELLO_CONNECTING pgs=0 cs=0 l=1 rev1=1 crypto rx=0 tx=0 comp rx=0 tx=0).handle_hello peer v2:172.21.15.137:3300/0 says I am v2:172.21.15.137:58838/0 (socket says 172.21.15.137:58838)
2024-06-15T00:58:03.351 INFO:teuthology.orchestra.run.smithi137.stdout:/usr/bin/ceph: stderr
2024-06-15T00:58:02.048+0000 7f1adffff700 1 -- 172.21.15.137:0/910270925 learned_addr learned my addr 172.21.15.137:0/910270925 (peer_addr_for_me v2:172.21.15.137:0/0)
2024-06-15T00:58:03.351 INFO:teuthology.orchestra.run.smithi137.stdout:/usr/bin/ceph: stderr
2024-06-15T00:58:02.048+0000 7f1adffff700 1 -- 172.21.15.137:0/910270925 --> [v2:172.21.15.137:3300/0,v1:172.21.15.137:6789/0] -- mon_subscribe({config=0+,monmap=0+}) v3 -- 0x7f1ad0009550 con 0x7f1ae0106330
2024-06-15T00:58:03.351 INFO:teuthology.orchestra.run.smithi137.stdout:/usr/bin/ceph: stderr
2024-06-15T00:58:02.048+0000 7f1adffff700 1 --2- 172.21.15.137:0/910270925 >> [v2:172.21.15.137:3300/0,v1:172.21.15.137:6789/0] conn(0x7f1ae0106330 0x7f1ae019a090 secure :-1 s=READY pgs=54 cs=0 l=1 rev1=1 crypto rx=0x7f1ad0006af0 tx=0x7f1ad0011b20 comp rx=0 tx=0).ready entity=mon.0 client_cookie=0 server_cookie=0 in_seq=0 out_seq=0
2024-06-15T00:58:03.351 INFO:teuthology.orchestra.run.smithi137.stdout:/usr/bin/ceph: stderr
2024-06-15T00:58:02.050+0000 7f1add7fa700 1 -- 172.21.15.137:0/910270925 <== mon.0 v2:172.21.15.137:3300/0 1 ==== mon_map magic: 0 v1 ==== 229+0+0 (secure 0 0 0) 0x7f1ad0003a80 con 0x7f1ae0106330
2024-06-15T00:58:03.351 INFO:teuthology.orchestra.run.smithi137.stdout:/usr/bin/ceph: stderr
2024-06-15T00:58:02.050+0000 7f1add7fa700 1 -- 172.21.15.137:0/910270925 <== mon.0 v2:172.21.15.137:3300/0 2 ==== config(26 keys) v1 ==== 1066+0+0 (secure 0 0 0) 0x7f1ad0003be0 con 0x7f1ae0106330
2024-06-15T00:58:03.351 INFO:teuthology.orchestra.run.smithi137.stdout:/usr/bin/ceph: stderr
2024-06-15T00:58:02.050+0000 7f1ae648a700 1 -- 172.21.15.137:0/910270925 --> [v2:172.21.15.137:3300/0,v1:172.21.15.137:6789/0] -- mon_subscribe({mgrmap=0+}) v3 -- 0x7f1ae019a7d0 con 0x7f1ae0106330
2024-06-15T00:58:03.352 INFO:teuthology.orchestra.run.smithi137.stdout:/usr/bin/ceph: stderr
2024-06-15T00:58:02.050+0000 7f1add7fa700 1 -- 172.21.15.137:0/910270925 <== mon.0 v2:172.21.15.137:3300/0 3 ==== mon_map magic: 0 v1 ==== 229+0+0 (secure 0 0 0) 0x7f1ad0019770 con 0x7f1ae0106330
2024-06-15T00:58:03.352 INFO:teuthology.orchestra.run.smithi137.stdout:/usr/bin/ceph: stderr
2024-06-15T00:58:02.050+0000 7f1ae648a700 1 -- 172.21.15.137:0/910270925 --> [v2:172.21.15.137:3300/0,v1:172.21.15.137:6789/0] -- mon_subscribe({osdmap=0}) v3 -- 0x7f1ae019abf0 con 0x7f1ae0106330
2024-06-15T00:58:03.352 INFO:teuthology.orchestra.run.smithi137.stdout:/usr/bin/ceph: stderr
2024-06-15T00:58:02.051+0000 7f1add7fa700 1 -- 172.21.15.137:0/910270925 <== mon.0 v2:172.21.15.137:3300/0 4 ==== mgrmap(e 8) v1 ==== 45283+0+0 (secure 0 0 0) 0x7f1ad0019a30 con 0x7f1ae0106330
2024-06-15T00:58:03.352 INFO:teuthology.orchestra.run.smithi137.stdout:/usr/bin/ceph: stderr
2024-06-15T00:58:02.051+0000 7f1add7fa700 1 --2- 172.21.15.137:0/910270925 >> [v2:172.21.15.137:6800/4018707027,v1:172.21.15.137:6801/4018707027] conn(0x7f1ac80382e0 0x7f1ac803a7a0 unknown :-1 s=NONE pgs=0 cs=0 l=1 rev1=0 crypto rx=0 tx=0 comp rx=0 tx=0).connect
2024-06-15T00:58:03.352 INFO:teuthology.orchestra.run.smithi137.stdout:/usr/bin/ceph: stderr
2024-06-15T00:58:02.051+0000 7f1add7fa700 1 -- 172.21.15.137:0/910270925 <== mon.0 v2:172.21.15.137:3300/0 5 ==== osd_map(2..2 src has 1..2) v4 ==== 940+0+0 (secure 0 0 0) 0x7f1ad004d4c0 con 0x7f1ae0106330
2024-06-15T00:58:03.352 INFO:teuthology.orchestra.run.smithi137.stdout:/usr/bin/ceph: stderr
2024-06-15T00:58:02.051+0000 7f1adf7fe700 1 --2- 172.21.15.137:0/910270925 >> [v2:172.21.15.137:6800/4018707027,v1:172.21.15.137:6801/4018707027] conn(0x7f1ac80382e0 0x7f1ac803a7a0 unknown :-1 s=BANNER_CONNECTING pgs=0 cs=0 l=1 rev1=0 crypto rx=0 tx=0 comp rx=0 tx=0)._handle_peer_banner_payload supported=3 required=0
2024-06-15T00:58:03.352 INFO:teuthology.orchestra.run.smithi137.stdout:/usr/bin/ceph: stderr
2024-06-15T00:58:02.051+0000 7f1ae648a700 1 -- 172.21.15.137:0/910270925 --> [v2:172.21.15.137:3300/0,v1:172.21.15.137:6789/0] -- mon_command({"prefix": "get_command_descriptions"} v 0) v1 -- 0x7f1ae0194110 con 0x7f1ae0106330
2024-06-15T00:58:03.352 INFO:teuthology.orchestra.run.smithi137.stdout:/usr/bin/ceph: stderr
2024-06-15T00:58:02.051+0000 7f1adf7fe700 1 --2- 172.21.15.137:0/910270925 >> [v2:172.21.15.137:6800/4018707027,v1:172.21.15.137:6801/4018707027] conn(0x7f1ac80382e0 0x7f1ac803a7a0 secure :-1 s=READY pgs=15 cs=0 l=1 rev1=1 crypto rx=0x7f1ad4006fd0 tx=0x7f1ad4006e40 comp rx=0 tx=0).ready entity=mgr.14120 client_cookie=0 server_cookie=0 in_seq=0 out_seq=0
2024-06-15T00:58:03.352 INFO:teuthology.orchestra.run.smithi137.stdout:/usr/bin/ceph: stderr
2024-06-15T00:58:02.058+0000 7f1add7fa700 1 -- 172.21.15.137:0/910270925 <== mon.0 v2:172.21.15.137:3300/0 6 ==== mon_command_ack([{"prefix": "get_command_descriptions"}]=0 v0) v1 ==== 72+0+180422 (secure 0 0 0) 0x7f1ad002c3a0 con 0x7f1ae0106330
2024-06-15T00:58:03.352 INFO:teuthology.orchestra.run.smithi137.stdout:/usr/bin/ceph: stderr
2024-06-15T00:58:02.291+0000 7f1ae648a700 1 -- 172.21.15.137:0/910270925 --> [v2:172.21.15.137:6800/4018707027,v1:172.21.15.137:6801/4018707027] -- mgr_command(tid 0: {"prefix": "orch apply", "service_type": "ceph-exporter", "target": ["mon-mgr", ""]}) v1 -- 0x7f1ae010a8a0 con 0x7f1ac80382e0
2024-06-15T00:58:03.352 INFO:teuthology.orchestra.run.smithi137.stdout:/usr/bin/ceph: stderr
2024-06-15T00:58:02.295+0000 7f1add7fa700 1 -- 172.21.15.137:0/910270925 <== mgr.14120 v2:172.21.15.137:6800/4018707027 1 ==== mgr_command_reply(tid 0: 0 ) v1 ==== 8+0+34 (secure 0 0 0) 0x7f1ae010a8a0 con 0x7f1ac80382e0
2024-06-15T00:58:03.352 INFO:teuthology.orchestra.run.smithi137.stdout:/usr/bin/ceph: stderr
2024-06-15T00:58:02.297+0000 7f1ae648a700 1 -- 172.21.15.137:0/910270925 >> [v2:172.21.15.137:6800/4018707027,v1:172.21.15.137:6801/4018707027] conn(0x7f1ac80382e0 msgr2=0x7f1ac803a7a0 secure :-1 s=STATE_CONNECTION_ESTABLISHED l=1).mark_down
2024-06-15T00:58:03.352 INFO:teuthology.orchestra.run.smithi137.stdout:/usr/bin/ceph: stderr
2024-06-15T00:58:02.297+0000 7f1ae648a700 1 --2- 172.21.15.137:0/910270925 >> [v2:172.21.15.137:6800/4018707027,v1:172.21.15.137:6801/4018707027] conn(0x7f1ac80382e0 0x7f1ac803a7a0 secure :-1 s=READY pgs=15 cs=0 l=1 rev1=1 crypto rx=0x7f1ad4006fd0 tx=0x7f1ad4006e40 comp rx=0 tx=0).stop
2024-06-15T00:58:03.353 INFO:teuthology.orchestra.run.smithi137.stdout:/usr/bin/ceph: stderr
2024-06-15T00:58:02.297+0000 7f1ae648a700 1 -- 172.21.15.137:0/910270925 >> [v2:172.21.15.137:3300/0,v1:172.21.15.137:6789/0] conn(0x7f1ae0106330 msgr2=0x7f1ae019a090 secure :-1 s=STATE_CONNECTION_ESTABLISHED l=1).mark_down
2024-06-15T00:58:03.353 INFO:teuthology.orchestra.run.smithi137.stdout:/usr/bin/ceph: stderr
2024-06-15T00:58:02.297+0000 7f1ae648a700 1 --2- 172.21.15.137:0/910270925 >> [v2:172.21.15.137:3300/0,v1:172.21.15.137:6789/0] conn(0x7f1ae0106330 0x7f1ae019a090 secure :-1 s=READY pgs=54 cs=0 l=1 rev1=1 crypto rx=0x7f1ad0006af0 tx=0x7f1ad0011b20 comp rx=0 tx=0).stop
2024-06-15T00:58:03.353 INFO:teuthology.orchestra.run.smithi137.stdout:/usr/bin/ceph: stderr
2024-06-15T00:58:02.298+0000 7f1ae648a700 1 -- 172.21.15.137:0/910270925 shutdown_connections
2024-06-15T00:58:03.353 INFO:teuthology.orchestra.run.smithi137.stdout:/usr/bin/ceph: stderr
2024-06-15T00:58:02.298+0000 7f1ae648a700 1 --2- 172.21.15.137:0/910270925 >> [v2:172.21.15.137:6800/4018707027,v1:172.21.15.137:6801/4018707027] conn(0x7f1ac80382e0 0x7f1ac803a7a0 unknown :-1 s=CLOSED pgs=15 cs=0 l=1 rev1=1 crypto rx=0 tx=0 comp rx=0 tx=0).stop
2024-06-15T00:58:03.353 INFO:teuthology.orchestra.run.smithi137.stdout:/usr/bin/ceph: stderr
2024-06-15T00:58:02.298+0000 7f1ae648a700 1 --2- 172.21.15.137:0/910270925 >> [v2:172.21.15.137:3300/0,v1:172.21.15.137:6789/0] conn(0x7f1ae0106330 0x7f1ae019a090 unknown :-1 s=CLOSED pgs=54 cs=0 l=1 rev1=1 crypto rx=0 tx=0 comp rx=0 tx=0).stop
2024-06-15T00:58:03.353 INFO:teuthology.orchestra.run.smithi137.stdout:/usr/bin/ceph: stderr
2024-06-15T00:58:02.298+0000 7f1ae648a700 1 -- 172.21.15.137:0/910270925 >> 172.21.15.137:0/910270925 conn(0x7f1ae0101910 msgr2=0x7f1ae0103090 unknown :-1 s=STATE_NONE l=0).mark_down
2024-06-15T00:58:03.353 INFO:teuthology.orchestra.run.smithi137.stdout:/usr/bin/ceph: stderr
2024-06-15T00:58:02.298+0000 7f1ae648a700 1 -- 172.21.15.137:0/910270925 shutdown_connections
2024-06-15T00:58:03.353 INFO:teuthology.orchestra.run.smithi137.stdout:/usr/bin/ceph: stderr
2024-06-15T00:58:02.298+0000 7f1ae648a700 1 -- 172.21.15.137:0/910270925 wait complete.
2024-06-15T00:58:03.353 INFO:teuthology.orchestra.run.smithi137.stdout:Deploying prometheus service with default placement...
2024-06-15T00:58:04.649 INFO:teuthology.orchestra.run.smithi137.stdout:/usr/bin/ceph: stdout Scheduled prometheus update...
2024-06-15T00:58:04.649 INFO:teuthology.orchestra.run.smithi137.stdout:/usr/bin/ceph: stderr
2024-06-15T00:58:03.772+0000 7f1dd6443700 1 Processor -- start
2024-06-15T00:58:04.649 INFO:teuthology.orchestra.run.smithi137.stdout:/usr/bin/ceph: stderr
2024-06-15T00:58:03.772+0000 7f1dd6443700 1 -- start start
2024-06-15T00:58:04.649 INFO:teuthology.orchestra.run.smithi137.stdout:/usr/bin/ceph: stderr
2024-06-15T00:58:03.773+0000 7f1dd6443700 1 --2- >> [v2:172.21.15.137:3300/0,v1:172.21.15.137:6789/0] conn(0x7f1dd0106330 0x7f1dd0106750 unknown :-1 s=NONE pgs=0 cs=0 l=0 rev1=0 crypto rx=0 tx=0 comp rx=0 tx=0).connect
2024-06-15T00:58:04.649 INFO:teuthology.orchestra.run.smithi137.stdout:/usr/bin/ceph: stderr
2024-06-15T00:58:03.773+0000 7f1dd6443700 1 -- --> [v2:172.21.15.137:3300/0,v1:172.21.15.137:6789/0] -- mon_getmap magic: 0 v1 -- 0x7f1dd0106d20 con 0x7f1dd0106330
2024-06-15T00:58:04.649 INFO:teuthology.orchestra.run.smithi137.stdout:/usr/bin/ceph: stderr
2024-06-15T00:58:03.773+0000 7f1dcffff700 1 --2- >> [v2:172.21.15.137:3300/0,v1:172.21.15.137:6789/0] conn(0x7f1dd0106330 0x7f1dd0106750 unknown :-1 s=BANNER_CONNECTING pgs=0 cs=0 l=0 rev1=0 crypto rx=0 tx=0 comp rx=0 tx=0)._handle_peer_banner_payload supported=3 required=0
2024-06-15T00:58:04.650 INFO:teuthology.orchestra.run.smithi137.stdout:/usr/bin/ceph: stderr
2024-06-15T00:58:03.773+0000 7f1dcffff700 1 --2- >> [v2:172.21.15.137:3300/0,v1:172.21.15.137:6789/0] conn(0x7f1dd0106330 0x7f1dd0106750 unknown :-1 s=HELLO_CONNECTING pgs=0 cs=0 l=0 rev1=1 crypto rx=0 tx=0 comp rx=0 tx=0).handle_hello peer v2:172.21.15.137:3300/0 says I am v2:172.21.15.137:58854/0 (socket says 172.21.15.137:58854)
2024-06-15T00:58:04.650 INFO:teuthology.orchestra.run.smithi137.stdout:/usr/bin/ceph: stderr
2024-06-15T00:58:03.773+0000 7f1dcffff700 1 -- 172.21.15.137:0/2062930674 learned_addr learned my addr 172.21.15.137:0/2062930674 (peer_addr_for_me v2:172.21.15.137:0/0)
2024-06-15T00:58:04.650 INFO:teuthology.orchestra.run.smithi137.stdout:/usr/bin/ceph: stderr
2024-06-15T00:58:03.773+0000 7f1dcffff700 1 -- 172.21.15.137:0/2062930674 --> [v2:172.21.15.137:3300/0,v1:172.21.15.137:6789/0] -- mon_subscribe({config=0+,monmap=0+}) v3 -- 0x7f1dd0107530 con 0x7f1dd0106330
2024-06-15T00:58:04.650 INFO:teuthology.orchestra.run.smithi137.stdout:/usr/bin/ceph: stderr
2024-06-15T00:58:03.773+0000 7f1dcffff700 1 --2- 172.21.15.137:0/2062930674 >> [v2:172.21.15.137:3300/0,v1:172.21.15.137:6789/0] conn(0x7f1dd0106330 0x7f1dd0106750 secure :-1 s=READY pgs=55 cs=0 l=1 rev1=1 crypto rx=0x7f1db80098a0 tx=0x7f1db8009bb0 comp rx=0 tx=0).ready entity=mon.0 client_cookie=cc8ed7cc39bb2748 server_cookie=0 in_seq=0 out_seq=0
2024-06-15T00:58:04.650 INFO:teuthology.orchestra.run.smithi137.stdout:/usr/bin/ceph: stderr
2024-06-15T00:58:03.773+0000 7f1dceffd700 1 -- 172.21.15.137:0/2062930674 <== mon.0 v2:172.21.15.137:3300/0 1 ==== mon_map magic: 0 v1 ==== 229+0+0 (secure 0 0 0) 0x7f1db8004180 con 0x7f1dd0106330
2024-06-15T00:58:04.650 INFO:teuthology.orchestra.run.smithi137.stdout:/usr/bin/ceph: stderr
2024-06-15T00:58:03.773+0000 7f1dceffd700 1 -- 172.21.15.137:0/2062930674 <== mon.0 v2:172.21.15.137:3300/0 2 ==== config(26 keys) v1 ==== 1066+0+0 (secure 0 0 0) 0x7f1db80042e0 con 0x7f1dd0106330
2024-06-15T00:58:04.650 INFO:teuthology.orchestra.run.smithi137.stdout:/usr/bin/ceph: stderr
2024-06-15T00:58:03.773+0000 7f1dceffd700 1 -- 172.21.15.137:0/2062930674 <== mon.0 v2:172.21.15.137:3300/0 3 ==== mon_map magic: 0 v1 ==== 229+0+0 (secure 0 0 0) 0x7f1db8011a30 con 0x7f1dd0106330
2024-06-15T00:58:04.650 INFO:teuthology.orchestra.run.smithi137.stdout:/usr/bin/ceph: stderr
2024-06-15T00:58:03.774+0000 7f1dd6443700 1 -- 172.21.15.137:0/2062930674 >> [v2:172.21.15.137:3300/0,v1:172.21.15.137:6789/0] conn(0x7f1dd0106330 msgr2=0x7f1dd0106750 secure :-1 s=STATE_CONNECTION_ESTABLISHED l=1).mark_down
2024-06-15T00:58:04.650 INFO:teuthology.orchestra.run.smithi137.stdout:/usr/bin/ceph: stderr
2024-06-15T00:58:03.774+0000 7f1dd6443700 1 --2- 172.21.15.137:0/2062930674 >> [v2:172.21.15.137:3300/0,v1:172.21.15.137:6789/0] conn(0x7f1dd0106330 0x7f1dd0106750 secure :-1 s=READY pgs=55 cs=0 l=1 rev1=1 crypto rx=0x7f1db80098a0 tx=0x7f1db8009bb0 comp rx=0 tx=0).stop
2024-06-15T00:58:04.650 INFO:teuthology.orchestra.run.smithi137.stdout:/usr/bin/ceph: stderr
2024-06-15T00:58:03.774+0000 7f1dd6443700 1 -- 172.21.15.137:0/2062930674 shutdown_connections
2024-06-15T00:58:04.650 INFO:teuthology.orchestra.run.smithi137.stdout:/usr/bin/ceph: stderr
2024-06-15T00:58:03.774+0000 7f1dd6443700 1 --2- 172.21.15.137:0/2062930674 >> [v2:172.21.15.137:3300/0,v1:172.21.15.137:6789/0] conn(0x7f1dd0106330 0x7f1dd0106750 unknown :-1 s=CLOSED pgs=55 cs=0 l=1 rev1=1 crypto rx=0 tx=0 comp rx=0 tx=0).stop
2024-06-15T00:58:04.650 INFO:teuthology.orchestra.run.smithi137.stdout:/usr/bin/ceph: stderr
2024-06-15T00:58:03.774+0000 7f1dd6443700 1 -- 172.21.15.137:0/2062930674 >> 172.21.15.137:0/2062930674 conn(0x7f1dd0101910 msgr2=0x7f1dd0103d30 unknown :-1 s=STATE_NONE l=0).mark_down
2024-06-15T00:58:04.651 INFO:teuthology.orchestra.run.smithi137.stdout:/usr/bin/ceph: stderr
2024-06-15T00:58:03.774+0000 7f1dd6443700 1 -- 172.21.15.137:0/2062930674 shutdown_connections
2024-06-15T00:58:04.651 INFO:teuthology.orchestra.run.smithi137.stdout:/usr/bin/ceph: stderr
2024-06-15T00:58:03.774+0000 7f1dd6443700 1 -- 172.21.15.137:0/2062930674 wait complete.
2024-06-15T00:58:04.651 INFO:teuthology.orchestra.run.smithi137.stdout:/usr/bin/ceph: stderr
2024-06-15T00:58:03.775+0000 7f1dd6443700 1 Processor -- start
2024-06-15T00:58:04.651 INFO:teuthology.orchestra.run.smithi137.stdout:/usr/bin/ceph: stderr
2024-06-15T00:58:03.775+0000 7f1dd6443700 1 -- start start
2024-06-15T00:58:04.651 INFO:teuthology.orchestra.run.smithi137.stdout:/usr/bin/ceph: stderr
2024-06-15T00:58:03.775+0000 7f1dd6443700 1 --2- >> [v2:172.21.15.137:3300/0,v1:172.21.15.137:6789/0] conn(0x7f1dd0106330 0x7f1dd019a090 unknown :-1 s=NONE pgs=0 cs=0 l=1 rev1=0 crypto rx=0 tx=0 comp rx=0 tx=0).connect
2024-06-15T00:58:04.651 INFO:teuthology.orchestra.run.smithi137.stdout:/usr/bin/ceph: stderr
2024-06-15T00:58:03.775+0000 7f1dd6443700 1 -- --> [v2:172.21.15.137:3300/0,v1:172.21.15.137:6789/0] -- mon_getmap magic: 0 v1 -- 0x7f1dd019a5d0 con 0x7f1dd0106330
2024-06-15T00:58:04.651 INFO:teuthology.orchestra.run.smithi137.stdout:/usr/bin/ceph: stderr
2024-06-15T00:58:03.775+0000 7f1dcffff700 1 --2- >> [v2:172.21.15.137:3300/0,v1:172.21.15.137:6789/0] conn(0x7f1dd0106330 0x7f1dd019a090 unknown :-1 s=BANNER_CONNECTING pgs=0 cs=0 l=1 rev1=0 crypto rx=0 tx=0 comp rx=0 tx=0)._handle_peer_banner_payload supported=3 required=0
2024-06-15T00:58:04.651 INFO:teuthology.orchestra.run.smithi137.stdout:/usr/bin/ceph: stderr
2024-06-15T00:58:03.775+0000 7f1dcffff700 1 --2- >> [v2:172.21.15.137:3300/0,v1:172.21.15.137:6789/0] conn(0x7f1dd0106330 0x7f1dd019a090 unknown :-1 s=HELLO_CONNECTING pgs=0 cs=0 l=1 rev1=1 crypto rx=0 tx=0 comp rx=0 tx=0).handle_hello peer v2:172.21.15.137:3300/0 says I am v2:172.21.15.137:58862/0 (socket says 172.21.15.137:58862)
2024-06-15T00:58:04.651 INFO:teuthology.orchestra.run.smithi137.stdout:/usr/bin/ceph: stderr
2024-06-15T00:58:03.775+0000 7f1dcffff700 1 -- 172.21.15.137:0/557717013 learned_addr learned my addr 172.21.15.137:0/557717013 (peer_addr_for_me v2:172.21.15.137:0/0)
2024-06-15T00:58:04.651 INFO:teuthology.orchestra.run.smithi137.stdout:/usr/bin/ceph: stderr
2024-06-15T00:58:03.775+0000 7f1dcffff700 1 -- 172.21.15.137:0/557717013 --> [v2:172.21.15.137:3300/0,v1:172.21.15.137:6789/0] -- mon_subscribe({config=0+,monmap=0+}) v3 -- 0x7f1db8009550 con 0x7f1dd0106330
2024-06-15T00:58:04.651 INFO:teuthology.orchestra.run.smithi137.stdout:/usr/bin/ceph: stderr
2024-06-15T00:58:03.775+0000 7f1dcffff700 1 --2- 172.21.15.137:0/557717013 >> [v2:172.21.15.137:3300/0,v1:172.21.15.137:6789/0] conn(0x7f1dd0106330 0x7f1dd019a090 secure :-1 s=READY pgs=56 cs=0 l=1 rev1=1 crypto rx=0x7f1db8000c00 tx=0x7f1db8011ab0 comp rx=0 tx=0).ready entity=mon.0 client_cookie=0 server_cookie=0 in_seq=0 out_seq=0
2024-06-15T00:58:04.651 INFO:teuthology.orchestra.run.smithi137.stdout:/usr/bin/ceph: stderr
2024-06-15T00:58:03.776+0000 7f1dcd7fa700 1 -- 172.21.15.137:0/557717013 <== mon.0 v2:172.21.15.137:3300/0 1 ==== mon_map magic: 0 v1 ==== 229+0+0 (secure 0 0 0) 0x7f1db8003b40 con 0x7f1dd0106330
2024-06-15T00:58:04.651 INFO:teuthology.orchestra.run.smithi137.stdout:/usr/bin/ceph: stderr
2024-06-15T00:58:03.776+0000 7f1dcd7fa700 1 -- 172.21.15.137:0/557717013 <== mon.0 v2:172.21.15.137:3300/0 2 ==== config(26 keys) v1 ==== 1066+0+0 (secure 0 0 0) 0x7f1db80248d0 con 0x7f1dd0106330
2024-06-15T00:58:04.652 INFO:teuthology.orchestra.run.smithi137.stdout:/usr/bin/ceph: stderr
2024-06-15T00:58:03.776+0000 7f1dd6443700 1 -- 172.21.15.137:0/557717013 --> [v2:172.21.15.137:3300/0,v1:172.21.15.137:6789/0] -- mon_subscribe({mgrmap=0+}) v3 -- 0x7f1dd019a7d0 con 0x7f1dd0106330
2024-06-15T00:58:04.652 INFO:teuthology.orchestra.run.smithi137.stdout:/usr/bin/ceph: stderr
2024-06-15T00:58:03.776+0000 7f1dcd7fa700 1 -- 172.21.15.137:0/557717013 <== mon.0 v2:172.21.15.137:3300/0 3 ==== mon_map magic: 0 v1 ==== 229+0+0 (secure 0 0 0) 0x7f1db801a820 con 0x7f1dd0106330
2024-06-15T00:58:04.652 INFO:teuthology.orchestra.run.smithi137.stdout:/usr/bin/ceph: stderr
2024-06-15T00:58:03.776+0000 7f1dd6443700 1 -- 172.21.15.137:0/557717013 --> [v2:172.21.15.137:3300/0,v1:172.21.15.137:6789/0] -- mon_subscribe({osdmap=0}) v3 -- 0x7f1dd019abf0 con 0x7f1dd0106330
2024-06-15T00:58:04.652 INFO:teuthology.orchestra.run.smithi137.stdout:/usr/bin/ceph: stderr
2024-06-15T00:58:03.777+0000 7f1dcd7fa700 1 -- 172.21.15.137:0/557717013 <== mon.0 v2:172.21.15.137:3300/0 4 ==== mgrmap(e 8) v1 ==== 45283+0+0 (secure 0 0 0) 0x7f1db8024440 con 0x7f1dd0106330
2024-06-15T00:58:04.652 INFO:teuthology.orchestra.run.smithi137.stdout:/usr/bin/ceph: stderr
2024-06-15T00:58:03.777+0000 7f1dd6443700 1 -- 172.21.15.137:0/557717013 --> [v2:172.21.15.137:3300/0,v1:172.21.15.137:6789/0] -- mon_command({"prefix": "get_command_descriptions"} v 0) v1 -- 0x7f1dd0194110 con 0x7f1dd0106330
2024-06-15T00:58:04.652 INFO:teuthology.orchestra.run.smithi137.stdout:/usr/bin/ceph: stderr
2024-06-15T00:58:03.777+0000 7f1dcd7fa700 1 --2- 172.21.15.137:0/557717013 >> [v2:172.21.15.137:6800/4018707027,v1:172.21.15.137:6801/4018707027] conn(0x7f1dbc038370 0x7f1dbc03a830 unknown :-1 s=NONE pgs=0 cs=0 l=1 rev1=0 crypto rx=0 tx=0 comp rx=0 tx=0).connect
2024-06-15T00:58:04.652 INFO:teuthology.orchestra.run.smithi137.stdout:/usr/bin/ceph: stderr
2024-06-15T00:58:03.777+0000 7f1dcd7fa700 1 -- 172.21.15.137:0/557717013 <== mon.0 v2:172.21.15.137:3300/0 5 ==== osd_map(2..2 src has 1..2) v4 ==== 940+0+0 (secure 0 0 0) 0x7f1db804c330 con 0x7f1dd0106330
2024-06-15T00:58:04.652 INFO:teuthology.orchestra.run.smithi137.stdout:/usr/bin/ceph: stderr
2024-06-15T00:58:03.777+0000 7f1dcf7fe700 1 --2- 172.21.15.137:0/557717013 >> [v2:172.21.15.137:6800/4018707027,v1:172.21.15.137:6801/4018707027] conn(0x7f1dbc038370 0x7f1dbc03a830 unknown :-1 s=BANNER_CONNECTING pgs=0 cs=0 l=1 rev1=0 crypto rx=0 tx=0 comp rx=0 tx=0)._handle_peer_banner_payload supported=3 required=0
2024-06-15T00:58:04.652 INFO:teuthology.orchestra.run.smithi137.stdout:/usr/bin/ceph: stderr
2024-06-15T00:58:03.777+0000 7f1dcf7fe700 1 --2- 172.21.15.137:0/557717013 >> [v2:172.21.15.137:6800/4018707027,v1:172.21.15.137:6801/4018707027] conn(0x7f1dbc038370 0x7f1dbc03a830 secure :-1 s=READY pgs=16 cs=0 l=1 rev1=1 crypto rx=0x7f1dc0006fd0 tx=0x7f1dc0006e40 comp rx=0 tx=0).ready entity=mgr.14120 client_cookie=0 server_cookie=0 in_seq=0 out_seq=0
2024-06-15T00:58:04.652 INFO:teuthology.orchestra.run.smithi137.stdout:/usr/bin/ceph: stderr
2024-06-15T00:58:03.782+0000 7f1dcd7fa700 1 -- 172.21.15.137:0/557717013 <== mon.0 v2:172.21.15.137:3300/0 6 ==== mon_command_ack([{"prefix": "get_command_descriptions"}]=0 v0) v1 ==== 72+0+180422 (secure 0 0 0) 0x7f1db80172b0 con 0x7f1dd0106330
2024-06-15T00:58:04.652 INFO:teuthology.orchestra.run.smithi137.stdout:/usr/bin/ceph: stderr
2024-06-15T00:58:03.987+0000 7f1dd6443700 1 -- 172.21.15.137:0/557717013 --> [v2:172.21.15.137:6800/4018707027,v1:172.21.15.137:6801/4018707027] -- mgr_command(tid 0: {"prefix": "orch apply", "service_type": "prometheus", "target": ["mon-mgr", ""]}) v1 -- 0x7f1dd00611d0 con 0x7f1dbc038370
2024-06-15T00:58:04.652 INFO:teuthology.orchestra.run.smithi137.stdout:/usr/bin/ceph: stderr
2024-06-15T00:58:03.991+0000 7f1dcd7fa700 1 -- 172.21.15.137:0/557717013 <== mgr.14120 v2:172.21.15.137:6800/4018707027 1 ==== mgr_command_reply(tid 0: 0 ) v1 ==== 8+0+31 (secure 0 0 0) 0x7f1dd00611d0 con 0x7f1dbc038370
2024-06-15T00:58:04.652 INFO:teuthology.orchestra.run.smithi137.stdout:/usr/bin/ceph: stderr
2024-06-15T00:58:03.993+0000 7f1dd6443700 1 -- 172.21.15.137:0/557717013 >> [v2:172.21.15.137:6800/4018707027,v1:172.21.15.137:6801/4018707027] conn(0x7f1dbc038370 msgr2=0x7f1dbc03a830 secure :-1 s=STATE_CONNECTION_ESTABLISHED l=1).mark_down
2024-06-15T00:58:04.653 INFO:teuthology.orchestra.run.smithi137.stdout:/usr/bin/ceph: stderr
2024-06-15T00:58:03.993+0000 7f1dd6443700 1 --2- 172.21.15.137:0/557717013 >> [v2:172.21.15.137:6800/4018707027,v1:172.21.15.137:6801/4018707027] conn(0x7f1dbc038370 0x7f1dbc03a830 secure :-1 s=READY pgs=16 cs=0 l=1 rev1=1 crypto rx=0x7f1dc0006fd0 tx=0x7f1dc0006e40 comp rx=0 tx=0).stop
2024-06-15T00:58:04.653 INFO:teuthology.orchestra.run.smithi137.stdout:/usr/bin/ceph: stderr
2024-06-15T00:58:03.993+0000 7f1dd6443700 1 -- 172.21.15.137:0/557717013 >> [v2:172.21.15.137:3300/0,v1:172.21.15.137:6789/0] conn(0x7f1dd0106330 msgr2=0x7f1dd019a090 secure :-1 s=STATE_CONNECTION_ESTABLISHED l=1).mark_down
2024-06-15T00:58:04.653 INFO:teuthology.orchestra.run.smithi137.stdout:/usr/bin/ceph: stderr
2024-06-15T00:58:03.993+0000 7f1dd6443700 1 --2- 172.21.15.137:0/557717013 >> [v2:172.21.15.137:3300/0,v1:172.21.15.137:6789/0] conn(0x7f1dd0106330 0x7f1dd019a090 secure :-1 s=READY pgs=56 cs=0 l=1 rev1=1 crypto rx=0x7f1db8000c00 tx=0x7f1db8011ab0 comp rx=0 tx=0).stop
2024-06-15T00:58:04.653 INFO:teuthology.orchestra.run.smithi137.stdout:/usr/bin/ceph: stderr
2024-06-15T00:58:03.993+0000 7f1dd6443700 1 -- 172.21.15.137:0/557717013 shutdown_connections
2024-06-15T00:58:04.653 INFO:teuthology.orchestra.run.smithi137.stdout:/usr/bin/ceph: stderr
2024-06-15T00:58:03.993+0000 7f1dd6443700 1 --2- 172.21.15.137:0/557717013 >> [v2:172.21.15.137:6800/4018707027,v1:172.21.15.137:6801/4018707027] conn(0x7f1dbc038370 0x7f1dbc03a830 unknown :-1 s=CLOSED pgs=16 cs=0 l=1 rev1=1 crypto rx=0 tx=0 comp rx=0 tx=0).stop
2024-06-15T00:58:04.653 INFO:teuthology.orchestra.run.smithi137.stdout:/usr/bin/ceph: stderr
2024-06-15T00:58:03.993+0000 7f1dd6443700 1 --2- 172.21.15.137:0/557717013 >> [v2:172.21.15.137:3300/0,v1:172.21.15.137:6789/0] conn(0x7f1dd0106330 0x7f1dd019a090 unknown :-1 s=CLOSED pgs=56 cs=0 l=1 rev1=1 crypto rx=0 tx=0 comp rx=0 tx=0).stop
2024-06-15T00:58:04.653 INFO:teuthology.orchestra.run.smithi137.stdout:/usr/bin/ceph: stderr
2024-06-15T00:58:03.993+0000 7f1dd6443700 1 -- 172.21.15.137:0/557717013 >> 172.21.15.137:0/557717013 conn(0x7f1dd0101910 msgr2=0x7f1dd0103090 unknown :-1 s=STATE_NONE l=0).mark_down
2024-06-15T00:58:04.653 INFO:teuthology.orchestra.run.smithi137.stdout:/usr/bin/ceph: stderr
2024-06-15T00:58:03.993+0000 7f1dd6443700 1 -- 172.21.15.137:0/557717013 shutdown_connections
2024-06-15T00:58:04.653 INFO:teuthology.orchestra.run.smithi137.stdout:/usr/bin/ceph: stderr
2024-06-15T00:58:03.993+0000 7f1dd6443700 1 -- 172.21.15.137:0/557717013 wait complete.
2024-06-15T00:58:04.653 INFO:teuthology.orchestra.run.smithi137.stdout:Deploying grafana service with default placement...
2024-06-15T00:58:05.069 INFO:journalctl@ceph.mon.smithi137.smithi137.stdout:Jun 15 00:58:04 smithi137 ceph-mon[29354]: from='client.14150 -' entity='client.admin' cmd=[{"prefix": "orch apply", "service_type": "prometheus", "target": ["mon-mgr", ""]}]: dispatch
2024-06-15T00:58:05.069 INFO:journalctl@ceph.mon.smithi137.smithi137.stdout:Jun 15 00:58:04 smithi137 ceph-mon[29354]: Saving service prometheus spec with placement count:1
2024-06-15T00:58:05.069 INFO:journalctl@ceph.mon.smithi137.smithi137.stdout:Jun 15 00:58:04 smithi137 ceph-mon[29354]: from='mgr.14120 172.21.15.137:0/2951563140' entity='mgr.smithi137.nbzbyc'
2024-06-15T00:58:05.856 INFO:teuthology.orchestra.run.smithi137.stdout:/usr/bin/ceph: stdout Scheduled grafana update...
2024-06-15T00:58:05.856 INFO:teuthology.orchestra.run.smithi137.stdout:/usr/bin/ceph: stderr
2024-06-15T00:58:05.070+0000 7fb9951a1700 1 Processor -- start
2024-06-15T00:58:05.856 INFO:teuthology.orchestra.run.smithi137.stdout:/usr/bin/ceph: stderr
2024-06-15T00:58:05.070+0000 7fb9951a1700 1 -- start start
2024-06-15T00:58:05.856 INFO:teuthology.orchestra.run.smithi137.stdout:/usr/bin/ceph: stderr
2024-06-15T00:58:05.070+0000 7fb9951a1700 1 --2- >> [v2:172.21.15.137:3300/0,v1:172.21.15.137:6789/0] conn(0x7fb990104610 0x7fb990104a30 unknown :-1 s=NONE pgs=0 cs=0 l=0 rev1=0 crypto rx=0 tx=0 comp rx=0 tx=0).connect
2024-06-15T00:58:05.856 INFO:teuthology.orchestra.run.smithi137.stdout:/usr/bin/ceph: stderr
2024-06-15T00:58:05.070+0000 7fb9951a1700 1 -- --> [v2:172.21.15.137:3300/0,v1:172.21.15.137:6789/0] -- mon_getmap magic: 0 v1 -- 0x7fb990105000 con 0x7fb990104610
2024-06-15T00:58:05.856 INFO:teuthology.orchestra.run.smithi137.stdout:/usr/bin/ceph: stderr
2024-06-15T00:58:05.070+0000 7fb98ed9d700 1 --2- >> [v2:172.21.15.137:3300/0,v1:172.21.15.137:6789/0] conn(0x7fb990104610 0x7fb990104a30 unknown :-1 s=BANNER_CONNECTING pgs=0 cs=0 l=0 rev1=0 crypto rx=0 tx=0 comp rx=0 tx=0)._handle_peer_banner_payload supported=3 required=0
2024-06-15T00:58:05.857 INFO:teuthology.orchestra.run.smithi137.stdout:/usr/bin/ceph: stderr
2024-06-15T00:58:05.070+0000 7fb98ed9d700 1 --2- >> [v2:172.21.15.137:3300/0,v1:172.21.15.137:6789/0] conn(0x7fb990104610 0x7fb990104a30 unknown :-1 s=HELLO_CONNECTING pgs=0 cs=0 l=0 rev1=1 crypto rx=0 tx=0 comp rx=0 tx=0).handle_hello peer v2:172.21.15.137:3300/0 says I am v2:172.21.15.137:58876/0 (socket says 172.21.15.137:58876)
2024-06-15T00:58:05.857 INFO:teuthology.orchestra.run.smithi137.stdout:/usr/bin/ceph: stderr
2024-06-15T00:58:05.070+0000 7fb98ed9d700 1 -- 172.21.15.137:0/2833688370 learned_addr learned my addr 172.21.15.137:0/2833688370 (peer_addr_for_me v2:172.21.15.137:0/0)
2024-06-15T00:58:05.857 INFO:teuthology.orchestra.run.smithi137.stdout:/usr/bin/ceph: stderr
2024-06-15T00:58:05.071+0000 7fb98ed9d700 1 -- 172.21.15.137:0/2833688370 --> [v2:172.21.15.137:3300/0,v1:172.21.15.137:6789/0] -- mon_subscribe({config=0+,monmap=0+}) v3 -- 0x7fb9901075a0 con 0x7fb990104610
2024-06-15T00:58:05.857 INFO:teuthology.orchestra.run.smithi137.stdout:/usr/bin/ceph: stderr
2024-06-15T00:58:05.071+0000 7fb98ed9d700 1 --2- 172.21.15.137:0/2833688370 >> [v2:172.21.15.137:3300/0,v1:172.21.15.137:6789/0] conn(0x7fb990104610 0x7fb990104a30 secure :-1 s=READY pgs=57 cs=0 l=1 rev1=1 crypto rx=0x7fb9880098a0 tx=0x7fb988009bb0 comp rx=0 tx=0).ready entity=mon.0 client_cookie=4ad398f66871ae1b server_cookie=0 in_seq=0 out_seq=0
2024-06-15T00:58:05.857 INFO:teuthology.orchestra.run.smithi137.stdout:/usr/bin/ceph: stderr
2024-06-15T00:58:05.071+0000 7fb98dd9b700 1 -- 172.21.15.137:0/2833688370 <== mon.0 v2:172.21.15.137:3300/0 1 ==== mon_map magic: 0 v1 ==== 229+0+0 (secure 0 0 0) 0x7fb988004180 con 0x7fb990104610
2024-06-15T00:58:05.857 INFO:teuthology.orchestra.run.smithi137.stdout:/usr/bin/ceph: stderr
2024-06-15T00:58:05.071+0000 7fb98dd9b700 1 -- 172.21.15.137:0/2833688370 <== mon.0 v2:172.21.15.137:3300/0 2 ==== config(26 keys) v1 ==== 1066+0+0 (secure 0 0 0) 0x7fb9880042e0 con 0x7fb990104610
2024-06-15T00:58:05.857 INFO:teuthology.orchestra.run.smithi137.stdout:/usr/bin/ceph: stderr
2024-06-15T00:58:05.071+0000 7fb98dd9b700 1 -- 172.21.15.137:0/2833688370 <== mon.0 v2:172.21.15.137:3300/0 3 ==== mon_map magic: 0 v1 ==== 229+0+0 (secure 0 0 0) 0x7fb988011a30 con 0x7fb990104610
2024-06-15T00:58:05.857 INFO:teuthology.orchestra.run.smithi137.stdout:/usr/bin/ceph: stderr
2024-06-15T00:58:05.071+0000 7fb9951a1700 1 -- 172.21.15.137:0/2833688370 >> [v2:172.21.15.137:3300/0,v1:172.21.15.137:6789/0] conn(0x7fb990104610 msgr2=0x7fb990104a30 secure :-1 s=STATE_CONNECTION_ESTABLISHED l=1).mark_down
2024-06-15T00:58:05.857 INFO:teuthology.orchestra.run.smithi137.stdout:/usr/bin/ceph: stderr
2024-06-15T00:58:05.071+0000 7fb9951a1700 1 --2- 172.21.15.137:0/2833688370 >> [v2:172.21.15.137:3300/0,v1:172.21.15.137:6789/0] conn(0x7fb990104610 0x7fb990104a30 secure :-1 s=READY pgs=57 cs=0 l=1 rev1=1 crypto rx=0x7fb9880098a0 tx=0x7fb988009bb0 comp rx=0 tx=0).stop
2024-06-15T00:58:05.857 INFO:teuthology.orchestra.run.smithi137.stdout:/usr/bin/ceph: stderr
2024-06-15T00:58:05.071+0000 7fb9951a1700 1 -- 172.21.15.137:0/2833688370 shutdown_connections
2024-06-15T00:58:05.857 INFO:teuthology.orchestra.run.smithi137.stdout:/usr/bin/ceph: stderr
2024-06-15T00:58:05.071+0000 7fb9951a1700 1 --2- 172.21.15.137:0/2833688370 >> [v2:172.21.15.137:3300/0,v1:172.21.15.137:6789/0] conn(0x7fb990104610 0x7fb990104a30 unknown :-1 s=CLOSED pgs=57 cs=0 l=1 rev1=1 crypto rx=0 tx=0 comp rx=0 tx=0).stop
2024-06-15T00:58:05.858 INFO:teuthology.orchestra.run.smithi137.stdout:/usr/bin/ceph: stderr
2024-06-15T00:58:05.071+0000 7fb9951a1700 1 -- 172.21.15.137:0/2833688370 >> 172.21.15.137:0/2833688370 conn(0x7fb9900fff40 msgr2=0x7fb990102380 unknown :-1 s=STATE_NONE l=0).mark_down
2024-06-15T00:58:05.858 INFO:teuthology.orchestra.run.smithi137.stdout:/usr/bin/ceph: stderr
2024-06-15T00:58:05.072+0000 7fb9951a1700 1 -- 172.21.15.137:0/2833688370 shutdown_connections
2024-06-15T00:58:05.858 INFO:teuthology.orchestra.run.smithi137.stdout:/usr/bin/ceph: stderr
2024-06-15T00:58:05.072+0000 7fb9951a1700 1 -- 172.21.15.137:0/2833688370 wait complete.
2024-06-15T00:58:05.858 INFO:teuthology.orchestra.run.smithi137.stdout:/usr/bin/ceph: stderr
2024-06-15T00:58:05.072+0000 7fb9951a1700 1 Processor -- start
2024-06-15T00:58:05.858 INFO:teuthology.orchestra.run.smithi137.stdout:/usr/bin/ceph: stderr
2024-06-15T00:58:05.072+0000 7fb9951a1700 1 -- start start
2024-06-15T00:58:05.858 INFO:teuthology.orchestra.run.smithi137.stdout:/usr/bin/ceph: stderr
2024-06-15T00:58:05.073+0000 7fb9951a1700 1 --2- >> [v2:172.21.15.137:3300/0,v1:172.21.15.137:6789/0] conn(0x7fb990104610 0x7fb99019a050 unknown :-1 s=NONE pgs=0 cs=0 l=1 rev1=0 crypto rx=0 tx=0 comp rx=0 tx=0).connect
2024-06-15T00:58:05.858 INFO:teuthology.orchestra.run.smithi137.stdout:/usr/bin/ceph: stderr
2024-06-15T00:58:05.073+0000 7fb9951a1700 1 -- --> [v2:172.21.15.137:3300/0,v1:172.21.15.137:6789/0] -- mon_getmap magic: 0 v1 -- 0x7fb99019a590 con 0x7fb990104610
2024-06-15T00:58:05.858 INFO:teuthology.orchestra.run.smithi137.stdout:/usr/bin/ceph: stderr
2024-06-15T00:58:05.073+0000 7fb98ed9d700 1 --2- >> [v2:172.21.15.137:3300/0,v1:172.21.15.137:6789/0] conn(0x7fb990104610 0x7fb99019a050 unknown :-1 s=BANNER_CONNECTING pgs=0 cs=0 l=1 rev1=0 crypto rx=0 tx=0 comp rx=0 tx=0)._handle_peer_banner_payload supported=3 required=0
2024-06-15T00:58:05.858 INFO:teuthology.orchestra.run.smithi137.stdout:/usr/bin/ceph: stderr
2024-06-15T00:58:05.073+0000 7fb98ed9d700 1 --2- >> [v2:172.21.15.137:3300/0,v1:172.21.15.137:6789/0] conn(0x7fb990104610 0x7fb99019a050 unknown :-1 s=HELLO_CONNECTING pgs=0 cs=0 l=1 rev1=1 crypto rx=0 tx=0 comp rx=0 tx=0).handle_hello peer v2:172.21.15.137:3300/0 says I am v2:172.21.15.137:58892/0 (socket says 172.21.15.137:58892)
2024-06-15T00:58:05.858 INFO:teuthology.orchestra.run.smithi137.stdout:/usr/bin/ceph: stderr
2024-06-15T00:58:05.073+0000 7fb98ed9d700 1 -- 172.21.15.137:0/1127281325 learned_addr learned my addr 172.21.15.137:0/1127281325 (peer_addr_for_me v2:172.21.15.137:0/0)
2024-06-15T00:58:05.859 INFO:teuthology.orchestra.run.smithi137.stdout:/usr/bin/ceph: stderr
2024-06-15T00:58:05.073+0000 7fb98ed9d700 1 -- 172.21.15.137:0/1127281325 --> [v2:172.21.15.137:3300/0,v1:172.21.15.137:6789/0] -- mon_subscribe({config=0+,monmap=0+}) v3 -- 0x7fb988009550 con 0x7fb990104610
2024-06-15T00:58:05.859 INFO:teuthology.orchestra.run.smithi137.stdout:/usr/bin/ceph: stderr
2024-06-15T00:58:05.073+0000 7fb98ed9d700 1 --2- 172.21.15.137:0/1127281325 >> [v2:172.21.15.137:3300/0,v1:172.21.15.137:6789/0] conn(0x7fb990104610 0x7fb99019a050 secure :-1 s=READY pgs=58 cs=0 l=1 rev1=1 crypto rx=0x7fb988006af0 tx=0x7fb988011ab0 comp rx=0 tx=0).ready entity=mon.0 client_cookie=0 server_cookie=0 in_seq=0 out_seq=0
2024-06-15T00:58:05.859 INFO:teuthology.orchestra.run.smithi137.stdout:/usr/bin/ceph: stderr
2024-06-15T00:58:05.073+0000 7fb987fff700 1 -- 172.21.15.137:0/1127281325 <== mon.0 v2:172.21.15.137:3300/0 1 ==== mon_map magic: 0 v1 ==== 229+0+0 (secure 0 0 0) 0x7fb988003bc0 con 0x7fb990104610
2024-06-15T00:58:05.859 INFO:teuthology.orchestra.run.smithi137.stdout:/usr/bin/ceph: stderr
2024-06-15T00:58:05.073+0000 7fb987fff700 1 -- 172.21.15.137:0/1127281325 <== mon.0 v2:172.21.15.137:3300/0 2 ==== config(26 keys) v1 ==== 1066+0+0 (secure 0 0 0) 0x7fb98801a8c0 con 0x7fb990104610
2024-06-15T00:58:05.859 INFO:teuthology.orchestra.run.smithi137.stdout:/usr/bin/ceph: stderr
2024-06-15T00:58:05.073+0000 7fb9951a1700 1 -- 172.21.15.137:0/1127281325 --> [v2:172.21.15.137:3300/0,v1:172.21.15.137:6789/0] -- mon_subscribe({mgrmap=0+}) v3 -- 0x7fb99019a790 con 0x7fb990104610
2024-06-15T00:58:05.859 INFO:teuthology.orchestra.run.smithi137.stdout:/usr/bin/ceph: stderr
2024-06-15T00:58:05.073+0000 7fb987fff700 1 -- 172.21.15.137:0/1127281325 <== mon.0 v2:172.21.15.137:3300/0 3 ==== mon_map magic: 0 v1 ==== 229+0+0 (secure 0 0 0) 0x7fb988019820 con 0x7fb990104610
2024-06-15T00:58:05.859 INFO:teuthology.orchestra.run.smithi137.stdout:/usr/bin/ceph: stderr
2024-06-15T00:58:05.073+0000 7fb9951a1700 1 -- 172.21.15.137:0/1127281325 --> [v2:172.21.15.137:3300/0,v1:172.21.15.137:6789/0] -- mon_subscribe({osdmap=0}) v3 -- 0x7fb99019abb0 con 0x7fb990104610
2024-06-15T00:58:05.859 INFO:teuthology.orchestra.run.smithi137.stdout:/usr/bin/ceph: stderr
2024-06-15T00:58:05.074+0000 7fb987fff700 1 -- 172.21.15.137:0/1127281325 <== mon.0 v2:172.21.15.137:3300/0 4 ==== mgrmap(e 8) v1 ==== 45283+0+0 (secure 0 0 0) 0x7fb988019aa0 con 0x7fb990104610
2024-06-15T00:58:05.859 INFO:teuthology.orchestra.run.smithi137.stdout:/usr/bin/ceph: stderr
2024-06-15T00:58:05.074+0000 7fb9951a1700 1 -- 172.21.15.137:0/1127281325 --> [v2:172.21.15.137:3300/0,v1:172.21.15.137:6789/0] -- mon_command({"prefix": "get_command_descriptions"} v 0) v1 -- 0x7fb9900623c0 con 0x7fb990104610
2024-06-15T00:58:05.859 INFO:teuthology.orchestra.run.smithi137.stdout:/usr/bin/ceph: stderr
2024-06-15T00:58:05.074+0000 7fb987fff700 1 --2- 172.21.15.137:0/1127281325 >> [v2:172.21.15.137:6800/4018707027,v1:172.21.15.137:6801/4018707027] conn(0x7fb97c0382e0 0x7fb97c03a7a0 unknown :-1 s=NONE pgs=0 cs=0 l=1 rev1=0 crypto rx=0 tx=0 comp rx=0 tx=0).connect
2024-06-15T00:58:05.859 INFO:teuthology.orchestra.run.smithi137.stdout:/usr/bin/ceph: stderr
2024-06-15T00:58:05.075+0000 7fb987fff700 1 -- 172.21.15.137:0/1127281325 <== mon.0 v2:172.21.15.137:3300/0 5 ==== osd_map(2..2 src has 1..2) v4 ==== 940+0+0 (secure 0 0 0) 0x7fb98804c570 con 0x7fb990104610
2024-06-15T00:58:05.859 INFO:teuthology.orchestra.run.smithi137.stdout:/usr/bin/ceph: stderr
2024-06-15T00:58:05.075+0000 7fb98e59c700 1 --2- 172.21.15.137:0/1127281325 >> [v2:172.21.15.137:6800/4018707027,v1:172.21.15.137:6801/4018707027] conn(0x7fb97c0382e0 0x7fb97c03a7a0 unknown :-1 s=BANNER_CONNECTING pgs=0 cs=0 l=1 rev1=0 crypto rx=0 tx=0 comp rx=0 tx=0)._handle_peer_banner_payload supported=3 required=0
2024-06-15T00:58:05.860 INFO:teuthology.orchestra.run.smithi137.stdout:/usr/bin/ceph: stderr
2024-06-15T00:58:05.075+0000 7fb98e59c700 1 --2- 172.21.15.137:0/1127281325 >> [v2:172.21.15.137:6800/4018707027,v1:172.21.15.137:6801/4018707027] conn(0x7fb97c0382e0 0x7fb97c03a7a0 secure :-1 s=READY pgs=17 cs=0 l=1 rev1=1 crypto rx=0x7fb978006fd0 tx=0x7fb978006e40 comp rx=0 tx=0).ready entity=mgr.14120 client_cookie=0 server_cookie=0 in_seq=0 out_seq=0
2024-06-15T00:58:05.860 INFO:teuthology.orchestra.run.smithi137.stdout:/usr/bin/ceph: stderr
2024-06-15T00:58:05.079+0000 7fb987fff700 1 -- 172.21.15.137:0/1127281325 <== mon.0 v2:172.21.15.137:3300/0 6 ==== mon_command_ack([{"prefix": "get_command_descriptions"}]=0 v0) v1 ==== 72+0+180422 (secure 0 0 0) 0x7fb988018760 con 0x7fb990104610
2024-06-15T00:58:05.860 INFO:teuthology.orchestra.run.smithi137.stdout:/usr/bin/ceph: stderr
2024-06-15T00:58:05.279+0000 7fb9951a1700 1 -- 172.21.15.137:0/1127281325 --> [v2:172.21.15.137:6800/4018707027,v1:172.21.15.137:6801/4018707027] -- mgr_command(tid 0: {"prefix": "orch apply", "service_type": "grafana", "target": ["mon-mgr", ""]}) v1 -- 0x7fb990102250 con 0x7fb97c0382e0
2024-06-15T00:58:05.860 INFO:teuthology.orchestra.run.smithi137.stdout:/usr/bin/ceph: stderr
2024-06-15T00:58:05.284+0000 7fb987fff700 1 -- 172.21.15.137:0/1127281325 <== mgr.14120 v2:172.21.15.137:6800/4018707027 1 ==== mgr_command_reply(tid 0: 0 ) v1 ==== 8+0+28 (secure 0 0 0) 0x7fb990102250 con 0x7fb97c0382e0
2024-06-15T00:58:05.860 INFO:teuthology.orchestra.run.smithi137.stdout:/usr/bin/ceph: stderr
2024-06-15T00:58:05.286+0000 7fb9951a1700 1 -- 172.21.15.137:0/1127281325 >> [v2:172.21.15.137:6800/4018707027,v1:172.21.15.137:6801/4018707027] conn(0x7fb97c0382e0 msgr2=0x7fb97c03a7a0 secure :-1 s=STATE_CONNECTION_ESTABLISHED l=1).mark_down
2024-06-15T00:58:05.860 INFO:teuthology.orchestra.run.smithi137.stdout:/usr/bin/ceph: stderr
2024-06-15T00:58:05.286+0000 7fb9951a1700 1 --2- 172.21.15.137:0/1127281325 >> [v2:172.21.15.137:6800/4018707027,v1:172.21.15.137:6801/4018707027] conn(0x7fb97c0382e0 0x7fb97c03a7a0 secure :-1 s=READY pgs=17 cs=0 l=1 rev1=1 crypto rx=0x7fb978006fd0 tx=0x7fb978006e40 comp rx=0 tx=0).stop
2024-06-15T00:58:05.860 INFO:teuthology.orchestra.run.smithi137.stdout:/usr/bin/ceph: stderr
2024-06-15T00:58:05.286+0000 7fb9951a1700 1 -- 172.21.15.137:0/1127281325 >> [v2:172.21.15.137:3300/0,v1:172.21.15.137:6789/0] conn(0x7fb990104610 msgr2=0x7fb99019a050 secure :-1 s=STATE_CONNECTION_ESTABLISHED l=1).mark_down
2024-06-15T00:58:05.860 INFO:teuthology.orchestra.run.smithi137.stdout:/usr/bin/ceph: stderr
2024-06-15T00:58:05.286+0000 7fb9951a1700 1 --2- 172.21.15.137:0/1127281325 >> [v2:172.21.15.137:3300/0,v1:172.21.15.137:6789/0] conn(0x7fb990104610 0x7fb99019a050 secure :-1 s=READY pgs=58 cs=0 l=1 rev1=1 crypto rx=0x7fb988006af0 tx=0x7fb988011ab0 comp rx=0 tx=0).stop
2024-06-15T00:58:05.860 INFO:teuthology.orchestra.run.smithi137.stdout:/usr/bin/ceph: stderr
2024-06-15T00:58:05.286+0000 7fb9951a1700 1 -- 172.21.15.137:0/1127281325 shutdown_connections
2024-06-15T00:58:05.860 INFO:teuthology.orchestra.run.smithi137.stdout:/usr/bin/ceph: stderr
2024-06-15T00:58:05.286+0000 7fb9951a1700 1 --2- 172.21.15.137:0/1127281325 >> [v2:172.21.15.137:6800/4018707027,v1:172.21.15.137:6801/4018707027] conn(0x7fb97c0382e0 0x7fb97c03a7a0 unknown :-1 s=CLOSED pgs=17 cs=0 l=1 rev1=1 crypto rx=0 tx=0 comp rx=0 tx=0).stop
2024-06-15T00:58:05.860 INFO:teuthology.orchestra.run.smithi137.stdout:/usr/bin/ceph: stderr
2024-06-15T00:58:05.286+0000 7fb9951a1700 1 --2- 172.21.15.137:0/1127281325 >> [v2:172.21.15.137:3300/0,v1:172.21.15.137:6789/0] conn(0x7fb990104610 0x7fb99019a050 unknown :-1 s=CLOSED pgs=58 cs=0 l=1 rev1=1 crypto rx=0 tx=0 comp rx=0 tx=0).stop
2024-06-15T00:58:05.861 INFO:teuthology.orchestra.run.smithi137.stdout:/usr/bin/ceph: stderr
2024-06-15T00:58:05.286+0000 7fb9951a1700 1 -- 172.21.15.137:0/1127281325 >> 172.21.15.137:0/1127281325 conn(0x7fb9900fff40 msgr2=0x7fb9901015f0 unknown :-1 s=STATE_NONE l=0).mark_down
2024-06-15T00:58:05.861 INFO:teuthology.orchestra.run.smithi137.stdout:/usr/bin/ceph: stderr
2024-06-15T00:58:05.286+0000 7fb9951a1700 1 -- 172.21.15.137:0/1127281325 shutdown_connections
2024-06-15T00:58:05.861 INFO:teuthology.orchestra.run.smithi137.stdout:/usr/bin/ceph: stderr
2024-06-15T00:58:05.286+0000 7fb9951a1700 1 -- 172.21.15.137:0/1127281325 wait complete.
2024-06-15T00:58:05.861 INFO:teuthology.orchestra.run.smithi137.stdout:Deploying node-exporter service with default placement...
2024-06-15T00:58:06.469 INFO:journalctl@ceph.mon.smithi137.smithi137.stdout:Jun 15 00:58:06 smithi137 ceph-mon[29354]: from='client.14152 -' entity='client.admin' cmd=[{"prefix": "orch apply", "service_type": "grafana", "target": ["mon-mgr", ""]}]: dispatch
2024-06-15T00:58:06.469 INFO:journalctl@ceph.mon.smithi137.smithi137.stdout:Jun 15 00:58:06 smithi137 ceph-mon[29354]: Saving service grafana spec with placement count:1
2024-06-15T00:58:06.469 INFO:journalctl@ceph.mon.smithi137.smithi137.stdout:Jun 15 00:58:06 smithi137 ceph-mon[29354]: from='mgr.14120 172.21.15.137:0/2951563140' entity='mgr.smithi137.nbzbyc'
2024-06-15T00:58:07.045 INFO:teuthology.orchestra.run.smithi137.stdout:/usr/bin/ceph: stdout Scheduled node-exporter update...
2024-06-15T00:58:07.045 INFO:teuthology.orchestra.run.smithi137.stdout:/usr/bin/ceph: stderr
2024-06-15T00:58:06.258+0000 7fd676df6700 1 Processor -- start
2024-06-15T00:58:07.045 INFO:teuthology.orchestra.run.smithi137.stdout:/usr/bin/ceph: stderr
2024-06-15T00:58:06.259+0000 7fd676df6700 1 -- start start
2024-06-15T00:58:07.045 INFO:teuthology.orchestra.run.smithi137.stdout:/usr/bin/ceph: stderr
2024-06-15T00:58:06.259+0000 7fd676df6700 1 --2- >> [v2:172.21.15.137:3300/0,v1:172.21.15.137:6789/0] conn(0x7fd670106e00 0x7fd6701091f0 unknown :-1 s=NONE pgs=0 cs=0 l=0 rev1=0 crypto rx=0 tx=0 comp rx=0 tx=0).connect
2024-06-15T00:58:07.046 INFO:teuthology.orchestra.run.smithi137.stdout:/usr/bin/ceph: stderr
2024-06-15T00:58:06.259+0000 7fd676df6700 1 -- --> [v2:172.21.15.137:3300/0,v1:172.21.15.137:6789/0] -- mon_getmap magic: 0 v1 -- 0x7fd670079d80 con 0x7fd670106e00
2024-06-15T00:58:07.046 INFO:teuthology.orchestra.run.smithi137.stdout:/usr/bin/ceph: stderr
2024-06-15T00:58:06.259+0000 7fd674b92700 1 --2- >> [v2:172.21.15.137:3300/0,v1:172.21.15.137:6789/0] conn(0x7fd670106e00 0x7fd6701091f0 unknown :-1 s=BANNER_CONNECTING pgs=0 cs=0 l=0 rev1=0 crypto rx=0 tx=0 comp rx=0 tx=0)._handle_peer_banner_payload supported=3 required=0
2024-06-15T00:58:07.046 INFO:teuthology.orchestra.run.smithi137.stdout:/usr/bin/ceph: stderr
2024-06-15T00:58:06.259+0000 7fd674b92700 1 --2- >> [v2:172.21.15.137:3300/0,v1:172.21.15.137:6789/0] conn(0x7fd670106e00 0x7fd6701091f0 unknown :-1 s=HELLO_CONNECTING pgs=0 cs=0 l=0 rev1=1 crypto rx=0 tx=0 comp rx=0 tx=0).handle_hello peer v2:172.21.15.137:3300/0 says I am v2:172.21.15.137:60802/0 (socket says 172.21.15.137:60802)
2024-06-15T00:58:07.046 INFO:teuthology.orchestra.run.smithi137.stdout:/usr/bin/ceph: stderr
2024-06-15T00:58:06.259+0000 7fd674b92700 1 -- 172.21.15.137:0/3485860019 learned_addr learned my addr 172.21.15.137:0/3485860019 (peer_addr_for_me v2:172.21.15.137:0/0)
2024-06-15T00:58:07.046 INFO:teuthology.orchestra.run.smithi137.stdout:/usr/bin/ceph: stderr
2024-06-15T00:58:06.259+0000 7fd674b92700 1 -- 172.21.15.137:0/3485860019 --> [v2:172.21.15.137:3300/0,v1:172.21.15.137:6789/0] -- mon_subscribe({config=0+,monmap=0+}) v3 -- 0x7fd670109730 con 0x7fd670106e00
2024-06-15T00:58:07.046 INFO:teuthology.orchestra.run.smithi137.stdout:/usr/bin/ceph: stderr
2024-06-15T00:58:06.259+0000 7fd674b92700 1 --2- 172.21.15.137:0/3485860019 >> [v2:172.21.15.137:3300/0,v1:172.21.15.137:6789/0] conn(0x7fd670106e00 0x7fd6701091f0 secure :-1 s=READY pgs=59 cs=0 l=1 rev1=1 crypto rx=0x7fd6640098a0 tx=0x7fd664009bb0 comp rx=0 tx=0).ready entity=mon.0 client_cookie=f7ac32b7b5bea160 server_cookie=0 in_seq=0 out_seq=0
2024-06-15T00:58:07.046 INFO:teuthology.orchestra.run.smithi137.stdout:/usr/bin/ceph: stderr
2024-06-15T00:58:06.260+0000 7fd66f7fe700 1 -- 172.21.15.137:0/3485860019 <== mon.0 v2:172.21.15.137:3300/0 1 ==== mon_map magic: 0 v1 ==== 229+0+0 (secure 0 0 0) 0x7fd664004180 con 0x7fd670106e00
2024-06-15T00:58:07.046 INFO:teuthology.orchestra.run.smithi137.stdout:/usr/bin/ceph: stderr
2024-06-15T00:58:06.260+0000 7fd66f7fe700 1 -- 172.21.15.137:0/3485860019 <== mon.0 v2:172.21.15.137:3300/0 2 ==== config(26 keys) v1 ==== 1066+0+0 (secure 0 0 0) 0x7fd6640042e0 con 0x7fd670106e00
2024-06-15T00:58:07.047 INFO:teuthology.orchestra.run.smithi137.stdout:/usr/bin/ceph: stderr
2024-06-15T00:58:06.260+0000 7fd66f7fe700 1 -- 172.21.15.137:0/3485860019 <== mon.0 v2:172.21.15.137:3300/0 3 ==== mon_map magic: 0 v1 ==== 229+0+0 (secure 0 0 0) 0x7fd664011a30 con 0x7fd670106e00
2024-06-15T00:58:07.047 INFO:teuthology.orchestra.run.smithi137.stdout:/usr/bin/ceph: stderr
2024-06-15T00:58:06.260+0000 7fd676df6700 1 -- 172.21.15.137:0/3485860019 >> [v2:172.21.15.137:3300/0,v1:172.21.15.137:6789/0] conn(0x7fd670106e00 msgr2=0x7fd6701091f0 secure :-1 s=STATE_CONNECTION_ESTABLISHED l=1).mark_down
2024-06-15T00:58:07.047 INFO:teuthology.orchestra.run.smithi137.stdout:/usr/bin/ceph: stderr
2024-06-15T00:58:06.260+0000 7fd676df6700 1 --2- 172.21.15.137:0/3485860019 >> [v2:172.21.15.137:3300/0,v1:172.21.15.137:6789/0] conn(0x7fd670106e00 0x7fd6701091f0 secure :-1 s=READY pgs=59 cs=0 l=1 rev1=1 crypto rx=0x7fd6640098a0 tx=0x7fd664009bb0 comp rx=0 tx=0).stop
2024-06-15T00:58:07.047 INFO:teuthology.orchestra.run.smithi137.stdout:/usr/bin/ceph: stderr
2024-06-15T00:58:06.260+0000 7fd676df6700 1 -- 172.21.15.137:0/3485860019 shutdown_connections
2024-06-15T00:58:07.047 INFO:teuthology.orchestra.run.smithi137.stdout:/usr/bin/ceph: stderr
2024-06-15T00:58:06.260+0000 7fd676df6700 1 --2- 172.21.15.137:0/3485860019 >> [v2:172.21.15.137:3300/0,v1:172.21.15.137:6789/0] conn(0x7fd670106e00 0x7fd6701091f0 unknown :-1 s=CLOSED pgs=59 cs=0 l=1 rev1=1 crypto rx=0 tx=0 comp rx=0 tx=0).stop
2024-06-15T00:58:07.047 INFO:teuthology.orchestra.run.smithi137.stdout:/usr/bin/ceph: stderr
2024-06-15T00:58:06.260+0000 7fd676df6700 1 -- 172.21.15.137:0/3485860019 >> 172.21.15.137:0/3485860019 conn(0x7fd6701007d0 msgr2=0x7fd670102c10 unknown :-1 s=STATE_NONE l=0).mark_down
2024-06-15T00:58:07.047 INFO:teuthology.orchestra.run.smithi137.stdout:/usr/bin/ceph: stderr
2024-06-15T00:58:06.260+0000 7fd676df6700 1 -- 172.21.15.137:0/3485860019 shutdown_connections
2024-06-15T00:58:07.047 INFO:teuthology.orchestra.run.smithi137.stdout:/usr/bin/ceph: stderr
2024-06-15T00:58:06.260+0000 7fd676df6700 1 -- 172.21.15.137:0/3485860019 wait complete.
2024-06-15T00:58:07.047 INFO:teuthology.orchestra.run.smithi137.stdout:/usr/bin/ceph: stderr
2024-06-15T00:58:06.261+0000 7fd676df6700 1 Processor -- start
2024-06-15T00:58:07.048 INFO:teuthology.orchestra.run.smithi137.stdout:/usr/bin/ceph: stderr
2024-06-15T00:58:06.261+0000 7fd676df6700 1 -- start start
2024-06-15T00:58:07.048 INFO:teuthology.orchestra.run.smithi137.stdout:/usr/bin/ceph: stderr
2024-06-15T00:58:06.261+0000 7fd676df6700 1 --2- >> [v2:172.21.15.137:3300/0,v1:172.21.15.137:6789/0] conn(0x7fd670106e00 0x7fd67019a010 unknown :-1 s=NONE pgs=0 cs=0 l=1 rev1=0 crypto rx=0 tx=0 comp rx=0 tx=0).connect
2024-06-15T00:58:07.048 INFO:teuthology.orchestra.run.smithi137.stdout:/usr/bin/ceph: stderr
2024-06-15T00:58:06.261+0000 7fd676df6700 1 -- --> [v2:172.21.15.137:3300/0,v1:172.21.15.137:6789/0] -- mon_getmap magic: 0 v1 -- 0x7fd67019a550 con 0x7fd670106e00
2024-06-15T00:58:07.048 INFO:teuthology.orchestra.run.smithi137.stdout:/usr/bin/ceph: stderr
2024-06-15T00:58:06.261+0000 7fd674b92700 1 --2- >> [v2:172.21.15.137:3300/0,v1:172.21.15.137:6789/0] conn(0x7fd670106e00 0x7fd67019a010 unknown :-1 s=BANNER_CONNECTING pgs=0 cs=0 l=1 rev1=0 crypto rx=0 tx=0 comp rx=0 tx=0)._handle_peer_banner_payload supported=3 required=0
2024-06-15T00:58:07.048 INFO:teuthology.orchestra.run.smithi137.stdout:/usr/bin/ceph: stderr
2024-06-15T00:58:06.261+0000 7fd674b92700 1 --2- >> [v2:172.21.15.137:3300/0,v1:172.21.15.137:6789/0] conn(0x7fd670106e00 0x7fd67019a010 unknown :-1 s=HELLO_CONNECTING pgs=0 cs=0 l=1 rev1=1 crypto rx=0 tx=0 comp rx=0 tx=0).handle_hello peer v2:172.21.15.137:3300/0 says I am v2:172.21.15.137:60810/0 (socket says 172.21.15.137:60810)
2024-06-15T00:58:07.048 INFO:teuthology.orchestra.run.smithi137.stdout:/usr/bin/ceph: stderr
2024-06-15T00:58:06.261+0000 7fd674b92700 1 -- 172.21.15.137:0/3160282259 learned_addr learned my addr 172.21.15.137:0/3160282259 (peer_addr_for_me v2:172.21.15.137:0/0)
2024-06-15T00:58:07.048 INFO:teuthology.orchestra.run.smithi137.stdout:/usr/bin/ceph: stderr
