2024-06-15T00:58:09.848+0000 7f59a9ffb700 1 -- 172.21.15.137:0/3085778402 <== mon.0 v2:172.21.15.137:3300/0 2 ==== config(26 keys) v1 ==== 1066+0+0 (secure 0 0 0) 0x7f59a40248d0 con 0x7f59ac106330
2024-06-15T00:58:10.607 INFO:teuthology.orchestra.run.smithi137.stdout:/usr/bin/ceph: stderr
2024-06-15T00:58:09.848+0000 7f59a9ffb700 1 -- 172.21.15.137:0/3085778402 <== mon.0 v2:172.21.15.137:3300/0 3 ==== mon_map magic: 0 v1 ==== 229+0+0 (secure 0 0 0) 0x7f59a401a820 con 0x7f59ac106330
2024-06-15T00:58:10.607 INFO:teuthology.orchestra.run.smithi137.stdout:/usr/bin/ceph: stderr
2024-06-15T00:58:09.848+0000 7f59b312b700 1 -- 172.21.15.137:0/3085778402 --> [v2:172.21.15.137:3300/0,v1:172.21.15.137:6789/0] -- mon_subscribe({mgrmap=0+}) v3 -- 0x7f59ac19a800 con 0x7f59ac106330
2024-06-15T00:58:10.607 INFO:teuthology.orchestra.run.smithi137.stdout:/usr/bin/ceph: stderr
2024-06-15T00:58:09.849+0000 7f59b312b700 1 -- 172.21.15.137:0/3085778402 --> [v2:172.21.15.137:3300/0,v1:172.21.15.137:6789/0] -- mon_subscribe({osdmap=0}) v3 -- 0x7f59ac19ac20 con 0x7f59ac106330
2024-06-15T00:58:10.607 INFO:teuthology.orchestra.run.smithi137.stdout:/usr/bin/ceph: stderr
2024-06-15T00:58:09.849+0000 7f59a9ffb700 1 -- 172.21.15.137:0/3085778402 <== mon.0 v2:172.21.15.137:3300/0 4 ==== mgrmap(e 8) v1 ==== 45283+0+0 (secure 0 0 0) 0x7f59a4024a40 con 0x7f59ac106330
2024-06-15T00:58:10.607 INFO:teuthology.orchestra.run.smithi137.stdout:/usr/bin/ceph: stderr
2024-06-15T00:58:09.850+0000 7f59b312b700 1 -- 172.21.15.137:0/3085778402 --> [v2:172.21.15.137:3300/0,v1:172.21.15.137:6789/0] -- mon_command({"prefix": "get_command_descriptions"} v 0) v1 -- 0x7f59ac194110 con 0x7f59ac106330
2024-06-15T00:58:10.607 INFO:teuthology.orchestra.run.smithi137.stdout:/usr/bin/ceph: stderr
2024-06-15T00:58:09.850+0000 7f59a9ffb700 1 --2- 172.21.15.137:0/3085778402 >> [v2:172.21.15.137:6800/4018707027,v1:172.21.15.137:6801/4018707027] conn(0x7f5998038370 0x7f599803a830 unknown :-1 s=NONE pgs=0 cs=0 l=1 rev1=0 crypto rx=0 tx=0 comp rx=0 tx=0).connect
2024-06-15T00:58:10.608 INFO:teuthology.orchestra.run.smithi137.stdout:/usr/bin/ceph: stderr
2024-06-15T00:58:09.850+0000 7f59a9ffb700 1 -- 172.21.15.137:0/3085778402 <== mon.0 v2:172.21.15.137:3300/0 5 ==== osd_map(2..2 src has 1..2) v4 ==== 940+0+0 (secure 0 0 0) 0x7f59a404c2e0 con 0x7f59ac106330
2024-06-15T00:58:10.608 INFO:teuthology.orchestra.run.smithi137.stdout:/usr/bin/ceph: stderr
2024-06-15T00:58:09.850+0000 7f59abfff700 1 --2- 172.21.15.137:0/3085778402 >> [v2:172.21.15.137:6800/4018707027,v1:172.21.15.137:6801/4018707027] conn(0x7f5998038370 0x7f599803a830 unknown :-1 s=BANNER_CONNECTING pgs=0 cs=0 l=1 rev1=0 crypto rx=0 tx=0 comp rx=0 tx=0)._handle_peer_banner_payload supported=3 required=0
2024-06-15T00:58:10.608 INFO:teuthology.orchestra.run.smithi137.stdout:/usr/bin/ceph: stderr
2024-06-15T00:58:09.850+0000 7f59abfff700 1 --2- 172.21.15.137:0/3085778402 >> [v2:172.21.15.137:6800/4018707027,v1:172.21.15.137:6801/4018707027] conn(0x7f5998038370 0x7f599803a830 secure :-1 s=READY pgs=21 cs=0 l=1 rev1=1 crypto rx=0x7f599c00ad30 tx=0x7f599c0093f0 comp rx=0 tx=0).ready entity=mgr.14120 client_cookie=0 server_cookie=0 in_seq=0 out_seq=0
2024-06-15T00:58:10.608 INFO:teuthology.orchestra.run.smithi137.stdout:/usr/bin/ceph: stderr
2024-06-15T00:58:09.854+0000 7f59a9ffb700 1 -- 172.21.15.137:0/3085778402 <== mon.0 v2:172.21.15.137:3300/0 6 ==== mon_command_ack([{"prefix": "get_command_descriptions"}]=0 v0) v1 ==== 72+0+180422 (secure 0 0 0) 0x7f59a4024e20 con 0x7f59ac106330
2024-06-15T00:58:10.608 INFO:teuthology.orchestra.run.smithi137.stdout:/usr/bin/ceph: stderr
2024-06-15T00:58:10.041+0000 7f59b312b700 1 -- 172.21.15.137:0/3085778402 --> [v2:172.21.15.137:3300/0,v1:172.21.15.137:6789/0] -- mon_command([{prefix=config set, name=mgr/dashboard/ssl_server_port}] v 0) v1 -- 0x7f59ac0619a0 con 0x7f59ac106330
2024-06-15T00:58:10.608 INFO:teuthology.orchestra.run.smithi137.stdout:/usr/bin/ceph: stderr
2024-06-15T00:58:10.045+0000 7f59a9ffb700 1 -- 172.21.15.137:0/3085778402 <== mon.0 v2:172.21.15.137:3300/0 7 ==== mon_command_ack([{prefix=config set, name=mgr/dashboard/ssl_server_port}]=0 v8)=0 v8) v1 ==== 130+0+0 (secure 0 0 0) 0x7f59a4018350 con 0x7f59ac106330
2024-06-15T00:58:10.608 INFO:teuthology.orchestra.run.smithi137.stdout:/usr/bin/ceph: stderr
2024-06-15T00:58:10.047+0000 7f59b312b700 1 -- 172.21.15.137:0/3085778402 >> [v2:172.21.15.137:6800/4018707027,v1:172.21.15.137:6801/4018707027] conn(0x7f5998038370 msgr2=0x7f599803a830 secure :-1 s=STATE_CONNECTION_ESTABLISHED l=1).mark_down
2024-06-15T00:58:10.608 INFO:teuthology.orchestra.run.smithi137.stdout:/usr/bin/ceph: stderr
2024-06-15T00:58:10.047+0000 7f59b312b700 1 --2- 172.21.15.137:0/3085778402 >> [v2:172.21.15.137:6800/4018707027,v1:172.21.15.137:6801/4018707027] conn(0x7f5998038370 0x7f599803a830 secure :-1 s=READY pgs=21 cs=0 l=1 rev1=1 crypto rx=0x7f599c00ad30 tx=0x7f599c0093f0 comp rx=0 tx=0).stop
2024-06-15T00:58:10.608 INFO:teuthology.orchestra.run.smithi137.stdout:/usr/bin/ceph: stderr
2024-06-15T00:58:10.047+0000 7f59b312b700 1 -- 172.21.15.137:0/3085778402 >> [v2:172.21.15.137:3300/0,v1:172.21.15.137:6789/0] conn(0x7f59ac106330 msgr2=0x7f59ac19a0c0 secure :-1 s=STATE_CONNECTION_ESTABLISHED l=1).mark_down
2024-06-15T00:58:10.608 INFO:teuthology.orchestra.run.smithi137.stdout:/usr/bin/ceph: stderr
2024-06-15T00:58:10.047+0000 7f59b312b700 1 --2- 172.21.15.137:0/3085778402 >> [v2:172.21.15.137:3300/0,v1:172.21.15.137:6789/0] conn(0x7f59ac106330 0x7f59ac19a0c0 secure :-1 s=READY pgs=66 cs=0 l=1 rev1=1 crypto rx=0x7f59a4000c00 tx=0x7f59a4011ab0 comp rx=0 tx=0).stop
2024-06-15T00:58:10.608 INFO:teuthology.orchestra.run.smithi137.stdout:/usr/bin/ceph: stderr
2024-06-15T00:58:10.047+0000 7f59b312b700 1 -- 172.21.15.137:0/3085778402 shutdown_connections
2024-06-15T00:58:10.608 INFO:teuthology.orchestra.run.smithi137.stdout:/usr/bin/ceph: stderr
2024-06-15T00:58:10.047+0000 7f59b312b700 1 --2- 172.21.15.137:0/3085778402 >> [v2:172.21.15.137:6800/4018707027,v1:172.21.15.137:6801/4018707027] conn(0x7f5998038370 0x7f599803a830 unknown :-1 s=CLOSED pgs=21 cs=0 l=1 rev1=1 crypto rx=0 tx=0 comp rx=0 tx=0).stop
2024-06-15T00:58:10.608 INFO:teuthology.orchestra.run.smithi137.stdout:/usr/bin/ceph: stderr
2024-06-15T00:58:10.047+0000 7f59b312b700 1 --2- 172.21.15.137:0/3085778402 >> [v2:172.21.15.137:3300/0,v1:172.21.15.137:6789/0] conn(0x7f59ac106330 0x7f59ac19a0c0 unknown :-1 s=CLOSED pgs=66 cs=0 l=1 rev1=1 crypto rx=0 tx=0 comp rx=0 tx=0).stop
2024-06-15T00:58:10.608 INFO:teuthology.orchestra.run.smithi137.stdout:/usr/bin/ceph: stderr
2024-06-15T00:58:10.047+0000 7f59b312b700 1 -- 172.21.15.137:0/3085778402 >> 172.21.15.137:0/3085778402 conn(0x7f59ac101910 msgr2=0x7f59ac103040 unknown :-1 s=STATE_NONE l=0).mark_down
2024-06-15T00:58:10.609 INFO:teuthology.orchestra.run.smithi137.stdout:/usr/bin/ceph: stderr
2024-06-15T00:58:10.047+0000 7f59b312b700 1 -- 172.21.15.137:0/3085778402 shutdown_connections
2024-06-15T00:58:10.609 INFO:teuthology.orchestra.run.smithi137.stdout:/usr/bin/ceph: stderr
2024-06-15T00:58:10.047+0000 7f59b312b700 1 -- 172.21.15.137:0/3085778402 wait complete.
2024-06-15T00:58:10.609 INFO:teuthology.orchestra.run.smithi137.stdout:Enabling the dashboard module...
2024-06-15T00:58:11.229 INFO:journalctl@ceph.mon.smithi137.smithi137.stdout:Jun 15 00:58:11 smithi137 ceph-mon[29354]: from='client.? 172.21.15.137:0/3085778402' entity='client.admin'
2024-06-15T00:58:11.229 INFO:journalctl@ceph.mon.smithi137.smithi137.stdout:Jun 15 00:58:11 smithi137 ceph-mon[29354]: pgmap v5: 0 pgs: ; 0 B data, 0 B used, 0 B / 0 B avail
2024-06-15T00:58:12.336 INFO:journalctl@ceph.mon.smithi137.smithi137.stdout:Jun 15 00:58:12 smithi137 ceph-mon[29354]: from='client.? 172.21.15.137:0/1283733077' entity='client.admin' cmd=[{"prefix": "mgr module enable", "module": "dashboard"}]: dispatch
2024-06-15T00:58:12.619 INFO:teuthology.orchestra.run.smithi137.stdout:/usr/bin/ceph: stderr
2024-06-15T00:58:11.023+0000 7f648b3f4700 1 Processor -- start
2024-06-15T00:58:12.619 INFO:teuthology.orchestra.run.smithi137.stdout:/usr/bin/ceph: stderr
2024-06-15T00:58:11.023+0000 7f648b3f4700 1 -- start start
2024-06-15T00:58:12.619 INFO:teuthology.orchestra.run.smithi137.stdout:/usr/bin/ceph: stderr
2024-06-15T00:58:11.023+0000 7f648b3f4700 1 --2- >> [v2:172.21.15.137:3300/0,v1:172.21.15.137:6789/0] conn(0x7f648407bdf0 0x7f648407a250 unknown :-1 s=NONE pgs=0 cs=0 l=0 rev1=0 crypto rx=0 tx=0 comp rx=0 tx=0).connect
2024-06-15T00:58:12.619 INFO:teuthology.orchestra.run.smithi137.stdout:/usr/bin/ceph: stderr
2024-06-15T00:58:11.023+0000 7f648b3f4700 1 -- --> [v2:172.21.15.137:3300/0,v1:172.21.15.137:6789/0] -- mon_getmap magic: 0 v1 -- 0x7f648407a820 con 0x7f648407bdf0
2024-06-15T00:58:12.619 INFO:teuthology.orchestra.run.smithi137.stdout:/usr/bin/ceph: stderr
2024-06-15T00:58:11.023+0000 7f6489190700 1 --2- >> [v2:172.21.15.137:3300/0,v1:172.21.15.137:6789/0] conn(0x7f648407bdf0 0x7f648407a250 unknown :-1 s=BANNER_CONNECTING pgs=0 cs=0 l=0 rev1=0 crypto rx=0 tx=0 comp rx=0 tx=0)._handle_peer_banner_payload supported=3 required=0
2024-06-15T00:58:12.619 INFO:teuthology.orchestra.run.smithi137.stdout:/usr/bin/ceph: stderr
2024-06-15T00:58:11.023+0000 7f6489190700 1 --2- >> [v2:172.21.15.137:3300/0,v1:172.21.15.137:6789/0] conn(0x7f648407bdf0 0x7f648407a250 unknown :-1 s=HELLO_CONNECTING pgs=0 cs=0 l=0 rev1=1 crypto rx=0 tx=0 comp rx=0 tx=0).handle_hello peer v2:172.21.15.137:3300/0 says I am v2:172.21.15.137:60878/0 (socket says 172.21.15.137:60878)
2024-06-15T00:58:12.620 INFO:teuthology.orchestra.run.smithi137.stdout:/usr/bin/ceph: stderr
2024-06-15T00:58:11.023+0000 7f6489190700 1 -- 172.21.15.137:0/60810890 learned_addr learned my addr 172.21.15.137:0/60810890 (peer_addr_for_me v2:172.21.15.137:0/0)
2024-06-15T00:58:12.620 INFO:teuthology.orchestra.run.smithi137.stdout:/usr/bin/ceph: stderr
2024-06-15T00:58:11.024+0000 7f6489190700 1 -- 172.21.15.137:0/60810890 --> [v2:172.21.15.137:3300/0,v1:172.21.15.137:6789/0] -- mon_subscribe({config=0+,monmap=0+}) v3 -- 0x7f648407a960 con 0x7f648407bdf0
2024-06-15T00:58:12.620 INFO:teuthology.orchestra.run.smithi137.stdout:/usr/bin/ceph: stderr
2024-06-15T00:58:11.024+0000 7f6489190700 1 --2- 172.21.15.137:0/60810890 >> [v2:172.21.15.137:3300/0,v1:172.21.15.137:6789/0] conn(0x7f648407bdf0 0x7f648407a250 secure :-1 s=READY pgs=67 cs=0 l=1 rev1=1 crypto rx=0x7f64800098a0 tx=0x7f6480009bb0 comp rx=0 tx=0).ready entity=mon.0 client_cookie=dbbd7981f9f61777 server_cookie=0 in_seq=0 out_seq=0
2024-06-15T00:58:12.620 INFO:teuthology.orchestra.run.smithi137.stdout:/usr/bin/ceph: stderr
2024-06-15T00:58:11.024+0000 7f647bfff700 1 -- 172.21.15.137:0/60810890 <== mon.0 v2:172.21.15.137:3300/0 1 ==== mon_map magic: 0 v1 ==== 229+0+0 (secure 0 0 0) 0x7f6480004180 con 0x7f648407bdf0
2024-06-15T00:58:12.620 INFO:teuthology.orchestra.run.smithi137.stdout:/usr/bin/ceph: stderr
2024-06-15T00:58:11.024+0000 7f647bfff700 1 -- 172.21.15.137:0/60810890 <== mon.0 v2:172.21.15.137:3300/0 2 ==== config(26 keys) v1 ==== 1066+0+0 (secure 0 0 0) 0x7f64800042e0 con 0x7f648407bdf0
2024-06-15T00:58:12.620 INFO:teuthology.orchestra.run.smithi137.stdout:/usr/bin/ceph: stderr
2024-06-15T00:58:11.024+0000 7f647bfff700 1 -- 172.21.15.137:0/60810890 <== mon.0 v2:172.21.15.137:3300/0 3 ==== mon_map magic: 0 v1 ==== 229+0+0 (secure 0 0 0) 0x7f6480011a30 con 0x7f648407bdf0
2024-06-15T00:58:12.620 INFO:teuthology.orchestra.run.smithi137.stdout:/usr/bin/ceph: stderr
2024-06-15T00:58:11.024+0000 7f648b3f4700 1 -- 172.21.15.137:0/60810890 >> [v2:172.21.15.137:3300/0,v1:172.21.15.137:6789/0] conn(0x7f648407bdf0 msgr2=0x7f648407a250 secure :-1 s=STATE_CONNECTION_ESTABLISHED l=1).mark_down
2024-06-15T00:58:12.620 INFO:teuthology.orchestra.run.smithi137.stdout:/usr/bin/ceph: stderr
2024-06-15T00:58:11.024+0000 7f648b3f4700 1 --2- 172.21.15.137:0/60810890 >> [v2:172.21.15.137:3300/0,v1:172.21.15.137:6789/0] conn(0x7f648407bdf0 0x7f648407a250 secure :-1 s=READY pgs=67 cs=0 l=1 rev1=1 crypto rx=0x7f64800098a0 tx=0x7f6480009bb0 comp rx=0 tx=0).stop
2024-06-15T00:58:12.620 INFO:teuthology.orchestra.run.smithi137.stdout:/usr/bin/ceph: stderr
2024-06-15T00:58:11.024+0000 7f648b3f4700 1 -- 172.21.15.137:0/60810890 shutdown_connections
2024-06-15T00:58:12.620 INFO:teuthology.orchestra.run.smithi137.stdout:/usr/bin/ceph: stderr
2024-06-15T00:58:11.024+0000 7f648b3f4700 1 --2- 172.21.15.137:0/60810890 >> [v2:172.21.15.137:3300/0,v1:172.21.15.137:6789/0] conn(0x7f648407bdf0 0x7f648407a250 unknown :-1 s=CLOSED pgs=67 cs=0 l=1 rev1=1 crypto rx=0 tx=0 comp rx=0 tx=0).stop
2024-06-15T00:58:12.620 INFO:teuthology.orchestra.run.smithi137.stdout:/usr/bin/ceph: stderr
2024-06-15T00:58:11.024+0000 7f648b3f4700 1 -- 172.21.15.137:0/60810890 >> 172.21.15.137:0/60810890 conn(0x7f6484101910 msgr2=0x7f6484103d30 unknown :-1 s=STATE_NONE l=0).mark_down
2024-06-15T00:58:12.620 INFO:teuthology.orchestra.run.smithi137.stdout:/usr/bin/ceph: stderr
2024-06-15T00:58:11.025+0000 7f648b3f4700 1 -- 172.21.15.137:0/60810890 shutdown_connections
2024-06-15T00:58:12.620 INFO:teuthology.orchestra.run.smithi137.stdout:/usr/bin/ceph: stderr
2024-06-15T00:58:11.025+0000 7f648b3f4700 1 -- 172.21.15.137:0/60810890 wait complete.
2024-06-15T00:58:12.621 INFO:teuthology.orchestra.run.smithi137.stdout:/usr/bin/ceph: stderr
2024-06-15T00:58:11.025+0000 7f648b3f4700 1 Processor -- start
2024-06-15T00:58:12.621 INFO:teuthology.orchestra.run.smithi137.stdout:/usr/bin/ceph: stderr
2024-06-15T00:58:11.025+0000 7f648b3f4700 1 -- start start
2024-06-15T00:58:12.621 INFO:teuthology.orchestra.run.smithi137.stdout:/usr/bin/ceph: stderr
2024-06-15T00:58:11.025+0000 7f648b3f4700 1 --2- >> [v2:172.21.15.137:3300/0,v1:172.21.15.137:6789/0] conn(0x7f648407bdf0 0x7f648419c290 unknown :-1 s=NONE pgs=0 cs=0 l=1 rev1=0 crypto rx=0 tx=0 comp rx=0 tx=0).connect
2024-06-15T00:58:12.621 INFO:teuthology.orchestra.run.smithi137.stdout:/usr/bin/ceph: stderr
2024-06-15T00:58:11.025+0000 7f648b3f4700 1 -- --> [v2:172.21.15.137:3300/0,v1:172.21.15.137:6789/0] -- mon_getmap magic: 0 v1 -- 0x7f648419c7d0 con 0x7f648407bdf0
2024-06-15T00:58:12.621 INFO:teuthology.orchestra.run.smithi137.stdout:/usr/bin/ceph: stderr
2024-06-15T00:58:11.026+0000 7f6489190700 1 --2- >> [v2:172.21.15.137:3300/0,v1:172.21.15.137:6789/0] conn(0x7f648407bdf0 0x7f648419c290 unknown :-1 s=BANNER_CONNECTING pgs=0 cs=0 l=1 rev1=0 crypto rx=0 tx=0 comp rx=0 tx=0)._handle_peer_banner_payload supported=3 required=0
2024-06-15T00:58:12.621 INFO:teuthology.orchestra.run.smithi137.stdout:/usr/bin/ceph: stderr
2024-06-15T00:58:11.026+0000 7f6489190700 1 --2- >> [v2:172.21.15.137:3300/0,v1:172.21.15.137:6789/0] conn(0x7f648407bdf0 0x7f648419c290 unknown :-1 s=HELLO_CONNECTING pgs=0 cs=0 l=1 rev1=1 crypto rx=0 tx=0 comp rx=0 tx=0).handle_hello peer v2:172.21.15.137:3300/0 says I am v2:172.21.15.137:60886/0 (socket says 172.21.15.137:60886)
2024-06-15T00:58:12.621 INFO:teuthology.orchestra.run.smithi137.stdout:/usr/bin/ceph: stderr
2024-06-15T00:58:11.026+0000 7f6489190700 1 -- 172.21.15.137:0/1283733077 learned_addr learned my addr 172.21.15.137:0/1283733077 (peer_addr_for_me v2:172.21.15.137:0/0)
2024-06-15T00:58:12.621 INFO:teuthology.orchestra.run.smithi137.stdout:/usr/bin/ceph: stderr
2024-06-15T00:58:11.026+0000 7f6489190700 1 -- 172.21.15.137:0/1283733077 --> [v2:172.21.15.137:3300/0,v1:172.21.15.137:6789/0] -- mon_subscribe({config=0+,monmap=0+}) v3 -- 0x7f6480009550 con 0x7f648407bdf0
2024-06-15T00:58:12.621 INFO:teuthology.orchestra.run.smithi137.stdout:/usr/bin/ceph: stderr
2024-06-15T00:58:11.026+0000 7f6489190700 1 --2- 172.21.15.137:0/1283733077 >> [v2:172.21.15.137:3300/0,v1:172.21.15.137:6789/0] conn(0x7f648407bdf0 0x7f648419c290 secure :-1 s=READY pgs=68 cs=0 l=1 rev1=1 crypto rx=0x7f6480006af0 tx=0x7f6480011b20 comp rx=0 tx=0).ready entity=mon.0 client_cookie=0 server_cookie=0 in_seq=0 out_seq=0
2024-06-15T00:58:12.621 INFO:teuthology.orchestra.run.smithi137.stdout:/usr/bin/ceph: stderr
2024-06-15T00:58:11.026+0000 7f647a7fc700 1 -- 172.21.15.137:0/1283733077 <== mon.0 v2:172.21.15.137:3300/0 1 ==== mon_map magic: 0 v1 ==== 229+0+0 (secure 0 0 0) 0x7f6480003a80 con 0x7f648407bdf0
2024-06-15T00:58:12.621 INFO:teuthology.orchestra.run.smithi137.stdout:/usr/bin/ceph: stderr
2024-06-15T00:58:11.026+0000 7f647a7fc700 1 -- 172.21.15.137:0/1283733077 <== mon.0 v2:172.21.15.137:3300/0 2 ==== config(26 keys) v1 ==== 1066+0+0 (secure 0 0 0) 0x7f6480003be0 con 0x7f648407bdf0
2024-06-15T00:58:12.621 INFO:teuthology.orchestra.run.smithi137.stdout:/usr/bin/ceph: stderr
2024-06-15T00:58:11.026+0000 7f648b3f4700 1 -- 172.21.15.137:0/1283733077 --> [v2:172.21.15.137:3300/0,v1:172.21.15.137:6789/0] -- mon_subscribe({mgrmap=0+}) v3 -- 0x7f648419c9d0 con 0x7f648407bdf0
2024-06-15T00:58:12.622 INFO:teuthology.orchestra.run.smithi137.stdout:/usr/bin/ceph: stderr
2024-06-15T00:58:11.026+0000 7f647a7fc700 1 -- 172.21.15.137:0/1283733077 <== mon.0 v2:172.21.15.137:3300/0 3 ==== mon_map magic: 0 v1 ==== 229+0+0 (secure 0 0 0) 0x7f6480019770 con 0x7f648407bdf0
2024-06-15T00:58:12.622 INFO:teuthology.orchestra.run.smithi137.stdout:/usr/bin/ceph: stderr
2024-06-15T00:58:11.026+0000 7f648b3f4700 1 -- 172.21.15.137:0/1283733077 --> [v2:172.21.15.137:3300/0,v1:172.21.15.137:6789/0] -- mon_subscribe({osdmap=0}) v3 -- 0x7f648419cdf0 con 0x7f648407bdf0
2024-06-15T00:58:12.622 INFO:teuthology.orchestra.run.smithi137.stdout:/usr/bin/ceph: stderr
2024-06-15T00:58:11.027+0000 7f647a7fc700 1 -- 172.21.15.137:0/1283733077 <== mon.0 v2:172.21.15.137:3300/0 4 ==== mgrmap(e 8) v1 ==== 45283+0+0 (secure 0 0 0) 0x7f64800199e0 con 0x7f648407bdf0
2024-06-15T00:58:12.622 INFO:teuthology.orchestra.run.smithi137.stdout:/usr/bin/ceph: stderr
2024-06-15T00:58:11.027+0000 7f648b3f4700 1 -- 172.21.15.137:0/1283733077 --> [v2:172.21.15.137:3300/0,v1:172.21.15.137:6789/0] -- mon_command({"prefix": "get_command_descriptions"} v 0) v1 -- 0x7f648410c670 con 0x7f648407bdf0
2024-06-15T00:58:12.622 INFO:teuthology.orchestra.run.smithi137.stdout:/usr/bin/ceph: stderr
2024-06-15T00:58:11.027+0000 7f647a7fc700 1 --2- 172.21.15.137:0/1283733077 >> [v2:172.21.15.137:6800/4018707027,v1:172.21.15.137:6801/4018707027] conn(0x7f6470038330 0x7f647003a7f0 unknown :-1 s=NONE pgs=0 cs=0 l=1 rev1=0 crypto rx=0 tx=0 comp rx=0 tx=0).connect
2024-06-15T00:58:12.622 INFO:teuthology.orchestra.run.smithi137.stdout:/usr/bin/ceph: stderr
2024-06-15T00:58:11.027+0000 7f647a7fc700 1 -- 172.21.15.137:0/1283733077 <== mon.0 v2:172.21.15.137:3300/0 5 ==== osd_map(2..2 src has 1..2) v4 ==== 940+0+0 (secure 0 0 0) 0x7f648004c4d0 con 0x7f648407bdf0
2024-06-15T00:58:12.622 INFO:teuthology.orchestra.run.smithi137.stdout:/usr/bin/ceph: stderr
2024-06-15T00:58:11.027+0000 7f648898f700 1 --2- 172.21.15.137:0/1283733077 >> [v2:172.21.15.137:6800/4018707027,v1:172.21.15.137:6801/4018707027] conn(0x7f6470038330 0x7f647003a7f0 unknown :-1 s=BANNER_CONNECTING pgs=0 cs=0 l=1 rev1=0 crypto rx=0 tx=0 comp rx=0 tx=0)._handle_peer_banner_payload supported=3 required=0
2024-06-15T00:58:12.622 INFO:teuthology.orchestra.run.smithi137.stdout:/usr/bin/ceph: stderr
2024-06-15T00:58:11.028+0000 7f648898f700 1 --2- 172.21.15.137:0/1283733077 >> [v2:172.21.15.137:6800/4018707027,v1:172.21.15.137:6801/4018707027] conn(0x7f6470038330 0x7f647003a7f0 secure :-1 s=READY pgs=22 cs=0 l=1 rev1=1 crypto rx=0x7f6474006fd0 tx=0x7f6474006e40 comp rx=0 tx=0).ready entity=mgr.14120 client_cookie=0 server_cookie=0 in_seq=0 out_seq=0
2024-06-15T00:58:12.622 INFO:teuthology.orchestra.run.smithi137.stdout:/usr/bin/ceph: stderr
2024-06-15T00:58:11.032+0000 7f647a7fc700 1 -- 172.21.15.137:0/1283733077 <== mon.0 v2:172.21.15.137:3300/0 6 ==== mon_command_ack([{"prefix": "get_command_descriptions"}]=0 v0) v1 ==== 72+0+180422 (secure 0 0 0) 0x7f648001acd0 con 0x7f648407bdf0
2024-06-15T00:58:12.622 INFO:teuthology.orchestra.run.smithi137.stdout:/usr/bin/ceph: stderr
2024-06-15T00:58:11.278+0000 7f648b3f4700 1 -- 172.21.15.137:0/1283733077 --> [v2:172.21.15.137:3300/0,v1:172.21.15.137:6789/0] -- mon_command({"prefix": "mgr module enable", "module": "dashboard"} v 0) v1 -- 0x7f648410c830 con 0x7f648407bdf0
2024-06-15T00:58:12.622 INFO:teuthology.orchestra.run.smithi137.stdout:/usr/bin/ceph: stderr
2024-06-15T00:58:12.050+0000 7f647a7fc700 1 -- 172.21.15.137:0/1283733077 <== mon.0 v2:172.21.15.137:3300/0 7 ==== mgrmap(e 9) v1 ==== 45296+0+0 (secure 0 0 0) 0x7f648000b3e0 con 0x7f648407bdf0
2024-06-15T00:58:12.622 INFO:teuthology.orchestra.run.smithi137.stdout:/usr/bin/ceph: stderr
2024-06-15T00:58:12.052+0000 7f647a7fc700 1 -- 172.21.15.137:0/1283733077 <== mon.0 v2:172.21.15.137:3300/0 8 ==== mon_command_ack([{"prefix": "mgr module enable", "module": "dashboard"}]=0 v9) v1 ==== 88+0+0 (secure 0 0 0) 0x7f6480019c90 con 0x7f648407bdf0
2024-06-15T00:58:12.623 INFO:teuthology.orchestra.run.smithi137.stdout:/usr/bin/ceph: stderr
2024-06-15T00:58:12.054+0000 7f648b3f4700 1 -- 172.21.15.137:0/1283733077 >> [v2:172.21.15.137:6800/4018707027,v1:172.21.15.137:6801/4018707027] conn(0x7f6470038330 msgr2=0x7f647003a7f0 secure :-1 s=STATE_CONNECTION_ESTABLISHED l=1).mark_down
2024-06-15T00:58:12.623 INFO:teuthology.orchestra.run.smithi137.stdout:/usr/bin/ceph: stderr
2024-06-15T00:58:12.054+0000 7f648b3f4700 1 --2- 172.21.15.137:0/1283733077 >> [v2:172.21.15.137:6800/4018707027,v1:172.21.15.137:6801/4018707027] conn(0x7f6470038330 0x7f647003a7f0 secure :-1 s=READY pgs=22 cs=0 l=1 rev1=1 crypto rx=0x7f6474006fd0 tx=0x7f6474006e40 comp rx=0 tx=0).stop
2024-06-15T00:58:12.623 INFO:teuthology.orchestra.run.smithi137.stdout:/usr/bin/ceph: stderr
2024-06-15T00:58:12.054+0000 7f648b3f4700 1 -- 172.21.15.137:0/1283733077 >> [v2:172.21.15.137:3300/0,v1:172.21.15.137:6789/0] conn(0x7f648407bdf0 msgr2=0x7f648419c290 secure :-1 s=STATE_CONNECTION_ESTABLISHED l=1).mark_down
2024-06-15T00:58:12.623 INFO:teuthology.orchestra.run.smithi137.stdout:/usr/bin/ceph: stderr
2024-06-15T00:58:12.054+0000 7f648b3f4700 1 --2- 172.21.15.137:0/1283733077 >> [v2:172.21.15.137:3300/0,v1:172.21.15.137:6789/0] conn(0x7f648407bdf0 0x7f648419c290 secure :-1 s=READY pgs=68 cs=0 l=1 rev1=1 crypto rx=0x7f6480006af0 tx=0x7f6480011b20 comp rx=0 tx=0).stop
2024-06-15T00:58:12.623 INFO:teuthology.orchestra.run.smithi137.stdout:/usr/bin/ceph: stderr
2024-06-15T00:58:12.054+0000 7f648b3f4700 1 -- 172.21.15.137:0/1283733077 shutdown_connections
2024-06-15T00:58:12.623 INFO:teuthology.orchestra.run.smithi137.stdout:/usr/bin/ceph: stderr
2024-06-15T00:58:12.054+0000 7f648b3f4700 1 --2- 172.21.15.137:0/1283733077 >> [v2:172.21.15.137:6800/4018707027,v1:172.21.15.137:6801/4018707027] conn(0x7f6470038330 0x7f647003a7f0 unknown :-1 s=CLOSED pgs=22 cs=0 l=1 rev1=1 crypto rx=0 tx=0 comp rx=0 tx=0).stop
2024-06-15T00:58:12.623 INFO:teuthology.orchestra.run.smithi137.stdout:/usr/bin/ceph: stderr
2024-06-15T00:58:12.054+0000 7f648b3f4700 1 --2- 172.21.15.137:0/1283733077 >> [v2:172.21.15.137:3300/0,v1:172.21.15.137:6789/0] conn(0x7f648407bdf0 0x7f648419c290 unknown :-1 s=CLOSED pgs=68 cs=0 l=1 rev1=1 crypto rx=0 tx=0 comp rx=0 tx=0).stop
2024-06-15T00:58:12.623 INFO:teuthology.orchestra.run.smithi137.stdout:/usr/bin/ceph: stderr
2024-06-15T00:58:12.054+0000 7f648b3f4700 1 -- 172.21.15.137:0/1283733077 >> 172.21.15.137:0/1283733077 conn(0x7f6484101910 msgr2=0x7f6484103050 unknown :-1 s=STATE_NONE l=0).mark_down
2024-06-15T00:58:12.623 INFO:teuthology.orchestra.run.smithi137.stdout:/usr/bin/ceph: stderr
2024-06-15T00:58:12.054+0000 7f648b3f4700 1 -- 172.21.15.137:0/1283733077 shutdown_connections
2024-06-15T00:58:12.623 INFO:teuthology.orchestra.run.smithi137.stdout:/usr/bin/ceph: stderr
2024-06-15T00:58:12.055+0000 7f648b3f4700 1 -- 172.21.15.137:0/1283733077 wait complete.
2024-06-15T00:58:13.229 INFO:journalctl@ceph.mon.smithi137.smithi137.stdout:Jun 15 00:58:13 smithi137 ceph-mon[29354]: from='client.? 172.21.15.137:0/1283733077' entity='client.admin' cmd='[{"prefix": "mgr module enable", "module": "dashboard"}]': finished
2024-06-15T00:58:13.229 INFO:journalctl@ceph.mon.smithi137.smithi137.stdout:Jun 15 00:58:13 smithi137 ceph-mon[29354]: mgrmap e9: smithi137.nbzbyc(active, since 25s)
2024-06-15T00:58:13.892 INFO:teuthology.orchestra.run.smithi137.stdout:/usr/bin/ceph: stdout {
2024-06-15T00:58:13.892 INFO:teuthology.orchestra.run.smithi137.stdout:/usr/bin/ceph: stdout "epoch": 9,
2024-06-15T00:58:13.893 INFO:teuthology.orchestra.run.smithi137.stdout:/usr/bin/ceph: stdout "available": true,
2024-06-15T00:58:13.893 INFO:teuthology.orchestra.run.smithi137.stdout:/usr/bin/ceph: stdout "active_name": "smithi137.nbzbyc",
2024-06-15T00:58:13.893 INFO:teuthology.orchestra.run.smithi137.stdout:/usr/bin/ceph: stdout "num_standby": 0
2024-06-15T00:58:13.893 INFO:teuthology.orchestra.run.smithi137.stdout:/usr/bin/ceph: stdout }
2024-06-15T00:58:13.893 INFO:teuthology.orchestra.run.smithi137.stdout:/usr/bin/ceph: stderr
2024-06-15T00:58:13.056+0000 7f2ed925d700 1 Processor -- start
2024-06-15T00:58:13.893 INFO:teuthology.orchestra.run.smithi137.stdout:/usr/bin/ceph: stderr
2024-06-15T00:58:13.056+0000 7f2ed925d700 1 -- start start
2024-06-15T00:58:13.893 INFO:teuthology.orchestra.run.smithi137.stdout:/usr/bin/ceph: stderr
2024-06-15T00:58:13.056+0000 7f2ed925d700 1 --2- >> [v2:172.21.15.137:3300/0,v1:172.21.15.137:6789/0] conn(0x7f2ed4106de0 0x7f2ed41091d0 unknown :-1 s=NONE pgs=0 cs=0 l=0 rev1=0 crypto rx=0 tx=0 comp rx=0 tx=0).connect
2024-06-15T00:58:13.893 INFO:teuthology.orchestra.run.smithi137.stdout:/usr/bin/ceph: stderr
2024-06-15T00:58:13.056+0000 7f2ed925d700 1 -- --> [v2:172.21.15.137:3300/0,v1:172.21.15.137:6789/0] -- mon_getmap magic: 0 v1 -- 0x7f2ed4079da0 con 0x7f2ed4106de0
2024-06-15T00:58:13.893 INFO:teuthology.orchestra.run.smithi137.stdout:/usr/bin/ceph: stderr
2024-06-15T00:58:13.056+0000 7f2ed2d9d700 1 --2- >> [v2:172.21.15.137:3300/0,v1:172.21.15.137:6789/0] conn(0x7f2ed4106de0 0x7f2ed41091d0 unknown :-1 s=BANNER_CONNECTING pgs=0 cs=0 l=0 rev1=0 crypto rx=0 tx=0 comp rx=0 tx=0)._handle_peer_banner_payload supported=3 required=0
2024-06-15T00:58:13.893 INFO:teuthology.orchestra.run.smithi137.stdout:/usr/bin/ceph: stderr
2024-06-15T00:58:13.056+0000 7f2ed2d9d700 1 --2- >> [v2:172.21.15.137:3300/0,v1:172.21.15.137:6789/0] conn(0x7f2ed4106de0 0x7f2ed41091d0 unknown :-1 s=HELLO_CONNECTING pgs=0 cs=0 l=0 rev1=1 crypto rx=0 tx=0 comp rx=0 tx=0).handle_hello peer v2:172.21.15.137:3300/0 says I am v2:172.21.15.137:60916/0 (socket says 172.21.15.137:60916)
2024-06-15T00:58:13.893 INFO:teuthology.orchestra.run.smithi137.stdout:/usr/bin/ceph: stderr
2024-06-15T00:58:13.056+0000 7f2ed2d9d700 1 -- 172.21.15.137:0/3075190937 learned_addr learned my addr 172.21.15.137:0/3075190937 (peer_addr_for_me v2:172.21.15.137:0/0)
2024-06-15T00:58:13.893 INFO:teuthology.orchestra.run.smithi137.stdout:/usr/bin/ceph: stderr
2024-06-15T00:58:13.057+0000 7f2ed2d9d700 1 -- 172.21.15.137:0/3075190937 --> [v2:172.21.15.137:3300/0,v1:172.21.15.137:6789/0] -- mon_subscribe({config=0+,monmap=0+}) v3 -- 0x7f2ed4109710 con 0x7f2ed4106de0
2024-06-15T00:58:13.893 INFO:teuthology.orchestra.run.smithi137.stdout:/usr/bin/ceph: stderr
2024-06-15T00:58:13.057+0000 7f2ed2d9d700 1 --2- 172.21.15.137:0/3075190937 >> [v2:172.21.15.137:3300/0,v1:172.21.15.137:6789/0] conn(0x7f2ed4106de0 0x7f2ed41091d0 secure :-1 s=READY pgs=71 cs=0 l=1 rev1=1 crypto rx=0x7f2ec40098a0 tx=0x7f2ec4009bb0 comp rx=0 tx=0).ready entity=mon.0 client_cookie=e8d7a2c226a2130d server_cookie=0 in_seq=0 out_seq=0
2024-06-15T00:58:13.894 INFO:teuthology.orchestra.run.smithi137.stdout:/usr/bin/ceph: stderr
2024-06-15T00:58:13.057+0000 7f2ed1d9b700 1 -- 172.21.15.137:0/3075190937 <== mon.0 v2:172.21.15.137:3300/0 1 ==== mon_map magic: 0 v1 ==== 229+0+0 (secure 0 0 0) 0x7f2ec4004180 con 0x7f2ed4106de0
2024-06-15T00:58:13.894 INFO:teuthology.orchestra.run.smithi137.stdout:/usr/bin/ceph: stderr
2024-06-15T00:58:13.057+0000 7f2ed1d9b700 1 -- 172.21.15.137:0/3075190937 <== mon.0 v2:172.21.15.137:3300/0 2 ==== config(26 keys) v1 ==== 1066+0+0 (secure 0 0 0) 0x7f2ec40042e0 con 0x7f2ed4106de0
2024-06-15T00:58:13.894 INFO:teuthology.orchestra.run.smithi137.stdout:/usr/bin/ceph: stderr
2024-06-15T00:58:13.057+0000 7f2ed1d9b700 1 -- 172.21.15.137:0/3075190937 <== mon.0 v2:172.21.15.137:3300/0 3 ==== mon_map magic: 0 v1 ==== 229+0+0 (secure 0 0 0) 0x7f2ec4011a30 con 0x7f2ed4106de0
2024-06-15T00:58:13.894 INFO:teuthology.orchestra.run.smithi137.stdout:/usr/bin/ceph: stderr
2024-06-15T00:58:13.058+0000 7f2ed925d700 1 -- 172.21.15.137:0/3075190937 >> [v2:172.21.15.137:3300/0,v1:172.21.15.137:6789/0] conn(0x7f2ed4106de0 msgr2=0x7f2ed41091d0 secure :-1 s=STATE_CONNECTION_ESTABLISHED l=1).mark_down
2024-06-15T00:58:13.894 INFO:teuthology.orchestra.run.smithi137.stdout:/usr/bin/ceph: stderr
2024-06-15T00:58:13.058+0000 7f2ed925d700 1 --2- 172.21.15.137:0/3075190937 >> [v2:172.21.15.137:3300/0,v1:172.21.15.137:6789/0] conn(0x7f2ed4106de0 0x7f2ed41091d0 secure :-1 s=READY pgs=71 cs=0 l=1 rev1=1 crypto rx=0x7f2ec40098a0 tx=0x7f2ec4009bb0 comp rx=0 tx=0).stop
2024-06-15T00:58:13.894 INFO:teuthology.orchestra.run.smithi137.stdout:/usr/bin/ceph: stderr
2024-06-15T00:58:13.058+0000 7f2ed925d700 1 -- 172.21.15.137:0/3075190937 shutdown_connections
2024-06-15T00:58:13.894 INFO:teuthology.orchestra.run.smithi137.stdout:/usr/bin/ceph: stderr
2024-06-15T00:58:13.058+0000 7f2ed925d700 1 --2- 172.21.15.137:0/3075190937 >> [v2:172.21.15.137:3300/0,v1:172.21.15.137:6789/0] conn(0x7f2ed4106de0 0x7f2ed41091d0 unknown :-1 s=CLOSED pgs=71 cs=0 l=1 rev1=1 crypto rx=0 tx=0 comp rx=0 tx=0).stop
2024-06-15T00:58:13.894 INFO:teuthology.orchestra.run.smithi137.stdout:/usr/bin/ceph: stderr
2024-06-15T00:58:13.058+0000 7f2ed925d700 1 -- 172.21.15.137:0/3075190937 >> 172.21.15.137:0/3075190937 conn(0x7f2ed41007d0 msgr2=0x7f2ed4102c10 unknown :-1 s=STATE_NONE l=0).mark_down
2024-06-15T00:58:13.894 INFO:teuthology.orchestra.run.smithi137.stdout:/usr/bin/ceph: stderr
2024-06-15T00:58:13.058+0000 7f2ed925d700 1 -- 172.21.15.137:0/3075190937 shutdown_connections
2024-06-15T00:58:13.894 INFO:teuthology.orchestra.run.smithi137.stdout:/usr/bin/ceph: stderr
2024-06-15T00:58:13.058+0000 7f2ed925d700 1 -- 172.21.15.137:0/3075190937 wait complete.
2024-06-15T00:58:13.894 INFO:teuthology.orchestra.run.smithi137.stdout:/usr/bin/ceph: stderr
2024-06-15T00:58:13.059+0000 7f2ed925d700 1 Processor -- start
2024-06-15T00:58:13.894 INFO:teuthology.orchestra.run.smithi137.stdout:/usr/bin/ceph: stderr
2024-06-15T00:58:13.059+0000 7f2ed925d700 1 -- start start
2024-06-15T00:58:13.894 INFO:teuthology.orchestra.run.smithi137.stdout:/usr/bin/ceph: stderr
2024-06-15T00:58:13.059+0000 7f2ed925d700 1 --2- >> [v2:172.21.15.137:3300/0,v1:172.21.15.137:6789/0] conn(0x7f2ed4106de0 0x7f2ed4197df0 unknown :-1 s=NONE pgs=0 cs=0 l=1 rev1=0 crypto rx=0 tx=0 comp rx=0 tx=0).connect
2024-06-15T00:58:13.895 INFO:teuthology.orchestra.run.smithi137.stdout:/usr/bin/ceph: stderr
2024-06-15T00:58:13.059+0000 7f2ed925d700 1 -- --> [v2:172.21.15.137:3300/0,v1:172.21.15.137:6789/0] -- mon_getmap magic: 0 v1 -- 0x7f2ed4198330 con 0x7f2ed4106de0
2024-06-15T00:58:13.895 INFO:teuthology.orchestra.run.smithi137.stdout:/usr/bin/ceph: stderr
2024-06-15T00:58:13.059+0000 7f2ed2d9d700 1 --2- >> [v2:172.21.15.137:3300/0,v1:172.21.15.137:6789/0] conn(0x7f2ed4106de0 0x7f2ed4197df0 unknown :-1 s=BANNER_CONNECTING pgs=0 cs=0 l=1 rev1=0 crypto rx=0 tx=0 comp rx=0 tx=0)._handle_peer_banner_payload supported=3 required=0
2024-06-15T00:58:13.895 INFO:teuthology.orchestra.run.smithi137.stdout:/usr/bin/ceph: stderr
2024-06-15T00:58:13.059+0000 7f2ed2d9d700 1 --2- >> [v2:172.21.15.137:3300/0,v1:172.21.15.137:6789/0] conn(0x7f2ed4106de0 0x7f2ed4197df0 unknown :-1 s=HELLO_CONNECTING pgs=0 cs=0 l=1 rev1=1 crypto rx=0 tx=0 comp rx=0 tx=0).handle_hello peer v2:172.21.15.137:3300/0 says I am v2:172.21.15.137:60932/0 (socket says 172.21.15.137:60932)
2024-06-15T00:58:13.895 INFO:teuthology.orchestra.run.smithi137.stdout:/usr/bin/ceph: stderr
2024-06-15T00:58:13.059+0000 7f2ed2d9d700 1 -- 172.21.15.137:0/1909888581 learned_addr learned my addr 172.21.15.137:0/1909888581 (peer_addr_for_me v2:172.21.15.137:0/0)
2024-06-15T00:58:13.895 INFO:teuthology.orchestra.run.smithi137.stdout:/usr/bin/ceph: stderr
2024-06-15T00:58:13.060+0000 7f2ed2d9d700 1 -- 172.21.15.137:0/1909888581 --> [v2:172.21.15.137:3300/0,v1:172.21.15.137:6789/0] -- mon_subscribe({config=0+,monmap=0+}) v3 -- 0x7f2ec4009550 con 0x7f2ed4106de0
2024-06-15T00:58:13.895 INFO:teuthology.orchestra.run.smithi137.stdout:/usr/bin/ceph: stderr
2024-06-15T00:58:13.060+0000 7f2ed2d9d700 1 --2- 172.21.15.137:0/1909888581 >> [v2:172.21.15.137:3300/0,v1:172.21.15.137:6789/0] conn(0x7f2ed4106de0 0x7f2ed4197df0 secure :-1 s=READY pgs=72 cs=0 l=1 rev1=1 crypto rx=0x7f2ec4006af0 tx=0x7f2ec4011ab0 comp rx=0 tx=0).ready entity=mon.0 client_cookie=0 server_cookie=0 in_seq=0 out_seq=0
2024-06-15T00:58:13.895 INFO:teuthology.orchestra.run.smithi137.stdout:/usr/bin/ceph: stderr
2024-06-15T00:58:13.060+0000 7f2ebbfff700 1 -- 172.21.15.137:0/1909888581 <== mon.0 v2:172.21.15.137:3300/0 1 ==== mon_map magic: 0 v1 ==== 229+0+0 (secure 0 0 0) 0x7f2ec4003bc0 con 0x7f2ed4106de0
2024-06-15T00:58:13.895 INFO:teuthology.orchestra.run.smithi137.stdout:/usr/bin/ceph: stderr
2024-06-15T00:58:13.060+0000 7f2ebbfff700 1 -- 172.21.15.137:0/1909888581 <== mon.0 v2:172.21.15.137:3300/0 2 ==== config(26 keys) v1 ==== 1066+0+0 (secure 0 0 0) 0x7f2ec401a8c0 con 0x7f2ed4106de0
2024-06-15T00:58:13.895 INFO:teuthology.orchestra.run.smithi137.stdout:/usr/bin/ceph: stderr
2024-06-15T00:58:13.060+0000 7f2ed925d700 1 -- 172.21.15.137:0/1909888581 --> [v2:172.21.15.137:3300/0,v1:172.21.15.137:6789/0] -- mon_subscribe({mgrmap=0+}) v3 -- 0x7f2ed4198530 con 0x7f2ed4106de0
2024-06-15T00:58:13.895 INFO:teuthology.orchestra.run.smithi137.stdout:/usr/bin/ceph: stderr
2024-06-15T00:58:13.060+0000 7f2ebbfff700 1 -- 172.21.15.137:0/1909888581 <== mon.0 v2:172.21.15.137:3300/0 3 ==== mon_map magic: 0 v1 ==== 229+0+0 (secure 0 0 0) 0x7f2ec4019860 con 0x7f2ed4106de0
2024-06-15T00:58:13.895 INFO:teuthology.orchestra.run.smithi137.stdout:/usr/bin/ceph: stderr
2024-06-15T00:58:13.060+0000 7f2ed925d700 1 -- 172.21.15.137:0/1909888581 --> [v2:172.21.15.137:3300/0,v1:172.21.15.137:6789/0] -- mon_subscribe({osdmap=0}) v3 -- 0x7f2ed4198950 con 0x7f2ed4106de0
2024-06-15T00:58:13.895 INFO:teuthology.orchestra.run.smithi137.stdout:/usr/bin/ceph: stderr
2024-06-15T00:58:13.061+0000 7f2ebbfff700 1 -- 172.21.15.137:0/1909888581 <== mon.0 v2:172.21.15.137:3300/0 4 ==== mgrmap(e 9) v1 ==== 45296+0+0 (secure 0 0 0) 0x7f2ec4019b20 con 0x7f2ed4106de0
2024-06-15T00:58:13.895 INFO:teuthology.orchestra.run.smithi137.stdout:/usr/bin/ceph: stderr
2024-06-15T00:58:13.061+0000 7f2ed925d700 1 -- 172.21.15.137:0/1909888581 --> [v2:172.21.15.137:3300/0,v1:172.21.15.137:6789/0] -- mon_command({"prefix": "get_command_descriptions"} v 0) v1 -- 0x7f2ed41921f0 con 0x7f2ed4106de0
2024-06-15T00:58:13.896 INFO:teuthology.orchestra.run.smithi137.stdout:/usr/bin/ceph: stderr
2024-06-15T00:58:13.061+0000 7f2ebbfff700 1 --2- 172.21.15.137:0/1909888581 >> [v2:172.21.15.137:6800/4018707027,v1:172.21.15.137:6801/4018707027] conn(0x7f2ebc03c730 0x7f2ebc03ebf0 unknown :-1 s=NONE pgs=0 cs=0 l=1 rev1=0 crypto rx=0 tx=0 comp rx=0 tx=0).connect
2024-06-15T00:58:13.896 INFO:teuthology.orchestra.run.smithi137.stdout:/usr/bin/ceph: stderr
2024-06-15T00:58:13.061+0000 7f2ebbfff700 1 -- 172.21.15.137:0/1909888581 <== mon.0 v2:172.21.15.137:3300/0 5 ==== osd_map(2..2 src has 1..2) v4 ==== 940+0+0 (secure 0 0 0) 0x7f2ec404d5e0 con 0x7f2ed4106de0
2024-06-15T00:58:13.896 INFO:teuthology.orchestra.run.smithi137.stdout:/usr/bin/ceph: stderr
2024-06-15T00:58:13.061+0000 7f2ed259c700 1 -- 172.21.15.137:0/1909888581 >> [v2:172.21.15.137:6800/4018707027,v1:172.21.15.137:6801/4018707027] conn(0x7f2ebc03c730 msgr2=0x7f2ebc03ebf0 unknown :-1 s=STATE_CONNECTING_RE l=1).process reconnect failed to v2:172.21.15.137:6800/4018707027
2024-06-15T00:58:13.896 INFO:teuthology.orchestra.run.smithi137.stdout:/usr/bin/ceph: stderr
2024-06-15T00:58:13.061+0000 7f2ed259c700 1 --2- 172.21.15.137:0/1909888581 >> [v2:172.21.15.137:6800/4018707027,v1:172.21.15.137:6801/4018707027] conn(0x7f2ebc03c730 0x7f2ebc03ebf0 unknown :-1 s=START_CONNECT pgs=0 cs=0 l=1 rev1=0 crypto rx=0 tx=0 comp rx=0 tx=0)._fault waiting 0.200000
2024-06-15T00:58:13.896 INFO:teuthology.orchestra.run.smithi137.stdout:/usr/bin/ceph: stderr
2024-06-15T00:58:13.066+0000 7f2ebbfff700 1 -- 172.21.15.137:0/1909888581 <== mon.0 v2:172.21.15.137:3300/0 6 ==== mon_command_ack([{"prefix": "get_command_descriptions"}]=0 v0) v1 ==== 72+0+180422 (secure 0 0 0) 0x7f2ec402d440 con 0x7f2ed4106de0
2024-06-15T00:58:13.896 INFO:teuthology.orchestra.run.smithi137.stdout:/usr/bin/ceph: stderr
2024-06-15T00:58:13.262+0000 7f2ed259c700 1 -- 172.21.15.137:0/1909888581 >> [v2:172.21.15.137:6800/4018707027,v1:172.21.15.137:6801/4018707027] conn(0x7f2ebc03c730 msgr2=0x7f2ebc03ebf0 unknown :-1 s=STATE_CONNECTING_RE l=1).process reconnect failed to v2:172.21.15.137:6800/4018707027
2024-06-15T00:58:13.896 INFO:teuthology.orchestra.run.smithi137.stdout:/usr/bin/ceph: stderr
2024-06-15T00:58:13.262+0000 7f2ed259c700 1 --2- 172.21.15.137:0/1909888581 >> [v2:172.21.15.137:6800/4018707027,v1:172.21.15.137:6801/4018707027] conn(0x7f2ebc03c730 0x7f2ebc03ebf0 unknown :-1 s=START_CONNECT pgs=0 cs=0 l=1 rev1=0 crypto rx=0 tx=0 comp rx=0 tx=0)._fault waiting 0.400000
2024-06-15T00:58:13.896 INFO:teuthology.orchestra.run.smithi137.stdout:/usr/bin/ceph: stderr
2024-06-15T00:58:13.351+0000 7f2ed925d700 1 -- 172.21.15.137:0/1909888581 --> [v2:172.21.15.137:3300/0,v1:172.21.15.137:6789/0] -- mon_command({"prefix": "mgr stat"} v 0) v1 -- 0x7f2ed402cc70 con 0x7f2ed4106de0
2024-06-15T00:58:13.896 INFO:teuthology.orchestra.run.smithi137.stdout:/usr/bin/ceph: stderr
2024-06-15T00:58:13.351+0000 7f2ebbfff700 1 -- 172.21.15.137:0/1909888581 <== mon.0 v2:172.21.15.137:3300/0 7 ==== mon_command_ack([{"prefix": "mgr stat"}]=0 v9) v1 ==== 56+0+103 (secure 0 0 0) 0x7f2ec40172b0 con 0x7f2ed4106de0
2024-06-15T00:58:13.896 INFO:teuthology.orchestra.run.smithi137.stdout:/usr/bin/ceph: stderr
2024-06-15T00:58:13.353+0000 7f2ed925d700 1 -- 172.21.15.137:0/1909888581 >> [v2:172.21.15.137:6800/4018707027,v1:172.21.15.137:6801/4018707027] conn(0x7f2ebc03c730 msgr2=0x7f2ebc03ebf0 unknown :-1 s=STATE_CONNECTING l=1).mark_down
2024-06-15T00:58:13.896 INFO:teuthology.orchestra.run.smithi137.stdout:/usr/bin/ceph: stderr
2024-06-15T00:58:13.353+0000 7f2ed925d700 1 --2- 172.21.15.137:0/1909888581 >> [v2:172.21.15.137:6800/4018707027,v1:172.21.15.137:6801/4018707027] conn(0x7f2ebc03c730 0x7f2ebc03ebf0 unknown :-1 s=START_CONNECT pgs=0 cs=0 l=1 rev1=0 crypto rx=0 tx=0 comp rx=0 tx=0).stop
2024-06-15T00:58:13.896 INFO:teuthology.orchestra.run.smithi137.stdout:/usr/bin/ceph: stderr
2024-06-15T00:58:13.353+0000 7f2ed925d700 1 -- 172.21.15.137:0/1909888581 >> [v2:172.21.15.137:3300/0,v1:172.21.15.137:6789/0] conn(0x7f2ed4106de0 msgr2=0x7f2ed4197df0 secure :-1 s=STATE_CONNECTION_ESTABLISHED l=1).mark_down
2024-06-15T00:58:13.896 INFO:teuthology.orchestra.run.smithi137.stdout:/usr/bin/ceph: stderr
2024-06-15T00:58:13.353+0000 7f2ed925d700 1 --2- 172.21.15.137:0/1909888581 >> [v2:172.21.15.137:3300/0,v1:172.21.15.137:6789/0] conn(0x7f2ed4106de0 0x7f2ed4197df0 secure :-1 s=READY pgs=72 cs=0 l=1 rev1=1 crypto rx=0x7f2ec4006af0 tx=0x7f2ec4011ab0 comp rx=0 tx=0).stop
2024-06-15T00:58:13.897 INFO:teuthology.orchestra.run.smithi137.stdout:/usr/bin/ceph: stderr
2024-06-15T00:58:13.354+0000 7f2ed925d700 1 -- 172.21.15.137:0/1909888581 shutdown_connections
2024-06-15T00:58:13.897 INFO:teuthology.orchestra.run.smithi137.stdout:/usr/bin/ceph: stderr
2024-06-15T00:58:13.354+0000 7f2ed925d700 1 --2- 172.21.15.137:0/1909888581 >> [v2:172.21.15.137:6800/4018707027,v1:172.21.15.137:6801/4018707027] conn(0x7f2ebc03c730 0x7f2ebc03ebf0 unknown :-1 s=CLOSED pgs=0 cs=0 l=1 rev1=0 crypto rx=0 tx=0 comp rx=0 tx=0).stop
2024-06-15T00:58:13.897 INFO:teuthology.orchestra.run.smithi137.stdout:/usr/bin/ceph: stderr
2024-06-15T00:58:13.354+0000 7f2ed925d700 1 --2- 172.21.15.137:0/1909888581 >> [v2:172.21.15.137:3300/0,v1:172.21.15.137:6789/0] conn(0x7f2ed4106de0 0x7f2ed4197df0 unknown :-1 s=CLOSED pgs=72 cs=0 l=1 rev1=1 crypto rx=0 tx=0 comp rx=0 tx=0).stop
2024-06-15T00:58:13.897 INFO:teuthology.orchestra.run.smithi137.stdout:/usr/bin/ceph: stderr
2024-06-15T00:58:13.354+0000 7f2ed925d700 1 -- 172.21.15.137:0/1909888581 >> 172.21.15.137:0/1909888581 conn(0x7f2ed41007d0 msgr2=0x7f2ed4101490 unknown :-1 s=STATE_NONE l=0).mark_down
2024-06-15T00:58:13.897 INFO:teuthology.orchestra.run.smithi137.stdout:/usr/bin/ceph: stderr
2024-06-15T00:58:13.354+0000 7f2ed925d700 1 -- 172.21.15.137:0/1909888581 shutdown_connections
2024-06-15T00:58:13.897 INFO:teuthology.orchestra.run.smithi137.stdout:/usr/bin/ceph: stderr
2024-06-15T00:58:13.354+0000 7f2ed925d700 1 -- 172.21.15.137:0/1909888581 wait complete.
2024-06-15T00:58:13.897 INFO:teuthology.orchestra.run.smithi137.stdout:Waiting for the mgr to restart...
2024-06-15T00:58:13.897 INFO:teuthology.orchestra.run.smithi137.stdout:Waiting for mgr epoch 9...
2024-06-15T00:58:14.204 INFO:journalctl@ceph.mon.smithi137.smithi137.stdout:Jun 15 00:58:14 smithi137 ceph-mon[29354]: from='client.? 172.21.15.137:0/1909888581' entity='client.admin' cmd=[{"prefix": "mgr stat"}]: dispatch
2024-06-15T00:58:18.767 INFO:journalctl@ceph.mon.smithi137.smithi137.stdout:Jun 15 00:58:18 smithi137 ceph-mon[29354]: Active manager daemon smithi137.nbzbyc restarted
2024-06-15T00:58:18.767 INFO:journalctl@ceph.mon.smithi137.smithi137.stdout:Jun 15 00:58:18 smithi137 ceph-mon[29354]: Activating manager daemon smithi137.nbzbyc
2024-06-15T00:58:18.767 INFO:journalctl@ceph.mon.smithi137.smithi137.stdout:Jun 15 00:58:18 smithi137 ceph-mon[29354]: osdmap e3: 0 total, 0 up, 0 in
2024-06-15T00:58:18.767 INFO:journalctl@ceph.mon.smithi137.smithi137.stdout:Jun 15 00:58:18 smithi137 ceph-mon[29354]: mgrmap e10: smithi137.nbzbyc(active, starting, since 0.00372211s)
2024-06-15T00:58:18.767 INFO:journalctl@ceph.mon.smithi137.smithi137.stdout:Jun 15 00:58:18 smithi137 ceph-mon[29354]: from='mgr.14164 172.21.15.137:0/1485827682' entity='mgr.smithi137.nbzbyc' cmd=[{"prefix": "mon metadata", "id": "smithi137"}]: dispatch
2024-06-15T00:58:18.767 INFO:journalctl@ceph.mon.smithi137.smithi137.stdout:Jun 15 00:58:18 smithi137 ceph-mon[29354]: from='mgr.14164 172.21.15.137:0/1485827682' entity='mgr.smithi137.nbzbyc' cmd=[{"prefix": "mgr metadata", "who": "smithi137.nbzbyc", "id": "smithi137.nbzbyc"}]: dispatch
2024-06-15T00:58:18.767 INFO:journalctl@ceph.mon.smithi137.smithi137.stdout:Jun 15 00:58:18 smithi137 ceph-mon[29354]: from='mgr.14164 172.21.15.137:0/1485827682' entity='mgr.smithi137.nbzbyc' cmd=[{"prefix": "mds metadata"}]: dispatch
2024-06-15T00:58:18.767 INFO:journalctl@ceph.mon.smithi137.smithi137.stdout:Jun 15 00:58:18 smithi137 ceph-mon[29354]: from='mgr.14164 172.21.15.137:0/1485827682' entity='mgr.smithi137.nbzbyc' cmd=[{"prefix": "osd metadata"}]: dispatch
2024-06-15T00:58:18.768 INFO:journalctl@ceph.mon.smithi137.smithi137.stdout:Jun 15 00:58:18 smithi137 ceph-mon[29354]: from='mgr.14164 172.21.15.137:0/1485827682' entity='mgr.smithi137.nbzbyc' cmd=[{"prefix": "mon metadata"}]: dispatch
2024-06-15T00:58:18.768 INFO:journalctl@ceph.mon.smithi137.smithi137.stdout:Jun 15 00:58:18 smithi137 ceph-mon[29354]: Manager daemon smithi137.nbzbyc is now available
2024-06-15T00:58:18.768 INFO:journalctl@ceph.mon.smithi137.smithi137.stdout:Jun 15 00:58:18 smithi137 ceph-mon[29354]: from='mgr.14164 172.21.15.137:0/1485827682' entity='mgr.smithi137.nbzbyc' cmd=[{"prefix": "config dump", "format": "json"}]: dispatch
2024-06-15T00:58:18.768 INFO:journalctl@ceph.mon.smithi137.smithi137.stdout:Jun 15 00:58:18 smithi137 ceph-mon[29354]: from='mgr.14164 172.21.15.137:0/1485827682' entity='mgr.smithi137.nbzbyc' cmd=[{"prefix": "config dump", "format": "json"}]: dispatch
2024-06-15T00:58:18.768 INFO:journalctl@ceph.mon.smithi137.smithi137.stdout:Jun 15 00:58:18 smithi137 ceph-mon[29354]: from='mgr.14164 172.21.15.137:0/1485827682' entity='mgr.smithi137.nbzbyc' cmd=[{"prefix":"config rm","who":"mgr","name":"mgr/rbd_support/smithi137.nbzbyc/mirror_snapshot_schedule"}]: dispatch
2024-06-15T00:58:18.768 INFO:journalctl@ceph.mon.smithi137.smithi137.stdout:Jun 15 00:58:18 smithi137 ceph-mon[29354]: from='mgr.14164 172.21.15.137:0/1485827682' entity='mgr.smithi137.nbzbyc' cmd=[{"prefix":"config rm","who":"mgr","name":"mgr/rbd_support/smithi137.nbzbyc/trash_purge_schedule"}]: dispatch
2024-06-15T00:58:20.428 INFO:teuthology.orchestra.run.smithi137.stdout:/usr/bin/ceph: stdout {
2024-06-15T00:58:20.429 INFO:teuthology.orchestra.run.smithi137.stdout:/usr/bin/ceph: stdout "mgrmap_epoch": 11,
2024-06-15T00:58:20.429 INFO:teuthology.orchestra.run.smithi137.stdout:/usr/bin/ceph: stdout "initialized": true
2024-06-15T00:58:20.429 INFO:teuthology.orchestra.run.smithi137.stdout:/usr/bin/ceph: stdout }
2024-06-15T00:58:20.429 INFO:teuthology.orchestra.run.smithi137.stdout:/usr/bin/ceph: stderr
2024-06-15T00:58:14.305+0000 7f4b5899c700 1 Processor -- start
2024-06-15T00:58:20.429 INFO:teuthology.orchestra.run.smithi137.stdout:/usr/bin/ceph: stderr
2024-06-15T00:58:14.305+0000 7f4b5899c700 1 -- start start
2024-06-15T00:58:20.429 INFO:teuthology.orchestra.run.smithi137.stdout:/usr/bin/ceph: stderr
2024-06-15T00:58:14.305+0000 7f4b5899c700 1 --2- >> [v2:172.21.15.137:3300/0,v1:172.21.15.137:6789/0] conn(0x7f4b54105680 0x7f4b54105aa0 unknown :-1 s=NONE pgs=0 cs=0 l=0 rev1=0 crypto rx=0 tx=0 comp rx=0 tx=0).connect
2024-06-15T00:58:20.429 INFO:teuthology.orchestra.run.smithi137.stdout:/usr/bin/ceph: stderr
2024-06-15T00:58:14.305+0000 7f4b5899c700 1 -- --> [v2:172.21.15.137:3300/0,v1:172.21.15.137:6789/0] -- mon_getmap magic: 0 v1 -- 0x7f4b54106070 con 0x7f4b54105680
2024-06-15T00:58:20.429 INFO:teuthology.orchestra.run.smithi137.stdout:/usr/bin/ceph: stderr
2024-06-15T00:58:14.306+0000 7f4b5259c700 1 --2- >> [v2:172.21.15.137:3300/0,v1:172.21.15.137:6789/0] conn(0x7f4b54105680 0x7f4b54105aa0 unknown :-1 s=BANNER_CONNECTING pgs=0 cs=0 l=0 rev1=0 crypto rx=0 tx=0 comp rx=0 tx=0)._handle_peer_banner_payload supported=3 required=0
2024-06-15T00:58:20.429 INFO:teuthology.orchestra.run.smithi137.stdout:/usr/bin/ceph: stderr
2024-06-15T00:58:14.306+0000 7f4b5259c700 1 --2- >> [v2:172.21.15.137:3300/0,v1:172.21.15.137:6789/0] conn(0x7f4b54105680 0x7f4b54105aa0 unknown :-1 s=HELLO_CONNECTING pgs=0 cs=0 l=0 rev1=1 crypto rx=0 tx=0 comp rx=0 tx=0).handle_hello peer v2:172.21.15.137:3300/0 says I am v2:172.21.15.137:60942/0 (socket says 172.21.15.137:60942)
2024-06-15T00:58:20.430 INFO:teuthology.orchestra.run.smithi137.stdout:/usr/bin/ceph: stderr
2024-06-15T00:58:14.306+0000 7f4b5259c700 1 -- 172.21.15.137:0/2367594728 learned_addr learned my addr 172.21.15.137:0/2367594728 (peer_addr_for_me v2:172.21.15.137:0/0)
2024-06-15T00:58:20.430 INFO:teuthology.orchestra.run.smithi137.stdout:/usr/bin/ceph: stderr
2024-06-15T00:58:14.306+0000 7f4b5259c700 1 -- 172.21.15.137:0/2367594728 --> [v2:172.21.15.137:3300/0,v1:172.21.15.137:6789/0] -- mon_subscribe({config=0+,monmap=0+}) v3 -- 0x7f4b541063a0 con 0x7f4b54105680
2024-06-15T00:58:20.430 INFO:teuthology.orchestra.run.smithi137.stdout:/usr/bin/ceph: stderr
2024-06-15T00:58:14.306+0000 7f4b5259c700 1 --2- 172.21.15.137:0/2367594728 >> [v2:172.21.15.137:3300/0,v1:172.21.15.137:6789/0] conn(0x7f4b54105680 0x7f4b54105aa0 secure :-1 s=READY pgs=73 cs=0 l=1 rev1=1 crypto rx=0x7f4b480098a0 tx=0x7f4b48009bb0 comp rx=0 tx=0).ready entity=mon.0 client_cookie=2e47f16131511bcf server_cookie=0 in_seq=0 out_seq=0
2024-06-15T00:58:20.430 INFO:teuthology.orchestra.run.smithi137.stdout:/usr/bin/ceph: stderr
2024-06-15T00:58:14.306+0000 7f4b5159a700 1 -- 172.21.15.137:0/2367594728 <== mon.0 v2:172.21.15.137:3300/0 1 ==== mon_map magic: 0 v1 ==== 229+0+0 (secure 0 0 0) 0x7f4b48004180 con 0x7f4b54105680
2024-06-15T00:58:20.430 INFO:teuthology.orchestra.run.smithi137.stdout:/usr/bin/ceph: stderr
2024-06-15T00:58:14.306+0000 7f4b5159a700 1 -- 172.21.15.137:0/2367594728 <== mon.0 v2:172.21.15.137:3300/0 2 ==== config(26 keys) v1 ==== 1066+0+0 (secure 0 0 0) 0x7f4b480042e0 con 0x7f4b54105680
2024-06-15T00:58:20.430 INFO:teuthology.orchestra.run.smithi137.stdout:/usr/bin/ceph: stderr
2024-06-15T00:58:14.306+0000 7f4b5159a700 1 -- 172.21.15.137:0/2367594728 <== mon.0 v2:172.21.15.137:3300/0 3 ==== mon_map magic: 0 v1 ==== 229+0+0 (secure 0 0 0) 0x7f4b48011a30 con 0x7f4b54105680
2024-06-15T00:58:20.430 INFO:teuthology.orchestra.run.smithi137.stdout:/usr/bin/ceph: stderr
2024-06-15T00:58:14.307+0000 7f4b5899c700 1 -- 172.21.15.137:0/2367594728 >> [v2:172.21.15.137:3300/0,v1:172.21.15.137:6789/0] conn(0x7f4b54105680 msgr2=0x7f4b54105aa0 secure :-1 s=STATE_CONNECTION_ESTABLISHED l=1).mark_down
2024-06-15T00:58:20.430 INFO:teuthology.orchestra.run.smithi137.stdout:/usr/bin/ceph: stderr
2024-06-15T00:58:14.307+0000 7f4b5899c700 1 --2- 172.21.15.137:0/2367594728 >> [v2:172.21.15.137:3300/0,v1:172.21.15.137:6789/0] conn(0x7f4b54105680 0x7f4b54105aa0 secure :-1 s=READY pgs=73 cs=0 l=1 rev1=1 crypto rx=0x7f4b480098a0 tx=0x7f4b48009bb0 comp rx=0 tx=0).stop
2024-06-15T00:58:20.430 INFO:teuthology.orchestra.run.smithi137.stdout:/usr/bin/ceph: stderr
2024-06-15T00:58:14.307+0000 7f4b5899c700 1 -- 172.21.15.137:0/2367594728 shutdown_connections
2024-06-15T00:58:20.430 INFO:teuthology.orchestra.run.smithi137.stdout:/usr/bin/ceph: stderr
2024-06-15T00:58:14.307+0000 7f4b5899c700 1 --2- 172.21.15.137:0/2367594728 >> [v2:172.21.15.137:3300/0,v1:172.21.15.137:6789/0] conn(0x7f4b54105680 0x7f4b54105aa0 unknown :-1 s=CLOSED pgs=73 cs=0 l=1 rev1=1 crypto rx=0 tx=0 comp rx=0 tx=0).stop
2024-06-15T00:58:20.430 INFO:teuthology.orchestra.run.smithi137.stdout:/usr/bin/ceph: stderr
