2026-02-12T00:08:48.878 INFO:teuthology.orchestra.run.trial032.stdout:/usr/bin/ceph: stderr
2026-02-12T00:08:48.798+0000 7f39fb7fe640 1 --2- 10.20.193.32:0/325911043 >> [v2:10.20.193.32:6800/799528389,v1:10.20.193.32:6801/799528389] conn(0x7f39d0040c90 0x7f39d0043080 secure :-1 s=READY pgs=4 cs=0 l=1 rev1=1 crypto rx=0x7f39ec003a80 tx=0x7f39ec0092b0 comp rx=0 tx=0).ready entity=mgr.14150 client_cookie=0 server_cookie=0 in_seq=0 out_seq=0
2026-02-12T00:08:48.878 INFO:teuthology.orchestra.run.trial032.stdout:/usr/bin/ceph: stderr
2026-02-12T00:08:48.798+0000 7f39f97fa640 1 -- 10.20.193.32:0/325911043 <== mgr.14150 v2:10.20.193.32:6800/799528389 1 ==== command_reply(tid 0: 0 ) v1 ==== 8+0+7759 (secure 0 0 0) 0x7f39d003fdb0 con 0x7f39d0040c90
2026-02-12T00:08:48.879 INFO:teuthology.orchestra.run.trial032.stdout:/usr/bin/ceph: stderr
2026-02-12T00:08:48.801+0000 7f3a02a58640 1 -- 10.20.193.32:0/325911043 --> [v2:10.20.193.32:6800/799528389,v1:10.20.193.32:6801/799528389] -- command(tid 1: {"prefix": "mgr_status"}) v1 -- 0x7f39fc106950 con 0x7f39d0040c90
2026-02-12T00:08:48.879 INFO:teuthology.orchestra.run.trial032.stdout:/usr/bin/ceph: stderr
2026-02-12T00:08:48.802+0000 7f39f97fa640 1 -- 10.20.193.32:0/325911043 <== mgr.14150 v2:10.20.193.32:6800/799528389 2 ==== command_reply(tid 1: 0 ) v1 ==== 8+0+52 (secure 0 0 0) 0x7f39fc106950 con 0x7f39d0040c90
2026-02-12T00:08:48.879 INFO:teuthology.orchestra.run.trial032.stdout:/usr/bin/ceph: stderr
2026-02-12T00:08:48.802+0000 7f3a02a58640 1 -- 10.20.193.32:0/325911043 >> [v2:10.20.193.32:6800/799528389,v1:10.20.193.32:6801/799528389] conn(0x7f39d0040c90 msgr2=0x7f39d0043080 secure :-1 s=STATE_CONNECTION_ESTABLISHED l=1).mark_down
2026-02-12T00:08:48.879 INFO:teuthology.orchestra.run.trial032.stdout:/usr/bin/ceph: stderr
2026-02-12T00:08:48.802+0000 7f3a02a58640 1 --2- 10.20.193.32:0/325911043 >> [v2:10.20.193.32:6800/799528389,v1:10.20.193.32:6801/799528389] conn(0x7f39d0040c90 0x7f39d0043080 secure :-1 s=READY pgs=4 cs=0 l=1 rev1=1 crypto rx=0x7f39ec003a80 tx=0x7f39ec0092b0 comp rx=0 tx=0).stop
2026-02-12T00:08:48.879 INFO:teuthology.orchestra.run.trial032.stdout:/usr/bin/ceph: stderr
2026-02-12T00:08:48.802+0000 7f3a02a58640 1 -- 10.20.193.32:0/325911043 >> [v2:10.20.193.32:3300/0,v1:10.20.193.32:6789/0] conn(0x7f39fc1064d0 msgr2=0x7f39fc19e440 secure :-1 s=STATE_CONNECTION_ESTABLISHED l=1).mark_down
2026-02-12T00:08:48.879 INFO:teuthology.orchestra.run.trial032.stdout:/usr/bin/ceph: stderr
2026-02-12T00:08:48.802+0000 7f3a02a58640 1 --2- 10.20.193.32:0/325911043 >> [v2:10.20.193.32:3300/0,v1:10.20.193.32:6789/0] conn(0x7f39fc1064d0 0x7f39fc19e440 secure :-1 s=READY pgs=60 cs=0 l=1 rev1=1 crypto rx=0x7f39e8002410 tx=0x7f39e8035780 comp rx=0 tx=0).stop
2026-02-12T00:08:48.879 INFO:teuthology.orchestra.run.trial032.stdout:/usr/bin/ceph: stderr
2026-02-12T00:08:48.802+0000 7f3a02a58640 1 -- 10.20.193.32:0/325911043 shutdown_connections
2026-02-12T00:08:48.879 INFO:teuthology.orchestra.run.trial032.stdout:/usr/bin/ceph: stderr
2026-02-12T00:08:48.802+0000 7f3a02a58640 1 --2- 10.20.193.32:0/325911043 >> [v2:10.20.193.32:6800/799528389,v1:10.20.193.32:6801/799528389] conn(0x7f39d0040c90 0x7f39d0043080 unknown :-1 s=CLOSED pgs=4 cs=0 l=1 rev1=1 crypto rx=0 tx=0 comp rx=0 tx=0).stop
2026-02-12T00:08:48.879 INFO:teuthology.orchestra.run.trial032.stdout:/usr/bin/ceph: stderr
2026-02-12T00:08:48.802+0000 7f3a02a58640 1 --2- 10.20.193.32:0/325911043 >> [v2:10.20.193.32:6800/1973855727,v1:10.20.193.32:6801/1973855727] conn(0x7f39d003d1e0 0x7f39d003f6a0 unknown :-1 s=CLOSED pgs=0 cs=0 l=1 rev1=0 crypto rx=0 tx=0 comp rx=0 tx=0).stop
2026-02-12T00:08:48.879 INFO:teuthology.orchestra.run.trial032.stdout:/usr/bin/ceph: stderr
2026-02-12T00:08:48.802+0000 7f3a02a58640 1 --2- 10.20.193.32:0/325911043 >> [v2:10.20.193.32:3300/0,v1:10.20.193.32:6789/0] conn(0x7f39fc1064d0 0x7f39fc19e440 unknown :-1 s=CLOSED pgs=60 cs=0 l=1 rev1=1 crypto rx=0 tx=0 comp rx=0 tx=0).stop
2026-02-12T00:08:48.879 INFO:teuthology.orchestra.run.trial032.stdout:/usr/bin/ceph: stderr
2026-02-12T00:08:48.802+0000 7f3a02a58640 1 -- 10.20.193.32:0/325911043 >> 10.20.193.32:0/325911043 conn(0x7f39fc101c60 msgr2=0x7f39fc102800 unknown :-1 s=STATE_NONE l=0).mark_down
2026-02-12T00:08:48.879 INFO:teuthology.orchestra.run.trial032.stdout:/usr/bin/ceph: stderr
2026-02-12T00:08:48.802+0000 7f3a02a58640 1 -- 10.20.193.32:0/325911043 shutdown_connections
2026-02-12T00:08:48.880 INFO:teuthology.orchestra.run.trial032.stdout:/usr/bin/ceph: stderr
2026-02-12T00:08:48.802+0000 7f3a02a58640 1 -- 10.20.193.32:0/325911043 wait complete.
2026-02-12T00:08:48.880 INFO:teuthology.orchestra.run.trial032.stdout:mgr epoch 9 is available
2026-02-12T00:08:48.880 INFO:teuthology.orchestra.run.trial032.stdout:Generating a dashboard self-signed certificate...
2026-02-12T00:08:49.143 INFO:teuthology.orchestra.run.trial032.stdout:/usr/bin/ceph: stdout Self-signed certificate created
2026-02-12T00:08:49.143 INFO:teuthology.orchestra.run.trial032.stdout:/usr/bin/ceph: stderr
2026-02-12T00:08:48.969+0000 7fd4cb4ad640 1 Processor -- start
2026-02-12T00:08:49.144 INFO:teuthology.orchestra.run.trial032.stdout:/usr/bin/ceph: stderr
2026-02-12T00:08:48.969+0000 7fd4cb4ad640 1 -- start start
2026-02-12T00:08:49.144 INFO:teuthology.orchestra.run.trial032.stdout:/usr/bin/ceph: stderr
2026-02-12T00:08:48.969+0000 7fd4cb4ad640 1 --2- >> [v2:10.20.193.32:3300/0,v1:10.20.193.32:6789/0] conn(0x7fd4c4106720 0x7fd4c4106b20 unknown :-1 s=NONE pgs=0 cs=0 l=0 rev1=0 crypto rx=0 tx=0 comp rx=0 tx=0).connect
2026-02-12T00:08:49.144 INFO:teuthology.orchestra.run.trial032.stdout:/usr/bin/ceph: stderr
2026-02-12T00:08:48.969+0000 7fd4cb4ad640 1 -- --> [v2:10.20.193.32:3300/0,v1:10.20.193.32:6789/0] -- mon_getmap magic: 0 v1 -- 0x7fd4c41070f0 con 0x7fd4c4106720
2026-02-12T00:08:49.144 INFO:teuthology.orchestra.run.trial032.stdout:/usr/bin/ceph: stderr
2026-02-12T00:08:48.969+0000 7fd4ca4ab640 1 --2- >> [v2:10.20.193.32:3300/0,v1:10.20.193.32:6789/0] conn(0x7fd4c4106720 0x7fd4c4106b20 unknown :-1 s=BANNER_CONNECTING pgs=0 cs=0 l=0 rev1=0 crypto rx=0 tx=0 comp rx=0 tx=0)._handle_peer_banner_payload supported=3 required=0
2026-02-12T00:08:49.144 INFO:teuthology.orchestra.run.trial032.stdout:/usr/bin/ceph: stderr
2026-02-12T00:08:48.969+0000 7fd4ca4ab640 1 --2- >> [v2:10.20.193.32:3300/0,v1:10.20.193.32:6789/0] conn(0x7fd4c4106720 0x7fd4c4106b20 unknown :-1 s=HELLO_CONNECTING pgs=0 cs=0 l=0 rev1=1 crypto rx=0 tx=0 comp rx=0 tx=0).handle_hello peer v2:10.20.193.32:3300/0 says I am v2:10.20.193.32:44326/0 (socket says 10.20.193.32:44326)
2026-02-12T00:08:49.144 INFO:teuthology.orchestra.run.trial032.stdout:/usr/bin/ceph: stderr
2026-02-12T00:08:48.969+0000 7fd4ca4ab640 1 -- 10.20.193.32:0/3436848442 learned_addr learned my addr 10.20.193.32:0/3436848442 (peer_addr_for_me v2:10.20.193.32:0/0)
2026-02-12T00:08:49.144 INFO:teuthology.orchestra.run.trial032.stdout:/usr/bin/ceph: stderr
2026-02-12T00:08:48.969+0000 7fd4ca4ab640 1 -- 10.20.193.32:0/3436848442 --> [v2:10.20.193.32:3300/0,v1:10.20.193.32:6789/0] -- mon_subscribe({config=0+,monmap=0+}) v3 -- 0x7fd4c4107230 con 0x7fd4c4106720
2026-02-12T00:08:49.144 INFO:teuthology.orchestra.run.trial032.stdout:/usr/bin/ceph: stderr
2026-02-12T00:08:48.970+0000 7fd4ca4ab640 1 --2- 10.20.193.32:0/3436848442 >> [v2:10.20.193.32:3300/0,v1:10.20.193.32:6789/0] conn(0x7fd4c4106720 0x7fd4c4106b20 secure :-1 s=READY pgs=68 cs=0 l=1 rev1=1 crypto rx=0x7fd4b4009920 tx=0x7fd4b402ef20 comp rx=0 tx=0).ready entity=mon.0 client_cookie=40bad12bcf0b0211 server_cookie=0 in_seq=0 out_seq=0
2026-02-12T00:08:49.144 INFO:teuthology.orchestra.run.trial032.stdout:/usr/bin/ceph: stderr
2026-02-12T00:08:48.970+0000 7fd4c94a9640 1 -- 10.20.193.32:0/3436848442 <== mon.0 v2:10.20.193.32:3300/0 1 ==== mon_map magic: 0 v1 ==== 205+0+0 (secure 0 0 0) 0x7fd4b402fae0 con 0x7fd4c4106720
2026-02-12T00:08:49.145 INFO:teuthology.orchestra.run.trial032.stdout:/usr/bin/ceph: stderr
2026-02-12T00:08:48.970+0000 7fd4c94a9640 1 -- 10.20.193.32:0/3436848442 <== mon.0 v2:10.20.193.32:3300/0 2 ==== config(26 keys) v1 ==== 1074+0+0 (secure 0 0 0) 0x7fd4b402fc40 con 0x7fd4c4106720
2026-02-12T00:08:49.145 INFO:teuthology.orchestra.run.trial032.stdout:/usr/bin/ceph: stderr
2026-02-12T00:08:48.970+0000 7fd4c94a9640 1 -- 10.20.193.32:0/3436848442 <== mon.0 v2:10.20.193.32:3300/0 3 ==== mon_map magic: 0 v1 ==== 205+0+0 (secure 0 0 0) 0x7fd4b40355e0 con 0x7fd4c4106720
2026-02-12T00:08:49.145 INFO:teuthology.orchestra.run.trial032.stdout:/usr/bin/ceph: stderr
2026-02-12T00:08:48.970+0000 7fd4cb4ad640 1 -- 10.20.193.32:0/3436848442 >> [v2:10.20.193.32:3300/0,v1:10.20.193.32:6789/0] conn(0x7fd4c4106720 msgr2=0x7fd4c4106b20 secure :-1 s=STATE_CONNECTION_ESTABLISHED l=1).mark_down
2026-02-12T00:08:49.145 INFO:teuthology.orchestra.run.trial032.stdout:/usr/bin/ceph: stderr
2026-02-12T00:08:48.970+0000 7fd4cb4ad640 1 --2- 10.20.193.32:0/3436848442 >> [v2:10.20.193.32:3300/0,v1:10.20.193.32:6789/0] conn(0x7fd4c4106720 0x7fd4c4106b20 secure :-1 s=READY pgs=68 cs=0 l=1 rev1=1 crypto rx=0x7fd4b4009920 tx=0x7fd4b402ef20 comp rx=0 tx=0).stop
2026-02-12T00:08:49.145 INFO:teuthology.orchestra.run.trial032.stdout:/usr/bin/ceph: stderr
2026-02-12T00:08:48.970+0000 7fd4cb4ad640 1 -- 10.20.193.32:0/3436848442 shutdown_connections
2026-02-12T00:08:49.145 INFO:teuthology.orchestra.run.trial032.stdout:/usr/bin/ceph: stderr
2026-02-12T00:08:48.970+0000 7fd4cb4ad640 1 --2- 10.20.193.32:0/3436848442 >> [v2:10.20.193.32:3300/0,v1:10.20.193.32:6789/0] conn(0x7fd4c4106720 0x7fd4c4106b20 unknown :-1 s=CLOSED pgs=68 cs=0 l=1 rev1=1 crypto rx=0 tx=0 comp rx=0 tx=0).stop
2026-02-12T00:08:49.145 INFO:teuthology.orchestra.run.trial032.stdout:/usr/bin/ceph: stderr
2026-02-12T00:08:48.970+0000 7fd4cb4ad640 1 -- 10.20.193.32:0/3436848442 >> 10.20.193.32:0/3436848442 conn(0x7fd4c4100060 msgr2=0x7fd4c41024a0 unknown :-1 s=STATE_NONE l=0).mark_down
2026-02-12T00:08:49.145 INFO:teuthology.orchestra.run.trial032.stdout:/usr/bin/ceph: stderr
2026-02-12T00:08:48.970+0000 7fd4cb4ad640 1 -- 10.20.193.32:0/3436848442 shutdown_connections
2026-02-12T00:08:49.145 INFO:teuthology.orchestra.run.trial032.stdout:/usr/bin/ceph: stderr
2026-02-12T00:08:48.970+0000 7fd4cb4ad640 1 -- 10.20.193.32:0/3436848442 wait complete.
2026-02-12T00:08:49.145 INFO:teuthology.orchestra.run.trial032.stdout:/usr/bin/ceph: stderr
2026-02-12T00:08:48.971+0000 7fd4cb4ad640 1 Processor -- start
2026-02-12T00:08:49.145 INFO:teuthology.orchestra.run.trial032.stdout:/usr/bin/ceph: stderr
2026-02-12T00:08:48.971+0000 7fd4cb4ad640 1 -- start start
2026-02-12T00:08:49.146 INFO:teuthology.orchestra.run.trial032.stdout:/usr/bin/ceph: stderr
2026-02-12T00:08:48.971+0000 7fd4cb4ad640 1 --2- >> [v2:10.20.193.32:3300/0,v1:10.20.193.32:6789/0] conn(0x7fd4c4106720 0x7fd4c419e1b0 unknown :-1 s=NONE pgs=0 cs=0 l=1 rev1=0 crypto rx=0 tx=0 comp rx=0 tx=0).connect
2026-02-12T00:08:49.146 INFO:teuthology.orchestra.run.trial032.stdout:/usr/bin/ceph: stderr
2026-02-12T00:08:48.971+0000 7fd4cb4ad640 1 -- --> [v2:10.20.193.32:3300/0,v1:10.20.193.32:6789/0] -- mon_getmap magic: 0 v1 -- 0x7fd4c419e6f0 con 0x7fd4c4106720
2026-02-12T00:08:49.146 INFO:teuthology.orchestra.run.trial032.stdout:/usr/bin/ceph: stderr
2026-02-12T00:08:48.971+0000 7fd4ca4ab640 1 --2- >> [v2:10.20.193.32:3300/0,v1:10.20.193.32:6789/0] conn(0x7fd4c4106720 0x7fd4c419e1b0 unknown :-1 s=BANNER_CONNECTING pgs=0 cs=0 l=1 rev1=0 crypto rx=0 tx=0 comp rx=0 tx=0)._handle_peer_banner_payload supported=3 required=0
2026-02-12T00:08:49.146 INFO:teuthology.orchestra.run.trial032.stdout:/usr/bin/ceph: stderr
2026-02-12T00:08:48.971+0000 7fd4ca4ab640 1 --2- >> [v2:10.20.193.32:3300/0,v1:10.20.193.32:6789/0] conn(0x7fd4c4106720 0x7fd4c419e1b0 unknown :-1 s=HELLO_CONNECTING pgs=0 cs=0 l=1 rev1=1 crypto rx=0 tx=0 comp rx=0 tx=0).handle_hello peer v2:10.20.193.32:3300/0 says I am v2:10.20.193.32:44330/0 (socket says 10.20.193.32:44330)
2026-02-12T00:08:49.146 INFO:teuthology.orchestra.run.trial032.stdout:/usr/bin/ceph: stderr
2026-02-12T00:08:48.971+0000 7fd4ca4ab640 1 -- 10.20.193.32:0/661565400 learned_addr learned my addr 10.20.193.32:0/661565400 (peer_addr_for_me v2:10.20.193.32:0/0)
2026-02-12T00:08:49.146 INFO:teuthology.orchestra.run.trial032.stdout:/usr/bin/ceph: stderr
2026-02-12T00:08:48.971+0000 7fd4ca4ab640 1 -- 10.20.193.32:0/661565400 --> [v2:10.20.193.32:3300/0,v1:10.20.193.32:6789/0] -- mon_subscribe({config=0+,monmap=0+}) v3 -- 0x7fd4b40095d0 con 0x7fd4c4106720
2026-02-12T00:08:49.146 INFO:teuthology.orchestra.run.trial032.stdout:/usr/bin/ceph: stderr
2026-02-12T00:08:48.971+0000 7fd4ca4ab640 1 --2- 10.20.193.32:0/661565400 >> [v2:10.20.193.32:3300/0,v1:10.20.193.32:6789/0] conn(0x7fd4c4106720 0x7fd4c419e1b0 secure :-1 s=READY pgs=69 cs=0 l=1 rev1=1 crypto rx=0x7fd4b4006fd0 tx=0x7fd4b402fbc0 comp rx=0 tx=0).ready entity=mon.0 client_cookie=0 server_cookie=0 in_seq=0 out_seq=0
2026-02-12T00:08:49.146 INFO:teuthology.orchestra.run.trial032.stdout:/usr/bin/ceph: stderr
2026-02-12T00:08:48.971+0000 7fd4ab7fe640 1 -- 10.20.193.32:0/661565400 <== mon.0 v2:10.20.193.32:3300/0 1 ==== mon_map magic: 0 v1 ==== 205+0+0 (secure 0 0 0) 0x7fd4b40378d0 con 0x7fd4c4106720
2026-02-12T00:08:49.146 INFO:teuthology.orchestra.run.trial032.stdout:/usr/bin/ceph: stderr
2026-02-12T00:08:48.971+0000 7fd4ab7fe640 1 -- 10.20.193.32:0/661565400 <== mon.0 v2:10.20.193.32:3300/0 2 ==== config(26 keys) v1 ==== 1074+0+0 (secure 0 0 0) 0x7fd4b4037a30 con 0x7fd4c4106720
2026-02-12T00:08:49.146 INFO:teuthology.orchestra.run.trial032.stdout:/usr/bin/ceph: stderr
2026-02-12T00:08:48.971+0000 7fd4cb4ad640 1 -- 10.20.193.32:0/661565400 --> [v2:10.20.193.32:3300/0,v1:10.20.193.32:6789/0] -- mon_subscribe({mgrmap=0+}) v3 -- 0x7fd4c419e890 con 0x7fd4c4106720
2026-02-12T00:08:49.146 INFO:teuthology.orchestra.run.trial032.stdout:/usr/bin/ceph: stderr
2026-02-12T00:08:48.971+0000 7fd4ab7fe640 1 -- 10.20.193.32:0/661565400 <== mon.0 v2:10.20.193.32:3300/0 3 ==== mon_map magic: 0 v1 ==== 205+0+0 (secure 0 0 0) 0x7fd4b403e4e0 con 0x7fd4c4106720
2026-02-12T00:08:49.146 INFO:teuthology.orchestra.run.trial032.stdout:/usr/bin/ceph: stderr
2026-02-12T00:08:48.971+0000 7fd4cb4ad640 1 -- 10.20.193.32:0/661565400 --> [v2:10.20.193.32:3300/0,v1:10.20.193.32:6789/0] -- mon_subscribe({osdmap=0}) v3 -- 0x7fd4c419ed30 con 0x7fd4c4106720
2026-02-12T00:08:49.147 INFO:teuthology.orchestra.run.trial032.stdout:/usr/bin/ceph: stderr
2026-02-12T00:08:48.972+0000 7fd4cb4ad640 1 -- 10.20.193.32:0/661565400 --> [v2:10.20.193.32:3300/0,v1:10.20.193.32:6789/0] -- mon_command({"prefix": "get_command_descriptions"} v 0) v1 -- 0x7fd4c410c7e0 con 0x7fd4c4106720
2026-02-12T00:08:49.147 INFO:teuthology.orchestra.run.trial032.stdout:/usr/bin/ceph: stderr
2026-02-12T00:08:48.972+0000 7fd4ab7fe640 1 -- 10.20.193.32:0/661565400 <== mon.0 v2:10.20.193.32:3300/0 4 ==== mgrmap(e 11) v1 ==== 49267+0+0 (secure 0 0 0) 0x7fd4b403e070 con 0x7fd4c4106720
2026-02-12T00:08:49.147 INFO:teuthology.orchestra.run.trial032.stdout:/usr/bin/ceph: stderr
2026-02-12T00:08:48.972+0000 7fd4ab7fe640 1 --2- 10.20.193.32:0/661565400 >> [v2:10.20.193.32:6800/799528389,v1:10.20.193.32:6801/799528389] conn(0x7fd4a003d0c0 0x7fd4a003f580 unknown :-1 s=NONE pgs=0 cs=0 l=1 rev1=0 crypto rx=0 tx=0 comp rx=0 tx=0).connect
2026-02-12T00:08:49.147 INFO:teuthology.orchestra.run.trial032.stdout:/usr/bin/ceph: stderr
2026-02-12T00:08:48.972+0000 7fd4ab7fe640 1 -- 10.20.193.32:0/661565400 <== mon.0 v2:10.20.193.32:3300/0 5 ==== osd_map(3..3 src has 1..3) v4 ==== 1155+0+0 (secure 0 0 0) 0x7fd4b4075ba0 con 0x7fd4c4106720
2026-02-12T00:08:49.147 INFO:teuthology.orchestra.run.trial032.stdout:/usr/bin/ceph: stderr
2026-02-12T00:08:48.972+0000 7fd4c9caa640 1 --2- 10.20.193.32:0/661565400 >> [v2:10.20.193.32:6800/799528389,v1:10.20.193.32:6801/799528389] conn(0x7fd4a003d0c0 0x7fd4a003f580 unknown :-1 s=BANNER_CONNECTING pgs=0 cs=0 l=1 rev1=0 crypto rx=0 tx=0 comp rx=0 tx=0)._handle_peer_banner_payload supported=3 required=0
2026-02-12T00:08:49.147 INFO:teuthology.orchestra.run.trial032.stdout:/usr/bin/ceph: stderr
2026-02-12T00:08:48.972+0000 7fd4c9caa640 1 --2- 10.20.193.32:0/661565400 >> [v2:10.20.193.32:6800/799528389,v1:10.20.193.32:6801/799528389] conn(0x7fd4a003d0c0 0x7fd4a003f580 secure :-1 s=READY pgs=7 cs=0 l=1 rev1=1 crypto rx=0x7fd4b80099c0 tx=0x7fd4b8006eb0 comp rx=0 tx=0).ready entity=mgr.14150 client_cookie=0 server_cookie=0 in_seq=0 out_seq=0
2026-02-12T00:08:49.147 INFO:teuthology.orchestra.run.trial032.stdout:/usr/bin/ceph: stderr
2026-02-12T00:08:48.974+0000 7fd4ab7fe640 1 -- 10.20.193.32:0/661565400 <== mon.0 v2:10.20.193.32:3300/0 6 ==== mon_command_ack([{"prefix": "get_command_descriptions"}]=0 v0) v1 ==== 72+0+186382 (secure 0 0 0) 0x7fd4b4046d50 con 0x7fd4c4106720
2026-02-12T00:08:49.147 INFO:teuthology.orchestra.run.trial032.stdout:/usr/bin/ceph: stderr
2026-02-12T00:08:49.056+0000 7fd4cb4ad640 1 -- 10.20.193.32:0/661565400 --> [v2:10.20.193.32:6800/799528389,v1:10.20.193.32:6801/799528389] -- mgr_command(tid 0: {"prefix": "dashboard create-self-signed-cert", "target": ["mon-mgr", ""]}) v1 -- 0x7fd4c4101300 con 0x7fd4a003d0c0
2026-02-12T00:08:49.147 INFO:teuthology.orchestra.run.trial032.stdout:/usr/bin/ceph: stderr
2026-02-12T00:08:49.114+0000 7fd4ab7fe640 1 -- 10.20.193.32:0/661565400 <== mgr.14150 v2:10.20.193.32:6800/799528389 1 ==== mgr_command_reply(tid 0: 0 ) v1 ==== 8+0+32 (secure 0 0 0) 0x7fd4c4101300 con 0x7fd4a003d0c0
2026-02-12T00:08:49.147 INFO:teuthology.orchestra.run.trial032.stdout:/usr/bin/ceph: stderr
2026-02-12T00:08:49.115+0000 7fd4cb4ad640 1 -- 10.20.193.32:0/661565400 >> [v2:10.20.193.32:6800/799528389,v1:10.20.193.32:6801/799528389] conn(0x7fd4a003d0c0 msgr2=0x7fd4a003f580 secure :-1 s=STATE_CONNECTION_ESTABLISHED l=1).mark_down
2026-02-12T00:08:49.147 INFO:teuthology.orchestra.run.trial032.stdout:/usr/bin/ceph: stderr
2026-02-12T00:08:49.115+0000 7fd4cb4ad640 1 --2- 10.20.193.32:0/661565400 >> [v2:10.20.193.32:6800/799528389,v1:10.20.193.32:6801/799528389] conn(0x7fd4a003d0c0 0x7fd4a003f580 secure :-1 s=READY pgs=7 cs=0 l=1 rev1=1 crypto rx=0x7fd4b80099c0 tx=0x7fd4b8006eb0 comp rx=0 tx=0).stop
2026-02-12T00:08:49.148 INFO:teuthology.orchestra.run.trial032.stdout:/usr/bin/ceph: stderr
2026-02-12T00:08:49.115+0000 7fd4cb4ad640 1 -- 10.20.193.32:0/661565400 >> [v2:10.20.193.32:3300/0,v1:10.20.193.32:6789/0] conn(0x7fd4c4106720 msgr2=0x7fd4c419e1b0 secure :-1 s=STATE_CONNECTION_ESTABLISHED l=1).mark_down
2026-02-12T00:08:49.148 INFO:teuthology.orchestra.run.trial032.stdout:/usr/bin/ceph: stderr
2026-02-12T00:08:49.115+0000 7fd4cb4ad640 1 --2- 10.20.193.32:0/661565400 >> [v2:10.20.193.32:3300/0,v1:10.20.193.32:6789/0] conn(0x7fd4c4106720 0x7fd4c419e1b0 secure :-1 s=READY pgs=69 cs=0 l=1 rev1=1 crypto rx=0x7fd4b4006fd0 tx=0x7fd4b402fbc0 comp rx=0 tx=0).stop
2026-02-12T00:08:49.148 INFO:teuthology.orchestra.run.trial032.stdout:/usr/bin/ceph: stderr
2026-02-12T00:08:49.115+0000 7fd4cb4ad640 1 -- 10.20.193.32:0/661565400 shutdown_connections
2026-02-12T00:08:49.148 INFO:teuthology.orchestra.run.trial032.stdout:/usr/bin/ceph: stderr
2026-02-12T00:08:49.115+0000 7fd4cb4ad640 1 --2- 10.20.193.32:0/661565400 >> [v2:10.20.193.32:6800/799528389,v1:10.20.193.32:6801/799528389] conn(0x7fd4a003d0c0 0x7fd4a003f580 unknown :-1 s=CLOSED pgs=7 cs=0 l=1 rev1=1 crypto rx=0 tx=0 comp rx=0 tx=0).stop
2026-02-12T00:08:49.148 INFO:teuthology.orchestra.run.trial032.stdout:/usr/bin/ceph: stderr
2026-02-12T00:08:49.115+0000 7fd4cb4ad640 1 --2- 10.20.193.32:0/661565400 >> [v2:10.20.193.32:3300/0,v1:10.20.193.32:6789/0] conn(0x7fd4c4106720 0x7fd4c419e1b0 unknown :-1 s=CLOSED pgs=69 cs=0 l=1 rev1=1 crypto rx=0 tx=0 comp rx=0 tx=0).stop
2026-02-12T00:08:49.148 INFO:teuthology.orchestra.run.trial032.stdout:/usr/bin/ceph: stderr
2026-02-12T00:08:49.115+0000 7fd4cb4ad640 1 -- 10.20.193.32:0/661565400 >> 10.20.193.32:0/661565400 conn(0x7fd4c4100060 msgr2=0x7fd4c4100bf0 unknown :-1 s=STATE_NONE l=0).mark_down
2026-02-12T00:08:49.148 INFO:teuthology.orchestra.run.trial032.stdout:/usr/bin/ceph: stderr
2026-02-12T00:08:49.115+0000 7fd4cb4ad640 1 -- 10.20.193.32:0/661565400 shutdown_connections
2026-02-12T00:08:49.148 INFO:teuthology.orchestra.run.trial032.stdout:/usr/bin/ceph: stderr
2026-02-12T00:08:49.115+0000 7fd4cb4ad640 1 -- 10.20.193.32:0/661565400 wait complete.
2026-02-12T00:08:49.148 INFO:teuthology.orchestra.run.trial032.stdout:Creating initial admin user...
2026-02-12T00:08:49.332 INFO:journalctl@ceph.mon.a.trial032.stdout:Feb 12 00:08:49 trial032 ceph-mon[24580]: from='mgr.14150 10.20.193.32:0/2457600995' entity='mgr.x'
2026-02-12T00:08:49.332 INFO:journalctl@ceph.mon.a.trial032.stdout:Feb 12 00:08:49 trial032 ceph-mon[24580]: [12/Feb/2026:00:08:48] ENGINE Bus STARTING
2026-02-12T00:08:49.332 INFO:journalctl@ceph.mon.a.trial032.stdout:Feb 12 00:08:49 trial032 ceph-mon[24580]: from='mgr.14150 10.20.193.32:0/2457600995' entity='mgr.x'
2026-02-12T00:08:49.333 INFO:journalctl@ceph.mon.a.trial032.stdout:Feb 12 00:08:49 trial032 ceph-mon[24580]: [12/Feb/2026:00:08:48] ENGINE Serving on https://10.20.193.32:7150
2026-02-12T00:08:49.333 INFO:journalctl@ceph.mon.a.trial032.stdout:Feb 12 00:08:49 trial032 ceph-mon[24580]: [12/Feb/2026:00:08:48] ENGINE Client ('10.20.193.32', 53176) lost — peer dropped the TLS connection suddenly, during handshake: (6, 'TLS/SSL connection has been closed (EOF) (_ssl.c:1147)')
2026-02-12T00:08:49.333 INFO:journalctl@ceph.mon.a.trial032.stdout:Feb 12 00:08:49 trial032 ceph-mon[24580]: [12/Feb/2026:00:08:48] ENGINE Serving on http://10.20.193.32:8765
2026-02-12T00:08:49.333 INFO:journalctl@ceph.mon.a.trial032.stdout:Feb 12 00:08:49 trial032 ceph-mon[24580]: [12/Feb/2026:00:08:48] ENGINE Bus STARTED
2026-02-12T00:08:49.333 INFO:journalctl@ceph.mon.a.trial032.stdout:Feb 12 00:08:49 trial032 ceph-mon[24580]: mgrmap e11: x(active, since 1.0041s)
2026-02-12T00:08:49.333 INFO:journalctl@ceph.mon.a.trial032.stdout:Feb 12 00:08:49 trial032 ceph-mon[24580]: from='client.14154 -' entity='client.admin' cmd=[{"prefix": "get_command_descriptions"}]: dispatch
2026-02-12T00:08:49.333 INFO:journalctl@ceph.mon.a.trial032.stdout:Feb 12 00:08:49 trial032 ceph-mon[24580]: from='client.14154 -' entity='client.admin' cmd=[{"prefix": "mgr_status"}]: dispatch
2026-02-12T00:08:49.333 INFO:journalctl@ceph.mon.a.trial032.stdout:Feb 12 00:08:49 trial032 ceph-mon[24580]: from='client.14162 -' entity='client.admin' cmd=[{"prefix": "dashboard create-self-signed-cert", "target": ["mon-mgr", ""]}]: dispatch
2026-02-12T00:08:49.333 INFO:journalctl@ceph.mon.a.trial032.stdout:Feb 12 00:08:49 trial032 ceph-mon[24580]: from='mgr.14150 10.20.193.32:0/2457600995' entity='mgr.x'
2026-02-12T00:08:49.333 INFO:journalctl@ceph.mon.a.trial032.stdout:Feb 12 00:08:49 trial032 ceph-mon[24580]: from='mgr.14150 10.20.193.32:0/2457600995' entity='mgr.x'
2026-02-12T00:08:49.499 INFO:teuthology.orchestra.run.trial032.stdout:/usr/bin/ceph: stdout {"username": "admin", "password": "$2b$12$KiSPTexkwiLsS8kWIiLxlOPfy3rh3w59V7SfqYXR6LY1HlmfRZY/O", "roles": ["administrator"], "name": null, "email": null, "lastUpdate": 1770854929, "enabled": true, "pwdExpirationDate": null, "pwdUpdateRequired": true}
2026-02-12T00:08:49.500 INFO:teuthology.orchestra.run.trial032.stdout:/usr/bin/ceph: stderr
2026-02-12T00:08:49.238+0000 7fa02fce8640 1 Processor -- start
2026-02-12T00:08:49.500 INFO:teuthology.orchestra.run.trial032.stdout:/usr/bin/ceph: stderr
2026-02-12T00:08:49.238+0000 7fa02fce8640 1 -- start start
2026-02-12T00:08:49.500 INFO:teuthology.orchestra.run.trial032.stdout:/usr/bin/ceph: stderr
2026-02-12T00:08:49.238+0000 7fa02fce8640 1 --2- >> [v2:10.20.193.32:3300/0,v1:10.20.193.32:6789/0] conn(0x7fa02807cef0 0x7fa02807b350 unknown :-1 s=NONE pgs=0 cs=0 l=0 rev1=0 crypto rx=0 tx=0 comp rx=0 tx=0).connect
2026-02-12T00:08:49.500 INFO:teuthology.orchestra.run.trial032.stdout:/usr/bin/ceph: stderr
2026-02-12T00:08:49.238+0000 7fa02fce8640 1 -- --> [v2:10.20.193.32:3300/0,v1:10.20.193.32:6789/0] -- mon_getmap magic: 0 v1 -- 0x7fa02807b890 con 0x7fa02807cef0
2026-02-12T00:08:49.500 INFO:teuthology.orchestra.run.trial032.stdout:/usr/bin/ceph: stderr
2026-02-12T00:08:49.238+0000 7fa02da5d640 1 --2- >> [v2:10.20.193.32:3300/0,v1:10.20.193.32:6789/0] conn(0x7fa02807cef0 0x7fa02807b350 unknown :-1 s=BANNER_CONNECTING pgs=0 cs=0 l=0 rev1=0 crypto rx=0 tx=0 comp rx=0 tx=0)._handle_peer_banner_payload supported=3 required=0
2026-02-12T00:08:49.500 INFO:teuthology.orchestra.run.trial032.stdout:/usr/bin/ceph: stderr
2026-02-12T00:08:49.238+0000 7fa02da5d640 1 --2- >> [v2:10.20.193.32:3300/0,v1:10.20.193.32:6789/0] conn(0x7fa02807cef0 0x7fa02807b350 unknown :-1 s=HELLO_CONNECTING pgs=0 cs=0 l=0 rev1=1 crypto rx=0 tx=0 comp rx=0 tx=0).handle_hello peer v2:10.20.193.32:3300/0 says I am v2:10.20.193.32:44344/0 (socket says 10.20.193.32:44344)
2026-02-12T00:08:49.500 INFO:teuthology.orchestra.run.trial032.stdout:/usr/bin/ceph: stderr
2026-02-12T00:08:49.238+0000 7fa02da5d640 1 -- 10.20.193.32:0/3799998745 learned_addr learned my addr 10.20.193.32:0/3799998745 (peer_addr_for_me v2:10.20.193.32:0/0)
2026-02-12T00:08:49.500 INFO:teuthology.orchestra.run.trial032.stdout:/usr/bin/ceph: stderr
2026-02-12T00:08:49.238+0000 7fa02da5d640 1 -- 10.20.193.32:0/3799998745 --> [v2:10.20.193.32:3300/0,v1:10.20.193.32:6789/0] -- mon_subscribe({config=0+,monmap=0+}) v3 -- 0x7fa02807b9d0 con 0x7fa02807cef0
2026-02-12T00:08:49.500 INFO:teuthology.orchestra.run.trial032.stdout:/usr/bin/ceph: stderr
2026-02-12T00:08:49.239+0000 7fa02da5d640 1 --2- 10.20.193.32:0/3799998745 >> [v2:10.20.193.32:3300/0,v1:10.20.193.32:6789/0] conn(0x7fa02807cef0 0x7fa02807b350 secure :-1 s=READY pgs=70 cs=0 l=1 rev1=1 crypto rx=0x7fa018009920 tx=0x7fa01802ef20 comp rx=0 tx=0).ready entity=mon.0 client_cookie=9fe482baa6f5ea9c server_cookie=0 in_seq=0 out_seq=0
2026-02-12T00:08:49.500 INFO:teuthology.orchestra.run.trial032.stdout:/usr/bin/ceph: stderr
2026-02-12T00:08:49.239+0000 7fa02ca5b640 1 -- 10.20.193.32:0/3799998745 <== mon.0 v2:10.20.193.32:3300/0 1 ==== mon_map magic: 0 v1 ==== 205+0+0 (secure 0 0 0) 0x7fa01802fae0 con 0x7fa02807cef0
2026-02-12T00:08:49.501 INFO:teuthology.orchestra.run.trial032.stdout:/usr/bin/ceph: stderr
2026-02-12T00:08:49.239+0000 7fa02ca5b640 1 -- 10.20.193.32:0/3799998745 <== mon.0 v2:10.20.193.32:3300/0 2 ==== config(26 keys) v1 ==== 1074+0+0 (secure 0 0 0) 0x7fa01802fc40 con 0x7fa02807cef0
2026-02-12T00:08:49.501 INFO:teuthology.orchestra.run.trial032.stdout:/usr/bin/ceph: stderr
2026-02-12T00:08:49.239+0000 7fa02ca5b640 1 -- 10.20.193.32:0/3799998745 <== mon.0 v2:10.20.193.32:3300/0 3 ==== mon_map magic: 0 v1 ==== 205+0+0 (secure 0 0 0) 0x7fa0180355e0 con 0x7fa02807cef0
2026-02-12T00:08:49.501 INFO:teuthology.orchestra.run.trial032.stdout:/usr/bin/ceph: stderr
2026-02-12T00:08:49.239+0000 7fa02fce8640 1 -- 10.20.193.32:0/3799998745 >> [v2:10.20.193.32:3300/0,v1:10.20.193.32:6789/0] conn(0x7fa02807cef0 msgr2=0x7fa02807b350 secure :-1 s=STATE_CONNECTION_ESTABLISHED l=1).mark_down
2026-02-12T00:08:49.501 INFO:teuthology.orchestra.run.trial032.stdout:/usr/bin/ceph: stderr
2026-02-12T00:08:49.239+0000 7fa02fce8640 1 --2- 10.20.193.32:0/3799998745 >> [v2:10.20.193.32:3300/0,v1:10.20.193.32:6789/0] conn(0x7fa02807cef0 0x7fa02807b350 secure :-1 s=READY pgs=70 cs=0 l=1 rev1=1 crypto rx=0x7fa018009920 tx=0x7fa01802ef20 comp rx=0 tx=0).stop
2026-02-12T00:08:49.501 INFO:teuthology.orchestra.run.trial032.stdout:/usr/bin/ceph: stderr
2026-02-12T00:08:49.239+0000 7fa02fce8640 1 -- 10.20.193.32:0/3799998745 shutdown_connections
2026-02-12T00:08:49.501 INFO:teuthology.orchestra.run.trial032.stdout:/usr/bin/ceph: stderr
2026-02-12T00:08:49.239+0000 7fa02fce8640 1 --2- 10.20.193.32:0/3799998745 >> [v2:10.20.193.32:3300/0,v1:10.20.193.32:6789/0] conn(0x7fa02807cef0 0x7fa02807b350 unknown :-1 s=CLOSED pgs=70 cs=0 l=1 rev1=1 crypto rx=0 tx=0 comp rx=0 tx=0).stop
2026-02-12T00:08:49.501 INFO:teuthology.orchestra.run.trial032.stdout:/usr/bin/ceph: stderr
2026-02-12T00:08:49.239+0000 7fa02fce8640 1 -- 10.20.193.32:0/3799998745 >> 10.20.193.32:0/3799998745 conn(0x7fa028101c60 msgr2=0x7fa0281040a0 unknown :-1 s=STATE_NONE l=0).mark_down
2026-02-12T00:08:49.501 INFO:teuthology.orchestra.run.trial032.stdout:/usr/bin/ceph: stderr
2026-02-12T00:08:49.239+0000 7fa02fce8640 1 -- 10.20.193.32:0/3799998745 shutdown_connections
2026-02-12T00:08:49.501 INFO:teuthology.orchestra.run.trial032.stdout:/usr/bin/ceph: stderr
2026-02-12T00:08:49.239+0000 7fa02fce8640 1 -- 10.20.193.32:0/3799998745 wait complete.
2026-02-12T00:08:49.501 INFO:teuthology.orchestra.run.trial032.stdout:/usr/bin/ceph: stderr
2026-02-12T00:08:49.240+0000 7fa02fce8640 1 Processor -- start
2026-02-12T00:08:49.501 INFO:teuthology.orchestra.run.trial032.stdout:/usr/bin/ceph: stderr
2026-02-12T00:08:49.240+0000 7fa02fce8640 1 -- start start
2026-02-12T00:08:49.502 INFO:teuthology.orchestra.run.trial032.stdout:/usr/bin/ceph: stderr
2026-02-12T00:08:49.240+0000 7fa02fce8640 1 --2- >> [v2:10.20.193.32:3300/0,v1:10.20.193.32:6789/0] conn(0x7fa02807cef0 0x7fa0281a28f0 unknown :-1 s=NONE pgs=0 cs=0 l=1 rev1=0 crypto rx=0 tx=0 comp rx=0 tx=0).connect
2026-02-12T00:08:49.502 INFO:teuthology.orchestra.run.trial032.stdout:/usr/bin/ceph: stderr
2026-02-12T00:08:49.240+0000 7fa02fce8640 1 -- --> [v2:10.20.193.32:3300/0,v1:10.20.193.32:6789/0] -- mon_getmap magic: 0 v1 -- 0x7fa0281a2e30 con 0x7fa02807cef0
2026-02-12T00:08:49.502 INFO:teuthology.orchestra.run.trial032.stdout:/usr/bin/ceph: stderr
2026-02-12T00:08:49.240+0000 7fa02da5d640 1 --2- >> [v2:10.20.193.32:3300/0,v1:10.20.193.32:6789/0] conn(0x7fa02807cef0 0x7fa0281a28f0 unknown :-1 s=BANNER_CONNECTING pgs=0 cs=0 l=1 rev1=0 crypto rx=0 tx=0 comp rx=0 tx=0)._handle_peer_banner_payload supported=3 required=0
2026-02-12T00:08:49.502 INFO:teuthology.orchestra.run.trial032.stdout:/usr/bin/ceph: stderr
2026-02-12T00:08:49.240+0000 7fa02da5d640 1 --2- >> [v2:10.20.193.32:3300/0,v1:10.20.193.32:6789/0] conn(0x7fa02807cef0 0x7fa0281a28f0 unknown :-1 s=HELLO_CONNECTING pgs=0 cs=0 l=1 rev1=1 crypto rx=0 tx=0 comp rx=0 tx=0).handle_hello peer v2:10.20.193.32:3300/0 says I am v2:10.20.193.32:44360/0 (socket says 10.20.193.32:44360)
2026-02-12T00:08:49.502 INFO:teuthology.orchestra.run.trial032.stdout:/usr/bin/ceph: stderr
2026-02-12T00:08:49.240+0000 7fa02da5d640 1 -- 10.20.193.32:0/24920124 learned_addr learned my addr 10.20.193.32:0/24920124 (peer_addr_for_me v2:10.20.193.32:0/0)
2026-02-12T00:08:49.502 INFO:teuthology.orchestra.run.trial032.stdout:/usr/bin/ceph: stderr
2026-02-12T00:08:49.240+0000 7fa02da5d640 1 -- 10.20.193.32:0/24920124 --> [v2:10.20.193.32:3300/0,v1:10.20.193.32:6789/0] -- mon_subscribe({config=0+,monmap=0+}) v3 -- 0x7fa0180095d0 con 0x7fa02807cef0
2026-02-12T00:08:49.502 INFO:teuthology.orchestra.run.trial032.stdout:/usr/bin/ceph: stderr
2026-02-12T00:08:49.240+0000 7fa02da5d640 1 --2- 10.20.193.32:0/24920124 >> [v2:10.20.193.32:3300/0,v1:10.20.193.32:6789/0] conn(0x7fa02807cef0 0x7fa0281a28f0 secure :-1 s=READY pgs=71 cs=0 l=1 rev1=1 crypto rx=0x7fa018035780 tx=0x7fa018037440 comp rx=0 tx=0).ready entity=mon.0 client_cookie=0 server_cookie=0 in_seq=0 out_seq=0
2026-02-12T00:08:49.502 INFO:teuthology.orchestra.run.trial032.stdout:/usr/bin/ceph: stderr
2026-02-12T00:08:49.240+0000 7fa016ffd640 1 -- 10.20.193.32:0/24920124 <== mon.0 v2:10.20.193.32:3300/0 1 ==== mon_map magic: 0 v1 ==== 205+0+0 (secure 0 0 0) 0x7fa018037970 con 0x7fa02807cef0
2026-02-12T00:08:49.502 INFO:teuthology.orchestra.run.trial032.stdout:/usr/bin/ceph: stderr
2026-02-12T00:08:49.240+0000 7fa016ffd640 1 -- 10.20.193.32:0/24920124 <== mon.0 v2:10.20.193.32:3300/0 2 ==== config(26 keys) v1 ==== 1074+0+0 (secure 0 0 0) 0x7fa018037ad0 con 0x7fa02807cef0
2026-02-12T00:08:49.502 INFO:teuthology.orchestra.run.trial032.stdout:/usr/bin/ceph: stderr
2026-02-12T00:08:49.240+0000 7fa016ffd640 1 -- 10.20.193.32:0/24920124 <== mon.0 v2:10.20.193.32:3300/0 3 ==== mon_map magic: 0 v1 ==== 205+0+0 (secure 0 0 0) 0x7fa01803e5b0 con 0x7fa02807cef0
2026-02-12T00:08:49.502 INFO:teuthology.orchestra.run.trial032.stdout:/usr/bin/ceph: stderr
2026-02-12T00:08:49.240+0000 7fa02fce8640 1 -- 10.20.193.32:0/24920124 --> [v2:10.20.193.32:3300/0,v1:10.20.193.32:6789/0] -- mon_subscribe({mgrmap=0+}) v3 -- 0x7fa0281a3030 con 0x7fa02807cef0
2026-02-12T00:08:49.503 INFO:teuthology.orchestra.run.trial032.stdout:/usr/bin/ceph: stderr
2026-02-12T00:08:49.240+0000 7fa02fce8640 1 -- 10.20.193.32:0/24920124 --> [v2:10.20.193.32:3300/0,v1:10.20.193.32:6789/0] -- mon_subscribe({osdmap=0}) v3 -- 0x7fa0281a34d0 con 0x7fa02807cef0
2026-02-12T00:08:49.503 INFO:teuthology.orchestra.run.trial032.stdout:/usr/bin/ceph: stderr
2026-02-12T00:08:49.241+0000 7fa02fce8640 1 -- 10.20.193.32:0/24920124 --> [v2:10.20.193.32:3300/0,v1:10.20.193.32:6789/0] -- mon_command({"prefix": "get_command_descriptions"} v 0) v1 -- 0x7fa0281083e0 con 0x7fa02807cef0
2026-02-12T00:08:49.503 INFO:teuthology.orchestra.run.trial032.stdout:/usr/bin/ceph: stderr
2026-02-12T00:08:49.241+0000 7fa016ffd640 1 -- 10.20.193.32:0/24920124 <== mon.0 v2:10.20.193.32:3300/0 4 ==== mgrmap(e 11) v1 ==== 49267+0+0 (secure 0 0 0) 0x7fa01803e070 con 0x7fa02807cef0
2026-02-12T00:08:49.503 INFO:teuthology.orchestra.run.trial032.stdout:/usr/bin/ceph: stderr
2026-02-12T00:08:49.241+0000 7fa016ffd640 1 --2- 10.20.193.32:0/24920124 >> [v2:10.20.193.32:6800/799528389,v1:10.20.193.32:6801/799528389] conn(0x7fa00403d0c0 0x7fa00403f580 unknown :-1 s=NONE pgs=0 cs=0 l=1 rev1=0 crypto rx=0 tx=0 comp rx=0 tx=0).connect
2026-02-12T00:08:49.503 INFO:teuthology.orchestra.run.trial032.stdout:/usr/bin/ceph: stderr
2026-02-12T00:08:49.241+0000 7fa016ffd640 1 -- 10.20.193.32:0/24920124 <== mon.0 v2:10.20.193.32:3300/0 5 ==== osd_map(3..3 src has 1..3) v4 ==== 1155+0+0 (secure 0 0 0) 0x7fa018075ca0 con 0x7fa02807cef0
2026-02-12T00:08:49.503 INFO:teuthology.orchestra.run.trial032.stdout:/usr/bin/ceph: stderr
2026-02-12T00:08:49.241+0000 7fa02d25c640 1 --2- 10.20.193.32:0/24920124 >> [v2:10.20.193.32:6800/799528389,v1:10.20.193.32:6801/799528389] conn(0x7fa00403d0c0 0x7fa00403f580 unknown :-1 s=BANNER_CONNECTING pgs=0 cs=0 l=1 rev1=0 crypto rx=0 tx=0 comp rx=0 tx=0)._handle_peer_banner_payload supported=3 required=0
2026-02-12T00:08:49.503 INFO:teuthology.orchestra.run.trial032.stdout:/usr/bin/ceph: stderr
2026-02-12T00:08:49.242+0000 7fa02d25c640 1 --2- 10.20.193.32:0/24920124 >> [v2:10.20.193.32:6800/799528389,v1:10.20.193.32:6801/799528389] conn(0x7fa00403d0c0 0x7fa00403f580 secure :-1 s=READY pgs=8 cs=0 l=1 rev1=1 crypto rx=0x7fa01c0099c0 tx=0x7fa01c006eb0 comp rx=0 tx=0).ready entity=mgr.14150 client_cookie=0 server_cookie=0 in_seq=0 out_seq=0
2026-02-12T00:08:49.503 INFO:teuthology.orchestra.run.trial032.stdout:/usr/bin/ceph: stderr
2026-02-12T00:08:49.244+0000 7fa016ffd640 1 -- 10.20.193.32:0/24920124 <== mon.0 v2:10.20.193.32:3300/0 6 ==== mon_command_ack([{"prefix": "get_command_descriptions"}]=0 v0) v1 ==== 72+0+186382 (secure 0 0 0) 0x7fa018046540 con 0x7fa02807cef0
2026-02-12T00:08:49.503 INFO:teuthology.orchestra.run.trial032.stdout:/usr/bin/ceph: stderr
2026-02-12T00:08:49.330+0000 7fa02fce8640 1 -- 10.20.193.32:0/24920124 --> [v2:10.20.193.32:6800/799528389,v1:10.20.193.32:6801/799528389] -- mgr_command(tid 0: {"prefix": "dashboard ac-user-create", "username": "admin", "rolename": "administrator", "force_password": true, "pwd_update_required": true, "target": ["mon-mgr", ""]}) v1 -- 0x7fa0280621d0 con 0x7fa00403d0c0
2026-02-12T00:08:49.503 INFO:teuthology.orchestra.run.trial032.stdout:/usr/bin/ceph: stderr
2026-02-12T00:08:49.471+0000 7fa016ffd640 1 -- 10.20.193.32:0/24920124 <== mgr.14150 v2:10.20.193.32:6800/799528389 1 ==== mgr_command_reply(tid 0: 0 ) v1 ==== 8+0+252 (secure 0 0 0) 0x7fa0280621d0 con 0x7fa00403d0c0
2026-02-12T00:08:49.503 INFO:teuthology.orchestra.run.trial032.stdout:/usr/bin/ceph: stderr
2026-02-12T00:08:49.472+0000 7fa02fce8640 1 -- 10.20.193.32:0/24920124 >> [v2:10.20.193.32:6800/799528389,v1:10.20.193.32:6801/799528389] conn(0x7fa00403d0c0 msgr2=0x7fa00403f580 secure :-1 s=STATE_CONNECTION_ESTABLISHED l=1).mark_down
2026-02-12T00:08:49.504 INFO:teuthology.orchestra.run.trial032.stdout:/usr/bin/ceph: stderr
2026-02-12T00:08:49.472+0000 7fa02fce8640 1 --2- 10.20.193.32:0/24920124 >> [v2:10.20.193.32:6800/799528389,v1:10.20.193.32:6801/799528389] conn(0x7fa00403d0c0 0x7fa00403f580 secure :-1 s=READY pgs=8 cs=0 l=1 rev1=1 crypto rx=0x7fa01c0099c0 tx=0x7fa01c006eb0 comp rx=0 tx=0).stop
2026-02-12T00:08:49.504 INFO:teuthology.orchestra.run.trial032.stdout:/usr/bin/ceph: stderr
2026-02-12T00:08:49.472+0000 7fa02fce8640 1 -- 10.20.193.32:0/24920124 >> [v2:10.20.193.32:3300/0,v1:10.20.193.32:6789/0] conn(0x7fa02807cef0 msgr2=0x7fa0281a28f0 secure :-1 s=STATE_CONNECTION_ESTABLISHED l=1).mark_down
2026-02-12T00:08:49.504 INFO:teuthology.orchestra.run.trial032.stdout:/usr/bin/ceph: stderr
2026-02-12T00:08:49.472+0000 7fa02fce8640 1 --2- 10.20.193.32:0/24920124 >> [v2:10.20.193.32:3300/0,v1:10.20.193.32:6789/0] conn(0x7fa02807cef0 0x7fa0281a28f0 secure :-1 s=READY pgs=71 cs=0 l=1 rev1=1 crypto rx=0x7fa018035780 tx=0x7fa018037440 comp rx=0 tx=0).stop
2026-02-12T00:08:49.504 INFO:teuthology.orchestra.run.trial032.stdout:/usr/bin/ceph: stderr
2026-02-12T00:08:49.472+0000 7fa02fce8640 1 -- 10.20.193.32:0/24920124 shutdown_connections
2026-02-12T00:08:49.504 INFO:teuthology.orchestra.run.trial032.stdout:/usr/bin/ceph: stderr
2026-02-12T00:08:49.472+0000 7fa02fce8640 1 --2- 10.20.193.32:0/24920124 >> [v2:10.20.193.32:6800/799528389,v1:10.20.193.32:6801/799528389] conn(0x7fa00403d0c0 0x7fa00403f580 unknown :-1 s=CLOSED pgs=8 cs=0 l=1 rev1=1 crypto rx=0 tx=0 comp rx=0 tx=0).stop
2026-02-12T00:08:49.504 INFO:teuthology.orchestra.run.trial032.stdout:/usr/bin/ceph: stderr
2026-02-12T00:08:49.472+0000 7fa02fce8640 1 --2- 10.20.193.32:0/24920124 >> [v2:10.20.193.32:3300/0,v1:10.20.193.32:6789/0] conn(0x7fa02807cef0 0x7fa0281a28f0 unknown :-1 s=CLOSED pgs=71 cs=0 l=1 rev1=1 crypto rx=0 tx=0 comp rx=0 tx=0).stop
2026-02-12T00:08:49.504 INFO:teuthology.orchestra.run.trial032.stdout:/usr/bin/ceph: stderr
2026-02-12T00:08:49.472+0000 7fa02fce8640 1 -- 10.20.193.32:0/24920124 >> 10.20.193.32:0/24920124 conn(0x7fa028101c60 msgr2=0x7fa0281040a0 unknown :-1 s=STATE_NONE l=0).mark_down
2026-02-12T00:08:49.504 INFO:teuthology.orchestra.run.trial032.stdout:/usr/bin/ceph: stderr
2026-02-12T00:08:49.472+0000 7fa02fce8640 1 -- 10.20.193.32:0/24920124 shutdown_connections
2026-02-12T00:08:49.504 INFO:teuthology.orchestra.run.trial032.stdout:/usr/bin/ceph: stderr
2026-02-12T00:08:49.472+0000 7fa02fce8640 1 -- 10.20.193.32:0/24920124 wait complete.
2026-02-12T00:08:49.504 INFO:teuthology.orchestra.run.trial032.stdout:Fetching dashboard port number...
2026-02-12T00:08:49.696 INFO:teuthology.orchestra.run.trial032.stdout:/usr/bin/ceph: stdout 8443
2026-02-12T00:08:49.697 INFO:teuthology.orchestra.run.trial032.stdout:/usr/bin/ceph: stderr
2026-02-12T00:08:49.582+0000 7fa76a6b6640 1 Processor -- start
2026-02-12T00:08:49.697 INFO:teuthology.orchestra.run.trial032.stdout:/usr/bin/ceph: stderr
2026-02-12T00:08:49.582+0000 7fa76a6b6640 1 -- start start
2026-02-12T00:08:49.697 INFO:teuthology.orchestra.run.trial032.stdout:/usr/bin/ceph: stderr
2026-02-12T00:08:49.582+0000 7fa76a6b6640 1 --2- >> [v2:10.20.193.32:3300/0,v1:10.20.193.32:6789/0] conn(0x7fa764106920 0x7fa764106d20 unknown :-1 s=NONE pgs=0 cs=0 l=0 rev1=0 crypto rx=0 tx=0 comp rx=0 tx=0).connect
2026-02-12T00:08:49.697 INFO:teuthology.orchestra.run.trial032.stdout:/usr/bin/ceph: stderr
2026-02-12T00:08:49.582+0000 7fa76a6b6640 1 -- --> [v2:10.20.193.32:3300/0,v1:10.20.193.32:6789/0] -- mon_getmap magic: 0 v1 -- 0x7fa764107260 con 0x7fa764106920
2026-02-12T00:08:49.697 INFO:teuthology.orchestra.run.trial032.stdout:/usr/bin/ceph: stderr
2026-02-12T00:08:49.582+0000 7fa763fff640 1 --2- >> [v2:10.20.193.32:3300/0,v1:10.20.193.32:6789/0] conn(0x7fa764106920 0x7fa764106d20 unknown :-1 s=BANNER_CONNECTING pgs=0 cs=0 l=0 rev1=0 crypto rx=0 tx=0 comp rx=0 tx=0)._handle_peer_banner_payload supported=3 required=0
2026-02-12T00:08:49.697 INFO:teuthology.orchestra.run.trial032.stdout:/usr/bin/ceph: stderr
2026-02-12T00:08:49.582+0000 7fa763fff640 1 --2- >> [v2:10.20.193.32:3300/0,v1:10.20.193.32:6789/0] conn(0x7fa764106920 0x7fa764106d20 unknown :-1 s=HELLO_CONNECTING pgs=0 cs=0 l=0 rev1=1 crypto rx=0 tx=0 comp rx=0 tx=0).handle_hello peer v2:10.20.193.32:3300/0 says I am v2:10.20.193.32:44372/0 (socket says 10.20.193.32:44372)
2026-02-12T00:08:49.697 INFO:teuthology.orchestra.run.trial032.stdout:/usr/bin/ceph: stderr
2026-02-12T00:08:49.582+0000 7fa763fff640 1 -- 10.20.193.32:0/2310538677 learned_addr learned my addr 10.20.193.32:0/2310538677 (peer_addr_for_me v2:10.20.193.32:0/0)
2026-02-12T00:08:49.697 INFO:teuthology.orchestra.run.trial032.stdout:/usr/bin/ceph: stderr
2026-02-12T00:08:49.582+0000 7fa763fff640 1 -- 10.20.193.32:0/2310538677 --> [v2:10.20.193.32:3300/0,v1:10.20.193.32:6789/0] -- mon_subscribe({config=0+,monmap=0+}) v3 -- 0x7fa7641073a0 con 0x7fa764106920
2026-02-12T00:08:49.697 INFO:teuthology.orchestra.run.trial032.stdout:/usr/bin/ceph: stderr
2026-02-12T00:08:49.583+0000 7fa763fff640 1 --2- 10.20.193.32:0/2310538677 >> [v2:10.20.193.32:3300/0,v1:10.20.193.32:6789/0] conn(0x7fa764106920 0x7fa764106d20 secure :-1 s=READY pgs=72 cs=0 l=1 rev1=1 crypto rx=0x7fa750009920 tx=0x7fa75002ef20 comp rx=0 tx=0).ready entity=mon.0 client_cookie=ac158c22c4f2e72d server_cookie=0 in_seq=0 out_seq=0
2026-02-12T00:08:49.698 INFO:teuthology.orchestra.run.trial032.stdout:/usr/bin/ceph: stderr
2026-02-12T00:08:49.583+0000 7fa762ffd640 1 -- 10.20.193.32:0/2310538677 <== mon.0 v2:10.20.193.32:3300/0 1 ==== mon_map magic: 0 v1 ==== 205+0+0 (secure 0 0 0) 0x7fa75002fae0 con 0x7fa764106920
2026-02-12T00:08:49.698 INFO:teuthology.orchestra.run.trial032.stdout:/usr/bin/ceph: stderr
2026-02-12T00:08:49.583+0000 7fa762ffd640 1 -- 10.20.193.32:0/2310538677 <== mon.0 v2:10.20.193.32:3300/0 2 ==== config(26 keys) v1 ==== 1074+0+0 (secure 0 0 0) 0x7fa75002fc40 con 0x7fa764106920
2026-02-12T00:08:49.698 INFO:teuthology.orchestra.run.trial032.stdout:/usr/bin/ceph: stderr
2026-02-12T00:08:49.583+0000 7fa762ffd640 1 -- 10.20.193.32:0/2310538677 <== mon.0 v2:10.20.193.32:3300/0 3 ==== mon_map magic: 0 v1 ==== 205+0+0 (secure 0 0 0) 0x7fa7500355e0 con 0x7fa764106920
2026-02-12T00:08:49.698 INFO:teuthology.orchestra.run.trial032.stdout:/usr/bin/ceph: stderr
2026-02-12T00:08:49.583+0000 7fa76a6b6640 1 -- 10.20.193.32:0/2310538677 >> [v2:10.20.193.32:3300/0,v1:10.20.193.32:6789/0] conn(0x7fa764106920 msgr2=0x7fa764106d20 secure :-1 s=STATE_CONNECTION_ESTABLISHED l=1).mark_down
2026-02-12T00:08:49.698 INFO:teuthology.orchestra.run.trial032.stdout:/usr/bin/ceph: stderr
2026-02-12T00:08:49.583+0000 7fa76a6b6640 1 --2- 10.20.193.32:0/2310538677 >> [v2:10.20.193.32:3300/0,v1:10.20.193.32:6789/0] conn(0x7fa764106920 0x7fa764106d20 secure :-1 s=READY pgs=72 cs=0 l=1 rev1=1 crypto rx=0x7fa750009920 tx=0x7fa75002ef20 comp rx=0 tx=0).stop
2026-02-12T00:08:49.698 INFO:teuthology.orchestra.run.trial032.stdout:/usr/bin/ceph: stderr
2026-02-12T00:08:49.583+0000 7fa76a6b6640 1 -- 10.20.193.32:0/2310538677 shutdown_connections
2026-02-12T00:08:49.698 INFO:teuthology.orchestra.run.trial032.stdout:/usr/bin/ceph: stderr
2026-02-12T00:08:49.583+0000 7fa76a6b6640 1 --2- 10.20.193.32:0/2310538677 >> [v2:10.20.193.32:3300/0,v1:10.20.193.32:6789/0] conn(0x7fa764106920 0x7fa764106d20 unknown :-1 s=CLOSED pgs=72 cs=0 l=1 rev1=1 crypto rx=0 tx=0 comp rx=0 tx=0).stop
2026-02-12T00:08:49.698 INFO:teuthology.orchestra.run.trial032.stdout:/usr/bin/ceph: stderr
2026-02-12T00:08:49.583+0000 7fa76a6b6640 1 -- 10.20.193.32:0/2310538677 >> 10.20.193.32:0/2310538677 conn(0x7fa7641001e0 msgr2=0x7fa764102660 unknown :-1 s=STATE_NONE l=0).mark_down
2026-02-12T00:08:49.698 INFO:teuthology.orchestra.run.trial032.stdout:/usr/bin/ceph: stderr
2026-02-12T00:08:49.583+0000 7fa76a6b6640 1 -- 10.20.193.32:0/2310538677 shutdown_connections
2026-02-12T00:08:49.698 INFO:teuthology.orchestra.run.trial032.stdout:/usr/bin/ceph: stderr
2026-02-12T00:08:49.583+0000 7fa76a6b6640 1 -- 10.20.193.32:0/2310538677 wait complete.
2026-02-12T00:08:49.698 INFO:teuthology.orchestra.run.trial032.stdout:/usr/bin/ceph: stderr
2026-02-12T00:08:49.584+0000 7fa76a6b6640 1 Processor -- start
2026-02-12T00:08:49.698 INFO:teuthology.orchestra.run.trial032.stdout:/usr/bin/ceph: stderr
2026-02-12T00:08:49.584+0000 7fa76a6b6640 1 -- start start
2026-02-12T00:08:49.699 INFO:teuthology.orchestra.run.trial032.stdout:/usr/bin/ceph: stderr
2026-02-12T00:08:49.584+0000 7fa76a6b6640 1 --2- >> [v2:10.20.193.32:3300/0,v1:10.20.193.32:6789/0] conn(0x7fa764106920 0x7fa76419e3e0 unknown :-1 s=NONE pgs=0 cs=0 l=1 rev1=0 crypto rx=0 tx=0 comp rx=0 tx=0).connect
2026-02-12T00:08:49.699 INFO:teuthology.orchestra.run.trial032.stdout:/usr/bin/ceph: stderr
2026-02-12T00:08:49.584+0000 7fa76a6b6640 1 -- --> [v2:10.20.193.32:3300/0,v1:10.20.193.32:6789/0] -- mon_getmap magic: 0 v1 -- 0x7fa76419e920 con 0x7fa764106920
2026-02-12T00:08:49.699 INFO:teuthology.orchestra.run.trial032.stdout:/usr/bin/ceph: stderr
2026-02-12T00:08:49.584+0000 7fa763fff640 1 --2- >> [v2:10.20.193.32:3300/0,v1:10.20.193.32:6789/0] conn(0x7fa764106920 0x7fa76419e3e0 unknown :-1 s=BANNER_CONNECTING pgs=0 cs=0 l=1 rev1=0 crypto rx=0 tx=0 comp rx=0 tx=0)._handle_peer_banner_payload supported=3 required=0
2026-02-12T00:08:49.699 INFO:teuthology.orchestra.run.trial032.stdout:/usr/bin/ceph: stderr
2026-02-12T00:08:49.584+0000 7fa763fff640 1 --2- >> [v2:10.20.193.32:3300/0,v1:10.20.193.32:6789/0] conn(0x7fa764106920 0x7fa76419e3e0 unknown :-1 s=HELLO_CONNECTING pgs=0 cs=0 l=1 rev1=1 crypto rx=0 tx=0 comp rx=0 tx=0).handle_hello peer v2:10.20.193.32:3300/0 says I am v2:10.20.193.32:44380/0 (socket says 10.20.193.32:44380)
2026-02-12T00:08:49.699 INFO:teuthology.orchestra.run.trial032.stdout:/usr/bin/ceph: stderr
2026-02-12T00:08:49.584+0000 7fa763fff640 1 -- 10.20.193.32:0/1981306191 learned_addr learned my addr 10.20.193.32:0/1981306191 (peer_addr_for_me v2:10.20.193.32:0/0)
2026-02-12T00:08:49.699 INFO:teuthology.orchestra.run.trial032.stdout:/usr/bin/ceph: stderr
2026-02-12T00:08:49.584+0000 7fa763fff640 1 -- 10.20.193.32:0/1981306191 --> [v2:10.20.193.32:3300/0,v1:10.20.193.32:6789/0] -- mon_subscribe({config=0+,monmap=0+}) v3 -- 0x7fa7500095d0 con 0x7fa764106920
2026-02-12T00:08:49.699 INFO:teuthology.orchestra.run.trial032.stdout:/usr/bin/ceph: stderr
2026-02-12T00:08:49.584+0000 7fa763fff640 1 --2- 10.20.193.32:0/1981306191 >> [v2:10.20.193.32:3300/0,v1:10.20.193.32:6789/0] conn(0x7fa764106920 0x7fa76419e3e0 secure :-1 s=READY pgs=73 cs=0 l=1 rev1=1 crypto rx=0x7fa750006fd0 tx=0x7fa750035780 comp rx=0 tx=0).ready entity=mon.0 client_cookie=0 server_cookie=0 in_seq=0 out_seq=0
2026-02-12T00:08:49.699 INFO:teuthology.orchestra.run.trial032.stdout:/usr/bin/ceph: stderr
2026-02-12T00:08:49.584+0000 7fa7617fa640 1 -- 10.20.193.32:0/1981306191 <== mon.0 v2:10.20.193.32:3300/0 1 ==== mon_map magic: 0 v1 ==== 205+0+0 (secure 0 0 0) 0x7fa750037920 con 0x7fa764106920
2026-02-12T00:08:49.699 INFO:teuthology.orchestra.run.trial032.stdout:/usr/bin/ceph: stderr
2026-02-12T00:08:49.584+0000 7fa7617fa640 1 -- 10.20.193.32:0/1981306191 <== mon.0 v2:10.20.193.32:3300/0 2 ==== config(26 keys) v1 ==== 1074+0+0 (secure 0 0 0) 0x7fa750037a80 con 0x7fa764106920
2026-02-12T00:08:49.699 INFO:teuthology.orchestra.run.trial032.stdout:/usr/bin/ceph: stderr
2026-02-12T00:08:49.584+0000 7fa76a6b6640 1 -- 10.20.193.32:0/1981306191 --> [v2:10.20.193.32:3300/0,v1:10.20.193.32:6789/0] -- mon_subscribe({mgrmap=0+}) v3 -- 0x7fa76419eb20 con 0x7fa764106920
2026-02-12T00:08:49.699 INFO:teuthology.orchestra.run.trial032.stdout:/usr/bin/ceph: stderr
2026-02-12T00:08:49.584+0000 7fa7617fa640 1 -- 10.20.193.32:0/1981306191 <== mon.0 v2:10.20.193.32:3300/0 3 ==== mon_map magic: 0 v1 ==== 205+0+0 (secure 0 0 0) 0x7fa75003e4e0 con 0x7fa764106920
2026-02-12T00:08:49.699 INFO:teuthology.orchestra.run.trial032.stdout:/usr/bin/ceph: stderr
2026-02-12T00:08:49.584+0000 7fa76a6b6640 1 -- 10.20.193.32:0/1981306191 --> [v2:10.20.193.32:3300/0,v1:10.20.193.32:6789/0] -- mon_subscribe({osdmap=0}) v3 -- 0x7fa76419efc0 con 0x7fa764106920
2026-02-12T00:08:49.700 INFO:teuthology.orchestra.run.trial032.stdout:/usr/bin/ceph: stderr
2026-02-12T00:08:49.585+0000 7fa7617fa640 1 -- 10.20.193.32:0/1981306191 <== mon.0 v2:10.20.193.32:3300/0 4 ==== mgrmap(e 11) v1 ==== 49267+0+0 (secure 0 0 0) 0x7fa75003e070 con 0x7fa764106920
2026-02-12T00:08:49.700 INFO:teuthology.orchestra.run.trial032.stdout:/usr/bin/ceph: stderr
2026-02-12T00:08:49.585+0000 7fa76a6b6640 1 -- 10.20.193.32:0/1981306191 --> [v2:10.20.193.32:3300/0,v1:10.20.193.32:6789/0] -- mon_command({"prefix": "get_command_descriptions"} v 0) v1 -- 0x7fa76410c900 con 0x7fa764106920
2026-02-12T00:08:49.700 INFO:teuthology.orchestra.run.trial032.stdout:/usr/bin/ceph: stderr
2026-02-12T00:08:49.585+0000 7fa7617fa640 1 --2- 10.20.193.32:0/1981306191 >> [v2:10.20.193.32:6800/799528389,v1:10.20.193.32:6801/799528389] conn(0x7fa73803d0c0 0x7fa73803f580 unknown :-1 s=NONE pgs=0 cs=0 l=1 rev1=0 crypto rx=0 tx=0 comp rx=0 tx=0).connect
2026-02-12T00:08:49.700 INFO:teuthology.orchestra.run.trial032.stdout:/usr/bin/ceph: stderr
2026-02-12T00:08:49.585+0000 7fa7617fa640 1 -- 10.20.193.32:0/1981306191 <== mon.0 v2:10.20.193.32:3300/0 5 ==== osd_map(3..3 src has 1..3) v4 ==== 1155+0+0 (secure 0 0 0) 0x7fa750075b30 con 0x7fa764106920
2026-02-12T00:08:49.700 INFO:teuthology.orchestra.run.trial032.stdout:/usr/bin/ceph: stderr
2026-02-12T00:08:49.585+0000 7fa7637fe640 1 --2- 10.20.193.32:0/1981306191 >> [v2:10.20.193.32:6800/799528389,v1:10.20.193.32:6801/799528389] conn(0x7fa73803d0c0 0x7fa73803f580 unknown :-1 s=BANNER_CONNECTING pgs=0 cs=0 l=1 rev1=0 crypto rx=0 tx=0 comp rx=0 tx=0)._handle_peer_banner_payload supported=3 required=0
