2026-02-12T00:11:37.566+0000 7fc6fb577640 1 -- 10.20.193.35:0/2420925832 wait complete.
2026-02-12T00:11:37.799 INFO:teuthology.orchestra.run.trial035.stdout:/usr/bin/ceph: stderr
2026-02-12T00:11:37.687+0000 7f25a7fc0640 1 Processor -- start
2026-02-12T00:11:37.799 INFO:teuthology.orchestra.run.trial035.stdout:/usr/bin/ceph: stderr
2026-02-12T00:11:37.687+0000 7f25a7fc0640 1 -- start start
2026-02-12T00:11:37.800 INFO:teuthology.orchestra.run.trial035.stdout:/usr/bin/ceph: stderr
2026-02-12T00:11:37.687+0000 7f25a7fc0640 1 --2- >> [v2:10.20.193.35:3300/0,v1:10.20.193.35:6789/0] conn(0x7f25a0074430 0x7f25a010b3e0 unknown :-1 s=NONE pgs=0 cs=0 l=0 rev1=0 crypto rx=0 tx=0 comp rx=0 tx=0).connect
2026-02-12T00:11:37.800 INFO:teuthology.orchestra.run.trial035.stdout:/usr/bin/ceph: stderr
2026-02-12T00:11:37.687+0000 7f25a7fc0640 1 -- --> [v2:10.20.193.35:3300/0,v1:10.20.193.35:6789/0] -- mon_getmap magic: 0 v1 -- 0x7f25a00748c0 con 0x7f25a0074430
2026-02-12T00:11:37.800 INFO:teuthology.orchestra.run.trial035.stdout:/usr/bin/ceph: stderr
2026-02-12T00:11:37.687+0000 7f25a5d35640 1 --2- >> [v2:10.20.193.35:3300/0,v1:10.20.193.35:6789/0] conn(0x7f25a0074430 0x7f25a010b3e0 unknown :-1 s=BANNER_CONNECTING pgs=0 cs=0 l=0 rev1=0 crypto rx=0 tx=0 comp rx=0 tx=0)._handle_peer_banner_payload supported=3 required=0
2026-02-12T00:11:37.800 INFO:teuthology.orchestra.run.trial035.stdout:/usr/bin/ceph: stderr
2026-02-12T00:11:37.687+0000 7f25a5d35640 1 --2- >> [v2:10.20.193.35:3300/0,v1:10.20.193.35:6789/0] conn(0x7f25a0074430 0x7f25a010b3e0 unknown :-1 s=HELLO_CONNECTING pgs=0 cs=0 l=0 rev1=1 crypto rx=0 tx=0 comp rx=0 tx=0).handle_hello peer v2:10.20.193.35:3300/0 says I am v2:10.20.193.35:35098/0 (socket says 10.20.193.35:35098)
2026-02-12T00:11:37.800 INFO:teuthology.orchestra.run.trial035.stdout:/usr/bin/ceph: stderr
2026-02-12T00:11:37.687+0000 7f25a5d35640 1 -- 10.20.193.35:0/2493797546 learned_addr learned my addr 10.20.193.35:0/2493797546 (peer_addr_for_me v2:10.20.193.35:0/0)
2026-02-12T00:11:37.800 INFO:teuthology.orchestra.run.trial035.stdout:/usr/bin/ceph: stderr
2026-02-12T00:11:37.688+0000 7f25a5d35640 1 -- 10.20.193.35:0/2493797546 --> [v2:10.20.193.35:3300/0,v1:10.20.193.35:6789/0] -- mon_subscribe({config=0+,monmap=0+}) v3 -- 0x7f25a010b920 con 0x7f25a0074430
2026-02-12T00:11:37.800 INFO:teuthology.orchestra.run.trial035.stdout:/usr/bin/ceph: stderr
2026-02-12T00:11:37.688+0000 7f25a5d35640 1 --2- 10.20.193.35:0/2493797546 >> [v2:10.20.193.35:3300/0,v1:10.20.193.35:6789/0] conn(0x7f25a0074430 0x7f25a010b3e0 secure :-1 s=READY pgs=49 cs=0 l=1 rev1=1 crypto rx=0x7f2590009920 tx=0x7f259002ef20 comp rx=0 tx=0).ready entity=mon.0 client_cookie=4e678e1227a39e39 server_cookie=0 in_seq=0 out_seq=0
2026-02-12T00:11:37.800 INFO:teuthology.orchestra.run.trial035.stdout:/usr/bin/ceph: stderr
2026-02-12T00:11:37.688+0000 7f25a4d33640 1 -- 10.20.193.35:0/2493797546 <== mon.0 v2:10.20.193.35:3300/0 1 ==== mon_map magic: 0 v1 ==== 205+0+0 (secure 0 0 0) 0x7f259002fae0 con 0x7f25a0074430
2026-02-12T00:11:37.800 INFO:teuthology.orchestra.run.trial035.stdout:/usr/bin/ceph: stderr
2026-02-12T00:11:37.688+0000 7f25a4d33640 1 -- 10.20.193.35:0/2493797546 <== mon.0 v2:10.20.193.35:3300/0 2 ==== config(26 keys) v1 ==== 1074+0+0 (secure 0 0 0) 0x7f259002fc40 con 0x7f25a0074430
2026-02-12T00:11:37.800 INFO:teuthology.orchestra.run.trial035.stdout:/usr/bin/ceph: stderr
2026-02-12T00:11:37.688+0000 7f25a4d33640 1 -- 10.20.193.35:0/2493797546 <== mon.0 v2:10.20.193.35:3300/0 3 ==== mon_map magic: 0 v1 ==== 205+0+0 (secure 0 0 0) 0x7f25900355e0 con 0x7f25a0074430
2026-02-12T00:11:37.800 INFO:teuthology.orchestra.run.trial035.stdout:/usr/bin/ceph: stderr
2026-02-12T00:11:37.688+0000 7f25a7fc0640 1 -- 10.20.193.35:0/2493797546 >> [v2:10.20.193.35:3300/0,v1:10.20.193.35:6789/0] conn(0x7f25a0074430 msgr2=0x7f25a010b3e0 secure :-1 s=STATE_CONNECTION_ESTABLISHED l=1).mark_down
2026-02-12T00:11:37.801 INFO:teuthology.orchestra.run.trial035.stdout:/usr/bin/ceph: stderr
2026-02-12T00:11:37.688+0000 7f25a7fc0640 1 --2- 10.20.193.35:0/2493797546 >> [v2:10.20.193.35:3300/0,v1:10.20.193.35:6789/0] conn(0x7f25a0074430 0x7f25a010b3e0 secure :-1 s=READY pgs=49 cs=0 l=1 rev1=1 crypto rx=0x7f2590009920 tx=0x7f259002ef20 comp rx=0 tx=0).stop
2026-02-12T00:11:37.801 INFO:teuthology.orchestra.run.trial035.stdout:/usr/bin/ceph: stderr
2026-02-12T00:11:37.688+0000 7f25a7fc0640 1 -- 10.20.193.35:0/2493797546 shutdown_connections
2026-02-12T00:11:37.801 INFO:teuthology.orchestra.run.trial035.stdout:/usr/bin/ceph: stderr
2026-02-12T00:11:37.688+0000 7f25a7fc0640 1 --2- 10.20.193.35:0/2493797546 >> [v2:10.20.193.35:3300/0,v1:10.20.193.35:6789/0] conn(0x7f25a0074430 0x7f25a010b3e0 unknown :-1 s=CLOSED pgs=49 cs=0 l=1 rev1=1 crypto rx=0 tx=0 comp rx=0 tx=0).stop
2026-02-12T00:11:37.801 INFO:teuthology.orchestra.run.trial035.stdout:/usr/bin/ceph: stderr
2026-02-12T00:11:37.688+0000 7f25a7fc0640 1 -- 10.20.193.35:0/2493797546 >> 10.20.193.35:0/2493797546 conn(0x7f25a01009f0 msgr2=0x7f25a0102e30 unknown :-1 s=STATE_NONE l=0).mark_down
2026-02-12T00:11:37.801 INFO:teuthology.orchestra.run.trial035.stdout:/usr/bin/ceph: stderr
2026-02-12T00:11:37.689+0000 7f25a7fc0640 1 -- 10.20.193.35:0/2493797546 shutdown_connections
2026-02-12T00:11:37.801 INFO:teuthology.orchestra.run.trial035.stdout:/usr/bin/ceph: stderr
2026-02-12T00:11:37.689+0000 7f25a7fc0640 1 -- 10.20.193.35:0/2493797546 wait complete.
2026-02-12T00:11:37.801 INFO:teuthology.orchestra.run.trial035.stdout:/usr/bin/ceph: stderr
2026-02-12T00:11:37.689+0000 7f25a7fc0640 1 Processor -- start
2026-02-12T00:11:37.801 INFO:teuthology.orchestra.run.trial035.stdout:/usr/bin/ceph: stderr
2026-02-12T00:11:37.689+0000 7f25a7fc0640 1 -- start start
2026-02-12T00:11:37.801 INFO:teuthology.orchestra.run.trial035.stdout:/usr/bin/ceph: stderr
2026-02-12T00:11:37.689+0000 7f25a7fc0640 1 --2- >> [v2:10.20.193.35:3300/0,v1:10.20.193.35:6789/0] conn(0x7f25a0074430 0x7f25a019e2b0 unknown :-1 s=NONE pgs=0 cs=0 l=1 rev1=0 crypto rx=0 tx=0 comp rx=0 tx=0).connect
2026-02-12T00:11:37.801 INFO:teuthology.orchestra.run.trial035.stdout:/usr/bin/ceph: stderr
2026-02-12T00:11:37.689+0000 7f25a7fc0640 1 -- --> [v2:10.20.193.35:3300/0,v1:10.20.193.35:6789/0] -- mon_getmap magic: 0 v1 -- 0x7f25a019e7f0 con 0x7f25a0074430
2026-02-12T00:11:37.801 INFO:teuthology.orchestra.run.trial035.stdout:/usr/bin/ceph: stderr
2026-02-12T00:11:37.689+0000 7f25a5d35640 1 --2- >> [v2:10.20.193.35:3300/0,v1:10.20.193.35:6789/0] conn(0x7f25a0074430 0x7f25a019e2b0 unknown :-1 s=BANNER_CONNECTING pgs=0 cs=0 l=1 rev1=0 crypto rx=0 tx=0 comp rx=0 tx=0)._handle_peer_banner_payload supported=3 required=0
2026-02-12T00:11:37.801 INFO:teuthology.orchestra.run.trial035.stdout:/usr/bin/ceph: stderr
2026-02-12T00:11:37.689+0000 7f25a5d35640 1 --2- >> [v2:10.20.193.35:3300/0,v1:10.20.193.35:6789/0] conn(0x7f25a0074430 0x7f25a019e2b0 unknown :-1 s=HELLO_CONNECTING pgs=0 cs=0 l=1 rev1=1 crypto rx=0 tx=0 comp rx=0 tx=0).handle_hello peer v2:10.20.193.35:3300/0 says I am v2:10.20.193.35:35112/0 (socket says 10.20.193.35:35112)
2026-02-12T00:11:37.802 INFO:teuthology.orchestra.run.trial035.stdout:/usr/bin/ceph: stderr
2026-02-12T00:11:37.689+0000 7f25a5d35640 1 -- 10.20.193.35:0/2029964633 learned_addr learned my addr 10.20.193.35:0/2029964633 (peer_addr_for_me v2:10.20.193.35:0/0)
2026-02-12T00:11:37.802 INFO:teuthology.orchestra.run.trial035.stdout:/usr/bin/ceph: stderr
2026-02-12T00:11:37.689+0000 7f25a5d35640 1 -- 10.20.193.35:0/2029964633 --> [v2:10.20.193.35:3300/0,v1:10.20.193.35:6789/0] -- mon_subscribe({config=0+,monmap=0+}) v3 -- 0x7f25900095d0 con 0x7f25a0074430
2026-02-12T00:11:37.802 INFO:teuthology.orchestra.run.trial035.stdout:/usr/bin/ceph: stderr
2026-02-12T00:11:37.689+0000 7f25a5d35640 1 --2- 10.20.193.35:0/2029964633 >> [v2:10.20.193.35:3300/0,v1:10.20.193.35:6789/0] conn(0x7f25a0074430 0x7f25a019e2b0 secure :-1 s=READY pgs=50 cs=0 l=1 rev1=1 crypto rx=0x7f2590035780 tx=0x7f2590037440 comp rx=0 tx=0).ready entity=mon.0 client_cookie=0 server_cookie=0 in_seq=0 out_seq=0
2026-02-12T00:11:37.802 INFO:teuthology.orchestra.run.trial035.stdout:/usr/bin/ceph: stderr
2026-02-12T00:11:37.689+0000 7f258effd640 1 -- 10.20.193.35:0/2029964633 <== mon.0 v2:10.20.193.35:3300/0 1 ==== mon_map magic: 0 v1 ==== 205+0+0 (secure 0 0 0) 0x7f2590037970 con 0x7f25a0074430
2026-02-12T00:11:37.802 INFO:teuthology.orchestra.run.trial035.stdout:/usr/bin/ceph: stderr
2026-02-12T00:11:37.689+0000 7f258effd640 1 -- 10.20.193.35:0/2029964633 <== mon.0 v2:10.20.193.35:3300/0 2 ==== config(26 keys) v1 ==== 1074+0+0 (secure 0 0 0) 0x7f2590037ad0 con 0x7f25a0074430
2026-02-12T00:11:37.802 INFO:teuthology.orchestra.run.trial035.stdout:/usr/bin/ceph: stderr
2026-02-12T00:11:37.689+0000 7f25a7fc0640 1 -- 10.20.193.35:0/2029964633 --> [v2:10.20.193.35:3300/0,v1:10.20.193.35:6789/0] -- mon_subscribe({mgrmap=0+}) v3 -- 0x7f25a019e9f0 con 0x7f25a0074430
2026-02-12T00:11:37.802 INFO:teuthology.orchestra.run.trial035.stdout:/usr/bin/ceph: stderr
2026-02-12T00:11:37.689+0000 7f258effd640 1 -- 10.20.193.35:0/2029964633 <== mon.0 v2:10.20.193.35:3300/0 3 ==== mon_map magic: 0 v1 ==== 205+0+0 (secure 0 0 0) 0x7f259003e5b0 con 0x7f25a0074430
2026-02-12T00:11:37.802 INFO:teuthology.orchestra.run.trial035.stdout:/usr/bin/ceph: stderr
2026-02-12T00:11:37.689+0000 7f25a7fc0640 1 -- 10.20.193.35:0/2029964633 --> [v2:10.20.193.35:3300/0,v1:10.20.193.35:6789/0] -- mon_subscribe({osdmap=0}) v3 -- 0x7f25a019eef0 con 0x7f25a0074430
2026-02-12T00:11:37.802 INFO:teuthology.orchestra.run.trial035.stdout:/usr/bin/ceph: stderr
2026-02-12T00:11:37.690+0000 7f25a7fc0640 1 -- 10.20.193.35:0/2029964633 --> [v2:10.20.193.35:3300/0,v1:10.20.193.35:6789/0] -- mon_command({"prefix": "get_command_descriptions"} v 0) v1 -- 0x7f25a010c7d0 con 0x7f25a0074430
2026-02-12T00:11:37.802 INFO:teuthology.orchestra.run.trial035.stdout:/usr/bin/ceph: stderr
2026-02-12T00:11:37.690+0000 7f258effd640 1 -- 10.20.193.35:0/2029964633 <== mon.0 v2:10.20.193.35:3300/0 4 ==== mgrmap(e 8) v1 ==== 49360+0+0 (secure 0 0 0) 0x7f259003e070 con 0x7f25a0074430
2026-02-12T00:11:37.802 INFO:teuthology.orchestra.run.trial035.stdout:/usr/bin/ceph: stderr
2026-02-12T00:11:37.690+0000 7f258effd640 1 --2- 10.20.193.35:0/2029964633 >> [v2:10.20.193.35:6800/2515637109,v1:10.20.193.35:6801/2515637109] conn(0x7f257c03d190 0x7f257c03f650 unknown :-1 s=NONE pgs=0 cs=0 l=1 rev1=0 crypto rx=0 tx=0 comp rx=0 tx=0).connect
2026-02-12T00:11:37.803 INFO:teuthology.orchestra.run.trial035.stdout:/usr/bin/ceph: stderr
2026-02-12T00:11:37.690+0000 7f258effd640 1 -- 10.20.193.35:0/2029964633 <== mon.0 v2:10.20.193.35:3300/0 5 ==== osd_map(2..2 src has 1..2) v4 ==== 940+0+0 (secure 0 0 0) 0x7f2590075d20 con 0x7f25a0074430
2026-02-12T00:11:37.803 INFO:teuthology.orchestra.run.trial035.stdout:/usr/bin/ceph: stderr
2026-02-12T00:11:37.690+0000 7f25a5534640 1 --2- 10.20.193.35:0/2029964633 >> [v2:10.20.193.35:6800/2515637109,v1:10.20.193.35:6801/2515637109] conn(0x7f257c03d190 0x7f257c03f650 unknown :-1 s=BANNER_CONNECTING pgs=0 cs=0 l=1 rev1=0 crypto rx=0 tx=0 comp rx=0 tx=0)._handle_peer_banner_payload supported=3 required=0
2026-02-12T00:11:37.803 INFO:teuthology.orchestra.run.trial035.stdout:/usr/bin/ceph: stderr
2026-02-12T00:11:37.691+0000 7f25a5534640 1 --2- 10.20.193.35:0/2029964633 >> [v2:10.20.193.35:6800/2515637109,v1:10.20.193.35:6801/2515637109] conn(0x7f257c03d190 0x7f257c03f650 secure :-1 s=READY pgs=14 cs=0 l=1 rev1=1 crypto rx=0x7f25940099c0 tx=0x7f2594006eb0 comp rx=0 tx=0).ready entity=mgr.14118 client_cookie=0 server_cookie=0 in_seq=0 out_seq=0
2026-02-12T00:11:37.803 INFO:teuthology.orchestra.run.trial035.stdout:/usr/bin/ceph: stderr
2026-02-12T00:11:37.693+0000 7f258effd640 1 -- 10.20.193.35:0/2029964633 <== mon.0 v2:10.20.193.35:3300/0 6 ==== mon_command_ack([{"prefix": "get_command_descriptions"}]=0 v0) v1 ==== 72+0+186382 (secure 0 0 0) 0x7f2590036b90 con 0x7f25a0074430
2026-02-12T00:11:37.803 INFO:teuthology.orchestra.run.trial035.stdout:/usr/bin/ceph: stderr
2026-02-12T00:11:37.771+0000 7f25a7fc0640 1 -- 10.20.193.35:0/2029964633 --> [v2:10.20.193.35:3300/0,v1:10.20.193.35:6789/0] -- mon_command([{prefix=config set, name=mgr/cephadm/container_init}] v 0) v1 -- 0x7f25a010c9e0 con 0x7f25a0074430
2026-02-12T00:11:37.803 INFO:teuthology.orchestra.run.trial035.stdout:/usr/bin/ceph: stderr
2026-02-12T00:11:37.773+0000 7f258effd640 1 -- 10.20.193.35:0/2029964633 <== mon.0 v2:10.20.193.35:3300/0 7 ==== mon_command_ack([{prefix=config set, name=mgr/cephadm/container_init}]=0 v7)=0 v7) v1 ==== 142+0+0 (secure 0 0 0) 0x7f259003c030 con 0x7f25a0074430
2026-02-12T00:11:37.803 INFO:teuthology.orchestra.run.trial035.stdout:/usr/bin/ceph: stderr
2026-02-12T00:11:37.775+0000 7f25a7fc0640 1 -- 10.20.193.35:0/2029964633 >> [v2:10.20.193.35:6800/2515637109,v1:10.20.193.35:6801/2515637109] conn(0x7f257c03d190 msgr2=0x7f257c03f650 secure :-1 s=STATE_CONNECTION_ESTABLISHED l=1).mark_down
2026-02-12T00:11:37.803 INFO:teuthology.orchestra.run.trial035.stdout:/usr/bin/ceph: stderr
2026-02-12T00:11:37.775+0000 7f25a7fc0640 1 --2- 10.20.193.35:0/2029964633 >> [v2:10.20.193.35:6800/2515637109,v1:10.20.193.35:6801/2515637109] conn(0x7f257c03d190 0x7f257c03f650 secure :-1 s=READY pgs=14 cs=0 l=1 rev1=1 crypto rx=0x7f25940099c0 tx=0x7f2594006eb0 comp rx=0 tx=0).stop
2026-02-12T00:11:37.803 INFO:teuthology.orchestra.run.trial035.stdout:/usr/bin/ceph: stderr
2026-02-12T00:11:37.775+0000 7f25a7fc0640 1 -- 10.20.193.35:0/2029964633 >> [v2:10.20.193.35:3300/0,v1:10.20.193.35:6789/0] conn(0x7f25a0074430 msgr2=0x7f25a019e2b0 secure :-1 s=STATE_CONNECTION_ESTABLISHED l=1).mark_down
2026-02-12T00:11:37.803 INFO:teuthology.orchestra.run.trial035.stdout:/usr/bin/ceph: stderr
2026-02-12T00:11:37.775+0000 7f25a7fc0640 1 --2- 10.20.193.35:0/2029964633 >> [v2:10.20.193.35:3300/0,v1:10.20.193.35:6789/0] conn(0x7f25a0074430 0x7f25a019e2b0 secure :-1 s=READY pgs=50 cs=0 l=1 rev1=1 crypto rx=0x7f2590035780 tx=0x7f2590037440 comp rx=0 tx=0).stop
2026-02-12T00:11:37.804 INFO:teuthology.orchestra.run.trial035.stdout:/usr/bin/ceph: stderr
2026-02-12T00:11:37.775+0000 7f25a7fc0640 1 -- 10.20.193.35:0/2029964633 shutdown_connections
2026-02-12T00:11:37.804 INFO:teuthology.orchestra.run.trial035.stdout:/usr/bin/ceph: stderr
2026-02-12T00:11:37.775+0000 7f25a7fc0640 1 --2- 10.20.193.35:0/2029964633 >> [v2:10.20.193.35:6800/2515637109,v1:10.20.193.35:6801/2515637109] conn(0x7f257c03d190 0x7f257c03f650 unknown :-1 s=CLOSED pgs=14 cs=0 l=1 rev1=1 crypto rx=0 tx=0 comp rx=0 tx=0).stop
2026-02-12T00:11:37.804 INFO:teuthology.orchestra.run.trial035.stdout:/usr/bin/ceph: stderr
2026-02-12T00:11:37.775+0000 7f25a7fc0640 1 --2- 10.20.193.35:0/2029964633 >> [v2:10.20.193.35:3300/0,v1:10.20.193.35:6789/0] conn(0x7f25a0074430 0x7f25a019e2b0 unknown :-1 s=CLOSED pgs=50 cs=0 l=1 rev1=1 crypto rx=0 tx=0 comp rx=0 tx=0).stop
2026-02-12T00:11:37.804 INFO:teuthology.orchestra.run.trial035.stdout:/usr/bin/ceph: stderr
2026-02-12T00:11:37.775+0000 7f25a7fc0640 1 -- 10.20.193.35:0/2029964633 >> 10.20.193.35:0/2029964633 conn(0x7f25a01009f0 msgr2=0x7f25a0101580 unknown :-1 s=STATE_NONE l=0).mark_down
2026-02-12T00:11:37.804 INFO:teuthology.orchestra.run.trial035.stdout:/usr/bin/ceph: stderr
2026-02-12T00:11:37.775+0000 7f25a7fc0640 1 -- 10.20.193.35:0/2029964633 shutdown_connections
2026-02-12T00:11:37.804 INFO:teuthology.orchestra.run.trial035.stdout:/usr/bin/ceph: stderr
2026-02-12T00:11:37.775+0000 7f25a7fc0640 1 -- 10.20.193.35:0/2029964633 wait complete.
2026-02-12T00:11:38.013 INFO:teuthology.orchestra.run.trial035.stdout:/usr/bin/ceph: stderr
2026-02-12T00:11:37.898+0000 7fc48b543640 1 Processor -- start
2026-02-12T00:11:38.013 INFO:teuthology.orchestra.run.trial035.stdout:/usr/bin/ceph: stderr
2026-02-12T00:11:37.898+0000 7fc48b543640 1 -- start start
2026-02-12T00:11:38.013 INFO:teuthology.orchestra.run.trial035.stdout:/usr/bin/ceph: stderr
2026-02-12T00:11:37.898+0000 7fc48b543640 1 --2- >> [v2:10.20.193.35:3300/0,v1:10.20.193.35:6789/0] conn(0x7fc4841063c0 0x7fc4841067c0 unknown :-1 s=NONE pgs=0 cs=0 l=0 rev1=0 crypto rx=0 tx=0 comp rx=0 tx=0).connect
2026-02-12T00:11:38.014 INFO:teuthology.orchestra.run.trial035.stdout:/usr/bin/ceph: stderr
2026-02-12T00:11:37.898+0000 7fc48b543640 1 -- --> [v2:10.20.193.35:3300/0,v1:10.20.193.35:6789/0] -- mon_getmap magic: 0 v1 -- 0x7fc484106d90 con 0x7fc4841063c0
2026-02-12T00:11:38.014 INFO:teuthology.orchestra.run.trial035.stdout:/usr/bin/ceph: stderr
2026-02-12T00:11:37.898+0000 7fc4892b8640 1 --2- >> [v2:10.20.193.35:3300/0,v1:10.20.193.35:6789/0] conn(0x7fc4841063c0 0x7fc4841067c0 unknown :-1 s=BANNER_CONNECTING pgs=0 cs=0 l=0 rev1=0 crypto rx=0 tx=0 comp rx=0 tx=0)._handle_peer_banner_payload supported=3 required=0
2026-02-12T00:11:38.014 INFO:teuthology.orchestra.run.trial035.stdout:/usr/bin/ceph: stderr
2026-02-12T00:11:37.898+0000 7fc4892b8640 1 --2- >> [v2:10.20.193.35:3300/0,v1:10.20.193.35:6789/0] conn(0x7fc4841063c0 0x7fc4841067c0 unknown :-1 s=HELLO_CONNECTING pgs=0 cs=0 l=0 rev1=1 crypto rx=0 tx=0 comp rx=0 tx=0).handle_hello peer v2:10.20.193.35:3300/0 says I am v2:10.20.193.35:35118/0 (socket says 10.20.193.35:35118)
2026-02-12T00:11:38.014 INFO:teuthology.orchestra.run.trial035.stdout:/usr/bin/ceph: stderr
2026-02-12T00:11:37.898+0000 7fc4892b8640 1 -- 10.20.193.35:0/493295229 learned_addr learned my addr 10.20.193.35:0/493295229 (peer_addr_for_me v2:10.20.193.35:0/0)
2026-02-12T00:11:38.014 INFO:teuthology.orchestra.run.trial035.stdout:/usr/bin/ceph: stderr
2026-02-12T00:11:37.898+0000 7fc4892b8640 1 -- 10.20.193.35:0/493295229 --> [v2:10.20.193.35:3300/0,v1:10.20.193.35:6789/0] -- mon_subscribe({config=0+,monmap=0+}) v3 -- 0x7fc484107570 con 0x7fc4841063c0
2026-02-12T00:11:38.014 INFO:teuthology.orchestra.run.trial035.stdout:/usr/bin/ceph: stderr
2026-02-12T00:11:37.899+0000 7fc4892b8640 1 --2- 10.20.193.35:0/493295229 >> [v2:10.20.193.35:3300/0,v1:10.20.193.35:6789/0] conn(0x7fc4841063c0 0x7fc4841067c0 secure :-1 s=READY pgs=51 cs=0 l=1 rev1=1 crypto rx=0x7fc474009920 tx=0x7fc47402ef20 comp rx=0 tx=0).ready entity=mon.0 client_cookie=13c3d6bfed80a96d server_cookie=0 in_seq=0 out_seq=0
2026-02-12T00:11:38.014 INFO:teuthology.orchestra.run.trial035.stdout:/usr/bin/ceph: stderr
2026-02-12T00:11:37.899+0000 7fc473fff640 1 -- 10.20.193.35:0/493295229 <== mon.0 v2:10.20.193.35:3300/0 1 ==== mon_map magic: 0 v1 ==== 205+0+0 (secure 0 0 0) 0x7fc47402fae0 con 0x7fc4841063c0
2026-02-12T00:11:38.014 INFO:teuthology.orchestra.run.trial035.stdout:/usr/bin/ceph: stderr
2026-02-12T00:11:37.899+0000 7fc473fff640 1 -- 10.20.193.35:0/493295229 <== mon.0 v2:10.20.193.35:3300/0 2 ==== config(26 keys) v1 ==== 1074+0+0 (secure 0 0 0) 0x7fc47402fc40 con 0x7fc4841063c0
2026-02-12T00:11:38.014 INFO:teuthology.orchestra.run.trial035.stdout:/usr/bin/ceph: stderr
2026-02-12T00:11:37.899+0000 7fc473fff640 1 -- 10.20.193.35:0/493295229 <== mon.0 v2:10.20.193.35:3300/0 3 ==== mon_map magic: 0 v1 ==== 205+0+0 (secure 0 0 0) 0x7fc4740355e0 con 0x7fc4841063c0
2026-02-12T00:11:38.014 INFO:teuthology.orchestra.run.trial035.stdout:/usr/bin/ceph: stderr
2026-02-12T00:11:37.899+0000 7fc48b543640 1 -- 10.20.193.35:0/493295229 >> [v2:10.20.193.35:3300/0,v1:10.20.193.35:6789/0] conn(0x7fc4841063c0 msgr2=0x7fc4841067c0 secure :-1 s=STATE_CONNECTION_ESTABLISHED l=1).mark_down
2026-02-12T00:11:38.014 INFO:teuthology.orchestra.run.trial035.stdout:/usr/bin/ceph: stderr
2026-02-12T00:11:37.899+0000 7fc48b543640 1 --2- 10.20.193.35:0/493295229 >> [v2:10.20.193.35:3300/0,v1:10.20.193.35:6789/0] conn(0x7fc4841063c0 0x7fc4841067c0 secure :-1 s=READY pgs=51 cs=0 l=1 rev1=1 crypto rx=0x7fc474009920 tx=0x7fc47402ef20 comp rx=0 tx=0).stop
2026-02-12T00:11:38.014 INFO:teuthology.orchestra.run.trial035.stdout:/usr/bin/ceph: stderr
2026-02-12T00:11:37.899+0000 7fc48b543640 1 -- 10.20.193.35:0/493295229 shutdown_connections
2026-02-12T00:11:38.015 INFO:teuthology.orchestra.run.trial035.stdout:/usr/bin/ceph: stderr
2026-02-12T00:11:37.899+0000 7fc48b543640 1 --2- 10.20.193.35:0/493295229 >> [v2:10.20.193.35:3300/0,v1:10.20.193.35:6789/0] conn(0x7fc4841063c0 0x7fc4841067c0 unknown :-1 s=CLOSED pgs=51 cs=0 l=1 rev1=1 crypto rx=0 tx=0 comp rx=0 tx=0).stop
2026-02-12T00:11:38.015 INFO:teuthology.orchestra.run.trial035.stdout:/usr/bin/ceph: stderr
2026-02-12T00:11:37.899+0000 7fc48b543640 1 -- 10.20.193.35:0/493295229 >> 10.20.193.35:0/493295229 conn(0x7fc484101b50 msgr2=0x7fc484103f90 unknown :-1 s=STATE_NONE l=0).mark_down
2026-02-12T00:11:38.027 INFO:teuthology.orchestra.run.trial035.stdout:/usr/bin/ceph: stderr
2026-02-12T00:11:37.899+0000 7fc48b543640 1 -- 10.20.193.35:0/493295229 shutdown_connections
2026-02-12T00:11:38.027 INFO:teuthology.orchestra.run.trial035.stdout:/usr/bin/ceph: stderr
2026-02-12T00:11:37.899+0000 7fc48b543640 1 -- 10.20.193.35:0/493295229 wait complete.
2026-02-12T00:11:38.027 INFO:teuthology.orchestra.run.trial035.stdout:/usr/bin/ceph: stderr
2026-02-12T00:11:37.900+0000 7fc48b543640 1 Processor -- start
2026-02-12T00:11:38.027 INFO:teuthology.orchestra.run.trial035.stdout:/usr/bin/ceph: stderr
2026-02-12T00:11:37.900+0000 7fc48b543640 1 -- start start
2026-02-12T00:11:38.027 INFO:teuthology.orchestra.run.trial035.stdout:/usr/bin/ceph: stderr
2026-02-12T00:11:37.900+0000 7fc48b543640 1 --2- >> [v2:10.20.193.35:3300/0,v1:10.20.193.35:6789/0] conn(0x7fc4841063c0 0x7fc48419e3f0 unknown :-1 s=NONE pgs=0 cs=0 l=1 rev1=0 crypto rx=0 tx=0 comp rx=0 tx=0).connect
2026-02-12T00:11:38.027 INFO:teuthology.orchestra.run.trial035.stdout:/usr/bin/ceph: stderr
2026-02-12T00:11:37.900+0000 7fc48b543640 1 -- --> [v2:10.20.193.35:3300/0,v1:10.20.193.35:6789/0] -- mon_getmap magic: 0 v1 -- 0x7fc48419e930 con 0x7fc4841063c0
2026-02-12T00:11:38.028 INFO:teuthology.orchestra.run.trial035.stdout:/usr/bin/ceph: stderr
2026-02-12T00:11:37.900+0000 7fc4892b8640 1 --2- >> [v2:10.20.193.35:3300/0,v1:10.20.193.35:6789/0] conn(0x7fc4841063c0 0x7fc48419e3f0 unknown :-1 s=BANNER_CONNECTING pgs=0 cs=0 l=1 rev1=0 crypto rx=0 tx=0 comp rx=0 tx=0)._handle_peer_banner_payload supported=3 required=0
2026-02-12T00:11:38.028 INFO:teuthology.orchestra.run.trial035.stdout:/usr/bin/ceph: stderr
2026-02-12T00:11:37.900+0000 7fc4892b8640 1 --2- >> [v2:10.20.193.35:3300/0,v1:10.20.193.35:6789/0] conn(0x7fc4841063c0 0x7fc48419e3f0 unknown :-1 s=HELLO_CONNECTING pgs=0 cs=0 l=1 rev1=1 crypto rx=0 tx=0 comp rx=0 tx=0).handle_hello peer v2:10.20.193.35:3300/0 says I am v2:10.20.193.35:35134/0 (socket says 10.20.193.35:35134)
2026-02-12T00:11:38.028 INFO:teuthology.orchestra.run.trial035.stdout:/usr/bin/ceph: stderr
2026-02-12T00:11:37.900+0000 7fc4892b8640 1 -- 10.20.193.35:0/1910754677 learned_addr learned my addr 10.20.193.35:0/1910754677 (peer_addr_for_me v2:10.20.193.35:0/0)
2026-02-12T00:11:38.028 INFO:teuthology.orchestra.run.trial035.stdout:/usr/bin/ceph: stderr
2026-02-12T00:11:37.900+0000 7fc4892b8640 1 -- 10.20.193.35:0/1910754677 --> [v2:10.20.193.35:3300/0,v1:10.20.193.35:6789/0] -- mon_subscribe({config=0+,monmap=0+}) v3 -- 0x7fc4740095d0 con 0x7fc4841063c0
2026-02-12T00:11:38.028 INFO:teuthology.orchestra.run.trial035.stdout:/usr/bin/ceph: stderr
2026-02-12T00:11:37.900+0000 7fc4892b8640 1 --2- 10.20.193.35:0/1910754677 >> [v2:10.20.193.35:3300/0,v1:10.20.193.35:6789/0] conn(0x7fc4841063c0 0x7fc48419e3f0 secure :-1 s=READY pgs=52 cs=0 l=1 rev1=1 crypto rx=0x7fc474002410 tx=0x7fc474035780 comp rx=0 tx=0).ready entity=mon.0 client_cookie=0 server_cookie=0 in_seq=0 out_seq=0
2026-02-12T00:11:38.028 INFO:teuthology.orchestra.run.trial035.stdout:/usr/bin/ceph: stderr
2026-02-12T00:11:37.900+0000 7fc4727fc640 1 -- 10.20.193.35:0/1910754677 <== mon.0 v2:10.20.193.35:3300/0 1 ==== mon_map magic: 0 v1 ==== 205+0+0 (secure 0 0 0) 0x7fc474037880 con 0x7fc4841063c0
2026-02-12T00:11:38.028 INFO:teuthology.orchestra.run.trial035.stdout:/usr/bin/ceph: stderr
2026-02-12T00:11:37.900+0000 7fc48b543640 1 -- 10.20.193.35:0/1910754677 --> [v2:10.20.193.35:3300/0,v1:10.20.193.35:6789/0] -- mon_subscribe({mgrmap=0+}) v3 -- 0x7fc48419eb30 con 0x7fc4841063c0
2026-02-12T00:11:38.028 INFO:teuthology.orchestra.run.trial035.stdout:/usr/bin/ceph: stderr
2026-02-12T00:11:37.900+0000 7fc4727fc640 1 -- 10.20.193.35:0/1910754677 <== mon.0 v2:10.20.193.35:3300/0 2 ==== config(26 keys) v1 ==== 1074+0+0 (secure 0 0 0) 0x7fc4740379e0 con 0x7fc4841063c0
2026-02-12T00:11:38.028 INFO:teuthology.orchestra.run.trial035.stdout:/usr/bin/ceph: stderr
2026-02-12T00:11:37.900+0000 7fc4727fc640 1 -- 10.20.193.35:0/1910754677 <== mon.0 v2:10.20.193.35:3300/0 3 ==== mon_map magic: 0 v1 ==== 205+0+0 (secure 0 0 0) 0x7fc47403e4e0 con 0x7fc4841063c0
2026-02-12T00:11:38.028 INFO:teuthology.orchestra.run.trial035.stdout:/usr/bin/ceph: stderr
2026-02-12T00:11:37.900+0000 7fc48b543640 1 -- 10.20.193.35:0/1910754677 --> [v2:10.20.193.35:3300/0,v1:10.20.193.35:6789/0] -- mon_subscribe({osdmap=0}) v3 -- 0x7fc48419ef70 con 0x7fc4841063c0
2026-02-12T00:11:38.028 INFO:teuthology.orchestra.run.trial035.stdout:/usr/bin/ceph: stderr
2026-02-12T00:11:37.901+0000 7fc48b543640 1 -- 10.20.193.35:0/1910754677 --> [v2:10.20.193.35:3300/0,v1:10.20.193.35:6789/0] -- mon_command({"prefix": "get_command_descriptions"} v 0) v1 -- 0x7fc48410a7a0 con 0x7fc4841063c0
2026-02-12T00:11:38.028 INFO:teuthology.orchestra.run.trial035.stdout:/usr/bin/ceph: stderr
2026-02-12T00:11:37.901+0000 7fc4727fc640 1 -- 10.20.193.35:0/1910754677 <== mon.0 v2:10.20.193.35:3300/0 4 ==== mgrmap(e 8) v1 ==== 49360+0+0 (secure 0 0 0) 0x7fc47403e070 con 0x7fc4841063c0
2026-02-12T00:11:38.029 INFO:teuthology.orchestra.run.trial035.stdout:/usr/bin/ceph: stderr
2026-02-12T00:11:37.901+0000 7fc4727fc640 1 --2- 10.20.193.35:0/1910754677 >> [v2:10.20.193.35:6800/2515637109,v1:10.20.193.35:6801/2515637109] conn(0x7fc46003d140 0x7fc46003f600 unknown :-1 s=NONE pgs=0 cs=0 l=1 rev1=0 crypto rx=0 tx=0 comp rx=0 tx=0).connect
2026-02-12T00:11:38.029 INFO:teuthology.orchestra.run.trial035.stdout:/usr/bin/ceph: stderr
2026-02-12T00:11:37.901+0000 7fc4727fc640 1 -- 10.20.193.35:0/1910754677 <== mon.0 v2:10.20.193.35:3300/0 5 ==== osd_map(2..2 src has 1..2) v4 ==== 940+0+0 (secure 0 0 0) 0x7fc474075c70 con 0x7fc4841063c0
2026-02-12T00:11:38.029 INFO:teuthology.orchestra.run.trial035.stdout:/usr/bin/ceph: stderr
2026-02-12T00:11:37.901+0000 7fc488ab7640 1 --2- 10.20.193.35:0/1910754677 >> [v2:10.20.193.35:6800/2515637109,v1:10.20.193.35:6801/2515637109] conn(0x7fc46003d140 0x7fc46003f600 unknown :-1 s=BANNER_CONNECTING pgs=0 cs=0 l=1 rev1=0 crypto rx=0 tx=0 comp rx=0 tx=0)._handle_peer_banner_payload supported=3 required=0
2026-02-12T00:11:38.029 INFO:teuthology.orchestra.run.trial035.stdout:/usr/bin/ceph: stderr
2026-02-12T00:11:37.902+0000 7fc488ab7640 1 --2- 10.20.193.35:0/1910754677 >> [v2:10.20.193.35:6800/2515637109,v1:10.20.193.35:6801/2515637109] conn(0x7fc46003d140 0x7fc46003f600 secure :-1 s=READY pgs=15 cs=0 l=1 rev1=1 crypto rx=0x7fc4780099c0 tx=0x7fc478006eb0 comp rx=0 tx=0).ready entity=mgr.14118 client_cookie=0 server_cookie=0 in_seq=0 out_seq=0
2026-02-12T00:11:38.029 INFO:teuthology.orchestra.run.trial035.stdout:/usr/bin/ceph: stderr
2026-02-12T00:11:37.903+0000 7fc4727fc640 1 -- 10.20.193.35:0/1910754677 <== mon.0 v2:10.20.193.35:3300/0 6 ==== mon_command_ack([{"prefix": "get_command_descriptions"}]=0 v0) v1 ==== 72+0+186382 (secure 0 0 0) 0x7fc474046af0 con 0x7fc4841063c0
2026-02-12T00:11:38.029 INFO:teuthology.orchestra.run.trial035.stdout:/usr/bin/ceph: stderr
2026-02-12T00:11:37.984+0000 7fc48b543640 1 -- 10.20.193.35:0/1910754677 --> [v2:10.20.193.35:3300/0,v1:10.20.193.35:6789/0] -- mon_command([{prefix=config set, name=mgr/dashboard/ssl_server_port}] v 0) v1 -- 0x7fc4841a18b0 con 0x7fc4841063c0
2026-02-12T00:11:38.029 INFO:teuthology.orchestra.run.trial035.stdout:/usr/bin/ceph: stderr
2026-02-12T00:11:37.986+0000 7fc4727fc640 1 -- 10.20.193.35:0/1910754677 <== mon.0 v2:10.20.193.35:3300/0 7 ==== mon_command_ack([{prefix=config set, name=mgr/dashboard/ssl_server_port}]=0 v8)=0 v8) v1 ==== 130+0+0 (secure 0 0 0) 0x7fc47403c020 con 0x7fc4841063c0
2026-02-12T00:11:38.029 INFO:teuthology.orchestra.run.trial035.stdout:/usr/bin/ceph: stderr
2026-02-12T00:11:37.987+0000 7fc48b543640 1 -- 10.20.193.35:0/1910754677 >> [v2:10.20.193.35:6800/2515637109,v1:10.20.193.35:6801/2515637109] conn(0x7fc46003d140 msgr2=0x7fc46003f600 secure :-1 s=STATE_CONNECTION_ESTABLISHED l=1).mark_down
2026-02-12T00:11:38.029 INFO:teuthology.orchestra.run.trial035.stdout:/usr/bin/ceph: stderr
2026-02-12T00:11:37.987+0000 7fc48b543640 1 --2- 10.20.193.35:0/1910754677 >> [v2:10.20.193.35:6800/2515637109,v1:10.20.193.35:6801/2515637109] conn(0x7fc46003d140 0x7fc46003f600 secure :-1 s=READY pgs=15 cs=0 l=1 rev1=1 crypto rx=0x7fc4780099c0 tx=0x7fc478006eb0 comp rx=0 tx=0).stop
2026-02-12T00:11:38.029 INFO:teuthology.orchestra.run.trial035.stdout:/usr/bin/ceph: stderr
2026-02-12T00:11:37.987+0000 7fc48b543640 1 -- 10.20.193.35:0/1910754677 >> [v2:10.20.193.35:3300/0,v1:10.20.193.35:6789/0] conn(0x7fc4841063c0 msgr2=0x7fc48419e3f0 secure :-1 s=STATE_CONNECTION_ESTABLISHED l=1).mark_down
2026-02-12T00:11:38.029 INFO:teuthology.orchestra.run.trial035.stdout:/usr/bin/ceph: stderr
2026-02-12T00:11:37.987+0000 7fc48b543640 1 --2- 10.20.193.35:0/1910754677 >> [v2:10.20.193.35:3300/0,v1:10.20.193.35:6789/0] conn(0x7fc4841063c0 0x7fc48419e3f0 secure :-1 s=READY pgs=52 cs=0 l=1 rev1=1 crypto rx=0x7fc474002410 tx=0x7fc474035780 comp rx=0 tx=0).stop
2026-02-12T00:11:38.029 INFO:teuthology.orchestra.run.trial035.stdout:/usr/bin/ceph: stderr
2026-02-12T00:11:37.987+0000 7fc48b543640 1 -- 10.20.193.35:0/1910754677 shutdown_connections
2026-02-12T00:11:38.030 INFO:teuthology.orchestra.run.trial035.stdout:/usr/bin/ceph: stderr
2026-02-12T00:11:37.987+0000 7fc48b543640 1 --2- 10.20.193.35:0/1910754677 >> [v2:10.20.193.35:6800/2515637109,v1:10.20.193.35:6801/2515637109] conn(0x7fc46003d140 0x7fc46003f600 unknown :-1 s=CLOSED pgs=15 cs=0 l=1 rev1=1 crypto rx=0 tx=0 comp rx=0 tx=0).stop
2026-02-12T00:11:38.030 INFO:teuthology.orchestra.run.trial035.stdout:/usr/bin/ceph: stderr
2026-02-12T00:11:37.987+0000 7fc48b543640 1 --2- 10.20.193.35:0/1910754677 >> [v2:10.20.193.35:3300/0,v1:10.20.193.35:6789/0] conn(0x7fc4841063c0 0x7fc48419e3f0 unknown :-1 s=CLOSED pgs=52 cs=0 l=1 rev1=1 crypto rx=0 tx=0 comp rx=0 tx=0).stop
2026-02-12T00:11:38.030 INFO:teuthology.orchestra.run.trial035.stdout:/usr/bin/ceph: stderr
2026-02-12T00:11:37.987+0000 7fc48b543640 1 -- 10.20.193.35:0/1910754677 >> 10.20.193.35:0/1910754677 conn(0x7fc484101b50 msgr2=0x7fc484102710 unknown :-1 s=STATE_NONE l=0).mark_down
2026-02-12T00:11:38.030 INFO:teuthology.orchestra.run.trial035.stdout:/usr/bin/ceph: stderr
2026-02-12T00:11:37.987+0000 7fc48b543640 1 -- 10.20.193.35:0/1910754677 shutdown_connections
2026-02-12T00:11:38.030 INFO:teuthology.orchestra.run.trial035.stdout:/usr/bin/ceph: stderr
2026-02-12T00:11:37.987+0000 7fc48b543640 1 -- 10.20.193.35:0/1910754677 wait complete.
2026-02-12T00:11:38.030 INFO:teuthology.orchestra.run.trial035.stdout:Enabling the dashboard module...
2026-02-12T00:11:38.150 INFO:journalctl@ceph.mon.a.trial035.stdout:Feb 12 00:11:38 trial035 ceph-mon[24642]: Deploying cephadm binary to trial035
2026-02-12T00:11:38.151 INFO:journalctl@ceph.mon.a.trial035.stdout:Feb 12 00:11:38 trial035 ceph-mon[24642]: from='mgr.14118 10.20.193.35:0/1274832740' entity='mgr.x'
2026-02-12T00:11:38.151 INFO:journalctl@ceph.mon.a.trial035.stdout:Feb 12 00:11:38 trial035 ceph-mon[24642]: Added host trial035
2026-02-12T00:11:38.151 INFO:journalctl@ceph.mon.a.trial035.stdout:Feb 12 00:11:38 trial035 ceph-mon[24642]: from='mgr.14118 10.20.193.35:0/1274832740' entity='mgr.x' cmd=[{"prefix": "config dump", "format": "json"}]: dispatch
2026-02-12T00:11:38.151 INFO:journalctl@ceph.mon.a.trial035.stdout:Feb 12 00:11:38 trial035 ceph-mon[24642]: from='mgr.14118 10.20.193.35:0/1274832740' entity='mgr.x'
2026-02-12T00:11:38.151 INFO:journalctl@ceph.mon.a.trial035.stdout:Feb 12 00:11:38 trial035 ceph-mon[24642]: from='mgr.14118 10.20.193.35:0/1274832740' entity='mgr.x'
2026-02-12T00:11:38.151 INFO:journalctl@ceph.mon.a.trial035.stdout:Feb 12 00:11:38 trial035 ceph-mon[24642]: from='mgr.14118 10.20.193.35:0/1274832740' entity='mgr.x'
2026-02-12T00:11:38.151 INFO:journalctl@ceph.mon.a.trial035.stdout:Feb 12 00:11:38 trial035 ceph-mon[24642]: from='mgr.14118 10.20.193.35:0/1274832740' entity='mgr.x'
2026-02-12T00:11:38.151 INFO:journalctl@ceph.mon.a.trial035.stdout:Feb 12 00:11:38 trial035 ceph-mon[24642]: from='client.? 10.20.193.35:0/2029964633' entity='client.admin'
2026-02-12T00:11:38.151 INFO:journalctl@ceph.mon.a.trial035.stdout:Feb 12 00:11:38 trial035 ceph-mon[24642]: from='mgr.14118 10.20.193.35:0/1274832740' entity='mgr.x'
2026-02-12T00:11:38.151 INFO:journalctl@ceph.mon.a.trial035.stdout:Feb 12 00:11:38 trial035 ceph-mon[24642]: from='client.? 10.20.193.35:0/1910754677' entity='client.admin'
2026-02-12T00:11:39.121 INFO:teuthology.orchestra.run.trial035.stdout:/usr/bin/ceph: stderr
2026-02-12T00:11:38.109+0000 7fd494bc3640 1 Processor -- start
2026-02-12T00:11:39.121 INFO:teuthology.orchestra.run.trial035.stdout:/usr/bin/ceph: stderr
2026-02-12T00:11:38.109+0000 7fd494bc3640 1 -- start start
2026-02-12T00:11:39.121 INFO:teuthology.orchestra.run.trial035.stdout:/usr/bin/ceph: stderr
2026-02-12T00:11:38.110+0000 7fd494bc3640 1 --2- >> [v2:10.20.193.35:3300/0,v1:10.20.193.35:6789/0] conn(0x7fd490108660 0x7fd490108a60 unknown :-1 s=NONE pgs=0 cs=0 l=0 rev1=0 crypto rx=0 tx=0 comp rx=0 tx=0).connect
2026-02-12T00:11:39.121 INFO:teuthology.orchestra.run.trial035.stdout:/usr/bin/ceph: stderr
2026-02-12T00:11:38.110+0000 7fd494bc3640 1 -- --> [v2:10.20.193.35:3300/0,v1:10.20.193.35:6789/0] -- mon_getmap magic: 0 v1 -- 0x7fd490109030 con 0x7fd490108660
2026-02-12T00:11:39.121 INFO:teuthology.orchestra.run.trial035.stdout:/usr/bin/ceph: stderr
2026-02-12T00:11:38.110+0000 7fd48e575640 1 --2- >> [v2:10.20.193.35:3300/0,v1:10.20.193.35:6789/0] conn(0x7fd490108660 0x7fd490108a60 unknown :-1 s=BANNER_CONNECTING pgs=0 cs=0 l=0 rev1=0 crypto rx=0 tx=0 comp rx=0 tx=0)._handle_peer_banner_payload supported=3 required=0
2026-02-12T00:11:39.121 INFO:teuthology.orchestra.run.trial035.stdout:/usr/bin/ceph: stderr
2026-02-12T00:11:38.110+0000 7fd48e575640 1 --2- >> [v2:10.20.193.35:3300/0,v1:10.20.193.35:6789/0] conn(0x7fd490108660 0x7fd490108a60 unknown :-1 s=HELLO_CONNECTING pgs=0 cs=0 l=0 rev1=1 crypto rx=0 tx=0 comp rx=0 tx=0).handle_hello peer v2:10.20.193.35:3300/0 says I am v2:10.20.193.35:37934/0 (socket says 10.20.193.35:37934)
2026-02-12T00:11:39.121 INFO:teuthology.orchestra.run.trial035.stdout:/usr/bin/ceph: stderr
2026-02-12T00:11:38.110+0000 7fd48e575640 1 -- 10.20.193.35:0/4141797635 learned_addr learned my addr 10.20.193.35:0/4141797635 (peer_addr_for_me v2:10.20.193.35:0/0)
2026-02-12T00:11:39.122 INFO:teuthology.orchestra.run.trial035.stdout:/usr/bin/ceph: stderr
2026-02-12T00:11:38.110+0000 7fd48e575640 1 -- 10.20.193.35:0/4141797635 --> [v2:10.20.193.35:3300/0,v1:10.20.193.35:6789/0] -- mon_subscribe({config=0+,monmap=0+}) v3 -- 0x7fd490109810 con 0x7fd490108660
2026-02-12T00:11:39.122 INFO:teuthology.orchestra.run.trial035.stdout:/usr/bin/ceph: stderr
2026-02-12T00:11:38.110+0000 7fd48e575640 1 --2- 10.20.193.35:0/4141797635 >> [v2:10.20.193.35:3300/0,v1:10.20.193.35:6789/0] conn(0x7fd490108660 0x7fd490108a60 secure :-1 s=READY pgs=53 cs=0 l=1 rev1=1 crypto rx=0x7fd484009920 tx=0x7fd48402ef20 comp rx=0 tx=0).ready entity=mon.0 client_cookie=5d31f065fe7515ad server_cookie=0 in_seq=0 out_seq=0
2026-02-12T00:11:39.122 INFO:teuthology.orchestra.run.trial035.stdout:/usr/bin/ceph: stderr
2026-02-12T00:11:38.110+0000 7fd48d573640 1 -- 10.20.193.35:0/4141797635 <== mon.0 v2:10.20.193.35:3300/0 1 ==== mon_map magic: 0 v1 ==== 205+0+0 (secure 0 0 0) 0x7fd48402fae0 con 0x7fd490108660
2026-02-12T00:11:39.122 INFO:teuthology.orchestra.run.trial035.stdout:/usr/bin/ceph: stderr
2026-02-12T00:11:38.111+0000 7fd48d573640 1 -- 10.20.193.35:0/4141797635 <== mon.0 v2:10.20.193.35:3300/0 2 ==== config(26 keys) v1 ==== 1074+0+0 (secure 0 0 0) 0x7fd48402fc40 con 0x7fd490108660
2026-02-12T00:11:39.122 INFO:teuthology.orchestra.run.trial035.stdout:/usr/bin/ceph: stderr
2026-02-12T00:11:38.111+0000 7fd48d573640 1 -- 10.20.193.35:0/4141797635 <== mon.0 v2:10.20.193.35:3300/0 3 ==== mon_map magic: 0 v1 ==== 205+0+0 (secure 0 0 0) 0x7fd4840355e0 con 0x7fd490108660
2026-02-12T00:11:39.122 INFO:teuthology.orchestra.run.trial035.stdout:/usr/bin/ceph: stderr
2026-02-12T00:11:38.111+0000 7fd494bc3640 1 -- 10.20.193.35:0/4141797635 >> [v2:10.20.193.35:3300/0,v1:10.20.193.35:6789/0] conn(0x7fd490108660 msgr2=0x7fd490108a60 secure :-1 s=STATE_CONNECTION_ESTABLISHED l=1).mark_down
2026-02-12T00:11:39.122 INFO:teuthology.orchestra.run.trial035.stdout:/usr/bin/ceph: stderr
2026-02-12T00:11:38.111+0000 7fd494bc3640 1 --2- 10.20.193.35:0/4141797635 >> [v2:10.20.193.35:3300/0,v1:10.20.193.35:6789/0] conn(0x7fd490108660 0x7fd490108a60 secure :-1 s=READY pgs=53 cs=0 l=1 rev1=1 crypto rx=0x7fd484009920 tx=0x7fd48402ef20 comp rx=0 tx=0).stop
2026-02-12T00:11:39.122 INFO:teuthology.orchestra.run.trial035.stdout:/usr/bin/ceph: stderr
2026-02-12T00:11:38.111+0000 7fd494bc3640 1 -- 10.20.193.35:0/4141797635 shutdown_connections
2026-02-12T00:11:39.122 INFO:teuthology.orchestra.run.trial035.stdout:/usr/bin/ceph: stderr
2026-02-12T00:11:38.111+0000 7fd494bc3640 1 --2- 10.20.193.35:0/4141797635 >> [v2:10.20.193.35:3300/0,v1:10.20.193.35:6789/0] conn(0x7fd490108660 0x7fd490108a60 unknown :-1 s=CLOSED pgs=53 cs=0 l=1 rev1=1 crypto rx=0 tx=0 comp rx=0 tx=0).stop
2026-02-12T00:11:39.122 INFO:teuthology.orchestra.run.trial035.stdout:/usr/bin/ceph: stderr
2026-02-12T00:11:38.111+0000 7fd494bc3640 1 -- 10.20.193.35:0/4141797635 >> 10.20.193.35:0/4141797635 conn(0x7fd49007bbc0 msgr2=0x7fd490106560 unknown :-1 s=STATE_NONE l=0).mark_down
2026-02-12T00:11:39.122 INFO:teuthology.orchestra.run.trial035.stdout:/usr/bin/ceph: stderr
2026-02-12T00:11:38.111+0000 7fd494bc3640 1 -- 10.20.193.35:0/4141797635 shutdown_connections
2026-02-12T00:11:39.122 INFO:teuthology.orchestra.run.trial035.stdout:/usr/bin/ceph: stderr
2026-02-12T00:11:38.111+0000 7fd494bc3640 1 -- 10.20.193.35:0/4141797635 wait complete.
2026-02-12T00:11:39.123 INFO:teuthology.orchestra.run.trial035.stdout:/usr/bin/ceph: stderr
2026-02-12T00:11:38.111+0000 7fd494bc3640 1 Processor -- start
2026-02-12T00:11:39.123 INFO:teuthology.orchestra.run.trial035.stdout:/usr/bin/ceph: stderr
2026-02-12T00:11:38.111+0000 7fd494bc3640 1 -- start start
2026-02-12T00:11:39.123 INFO:teuthology.orchestra.run.trial035.stdout:/usr/bin/ceph: stderr
2026-02-12T00:11:38.111+0000 7fd494bc3640 1 --2- >> [v2:10.20.193.35:3300/0,v1:10.20.193.35:6789/0] conn(0x7fd490108660 0x7fd49019e320 unknown :-1 s=NONE pgs=0 cs=0 l=1 rev1=0 crypto rx=0 tx=0 comp rx=0 tx=0).connect
2026-02-12T00:11:39.123 INFO:teuthology.orchestra.run.trial035.stdout:/usr/bin/ceph: stderr
2026-02-12T00:11:38.111+0000 7fd494bc3640 1 -- --> [v2:10.20.193.35:3300/0,v1:10.20.193.35:6789/0] -- mon_getmap magic: 0 v1 -- 0x7fd49019e860 con 0x7fd490108660
2026-02-12T00:11:39.123 INFO:teuthology.orchestra.run.trial035.stdout:/usr/bin/ceph: stderr
2026-02-12T00:11:38.112+0000 7fd48e575640 1 --2- >> [v2:10.20.193.35:3300/0,v1:10.20.193.35:6789/0] conn(0x7fd490108660 0x7fd49019e320 unknown :-1 s=BANNER_CONNECTING pgs=0 cs=0 l=1 rev1=0 crypto rx=0 tx=0 comp rx=0 tx=0)._handle_peer_banner_payload supported=3 required=0
2026-02-12T00:11:39.123 INFO:teuthology.orchestra.run.trial035.stdout:/usr/bin/ceph: stderr
2026-02-12T00:11:38.112+0000 7fd48e575640 1 --2- >> [v2:10.20.193.35:3300/0,v1:10.20.193.35:6789/0] conn(0x7fd490108660 0x7fd49019e320 unknown :-1 s=HELLO_CONNECTING pgs=0 cs=0 l=1 rev1=1 crypto rx=0 tx=0 comp rx=0 tx=0).handle_hello peer v2:10.20.193.35:3300/0 says I am v2:10.20.193.35:37944/0 (socket says 10.20.193.35:37944)
2026-02-12T00:11:39.123 INFO:teuthology.orchestra.run.trial035.stdout:/usr/bin/ceph: stderr
2026-02-12T00:11:38.112+0000 7fd48e575640 1 -- 10.20.193.35:0/320282351 learned_addr learned my addr 10.20.193.35:0/320282351 (peer_addr_for_me v2:10.20.193.35:0/0)
2026-02-12T00:11:39.123 INFO:teuthology.orchestra.run.trial035.stdout:/usr/bin/ceph: stderr
2026-02-12T00:11:38.112+0000 7fd48e575640 1 -- 10.20.193.35:0/320282351 --> [v2:10.20.193.35:3300/0,v1:10.20.193.35:6789/0] -- mon_subscribe({config=0+,monmap=0+}) v3 -- 0x7fd4840095d0 con 0x7fd490108660
2026-02-12T00:11:39.123 INFO:teuthology.orchestra.run.trial035.stdout:/usr/bin/ceph: stderr
2026-02-12T00:11:38.112+0000 7fd48e575640 1 --2- 10.20.193.35:0/320282351 >> [v2:10.20.193.35:3300/0,v1:10.20.193.35:6789/0] conn(0x7fd490108660 0x7fd49019e320 secure :-1 s=READY pgs=54 cs=0 l=1 rev1=1 crypto rx=0x7fd48402fc00 tx=0x7fd484035780 comp rx=0 tx=0).ready entity=mon.0 client_cookie=0 server_cookie=0 in_seq=0 out_seq=0
2026-02-12T00:11:39.123 INFO:teuthology.orchestra.run.trial035.stdout:/usr/bin/ceph: stderr
2026-02-12T00:11:38.112+0000 7fd4777fe640 1 -- 10.20.193.35:0/320282351 <== mon.0 v2:10.20.193.35:3300/0 1 ==== mon_map magic: 0 v1 ==== 205+0+0 (secure 0 0 0) 0x7fd484037950 con 0x7fd490108660
2026-02-12T00:11:39.123 INFO:teuthology.orchestra.run.trial035.stdout:/usr/bin/ceph: stderr
2026-02-12T00:11:38.112+0000 7fd494bc3640 1 -- 10.20.193.35:0/320282351 --> [v2:10.20.193.35:3300/0,v1:10.20.193.35:6789/0] -- mon_subscribe({mgrmap=0+}) v3 -- 0x7fd49019ea60 con 0x7fd490108660
2026-02-12T00:11:39.123 INFO:teuthology.orchestra.run.trial035.stdout:/usr/bin/ceph: stderr
2026-02-12T00:11:38.112+0000 7fd4777fe640 1 -- 10.20.193.35:0/320282351 <== mon.0 v2:10.20.193.35:3300/0 2 ==== config(26 keys) v1 ==== 1074+0+0 (secure 0 0 0) 0x7fd484037ab0 con 0x7fd490108660
2026-02-12T00:11:39.124 INFO:teuthology.orchestra.run.trial035.stdout:/usr/bin/ceph: stderr
2026-02-12T00:11:38.112+0000 7fd4777fe640 1 -- 10.20.193.35:0/320282351 <== mon.0 v2:10.20.193.35:3300/0 3 ==== mon_map magic: 0 v1 ==== 205+0+0 (secure 0 0 0) 0x7fd48403e4e0 con 0x7fd490108660
2026-02-12T00:11:39.124 INFO:teuthology.orchestra.run.trial035.stdout:/usr/bin/ceph: stderr
2026-02-12T00:11:38.112+0000 7fd494bc3640 1 -- 10.20.193.35:0/320282351 --> [v2:10.20.193.35:3300/0,v1:10.20.193.35:6789/0] -- mon_subscribe({osdmap=0}) v3 -- 0x7fd49019ef00 con 0x7fd490108660
2026-02-12T00:11:39.124 INFO:teuthology.orchestra.run.trial035.stdout:/usr/bin/ceph: stderr
2026-02-12T00:11:38.112+0000 7fd494bc3640 1 -- 10.20.193.35:0/320282351 --> [v2:10.20.193.35:3300/0,v1:10.20.193.35:6789/0] -- mon_command({"prefix": "get_command_descriptions"} v 0) v1 -- 0x7fd49010ca40 con 0x7fd490108660
2026-02-12T00:11:39.124 INFO:teuthology.orchestra.run.trial035.stdout:/usr/bin/ceph: stderr
2026-02-12T00:11:38.112+0000 7fd4777fe640 1 -- 10.20.193.35:0/320282351 <== mon.0 v2:10.20.193.35:3300/0 4 ==== mgrmap(e 8) v1 ==== 49360+0+0 (secure 0 0 0) 0x7fd48403e070 con 0x7fd490108660
2026-02-12T00:11:39.124 INFO:teuthology.orchestra.run.trial035.stdout:/usr/bin/ceph: stderr
2026-02-12T00:11:38.113+0000 7fd4777fe640 1 --2- 10.20.193.35:0/320282351 >> [v2:10.20.193.35:6800/2515637109,v1:10.20.193.35:6801/2515637109] conn(0x7fd46803d140 0x7fd46803f600 unknown :-1 s=NONE pgs=0 cs=0 l=1 rev1=0 crypto rx=0 tx=0 comp rx=0 tx=0).connect
2026-02-12T00:11:39.124 INFO:teuthology.orchestra.run.trial035.stdout:/usr/bin/ceph: stderr
2026-02-12T00:11:38.113+0000 7fd4777fe640 1 -- 10.20.193.35:0/320282351 <== mon.0 v2:10.20.193.35:3300/0 5 ==== osd_map(2..2 src has 1..2) v4 ==== 940+0+0 (secure 0 0 0) 0x7fd484075d20 con 0x7fd490108660
2026-02-12T00:11:39.124 INFO:teuthology.orchestra.run.trial035.stdout:/usr/bin/ceph: stderr
2026-02-12T00:11:38.113+0000 7fd48dd74640 1 --2- 10.20.193.35:0/320282351 >> [v2:10.20.193.35:6800/2515637109,v1:10.20.193.35:6801/2515637109] conn(0x7fd46803d140 0x7fd46803f600 unknown :-1 s=BANNER_CONNECTING pgs=0 cs=0 l=1 rev1=0 crypto rx=0 tx=0 comp rx=0 tx=0)._handle_peer_banner_payload supported=3 required=0
2026-02-12T00:11:39.124 INFO:teuthology.orchestra.run.trial035.stdout:/usr/bin/ceph: stderr
2026-02-12T00:11:38.113+0000 7fd48dd74640 1 --2- 10.20.193.35:0/320282351 >> [v2:10.20.193.35:6800/2515637109,v1:10.20.193.35:6801/2515637109] conn(0x7fd46803d140 0x7fd46803f600 secure :-1 s=READY pgs=16 cs=0 l=1 rev1=1 crypto rx=0x7fd4780099c0 tx=0x7fd478006eb0 comp rx=0 tx=0).ready entity=mgr.14118 client_cookie=0 server_cookie=0 in_seq=0 out_seq=0
2026-02-12T00:11:39.124 INFO:teuthology.orchestra.run.trial035.stdout:/usr/bin/ceph: stderr
2026-02-12T00:11:38.115+0000 7fd4777fe640 1 -- 10.20.193.35:0/320282351 <== mon.0 v2:10.20.193.35:3300/0 6 ==== mon_command_ack([{"prefix": "get_command_descriptions"}]=0 v0) v1 ==== 72+0+186382 (secure 0 0 0) 0x7fd484036b50 con 0x7fd490108660
2026-02-12T00:11:39.124 INFO:teuthology.orchestra.run.trial035.stdout:/usr/bin/ceph: stderr
2026-02-12T00:11:38.219+0000 7fd494bc3640 1 -- 10.20.193.35:0/320282351 --> [v2:10.20.193.35:3300/0,v1:10.20.193.35:6789/0] -- mon_command({"prefix": "mgr module enable", "module": "dashboard"} v 0) v1 -- 0x7fd49010cc80 con 0x7fd490108660
2026-02-12T00:11:39.124 INFO:teuthology.orchestra.run.trial035.stdout:/usr/bin/ceph: stderr
2026-02-12T00:11:39.088+0000 7fd4777fe640 1 -- 10.20.193.35:0/320282351 <== mon.0 v2:10.20.193.35:3300/0 7 ==== mon_command_ack([{"prefix": "mgr module enable", "module": "dashboard"}]=0 v9) v1 ==== 88+0+0 (secure 0 0 0) 0x7fd48403c030 con 0x7fd490108660
2026-02-12T00:11:39.124 INFO:teuthology.orchestra.run.trial035.stdout:/usr/bin/ceph: stderr
2026-02-12T00:11:39.090+0000 7fd4777fe640 1 -- 10.20.193.35:0/320282351 <== mon.0 v2:10.20.193.35:3300/0 8 ==== mgrmap(e 9) v1 ==== 49373+0+0 (secure 0 0 0) 0x7fd484049d10 con 0x7fd490108660
2026-02-12T00:11:39.125 INFO:teuthology.orchestra.run.trial035.stdout:/usr/bin/ceph: stderr
2026-02-12T00:11:39.093+0000 7fd494bc3640 1 -- 10.20.193.35:0/320282351 >> [v2:10.20.193.35:6800/2515637109,v1:10.20.193.35:6801/2515637109] conn(0x7fd46803d140 msgr2=0x7fd46803f600 secure :-1 s=STATE_CONNECTION_ESTABLISHED l=1).mark_down
2026-02-12T00:11:39.125 INFO:teuthology.orchestra.run.trial035.stdout:/usr/bin/ceph: stderr
2026-02-12T00:11:39.093+0000 7fd494bc3640 1 --2- 10.20.193.35:0/320282351 >> [v2:10.20.193.35:6800/2515637109,v1:10.20.193.35:6801/2515637109] conn(0x7fd46803d140 0x7fd46803f600 secure :-1 s=READY pgs=16 cs=0 l=1 rev1=1 crypto rx=0x7fd4780099c0 tx=0x7fd478006eb0 comp rx=0 tx=0).stop
2026-02-12T00:11:39.125 INFO:teuthology.orchestra.run.trial035.stdout:/usr/bin/ceph: stderr
2026-02-12T00:11:39.093+0000 7fd494bc3640 1 -- 10.20.193.35:0/320282351 >> [v2:10.20.193.35:3300/0,v1:10.20.193.35:6789/0] conn(0x7fd490108660 msgr2=0x7fd49019e320 secure :-1 s=STATE_CONNECTION_ESTABLISHED l=1).mark_down
2026-02-12T00:11:39.125 INFO:teuthology.orchestra.run.trial035.stdout:/usr/bin/ceph: stderr
2026-02-12T00:11:39.093+0000 7fd494bc3640 1 --2- 10.20.193.35:0/320282351 >> [v2:10.20.193.35:3300/0,v1:10.20.193.35:6789/0] conn(0x7fd490108660 0x7fd49019e320 secure :-1 s=READY pgs=54 cs=0 l=1 rev1=1 crypto rx=0x7fd48402fc00 tx=0x7fd484035780 comp rx=0 tx=0).stop
2026-02-12T00:11:39.125 INFO:teuthology.orchestra.run.trial035.stdout:/usr/bin/ceph: stderr
2026-02-12T00:11:39.093+0000 7fd494bc3640 1 -- 10.20.193.35:0/320282351 shutdown_connections
2026-02-12T00:11:39.125 INFO:teuthology.orchestra.run.trial035.stdout:/usr/bin/ceph: stderr
2026-02-12T00:11:39.093+0000 7fd494bc3640 1 --2- 10.20.193.35:0/320282351 >> [v2:10.20.193.35:6800/2515637109,v1:10.20.193.35:6801/2515637109] conn(0x7fd46803d140 0x7fd46803f600 unknown :-1 s=CLOSED pgs=16 cs=0 l=1 rev1=1 crypto rx=0 tx=0 comp rx=0 tx=0).stop
2026-02-12T00:11:39.125 INFO:teuthology.orchestra.run.trial035.stdout:/usr/bin/ceph: stderr
2026-02-12T00:11:39.093+0000 7fd494bc3640 1 --2- 10.20.193.35:0/320282351 >> [v2:10.20.193.35:3300/0,v1:10.20.193.35:6789/0] conn(0x7fd490108660 0x7fd49019e320 unknown :-1 s=CLOSED pgs=54 cs=0 l=1 rev1=1 crypto rx=0 tx=0 comp rx=0 tx=0).stop
2026-02-12T00:11:39.125 INFO:teuthology.orchestra.run.trial035.stdout:/usr/bin/ceph: stderr
2026-02-12T00:11:39.093+0000 7fd494bc3640 1 -- 10.20.193.35:0/320282351 >> 10.20.193.35:0/320282351 conn(0x7fd49007bbc0 msgr2=0x7fd490105c60 unknown :-1 s=STATE_NONE l=0).mark_down
2026-02-12T00:11:39.125 INFO:teuthology.orchestra.run.trial035.stdout:/usr/bin/ceph: stderr
2026-02-12T00:11:39.093+0000 7fd494bc3640 1 -- 10.20.193.35:0/320282351 shutdown_connections
2026-02-12T00:11:39.125 INFO:teuthology.orchestra.run.trial035.stdout:/usr/bin/ceph: stderr
2026-02-12T00:11:39.093+0000 7fd494bc3640 1 -- 10.20.193.35:0/320282351 wait complete.
2026-02-12T00:11:39.342 INFO:journalctl@ceph.mgr.x.trial035.stdout:Feb 12 00:11:39 trial035 ceph-5684930c-07a7-11f1-85b5-d404e6e7d460-mgr-x[24892]: ignoring --setuser ceph since I am not root
2026-02-12T00:11:39.342 INFO:journalctl@ceph.mgr.x.trial035.stdout:Feb 12 00:11:39 trial035 ceph-5684930c-07a7-11f1-85b5-d404e6e7d460-mgr-x[24892]: ignoring --setgroup ceph since I am not root
2026-02-12T00:11:39.342 INFO:journalctl@ceph.mgr.x.trial035.stdout:Feb 12 00:11:39 trial035 ceph-5684930c-07a7-11f1-85b5-d404e6e7d460-mgr-x[24892]:
2026-02-12T00:11:39.141+0000 7fedf9969140 -1 client.0 error registering admin socket command: (17) File exists
2026-02-12T00:11:39.343 INFO:journalctl@ceph.mon.a.trial035.stdout:Feb 12 00:11:39 trial035 ceph-mon[24642]: from='client.14140 -' entity='client.admin' cmd=[{"prefix": "orch apply", "service_type": "mon", "unmanaged": true, "target": ["mon-mgr", ""]}]: dispatch
2026-02-12T00:11:39.343 INFO:journalctl@ceph.mon.a.trial035.stdout:Feb 12 00:11:39 trial035 ceph-mon[24642]: Saving service mon spec with placement count:5
2026-02-12T00:11:39.343 INFO:journalctl@ceph.mon.a.trial035.stdout:Feb 12 00:11:39 trial035 ceph-mon[24642]: from='client.14142 -' entity='client.admin' cmd=[{"prefix": "orch apply", "service_type": "mgr", "unmanaged": true, "target": ["mon-mgr", ""]}]: dispatch
