2026-02-12T00:11:43.733+0000 7f7bcee8e640 1 -- --> [v2:10.20.193.35:3300/0,v1:10.20.193.35:6789/0] -- mon_getmap magic: 0 v1 -- 0x7f7bc8109060 con 0x7f7bc8108690
2026-02-12T00:11:43.842 INFO:teuthology.orchestra.run.trial035.stdout:/usr/bin/ceph: stderr
2026-02-12T00:11:43.733+0000 7f7bccc03640 1 --2- >> [v2:10.20.193.35:3300/0,v1:10.20.193.35:6789/0] conn(0x7f7bc8108690 0x7f7bc8108a90 unknown :-1 s=BANNER_CONNECTING pgs=0 cs=0 l=0 rev1=0 crypto rx=0 tx=0 comp rx=0 tx=0)._handle_peer_banner_payload supported=3 required=0
2026-02-12T00:11:43.842 INFO:teuthology.orchestra.run.trial035.stdout:/usr/bin/ceph: stderr
2026-02-12T00:11:43.733+0000 7f7bccc03640 1 --2- >> [v2:10.20.193.35:3300/0,v1:10.20.193.35:6789/0] conn(0x7f7bc8108690 0x7f7bc8108a90 unknown :-1 s=HELLO_CONNECTING pgs=0 cs=0 l=0 rev1=1 crypto rx=0 tx=0 comp rx=0 tx=0).handle_hello peer v2:10.20.193.35:3300/0 says I am v2:10.20.193.35:38100/0 (socket says 10.20.193.35:38100)
2026-02-12T00:11:43.842 INFO:teuthology.orchestra.run.trial035.stdout:/usr/bin/ceph: stderr
2026-02-12T00:11:43.733+0000 7f7bccc03640 1 -- 10.20.193.35:0/3743032712 learned_addr learned my addr 10.20.193.35:0/3743032712 (peer_addr_for_me v2:10.20.193.35:0/0)
2026-02-12T00:11:43.842 INFO:teuthology.orchestra.run.trial035.stdout:/usr/bin/ceph: stderr
2026-02-12T00:11:43.734+0000 7f7bccc03640 1 -- 10.20.193.35:0/3743032712 --> [v2:10.20.193.35:3300/0,v1:10.20.193.35:6789/0] -- mon_subscribe({config=0+,monmap=0+}) v3 -- 0x7f7bc8109840 con 0x7f7bc8108690
2026-02-12T00:11:43.842 INFO:teuthology.orchestra.run.trial035.stdout:/usr/bin/ceph: stderr
2026-02-12T00:11:43.734+0000 7f7bccc03640 1 --2- 10.20.193.35:0/3743032712 >> [v2:10.20.193.35:3300/0,v1:10.20.193.35:6789/0] conn(0x7f7bc8108690 0x7f7bc8108a90 secure :-1 s=READY pgs=74 cs=0 l=1 rev1=1 crypto rx=0x7f7bb8009920 tx=0x7f7bb802ef20 comp rx=0 tx=0).ready entity=mon.0 client_cookie=292bc9254e96c139 server_cookie=0 in_seq=0 out_seq=0
2026-02-12T00:11:43.843 INFO:teuthology.orchestra.run.trial035.stdout:/usr/bin/ceph: stderr
2026-02-12T00:11:43.734+0000 7f7bbf7fe640 1 -- 10.20.193.35:0/3743032712 <== mon.0 v2:10.20.193.35:3300/0 1 ==== mon_map magic: 0 v1 ==== 205+0+0 (secure 0 0 0) 0x7f7bb802fae0 con 0x7f7bc8108690
2026-02-12T00:11:43.843 INFO:teuthology.orchestra.run.trial035.stdout:/usr/bin/ceph: stderr
2026-02-12T00:11:43.734+0000 7f7bbf7fe640 1 -- 10.20.193.35:0/3743032712 <== mon.0 v2:10.20.193.35:3300/0 2 ==== config(26 keys) v1 ==== 1074+0+0 (secure 0 0 0) 0x7f7bb802fc40 con 0x7f7bc8108690
2026-02-12T00:11:43.843 INFO:teuthology.orchestra.run.trial035.stdout:/usr/bin/ceph: stderr
2026-02-12T00:11:43.734+0000 7f7bbf7fe640 1 -- 10.20.193.35:0/3743032712 <== mon.0 v2:10.20.193.35:3300/0 3 ==== mon_map magic: 0 v1 ==== 205+0+0 (secure 0 0 0) 0x7f7bb80355e0 con 0x7f7bc8108690
2026-02-12T00:11:43.843 INFO:teuthology.orchestra.run.trial035.stdout:/usr/bin/ceph: stderr
2026-02-12T00:11:43.735+0000 7f7bcee8e640 1 -- 10.20.193.35:0/3743032712 >> [v2:10.20.193.35:3300/0,v1:10.20.193.35:6789/0] conn(0x7f7bc8108690 msgr2=0x7f7bc8108a90 secure :-1 s=STATE_CONNECTION_ESTABLISHED l=1).mark_down
2026-02-12T00:11:43.843 INFO:teuthology.orchestra.run.trial035.stdout:/usr/bin/ceph: stderr
2026-02-12T00:11:43.735+0000 7f7bcee8e640 1 --2- 10.20.193.35:0/3743032712 >> [v2:10.20.193.35:3300/0,v1:10.20.193.35:6789/0] conn(0x7f7bc8108690 0x7f7bc8108a90 secure :-1 s=READY pgs=74 cs=0 l=1 rev1=1 crypto rx=0x7f7bb8009920 tx=0x7f7bb802ef20 comp rx=0 tx=0).stop
2026-02-12T00:11:43.843 INFO:teuthology.orchestra.run.trial035.stdout:/usr/bin/ceph: stderr
2026-02-12T00:11:43.735+0000 7f7bcee8e640 1 -- 10.20.193.35:0/3743032712 shutdown_connections
2026-02-12T00:11:43.843 INFO:teuthology.orchestra.run.trial035.stdout:/usr/bin/ceph: stderr
2026-02-12T00:11:43.735+0000 7f7bcee8e640 1 --2- 10.20.193.35:0/3743032712 >> [v2:10.20.193.35:3300/0,v1:10.20.193.35:6789/0] conn(0x7f7bc8108690 0x7f7bc8108a90 unknown :-1 s=CLOSED pgs=74 cs=0 l=1 rev1=1 crypto rx=0 tx=0 comp rx=0 tx=0).stop
2026-02-12T00:11:43.843 INFO:teuthology.orchestra.run.trial035.stdout:/usr/bin/ceph: stderr
2026-02-12T00:11:43.735+0000 7f7bcee8e640 1 -- 10.20.193.35:0/3743032712 >> 10.20.193.35:0/3743032712 conn(0x7f7bc807bbc0 msgr2=0x7f7bc8106560 unknown :-1 s=STATE_NONE l=0).mark_down
2026-02-12T00:11:43.843 INFO:teuthology.orchestra.run.trial035.stdout:/usr/bin/ceph: stderr
2026-02-12T00:11:43.735+0000 7f7bcee8e640 1 -- 10.20.193.35:0/3743032712 shutdown_connections
2026-02-12T00:11:43.843 INFO:teuthology.orchestra.run.trial035.stdout:/usr/bin/ceph: stderr
2026-02-12T00:11:43.735+0000 7f7bcee8e640 1 -- 10.20.193.35:0/3743032712 wait complete.
2026-02-12T00:11:43.843 INFO:teuthology.orchestra.run.trial035.stdout:/usr/bin/ceph: stderr
2026-02-12T00:11:43.735+0000 7f7bcee8e640 1 Processor -- start
2026-02-12T00:11:43.843 INFO:teuthology.orchestra.run.trial035.stdout:/usr/bin/ceph: stderr
2026-02-12T00:11:43.735+0000 7f7bcee8e640 1 -- start start
2026-02-12T00:11:43.844 INFO:teuthology.orchestra.run.trial035.stdout:/usr/bin/ceph: stderr
2026-02-12T00:11:43.735+0000 7f7bcee8e640 1 --2- >> [v2:10.20.193.35:3300/0,v1:10.20.193.35:6789/0] conn(0x7f7bc8108690 0x7f7bc819e340 unknown :-1 s=NONE pgs=0 cs=0 l=1 rev1=0 crypto rx=0 tx=0 comp rx=0 tx=0).connect
2026-02-12T00:11:43.844 INFO:teuthology.orchestra.run.trial035.stdout:/usr/bin/ceph: stderr
2026-02-12T00:11:43.735+0000 7f7bcee8e640 1 -- --> [v2:10.20.193.35:3300/0,v1:10.20.193.35:6789/0] -- mon_getmap magic: 0 v1 -- 0x7f7bc819e880 con 0x7f7bc8108690
2026-02-12T00:11:43.844 INFO:teuthology.orchestra.run.trial035.stdout:/usr/bin/ceph: stderr
2026-02-12T00:11:43.735+0000 7f7bccc03640 1 --2- >> [v2:10.20.193.35:3300/0,v1:10.20.193.35:6789/0] conn(0x7f7bc8108690 0x7f7bc819e340 unknown :-1 s=BANNER_CONNECTING pgs=0 cs=0 l=1 rev1=0 crypto rx=0 tx=0 comp rx=0 tx=0)._handle_peer_banner_payload supported=3 required=0
2026-02-12T00:11:43.844 INFO:teuthology.orchestra.run.trial035.stdout:/usr/bin/ceph: stderr
2026-02-12T00:11:43.735+0000 7f7bccc03640 1 --2- >> [v2:10.20.193.35:3300/0,v1:10.20.193.35:6789/0] conn(0x7f7bc8108690 0x7f7bc819e340 unknown :-1 s=HELLO_CONNECTING pgs=0 cs=0 l=1 rev1=1 crypto rx=0 tx=0 comp rx=0 tx=0).handle_hello peer v2:10.20.193.35:3300/0 says I am v2:10.20.193.35:38106/0 (socket says 10.20.193.35:38106)
2026-02-12T00:11:43.844 INFO:teuthology.orchestra.run.trial035.stdout:/usr/bin/ceph: stderr
2026-02-12T00:11:43.735+0000 7f7bccc03640 1 -- 10.20.193.35:0/2679251835 learned_addr learned my addr 10.20.193.35:0/2679251835 (peer_addr_for_me v2:10.20.193.35:0/0)
2026-02-12T00:11:43.844 INFO:teuthology.orchestra.run.trial035.stdout:/usr/bin/ceph: stderr
2026-02-12T00:11:43.735+0000 7f7bccc03640 1 -- 10.20.193.35:0/2679251835 --> [v2:10.20.193.35:3300/0,v1:10.20.193.35:6789/0] -- mon_subscribe({config=0+,monmap=0+}) v3 -- 0x7f7bb80095d0 con 0x7f7bc8108690
2026-02-12T00:11:43.844 INFO:teuthology.orchestra.run.trial035.stdout:/usr/bin/ceph: stderr
2026-02-12T00:11:43.735+0000 7f7bccc03640 1 --2- 10.20.193.35:0/2679251835 >> [v2:10.20.193.35:3300/0,v1:10.20.193.35:6789/0] conn(0x7f7bc8108690 0x7f7bc819e340 secure :-1 s=READY pgs=75 cs=0 l=1 rev1=1 crypto rx=0x7f7bb802fc00 tx=0x7f7bb8035780 comp rx=0 tx=0).ready entity=mon.0 client_cookie=0 server_cookie=0 in_seq=0 out_seq=0
2026-02-12T00:11:43.844 INFO:teuthology.orchestra.run.trial035.stdout:/usr/bin/ceph: stderr
2026-02-12T00:11:43.736+0000 7f7bbdffb640 1 -- 10.20.193.35:0/2679251835 <== mon.0 v2:10.20.193.35:3300/0 1 ==== mon_map magic: 0 v1 ==== 205+0+0 (secure 0 0 0) 0x7f7bb8037950 con 0x7f7bc8108690
2026-02-12T00:11:43.844 INFO:teuthology.orchestra.run.trial035.stdout:/usr/bin/ceph: stderr
2026-02-12T00:11:43.736+0000 7f7bbdffb640 1 -- 10.20.193.35:0/2679251835 <== mon.0 v2:10.20.193.35:3300/0 2 ==== config(26 keys) v1 ==== 1074+0+0 (secure 0 0 0) 0x7f7bb8037ab0 con 0x7f7bc8108690
2026-02-12T00:11:43.844 INFO:teuthology.orchestra.run.trial035.stdout:/usr/bin/ceph: stderr
2026-02-12T00:11:43.736+0000 7f7bcee8e640 1 -- 10.20.193.35:0/2679251835 --> [v2:10.20.193.35:3300/0,v1:10.20.193.35:6789/0] -- mon_subscribe({mgrmap=0+}) v3 -- 0x7f7bc819ea80 con 0x7f7bc8108690
2026-02-12T00:11:43.844 INFO:teuthology.orchestra.run.trial035.stdout:/usr/bin/ceph: stderr
2026-02-12T00:11:43.736+0000 7f7bbdffb640 1 -- 10.20.193.35:0/2679251835 <== mon.0 v2:10.20.193.35:3300/0 3 ==== mon_map magic: 0 v1 ==== 205+0+0 (secure 0 0 0) 0x7f7bb803e4e0 con 0x7f7bc8108690
2026-02-12T00:11:43.844 INFO:teuthology.orchestra.run.trial035.stdout:/usr/bin/ceph: stderr
2026-02-12T00:11:43.736+0000 7f7bcee8e640 1 -- 10.20.193.35:0/2679251835 --> [v2:10.20.193.35:3300/0,v1:10.20.193.35:6789/0] -- mon_subscribe({osdmap=0}) v3 -- 0x7f7bc819ef20 con 0x7f7bc8108690
2026-02-12T00:11:43.845 INFO:teuthology.orchestra.run.trial035.stdout:/usr/bin/ceph: stderr
2026-02-12T00:11:43.736+0000 7f7bcee8e640 1 -- 10.20.193.35:0/2679251835 --> [v2:10.20.193.35:3300/0,v1:10.20.193.35:6789/0] -- mon_command({"prefix": "get_command_descriptions"} v 0) v1 -- 0x7f7bc810ca70 con 0x7f7bc8108690
2026-02-12T00:11:43.845 INFO:teuthology.orchestra.run.trial035.stdout:/usr/bin/ceph: stderr
2026-02-12T00:11:43.736+0000 7f7bbdffb640 1 -- 10.20.193.35:0/2679251835 <== mon.0 v2:10.20.193.35:3300/0 4 ==== mgrmap(e 11) v1 ==== 49267+0+0 (secure 0 0 0) 0x7f7bb803e070 con 0x7f7bc8108690
2026-02-12T00:11:43.845 INFO:teuthology.orchestra.run.trial035.stdout:/usr/bin/ceph: stderr
2026-02-12T00:11:43.736+0000 7f7bbdffb640 1 --2- 10.20.193.35:0/2679251835 >> [v2:10.20.193.35:6800/1794249261,v1:10.20.193.35:6801/1794249261] conn(0x7f7ba403d0c0 0x7f7ba403f580 unknown :-1 s=NONE pgs=0 cs=0 l=1 rev1=0 crypto rx=0 tx=0 comp rx=0 tx=0).connect
2026-02-12T00:11:43.845 INFO:teuthology.orchestra.run.trial035.stdout:/usr/bin/ceph: stderr
2026-02-12T00:11:43.736+0000 7f7bbdffb640 1 -- 10.20.193.35:0/2679251835 <== mon.0 v2:10.20.193.35:3300/0 5 ==== osd_map(3..3 src has 1..3) v4 ==== 1155+0+0 (secure 0 0 0) 0x7f7bb8075c50 con 0x7f7bc8108690
2026-02-12T00:11:43.845 INFO:teuthology.orchestra.run.trial035.stdout:/usr/bin/ceph: stderr
2026-02-12T00:11:43.736+0000 7f7bbffff640 1 --2- 10.20.193.35:0/2679251835 >> [v2:10.20.193.35:6800/1794249261,v1:10.20.193.35:6801/1794249261] conn(0x7f7ba403d0c0 0x7f7ba403f580 unknown :-1 s=BANNER_CONNECTING pgs=0 cs=0 l=1 rev1=0 crypto rx=0 tx=0 comp rx=0 tx=0)._handle_peer_banner_payload supported=3 required=0
2026-02-12T00:11:43.845 INFO:teuthology.orchestra.run.trial035.stdout:/usr/bin/ceph: stderr
2026-02-12T00:11:43.737+0000 7f7bbffff640 1 --2- 10.20.193.35:0/2679251835 >> [v2:10.20.193.35:6800/1794249261,v1:10.20.193.35:6801/1794249261] conn(0x7f7ba403d0c0 0x7f7ba403f580 secure :-1 s=READY pgs=10 cs=0 l=1 rev1=1 crypto rx=0x7f7bb00099c0 tx=0x7f7bb0006eb0 comp rx=0 tx=0).ready entity=mgr.14150 client_cookie=0 server_cookie=0 in_seq=0 out_seq=0
2026-02-12T00:11:43.845 INFO:teuthology.orchestra.run.trial035.stdout:/usr/bin/ceph: stderr
2026-02-12T00:11:43.739+0000 7f7bbdffb640 1 -- 10.20.193.35:0/2679251835 <== mon.0 v2:10.20.193.35:3300/0 6 ==== mon_command_ack([{"prefix": "get_command_descriptions"}]=0 v0) v1 ==== 72+0+186382 (secure 0 0 0) 0x7f7bb8046310 con 0x7f7bc8108690
2026-02-12T00:11:43.845 INFO:teuthology.orchestra.run.trial035.stdout:/usr/bin/ceph: stderr
2026-02-12T00:11:43.817+0000 7f7bcee8e640 1 -- 10.20.193.35:0/2679251835 --> [v2:10.20.193.35:3300/0,v1:10.20.193.35:6789/0] -- mon_command([{prefix=config set, name=osd_memory_target_autotune}] v 0) v1 -- 0x7f7bc810ccb0 con 0x7f7bc8108690
2026-02-12T00:11:43.845 INFO:teuthology.orchestra.run.trial035.stdout:/usr/bin/ceph: stderr
2026-02-12T00:11:43.817+0000 7f7bbdffb640 1 -- 10.20.193.35:0/2679251835 <== mon.0 v2:10.20.193.35:3300/0 7 ==== mon_command_ack([{prefix=config set, name=osd_memory_target_autotune}]=0 v8)=0 v8) v1 ==== 127+0+0 (secure 0 0 0) 0x7f7bb803c030 con 0x7f7bc8108690
2026-02-12T00:11:43.845 INFO:teuthology.orchestra.run.trial035.stdout:/usr/bin/ceph: stderr
2026-02-12T00:11:43.817+0000 7f7bcee8e640 1 -- 10.20.193.35:0/2679251835 >> [v2:10.20.193.35:6800/1794249261,v1:10.20.193.35:6801/1794249261] conn(0x7f7ba403d0c0 msgr2=0x7f7ba403f580 secure :-1 s=STATE_CONNECTION_ESTABLISHED l=1).mark_down
2026-02-12T00:11:43.845 INFO:teuthology.orchestra.run.trial035.stdout:/usr/bin/ceph: stderr
2026-02-12T00:11:43.817+0000 7f7bcee8e640 1 --2- 10.20.193.35:0/2679251835 >> [v2:10.20.193.35:6800/1794249261,v1:10.20.193.35:6801/1794249261] conn(0x7f7ba403d0c0 0x7f7ba403f580 secure :-1 s=READY pgs=10 cs=0 l=1 rev1=1 crypto rx=0x7f7bb00099c0 tx=0x7f7bb0006eb0 comp rx=0 tx=0).stop
2026-02-12T00:11:43.846 INFO:teuthology.orchestra.run.trial035.stdout:/usr/bin/ceph: stderr
2026-02-12T00:11:43.817+0000 7f7bcee8e640 1 -- 10.20.193.35:0/2679251835 >> [v2:10.20.193.35:3300/0,v1:10.20.193.35:6789/0] conn(0x7f7bc8108690 msgr2=0x7f7bc819e340 secure :-1 s=STATE_CONNECTION_ESTABLISHED l=1).mark_down
2026-02-12T00:11:43.846 INFO:teuthology.orchestra.run.trial035.stdout:/usr/bin/ceph: stderr
2026-02-12T00:11:43.817+0000 7f7bcee8e640 1 --2- 10.20.193.35:0/2679251835 >> [v2:10.20.193.35:3300/0,v1:10.20.193.35:6789/0] conn(0x7f7bc8108690 0x7f7bc819e340 secure :-1 s=READY pgs=75 cs=0 l=1 rev1=1 crypto rx=0x7f7bb802fc00 tx=0x7f7bb8035780 comp rx=0 tx=0).stop
2026-02-12T00:11:43.846 INFO:teuthology.orchestra.run.trial035.stdout:/usr/bin/ceph: stderr
2026-02-12T00:11:43.817+0000 7f7bcee8e640 1 -- 10.20.193.35:0/2679251835 shutdown_connections
2026-02-12T00:11:43.846 INFO:teuthology.orchestra.run.trial035.stdout:/usr/bin/ceph: stderr
2026-02-12T00:11:43.817+0000 7f7bcee8e640 1 --2- 10.20.193.35:0/2679251835 >> [v2:10.20.193.35:6800/1794249261,v1:10.20.193.35:6801/1794249261] conn(0x7f7ba403d0c0 0x7f7ba403f580 unknown :-1 s=CLOSED pgs=10 cs=0 l=1 rev1=1 crypto rx=0 tx=0 comp rx=0 tx=0).stop
2026-02-12T00:11:43.846 INFO:teuthology.orchestra.run.trial035.stdout:/usr/bin/ceph: stderr
2026-02-12T00:11:43.817+0000 7f7bcee8e640 1 --2- 10.20.193.35:0/2679251835 >> [v2:10.20.193.35:3300/0,v1:10.20.193.35:6789/0] conn(0x7f7bc8108690 0x7f7bc819e340 unknown :-1 s=CLOSED pgs=75 cs=0 l=1 rev1=1 crypto rx=0 tx=0 comp rx=0 tx=0).stop
2026-02-12T00:11:43.846 INFO:teuthology.orchestra.run.trial035.stdout:/usr/bin/ceph: stderr
2026-02-12T00:11:43.817+0000 7f7bcee8e640 1 -- 10.20.193.35:0/2679251835 >> 10.20.193.35:0/2679251835 conn(0x7f7bc807bbc0 msgr2=0x7f7bc8105cd0 unknown :-1 s=STATE_NONE l=0).mark_down
2026-02-12T00:11:43.846 INFO:teuthology.orchestra.run.trial035.stdout:/usr/bin/ceph: stderr
2026-02-12T00:11:43.817+0000 7f7bcee8e640 1 -- 10.20.193.35:0/2679251835 shutdown_connections
2026-02-12T00:11:43.846 INFO:teuthology.orchestra.run.trial035.stdout:/usr/bin/ceph: stderr
2026-02-12T00:11:43.817+0000 7f7bcee8e640 1 -- 10.20.193.35:0/2679251835 wait complete.
2026-02-12T00:11:44.078 INFO:teuthology.orchestra.run.trial035.stdout:/usr/bin/ceph: stderr
2026-02-12T00:11:43.928+0000 7f6edba09640 1 Processor -- start
2026-02-12T00:11:44.078 INFO:teuthology.orchestra.run.trial035.stdout:/usr/bin/ceph: stderr
2026-02-12T00:11:43.928+0000 7f6edba09640 1 -- start start
2026-02-12T00:11:44.078 INFO:teuthology.orchestra.run.trial035.stdout:/usr/bin/ceph: stderr
2026-02-12T00:11:43.928+0000 7f6edba09640 1 --2- >> [v2:10.20.193.35:3300/0,v1:10.20.193.35:6789/0] conn(0x7f6ed4108690 0x7f6ed4108a90 unknown :-1 s=NONE pgs=0 cs=0 l=0 rev1=0 crypto rx=0 tx=0 comp rx=0 tx=0).connect
2026-02-12T00:11:44.078 INFO:teuthology.orchestra.run.trial035.stdout:/usr/bin/ceph: stderr
2026-02-12T00:11:43.928+0000 7f6edba09640 1 -- --> [v2:10.20.193.35:3300/0,v1:10.20.193.35:6789/0] -- mon_getmap magic: 0 v1 -- 0x7f6ed4109060 con 0x7f6ed4108690
2026-02-12T00:11:44.079 INFO:teuthology.orchestra.run.trial035.stdout:/usr/bin/ceph: stderr
2026-02-12T00:11:43.928+0000 7f6ed977e640 1 --2- >> [v2:10.20.193.35:3300/0,v1:10.20.193.35:6789/0] conn(0x7f6ed4108690 0x7f6ed4108a90 unknown :-1 s=BANNER_CONNECTING pgs=0 cs=0 l=0 rev1=0 crypto rx=0 tx=0 comp rx=0 tx=0)._handle_peer_banner_payload supported=3 required=0
2026-02-12T00:11:44.079 INFO:teuthology.orchestra.run.trial035.stdout:/usr/bin/ceph: stderr
2026-02-12T00:11:43.928+0000 7f6ed977e640 1 --2- >> [v2:10.20.193.35:3300/0,v1:10.20.193.35:6789/0] conn(0x7f6ed4108690 0x7f6ed4108a90 unknown :-1 s=HELLO_CONNECTING pgs=0 cs=0 l=0 rev1=1 crypto rx=0 tx=0 comp rx=0 tx=0).handle_hello peer v2:10.20.193.35:3300/0 says I am v2:10.20.193.35:38114/0 (socket says 10.20.193.35:38114)
2026-02-12T00:11:44.079 INFO:teuthology.orchestra.run.trial035.stdout:/usr/bin/ceph: stderr
2026-02-12T00:11:43.928+0000 7f6ed977e640 1 -- 10.20.193.35:0/2300449448 learned_addr learned my addr 10.20.193.35:0/2300449448 (peer_addr_for_me v2:10.20.193.35:0/0)
2026-02-12T00:11:44.079 INFO:teuthology.orchestra.run.trial035.stdout:/usr/bin/ceph: stderr
2026-02-12T00:11:43.928+0000 7f6ed977e640 1 -- 10.20.193.35:0/2300449448 --> [v2:10.20.193.35:3300/0,v1:10.20.193.35:6789/0] -- mon_subscribe({config=0+,monmap=0+}) v3 -- 0x7f6ed4109840 con 0x7f6ed4108690
2026-02-12T00:11:44.079 INFO:teuthology.orchestra.run.trial035.stdout:/usr/bin/ceph: stderr
2026-02-12T00:11:43.929+0000 7f6ed977e640 1 --2- 10.20.193.35:0/2300449448 >> [v2:10.20.193.35:3300/0,v1:10.20.193.35:6789/0] conn(0x7f6ed4108690 0x7f6ed4108a90 secure :-1 s=READY pgs=76 cs=0 l=1 rev1=1 crypto rx=0x7f6ec4009920 tx=0x7f6ec402ef20 comp rx=0 tx=0).ready entity=mon.0 client_cookie=6bfb0fdcafb2223e server_cookie=0 in_seq=0 out_seq=0
2026-02-12T00:11:44.079 INFO:teuthology.orchestra.run.trial035.stdout:/usr/bin/ceph: stderr
2026-02-12T00:11:43.929+0000 7f6ec3fff640 1 -- 10.20.193.35:0/2300449448 <== mon.0 v2:10.20.193.35:3300/0 1 ==== mon_map magic: 0 v1 ==== 205+0+0 (secure 0 0 0) 0x7f6ec402fae0 con 0x7f6ed4108690
2026-02-12T00:11:44.079 INFO:teuthology.orchestra.run.trial035.stdout:/usr/bin/ceph: stderr
2026-02-12T00:11:43.929+0000 7f6ec3fff640 1 -- 10.20.193.35:0/2300449448 <== mon.0 v2:10.20.193.35:3300/0 2 ==== config(26 keys) v1 ==== 1074+0+0 (secure 0 0 0) 0x7f6ec402fc40 con 0x7f6ed4108690
2026-02-12T00:11:44.079 INFO:teuthology.orchestra.run.trial035.stdout:/usr/bin/ceph: stderr
2026-02-12T00:11:43.929+0000 7f6ec3fff640 1 -- 10.20.193.35:0/2300449448 <== mon.0 v2:10.20.193.35:3300/0 3 ==== mon_map magic: 0 v1 ==== 205+0+0 (secure 0 0 0) 0x7f6ec40355e0 con 0x7f6ed4108690
2026-02-12T00:11:44.079 INFO:teuthology.orchestra.run.trial035.stdout:/usr/bin/ceph: stderr
2026-02-12T00:11:43.929+0000 7f6edba09640 1 -- 10.20.193.35:0/2300449448 >> [v2:10.20.193.35:3300/0,v1:10.20.193.35:6789/0] conn(0x7f6ed4108690 msgr2=0x7f6ed4108a90 secure :-1 s=STATE_CONNECTION_ESTABLISHED l=1).mark_down
2026-02-12T00:11:44.079 INFO:teuthology.orchestra.run.trial035.stdout:/usr/bin/ceph: stderr
2026-02-12T00:11:43.929+0000 7f6edba09640 1 --2- 10.20.193.35:0/2300449448 >> [v2:10.20.193.35:3300/0,v1:10.20.193.35:6789/0] conn(0x7f6ed4108690 0x7f6ed4108a90 secure :-1 s=READY pgs=76 cs=0 l=1 rev1=1 crypto rx=0x7f6ec4009920 tx=0x7f6ec402ef20 comp rx=0 tx=0).stop
2026-02-12T00:11:44.079 INFO:teuthology.orchestra.run.trial035.stdout:/usr/bin/ceph: stderr
2026-02-12T00:11:43.929+0000 7f6edba09640 1 -- 10.20.193.35:0/2300449448 shutdown_connections
2026-02-12T00:11:44.080 INFO:teuthology.orchestra.run.trial035.stdout:/usr/bin/ceph: stderr
2026-02-12T00:11:43.929+0000 7f6edba09640 1 --2- 10.20.193.35:0/2300449448 >> [v2:10.20.193.35:3300/0,v1:10.20.193.35:6789/0] conn(0x7f6ed4108690 0x7f6ed4108a90 unknown :-1 s=CLOSED pgs=76 cs=0 l=1 rev1=1 crypto rx=0 tx=0 comp rx=0 tx=0).stop
2026-02-12T00:11:44.080 INFO:teuthology.orchestra.run.trial035.stdout:/usr/bin/ceph: stderr
2026-02-12T00:11:43.929+0000 7f6edba09640 1 -- 10.20.193.35:0/2300449448 >> 10.20.193.35:0/2300449448 conn(0x7f6ed407bbc0 msgr2=0x7f6ed4106560 unknown :-1 s=STATE_NONE l=0).mark_down
2026-02-12T00:11:44.080 INFO:teuthology.orchestra.run.trial035.stdout:/usr/bin/ceph: stderr
2026-02-12T00:11:43.929+0000 7f6edba09640 1 -- 10.20.193.35:0/2300449448 shutdown_connections
2026-02-12T00:11:44.080 INFO:teuthology.orchestra.run.trial035.stdout:/usr/bin/ceph: stderr
2026-02-12T00:11:43.929+0000 7f6edba09640 1 -- 10.20.193.35:0/2300449448 wait complete.
2026-02-12T00:11:44.080 INFO:teuthology.orchestra.run.trial035.stdout:/usr/bin/ceph: stderr
2026-02-12T00:11:43.930+0000 7f6edba09640 1 Processor -- start
2026-02-12T00:11:44.080 INFO:teuthology.orchestra.run.trial035.stdout:/usr/bin/ceph: stderr
2026-02-12T00:11:43.930+0000 7f6edba09640 1 -- start start
2026-02-12T00:11:44.080 INFO:teuthology.orchestra.run.trial035.stdout:/usr/bin/ceph: stderr
2026-02-12T00:11:43.930+0000 7f6edba09640 1 --2- >> [v2:10.20.193.35:3300/0,v1:10.20.193.35:6789/0] conn(0x7f6ed4108690 0x7f6ed419e340 unknown :-1 s=NONE pgs=0 cs=0 l=1 rev1=0 crypto rx=0 tx=0 comp rx=0 tx=0).connect
2026-02-12T00:11:44.080 INFO:teuthology.orchestra.run.trial035.stdout:/usr/bin/ceph: stderr
2026-02-12T00:11:43.930+0000 7f6edba09640 1 -- --> [v2:10.20.193.35:3300/0,v1:10.20.193.35:6789/0] -- mon_getmap magic: 0 v1 -- 0x7f6ed419e880 con 0x7f6ed4108690
2026-02-12T00:11:44.080 INFO:teuthology.orchestra.run.trial035.stdout:/usr/bin/ceph: stderr
2026-02-12T00:11:43.930+0000 7f6ed977e640 1 --2- >> [v2:10.20.193.35:3300/0,v1:10.20.193.35:6789/0] conn(0x7f6ed4108690 0x7f6ed419e340 unknown :-1 s=BANNER_CONNECTING pgs=0 cs=0 l=1 rev1=0 crypto rx=0 tx=0 comp rx=0 tx=0)._handle_peer_banner_payload supported=3 required=0
2026-02-12T00:11:44.080 INFO:teuthology.orchestra.run.trial035.stdout:/usr/bin/ceph: stderr
2026-02-12T00:11:43.930+0000 7f6ed977e640 1 --2- >> [v2:10.20.193.35:3300/0,v1:10.20.193.35:6789/0] conn(0x7f6ed4108690 0x7f6ed419e340 unknown :-1 s=HELLO_CONNECTING pgs=0 cs=0 l=1 rev1=1 crypto rx=0 tx=0 comp rx=0 tx=0).handle_hello peer v2:10.20.193.35:3300/0 says I am v2:10.20.193.35:38122/0 (socket says 10.20.193.35:38122)
2026-02-12T00:11:44.080 INFO:teuthology.orchestra.run.trial035.stdout:/usr/bin/ceph: stderr
2026-02-12T00:11:43.930+0000 7f6ed977e640 1 -- 10.20.193.35:0/1751905149 learned_addr learned my addr 10.20.193.35:0/1751905149 (peer_addr_for_me v2:10.20.193.35:0/0)
2026-02-12T00:11:44.080 INFO:teuthology.orchestra.run.trial035.stdout:/usr/bin/ceph: stderr
2026-02-12T00:11:43.930+0000 7f6ed977e640 1 -- 10.20.193.35:0/1751905149 --> [v2:10.20.193.35:3300/0,v1:10.20.193.35:6789/0] -- mon_subscribe({config=0+,monmap=0+}) v3 -- 0x7f6ec40095d0 con 0x7f6ed4108690
2026-02-12T00:11:44.081 INFO:teuthology.orchestra.run.trial035.stdout:/usr/bin/ceph: stderr
2026-02-12T00:11:43.930+0000 7f6ed977e640 1 --2- 10.20.193.35:0/1751905149 >> [v2:10.20.193.35:3300/0,v1:10.20.193.35:6789/0] conn(0x7f6ed4108690 0x7f6ed419e340 secure :-1 s=READY pgs=77 cs=0 l=1 rev1=1 crypto rx=0x7f6ec402fc00 tx=0x7f6ec4035780 comp rx=0 tx=0).ready entity=mon.0 client_cookie=0 server_cookie=0 in_seq=0 out_seq=0
2026-02-12T00:11:44.081 INFO:teuthology.orchestra.run.trial035.stdout:/usr/bin/ceph: stderr
2026-02-12T00:11:43.930+0000 7f6ec27fc640 1 -- 10.20.193.35:0/1751905149 <== mon.0 v2:10.20.193.35:3300/0 1 ==== mon_map magic: 0 v1 ==== 205+0+0 (secure 0 0 0) 0x7f6ec4037950 con 0x7f6ed4108690
2026-02-12T00:11:44.081 INFO:teuthology.orchestra.run.trial035.stdout:/usr/bin/ceph: stderr
2026-02-12T00:11:43.930+0000 7f6edba09640 1 -- 10.20.193.35:0/1751905149 --> [v2:10.20.193.35:3300/0,v1:10.20.193.35:6789/0] -- mon_subscribe({mgrmap=0+}) v3 -- 0x7f6ed419ea80 con 0x7f6ed4108690
2026-02-12T00:11:44.081 INFO:teuthology.orchestra.run.trial035.stdout:/usr/bin/ceph: stderr
2026-02-12T00:11:43.930+0000 7f6ec27fc640 1 -- 10.20.193.35:0/1751905149 <== mon.0 v2:10.20.193.35:3300/0 2 ==== config(26 keys) v1 ==== 1074+0+0 (secure 0 0 0) 0x7f6ec4037ab0 con 0x7f6ed4108690
2026-02-12T00:11:44.081 INFO:teuthology.orchestra.run.trial035.stdout:/usr/bin/ceph: stderr
2026-02-12T00:11:43.930+0000 7f6ec27fc640 1 -- 10.20.193.35:0/1751905149 <== mon.0 v2:10.20.193.35:3300/0 3 ==== mon_map magic: 0 v1 ==== 205+0+0 (secure 0 0 0) 0x7f6ec403e4e0 con 0x7f6ed4108690
2026-02-12T00:11:44.081 INFO:teuthology.orchestra.run.trial035.stdout:/usr/bin/ceph: stderr
2026-02-12T00:11:43.930+0000 7f6edba09640 1 -- 10.20.193.35:0/1751905149 --> [v2:10.20.193.35:3300/0,v1:10.20.193.35:6789/0] -- mon_subscribe({osdmap=0}) v3 -- 0x7f6ed419ef20 con 0x7f6ed4108690
2026-02-12T00:11:44.081 INFO:teuthology.orchestra.run.trial035.stdout:/usr/bin/ceph: stderr
2026-02-12T00:11:43.931+0000 7f6edba09640 1 -- 10.20.193.35:0/1751905149 --> [v2:10.20.193.35:3300/0,v1:10.20.193.35:6789/0] -- mon_command({"prefix": "get_command_descriptions"} v 0) v1 -- 0x7f6ed410ca70 con 0x7f6ed4108690
2026-02-12T00:11:44.081 INFO:teuthology.orchestra.run.trial035.stdout:/usr/bin/ceph: stderr
2026-02-12T00:11:43.931+0000 7f6ec27fc640 1 -- 10.20.193.35:0/1751905149 <== mon.0 v2:10.20.193.35:3300/0 4 ==== mgrmap(e 11) v1 ==== 49267+0+0 (secure 0 0 0) 0x7f6ec403e070 con 0x7f6ed4108690
2026-02-12T00:11:44.081 INFO:teuthology.orchestra.run.trial035.stdout:/usr/bin/ceph: stderr
2026-02-12T00:11:43.931+0000 7f6ec27fc640 1 --2- 10.20.193.35:0/1751905149 >> [v2:10.20.193.35:6800/1794249261,v1:10.20.193.35:6801/1794249261] conn(0x7f6eb003d070 0x7f6eb003f530 unknown :-1 s=NONE pgs=0 cs=0 l=1 rev1=0 crypto rx=0 tx=0 comp rx=0 tx=0).connect
2026-02-12T00:11:44.081 INFO:teuthology.orchestra.run.trial035.stdout:/usr/bin/ceph: stderr
2026-02-12T00:11:43.931+0000 7f6ec27fc640 1 -- 10.20.193.35:0/1751905149 <== mon.0 v2:10.20.193.35:3300/0 5 ==== osd_map(3..3 src has 1..3) v4 ==== 1155+0+0 (secure 0 0 0) 0x7f6ec4075e00 con 0x7f6ed4108690
2026-02-12T00:11:44.081 INFO:teuthology.orchestra.run.trial035.stdout:/usr/bin/ceph: stderr
2026-02-12T00:11:43.931+0000 7f6ed8f7d640 1 --2- 10.20.193.35:0/1751905149 >> [v2:10.20.193.35:6800/1794249261,v1:10.20.193.35:6801/1794249261] conn(0x7f6eb003d070 0x7f6eb003f530 unknown :-1 s=BANNER_CONNECTING pgs=0 cs=0 l=1 rev1=0 crypto rx=0 tx=0 comp rx=0 tx=0)._handle_peer_banner_payload supported=3 required=0
2026-02-12T00:11:44.081 INFO:teuthology.orchestra.run.trial035.stdout:/usr/bin/ceph: stderr
2026-02-12T00:11:43.932+0000 7f6ed8f7d640 1 --2- 10.20.193.35:0/1751905149 >> [v2:10.20.193.35:6800/1794249261,v1:10.20.193.35:6801/1794249261] conn(0x7f6eb003d070 0x7f6eb003f530 secure :-1 s=READY pgs=11 cs=0 l=1 rev1=1 crypto rx=0x7f6ec80099c0 tx=0x7f6ec8006eb0 comp rx=0 tx=0).ready entity=mgr.14150 client_cookie=0 server_cookie=0 in_seq=0 out_seq=0
2026-02-12T00:11:44.082 INFO:teuthology.orchestra.run.trial035.stdout:/usr/bin/ceph: stderr
2026-02-12T00:11:43.933+0000 7f6ec27fc640 1 -- 10.20.193.35:0/1751905149 <== mon.0 v2:10.20.193.35:3300/0 6 ==== mon_command_ack([{"prefix": "get_command_descriptions"}]=0 v0) v1 ==== 72+0+186382 (secure 0 0 0) 0x7f6ec40468f0 con 0x7f6ed4108690
2026-02-12T00:11:44.082 INFO:teuthology.orchestra.run.trial035.stdout:/usr/bin/ceph: stderr
2026-02-12T00:11:44.051+0000 7f6edba09640 1 -- 10.20.193.35:0/1751905149 --> [v2:10.20.193.35:3300/0,v1:10.20.193.35:6789/0] -- mon_command([{prefix=config-key set, key=mgr/dashboard/cluster/status}] v 0) v1 -- 0x7f6ed410ccb0 con 0x7f6ed4108690
2026-02-12T00:11:44.082 INFO:teuthology.orchestra.run.trial035.stdout:/usr/bin/ceph: stderr
2026-02-12T00:11:44.052+0000 7f6ec27fc640 1 -- 10.20.193.35:0/1751905149 <== mon.0 v2:10.20.193.35:3300/0 7 ==== mon_command_ack([{prefix=config-key set, key=mgr/dashboard/cluster/status}]=0 set mgr/dashboard/cluster/status v28)=0 set mgr/dashboard/cluster/status v28) v1 ==== 153+0+0 (secure 0 0 0) 0x7f6ec403c020 con 0x7f6ed4108690
2026-02-12T00:11:44.082 INFO:teuthology.orchestra.run.trial035.stdout:/usr/bin/ceph: stderr set mgr/dashboard/cluster/status
2026-02-12T00:11:44.082 INFO:teuthology.orchestra.run.trial035.stdout:/usr/bin/ceph: stderr
2026-02-12T00:11:44.053+0000 7f6edba09640 1 -- 10.20.193.35:0/1751905149 >> [v2:10.20.193.35:6800/1794249261,v1:10.20.193.35:6801/1794249261] conn(0x7f6eb003d070 msgr2=0x7f6eb003f530 secure :-1 s=STATE_CONNECTION_ESTABLISHED l=1).mark_down
2026-02-12T00:11:44.082 INFO:teuthology.orchestra.run.trial035.stdout:/usr/bin/ceph: stderr
2026-02-12T00:11:44.053+0000 7f6edba09640 1 --2- 10.20.193.35:0/1751905149 >> [v2:10.20.193.35:6800/1794249261,v1:10.20.193.35:6801/1794249261] conn(0x7f6eb003d070 0x7f6eb003f530 secure :-1 s=READY pgs=11 cs=0 l=1 rev1=1 crypto rx=0x7f6ec80099c0 tx=0x7f6ec8006eb0 comp rx=0 tx=0).stop
2026-02-12T00:11:44.082 INFO:teuthology.orchestra.run.trial035.stdout:/usr/bin/ceph: stderr
2026-02-12T00:11:44.053+0000 7f6edba09640 1 -- 10.20.193.35:0/1751905149 >> [v2:10.20.193.35:3300/0,v1:10.20.193.35:6789/0] conn(0x7f6ed4108690 msgr2=0x7f6ed419e340 secure :-1 s=STATE_CONNECTION_ESTABLISHED l=1).mark_down
2026-02-12T00:11:44.082 INFO:teuthology.orchestra.run.trial035.stdout:/usr/bin/ceph: stderr
2026-02-12T00:11:44.053+0000 7f6edba09640 1 --2- 10.20.193.35:0/1751905149 >> [v2:10.20.193.35:3300/0,v1:10.20.193.35:6789/0] conn(0x7f6ed4108690 0x7f6ed419e340 secure :-1 s=READY pgs=77 cs=0 l=1 rev1=1 crypto rx=0x7f6ec402fc00 tx=0x7f6ec4035780 comp rx=0 tx=0).stop
2026-02-12T00:11:44.082 INFO:teuthology.orchestra.run.trial035.stdout:/usr/bin/ceph: stderr
2026-02-12T00:11:44.053+0000 7f6edba09640 1 -- 10.20.193.35:0/1751905149 shutdown_connections
2026-02-12T00:11:44.082 INFO:teuthology.orchestra.run.trial035.stdout:/usr/bin/ceph: stderr
2026-02-12T00:11:44.053+0000 7f6edba09640 1 --2- 10.20.193.35:0/1751905149 >> [v2:10.20.193.35:6800/1794249261,v1:10.20.193.35:6801/1794249261] conn(0x7f6eb003d070 0x7f6eb003f530 unknown :-1 s=CLOSED pgs=11 cs=0 l=1 rev1=1 crypto rx=0 tx=0 comp rx=0 tx=0).stop
2026-02-12T00:11:44.082 INFO:teuthology.orchestra.run.trial035.stdout:/usr/bin/ceph: stderr
2026-02-12T00:11:44.053+0000 7f6edba09640 1 --2- 10.20.193.35:0/1751905149 >> [v2:10.20.193.35:3300/0,v1:10.20.193.35:6789/0] conn(0x7f6ed4108690 0x7f6ed419e340 unknown :-1 s=CLOSED pgs=77 cs=0 l=1 rev1=1 crypto rx=0 tx=0 comp rx=0 tx=0).stop
2026-02-12T00:11:44.082 INFO:teuthology.orchestra.run.trial035.stdout:/usr/bin/ceph: stderr
2026-02-12T00:11:44.053+0000 7f6edba09640 1 -- 10.20.193.35:0/1751905149 >> 10.20.193.35:0/1751905149 conn(0x7f6ed407bbc0 msgr2=0x7f6ed4105cd0 unknown :-1 s=STATE_NONE l=0).mark_down
2026-02-12T00:11:44.083 INFO:teuthology.orchestra.run.trial035.stdout:/usr/bin/ceph: stderr
2026-02-12T00:11:44.053+0000 7f6edba09640 1 -- 10.20.193.35:0/1751905149 shutdown_connections
2026-02-12T00:11:44.083 INFO:teuthology.orchestra.run.trial035.stdout:/usr/bin/ceph: stderr
2026-02-12T00:11:44.053+0000 7f6edba09640 1 -- 10.20.193.35:0/1751905149 wait complete.
2026-02-12T00:11:44.083 INFO:teuthology.orchestra.run.trial035.stdout:You can access the Ceph CLI as following in case of multi-cluster or non-default config:
2026-02-12T00:11:44.083 INFO:teuthology.orchestra.run.trial035.stdout:
2026-02-12T00:11:44.083 INFO:teuthology.orchestra.run.trial035.stdout: sudo /home/ubuntu/cephtest/cephadm shell --fsid 5684930c-07a7-11f1-85b5-d404e6e7d460 -c /etc/ceph/ceph.conf -k /etc/ceph/ceph.client.admin.keyring
2026-02-12T00:11:44.083 INFO:teuthology.orchestra.run.trial035.stdout:
2026-02-12T00:11:44.083 INFO:teuthology.orchestra.run.trial035.stdout:Or, if you are only running a single cluster on this host:
2026-02-12T00:11:44.083 INFO:teuthology.orchestra.run.trial035.stdout:
2026-02-12T00:11:44.083 INFO:teuthology.orchestra.run.trial035.stdout: sudo /home/ubuntu/cephtest/cephadm shell
2026-02-12T00:11:44.083 INFO:teuthology.orchestra.run.trial035.stdout:
2026-02-12T00:11:44.083 INFO:teuthology.orchestra.run.trial035.stdout:Please consider enabling telemetry to help improve Ceph:
2026-02-12T00:11:44.083 INFO:teuthology.orchestra.run.trial035.stdout:
2026-02-12T00:11:44.084 INFO:teuthology.orchestra.run.trial035.stdout: ceph telemetry on
2026-02-12T00:11:44.084 INFO:teuthology.orchestra.run.trial035.stdout:
2026-02-12T00:11:44.084 INFO:teuthology.orchestra.run.trial035.stdout:For more information see:
2026-02-12T00:11:44.084 INFO:teuthology.orchestra.run.trial035.stdout:
2026-02-12T00:11:44.084 INFO:teuthology.orchestra.run.trial035.stdout: https://docs.ceph.com/en/latest/mgr/telemetry/
2026-02-12T00:11:44.084 INFO:teuthology.orchestra.run.trial035.stdout:
2026-02-12T00:11:44.084 INFO:teuthology.orchestra.run.trial035.stdout:Bootstrap complete.
2026-02-12T00:11:44.099 INFO:tasks.cephadm:Fetching config...
2026-02-12T00:11:44.099 DEBUG:teuthology.orchestra.run.trial035:> set -ex
2026-02-12T00:11:44.099 DEBUG:teuthology.orchestra.run.trial035:> dd if=/etc/ceph/ceph.conf of=/dev/stdout
2026-02-12T00:11:44.117 INFO:tasks.cephadm:Fetching client.admin keyring...
2026-02-12T00:11:44.117 DEBUG:teuthology.orchestra.run.trial035:> set -ex
2026-02-12T00:11:44.117 DEBUG:teuthology.orchestra.run.trial035:> dd if=/etc/ceph/ceph.client.admin.keyring of=/dev/stdout
2026-02-12T00:11:44.175 INFO:tasks.cephadm:Fetching mon keyring...
2026-02-12T00:11:44.175 DEBUG:teuthology.orchestra.run.trial035:> set -ex
2026-02-12T00:11:44.176 DEBUG:teuthology.orchestra.run.trial035:> sudo dd if=/var/lib/ceph/5684930c-07a7-11f1-85b5-d404e6e7d460/mon.a/keyring of=/dev/stdout
2026-02-12T00:11:44.241 INFO:tasks.cephadm:Fetching pub ssh key...
2026-02-12T00:11:44.241 DEBUG:teuthology.orchestra.run.trial035:> set -ex
2026-02-12T00:11:44.241 DEBUG:teuthology.orchestra.run.trial035:> dd if=/home/ubuntu/cephtest/ceph.pub of=/dev/stdout
2026-02-12T00:11:44.298 INFO:tasks.cephadm:Installing pub ssh key for root users...
2026-02-12T00:11:44.299 DEBUG:teuthology.orchestra.run.trial035:> sudo install -d -m 0700 /root/.ssh && echo 'ssh-ed25519 AAAAC3NzaC1lZDI1NTE5AAAAIMdGnQJoxj58c16XteVswYfFYqS0BDmVgWoenvnQt+WC ceph-5684930c-07a7-11f1-85b5-d404e6e7d460' | sudo tee -a /root/.ssh/authorized_keys && sudo chmod 0600 /root/.ssh/authorized_keys
2026-02-12T00:11:44.373 INFO:teuthology.orchestra.run.trial035.stdout:ssh-ed25519 AAAAC3NzaC1lZDI1NTE5AAAAIMdGnQJoxj58c16XteVswYfFYqS0BDmVgWoenvnQt+WC ceph-5684930c-07a7-11f1-85b5-d404e6e7d460
2026-02-12T00:11:44.383 DEBUG:teuthology.orchestra.run.trial080:> sudo install -d -m 0700 /root/.ssh && echo 'ssh-ed25519 AAAAC3NzaC1lZDI1NTE5AAAAIMdGnQJoxj58c16XteVswYfFYqS0BDmVgWoenvnQt+WC ceph-5684930c-07a7-11f1-85b5-d404e6e7d460' | sudo tee -a /root/.ssh/authorized_keys && sudo chmod 0600 /root/.ssh/authorized_keys
2026-02-12T00:11:44.417 INFO:teuthology.orchestra.run.trial080.stdout:ssh-ed25519 AAAAC3NzaC1lZDI1NTE5AAAAIMdGnQJoxj58c16XteVswYfFYqS0BDmVgWoenvnQt+WC ceph-5684930c-07a7-11f1-85b5-d404e6e7d460
2026-02-12T00:11:44.427 DEBUG:teuthology.orchestra.run.trial130:> sudo install -d -m 0700 /root/.ssh && echo 'ssh-ed25519 AAAAC3NzaC1lZDI1NTE5AAAAIMdGnQJoxj58c16XteVswYfFYqS0BDmVgWoenvnQt+WC ceph-5684930c-07a7-11f1-85b5-d404e6e7d460' | sudo tee -a /root/.ssh/authorized_keys && sudo chmod 0600 /root/.ssh/authorized_keys
2026-02-12T00:11:44.462 INFO:teuthology.orchestra.run.trial130.stdout:ssh-ed25519 AAAAC3NzaC1lZDI1NTE5AAAAIMdGnQJoxj58c16XteVswYfFYqS0BDmVgWoenvnQt+WC ceph-5684930c-07a7-11f1-85b5-d404e6e7d460
2026-02-12T00:11:44.473 DEBUG:teuthology.orchestra.run.trial035:> sudo /home/ubuntu/cephtest/cephadm --image quay.ceph.io/ceph-ci/ceph:9191375ab5b1e911954d9f7c2b9cd180c08dc881 shell -c /etc/ceph/ceph.conf -k /etc/ceph/ceph.client.admin.keyring --fsid 5684930c-07a7-11f1-85b5-d404e6e7d460 -- ceph config set mgr mgr/cephadm/allow_ptrace true
2026-02-12T00:11:44.494 INFO:journalctl@ceph.mon.a.trial035.stdout:Feb 12 00:11:44 trial035 ceph-mon[24642]: from='client.14164 -' entity='client.admin' cmd=[{"prefix": "dashboard ac-user-create", "username": "admin", "rolename": "administrator", "force_password": true, "pwd_update_required": true, "target": ["mon-mgr", ""]}]: dispatch
2026-02-12T00:11:44.495 INFO:journalctl@ceph.mon.a.trial035.stdout:Feb 12 00:11:44 trial035 ceph-mon[24642]: from='mgr.14150 10.20.193.35:0/3873628661' entity='mgr.x'
2026-02-12T00:11:44.495 INFO:journalctl@ceph.mon.a.trial035.stdout:Feb 12 00:11:44 trial035 ceph-mon[24642]: from='client.? 10.20.193.35:0/1884270250' entity='client.admin' cmd=[{"prefix": "config get", "who": "mgr", "key": "mgr/dashboard/ssl_server_port"}]: dispatch
2026-02-12T00:11:44.495 INFO:journalctl@ceph.mon.a.trial035.stdout:Feb 12 00:11:44 trial035 ceph-mon[24642]: from='client.? 10.20.193.35:0/1751905149' entity='client.admin'
2026-02-12T00:11:44.599 INFO:teuthology.orchestra.run.trial035.stderr:Inferring config /var/lib/ceph/5684930c-07a7-11f1-85b5-d404e6e7d460/mon.a/config
2026-02-12T00:11:44.818 INFO:teuthology.orchestra.run.trial035.stderr:2026-02-12T00:11:44.814+0000 7f93bd24c640 1 -- 10.20.193.35:0/570216564 >> [v2:10.20.193.35:3300/0,v1:10.20.193.35:6789/0] conn(0x7f93b8102620 msgr2=0x7f93b8102a20 secure :-1 s=STATE_CONNECTION_ESTABLISHED l=1).mark_down
2026-02-12T00:11:44.818 INFO:teuthology.orchestra.run.trial035.stderr:2026-02-12T00:11:44.814+0000 7f93bd24c640 1 --2- 10.20.193.35:0/570216564 >> [v2:10.20.193.35:3300/0,v1:10.20.193.35:6789/0] conn(0x7f93b8102620 0x7f93b8102a20 secure :-1 s=READY pgs=78 cs=0 l=1 rev1=1 crypto rx=0x7f93ac0099b0 tx=0x7f93ac02f2b0 comp rx=0 tx=0).stop
2026-02-12T00:11:44.818 INFO:teuthology.orchestra.run.trial035.stderr:2026-02-12T00:11:44.814+0000 7f93bd24c640 1 -- 10.20.193.35:0/570216564 shutdown_connections
2026-02-12T00:11:44.818 INFO:teuthology.orchestra.run.trial035.stderr:2026-02-12T00:11:44.814+0000 7f93bd24c640 1 --2- 10.20.193.35:0/570216564 >> [v2:10.20.193.35:3300/0,v1:10.20.193.35:6789/0] conn(0x7f93b8102620 0x7f93b8102a20 unknown :-1 s=CLOSED pgs=78 cs=0 l=1 rev1=1 crypto rx=0 tx=0 comp rx=0 tx=0).stop
2026-02-12T00:11:44.818 INFO:teuthology.orchestra.run.trial035.stderr:2026-02-12T00:11:44.814+0000 7f93bd24c640 1 -- 10.20.193.35:0/570216564 >> 10.20.193.35:0/570216564 conn(0x7f93b80fde70 msgr2=0x7f93b8100260 unknown :-1 s=STATE_NONE l=0).mark_down
2026-02-12T00:11:44.818 INFO:teuthology.orchestra.run.trial035.stderr:2026-02-12T00:11:44.814+0000 7f93bd24c640 1 -- 10.20.193.35:0/570216564 shutdown_connections
2026-02-12T00:11:44.818 INFO:teuthology.orchestra.run.trial035.stderr:2026-02-12T00:11:44.814+0000 7f93bd24c640 1 -- 10.20.193.35:0/570216564 wait complete.
2026-02-12T00:11:44.818 INFO:teuthology.orchestra.run.trial035.stderr:2026-02-12T00:11:44.815+0000 7f93bd24c640 1 Processor -- start
2026-02-12T00:11:44.818 INFO:teuthology.orchestra.run.trial035.stderr:2026-02-12T00:11:44.815+0000 7f93bd24c640 1 -- start start
2026-02-12T00:11:44.818 INFO:teuthology.orchestra.run.trial035.stderr:2026-02-12T00:11:44.815+0000 7f93bd24c640 1 --2- >> [v2:10.20.193.35:3300/0,v1:10.20.193.35:6789/0] conn(0x7f93b8102620 0x7f93b8199930 unknown :-1 s=NONE pgs=0 cs=0 l=1 rev1=0 crypto rx=0 tx=0 comp rx=0 tx=0).connect
2026-02-12T00:11:44.818 INFO:teuthology.orchestra.run.trial035.stderr:2026-02-12T00:11:44.815+0000 7f93bd24c640 1 -- --> [v2:10.20.193.35:3300/0,v1:10.20.193.35:6789/0] -- mon_getmap magic: 0 v1 -- 0x7f93b8199e70 con 0x7f93b8102620
2026-02-12T00:11:44.818 INFO:teuthology.orchestra.run.trial035.stderr:2026-02-12T00:11:44.815+0000 7f93b6d76640 1 --2- >> [v2:10.20.193.35:3300/0,v1:10.20.193.35:6789/0] conn(0x7f93b8102620 0x7f93b8199930 unknown :-1 s=BANNER_CONNECTING pgs=0 cs=0 l=1 rev1=0 crypto rx=0 tx=0 comp rx=0 tx=0)._handle_peer_banner_payload supported=3 required=0
2026-02-12T00:11:44.818 INFO:teuthology.orchestra.run.trial035.stderr:2026-02-12T00:11:44.815+0000 7f93b6d76640 1 --2- >> [v2:10.20.193.35:3300/0,v1:10.20.193.35:6789/0] conn(0x7f93b8102620 0x7f93b8199930 unknown :-1 s=HELLO_CONNECTING pgs=0 cs=0 l=1 rev1=1 crypto rx=0 tx=0 comp rx=0 tx=0).handle_hello peer v2:10.20.193.35:3300/0 says I am v2:10.20.193.35:38144/0 (socket says 10.20.193.35:38144)
2026-02-12T00:11:44.818 INFO:teuthology.orchestra.run.trial035.stderr:2026-02-12T00:11:44.815+0000 7f93b6d76640 1 -- 10.20.193.35:0/3831407567 learned_addr learned my addr 10.20.193.35:0/3831407567 (peer_addr_for_me v2:10.20.193.35:0/0)
2026-02-12T00:11:44.818 INFO:teuthology.orchestra.run.trial035.stderr:2026-02-12T00:11:44.815+0000 7f93b6d76640 1 -- 10.20.193.35:0/3831407567 --> [v2:10.20.193.35:3300/0,v1:10.20.193.35:6789/0] -- mon_subscribe({config=0+,monmap=0+}) v3 -- 0x7f93ac009660 con 0x7f93b8102620
2026-02-12T00:11:44.818 INFO:teuthology.orchestra.run.trial035.stderr:2026-02-12T00:11:44.815+0000 7f93b6d76640 1 --2- 10.20.193.35:0/3831407567 >> [v2:10.20.193.35:3300/0,v1:10.20.193.35:6789/0] conn(0x7f93b8102620 0x7f93b8199930 secure :-1 s=READY pgs=79 cs=0 l=1 rev1=1 crypto rx=0x7f93ac0042c0 tx=0x7f93ac0042f0 comp rx=0 tx=0).ready entity=mon.0 client_cookie=0 server_cookie=0 in_seq=0 out_seq=0
2026-02-12T00:11:44.819 INFO:teuthology.orchestra.run.trial035.stderr:2026-02-12T00:11:44.815+0000 7f9397fff640 1 -- 10.20.193.35:0/3831407567 <== mon.0 v2:10.20.193.35:3300/0 1 ==== mon_map magic: 0 v1 ==== 205+0+0 (secure 0 0 0) 0x7f93ac038900 con 0x7f93b8102620
2026-02-12T00:11:44.819 INFO:teuthology.orchestra.run.trial035.stderr:2026-02-12T00:11:44.815+0000 7f9397fff640 1 -- 10.20.193.35:0/3831407567 <== mon.0 v2:10.20.193.35:3300/0 2 ==== config(26 keys) v1 ==== 1074+0+0 (secure 0 0 0) 0x7f93ac041400 con 0x7f93b8102620
2026-02-12T00:11:44.819 INFO:teuthology.orchestra.run.trial035.stderr:2026-02-12T00:11:44.815+0000 7f9397fff640 1 -- 10.20.193.35:0/3831407567 <== mon.0 v2:10.20.193.35:3300/0 3 ==== mon_map magic: 0 v1 ==== 205+0+0 (secure 0 0 0) 0x7f93ac036370 con 0x7f93b8102620
2026-02-12T00:11:44.819 INFO:teuthology.orchestra.run.trial035.stderr:2026-02-12T00:11:44.815+0000 7f93bd24c640 1 -- 10.20.193.35:0/3831407567 --> [v2:10.20.193.35:3300/0,v1:10.20.193.35:6789/0] -- mon_subscribe({mgrmap=0+}) v3 -- 0x7f93b819a070 con 0x7f93b8102620
2026-02-12T00:11:44.819 INFO:teuthology.orchestra.run.trial035.stderr:2026-02-12T00:11:44.815+0000 7f93bd24c640 1 -- 10.20.193.35:0/3831407567 --> [v2:10.20.193.35:3300/0,v1:10.20.193.35:6789/0] -- mon_subscribe({osdmap=0}) v3 -- 0x7f93b819a510 con 0x7f93b8102620
2026-02-12T00:11:44.819 INFO:teuthology.orchestra.run.trial035.stderr:2026-02-12T00:11:44.816+0000 7f93bd24c640 1 -- 10.20.193.35:0/3831407567 --> [v2:10.20.193.35:3300/0,v1:10.20.193.35:6789/0] -- mon_command({"prefix": "get_command_descriptions"} v 0) v1 -- 0x7f93b8102a20 con 0x7f93b8102620
2026-02-12T00:11:44.819 INFO:teuthology.orchestra.run.trial035.stderr:2026-02-12T00:11:44.816+0000 7f9397fff640 1 -- 10.20.193.35:0/3831407567 <== mon.0 v2:10.20.193.35:3300/0 4 ==== mgrmap(e 12) v1 ==== 49373+0+0 (secure 0 0 0) 0x7f93ac041570 con 0x7f93b8102620
2026-02-12T00:11:44.819 INFO:teuthology.orchestra.run.trial035.stderr:2026-02-12T00:11:44.816+0000 7f9397fff640 1 --2- 10.20.193.35:0/3831407567 >> [v2:10.20.193.35:6800/1794249261,v1:10.20.193.35:6801/1794249261] conn(0x7f938c03d190 0x7f938c03f650 unknown :-1 s=NONE pgs=0 cs=0 l=1 rev1=0 crypto rx=0 tx=0 comp rx=0 tx=0).connect
2026-02-12T00:11:44.819 INFO:teuthology.orchestra.run.trial035.stderr:2026-02-12T00:11:44.816+0000 7f9397fff640 1 -- 10.20.193.35:0/3831407567 <== mon.0 v2:10.20.193.35:3300/0 5 ==== osd_map(3..3 src has 1..3) v4 ==== 1155+0+0 (secure 0 0 0) 0x7f93ac0764b0 con 0x7f93b8102620
2026-02-12T00:11:44.819 INFO:teuthology.orchestra.run.trial035.stderr:2026-02-12T00:11:44.816+0000 7f93b6575640 1 --2- 10.20.193.35:0/3831407567 >> [v2:10.20.193.35:6800/1794249261,v1:10.20.193.35:6801/1794249261] conn(0x7f938c03d190 0x7f938c03f650 unknown :-1 s=BANNER_CONNECTING pgs=0 cs=0 l=1 rev1=0 crypto rx=0 tx=0 comp rx=0 tx=0)._handle_peer_banner_payload supported=3 required=0
2026-02-12T00:11:44.819 INFO:teuthology.orchestra.run.trial035.stderr:2026-02-12T00:11:44.816+0000 7f93b6575640 1 --2- 10.20.193.35:0/3831407567 >> [v2:10.20.193.35:6800/1794249261,v1:10.20.193.35:6801/1794249261] conn(0x7f938c03d190 0x7f938c03f650 secure :-1 s=READY pgs=12 cs=0 l=1 rev1=1 crypto rx=0x7f93a00099c0 tx=0x7f93a0006eb0 comp rx=0 tx=0).ready entity=mgr.14150 client_cookie=0 server_cookie=0 in_seq=0 out_seq=0
2026-02-12T00:11:44.820 INFO:teuthology.orchestra.run.trial035.stderr:2026-02-12T00:11:44.819+0000 7f9397fff640 1 -- 10.20.193.35:0/3831407567 <== mon.0 v2:10.20.193.35:3300/0 6 ==== mon_command_ack([{"prefix": "get_command_descriptions"}]=0 v0) v1 ==== 72+0+186382 (secure 0 0 0) 0x7f93ac037a20 con 0x7f93b8102620
2026-02-12T00:11:44.902 INFO:teuthology.orchestra.run.trial035.stderr:2026-02-12T00:11:44.900+0000 7f93bd24c640 1 -- 10.20.193.35:0/3831407567 --> [v2:10.20.193.35:3300/0,v1:10.20.193.35:6789/0] -- mon_command([{prefix=config set, name=mgr/cephadm/allow_ptrace}] v 0) v1 -- 0x7f93b8108380 con 0x7f93b8102620
2026-02-12T00:11:44.903 INFO:teuthology.orchestra.run.trial035.stderr:2026-02-12T00:11:44.902+0000 7f9397fff640 1 -- 10.20.193.35:0/3831407567 <== mon.0 v2:10.20.193.35:3300/0 7 ==== mon_command_ack([{prefix=config set, name=mgr/cephadm/allow_ptrace}]=0 v9)=0 v9) v1 ==== 125+0+0 (secure 0 0 0) 0x7f93ac0373d0 con 0x7f93b8102620
2026-02-12T00:11:44.905 INFO:teuthology.orchestra.run.trial035.stderr:2026-02-12T00:11:44.903+0000 7f93bd24c640 1 -- 10.20.193.35:0/3831407567 >> [v2:10.20.193.35:6800/1794249261,v1:10.20.193.35:6801/1794249261] conn(0x7f938c03d190 msgr2=0x7f938c03f650 secure :-1 s=STATE_CONNECTION_ESTABLISHED l=1).mark_down
2026-02-12T00:11:44.905 INFO:teuthology.orchestra.run.trial035.stderr:2026-02-12T00:11:44.903+0000 7f93bd24c640 1 --2- 10.20.193.35:0/3831407567 >> [v2:10.20.193.35:6800/1794249261,v1:10.20.193.35:6801/1794249261] conn(0x7f938c03d190 0x7f938c03f650 secure :-1 s=READY pgs=12 cs=0 l=1 rev1=1 crypto rx=0x7f93a00099c0 tx=0x7f93a0006eb0 comp rx=0 tx=0).stop
2026-02-12T00:11:44.905 INFO:teuthology.orchestra.run.trial035.stderr:2026-02-12T00:11:44.903+0000 7f93bd24c640 1 -- 10.20.193.35:0/3831407567 >> [v2:10.20.193.35:3300/0,v1:10.20.193.35:6789/0] conn(0x7f93b8102620 msgr2=0x7f93b8199930 secure :-1 s=STATE_CONNECTION_ESTABLISHED l=1).mark_down
2026-02-12T00:11:44.906 INFO:teuthology.orchestra.run.trial035.stderr:2026-02-12T00:11:44.903+0000 7f93bd24c640 1 --2- 10.20.193.35:0/3831407567 >> [v2:10.20.193.35:3300/0,v1:10.20.193.35:6789/0] conn(0x7f93b8102620 0x7f93b8199930 secure :-1 s=READY pgs=79 cs=0 l=1 rev1=1 crypto rx=0x7f93ac0042c0 tx=0x7f93ac0042f0 comp rx=0 tx=0).stop
2026-02-12T00:11:44.906 INFO:teuthology.orchestra.run.trial035.stderr:2026-02-12T00:11:44.903+0000 7f93bd24c640 1 -- 10.20.193.35:0/3831407567 shutdown_connections
2026-02-12T00:11:44.906 INFO:teuthology.orchestra.run.trial035.stderr:2026-02-12T00:11:44.903+0000 7f93bd24c640 1 --2- 10.20.193.35:0/3831407567 >> [v2:10.20.193.35:6800/1794249261,v1:10.20.193.35:6801/1794249261] conn(0x7f938c03d190 0x7f938c03f650 unknown :-1 s=CLOSED pgs=12 cs=0 l=1 rev1=1 crypto rx=0 tx=0 comp rx=0 tx=0).stop
2026-02-12T00:11:44.906 INFO:teuthology.orchestra.run.trial035.stderr:2026-02-12T00:11:44.903+0000 7f93bd24c640 1 --2- 10.20.193.35:0/3831407567 >> [v2:10.20.193.35:3300/0,v1:10.20.193.35:6789/0] conn(0x7f93b8102620 0x7f93b8199930 unknown :-1 s=CLOSED pgs=79 cs=0 l=1 rev1=1 crypto rx=0 tx=0 comp rx=0 tx=0).stop
2026-02-12T00:11:44.906 INFO:teuthology.orchestra.run.trial035.stderr:2026-02-12T00:11:44.903+0000 7f93bd24c640 1 -- 10.20.193.35:0/3831407567 >> 10.20.193.35:0/3831407567 conn(0x7f93b80fde70 msgr2=0x7f93b80fe890 unknown :-1 s=STATE_NONE l=0).mark_down
2026-02-12T00:11:44.906 INFO:teuthology.orchestra.run.trial035.stderr:2026-02-12T00:11:44.904+0000 7f93bd24c640 1 -- 10.20.193.35:0/3831407567 shutdown_connections
2026-02-12T00:11:44.906 INFO:teuthology.orchestra.run.trial035.stderr:2026-02-12T00:11:44.904+0000 7f93bd24c640 1 -- 10.20.193.35:0/3831407567 wait complete.
2026-02-12T00:11:44.941 INFO:tasks.cephadm:Distributing conf and client.admin keyring to all hosts + 0755
2026-02-12T00:11:44.941 DEBUG:teuthology.orchestra.run.trial035:> sudo /home/ubuntu/cephtest/cephadm --image quay.ceph.io/ceph-ci/ceph:9191375ab5b1e911954d9f7c2b9cd180c08dc881 shell -c /etc/ceph/ceph.conf -k /etc/ceph/ceph.client.admin.keyring --fsid 5684930c-07a7-11f1-85b5-d404e6e7d460 -- ceph orch client-keyring set client.admin '*' --mode 0755
2026-02-12T00:11:45.107 INFO:teuthology.orchestra.run.trial035.stderr:Inferring config /var/lib/ceph/5684930c-07a7-11f1-85b5-d404e6e7d460/mon.a/config
2026-02-12T00:11:45.598 INFO:journalctl@ceph.mon.a.trial035.stdout:Feb 12 00:11:45 trial035 ceph-mon[24642]: mgrmap e12: x(active, since 2s)
2026-02-12T00:11:45.598 INFO:journalctl@ceph.mon.a.trial035.stdout:Feb 12 00:11:45 trial035 ceph-mon[24642]: from='mgr.14150 10.20.193.35:0/3873628661' entity='mgr.x'
2026-02-12T00:11:45.598 INFO:journalctl@ceph.mon.a.trial035.stdout:Feb 12 00:11:45 trial035 ceph-mon[24642]: from='mgr.14150 10.20.193.35:0/3873628661' entity='mgr.x'
2026-02-12T00:11:45.599 INFO:journalctl@ceph.mon.a.trial035.stdout:Feb 12 00:11:45 trial035 ceph-mon[24642]: from='mgr.14150 10.20.193.35:0/3873628661' entity='mgr.x' cmd=[{"prefix": "config rm", "who": "osd/host:trial035", "name": "osd_memory_target"}]: dispatch
2026-02-12T00:11:45.599 INFO:journalctl@ceph.mon.a.trial035.stdout:Feb 12 00:11:45 trial035 ceph-mon[24642]: from='mgr.14150 10.20.193.35:0/3873628661' entity='mgr.x'
2026-02-12T00:11:45.599 INFO:journalctl@ceph.mon.a.trial035.stdout:Feb 12 00:11:45 trial035 ceph-mon[24642]: from='mgr.14150 10.20.193.35:0/3873628661' entity='mgr.x' cmd=[{"prefix": "config dump", "format": "json"}]: dispatch
2026-02-12T00:11:45.599 INFO:journalctl@ceph.mon.a.trial035.stdout:Feb 12 00:11:45 trial035 ceph-mon[24642]: from='mgr.14150 10.20.193.35:0/3873628661' entity='mgr.x'
2026-02-12T00:11:45.599 INFO:journalctl@ceph.mon.a.trial035.stdout:Feb 12 00:11:45 trial035 ceph-mon[24642]: from='client.? 10.20.193.35:0/3831407567' entity='client.admin'
2026-02-12T00:11:45.599 INFO:journalctl@ceph.mon.a.trial035.stdout:Feb 12 00:11:45 trial035 ceph-mon[24642]: from='mgr.14150 10.20.193.35:0/3873628661' entity='mgr.x' cmd=[{"prefix": "config dump", "format": "json"}]: dispatch
2026-02-12T00:11:45.599 INFO:journalctl@ceph.mon.a.trial035.stdout:Feb 12 00:11:45 trial035 ceph-mon[24642]: from='mgr.14150 10.20.193.35:0/3873628661' entity='mgr.x'
