[2026-02-12 00:30:04,949][ceph_volume.process][INFO ] stdout DEVLINKS=/dev/disk/by-id/nvme-eui.000000000000000100a075254f246992 /dev/disk/by-diskseq/1 /dev/disk/by-id/nvme-MTFDKCC1T9TGP-1BK1JABYY_092510AB6CF3 /dev/disk/by-path/pci-0000:04:00.0-nvme-1 /dev/disk/by-id/nvme-MTFDKCC1T9TGP-1BK1JABYY_092510AB6CF3_1 /dev/disk/by-id/lvm-pv-uuid-C6IVTV-qciY-8nCV-7cJG-2aSv-e2F9-ggwSkF
[2026-02-12 00:30:04,949][ceph_volume.process][INFO ] stdout TAGS=:systemd:
[2026-02-12 00:30:04,949][ceph_volume.process][INFO ] stdout CURRENT_TAGS=:systemd:
[2026-02-12 00:30:04,953][ceph_volume.util.system][INFO ] Executable lvs found on the host, will use /sbin/lvs
[2026-02-12 00:30:04,953][ceph_volume.process][INFO ] Running command: nsenter --mount=/rootfs/proc/1/ns/mnt --ipc=/rootfs/proc/1/ns/ipc --net=/rootfs/proc/1/ns/net --uts=/rootfs/proc/1/ns/uts /sbin/lvs --noheadings --readonly --separator=";" -a --units=b --nosuffix -S lv_name=lv_2,vg_name=vg_nvme -o lv_tags,lv_path,lv_name,vg_name,lv_uuid,lv_size
[2026-02-12 00:30:04,991][ceph_volume.process][INFO ] stdout ";"/dev/vg_nvme/lv_2";"lv_2";"vg_nvme";"eZllmB-cD2B-VJ5U-V2An-U7R4-y13B-C6ZXJ7";"751619276800
[2026-02-12 00:30:04,991][ceph_volume.api.lvm][WARNING] device is not part of ceph:
[2026-02-12 00:30:04,991][ceph_volume.process][INFO ] Running command: /usr/sbin/blkid -c /dev/null -p /dev/vg_nvme/lv_2
[2026-02-12 00:30:04,997][ceph_volume.process][INFO ] Running command: /usr/bin/lsblk -P -o NAME,KNAME,PKNAME,MAJ:MIN,FSTYPE,MOUNTPOINT,LABEL,UUID,RO,RM,MODEL,SIZE,STATE,OWNER,GROUP,MODE,ALIGNMENT,PHY-SEC,LOG-SEC,ROTA,SCHED,TYPE,DISC-ALN,DISC-GRAN,DISC-MAX,DISC-ZERO,PKNAME,PARTLABEL
[2026-02-12 00:30:05,003][ceph_volume.process][INFO ] stdout NAME="nvme1n1" KNAME="nvme1n1" PKNAME="" MAJ_MIN="259:0" FSTYPE="LVM2_member" MOUNTPOINT="" LABEL="" UUID="fzzfN3-LTSk-zaoz-VYdi-n6qF-I2R8-pj4Xrt" RO="0" RM="0" MODEL="MTFDKCC1T9TGP-1BK1JABYY" SIZE="1.7T" STATE="live" OWNER="root" GROUP="disk" MODE="brw-rw----" ALIGNMENT="0" PHY_SEC="4096" LOG_SEC="512" ROTA="0" SCHED="none" TYPE="disk" DISC_ALN="0" DISC_GRAN="4K" DISC_MAX="2T" DISC_ZERO="0" PKNAME="" PARTLABEL=""
[2026-02-12 00:30:05,003][ceph_volume.process][INFO ] stdout NAME="vg_nvme-lv_1" KNAME="dm-0" PKNAME="nvme1n1" MAJ_MIN="253:0" FSTYPE="" MOUNTPOINT="" LABEL="" UUID="" RO="0" RM="0" MODEL="" SIZE="700G" STATE="running" OWNER="root" GROUP="disk" MODE="brw-rw----" ALIGNMENT="0" PHY_SEC="4096" LOG_SEC="512" ROTA="0" SCHED="" TYPE="lvm" DISC_ALN="0" DISC_GRAN="4K" DISC_MAX="2T" DISC_ZERO="0" PKNAME="nvme1n1" PARTLABEL=""
[2026-02-12 00:30:05,003][ceph_volume.process][INFO ] stdout NAME="vg_nvme-lv_2" KNAME="dm-1" PKNAME="nvme1n1" MAJ_MIN="253:1" FSTYPE="" MOUNTPOINT="" LABEL="" UUID="" RO="0" RM="0" MODEL="" SIZE="700G" STATE="running" OWNER="root" GROUP="disk" MODE="brw-rw----" ALIGNMENT="0" PHY_SEC="4096" LOG_SEC="512" ROTA="0" SCHED="" TYPE="lvm" DISC_ALN="0" DISC_GRAN="4K" DISC_MAX="2T" DISC_ZERO="0" PKNAME="nvme1n1" PARTLABEL=""
[2026-02-12 00:30:05,003][ceph_volume.process][INFO ] stdout NAME="vg_nvme-lv_5" KNAME="dm-4" PKNAME="nvme1n1" MAJ_MIN="253:4" FSTYPE="xfs" MOUNTPOINT="/rootfs/var/lib/ceph" LABEL="" UUID="2a71c0e2-bcd1-4703-bfa7-534ce9d0c478" RO="0" RM="0" MODEL="" SIZE="100G" STATE="running" OWNER="root" GROUP="disk" MODE="brw-rw----" ALIGNMENT="0" PHY_SEC="4096" LOG_SEC="512" ROTA="0" SCHED="" TYPE="lvm" DISC_ALN="0" DISC_GRAN="4K" DISC_MAX="2T" DISC_ZERO="0" PKNAME="nvme1n1" PARTLABEL=""
[2026-02-12 00:30:05,003][ceph_volume.process][INFO ] stdout NAME="nvme2n1" KNAME="nvme2n1" PKNAME="" MAJ_MIN="259:1" FSTYPE="LVM2_member" MOUNTPOINT="" LABEL="" UUID="C6IVTV-qciY-8nCV-7cJG-2aSv-e2F9-ggwSkF" RO="0" RM="0" MODEL="MTFDKCC1T9TGP-1BK1JABYY" SIZE="1.7T" STATE="live" OWNER="root" GROUP="disk" MODE="brw-rw----" ALIGNMENT="0" PHY_SEC="4096" LOG_SEC="512" ROTA="0" SCHED="none" TYPE="disk" DISC_ALN="0" DISC_GRAN="4K" DISC_MAX="2T" DISC_ZERO="0" PKNAME="" PARTLABEL=""
[2026-02-12 00:30:05,003][ceph_volume.process][INFO ] stdout NAME="vg_nvme-lv_3" KNAME="dm-2" PKNAME="nvme2n1" MAJ_MIN="253:2" FSTYPE="ceph_bluestore" MOUNTPOINT="" LABEL="" UUID="" RO="0" RM="0" MODEL="" SIZE="700G" STATE="running" OWNER="ceph" GROUP="ceph" MODE="brw-rw----" ALIGNMENT="0" PHY_SEC="4096" LOG_SEC="512" ROTA="0" SCHED="" TYPE="lvm" DISC_ALN="0" DISC_GRAN="4K" DISC_MAX="2T" DISC_ZERO="0" PKNAME="nvme2n1" PARTLABEL=""
[2026-02-12 00:30:05,003][ceph_volume.process][INFO ] stdout NAME="vg_nvme-lv_4" KNAME="dm-3" PKNAME="nvme2n1" MAJ_MIN="253:3" FSTYPE="ceph_bluestore" MOUNTPOINT="" LABEL="" UUID="" RO="0" RM="0" MODEL="" SIZE="700G" STATE="running" OWNER="ceph" GROUP="ceph" MODE="brw-rw----" ALIGNMENT="0" PHY_SEC="4096" LOG_SEC="512" ROTA="0" SCHED="" TYPE="lvm" DISC_ALN="0" DISC_GRAN="4K" DISC_MAX="2T" DISC_ZERO="0" PKNAME="nvme2n1" PARTLABEL=""
[2026-02-12 00:30:05,003][ceph_volume.process][INFO ] stdout NAME="nvme0n1" KNAME="nvme0n1" PKNAME="" MAJ_MIN="259:2" FSTYPE="" MOUNTPOINT="" LABEL="" UUID="" RO="0" RM="0" MODEL="Micron_7450_MTFDKBA960TFR" SIZE="894.3G" STATE="live" OWNER="root" GROUP="disk" MODE="brw-rw----" ALIGNMENT="0" PHY_SEC="4096" LOG_SEC="512" ROTA="0" SCHED="none" TYPE="disk" DISC_ALN="0" DISC_GRAN="4K" DISC_MAX="2T" DISC_ZERO="0" PKNAME="" PARTLABEL=""
[2026-02-12 00:30:05,003][ceph_volume.process][INFO ] stdout NAME="nvme0n1p1" KNAME="nvme0n1p1" PKNAME="nvme0n1" MAJ_MIN="259:3" FSTYPE="vfat" MOUNTPOINT="/rootfs/boot/efi" LABEL="efi" UUID="8F1A-A3A9" RO="0" RM="0" MODEL="" SIZE="512M" STATE="" OWNER="root" GROUP="disk" MODE="brw-rw----" ALIGNMENT="0" PHY_SEC="4096" LOG_SEC="512" ROTA="0" SCHED="none" TYPE="part" DISC_ALN="0" DISC_GRAN="4K" DISC_MAX="2T" DISC_ZERO="0" PKNAME="nvme0n1" PARTLABEL=""
[2026-02-12 00:30:05,003][ceph_volume.process][INFO ] stdout NAME="nvme0n1p2" KNAME="nvme0n1p2" PKNAME="nvme0n1" MAJ_MIN="259:4" FSTYPE="ext4" MOUNTPOINT="/rootfs" LABEL="root" UUID="dd550503-fc1d-4353-869e-16e2f042aa08" RO="0" RM="0" MODEL="" SIZE="893.8G" STATE="" OWNER="root" GROUP="disk" MODE="brw-rw----" ALIGNMENT="0" PHY_SEC="4096" LOG_SEC="512" ROTA="0" SCHED="none" TYPE="part" DISC_ALN="0" DISC_GRAN="4K" DISC_MAX="2T" DISC_ZERO="0" PKNAME="nvme0n1" PARTLABEL=""
[2026-02-12 00:30:05,003][ceph_volume.util.disk][INFO ] opening device /dev/vg_nvme/lv_2 to check for BlueStore label
[2026-02-12 00:30:05,004][ceph_volume.process][INFO ] Running command: /usr/bin/lsblk -P -o NAME,KNAME,PKNAME,MAJ:MIN,FSTYPE,MOUNTPOINT,LABEL,UUID,RO,RM,MODEL,SIZE,STATE,OWNER,GROUP,MODE,ALIGNMENT,PHY-SEC,LOG-SEC,ROTA,SCHED,TYPE,DISC-ALN,DISC-GRAN,DISC-MAX,DISC-ZERO,PKNAME,PARTLABEL
[2026-02-12 00:30:05,009][ceph_volume.process][INFO ] stdout NAME="nvme1n1" KNAME="nvme1n1" PKNAME="" MAJ_MIN="259:0" FSTYPE="LVM2_member" MOUNTPOINT="" LABEL="" UUID="fzzfN3-LTSk-zaoz-VYdi-n6qF-I2R8-pj4Xrt" RO="0" RM="0" MODEL="MTFDKCC1T9TGP-1BK1JABYY" SIZE="1.7T" STATE="live" OWNER="root" GROUP="disk" MODE="brw-rw----" ALIGNMENT="0" PHY_SEC="4096" LOG_SEC="512" ROTA="0" SCHED="none" TYPE="disk" DISC_ALN="0" DISC_GRAN="4K" DISC_MAX="2T" DISC_ZERO="0" PKNAME="" PARTLABEL=""
[2026-02-12 00:30:05,009][ceph_volume.process][INFO ] stdout NAME="vg_nvme-lv_1" KNAME="dm-0" PKNAME="nvme1n1" MAJ_MIN="253:0" FSTYPE="" MOUNTPOINT="" LABEL="" UUID="" RO="0" RM="0" MODEL="" SIZE="700G" STATE="running" OWNER="root" GROUP="disk" MODE="brw-rw----" ALIGNMENT="0" PHY_SEC="4096" LOG_SEC="512" ROTA="0" SCHED="" TYPE="lvm" DISC_ALN="0" DISC_GRAN="4K" DISC_MAX="2T" DISC_ZERO="0" PKNAME="nvme1n1" PARTLABEL=""
[2026-02-12 00:30:05,009][ceph_volume.process][INFO ] stdout NAME="vg_nvme-lv_2" KNAME="dm-1" PKNAME="nvme1n1" MAJ_MIN="253:1" FSTYPE="" MOUNTPOINT="" LABEL="" UUID="" RO="0" RM="0" MODEL="" SIZE="700G" STATE="running" OWNER="root" GROUP="disk" MODE="brw-rw----" ALIGNMENT="0" PHY_SEC="4096" LOG_SEC="512" ROTA="0" SCHED="" TYPE="lvm" DISC_ALN="0" DISC_GRAN="4K" DISC_MAX="2T" DISC_ZERO="0" PKNAME="nvme1n1" PARTLABEL=""
[2026-02-12 00:30:05,009][ceph_volume.process][INFO ] stdout NAME="vg_nvme-lv_5" KNAME="dm-4" PKNAME="nvme1n1" MAJ_MIN="253:4" FSTYPE="xfs" MOUNTPOINT="/rootfs/var/lib/ceph" LABEL="" UUID="2a71c0e2-bcd1-4703-bfa7-534ce9d0c478" RO="0" RM="0" MODEL="" SIZE="100G" STATE="running" OWNER="root" GROUP="disk" MODE="brw-rw----" ALIGNMENT="0" PHY_SEC="4096" LOG_SEC="512" ROTA="0" SCHED="" TYPE="lvm" DISC_ALN="0" DISC_GRAN="4K" DISC_MAX="2T" DISC_ZERO="0" PKNAME="nvme1n1" PARTLABEL=""
[2026-02-12 00:30:05,009][ceph_volume.process][INFO ] stdout NAME="nvme2n1" KNAME="nvme2n1" PKNAME="" MAJ_MIN="259:1" FSTYPE="LVM2_member" MOUNTPOINT="" LABEL="" UUID="C6IVTV-qciY-8nCV-7cJG-2aSv-e2F9-ggwSkF" RO="0" RM="0" MODEL="MTFDKCC1T9TGP-1BK1JABYY" SIZE="1.7T" STATE="live" OWNER="root" GROUP="disk" MODE="brw-rw----" ALIGNMENT="0" PHY_SEC="4096" LOG_SEC="512" ROTA="0" SCHED="none" TYPE="disk" DISC_ALN="0" DISC_GRAN="4K" DISC_MAX="2T" DISC_ZERO="0" PKNAME="" PARTLABEL=""
[2026-02-12 00:30:05,009][ceph_volume.process][INFO ] stdout NAME="vg_nvme-lv_3" KNAME="dm-2" PKNAME="nvme2n1" MAJ_MIN="253:2" FSTYPE="ceph_bluestore" MOUNTPOINT="" LABEL="" UUID="" RO="0" RM="0" MODEL="" SIZE="700G" STATE="running" OWNER="ceph" GROUP="ceph" MODE="brw-rw----" ALIGNMENT="0" PHY_SEC="4096" LOG_SEC="512" ROTA="0" SCHED="" TYPE="lvm" DISC_ALN="0" DISC_GRAN="4K" DISC_MAX="2T" DISC_ZERO="0" PKNAME="nvme2n1" PARTLABEL=""
[2026-02-12 00:30:05,010][ceph_volume.process][INFO ] stdout NAME="vg_nvme-lv_4" KNAME="dm-3" PKNAME="nvme2n1" MAJ_MIN="253:3" FSTYPE="ceph_bluestore" MOUNTPOINT="" LABEL="" UUID="" RO="0" RM="0" MODEL="" SIZE="700G" STATE="running" OWNER="ceph" GROUP="ceph" MODE="brw-rw----" ALIGNMENT="0" PHY_SEC="4096" LOG_SEC="512" ROTA="0" SCHED="" TYPE="lvm" DISC_ALN="0" DISC_GRAN="4K" DISC_MAX="2T" DISC_ZERO="0" PKNAME="nvme2n1" PARTLABEL=""
[2026-02-12 00:30:05,010][ceph_volume.process][INFO ] stdout NAME="nvme0n1" KNAME="nvme0n1" PKNAME="" MAJ_MIN="259:2" FSTYPE="" MOUNTPOINT="" LABEL="" UUID="" RO="0" RM="0" MODEL="Micron_7450_MTFDKBA960TFR" SIZE="894.3G" STATE="live" OWNER="root" GROUP="disk" MODE="brw-rw----" ALIGNMENT="0" PHY_SEC="4096" LOG_SEC="512" ROTA="0" SCHED="none" TYPE="disk" DISC_ALN="0" DISC_GRAN="4K" DISC_MAX="2T" DISC_ZERO="0" PKNAME="" PARTLABEL=""
[2026-02-12 00:30:05,010][ceph_volume.process][INFO ] stdout NAME="nvme0n1p1" KNAME="nvme0n1p1" PKNAME="nvme0n1" MAJ_MIN="259:3" FSTYPE="vfat" MOUNTPOINT="/rootfs/boot/efi" LABEL="efi" UUID="8F1A-A3A9" RO="0" RM="0" MODEL="" SIZE="512M" STATE="" OWNER="root" GROUP="disk" MODE="brw-rw----" ALIGNMENT="0" PHY_SEC="4096" LOG_SEC="512" ROTA="0" SCHED="none" TYPE="part" DISC_ALN="0" DISC_GRAN="4K" DISC_MAX="2T" DISC_ZERO="0" PKNAME="nvme0n1" PARTLABEL=""
[2026-02-12 00:30:05,010][ceph_volume.process][INFO ] stdout NAME="nvme0n1p2" KNAME="nvme0n1p2" PKNAME="nvme0n1" MAJ_MIN="259:4" FSTYPE="ext4" MOUNTPOINT="/rootfs" LABEL="root" UUID="dd550503-fc1d-4353-869e-16e2f042aa08" RO="0" RM="0" MODEL="" SIZE="893.8G" STATE="" OWNER="root" GROUP="disk" MODE="brw-rw----" ALIGNMENT="0" PHY_SEC="4096" LOG_SEC="512" ROTA="0" SCHED="none" TYPE="part" DISC_ALN="0" DISC_GRAN="4K" DISC_MAX="2T" DISC_ZERO="0" PKNAME="nvme0n1" PARTLABEL=""
[2026-02-12 00:30:05,010][ceph_volume.util.disk][INFO ] opening device /dev/vg_nvme/lv_2 to check for BlueStore label
[2026-02-12 00:30:05,010][ceph_volume.process][INFO ] Running command: /usr/sbin/udevadm info --query=property /dev/vg_nvme/lv_2
[2026-02-12 00:30:05,014][ceph_volume.process][INFO ] stdout DEVPATH=/devices/virtual/block/dm-1
[2026-02-12 00:30:05,014][ceph_volume.process][INFO ] stdout DEVNAME=/dev/dm-1
[2026-02-12 00:30:05,014][ceph_volume.process][INFO ] stdout DEVTYPE=disk
[2026-02-12 00:30:05,014][ceph_volume.process][INFO ] stdout DISKSEQ=5
[2026-02-12 00:30:05,014][ceph_volume.process][INFO ] stdout MAJOR=253
[2026-02-12 00:30:05,014][ceph_volume.process][INFO ] stdout MINOR=1
[2026-02-12 00:30:05,014][ceph_volume.process][INFO ] stdout SUBSYSTEM=block
[2026-02-12 00:30:05,014][ceph_volume.process][INFO ] stdout USEC_INITIALIZED=106030991
[2026-02-12 00:30:05,014][ceph_volume.process][INFO ] stdout DM_UDEV_DISABLE_LIBRARY_FALLBACK_FLAG=1
[2026-02-12 00:30:05,014][ceph_volume.process][INFO ] stdout DM_UDEV_PRIMARY_SOURCE_FLAG=1
[2026-02-12 00:30:05,014][ceph_volume.process][INFO ] stdout DM_UDEV_RULES_VSN=2
[2026-02-12 00:30:05,014][ceph_volume.process][INFO ] stdout DM_NAME=vg_nvme-lv_2
[2026-02-12 00:30:05,014][ceph_volume.process][INFO ] stdout DM_UUID=LVM-JJkH4LQCZfs5ZpKqm8FUUrsSl6Hq8UWfeZllmBcD2BVJ5UV2AnU7R4y13BC6ZXJ7
[2026-02-12 00:30:05,014][ceph_volume.process][INFO ] stdout DM_SUSPENDED=0
[2026-02-12 00:30:05,014][ceph_volume.process][INFO ] stdout DM_VG_NAME=vg_nvme
[2026-02-12 00:30:05,014][ceph_volume.process][INFO ] stdout DM_LV_NAME=lv_2
[2026-02-12 00:30:05,014][ceph_volume.process][INFO ] stdout NVME_HOST_IFACE=none
[2026-02-12 00:30:05,014][ceph_volume.process][INFO ] stdout SYSTEMD_READY=1
[2026-02-12 00:30:05,014][ceph_volume.process][INFO ] stdout DEVLINKS=/dev/disk/by-diskseq/5 /dev/vg_nvme/lv_2 /dev/mapper/vg_nvme-lv_2 /dev/disk/by-id/dm-name-vg_nvme-lv_2 /dev/disk/by-id/dm-uuid-LVM-JJkH4LQCZfs5ZpKqm8FUUrsSl6Hq8UWfeZllmBcD2BVJ5UV2AnU7R4y13BC6ZXJ7
[2026-02-12 00:30:05,014][ceph_volume.process][INFO ] stdout TAGS=:systemd:
[2026-02-12 00:30:05,014][ceph_volume.process][INFO ] stdout CURRENT_TAGS=:systemd:
[2026-02-12 00:30:05,015][ceph_volume.devices.lvm.batch][DEBUG ] passed data devices: 0 physical, 1 LVM
[2026-02-12 00:30:05,015][ceph_volume.devices.lvm.batch][DEBUG ] relative data size: 1.0
[2026-02-12 00:30:05,017][ceph_volume.util.system][INFO ] Executable lvs found on the host, will use /sbin/lvs
[2026-02-12 00:30:05,017][ceph_volume.process][INFO ] Running command: nsenter --mount=/rootfs/proc/1/ns/mnt --ipc=/rootfs/proc/1/ns/ipc --net=/rootfs/proc/1/ns/net --uts=/rootfs/proc/1/ns/uts /sbin/lvs --noheadings --readonly --separator=";" -a --units=b --nosuffix -S lv_name=lv_2,vg_name=vg_nvme -o lv_tags,lv_path,lv_name,vg_name,lv_uuid,lv_size
[2026-02-12 00:30:05,052][ceph_volume.process][INFO ] stdout ";"/dev/vg_nvme/lv_2";"lv_2";"vg_nvme";"eZllmB-cD2B-VJ5U-V2An-U7R4-y13B-C6ZXJ7";"751619276800
[2026-02-12 00:30:05,052][ceph_volume.api.lvm][WARNING] device is not part of ceph:
[2026-02-12 00:30:05,052][ceph_volume.process][INFO ] Running command: /usr/bin/ceph-authtool --gen-print-key
[2026-02-12 00:30:05,063][ceph_volume.process][INFO ] Running command: /usr/bin/ceph --cluster ceph --name client.bootstrap-osd --keyring /var/lib/ceph/bootstrap-osd/ceph.keyring -i - osd new 36f21975-9835-4f9c-8d8b-799a5e5ddd21
[2026-02-12 00:30:05,200][ceph_volume.process][INFO ] stdout 6
[2026-02-12 00:30:05,200][ceph_volume.process][INFO ] stderr
2026-02-12T00:30:05.104+0000 7f62f72d1640 1 -- 10.20.193.117:0/1372110091 >> [v2:10.20.193.117:3300/0,v1:10.20.193.117:6789/0] conn(0x7f62f010e470 msgr2=0x7f62f010e850 secure :-1 s=STATE_CONNECTION_ESTABLISHED l=1).mark_down
[2026-02-12 00:30:05,200][ceph_volume.process][INFO ] stderr
2026-02-12T00:30:05.104+0000 7f62f72d1640 1 --2- 10.20.193.117:0/1372110091 >> [v2:10.20.193.117:3300/0,v1:10.20.193.117:6789/0] conn(0x7f62f010e470 0x7f62f010e850 secure :-1 s=READY pgs=135 cs=0 l=1 rev1=1 crypto rx=0x7f62e4005c90 tx=0x7f62e002f1f0 comp rx=0 tx=0).stop
[2026-02-12 00:30:05,200][ceph_volume.process][INFO ] stderr
2026-02-12T00:30:05.104+0000 7f62f72d1640 1 -- 10.20.193.117:0/1372110091 shutdown_connections
[2026-02-12 00:30:05,200][ceph_volume.process][INFO ] stderr
2026-02-12T00:30:05.104+0000 7f62f72d1640 1 --2- 10.20.193.117:0/1372110091 >> [v2:10.20.193.126:3300/0,v1:10.20.193.126:6789/0] conn(0x7f62f010c190 0x7f62f01150f0 unknown :-1 s=CLOSED pgs=0 cs=0 l=0 rev1=1 crypto rx=0 tx=0 comp rx=0 tx=0).stop
[2026-02-12 00:30:05,200][ceph_volume.process][INFO ] stderr
2026-02-12T00:30:05.104+0000 7f62f72d1640 1 --2- 10.20.193.117:0/1372110091 >> [v2:10.20.193.187:3300/0,v1:10.20.193.187:6789/0] conn(0x7f62f010b7d0 0x7f62f010bc50 unknown :-1 s=CLOSED pgs=0 cs=0 l=0 rev1=1 crypto rx=0 tx=0 comp rx=0 tx=0).stop
[2026-02-12 00:30:05,200][ceph_volume.process][INFO ] stderr
2026-02-12T00:30:05.104+0000 7f62f72d1640 1 --2- 10.20.193.117:0/1372110091 >> [v2:10.20.193.117:3300/0,v1:10.20.193.117:6789/0] conn(0x7f62f010e470 0x7f62f010e850 unknown :-1 s=CLOSED pgs=135 cs=0 l=1 rev1=1 crypto rx=0 tx=0 comp rx=0 tx=0).stop
[2026-02-12 00:30:05,200][ceph_volume.process][INFO ] stderr
2026-02-12T00:30:05.104+0000 7f62f72d1640 1 -- 10.20.193.117:0/1372110091 >> 10.20.193.117:0/1372110091 conn(0x7f62f0072030 msgr2=0x7f62f0072440 unknown :-1 s=STATE_NONE l=0).mark_down
[2026-02-12 00:30:05,200][ceph_volume.process][INFO ] stderr
2026-02-12T00:30:05.104+0000 7f62f72d1640 1 -- 10.20.193.117:0/1372110091 shutdown_connections
[2026-02-12 00:30:05,200][ceph_volume.process][INFO ] stderr
2026-02-12T00:30:05.104+0000 7f62f72d1640 1 -- 10.20.193.117:0/1372110091 wait complete.
[2026-02-12 00:30:05,200][ceph_volume.process][INFO ] stderr
2026-02-12T00:30:05.105+0000 7f62f72d1640 1 Processor -- start
[2026-02-12 00:30:05,200][ceph_volume.process][INFO ] stderr
2026-02-12T00:30:05.105+0000 7f62f72d1640 1 -- start start
[2026-02-12 00:30:05,200][ceph_volume.process][INFO ] stderr
2026-02-12T00:30:05.105+0000 7f62f72d1640 1 --2- >> [v2:10.20.193.187:3300/0,v1:10.20.193.187:6789/0] conn(0x7f62f010b7d0 0x7f62f01a3670 unknown :-1 s=NONE pgs=0 cs=0 l=1 rev1=0 crypto rx=0 tx=0 comp rx=0 tx=0).connect
[2026-02-12 00:30:05,200][ceph_volume.process][INFO ] stderr
2026-02-12T00:30:05.105+0000 7f62f72d1640 1 --2- >> [v2:10.20.193.126:3300/0,v1:10.20.193.126:6789/0] conn(0x7f62f010c190 0x7f62f01a3bb0 unknown :-1 s=NONE pgs=0 cs=0 l=1 rev1=0 crypto rx=0 tx=0 comp rx=0 tx=0).connect
[2026-02-12 00:30:05,200][ceph_volume.process][INFO ] stderr
2026-02-12T00:30:05.105+0000 7f62f72d1640 1 --2- >> [v2:10.20.193.117:3300/0,v1:10.20.193.117:6789/0] conn(0x7f62f010e470 0x7f62f01ac0a0 unknown :-1 s=NONE pgs=0 cs=0 l=1 rev1=0 crypto rx=0 tx=0 comp rx=0 tx=0).connect
[2026-02-12 00:30:05,200][ceph_volume.process][INFO ] stderr
2026-02-12T00:30:05.105+0000 7f62f72d1640 1 -- --> [v2:10.20.193.117:3300/0,v1:10.20.193.117:6789/0] -- mon_getmap magic: 0 v1 -- 0x7f62f01ac6c0 con 0x7f62f010e470
[2026-02-12 00:30:05,200][ceph_volume.process][INFO ] stderr
2026-02-12T00:30:05.105+0000 7f62f72d1640 1 -- --> [v2:10.20.193.126:3300/0,v1:10.20.193.126:6789/0] -- mon_getmap magic: 0 v1 -- 0x7f62f01ac830 con 0x7f62f010c190
[2026-02-12 00:30:05,200][ceph_volume.process][INFO ] stderr
2026-02-12T00:30:05.105+0000 7f62f72d1640 1 -- --> [v2:10.20.193.187:3300/0,v1:10.20.193.187:6789/0] -- mon_getmap magic: 0 v1 -- 0x7f62f01ac9f0 con 0x7f62f010b7d0
[2026-02-12 00:30:05,200][ceph_volume.process][INFO ] stderr
2026-02-12T00:30:05.105+0000 7f62f5847640 1 --2- >> [v2:10.20.193.117:3300/0,v1:10.20.193.117:6789/0] conn(0x7f62f010e470 0x7f62f01ac0a0 unknown :-1 s=BANNER_CONNECTING pgs=0 cs=0 l=1 rev1=0 crypto rx=0 tx=0 comp rx=0 tx=0)._handle_peer_banner_payload supported=3 required=0
[2026-02-12 00:30:05,200][ceph_volume.process][INFO ] stderr
2026-02-12T00:30:05.105+0000 7f62f5847640 1 --2- >> [v2:10.20.193.117:3300/0,v1:10.20.193.117:6789/0] conn(0x7f62f010e470 0x7f62f01ac0a0 unknown :-1 s=HELLO_CONNECTING pgs=0 cs=0 l=1 rev1=1 crypto rx=0 tx=0 comp rx=0 tx=0).handle_hello peer v2:10.20.193.117:3300/0 says I am v2:10.20.193.117:53874/0 (socket says 10.20.193.117:53874)
[2026-02-12 00:30:05,200][ceph_volume.process][INFO ] stderr
2026-02-12T00:30:05.105+0000 7f62f5847640 1 -- 10.20.193.117:0/2427290878 learned_addr learned my addr 10.20.193.117:0/2427290878 (peer_addr_for_me v2:10.20.193.117:0/0)
[2026-02-12 00:30:05,200][ceph_volume.process][INFO ] stderr
2026-02-12T00:30:05.105+0000 7f62f4845640 1 --2- 10.20.193.117:0/2427290878 >> [v2:10.20.193.126:3300/0,v1:10.20.193.126:6789/0] conn(0x7f62f010c190 0x7f62f01a3bb0 unknown :-1 s=BANNER_CONNECTING pgs=0 cs=0 l=1 rev1=0 crypto rx=0 tx=0 comp rx=0 tx=0)._handle_peer_banner_payload supported=3 required=0
[2026-02-12 00:30:05,200][ceph_volume.process][INFO ] stderr
2026-02-12T00:30:05.105+0000 7f62f5847640 1 -- 10.20.193.117:0/2427290878 >> [v2:10.20.193.187:3300/0,v1:10.20.193.187:6789/0] conn(0x7f62f010b7d0 msgr2=0x7f62f01a3670 unknown :-1 s=STATE_CONNECTION_ESTABLISHED l=1).mark_down
[2026-02-12 00:30:05,200][ceph_volume.process][INFO ] stderr
2026-02-12T00:30:05.105+0000 7f62f5847640 1 --2- 10.20.193.117:0/2427290878 >> [v2:10.20.193.187:3300/0,v1:10.20.193.187:6789/0] conn(0x7f62f010b7d0 0x7f62f01a3670 unknown :-1 s=BANNER_CONNECTING pgs=0 cs=0 l=1 rev1=0 crypto rx=0 tx=0 comp rx=0 tx=0).stop
[2026-02-12 00:30:05,200][ceph_volume.process][INFO ] stderr
2026-02-12T00:30:05.105+0000 7f62f5847640 1 -- 10.20.193.117:0/2427290878 >> [v2:10.20.193.126:3300/0,v1:10.20.193.126:6789/0] conn(0x7f62f010c190 msgr2=0x7f62f01a3bb0 unknown :-1 s=STATE_CONNECTION_ESTABLISHED l=1).mark_down
[2026-02-12 00:30:05,200][ceph_volume.process][INFO ] stderr
2026-02-12T00:30:05.105+0000 7f62f5847640 1 --2- 10.20.193.117:0/2427290878 >> [v2:10.20.193.126:3300/0,v1:10.20.193.126:6789/0] conn(0x7f62f010c190 0x7f62f01a3bb0 unknown :-1 s=AUTH_CONNECTING pgs=0 cs=0 l=1 rev1=1 crypto rx=0 tx=0 comp rx=0 tx=0).stop
[2026-02-12 00:30:05,201][ceph_volume.process][INFO ] stderr
2026-02-12T00:30:05.105+0000 7f62f5847640 1 -- 10.20.193.117:0/2427290878 --> [v2:10.20.193.117:3300/0,v1:10.20.193.117:6789/0] -- mon_subscribe({config=0+,monmap=0+}) v3 -- 0x7f62f01acbb0 con 0x7f62f010e470
[2026-02-12 00:30:05,201][ceph_volume.process][INFO ] stderr
2026-02-12T00:30:05.105+0000 7f62f5847640 1 --2- 10.20.193.117:0/2427290878 >> [v2:10.20.193.117:3300/0,v1:10.20.193.117:6789/0] conn(0x7f62f010e470 0x7f62f01ac0a0 secure :-1 s=READY pgs=136 cs=0 l=1 rev1=1 crypto rx=0x7f62ec0060b0 tx=0x7f62ec00d4a0 comp rx=0 tx=0).ready entity=mon.0 client_cookie=0 server_cookie=0 in_seq=0 out_seq=0
[2026-02-12 00:30:05,201][ceph_volume.process][INFO ] stderr
2026-02-12T00:30:05.105+0000 7f62de7fc640 1 -- 10.20.193.117:0/2427290878 <== mon.0 v2:10.20.193.117:3300/0 1 ==== mon_map magic: 0 v1 ==== 413+0+0 (secure 0 0 0) 0x7f62ec0090d0 con 0x7f62f010e470
[2026-02-12 00:30:05,201][ceph_volume.process][INFO ] stderr
2026-02-12T00:30:05.105+0000 7f62de7fc640 1 -- 10.20.193.117:0/2427290878 <== mon.0 v2:10.20.193.117:3300/0 2 ==== config(26 keys) v1 ==== 1074+0+0 (secure 0 0 0) 0x7f62ec00f040 con 0x7f62f010e470
[2026-02-12 00:30:05,201][ceph_volume.process][INFO ] stderr
2026-02-12T00:30:05.105+0000 7f62f72d1640 1 -- 10.20.193.117:0/2427290878 --> [v2:10.20.193.117:3300/0,v1:10.20.193.117:6789/0] -- mon_subscribe({mgrmap=0+}) v3 -- 0x7f62f01ace00 con 0x7f62f010e470
[2026-02-12 00:30:05,201][ceph_volume.process][INFO ] stderr
2026-02-12T00:30:05.105+0000 7f62de7fc640 1 -- 10.20.193.117:0/2427290878 <== mon.0 v2:10.20.193.117:3300/0 3 ==== mon_map magic: 0 v1 ==== 413+0+0 (secure 0 0 0) 0x7f62ec013650 con 0x7f62f010e470
[2026-02-12 00:30:05,201][ceph_volume.process][INFO ] stderr
2026-02-12T00:30:05.105+0000 7f62f72d1640 1 -- 10.20.193.117:0/2427290878 --> [v2:10.20.193.117:3300/0,v1:10.20.193.117:6789/0] -- mon_subscribe({osdmap=0}) v3 -- 0x7f62f01ad2d0 con 0x7f62f010e470
[2026-02-12 00:30:05,201][ceph_volume.process][INFO ] stderr
2026-02-12T00:30:05.106+0000 7f62f72d1640 1 -- 10.20.193.117:0/2427290878 --> [v2:10.20.193.117:3300/0,v1:10.20.193.117:6789/0] -- mon_command({"prefix": "get_command_descriptions"} v 0) v1 -- 0x7f62f010bc50 con 0x7f62f010e470
[2026-02-12 00:30:05,201][ceph_volume.process][INFO ] stderr
2026-02-12T00:30:05.107+0000 7f62de7fc640 1 -- 10.20.193.117:0/2427290878 <== mon.0 v2:10.20.193.117:3300/0 4 ==== mgrmap(e 15) v1 ==== 147323+0+0 (secure 0 0 0) 0x7f62ec007500 con 0x7f62f010e470
[2026-02-12 00:30:05,201][ceph_volume.process][INFO ] stderr
2026-02-12T00:30:05.108+0000 7f62de7fc640 1 --2- 10.20.193.117:0/2427290878 >> [v2:10.20.193.117:6800/4072770823,v1:10.20.193.117:6801/4072770823] conn(0x7f62cc0af020 0x7f62cc0b14e0 unknown :-1 s=NONE pgs=0 cs=0 l=1 rev1=0 crypto rx=0 tx=0 comp rx=0 tx=0).connect
[2026-02-12 00:30:05,201][ceph_volume.process][INFO ] stderr
2026-02-12T00:30:05.108+0000 7f62f5046640 1 --2- 10.20.193.117:0/2427290878 >> [v2:10.20.193.117:6800/4072770823,v1:10.20.193.117:6801/4072770823] conn(0x7f62cc0af020 0x7f62cc0b14e0 unknown :-1 s=BANNER_CONNECTING pgs=0 cs=0 l=1 rev1=0 crypto rx=0 tx=0 comp rx=0 tx=0)._handle_peer_banner_payload supported=3 required=0
[2026-02-12 00:30:05,201][ceph_volume.process][INFO ] stderr
2026-02-12T00:30:05.108+0000 7f62de7fc640 1 -- 10.20.193.117:0/2427290878 <== mon.0 v2:10.20.193.117:3300/0 5 ==== osd_map(30..30 src has 1..30) v4 ==== 4210+0+0 (secure 0 0 0) 0x7f62ec0dca50 con 0x7f62f010e470
[2026-02-12 00:30:05,201][ceph_volume.process][INFO ] stderr
2026-02-12T00:30:05.108+0000 7f62f5046640 1 --2- 10.20.193.117:0/2427290878 >> [v2:10.20.193.117:6800/4072770823,v1:10.20.193.117:6801/4072770823] conn(0x7f62cc0af020 0x7f62cc0b14e0 secure :-1 s=READY pgs=80 cs=0 l=1 rev1=1 crypto rx=0x7f62e0009990 tx=0x7f62e0005e80 comp rx=0 tx=0).ready entity=mgr.14150 client_cookie=0 server_cookie=0 in_seq=0 out_seq=0
[2026-02-12 00:30:05,201][ceph_volume.process][INFO ] stderr
2026-02-12T00:30:05.108+0000 7f62de7fc640 1 -- 10.20.193.117:0/2427290878 <== mon.0 v2:10.20.193.117:3300/0 6 ==== mon_command_ack([{"prefix": "get_command_descriptions"}]=0 v0) v1 ==== 72+0+186382 (secure 0 0 0) 0x7f62ec0a25d0 con 0x7f62f010e470
[2026-02-12 00:30:05,201][ceph_volume.process][INFO ] stderr
2026-02-12T00:30:05.190+0000 7f62f72d1640 1 -- 10.20.193.117:0/2427290878 --> [v2:10.20.193.117:3300/0,v1:10.20.193.117:6789/0] -- mon_command({"prefix": "osd new", "uuid": "36f21975-9835-4f9c-8d8b-799a5e5ddd21"} v 0) v1 -- 0x7f62f0118410 con 0x7f62f010e470
[2026-02-12 00:30:05,201][ceph_volume.process][INFO ] stderr
2026-02-12T00:30:05.192+0000 7f62de7fc640 1 -- 10.20.193.117:0/2427290878 <== mon.0 v2:10.20.193.117:3300/0 7 ==== mon_command_ack([{"prefix": "osd new", "uuid": "36f21975-9835-4f9c-8d8b-799a5e5ddd21"}]=0 v31) v1 ==== 103+0+2 (secure 0 0 0) 0x7f62ec0a5de0 con 0x7f62f010e470
[2026-02-12 00:30:05,201][ceph_volume.process][INFO ] stderr
2026-02-12T00:30:05.193+0000 7f62f72d1640 1 -- 10.20.193.117:0/2427290878 >> [v2:10.20.193.117:6800/4072770823,v1:10.20.193.117:6801/4072770823] conn(0x7f62cc0af020 msgr2=0x7f62cc0b14e0 secure :-1 s=STATE_CONNECTION_ESTABLISHED l=1).mark_down
[2026-02-12 00:30:05,201][ceph_volume.process][INFO ] stderr
2026-02-12T00:30:05.193+0000 7f62f72d1640 1 --2- 10.20.193.117:0/2427290878 >> [v2:10.20.193.117:6800/4072770823,v1:10.20.193.117:6801/4072770823] conn(0x7f62cc0af020 0x7f62cc0b14e0 secure :-1 s=READY pgs=80 cs=0 l=1 rev1=1 crypto rx=0x7f62e0009990 tx=0x7f62e0005e80 comp rx=0 tx=0).stop
[2026-02-12 00:30:05,201][ceph_volume.process][INFO ] stderr
2026-02-12T00:30:05.193+0000 7f62f72d1640 1 -- 10.20.193.117:0/2427290878 >> [v2:10.20.193.117:3300/0,v1:10.20.193.117:6789/0] conn(0x7f62f010e470 msgr2=0x7f62f01ac0a0 secure :-1 s=STATE_CONNECTION_ESTABLISHED l=1).mark_down
[2026-02-12 00:30:05,201][ceph_volume.process][INFO ] stderr
2026-02-12T00:30:05.193+0000 7f62f72d1640 1 --2- 10.20.193.117:0/2427290878 >> [v2:10.20.193.117:3300/0,v1:10.20.193.117:6789/0] conn(0x7f62f010e470 0x7f62f01ac0a0 secure :-1 s=READY pgs=136 cs=0 l=1 rev1=1 crypto rx=0x7f62ec0060b0 tx=0x7f62ec00d4a0 comp rx=0 tx=0).stop
[2026-02-12 00:30:05,201][ceph_volume.process][INFO ] stderr
2026-02-12T00:30:05.193+0000 7f62f72d1640 1 -- 10.20.193.117:0/2427290878 shutdown_connections
[2026-02-12 00:30:05,201][ceph_volume.process][INFO ] stderr
2026-02-12T00:30:05.193+0000 7f62f72d1640 1 --2- 10.20.193.117:0/2427290878 >> [v2:10.20.193.117:3300/0,v1:10.20.193.117:6789/0] conn(0x7f62f010e470 0x7f62f01ac0a0 unknown :-1 s=CLOSED pgs=136 cs=0 l=1 rev1=1 crypto rx=0 tx=0 comp rx=0 tx=0).stop
[2026-02-12 00:30:05,201][ceph_volume.process][INFO ] stderr
2026-02-12T00:30:05.193+0000 7f62f72d1640 1 --2- 10.20.193.117:0/2427290878 >> [v2:10.20.193.117:6800/4072770823,v1:10.20.193.117:6801/4072770823] conn(0x7f62cc0af020 0x7f62cc0b14e0 unknown :-1 s=CLOSED pgs=80 cs=0 l=1 rev1=1 crypto rx=0 tx=0 comp rx=0 tx=0).stop
[2026-02-12 00:30:05,201][ceph_volume.process][INFO ] stderr
2026-02-12T00:30:05.193+0000 7f62f72d1640 1 --2- 10.20.193.117:0/2427290878 >> [v2:10.20.193.126:3300/0,v1:10.20.193.126:6789/0] conn(0x7f62f010c190 0x7f62f01a3bb0 unknown :-1 s=CLOSED pgs=0 cs=0 l=1 rev1=1 crypto rx=0 tx=0 comp rx=0 tx=0).stop
[2026-02-12 00:30:05,201][ceph_volume.process][INFO ] stderr
2026-02-12T00:30:05.193+0000 7f62f72d1640 1 --2- 10.20.193.117:0/2427290878 >> [v2:10.20.193.187:3300/0,v1:10.20.193.187:6789/0] conn(0x7f62f010b7d0 0x7f62f01a3670 unknown :-1 s=CLOSED pgs=0 cs=0 l=1 rev1=0 crypto rx=0 tx=0 comp rx=0 tx=0).stop
[2026-02-12 00:30:05,201][ceph_volume.process][INFO ] stderr
2026-02-12T00:30:05.193+0000 7f62f72d1640 1 -- 10.20.193.117:0/2427290878 >> 10.20.193.117:0/2427290878 conn(0x7f62f0072030 msgr2=0x7f62f01092d0 unknown :-1 s=STATE_NONE l=0).mark_down
[2026-02-12 00:30:05,201][ceph_volume.process][INFO ] stderr
2026-02-12T00:30:05.193+0000 7f62f72d1640 1 -- 10.20.193.117:0/2427290878 shutdown_connections
[2026-02-12 00:30:05,201][ceph_volume.process][INFO ] stderr
2026-02-12T00:30:05.193+0000 7f62f72d1640 1 -- 10.20.193.117:0/2427290878 wait complete.
[2026-02-12 00:30:05,204][ceph_volume.util.system][INFO ] Executable lvs found on the host, will use /sbin/lvs
[2026-02-12 00:30:05,204][ceph_volume.process][INFO ] Running command: nsenter --mount=/rootfs/proc/1/ns/mnt --ipc=/rootfs/proc/1/ns/ipc --net=/rootfs/proc/1/ns/net --uts=/rootfs/proc/1/ns/uts /sbin/lvs --noheadings --readonly --separator=";" -a --units=b --nosuffix -S lv_name=lv_2,vg_name=vg_nvme -o lv_tags,lv_path,lv_name,vg_name,lv_uuid,lv_size
[2026-02-12 00:30:05,234][ceph_volume.process][INFO ] stdout ";"/dev/vg_nvme/lv_2";"lv_2";"vg_nvme";"eZllmB-cD2B-VJ5U-V2An-U7R4-y13B-C6ZXJ7";"751619276800
[2026-02-12 00:30:05,236][ceph_volume.util.system][INFO ] Executable lvchange found on the host, will use /sbin/lvchange
[2026-02-12 00:30:05,237][ceph_volume.process][INFO ] Running command: nsenter --mount=/rootfs/proc/1/ns/mnt --ipc=/rootfs/proc/1/ns/ipc --net=/rootfs/proc/1/ns/net --uts=/rootfs/proc/1/ns/uts /sbin/lvchange --addtag ceph.osd_fsid=36f21975-9835-4f9c-8d8b-799a5e5ddd21 --addtag ceph.osd_id=6 --addtag ceph.cluster_fsid=b5112478-07a9-11f1-a56c-d404e6e7d460 --addtag ceph.cluster_name=ceph --addtag ceph.crush_device_class= --addtag ceph.osdspec_affinity=None --addtag ceph.block_device=/dev/vg_nvme/lv_2 --addtag ceph.block_uuid=eZllmB-cD2B-VJ5U-V2An-U7R4-y13B-C6ZXJ7 --addtag ceph.cephx_lockbox_secret= --addtag ceph.encrypted=0 --addtag ceph.vdo=0 --addtag ceph.type=block /dev/vg_nvme/lv_2
[2026-02-12 00:30:05,273][ceph_volume.process][INFO ] stdout Logical volume vg_nvme/lv_2 changed.
[2026-02-12 00:30:05,273][ceph_volume.process][INFO ] Running command: /usr/bin/ceph-authtool --gen-print-key
[2026-02-12 00:30:05,284][ceph_volume.process][INFO ] Running command: /usr/bin/mount -t tmpfs tmpfs /var/lib/ceph/osd/ceph-6
[2026-02-12 00:30:05,287][ceph_volume.util.system][INFO ] CEPH_VOLUME_SKIP_RESTORECON environ is set, will not call restorecon
[2026-02-12 00:30:05,287][ceph_volume.process][INFO ] Running command: /usr/bin/chown -h ceph:ceph /dev/vg_nvme/lv_2
[2026-02-12 00:30:05,289][ceph_volume.process][INFO ] Running command: /usr/bin/chown -R ceph:ceph /dev/dm-1
[2026-02-12 00:30:05,292][ceph_volume.process][INFO ] Running command: /usr/bin/ln -s /dev/vg_nvme/lv_2 /var/lib/ceph/osd/ceph-6/block
[2026-02-12 00:30:05,294][ceph_volume.process][INFO ] Running command: /usr/bin/ceph --cluster ceph --name client.bootstrap-osd --keyring /var/lib/ceph/bootstrap-osd/ceph.keyring mon getmap -o /var/lib/ceph/osd/ceph-6/activate.monmap
[2026-02-12 00:30:05,337][ceph_volume.process][INFO ] stderr
2026-02-12T00:30:05.336+0000 7faf7e38c640 1 -- 10.20.193.117:0/2120904400 >> [v2:10.20.193.117:3300/0,v1:10.20.193.117:6789/0] conn(0x7faf7810c7e0 msgr2=0x7faf7810cc90 secure :-1 s=STATE_CONNECTION_ESTABLISHED l=1).mark_down
2026-02-12T00:30:05.336+0000 7faf7e38c640 1 --2- 10.20.193.117:0/2120904400 >> [v2:10.20.193.117:3300/0,v1:10.20.193.117:6789/0] conn(0x7faf7810c7e0 0x7faf7810cc90 secure :-1 s=READY pgs=137 cs=0 l=1 rev1=1 crypto rx=0x7faf64005c90 tx=0x7faf6c02f400 comp rx=0 tx=0).stop
[2026-02-12 00:30:05,337][ceph_volume.process][INFO ] stderr
2026-02-12T00:30:05.336+0000 7faf7e38c640 1 -- 10.20.193.117:0/2120904400 shutdown_connections
2026-02-12T00:30:05.336+0000 7faf7e38c640 1 --2- 10.20.193.117:0/2120904400 >> [v2:10.20.193.117:3300/0,v1:10.20.193.117:6789/0] conn(0x7faf7810c7e0 0x7faf7810cc90 unknown :-1 s=CLOSED pgs=137 cs=0 l=1 rev1=1 crypto rx=0 tx=0 comp rx=0 tx=0).stop
2026-02-12T00:30:05.336+0000 7faf7e38c640 1 --2- 10.20.193.117:0/2120904400 >> [v2:10.20.193.126:3300/0,v1:10.20.193.126:6789/0] conn(0x7faf7806c150 0x7faf7806a840 unknown :-1 s=CLOSED pgs=0 cs=0 l=0 rev1=1 crypto rx=0 tx=0 comp rx=0 tx=0).stop
2026-02-12T00:30:05.336+0000 7faf7e38c640 1 --2- 10.20.193.117:0/2120904400 >> [v2:10.20.193.187:3300/0,v1:10.20.193.187:6789/0] conn(0x7faf7806bd70 0x7faf7806a300 unknown :-1 s=CLOSED pgs=0 cs=0 l=0 rev1=1 crypto rx=0 tx=0 comp rx=0 tx=0).stop
2026-02-12T00:30:05.336+0000 7faf7e38c640 1 -- 10.20.193.117:0/2120904400 >> 10.20.193.117:0/2120904400 conn(0x7faf7806fdd0 msgr2=0x7faf780721f0 unknown :-1 s=STATE_NONE l=0).mark_down 2
[2026-02-12 00:30:05,337][ceph_volume.process][INFO ] stderr 026-02-12T00:30:05.336+0000 7faf7e38c640 1 -- 10.20.193.117:0/2120904400 shutdown_connections
2026-02-12T00:30:05.336+0000 7faf7e38c640 1 -- 10.20.193.117:0/2120904400 wait complete.
[2026-02-12 00:30:05,337][ceph_volume.process][INFO ] stderr
2026-02-12T00:30:05.336+0000 7faf7e38c640 1 Processor -- start
[2026-02-12 00:30:05,337][ceph_volume.process][INFO ] stderr
2026-02-12T00:30:05.336+0000 7faf7e38c640 1 -- start start
[2026-02-12 00:30:05,337][ceph_volume.process][INFO ] stderr
2026-02-12T00:30:05.336+0000 7faf7e38c640 1 --2- >> [v2:10.20.193.187:3300/0,v1:10.20.193.187:6789/0] conn(0x7faf7806bd70 0x7faf781aa5f0 unknown :-1 s=NONE pgs=0 cs=0 l=1 rev1=0 crypto rx=0 tx=0 comp rx=0 tx=0).connect
2026-02-12T00:30:05.336+0000 7faf7e38c640 1 --2- >> [v2:10.20.193.117:3300/0,v1:10.20.193.117:6789/0] conn(0x7faf7806c150 0x7faf781aab30 unknown :-1 s=NONE pgs=0 cs=0 l=1 rev1=0 crypto rx=0 tx=0 comp rx=0 tx=0).connect
[2026-02-12 00:30:05,337][ceph_volume.process][INFO ] stderr
2026-02-12T00:30:05.336+0000 7faf7e38c640 1 --2- >> [v2:10.20.193.126:3300/0,v1:10.20.193.126:6789/0] conn(0x7faf7810c7e0 0x7faf781a78c0 unknown :-1 s=NONE pgs=0 cs=0 l=1 rev1=0 crypto rx=0 tx=0 comp rx=0 tx=0).connect
2026-02-12T00:30:05.336+0000 7faf7e38c640 1 -- --> [v2:10.20.193.117:3300/0,v1:10.20.193.117:6789/0] -- mon_getmap magic: 0 v1 -- 0x7faf781a8050 con 0x7faf7806c150
2026-02-12T00:30:05.336+0000 7faf7e38c640 1 -- --> [v2:10.20.193.126:3300/0,v1:10.20.193.126:6789/0] -- mon_getmap magic: 0 v1 -- 0x7faf781a81c0 con 0x7faf7810c7e0
2026-02-12T00:30:05.336+0000 7faf7e38c640 1 -- --> [v2:10.20.193.187:3300/0,v1:10.20.193.187:6789/0] -- mon_getmap magic: 0 v1 -- 0x7faf781a8380 con 0x7faf7806bd70
[2026-02-12 00:30:05,337][ceph_volume.process][INFO ] stderr
2026-02-12T00:30:05.336+0000 7faf777fe640 1 --2- >> [v2:10.20.193.117:3300/0,v1:10.20.193.117:6789/0] conn(0x7faf7806c150 0x7faf781aab30 unknown :-1 s=BANNER_CONNECTING pgs=0 cs=0 l=1 rev1=0 crypto rx=0 tx=0 comp rx=0 tx=0)._handle_peer_banner_payload supported=3 required=0
[2026-02-12 00:30:05,338][ceph_volume.process][INFO ] stderr
2026-02-12T00:30:05.336+0000 7faf777fe640 1 --2- >> [v2:10.20.193.117:3300/0,v1:10.20.193.117:6789/0] conn(0x7faf7806c150 0x7faf781aab30 unknown :-1 s=HELLO_CONNECTING pgs=0 cs=0 l=1 rev1=1 crypto rx=0 tx=0 comp rx=0 tx=0).handle_hello peer v2:10.20.193.117:3300/0 says I am v2:10.20.193.117:53886/0 (socket says 10.20.193.117:53886)
2026-02-12T00:30:05.336+0000 7faf777fe640 1 -- 10.20.193.117:0/4285632167 learned_addr learned my addr 10.20.193.117:0/4285632167 (peer_addr_for_me v2:10.20.193.117:0/0)
[2026-02-12 00:30:05,338][ceph_volume.process][INFO ] stderr
2026-02-12T00:30:05.336+0000 7faf77fff640 1 --2- 10.20.193.117:0/4285632167 >> [v2:10.20.193.187:3300/0,v1:10.20.193.187:6789/0] conn(0x7faf7806bd70 0x7faf781aa5f0 unknown :-1 s=BANNER_CONNECTING pgs=0 cs=0 l=1 rev1=0 crypto rx=0 tx=0 comp rx=0 tx=0)._handle_peer_banner_payload supported=3 required=0
2026-02-12T00:30:05.336+0000 7faf7c902640 1 --2- 10.20.193.117:0/4285632167 >> [v2:10.20.193.126:3300/0,v1:10.20.193.126:6789/0] conn(0x7faf7810c7e0 0x7faf781a78c0 unknown :-1 s=BANNER_CONNECTING pgs=0 cs=0 l=1 rev1=0 crypto rx=0 tx=0 comp rx=0 tx=0)._handle_peer_banner_payload supported=3 required=0
[2026-02-12 00:30:05,338][ceph_volume.process][INFO ] stderr
2026-02-12T00:30:05.336+0000 7faf777fe640 1 -- 10.20.193.117:0/4285632167 >> [v2:10.20.193.187:3300/0,v1:10.20.193.187:6789/0] conn(0x7faf7806bd70 msgr2=0x7faf781aa5f0 unknown :-1 s=STATE_CONNECTION_ESTABLISHED l=1).mark_down
2026-02-12T00:30:05.336+0000 7faf777fe640 1 --2- 10.20.193.117:0/4285632167 >> [v2:10.20.193.187:3300/0,v1:10.20.193.187:6789/0] conn(0x7faf7806bd70 0x7faf781aa5f0 unknown :-1 s=AUTH_CONNECTING pgs=0 cs=0 l=1 rev1=1 crypto rx=0 tx=0 comp rx=0 tx=0).stop
[2026-02-12 00:30:05,338][ceph_volume.process][INFO ] stderr
2026-02-12T00:30:05.336+0000 7faf777fe640 1 -- 10.20.193.117:0/4285632167 >> [v2:10.20.193.126:3300/0,v1:10.20.193.126:6789/0] conn(0x7faf7810c7e0 msgr2=0x7faf781a78c0 unknown :-1 s=STATE_CONNECTION_ESTABLISHED l=1).mark_down
2026-02-12T00:30:05.336+0000 7faf777fe640 1 --2- 10.20.193.117:0/4285632167 >> [v2:10.20.193.126:3300/0,v1:10.20.193.126:6789/0] conn(0x7faf7810c7e0 0x7faf781a78c0 unknown :-1 s=AUTH_CONNECTING pgs=0 cs=0 l=1 rev1=1 crypto rx=0 tx=0 comp rx=0 tx=0).stop
2026-02-12T00:30:05.336+0000 7faf777fe640 1 -- 10.20.193.117:0/4285632167 --> [v2:10.20.193.117:3300/0,v1:10.20.193.117:6789/0] -- mon_subscribe({config=0+,monmap=0+}) v3 -- 0x7faf781a8540 con 0x7faf7806c150
2026-02-12T00:30:05.336+0000 7faf7c902640 1 --2- 10.20.193.117:0/4285632167 >> [v2:10.20.193.126:3300/0,v1:10.20.193.126:6789/0] conn(0x7faf7810c7e0 0x7faf781a78c0 unknown :-1 s=CLOSED pgs=0 cs=0 l=1 rev1=1 crypto rx=0 tx=0 comp rx=0 tx=0).send_auth_request state changed!
[2026-02-12 00:30:05,338][ceph_volume.process][INFO ] stderr
2026-02-12T00:30:05.337+0000 7faf777fe640 1 --2- 10.20.193.117:0/4285632167 >> [v2:10.20.193.117:3300/0,v1:10.20.193.117:6789/0] conn(0x7faf7806c150 0x7faf781aab30 secure :-1 s=READY pgs=138 cs=0 l=1 rev1=1 crypto rx=0x7faf680059c0 tx=0x7faf6800eed0 comp rx=0 tx=0).ready entity=mon.0 client_cookie=0 server_cookie=0 in_seq=0 out_seq=0
[2026-02-12 00:30:05,338][ceph_volume.process][INFO ] stderr
2026-02-12T00:30:05.337+0000 7faf757fa640 1 -- 10.20.193.117:0/4285632167 <== mon.0 v2:10.20.193.117:3300/0 1 ==== mon_map magic: 0 v1 ==== 413+0+0 (secure 0 0 0) 0x7faf68009830 con 0x7faf7806c150
[2026-02-12 00:30:05,338][ceph_volume.process][INFO ] stderr
2026-02-12T00:30:05.337+0000 7faf757fa640 1 -- 10.20.193.117:0/4285632167 <== mon.0 v2:10.20.193.117:3300/0 2 ==== config(26 keys) v1 ==== 1074+0+0 (secure 0 0 0) 0x7faf6800ce50 con 0x7faf7806c150
2026-02-12T00:30:05.337+0000 7faf7e38c640 1 -- 10.20.193.117:0/4285632167 --> [v2:10.20.193.117:3300/0,v1:10.20.193.117:6789/0] -- mon_subscribe({mgrmap=0+}) v3 -- 0x7faf781b1370 con 0x7faf7806c150
[2026-02-12 00:30:05,338][ceph_volume.process][INFO ] stderr
2026-02-12T00:30:05.337+0000 7faf757fa640 1 -- 10.20.193.117:0/4285632167 <== mon.0 v2:10.20.193.117:3300/0 3 ==== mon_map magic: 0 v1 ==== 413+0+0 (secure 0 0 0) 0x7faf68010690 con 0x7faf7806c150
[2026-02-12 00:30:05,338][ceph_volume.process][INFO ] stderr
2026-02-12T00:30:05.337+0000 7faf7e38c640 1 -- 10.20.193.117:0/4285632167 --> [v2:10.20.193.117:3300/0,v1:10.20.193.117:6789/0] -- mon_subscribe({osdmap=0}) v3 -- 0x7faf781b17e0 con 0x7faf7806c150
[2026-02-12 00:30:05,338][ceph_volume.process][INFO ] stderr
2026-02-12T00:30:05.337+0000 7faf7e38c640 1 -- 10.20.193.117:0/4285632167 --> [v2:10.20.193.117:3300/0,v1:10.20.193.117:6789/0] -- mon_command({"prefix": "get_command_descriptions"} v 0) v1 -- 0x7faf7810cc90 con 0x7faf7806c150
[2026-02-12 00:30:05,340][ceph_volume.process][INFO ] stderr
2026-02-12T00:30:05.339+0000 7faf757fa640 1 -- 10.20.193.117:0/4285632167 <== mon.0 v2:10.20.193.117:3300/0 4 ==== mgrmap(e 15) v1 ==== 147323+0+0 (secure 0 0 0) 0x7faf68002890 con 0x7faf7806c150
[2026-02-12 00:30:05,341][ceph_volume.process][INFO ] stderr
2026-02-12T00:30:05.339+0000 7faf757fa640 1 --2- 10.20.193.117:0/4285632167 >> [v2:10.20.193.117:6800/4072770823,v1:10.20.193.117:6801/4072770823] conn(0x7faf4c0af020 0x7faf4c0b14e0 unknown :-1 s=NONE pgs=0 cs=0 l=1 rev1=0 crypto rx=0 tx=0 comp rx=0 tx=0).connect
[2026-02-12 00:30:05,341][ceph_volume.process][INFO ] stderr
2026-02-12T00:30:05.340+0000 7faf77fff640 1 --2- 10.20.193.117:0/4285632167 >> [v2:10.20.193.117:6800/4072770823,v1:10.20.193.117:6801/4072770823] conn(0x7faf4c0af020 0x7faf4c0b14e0 unknown :-1 s=BANNER_CONNECTING pgs=0 cs=0 l=1 rev1=0 crypto rx=0 tx=0 comp rx=0 tx=0)._handle_peer_banner_payload supported=3 required=0
[2026-02-12 00:30:05,341][ceph_volume.process][INFO ] stderr
2026-02-12T00:30:05.340+0000 7faf757fa640 1 -- 10.20.193.117:0/4285632167 <== mon.0 v2:10.20.193.117:3300/0 5 ==== osd_map(31..31 src has 1..31) v4 ==== 4325+0+0 (secure 0 0 0) 0x7faf68014070 con 0x7faf7806c150
[2026-02-12 00:30:05,341][ceph_volume.process][INFO ] stderr
2026-02-12T00:30:05.340+0000 7faf77fff640 1 --2- 10.20.193.117:0/4285632167 >> [v2:10.20.193.117:6800/4072770823,v1:10.20.193.117:6801/4072770823] conn(0x7faf4c0af020 0x7faf4c0b14e0 secure :-1 s=READY pgs=81 cs=0 l=1 rev1=1 crypto rx=0x7faf640059c0 tx=0x7faf64005950 comp rx=0 tx=0).ready entity=mgr.14150 client_cookie=0 server_cookie=0 in_seq=0 out_seq=0
[2026-02-12 00:30:05,341][ceph_volume.process][INFO ] stderr
2026-02-12T00:30:05.340+0000 7faf757fa640 1 -- 10.20.193.117:0/4285632167 <== mon.0 v2:10.20.193.117:3300/0 6 ==== mon_command_ack([{"prefix": "get_command_descriptions"}]=0 v0) v1 ==== 72+0+186382 (secure 0 0 0) 0x7faf680a2c00 con 0x7faf7806c150
[2026-02-12 00:30:05,452][ceph_volume.process][INFO ] stderr
2026-02-12T00:30:05.451+0000 7faf7e38c640 1 -- 10.20.193.117:0/4285632167 --> [v2:10.20.193.117:3300/0,v1:10.20.193.117:6789/0] -- mon_command({"prefix": "mon getmap"} v 0) v1 -- 0x7faf7811c970 con 0x7faf7806c150
[2026-02-12 00:30:05,453][ceph_volume.process][INFO ] stderr
2026-02-12T00:30:05.451+0000 7faf757fa640 1 -- 10.20.193.117:0/4285632167 <== mon.0 v2:10.20.193.117:3300/0 7 ==== mon_command_ack([{"prefix": "mon getmap"}]=0 got monmap epoch 3 v3) v1 ==== 76+0+409 (secure 0 0 0) 0x7faf680a6410 con 0x7faf7806c150
[2026-02-12 00:30:05,453][ceph_volume.process][INFO ] stderr got monmap epoch 3
[2026-02-12 00:30:05,453][ceph_volume.process][INFO ] stderr
2026-02-12T00:30:05.452+0000 7faf7e38c640 1 -- 10.20.193.117:0/4285632167 >> [v2:10.20.193.117:6800/4072770823,v1:10.20.193.117:6801/4072770823] conn(0x7faf4c0af020 msgr2=0x7faf4c0b14e0 secure :-1 s=STATE_CONNECTION_ESTABLISHED l=1).mark_down
2026-02-12T00:30:05.452+0000 7faf7e38c640 1 --2- 10.20.193.117:0/4285632167 >> [v2:10.20.193.117:6800/4072770823,v1:10.20.193.117:6801/4072770823] conn(0x7faf4c0af020 0x7faf4c0b14e0 secure :-1 s=READY pgs=81 cs=0 l=1 rev1=1 crypto rx=0x7faf640059c0 tx=0x7faf64005950 comp rx=0 tx=0).stop
2026-02-12T00:30:05.452+0000 7faf7e38c640 1 -- 10.20.193.117:0/4285632167 >> [v2:10.20.193.117:3300/0,v1:10.20.193.117:6789/0] conn(0x7faf7806c150 msgr2=0x7faf781aab30 secure :-1 s=STATE_CONNECTION_ESTABLISHED l=1).mark_down
2026-02-12T00:30:05.452+0000 7faf7e38c640 1 --2- 10.20.193.117:0/4285632167 >> [v2:10.20.193.117:3300/0,v1:10.20.193.117:6789/0] conn(0x7faf7806c150 0x7faf781aab30 secure :-1 s=READY pgs=138 cs=0 l=1 rev1=1 crypto rx=0x7faf680059c0 tx=0x7faf6800eed0 comp rx=0 tx=0
[2026-02-12 00:30:05,453][ceph_volume.process][INFO ] stderr ).stop
2026-02-12T00:30:05.452+0000 7faf7e38c640 1 -- 10.20.193.117:0/4285632167 shutdown_connections
2026-02-12T00:30:05.452+0000 7faf7e38c640 1 --2- 10.20.193.117:0/4285632167 >> [v2:10.20.193.117:6800/4072770823,v1:10.20.193.117:6801/4072770823] conn(0x7faf4c0af020 0x7faf4c0b14e0 unknown :-1 s=CLOSED pgs=81 cs=0 l=1 rev1=1 crypto rx=0 tx=0 comp rx=0 tx=0).stop
[2026-02-12 00:30:05,453][ceph_volume.process][INFO ] stderr
2026-02-12T00:30:05.452+0000 7faf7e38c640 1 --2- 10.20.193.117:0/4285632167 >> [v2:10.20.193.126:3300/0,v1:10.20.193.126:6789/0] conn(0x7faf7810c7e0 0x7faf781a78c0 unknown :-1 s=CLOSED pgs=0 cs=0 l=1 rev1=1 crypto rx=0 tx=0 comp rx=0 tx=0).stop
2026-02-12T00:30:05.452+0000 7faf7e38c640 1 --2- 10.20.193.117:0/4285632167 >> [v2:10.20.193.117:3300/0,v1:10.20.193.117:6789/0] conn(0x7faf7806c150 0x7faf781aab30 unknown :-1 s=CLOSED pgs=138 cs=0 l=1 rev1=1 crypto rx=0 tx=0 comp rx=0 tx=0).stop
2026-02-12T00:30:05.452+0000 7faf7e38c640 1 --2- 10.20.193.117:0/4285632167 >> [v2:10.20.193.187:3300/0,v1:10.20.193.187:6789/0] conn(0x7faf7806bd70 0x7faf781aa5f0 unknown :-1 s=CLOSED pgs=0 cs=0 l=1 rev1=1 crypto rx=0 tx=0 comp rx=0 tx=0).stop
2026-02-12T00:30:05.452+0000 7faf7e38c640 1 -- 10.20.193.117:0/4285632167 >> 10.20.193.117:0/4285632167 conn(0x7faf7806fdd0 msgr2=0x7faf78119e00 unknown :-1 s=STATE_NONE l=0).mark_down
[2026-02-12 00:30:05,454][ceph_volume.process][INFO ] stderr
2026-02-12T00:30:05.452+0000 7faf7e38c640 1 -- 10.20.193.117:0/4285632167 shutdown_connections
2026-02-12T00:30:05.452+0000 7faf7e38c640 1 -- 10.20.193.117:0/4285632167 wait complete.
[2026-02-12 00:30:05,460][ceph_volume.util.prepare][INFO ] Creating keyring file for osd.6
[2026-02-12 00:30:05,460][ceph_volume.process][INFO ] Running command: /usr/bin/ceph-authtool /var/lib/ceph/osd/ceph-6/keyring --create-keyring --name osd.6 --add-key AQANH41pktOzAxAAH/HRsnSrpZQ55czvr2cKjA==
[2026-02-12 00:30:05,473][ceph_volume.process][INFO ] Running command: /usr/bin/chown -R ceph:ceph /var/lib/ceph/osd/ceph-6/keyring
[2026-02-12 00:30:05,476][ceph_volume.process][INFO ] Running command: /usr/bin/chown -R ceph:ceph /var/lib/ceph/osd/ceph-6/
[2026-02-12 00:30:05,478][ceph_volume.process][INFO ] Running command: /usr/bin/ceph-osd --cluster ceph --osd-objectstore bluestore --mkfs -i 6 --monmap /var/lib/ceph/osd/ceph-6/activate.monmap --keyfile - --osdspec-affinity None --osd-data /var/lib/ceph/osd/ceph-6/ --osd-uuid 36f21975-9835-4f9c-8d8b-799a5e5ddd21 --setuser ceph --setgroup ceph
[2026-02-12 00:30:08,594][ceph_volume.process][INFO ] stderr
2026-02-12T00:30:05.496+0000 7f2c47b64740 -1 bluestore(/var/lib/ceph/osd/ceph-6/) _read_fsid unparsable uuid
[2026-02-12 00:30:08,596][ceph_volume.util.system][INFO ] Executable lvs found on the host, will use /sbin/lvs
[2026-02-12 00:30:08,596][ceph_volume.process][INFO ] Running command: nsenter --mount=/rootfs/proc/1/ns/mnt --ipc=/rootfs/proc/1/ns/ipc --net=/rootfs/proc/1/ns/net --uts=/rootfs/proc/1/ns/uts /sbin/lvs --noheadings --readonly --separator=";" -a --units=b --nosuffix -S tags={ceph.osd_fsid=36f21975-9835-4f9c-8d8b-799a5e5ddd21} -o lv_tags,lv_path,lv_name,vg_name,lv_uuid,lv_size
[2026-02-12 00:30:08,633][ceph_volume.process][INFO ] stdout ceph.block_device=/dev/vg_nvme/lv_2,ceph.block_uuid=eZllmB-cD2B-VJ5U-V2An-U7R4-y13B-C6ZXJ7,ceph.cephx_lockbox_secret=,ceph.cluster_fsid=b5112478-07a9-11f1-a56c-d404e6e7d460,ceph.cluster_name=ceph,ceph.crush_device_class=,ceph.encrypted=0,ceph.osd_fsid=36f21975-9835-4f9c-8d8b-799a5e5ddd21,ceph.osd_id=6,ceph.osdspec_affinity=None,ceph.type=block,ceph.vdo=0";"/dev/vg_nvme/lv_2";"lv_2";"vg_nvme";"eZllmB-cD2B-VJ5U-V2An-U7R4-y13B-C6ZXJ7";"751619276800
[2026-02-12 00:30:08,640][ceph_volume.devices.lvm.activate][DEBUG ] Found block device (lv_2) with encryption: False
[2026-02-12 00:30:08,640][ceph_volume.devices.lvm.activate][DEBUG ] Found block device (lv_2) with encryption: False
[2026-02-12 00:30:08,640][ceph_volume.process][INFO ] Running command: /usr/bin/chown -R ceph:ceph /var/lib/ceph/osd/ceph-6
[2026-02-12 00:30:08,643][ceph_volume.process][INFO ] Running command: /usr/bin/ceph-bluestore-tool --cluster=ceph prime-osd-dir --dev /dev/vg_nvme/lv_2 --path /var/lib/ceph/osd/ceph-6 --no-mon-config
[2026-02-12 00:30:08,656][ceph_volume.process][INFO ] Running command: /usr/bin/ln -snf /dev/vg_nvme/lv_2 /var/lib/ceph/osd/ceph-6/block
[2026-02-12 00:30:08,658][ceph_volume.process][INFO ] Running command: /usr/bin/chown -h ceph:ceph /var/lib/ceph/osd/ceph-6/block
[2026-02-12 00:30:08,661][ceph_volume.process][INFO ] Running command: /usr/bin/chown -R ceph:ceph /dev/dm-1
[2026-02-12 00:30:08,663][ceph_volume.process][INFO ] Running command: /usr/bin/chown -R ceph:ceph /var/lib/ceph/osd/ceph-6
[2026-02-12 00:30:09,119][ceph_volume.main][INFO ] Running command: ceph-volume lvm list --format json
[2026-02-12 00:30:09,122][ceph_volume.util.system][INFO ] Executable lvs found on the host, will use /sbin/lvs
[2026-02-12 00:30:09,123][ceph_volume.process][INFO ] Running command: nsenter --mount=/rootfs/proc/1/ns/mnt --ipc=/rootfs/proc/1/ns/ipc --net=/rootfs/proc/1/ns/net --uts=/rootfs/proc/1/ns/uts /sbin/lvs --noheadings --readonly --separator=";" -a --units=b --nosuffix -S -o lv_tags,lv_path,lv_name,vg_name,lv_uuid,lv_size
[2026-02-12 00:30:09,161][ceph_volume.process][INFO ] stdout ";"/dev/vg_nvme/lv_1";"lv_1";"vg_nvme";"ziCYHn-0HSr-gAlg-WUyS-fdn5-1CQ3-oXU8Ef";"751619276800
[2026-02-12 00:30:09,161][ceph_volume.process][INFO ] stdout ceph.block_device=/dev/vg_nvme/lv_2,ceph.block_uuid=eZllmB-cD2B-VJ5U-V2An-U7R4-y13B-C6ZXJ7,ceph.cephx_lockbox_secret=,ceph.cluster_fsid=b5112478-07a9-11f1-a56c-d404e6e7d460,ceph.cluster_name=ceph,ceph.crush_device_class=,ceph.encrypted=0,ceph.osd_fsid=36f21975-9835-4f9c-8d8b-799a5e5ddd21,ceph.osd_id=6,ceph.osdspec_affinity=None,ceph.type=block,ceph.vdo=0";"/dev/vg_nvme/lv_2";"lv_2";"vg_nvme";"eZllmB-cD2B-VJ5U-V2An-U7R4-y13B-C6ZXJ7";"751619276800
