2026-02-12 00:28:36,002 7f28ec457e00 QUIET /usr/bin/ceph: stdout },
2026-02-12 00:28:36,002 7f28ec457e00 QUIET /usr/bin/ceph: stdout "election_epoch": 5,
2026-02-12 00:28:36,002 7f28ec457e00 QUIET /usr/bin/ceph: stdout "quorum": [
2026-02-12 00:28:36,002 7f28ec457e00 QUIET /usr/bin/ceph: stdout 0
2026-02-12 00:28:36,002 7f28ec457e00 QUIET /usr/bin/ceph: stdout ],
2026-02-12 00:28:36,002 7f28ec457e00 QUIET /usr/bin/ceph: stdout "quorum_names": [
2026-02-12 00:28:36,002 7f28ec457e00 QUIET /usr/bin/ceph: stdout "a"
2026-02-12 00:28:36,002 7f28ec457e00 QUIET /usr/bin/ceph: stdout ],
2026-02-12 00:28:36,002 7f28ec457e00 QUIET /usr/bin/ceph: stdout "quorum_age": 5,
2026-02-12 00:28:36,002 7f28ec457e00 QUIET /usr/bin/ceph: stdout "monmap": {
2026-02-12 00:28:36,002 7f28ec457e00 QUIET /usr/bin/ceph: stdout "epoch": 1,
2026-02-12 00:28:36,002 7f28ec457e00 QUIET /usr/bin/ceph: stdout "min_mon_release_name": "reef",
2026-02-12 00:28:36,002 7f28ec457e00 QUIET /usr/bin/ceph: stdout "num_mons": 1
2026-02-12 00:28:36,002 7f28ec457e00 QUIET /usr/bin/ceph: stdout },
2026-02-12 00:28:36,002 7f28ec457e00 QUIET /usr/bin/ceph: stdout "osdmap": {
2026-02-12 00:28:36,002 7f28ec457e00 QUIET /usr/bin/ceph: stdout "epoch": 1,
2026-02-12 00:28:36,002 7f28ec457e00 QUIET /usr/bin/ceph: stdout "num_osds": 0,
2026-02-12 00:28:36,002 7f28ec457e00 QUIET /usr/bin/ceph: stdout "num_up_osds": 0,
2026-02-12 00:28:36,002 7f28ec457e00 QUIET /usr/bin/ceph: stdout "osd_up_since": 0,
2026-02-12 00:28:36,002 7f28ec457e00 QUIET /usr/bin/ceph: stdout "num_in_osds": 0,
2026-02-12 00:28:36,002 7f28ec457e00 QUIET /usr/bin/ceph: stdout "osd_in_since": 0,
2026-02-12 00:28:36,002 7f28ec457e00 QUIET /usr/bin/ceph: stdout "num_remapped_pgs": 0
2026-02-12 00:28:36,002 7f28ec457e00 QUIET /usr/bin/ceph: stdout },
2026-02-12 00:28:36,002 7f28ec457e00 QUIET /usr/bin/ceph: stdout "pgmap": {
2026-02-12 00:28:36,002 7f28ec457e00 QUIET /usr/bin/ceph: stdout "pgs_by_state": [],
2026-02-12 00:28:36,002 7f28ec457e00 QUIET /usr/bin/ceph: stdout "num_pgs": 0,
2026-02-12 00:28:36,002 7f28ec457e00 QUIET /usr/bin/ceph: stdout "num_pools": 0,
2026-02-12 00:28:36,002 7f28ec457e00 QUIET /usr/bin/ceph: stdout "num_objects": 0,
2026-02-12 00:28:36,002 7f28ec457e00 QUIET /usr/bin/ceph: stdout "data_bytes": 0,
2026-02-12 00:28:36,002 7f28ec457e00 QUIET /usr/bin/ceph: stdout "bytes_used": 0,
2026-02-12 00:28:36,002 7f28ec457e00 QUIET /usr/bin/ceph: stdout "bytes_avail": 0,
2026-02-12 00:28:36,002 7f28ec457e00 QUIET /usr/bin/ceph: stdout "bytes_total": 0
2026-02-12 00:28:36,002 7f28ec457e00 QUIET /usr/bin/ceph: stdout },
2026-02-12 00:28:36,002 7f28ec457e00 QUIET /usr/bin/ceph: stdout "fsmap": {
2026-02-12 00:28:36,002 7f28ec457e00 QUIET /usr/bin/ceph: stdout "epoch": 1,
2026-02-12 00:28:36,002 7f28ec457e00 QUIET /usr/bin/ceph: stdout "by_rank": [],
2026-02-12 00:28:36,002 7f28ec457e00 QUIET /usr/bin/ceph: stdout "up:standby": 0
2026-02-12 00:28:36,002 7f28ec457e00 QUIET /usr/bin/ceph: stdout },
2026-02-12 00:28:36,002 7f28ec457e00 QUIET /usr/bin/ceph: stdout "mgrmap": {
2026-02-12 00:28:36,002 7f28ec457e00 QUIET /usr/bin/ceph: stdout "available": true,
2026-02-12 00:28:36,002 7f28ec457e00 QUIET /usr/bin/ceph: stdout "num_standbys": 0,
2026-02-12 00:28:36,002 7f28ec457e00 QUIET /usr/bin/ceph: stdout "modules": [
2026-02-12 00:28:36,003 7f28ec457e00 QUIET /usr/bin/ceph: stdout "iostat",
2026-02-12 00:28:36,003 7f28ec457e00 QUIET /usr/bin/ceph: stdout "nfs",
2026-02-12 00:28:36,003 7f28ec457e00 QUIET /usr/bin/ceph: stdout "restful"
2026-02-12 00:28:36,003 7f28ec457e00 QUIET /usr/bin/ceph: stdout ],
2026-02-12 00:28:36,003 7f28ec457e00 QUIET /usr/bin/ceph: stdout "services": {}
2026-02-12 00:28:36,003 7f28ec457e00 QUIET /usr/bin/ceph: stdout },
2026-02-12 00:28:36,003 7f28ec457e00 QUIET /usr/bin/ceph: stdout "servicemap": {
2026-02-12 00:28:36,003 7f28ec457e00 QUIET /usr/bin/ceph: stdout "epoch": 1,
2026-02-12 00:28:36,003 7f28ec457e00 QUIET /usr/bin/ceph: stdout "modified": "2026-02-12T00:28:30.047990+0000",
2026-02-12 00:28:36,003 7f28ec457e00 QUIET /usr/bin/ceph: stdout "services": {}
2026-02-12 00:28:36,003 7f28ec457e00 QUIET /usr/bin/ceph: stdout },
2026-02-12 00:28:36,003 7f28ec457e00 QUIET /usr/bin/ceph: stdout "progress_events": {}
2026-02-12 00:28:36,003 7f28ec457e00 QUIET /usr/bin/ceph: stdout }
2026-02-12 00:28:36,003 7f28ec457e00 QUIET /usr/bin/ceph: stderr
2026-02-12T00:28:35.869+0000 7fd01a95c640 1 Processor -- start
2026-02-12 00:28:36,003 7f28ec457e00 QUIET /usr/bin/ceph: stderr
2026-02-12T00:28:35.869+0000 7fd01a95c640 1 -- start start
2026-02-12 00:28:36,003 7f28ec457e00 QUIET /usr/bin/ceph: stderr
2026-02-12T00:28:35.869+0000 7fd01a95c640 1 --2- >> [v2:10.20.193.117:3300/0,v1:10.20.193.117:6789/0] conn(0x7fd0141052b0 0x7fd0141056b0 unknown :-1 s=NONE pgs=0 cs=0 l=0 rev1=0 crypto rx=0 tx=0 comp rx=0 tx=0).connect
2026-02-12 00:28:36,003 7f28ec457e00 QUIET /usr/bin/ceph: stderr
2026-02-12T00:28:35.869+0000 7fd01a95c640 1 -- --> [v2:10.20.193.117:3300/0,v1:10.20.193.117:6789/0] -- mon_getmap magic: 0 v1 -- 0x7fd014105c80 con 0x7fd0141052b0
2026-02-12 00:28:36,003 7f28ec457e00 QUIET /usr/bin/ceph: stderr
2026-02-12T00:28:35.869+0000 7fd013fff640 1 --2- >> [v2:10.20.193.117:3300/0,v1:10.20.193.117:6789/0] conn(0x7fd0141052b0 0x7fd0141056b0 unknown :-1 s=BANNER_CONNECTING pgs=0 cs=0 l=0 rev1=0 crypto rx=0 tx=0 comp rx=0 tx=0)._handle_peer_banner_payload supported=3 required=0
2026-02-12 00:28:36,003 7f28ec457e00 QUIET /usr/bin/ceph: stderr
2026-02-12T00:28:35.869+0000 7fd013fff640 1 --2- >> [v2:10.20.193.117:3300/0,v1:10.20.193.117:6789/0] conn(0x7fd0141052b0 0x7fd0141056b0 unknown :-1 s=HELLO_CONNECTING pgs=0 cs=0 l=0 rev1=1 crypto rx=0 tx=0 comp rx=0 tx=0).handle_hello peer v2:10.20.193.117:3300/0 says I am v2:10.20.193.117:49816/0 (socket says 10.20.193.117:49816)
2026-02-12 00:28:36,003 7f28ec457e00 QUIET /usr/bin/ceph: stderr
2026-02-12T00:28:35.869+0000 7fd013fff640 1 -- 10.20.193.117:0/3735742125 learned_addr learned my addr 10.20.193.117:0/3735742125 (peer_addr_for_me v2:10.20.193.117:0/0)
2026-02-12 00:28:36,003 7f28ec457e00 QUIET /usr/bin/ceph: stderr
2026-02-12T00:28:35.869+0000 7fd013fff640 1 -- 10.20.193.117:0/3735742125 --> [v2:10.20.193.117:3300/0,v1:10.20.193.117:6789/0] -- mon_subscribe({config=0+,monmap=0+}) v3 -- 0x7fd0141064b0 con 0x7fd0141052b0
2026-02-12 00:28:36,003 7f28ec457e00 QUIET /usr/bin/ceph: stderr
2026-02-12T00:28:35.870+0000 7fd013fff640 1 --2- 10.20.193.117:0/3735742125 >> [v2:10.20.193.117:3300/0,v1:10.20.193.117:6789/0] conn(0x7fd0141052b0 0x7fd0141056b0 secure :-1 s=READY pgs=16 cs=0 l=1 rev1=1 crypto rx=0x7fd000009920 tx=0x7fd00002ef20 comp rx=0 tx=0).ready entity=mon.0 client_cookie=dbbb287549d14458 server_cookie=0 in_seq=0 out_seq=0
2026-02-12 00:28:36,003 7f28ec457e00 QUIET /usr/bin/ceph: stderr
2026-02-12T00:28:35.870+0000 7fd012ffd640 1 -- 10.20.193.117:0/3735742125 <== mon.0 v2:10.20.193.117:3300/0 1 ==== mon_map magic: 0 v1 ==== 205+0+0 (secure 0 0 0) 0x7fd00002fae0 con 0x7fd0141052b0
2026-02-12 00:28:36,003 7f28ec457e00 QUIET /usr/bin/ceph: stderr
2026-02-12T00:28:35.870+0000 7fd012ffd640 1 -- 10.20.193.117:0/3735742125 <== mon.0 v2:10.20.193.117:3300/0 2 ==== config(26 keys) v1 ==== 1043+0+0 (secure 0 0 0) 0x7fd00002fc40 con 0x7fd0141052b0
2026-02-12 00:28:36,003 7f28ec457e00 QUIET /usr/bin/ceph: stderr
2026-02-12T00:28:35.870+0000 7fd012ffd640 1 -- 10.20.193.117:0/3735742125 <== mon.0 v2:10.20.193.117:3300/0 3 ==== mon_map magic: 0 v1 ==== 205+0+0 (secure 0 0 0) 0x7fd000035510 con 0x7fd0141052b0
2026-02-12 00:28:36,003 7f28ec457e00 QUIET /usr/bin/ceph: stderr
2026-02-12T00:28:35.870+0000 7fd01a95c640 1 -- 10.20.193.117:0/3735742125 >> [v2:10.20.193.117:3300/0,v1:10.20.193.117:6789/0] conn(0x7fd0141052b0 msgr2=0x7fd0141056b0 secure :-1 s=STATE_CONNECTION_ESTABLISHED l=1).mark_down
2026-02-12 00:28:36,003 7f28ec457e00 QUIET /usr/bin/ceph: stderr
2026-02-12T00:28:35.870+0000 7fd01a95c640 1 --2- 10.20.193.117:0/3735742125 >> [v2:10.20.193.117:3300/0,v1:10.20.193.117:6789/0] conn(0x7fd0141052b0 0x7fd0141056b0 secure :-1 s=READY pgs=16 cs=0 l=1 rev1=1 crypto rx=0x7fd000009920 tx=0x7fd00002ef20 comp rx=0 tx=0).stop
2026-02-12 00:28:36,003 7f28ec457e00 QUIET /usr/bin/ceph: stderr
2026-02-12T00:28:35.870+0000 7fd01a95c640 1 -- 10.20.193.117:0/3735742125 shutdown_connections
2026-02-12 00:28:36,003 7f28ec457e00 QUIET /usr/bin/ceph: stderr
2026-02-12T00:28:35.870+0000 7fd01a95c640 1 --2- 10.20.193.117:0/3735742125 >> [v2:10.20.193.117:3300/0,v1:10.20.193.117:6789/0] conn(0x7fd0141052b0 0x7fd0141056b0 unknown :-1 s=CLOSED pgs=16 cs=0 l=1 rev1=1 crypto rx=0 tx=0 comp rx=0 tx=0).stop
2026-02-12 00:28:36,003 7f28ec457e00 QUIET /usr/bin/ceph: stderr
2026-02-12T00:28:35.870+0000 7fd01a95c640 1 -- 10.20.193.117:0/3735742125 >> 10.20.193.117:0/3735742125 conn(0x7fd014100a40 msgr2=0x7fd014102e80 unknown :-1 s=STATE_NONE l=0).mark_down
2026-02-12 00:28:36,003 7f28ec457e00 QUIET /usr/bin/ceph: stderr
2026-02-12T00:28:35.870+0000 7fd01a95c640 1 -- 10.20.193.117:0/3735742125 shutdown_connections
2026-02-12 00:28:36,003 7f28ec457e00 QUIET /usr/bin/ceph: stderr
2026-02-12T00:28:35.870+0000 7fd01a95c640 1 -- 10.20.193.117:0/3735742125 wait complete.
2026-02-12 00:28:36,003 7f28ec457e00 QUIET /usr/bin/ceph: stderr
2026-02-12T00:28:35.870+0000 7fd01a95c640 1 Processor -- start
2026-02-12 00:28:36,003 7f28ec457e00 QUIET /usr/bin/ceph: stderr
2026-02-12T00:28:35.870+0000 7fd01a95c640 1 -- start start
2026-02-12 00:28:36,003 7f28ec457e00 QUIET /usr/bin/ceph: stderr
2026-02-12T00:28:35.871+0000 7fd01a95c640 1 --2- >> [v2:10.20.193.117:3300/0,v1:10.20.193.117:6789/0] conn(0x7fd0141052b0 0x7fd01419e400 unknown :-1 s=NONE pgs=0 cs=0 l=1 rev1=0 crypto rx=0 tx=0 comp rx=0 tx=0).connect
2026-02-12 00:28:36,003 7f28ec457e00 QUIET /usr/bin/ceph: stderr
2026-02-12T00:28:35.871+0000 7fd01a95c640 1 -- --> [v2:10.20.193.117:3300/0,v1:10.20.193.117:6789/0] -- mon_getmap magic: 0 v1 -- 0x7fd01419e940 con 0x7fd0141052b0
2026-02-12 00:28:36,003 7f28ec457e00 QUIET /usr/bin/ceph: stderr
2026-02-12T00:28:35.871+0000 7fd013fff640 1 --2- >> [v2:10.20.193.117:3300/0,v1:10.20.193.117:6789/0] conn(0x7fd0141052b0 0x7fd01419e400 unknown :-1 s=BANNER_CONNECTING pgs=0 cs=0 l=1 rev1=0 crypto rx=0 tx=0 comp rx=0 tx=0)._handle_peer_banner_payload supported=3 required=0
2026-02-12 00:28:36,003 7f28ec457e00 QUIET /usr/bin/ceph: stderr
2026-02-12T00:28:35.871+0000 7fd013fff640 1 --2- >> [v2:10.20.193.117:3300/0,v1:10.20.193.117:6789/0] conn(0x7fd0141052b0 0x7fd01419e400 unknown :-1 s=HELLO_CONNECTING pgs=0 cs=0 l=1 rev1=1 crypto rx=0 tx=0 comp rx=0 tx=0).handle_hello peer v2:10.20.193.117:3300/0 says I am v2:10.20.193.117:49830/0 (socket says 10.20.193.117:49830)
2026-02-12 00:28:36,003 7f28ec457e00 QUIET /usr/bin/ceph: stderr
2026-02-12T00:28:35.871+0000 7fd013fff640 1 -- 10.20.193.117:0/1303605803 learned_addr learned my addr 10.20.193.117:0/1303605803 (peer_addr_for_me v2:10.20.193.117:0/0)
2026-02-12 00:28:36,003 7f28ec457e00 QUIET /usr/bin/ceph: stderr
2026-02-12T00:28:35.871+0000 7fd013fff640 1 -- 10.20.193.117:0/1303605803 --> [v2:10.20.193.117:3300/0,v1:10.20.193.117:6789/0] -- mon_subscribe({config=0+,monmap=0+}) v3 -- 0x7fd0000095d0 con 0x7fd0141052b0
2026-02-12 00:28:36,003 7f28ec457e00 QUIET /usr/bin/ceph: stderr
2026-02-12T00:28:35.871+0000 7fd013fff640 1 --2- 10.20.193.117:0/1303605803 >> [v2:10.20.193.117:3300/0,v1:10.20.193.117:6789/0] conn(0x7fd0141052b0 0x7fd01419e400 secure :-1 s=READY pgs=17 cs=0 l=1 rev1=1 crypto rx=0x7fd000002410 tx=0x7fd000037a50 comp rx=0 tx=0).ready entity=mon.0 client_cookie=0 server_cookie=0 in_seq=0 out_seq=0
2026-02-12 00:28:36,003 7f28ec457e00 QUIET /usr/bin/ceph: stderr
2026-02-12T00:28:35.871+0000 7fd0117fa640 1 -- 10.20.193.117:0/1303605803 <== mon.0 v2:10.20.193.117:3300/0 1 ==== mon_map magic: 0 v1 ==== 205+0+0 (secure 0 0 0) 0x7fd000035cb0 con 0x7fd0141052b0
2026-02-12 00:28:36,003 7f28ec457e00 QUIET /usr/bin/ceph: stderr
2026-02-12T00:28:35.871+0000 7fd0117fa640 1 -- 10.20.193.117:0/1303605803 <== mon.0 v2:10.20.193.117:3300/0 2 ==== config(26 keys) v1 ==== 1043+0+0 (secure 0 0 0) 0x7fd000035e10 con 0x7fd0141052b0
2026-02-12 00:28:36,003 7f28ec457e00 QUIET /usr/bin/ceph: stderr
2026-02-12T00:28:35.871+0000 7fd01a95c640 1 -- 10.20.193.117:0/1303605803 --> [v2:10.20.193.117:3300/0,v1:10.20.193.117:6789/0] -- mon_subscribe({mgrmap=0+}) v3 -- 0x7fd01419eb40 con 0x7fd0141052b0
2026-02-12 00:28:36,003 7f28ec457e00 QUIET /usr/bin/ceph: stderr
2026-02-12T00:28:35.871+0000 7fd0117fa640 1 -- 10.20.193.117:0/1303605803 <== mon.0 v2:10.20.193.117:3300/0 3 ==== mon_map magic: 0 v1 ==== 205+0+0 (secure 0 0 0) 0x7fd00003e4e0 con 0x7fd0141052b0
2026-02-12 00:28:36,003 7f28ec457e00 QUIET /usr/bin/ceph: stderr
2026-02-12T00:28:35.871+0000 7fd01a95c640 1 -- 10.20.193.117:0/1303605803 --> [v2:10.20.193.117:3300/0,v1:10.20.193.117:6789/0] -- mon_subscribe({osdmap=0}) v3 -- 0x7fd01419efe0 con 0x7fd0141052b0
2026-02-12 00:28:36,003 7f28ec457e00 QUIET /usr/bin/ceph: stderr
2026-02-12T00:28:35.871+0000 7fd01a95c640 1 -- 10.20.193.117:0/1303605803 --> [v2:10.20.193.117:3300/0,v1:10.20.193.117:6789/0] -- mon_command({"prefix": "get_command_descriptions"} v 0) v1 -- 0x7fd0141096e0 con 0x7fd0141052b0
2026-02-12 00:28:36,003 7f28ec457e00 QUIET /usr/bin/ceph: stderr
2026-02-12T00:28:35.871+0000 7fd0117fa640 1 -- 10.20.193.117:0/1303605803 <== mon.0 v2:10.20.193.117:3300/0 4 ==== mgrmap(e 3) v1 ==== 49243+0+0 (secure 0 0 0) 0x7fd00003e070 con 0x7fd0141052b0
2026-02-12 00:28:36,003 7f28ec457e00 QUIET /usr/bin/ceph: stderr
2026-02-12T00:28:35.872+0000 7fd0117fa640 1 --2- 10.20.193.117:0/1303605803 >> [v2:10.20.193.117:6800/1867422465,v1:10.20.193.117:6801/1867422465] conn(0x7fcfe803d010 0x7fcfe803f4d0 unknown :-1 s=NONE pgs=0 cs=0 l=1 rev1=0 crypto rx=0 tx=0 comp rx=0 tx=0).connect
2026-02-12 00:28:36,003 7f28ec457e00 QUIET /usr/bin/ceph: stderr
2026-02-12T00:28:35.872+0000 7fd0117fa640 1 -- 10.20.193.117:0/1303605803 <== mon.0 v2:10.20.193.117:3300/0 5 ==== osd_map(1..1 src has 1..1) v4 ==== 725+0+0 (secure 0 0 0) 0x7fd000075790 con 0x7fd0141052b0
2026-02-12 00:28:36,003 7f28ec457e00 QUIET /usr/bin/ceph: stderr
2026-02-12T00:28:35.872+0000 7fd0137fe640 1 --2- 10.20.193.117:0/1303605803 >> [v2:10.20.193.117:6800/1867422465,v1:10.20.193.117:6801/1867422465] conn(0x7fcfe803d010 0x7fcfe803f4d0 unknown :-1 s=BANNER_CONNECTING pgs=0 cs=0 l=1 rev1=0 crypto rx=0 tx=0 comp rx=0 tx=0)._handle_peer_banner_payload supported=3 required=0
2026-02-12 00:28:36,003 7f28ec457e00 QUIET /usr/bin/ceph: stderr
2026-02-12T00:28:35.872+0000 7fd0137fe640 1 --2- 10.20.193.117:0/1303605803 >> [v2:10.20.193.117:6800/1867422465,v1:10.20.193.117:6801/1867422465] conn(0x7fcfe803d010 0x7fcfe803f4d0 secure :-1 s=READY pgs=6 cs=0 l=1 rev1=1 crypto rx=0x7fd0040099c0 tx=0x7fd004006eb0 comp rx=0 tx=0).ready entity=mgr.14100 client_cookie=0 server_cookie=0 in_seq=0 out_seq=0
2026-02-12 00:28:36,003 7f28ec457e00 QUIET /usr/bin/ceph: stderr
2026-02-12T00:28:35.875+0000 7fd0117fa640 1 -- 10.20.193.117:0/1303605803 <== mon.0 v2:10.20.193.117:3300/0 6 ==== mon_command_ack([{"prefix": "get_command_descriptions"}]=0 v0) v1 ==== 72+0+186382 (secure 0 0 0) 0x7fd000046310 con 0x7fd0141052b0
2026-02-12 00:28:36,003 7f28ec457e00 QUIET /usr/bin/ceph: stderr
2026-02-12T00:28:35.982+0000 7fd01a95c640 1 -- 10.20.193.117:0/1303605803 --> [v2:10.20.193.117:3300/0,v1:10.20.193.117:6789/0] -- mon_command({"prefix": "status", "format": "json-pretty"} v 0) v1 -- 0x7fd014109920 con 0x7fd0141052b0
2026-02-12 00:28:36,003 7f28ec457e00 QUIET /usr/bin/ceph: stderr
2026-02-12T00:28:35.982+0000 7fd0117fa640 1 -- 10.20.193.117:0/1303605803 <== mon.0 v2:10.20.193.117:3300/0 7 ==== mon_command_ack([{"prefix": "status", "format": "json-pretty"}]=0 v0) v1 ==== 79+0+1237 (secure 0 0 0) 0x7fd00003c030 con 0x7fd0141052b0
2026-02-12 00:28:36,003 7f28ec457e00 QUIET /usr/bin/ceph: stderr
2026-02-12T00:28:35.983+0000 7fd01a95c640 1 -- 10.20.193.117:0/1303605803 >> [v2:10.20.193.117:6800/1867422465,v1:10.20.193.117:6801/1867422465] conn(0x7fcfe803d010 msgr2=0x7fcfe803f4d0 secure :-1 s=STATE_CONNECTION_ESTABLISHED l=1).mark_down
2026-02-12 00:28:36,003 7f28ec457e00 QUIET /usr/bin/ceph: stderr
2026-02-12T00:28:35.983+0000 7fd01a95c640 1 --2- 10.20.193.117:0/1303605803 >> [v2:10.20.193.117:6800/1867422465,v1:10.20.193.117:6801/1867422465] conn(0x7fcfe803d010 0x7fcfe803f4d0 secure :-1 s=READY pgs=6 cs=0 l=1 rev1=1 crypto rx=0x7fd0040099c0 tx=0x7fd004006eb0 comp rx=0 tx=0).stop
2026-02-12 00:28:36,003 7f28ec457e00 QUIET /usr/bin/ceph: stderr
2026-02-12T00:28:35.983+0000 7fd01a95c640 1 -- 10.20.193.117:0/1303605803 >> [v2:10.20.193.117:3300/0,v1:10.20.193.117:6789/0] conn(0x7fd0141052b0 msgr2=0x7fd01419e400 secure :-1 s=STATE_CONNECTION_ESTABLISHED l=1).mark_down
2026-02-12 00:28:36,003 7f28ec457e00 QUIET /usr/bin/ceph: stderr
2026-02-12T00:28:35.983+0000 7fd01a95c640 1 --2- 10.20.193.117:0/1303605803 >> [v2:10.20.193.117:3300/0,v1:10.20.193.117:6789/0] conn(0x7fd0141052b0 0x7fd01419e400 secure :-1 s=READY pgs=17 cs=0 l=1 rev1=1 crypto rx=0x7fd000002410 tx=0x7fd000037a50 comp rx=0 tx=0).stop
2026-02-12 00:28:36,003 7f28ec457e00 QUIET /usr/bin/ceph: stderr
2026-02-12T00:28:35.983+0000 7fd01a95c640 1 -- 10.20.193.117:0/1303605803 shutdown_connections
2026-02-12 00:28:36,003 7f28ec457e00 QUIET /usr/bin/ceph: stderr
2026-02-12T00:28:35.983+0000 7fd01a95c640 1 --2- 10.20.193.117:0/1303605803 >> [v2:10.20.193.117:6800/1867422465,v1:10.20.193.117:6801/1867422465] conn(0x7fcfe803d010 0x7fcfe803f4d0 unknown :-1 s=CLOSED pgs=6 cs=0 l=1 rev1=1 crypto rx=0 tx=0 comp rx=0 tx=0).stop
2026-02-12 00:28:36,003 7f28ec457e00 QUIET /usr/bin/ceph: stderr
2026-02-12T00:28:35.983+0000 7fd01a95c640 1 --2- 10.20.193.117:0/1303605803 >> [v2:10.20.193.117:3300/0,v1:10.20.193.117:6789/0] conn(0x7fd0141052b0 0x7fd01419e400 unknown :-1 s=CLOSED pgs=17 cs=0 l=1 rev1=1 crypto rx=0 tx=0 comp rx=0 tx=0).stop
2026-02-12 00:28:36,003 7f28ec457e00 QUIET /usr/bin/ceph: stderr
2026-02-12T00:28:35.983+0000 7fd01a95c640 1 -- 10.20.193.117:0/1303605803 >> 10.20.193.117:0/1303605803 conn(0x7fd014100a40 msgr2=0x7fd014101900 unknown :-1 s=STATE_NONE l=0).mark_down
2026-02-12 00:28:36,004 7f28ec457e00 QUIET /usr/bin/ceph: stderr
2026-02-12T00:28:35.983+0000 7fd01a95c640 1 -- 10.20.193.117:0/1303605803 shutdown_connections
2026-02-12 00:28:36,004 7f28ec457e00 QUIET /usr/bin/ceph: stderr
2026-02-12T00:28:35.983+0000 7fd01a95c640 1 -- 10.20.193.117:0/1303605803 wait complete.
2026-02-12 00:28:36,004 7f28ec457e00 INFO mgr is available
2026-02-12 00:28:36,200 7f28ec457e00 DEBUG /usr/bin/ceph: stdout
2026-02-12 00:28:36,200 7f28ec457e00 DEBUG /usr/bin/ceph: stdout [global]
2026-02-12 00:28:36,200 7f28ec457e00 DEBUG /usr/bin/ceph: stdout fsid = b5112478-07a9-11f1-a56c-d404e6e7d460
2026-02-12 00:28:36,200 7f28ec457e00 DEBUG /usr/bin/ceph: stdout mon_cluster_log_file_level = debug
2026-02-12 00:28:36,200 7f28ec457e00 DEBUG /usr/bin/ceph: stdout mon_osd_allow_pg_remap = true
2026-02-12 00:28:36,200 7f28ec457e00 DEBUG /usr/bin/ceph: stdout mon_osd_allow_primary_affinity = true
2026-02-12 00:28:36,200 7f28ec457e00 DEBUG /usr/bin/ceph: stdout mon_warn_on_no_sortbitwise = false
2026-02-12 00:28:36,200 7f28ec457e00 DEBUG /usr/bin/ceph: stdout osd_crush_chooseleaf_type = 0
2026-02-12 00:28:36,200 7f28ec457e00 DEBUG /usr/bin/ceph: stdout
2026-02-12 00:28:36,200 7f28ec457e00 DEBUG /usr/bin/ceph: stdout [mgr]
2026-02-12 00:28:36,200 7f28ec457e00 DEBUG /usr/bin/ceph: stdout mgr/telemetry/nag = false
2026-02-12 00:28:36,200 7f28ec457e00 DEBUG /usr/bin/ceph: stdout
2026-02-12 00:28:36,200 7f28ec457e00 DEBUG /usr/bin/ceph: stdout [osd]
2026-02-12 00:28:36,200 7f28ec457e00 DEBUG /usr/bin/ceph: stdout mon_osd_backfillfull_ratio = 0.85
2026-02-12 00:28:36,200 7f28ec457e00 DEBUG /usr/bin/ceph: stdout mon_osd_full_ratio = 0.9
2026-02-12 00:28:36,200 7f28ec457e00 DEBUG /usr/bin/ceph: stdout mon_osd_nearfull_ratio = 0.8
2026-02-12 00:28:36,200 7f28ec457e00 DEBUG /usr/bin/ceph: stdout osd_map_max_advance = 10
2026-02-12 00:28:36,200 7f28ec457e00 DEBUG /usr/bin/ceph: stdout osd_sloppy_crc = true
2026-02-12 00:28:36,201 7f28ec457e00 DEBUG /usr/bin/ceph: stderr
2026-02-12T00:28:36.096+0000 7fe01953e640 1 Processor -- start
2026-02-12 00:28:36,201 7f28ec457e00 DEBUG /usr/bin/ceph: stderr
2026-02-12T00:28:36.096+0000 7fe01953e640 1 -- start start
2026-02-12 00:28:36,201 7f28ec457e00 DEBUG /usr/bin/ceph: stderr
2026-02-12T00:28:36.096+0000 7fe01953e640 1 --2- >> [v2:10.20.193.117:3300/0,v1:10.20.193.117:6789/0] conn(0x7fe014108470 0x7fe014108870 unknown :-1 s=NONE pgs=0 cs=0 l=0 rev1=0 crypto rx=0 tx=0 comp rx=0 tx=0).connect
2026-02-12 00:28:36,201 7f28ec457e00 DEBUG /usr/bin/ceph: stderr
2026-02-12T00:28:36.096+0000 7fe01953e640 1 -- --> [v2:10.20.193.117:3300/0,v1:10.20.193.117:6789/0] -- mon_getmap magic: 0 v1 -- 0x7fe014108e40 con 0x7fe014108470
2026-02-12 00:28:36,201 7f28ec457e00 DEBUG /usr/bin/ceph: stderr
2026-02-12T00:28:36.097+0000 7fe013fff640 1 --2- >> [v2:10.20.193.117:3300/0,v1:10.20.193.117:6789/0] conn(0x7fe014108470 0x7fe014108870 unknown :-1 s=BANNER_CONNECTING pgs=0 cs=0 l=0 rev1=0 crypto rx=0 tx=0 comp rx=0 tx=0)._handle_peer_banner_payload supported=3 required=0
2026-02-12 00:28:36,201 7f28ec457e00 DEBUG /usr/bin/ceph: stderr
2026-02-12T00:28:36.097+0000 7fe013fff640 1 --2- >> [v2:10.20.193.117:3300/0,v1:10.20.193.117:6789/0] conn(0x7fe014108470 0x7fe014108870 unknown :-1 s=HELLO_CONNECTING pgs=0 cs=0 l=0 rev1=1 crypto rx=0 tx=0 comp rx=0 tx=0).handle_hello peer v2:10.20.193.117:3300/0 says I am v2:10.20.193.117:49846/0 (socket says 10.20.193.117:49846)
2026-02-12 00:28:36,201 7f28ec457e00 DEBUG /usr/bin/ceph: stderr
2026-02-12T00:28:36.097+0000 7fe013fff640 1 -- 10.20.193.117:0/1041789708 learned_addr learned my addr 10.20.193.117:0/1041789708 (peer_addr_for_me v2:10.20.193.117:0/0)
2026-02-12 00:28:36,201 7f28ec457e00 DEBUG /usr/bin/ceph: stderr
2026-02-12T00:28:36.097+0000 7fe013fff640 1 -- 10.20.193.117:0/1041789708 --> [v2:10.20.193.117:3300/0,v1:10.20.193.117:6789/0] -- mon_subscribe({config=0+,monmap=0+}) v3 -- 0x7fe014109670 con 0x7fe014108470
2026-02-12 00:28:36,201 7f28ec457e00 DEBUG /usr/bin/ceph: stderr
2026-02-12T00:28:36.097+0000 7fe013fff640 1 --2- 10.20.193.117:0/1041789708 >> [v2:10.20.193.117:3300/0,v1:10.20.193.117:6789/0] conn(0x7fe014108470 0x7fe014108870 secure :-1 s=READY pgs=18 cs=0 l=1 rev1=1 crypto rx=0x7fe000009920 tx=0x7fe00002ef20 comp rx=0 tx=0).ready entity=mon.0 client_cookie=277765eb81aba45b server_cookie=0 in_seq=0 out_seq=0
2026-02-12 00:28:36,201 7f28ec457e00 DEBUG /usr/bin/ceph: stderr
2026-02-12T00:28:36.097+0000 7fe012ffd640 1 -- 10.20.193.117:0/1041789708 <== mon.0 v2:10.20.193.117:3300/0 1 ==== mon_map magic: 0 v1 ==== 205+0+0 (secure 0 0 0) 0x7fe00002fae0 con 0x7fe014108470
2026-02-12 00:28:36,201 7f28ec457e00 DEBUG /usr/bin/ceph: stderr
2026-02-12T00:28:36.097+0000 7fe012ffd640 1 -- 10.20.193.117:0/1041789708 <== mon.0 v2:10.20.193.117:3300/0 2 ==== config(26 keys) v1 ==== 1043+0+0 (secure 0 0 0) 0x7fe00002fc40 con 0x7fe014108470
2026-02-12 00:28:36,201 7f28ec457e00 DEBUG /usr/bin/ceph: stderr
2026-02-12T00:28:36.097+0000 7fe012ffd640 1 -- 10.20.193.117:0/1041789708 <== mon.0 v2:10.20.193.117:3300/0 3 ==== mon_map magic: 0 v1 ==== 205+0+0 (secure 0 0 0) 0x7fe000035510 con 0x7fe014108470
2026-02-12 00:28:36,201 7f28ec457e00 DEBUG /usr/bin/ceph: stderr
2026-02-12T00:28:36.098+0000 7fe01953e640 1 -- 10.20.193.117:0/1041789708 >> [v2:10.20.193.117:3300/0,v1:10.20.193.117:6789/0] conn(0x7fe014108470 msgr2=0x7fe014108870 secure :-1 s=STATE_CONNECTION_ESTABLISHED l=1).mark_down
2026-02-12 00:28:36,201 7f28ec457e00 DEBUG /usr/bin/ceph: stderr
2026-02-12T00:28:36.098+0000 7fe01953e640 1 --2- 10.20.193.117:0/1041789708 >> [v2:10.20.193.117:3300/0,v1:10.20.193.117:6789/0] conn(0x7fe014108470 0x7fe014108870 secure :-1 s=READY pgs=18 cs=0 l=1 rev1=1 crypto rx=0x7fe000009920 tx=0x7fe00002ef20 comp rx=0 tx=0).stop
2026-02-12 00:28:36,201 7f28ec457e00 DEBUG /usr/bin/ceph: stderr
2026-02-12T00:28:36.098+0000 7fe01953e640 1 -- 10.20.193.117:0/1041789708 shutdown_connections
2026-02-12 00:28:36,201 7f28ec457e00 DEBUG /usr/bin/ceph: stderr
2026-02-12T00:28:36.098+0000 7fe01953e640 1 --2- 10.20.193.117:0/1041789708 >> [v2:10.20.193.117:3300/0,v1:10.20.193.117:6789/0] conn(0x7fe014108470 0x7fe014108870 unknown :-1 s=CLOSED pgs=18 cs=0 l=1 rev1=1 crypto rx=0 tx=0 comp rx=0 tx=0).stop
2026-02-12 00:28:36,201 7f28ec457e00 DEBUG /usr/bin/ceph: stderr
2026-02-12T00:28:36.098+0000 7fe01953e640 1 -- 10.20.193.117:0/1041789708 >> 10.20.193.117:0/1041789708 conn(0x7fe01407ba60 msgr2=0x7fe014106510 unknown :-1 s=STATE_NONE l=0).mark_down
2026-02-12 00:28:36,201 7f28ec457e00 DEBUG /usr/bin/ceph: stderr
2026-02-12T00:28:36.098+0000 7fe01953e640 1 -- 10.20.193.117:0/1041789708 shutdown_connections
2026-02-12 00:28:36,201 7f28ec457e00 DEBUG /usr/bin/ceph: stderr
2026-02-12T00:28:36.098+0000 7fe01953e640 1 -- 10.20.193.117:0/1041789708 wait complete.
2026-02-12 00:28:36,201 7f28ec457e00 DEBUG /usr/bin/ceph: stderr
2026-02-12T00:28:36.098+0000 7fe01953e640 1 Processor -- start
2026-02-12 00:28:36,201 7f28ec457e00 DEBUG /usr/bin/ceph: stderr
2026-02-12T00:28:36.098+0000 7fe01953e640 1 -- start start
2026-02-12 00:28:36,201 7f28ec457e00 DEBUG /usr/bin/ceph: stderr
2026-02-12T00:28:36.098+0000 7fe01953e640 1 --2- >> [v2:10.20.193.117:3300/0,v1:10.20.193.117:6789/0] conn(0x7fe014108470 0x7fe01419e1b0 unknown :-1 s=NONE pgs=0 cs=0 l=1 rev1=0 crypto rx=0 tx=0 comp rx=0 tx=0).connect
2026-02-12 00:28:36,201 7f28ec457e00 DEBUG /usr/bin/ceph: stderr
2026-02-12T00:28:36.098+0000 7fe01953e640 1 -- --> [v2:10.20.193.117:3300/0,v1:10.20.193.117:6789/0] -- mon_getmap magic: 0 v1 -- 0x7fe01419e6f0 con 0x7fe014108470
2026-02-12 00:28:36,201 7f28ec457e00 DEBUG /usr/bin/ceph: stderr
2026-02-12T00:28:36.098+0000 7fe013fff640 1 --2- >> [v2:10.20.193.117:3300/0,v1:10.20.193.117:6789/0] conn(0x7fe014108470 0x7fe01419e1b0 unknown :-1 s=BANNER_CONNECTING pgs=0 cs=0 l=1 rev1=0 crypto rx=0 tx=0 comp rx=0 tx=0)._handle_peer_banner_payload supported=3 required=0
2026-02-12 00:28:36,201 7f28ec457e00 DEBUG /usr/bin/ceph: stderr
2026-02-12T00:28:36.098+0000 7fe013fff640 1 --2- >> [v2:10.20.193.117:3300/0,v1:10.20.193.117:6789/0] conn(0x7fe014108470 0x7fe01419e1b0 unknown :-1 s=HELLO_CONNECTING pgs=0 cs=0 l=1 rev1=1 crypto rx=0 tx=0 comp rx=0 tx=0).handle_hello peer v2:10.20.193.117:3300/0 says I am v2:10.20.193.117:49850/0 (socket says 10.20.193.117:49850)
2026-02-12 00:28:36,201 7f28ec457e00 DEBUG /usr/bin/ceph: stderr
2026-02-12T00:28:36.098+0000 7fe013fff640 1 -- 10.20.193.117:0/2469478203 learned_addr learned my addr 10.20.193.117:0/2469478203 (peer_addr_for_me v2:10.20.193.117:0/0)
2026-02-12 00:28:36,201 7f28ec457e00 DEBUG /usr/bin/ceph: stderr
2026-02-12T00:28:36.098+0000 7fe013fff640 1 -- 10.20.193.117:0/2469478203 --> [v2:10.20.193.117:3300/0,v1:10.20.193.117:6789/0] -- mon_subscribe({config=0+,monmap=0+}) v3 -- 0x7fe0000095d0 con 0x7fe014108470
2026-02-12 00:28:36,201 7f28ec457e00 DEBUG /usr/bin/ceph: stderr
2026-02-12T00:28:36.098+0000 7fe013fff640 1 --2- 10.20.193.117:0/2469478203 >> [v2:10.20.193.117:3300/0,v1:10.20.193.117:6789/0] conn(0x7fe014108470 0x7fe01419e1b0 secure :-1 s=READY pgs=19 cs=0 l=1 rev1=1 crypto rx=0x7fe000002410 tx=0x7fe000037a50 comp rx=0 tx=0).ready entity=mon.0 client_cookie=0 server_cookie=0 in_seq=0 out_seq=0
2026-02-12 00:28:36,201 7f28ec457e00 DEBUG /usr/bin/ceph: stderr
2026-02-12T00:28:36.098+0000 7fe0117fa640 1 -- 10.20.193.117:0/2469478203 <== mon.0 v2:10.20.193.117:3300/0 1 ==== mon_map magic: 0 v1 ==== 205+0+0 (secure 0 0 0) 0x7fe000035cb0 con 0x7fe014108470
2026-02-12 00:28:36,201 7f28ec457e00 DEBUG /usr/bin/ceph: stderr
2026-02-12T00:28:36.098+0000 7fe0117fa640 1 -- 10.20.193.117:0/2469478203 <== mon.0 v2:10.20.193.117:3300/0 2 ==== config(26 keys) v1 ==== 1043+0+0 (secure 0 0 0) 0x7fe000035e10 con 0x7fe014108470
2026-02-12 00:28:36,201 7f28ec457e00 DEBUG /usr/bin/ceph: stderr
2026-02-12T00:28:36.099+0000 7fe01953e640 1 -- 10.20.193.117:0/2469478203 --> [v2:10.20.193.117:3300/0,v1:10.20.193.117:6789/0] -- mon_subscribe({mgrmap=0+}) v3 -- 0x7fe01419e8f0 con 0x7fe014108470
2026-02-12 00:28:36,201 7f28ec457e00 DEBUG /usr/bin/ceph: stderr
2026-02-12T00:28:36.099+0000 7fe0117fa640 1 -- 10.20.193.117:0/2469478203 <== mon.0 v2:10.20.193.117:3300/0 3 ==== mon_map magic: 0 v1 ==== 205+0+0 (secure 0 0 0) 0x7fe00003e4e0 con 0x7fe014108470
2026-02-12 00:28:36,201 7f28ec457e00 DEBUG /usr/bin/ceph: stderr
2026-02-12T00:28:36.099+0000 7fe01953e640 1 -- 10.20.193.117:0/2469478203 --> [v2:10.20.193.117:3300/0,v1:10.20.193.117:6789/0] -- mon_subscribe({osdmap=0}) v3 -- 0x7fe01419ed90 con 0x7fe014108470
2026-02-12 00:28:36,201 7f28ec457e00 DEBUG /usr/bin/ceph: stderr
2026-02-12T00:28:36.099+0000 7fe01953e640 1 -- 10.20.193.117:0/2469478203 --> [v2:10.20.193.117:3300/0,v1:10.20.193.117:6789/0] -- mon_command({"prefix": "get_command_descriptions"} v 0) v1 -- 0x7fe01410c8a0 con 0x7fe014108470
2026-02-12 00:28:36,201 7f28ec457e00 DEBUG /usr/bin/ceph: stderr
2026-02-12T00:28:36.099+0000 7fe0117fa640 1 -- 10.20.193.117:0/2469478203 <== mon.0 v2:10.20.193.117:3300/0 4 ==== mgrmap(e 4) v1 ==== 49349+0+0 (secure 0 0 0) 0x7fe00003e070 con 0x7fe014108470
2026-02-12 00:28:36,201 7f28ec457e00 DEBUG /usr/bin/ceph: stderr
2026-02-12T00:28:36.099+0000 7fe0117fa640 1 --2- 10.20.193.117:0/2469478203 >> [v2:10.20.193.117:6800/1867422465,v1:10.20.193.117:6801/1867422465] conn(0x7fdfe803d130 0x7fdfe803f5f0 unknown :-1 s=NONE pgs=0 cs=0 l=1 rev1=0 crypto rx=0 tx=0 comp rx=0 tx=0).connect
2026-02-12 00:28:36,201 7f28ec457e00 DEBUG /usr/bin/ceph: stderr
2026-02-12T00:28:36.099+0000 7fe0117fa640 1 -- 10.20.193.117:0/2469478203 <== mon.0 v2:10.20.193.117:3300/0 5 ==== osd_map(1..1 src has 1..1) v4 ==== 725+0+0 (secure 0 0 0) 0x7fe000075b40 con 0x7fe014108470
2026-02-12 00:28:36,201 7f28ec457e00 DEBUG /usr/bin/ceph: stderr
2026-02-12T00:28:36.099+0000 7fe0137fe640 1 --2- 10.20.193.117:0/2469478203 >> [v2:10.20.193.117:6800/1867422465,v1:10.20.193.117:6801/1867422465] conn(0x7fdfe803d130 0x7fdfe803f5f0 unknown :-1 s=BANNER_CONNECTING pgs=0 cs=0 l=1 rev1=0 crypto rx=0 tx=0 comp rx=0 tx=0)._handle_peer_banner_payload supported=3 required=0
2026-02-12 00:28:36,201 7f28ec457e00 DEBUG /usr/bin/ceph: stderr
2026-02-12T00:28:36.100+0000 7fe0137fe640 1 --2- 10.20.193.117:0/2469478203 >> [v2:10.20.193.117:6800/1867422465,v1:10.20.193.117:6801/1867422465] conn(0x7fdfe803d130 0x7fdfe803f5f0 secure :-1 s=READY pgs=7 cs=0 l=1 rev1=1 crypto rx=0x7fe0040099c0 tx=0x7fe004006eb0 comp rx=0 tx=0).ready entity=mgr.14100 client_cookie=0 server_cookie=0 in_seq=0 out_seq=0
2026-02-12 00:28:36,201 7f28ec457e00 DEBUG /usr/bin/ceph: stderr
2026-02-12T00:28:36.102+0000 7fe0117fa640 1 -- 10.20.193.117:0/2469478203 <== mon.0 v2:10.20.193.117:3300/0 6 ==== mon_command_ack([{"prefix": "get_command_descriptions"}]=0 v0) v1 ==== 72+0+186382 (secure 0 0 0) 0x7fe000046d50 con 0x7fe014108470
2026-02-12 00:28:36,201 7f28ec457e00 DEBUG /usr/bin/ceph: stderr
2026-02-12T00:28:36.181+0000 7fe01953e640 1 -- 10.20.193.117:0/2469478203 --> [v2:10.20.193.117:3300/0,v1:10.20.193.117:6789/0] -- mon_command({"prefix": "config assimilate-conf"} v 0) v1 -- 0x7fe01410cae0 con 0x7fe014108470
2026-02-12 00:28:36,201 7f28ec457e00 DEBUG /usr/bin/ceph: stderr
2026-02-12T00:28:36.181+0000 7fe0117fa640 1 -- 10.20.193.117:0/2469478203 <== mon.0 v2:10.20.193.117:3300/0 7 ==== mon_command_ack([{"prefix": "config assimilate-conf"}]=0 v3) v1 ==== 70+0+409 (secure 0 0 0) 0x7fe00003c020 con 0x7fe014108470
2026-02-12 00:28:36,201 7f28ec457e00 DEBUG /usr/bin/ceph: stderr
2026-02-12T00:28:36.182+0000 7fe01953e640 1 -- 10.20.193.117:0/2469478203 >> [v2:10.20.193.117:6800/1867422465,v1:10.20.193.117:6801/1867422465] conn(0x7fdfe803d130 msgr2=0x7fdfe803f5f0 secure :-1 s=STATE_CONNECTION_ESTABLISHED l=1).mark_down
2026-02-12 00:28:36,201 7f28ec457e00 DEBUG /usr/bin/ceph: stderr
2026-02-12T00:28:36.182+0000 7fe01953e640 1 --2- 10.20.193.117:0/2469478203 >> [v2:10.20.193.117:6800/1867422465,v1:10.20.193.117:6801/1867422465] conn(0x7fdfe803d130 0x7fdfe803f5f0 secure :-1 s=READY pgs=7 cs=0 l=1 rev1=1 crypto rx=0x7fe0040099c0 tx=0x7fe004006eb0 comp rx=0 tx=0).stop
2026-02-12 00:28:36,201 7f28ec457e00 DEBUG /usr/bin/ceph: stderr
2026-02-12T00:28:36.182+0000 7fe01953e640 1 -- 10.20.193.117:0/2469478203 >> [v2:10.20.193.117:3300/0,v1:10.20.193.117:6789/0] conn(0x7fe014108470 msgr2=0x7fe01419e1b0 secure :-1 s=STATE_CONNECTION_ESTABLISHED l=1).mark_down
2026-02-12 00:28:36,201 7f28ec457e00 DEBUG /usr/bin/ceph: stderr
2026-02-12T00:28:36.182+0000 7fe01953e640 1 --2- 10.20.193.117:0/2469478203 >> [v2:10.20.193.117:3300/0,v1:10.20.193.117:6789/0] conn(0x7fe014108470 0x7fe01419e1b0 secure :-1 s=READY pgs=19 cs=0 l=1 rev1=1 crypto rx=0x7fe000002410 tx=0x7fe000037a50 comp rx=0 tx=0).stop
2026-02-12 00:28:36,201 7f28ec457e00 DEBUG /usr/bin/ceph: stderr
2026-02-12T00:28:36.182+0000 7fe01953e640 1 -- 10.20.193.117:0/2469478203 shutdown_connections
2026-02-12 00:28:36,201 7f28ec457e00 DEBUG /usr/bin/ceph: stderr
2026-02-12T00:28:36.182+0000 7fe01953e640 1 --2- 10.20.193.117:0/2469478203 >> [v2:10.20.193.117:6800/1867422465,v1:10.20.193.117:6801/1867422465] conn(0x7fdfe803d130 0x7fdfe803f5f0 unknown :-1 s=CLOSED pgs=7 cs=0 l=1 rev1=1 crypto rx=0 tx=0 comp rx=0 tx=0).stop
2026-02-12 00:28:36,201 7f28ec457e00 DEBUG /usr/bin/ceph: stderr
2026-02-12T00:28:36.182+0000 7fe01953e640 1 --2- 10.20.193.117:0/2469478203 >> [v2:10.20.193.117:3300/0,v1:10.20.193.117:6789/0] conn(0x7fe014108470 0x7fe01419e1b0 unknown :-1 s=CLOSED pgs=19 cs=0 l=1 rev1=1 crypto rx=0 tx=0 comp rx=0 tx=0).stop
2026-02-12 00:28:36,202 7f28ec457e00 DEBUG /usr/bin/ceph: stderr
2026-02-12T00:28:36.182+0000 7fe01953e640 1 -- 10.20.193.117:0/2469478203 >> 10.20.193.117:0/2469478203 conn(0x7fe01407ba60 msgr2=0x7fe014105cc0 unknown :-1 s=STATE_NONE l=0).mark_down
2026-02-12 00:28:36,202 7f28ec457e00 DEBUG /usr/bin/ceph: stderr
2026-02-12T00:28:36.182+0000 7fe01953e640 1 -- 10.20.193.117:0/2469478203 shutdown_connections
2026-02-12 00:28:36,202 7f28ec457e00 DEBUG /usr/bin/ceph: stderr
2026-02-12T00:28:36.182+0000 7fe01953e640 1 -- 10.20.193.117:0/2469478203 wait complete.
2026-02-12 00:28:36,202 7f28ec457e00 INFO Enabling cephadm module...
2026-02-12 00:28:37,027 7f28ec457e00 DEBUG /usr/bin/ceph: stderr
2026-02-12T00:28:36.301+0000 7fc501e37640 1 Processor -- start
2026-02-12 00:28:37,027 7f28ec457e00 DEBUG /usr/bin/ceph: stderr
2026-02-12T00:28:36.301+0000 7fc501e37640 1 -- start start
2026-02-12 00:28:37,027 7f28ec457e00 DEBUG /usr/bin/ceph: stderr
2026-02-12T00:28:36.301+0000 7fc501e37640 1 --2- >> [v2:10.20.193.117:3300/0,v1:10.20.193.117:6789/0] conn(0x7fc4fc108630 0x7fc4fc108a30 unknown :-1 s=NONE pgs=0 cs=0 l=0 rev1=0 crypto rx=0 tx=0 comp rx=0 tx=0).connect
2026-02-12 00:28:37,027 7f28ec457e00 DEBUG /usr/bin/ceph: stderr
2026-02-12T00:28:36.301+0000 7fc501e37640 1 -- --> [v2:10.20.193.117:3300/0,v1:10.20.193.117:6789/0] -- mon_getmap magic: 0 v1 -- 0x7fc4fc109000 con 0x7fc4fc108630
2026-02-12 00:28:37,027 7f28ec457e00 DEBUG /usr/bin/ceph: stderr
2026-02-12T00:28:36.301+0000 7fc4fb7fe640 1 --2- >> [v2:10.20.193.117:3300/0,v1:10.20.193.117:6789/0] conn(0x7fc4fc108630 0x7fc4fc108a30 unknown :-1 s=BANNER_CONNECTING pgs=0 cs=0 l=0 rev1=0 crypto rx=0 tx=0 comp rx=0 tx=0)._handle_peer_banner_payload supported=3 required=0
2026-02-12 00:28:37,027 7f28ec457e00 DEBUG /usr/bin/ceph: stderr
2026-02-12T00:28:36.301+0000 7fc4fb7fe640 1 --2- >> [v2:10.20.193.117:3300/0,v1:10.20.193.117:6789/0] conn(0x7fc4fc108630 0x7fc4fc108a30 unknown :-1 s=HELLO_CONNECTING pgs=0 cs=0 l=0 rev1=1 crypto rx=0 tx=0 comp rx=0 tx=0).handle_hello peer v2:10.20.193.117:3300/0 says I am v2:10.20.193.117:49852/0 (socket says 10.20.193.117:49852)
2026-02-12 00:28:37,028 7f28ec457e00 DEBUG /usr/bin/ceph: stderr
2026-02-12T00:28:36.301+0000 7fc4fb7fe640 1 -- 10.20.193.117:0/1141346278 learned_addr learned my addr 10.20.193.117:0/1141346278 (peer_addr_for_me v2:10.20.193.117:0/0)
2026-02-12 00:28:37,028 7f28ec457e00 DEBUG /usr/bin/ceph: stderr
2026-02-12T00:28:36.302+0000 7fc4fb7fe640 1 -- 10.20.193.117:0/1141346278 --> [v2:10.20.193.117:3300/0,v1:10.20.193.117:6789/0] -- mon_subscribe({config=0+,monmap=0+}) v3 -- 0x7fc4fc109830 con 0x7fc4fc108630
2026-02-12 00:28:37,028 7f28ec457e00 DEBUG /usr/bin/ceph: stderr
2026-02-12T00:28:36.302+0000 7fc4fb7fe640 1 --2- 10.20.193.117:0/1141346278 >> [v2:10.20.193.117:3300/0,v1:10.20.193.117:6789/0] conn(0x7fc4fc108630 0x7fc4fc108a30 secure :-1 s=READY pgs=20 cs=0 l=1 rev1=1 crypto rx=0x7fc4e8009920 tx=0x7fc4e802ef20 comp rx=0 tx=0).ready entity=mon.0 client_cookie=52e9ccbd1b5b4147 server_cookie=0 in_seq=0 out_seq=0
2026-02-12 00:28:37,028 7f28ec457e00 DEBUG /usr/bin/ceph: stderr
2026-02-12T00:28:36.302+0000 7fc4fa7fc640 1 -- 10.20.193.117:0/1141346278 <== mon.0 v2:10.20.193.117:3300/0 1 ==== mon_map magic: 0 v1 ==== 205+0+0 (secure 0 0 0) 0x7fc4e802fae0 con 0x7fc4fc108630
2026-02-12 00:28:37,028 7f28ec457e00 DEBUG /usr/bin/ceph: stderr
2026-02-12T00:28:36.302+0000 7fc4fa7fc640 1 -- 10.20.193.117:0/1141346278 <== mon.0 v2:10.20.193.117:3300/0 2 ==== config(26 keys) v1 ==== 1043+0+0 (secure 0 0 0) 0x7fc4e802fc40 con 0x7fc4fc108630
2026-02-12 00:28:37,028 7f28ec457e00 DEBUG /usr/bin/ceph: stderr
2026-02-12T00:28:36.302+0000 7fc4fa7fc640 1 -- 10.20.193.117:0/1141346278 <== mon.0 v2:10.20.193.117:3300/0 3 ==== mon_map magic: 0 v1 ==== 205+0+0 (secure 0 0 0) 0x7fc4e8035510 con 0x7fc4fc108630
2026-02-12 00:28:37,028 7f28ec457e00 DEBUG /usr/bin/ceph: stderr
2026-02-12T00:28:36.303+0000 7fc501e37640 1 -- 10.20.193.117:0/1141346278 >> [v2:10.20.193.117:3300/0,v1:10.20.193.117:6789/0] conn(0x7fc4fc108630 msgr2=0x7fc4fc108a30 secure :-1 s=STATE_CONNECTION_ESTABLISHED l=1).mark_down
2026-02-12 00:28:37,028 7f28ec457e00 DEBUG /usr/bin/ceph: stderr
2026-02-12T00:28:36.303+0000 7fc501e37640 1 --2- 10.20.193.117:0/1141346278 >> [v2:10.20.193.117:3300/0,v1:10.20.193.117:6789/0] conn(0x7fc4fc108630 0x7fc4fc108a30 secure :-1 s=READY pgs=20 cs=0 l=1 rev1=1 crypto rx=0x7fc4e8009920 tx=0x7fc4e802ef20 comp rx=0 tx=0).stop
2026-02-12 00:28:37,028 7f28ec457e00 DEBUG /usr/bin/ceph: stderr
2026-02-12T00:28:36.303+0000 7fc501e37640 1 -- 10.20.193.117:0/1141346278 shutdown_connections
2026-02-12 00:28:37,028 7f28ec457e00 DEBUG /usr/bin/ceph: stderr
2026-02-12T00:28:36.303+0000 7fc501e37640 1 --2- 10.20.193.117:0/1141346278 >> [v2:10.20.193.117:3300/0,v1:10.20.193.117:6789/0] conn(0x7fc4fc108630 0x7fc4fc108a30 unknown :-1 s=CLOSED pgs=20 cs=0 l=1 rev1=1 crypto rx=0 tx=0 comp rx=0 tx=0).stop
2026-02-12 00:28:37,028 7f28ec457e00 DEBUG /usr/bin/ceph: stderr
2026-02-12T00:28:36.303+0000 7fc501e37640 1 -- 10.20.193.117:0/1141346278 >> 10.20.193.117:0/1141346278 conn(0x7fc4fc07bb10 msgr2=0x7fc4fc106510 unknown :-1 s=STATE_NONE l=0).mark_down
2026-02-12 00:28:37,028 7f28ec457e00 DEBUG /usr/bin/ceph: stderr
2026-02-12T00:28:36.303+0000 7fc501e37640 1 -- 10.20.193.117:0/1141346278 shutdown_connections
2026-02-12 00:28:37,028 7f28ec457e00 DEBUG /usr/bin/ceph: stderr
2026-02-12T00:28:36.303+0000 7fc501e37640 1 -- 10.20.193.117:0/1141346278 wait complete.
2026-02-12 00:28:37,028 7f28ec457e00 DEBUG /usr/bin/ceph: stderr
2026-02-12T00:28:36.303+0000 7fc501e37640 1 Processor -- start
2026-02-12 00:28:37,028 7f28ec457e00 DEBUG /usr/bin/ceph: stderr
2026-02-12T00:28:36.303+0000 7fc501e37640 1 -- start start
2026-02-12 00:28:37,028 7f28ec457e00 DEBUG /usr/bin/ceph: stderr
2026-02-12T00:28:36.303+0000 7fc501e37640 1 --2- >> [v2:10.20.193.117:3300/0,v1:10.20.193.117:6789/0] conn(0x7fc4fc108630 0x7fc4fc19e2b0 unknown :-1 s=NONE pgs=0 cs=0 l=1 rev1=0 crypto rx=0 tx=0 comp rx=0 tx=0).connect
2026-02-12 00:28:37,028 7f28ec457e00 DEBUG /usr/bin/ceph: stderr
2026-02-12T00:28:36.303+0000 7fc501e37640 1 -- --> [v2:10.20.193.117:3300/0,v1:10.20.193.117:6789/0] -- mon_getmap magic: 0 v1 -- 0x7fc4fc19e7f0 con 0x7fc4fc108630
2026-02-12 00:28:37,028 7f28ec457e00 DEBUG /usr/bin/ceph: stderr
2026-02-12T00:28:36.303+0000 7fc4fb7fe640 1 --2- >> [v2:10.20.193.117:3300/0,v1:10.20.193.117:6789/0] conn(0x7fc4fc108630 0x7fc4fc19e2b0 unknown :-1 s=BANNER_CONNECTING pgs=0 cs=0 l=1 rev1=0 crypto rx=0 tx=0 comp rx=0 tx=0)._handle_peer_banner_payload supported=3 required=0
2026-02-12 00:28:37,028 7f28ec457e00 DEBUG /usr/bin/ceph: stderr
2026-02-12T00:28:36.303+0000 7fc4fb7fe640 1 --2- >> [v2:10.20.193.117:3300/0,v1:10.20.193.117:6789/0] conn(0x7fc4fc108630 0x7fc4fc19e2b0 unknown :-1 s=HELLO_CONNECTING pgs=0 cs=0 l=1 rev1=1 crypto rx=0 tx=0 comp rx=0 tx=0).handle_hello peer v2:10.20.193.117:3300/0 says I am v2:10.20.193.117:49864/0 (socket says 10.20.193.117:49864)
2026-02-12 00:28:37,028 7f28ec457e00 DEBUG /usr/bin/ceph: stderr
2026-02-12T00:28:36.303+0000 7fc4fb7fe640 1 -- 10.20.193.117:0/3892600638 learned_addr learned my addr 10.20.193.117:0/3892600638 (peer_addr_for_me v2:10.20.193.117:0/0)
2026-02-12 00:28:37,028 7f28ec457e00 DEBUG /usr/bin/ceph: stderr
2026-02-12T00:28:36.303+0000 7fc4fb7fe640 1 -- 10.20.193.117:0/3892600638 --> [v2:10.20.193.117:3300/0,v1:10.20.193.117:6789/0] -- mon_subscribe({config=0+,monmap=0+}) v3 -- 0x7fc4e80095d0 con 0x7fc4fc108630
2026-02-12 00:28:37,028 7f28ec457e00 DEBUG /usr/bin/ceph: stderr
2026-02-12T00:28:36.303+0000 7fc4fb7fe640 1 --2- 10.20.193.117:0/3892600638 >> [v2:10.20.193.117:3300/0,v1:10.20.193.117:6789/0] conn(0x7fc4fc108630 0x7fc4fc19e2b0 secure :-1 s=READY pgs=21 cs=0 l=1 rev1=1 crypto rx=0x7fc4e8037ed0 tx=0x7fc4e80379e0 comp rx=0 tx=0).ready entity=mon.0 client_cookie=0 server_cookie=0 in_seq=0 out_seq=0
2026-02-12 00:28:37,028 7f28ec457e00 DEBUG /usr/bin/ceph: stderr
2026-02-12T00:28:36.304+0000 7fc4f8ff9640 1 -- 10.20.193.117:0/3892600638 <== mon.0 v2:10.20.193.117:3300/0 1 ==== mon_map magic: 0 v1 ==== 205+0+0 (secure 0 0 0) 0x7fc4e8035be0 con 0x7fc4fc108630
2026-02-12 00:28:37,028 7f28ec457e00 DEBUG /usr/bin/ceph: stderr
2026-02-12T00:28:36.304+0000 7fc4f8ff9640 1 -- 10.20.193.117:0/3892600638 <== mon.0 v2:10.20.193.117:3300/0 2 ==== config(26 keys) v1 ==== 1043+0+0 (secure 0 0 0) 0x7fc4e8035d40 con 0x7fc4fc108630
2026-02-12 00:28:37,028 7f28ec457e00 DEBUG /usr/bin/ceph: stderr
2026-02-12T00:28:36.304+0000 7fc501e37640 1 -- 10.20.193.117:0/3892600638 --> [v2:10.20.193.117:3300/0,v1:10.20.193.117:6789/0] -- mon_subscribe({mgrmap=0+}) v3 -- 0x7fc4fc19e9f0 con 0x7fc4fc108630
2026-02-12 00:28:37,028 7f28ec457e00 DEBUG /usr/bin/ceph: stderr
2026-02-12T00:28:36.304+0000 7fc4f8ff9640 1 -- 10.20.193.117:0/3892600638 <== mon.0 v2:10.20.193.117:3300/0 3 ==== mon_map magic: 0 v1 ==== 205+0+0 (secure 0 0 0) 0x7fc4e803e4e0 con 0x7fc4fc108630
2026-02-12 00:28:37,028 7f28ec457e00 DEBUG /usr/bin/ceph: stderr
2026-02-12T00:28:36.304+0000 7fc501e37640 1 -- 10.20.193.117:0/3892600638 --> [v2:10.20.193.117:3300/0,v1:10.20.193.117:6789/0] -- mon_subscribe({osdmap=0}) v3 -- 0x7fc4fc19ee90 con 0x7fc4fc108630
2026-02-12 00:28:37,028 7f28ec457e00 DEBUG /usr/bin/ceph: stderr
2026-02-12T00:28:36.304+0000 7fc501e37640 1 -- 10.20.193.117:0/3892600638 --> [v2:10.20.193.117:3300/0,v1:10.20.193.117:6789/0] -- mon_command({"prefix": "get_command_descriptions"} v 0) v1 -- 0x7fc4fc10ca60 con 0x7fc4fc108630
2026-02-12 00:28:37,028 7f28ec457e00 DEBUG /usr/bin/ceph: stderr
2026-02-12T00:28:36.304+0000 7fc4f8ff9640 1 -- 10.20.193.117:0/3892600638 <== mon.0 v2:10.20.193.117:3300/0 4 ==== mgrmap(e 4) v1 ==== 49349+0+0 (secure 0 0 0) 0x7fc4e803e070 con 0x7fc4fc108630
2026-02-12 00:28:37,028 7f28ec457e00 DEBUG /usr/bin/ceph: stderr
2026-02-12T00:28:36.304+0000 7fc4f8ff9640 1 --2- 10.20.193.117:0/3892600638 >> [v2:10.20.193.117:6800/1867422465,v1:10.20.193.117:6801/1867422465] conn(0x7fc4d003d140 0x7fc4d003f600 unknown :-1 s=NONE pgs=0 cs=0 l=1 rev1=0 crypto rx=0 tx=0 comp rx=0 tx=0).connect
2026-02-12 00:28:37,028 7f28ec457e00 DEBUG /usr/bin/ceph: stderr
2026-02-12T00:28:36.304+0000 7fc4f8ff9640 1 -- 10.20.193.117:0/3892600638 <== mon.0 v2:10.20.193.117:3300/0 5 ==== osd_map(1..1 src has 1..1) v4 ==== 725+0+0 (secure 0 0 0) 0x7fc4e8075920 con 0x7fc4fc108630
2026-02-12 00:28:37,028 7f28ec457e00 DEBUG /usr/bin/ceph: stderr
2026-02-12T00:28:36.305+0000 7fc4faffd640 1 --2- 10.20.193.117:0/3892600638 >> [v2:10.20.193.117:6800/1867422465,v1:10.20.193.117:6801/1867422465] conn(0x7fc4d003d140 0x7fc4d003f600 unknown :-1 s=BANNER_CONNECTING pgs=0 cs=0 l=1 rev1=0 crypto rx=0 tx=0 comp rx=0 tx=0)._handle_peer_banner_payload supported=3 required=0
2026-02-12 00:28:37,028 7f28ec457e00 DEBUG /usr/bin/ceph: stderr
2026-02-12T00:28:36.305+0000 7fc4faffd640 1 --2- 10.20.193.117:0/3892600638 >> [v2:10.20.193.117:6800/1867422465,v1:10.20.193.117:6801/1867422465] conn(0x7fc4d003d140 0x7fc4d003f600 secure :-1 s=READY pgs=8 cs=0 l=1 rev1=1 crypto rx=0x7fc4ec0099c0 tx=0x7fc4ec006eb0 comp rx=0 tx=0).ready entity=mgr.14100 client_cookie=0 server_cookie=0 in_seq=0 out_seq=0
2026-02-12 00:28:37,028 7f28ec457e00 DEBUG /usr/bin/ceph: stderr
2026-02-12T00:28:36.307+0000 7fc4f8ff9640 1 -- 10.20.193.117:0/3892600638 <== mon.0 v2:10.20.193.117:3300/0 6 ==== mon_command_ack([{"prefix": "get_command_descriptions"}]=0 v0) v1 ==== 72+0+186382 (secure 0 0 0) 0x7fc4e8046520 con 0x7fc4fc108630
2026-02-12 00:28:37,028 7f28ec457e00 DEBUG /usr/bin/ceph: stderr
2026-02-12T00:28:36.405+0000 7fc501e37640 1 -- 10.20.193.117:0/3892600638 --> [v2:10.20.193.117:3300/0,v1:10.20.193.117:6789/0] -- mon_command({"prefix": "mgr module enable", "module": "cephadm"} v 0) v1 -- 0x7fc4fc10cca0 con 0x7fc4fc108630
2026-02-12 00:28:37,028 7f28ec457e00 DEBUG /usr/bin/ceph: stderr
2026-02-12T00:28:37.003+0000 7fc4f8ff9640 1 -- 10.20.193.117:0/3892600638 <== mon.0 v2:10.20.193.117:3300/0 7 ==== mon_command_ack([{"prefix": "mgr module enable", "module": "cephadm"}]=0 v5) v1 ==== 86+0+0 (secure 0 0 0) 0x7fc4e803c070 con 0x7fc4fc108630
2026-02-12 00:28:37,028 7f28ec457e00 DEBUG /usr/bin/ceph: stderr
2026-02-12T00:28:37.004+0000 7fc4f8ff9640 1 -- 10.20.193.117:0/3892600638 <== mon.0 v2:10.20.193.117:3300/0 8 ==== mgrmap(e 5) v1 ==== 49360+0+0 (secure 0 0 0) 0x7fc4e8036d70 con 0x7fc4fc108630
2026-02-12 00:28:37,028 7f28ec457e00 DEBUG /usr/bin/ceph: stderr
2026-02-12T00:28:37.005+0000 7fc501e37640 1 -- 10.20.193.117:0/3892600638 >> [v2:10.20.193.117:6800/1867422465,v1:10.20.193.117:6801/1867422465] conn(0x7fc4d003d140 msgr2=0x7fc4d003f600 secure :-1 s=STATE_CONNECTION_ESTABLISHED l=1).mark_down
2026-02-12 00:28:37,028 7f28ec457e00 DEBUG /usr/bin/ceph: stderr
2026-02-12T00:28:37.005+0000 7fc501e37640 1 --2- 10.20.193.117:0/3892600638 >> [v2:10.20.193.117:6800/1867422465,v1:10.20.193.117:6801/1867422465] conn(0x7fc4d003d140 0x7fc4d003f600 secure :-1 s=READY pgs=8 cs=0 l=1 rev1=1 crypto rx=0x7fc4ec0099c0 tx=0x7fc4ec006eb0 comp rx=0 tx=0).stop
2026-02-12 00:28:37,028 7f28ec457e00 DEBUG /usr/bin/ceph: stderr
2026-02-12T00:28:37.006+0000 7fc501e37640 1 -- 10.20.193.117:0/3892600638 >> [v2:10.20.193.117:3300/0,v1:10.20.193.117:6789/0] conn(0x7fc4fc108630 msgr2=0x7fc4fc19e2b0 secure :-1 s=STATE_CONNECTION_ESTABLISHED l=1).mark_down
2026-02-12 00:28:37,028 7f28ec457e00 DEBUG /usr/bin/ceph: stderr
2026-02-12T00:28:37.006+0000 7fc501e37640 1 --2- 10.20.193.117:0/3892600638 >> [v2:10.20.193.117:3300/0,v1:10.20.193.117:6789/0] conn(0x7fc4fc108630 0x7fc4fc19e2b0 secure :-1 s=READY pgs=21 cs=0 l=1 rev1=1 crypto rx=0x7fc4e8037ed0 tx=0x7fc4e80379e0 comp rx=0 tx=0).stop
2026-02-12 00:28:37,028 7f28ec457e00 DEBUG /usr/bin/ceph: stderr
2026-02-12T00:28:37.006+0000 7fc501e37640 1 -- 10.20.193.117:0/3892600638 shutdown_connections
2026-02-12 00:28:37,028 7f28ec457e00 DEBUG /usr/bin/ceph: stderr
2026-02-12T00:28:37.006+0000 7fc501e37640 1 --2- 10.20.193.117:0/3892600638 >> [v2:10.20.193.117:6800/1867422465,v1:10.20.193.117:6801/1867422465] conn(0x7fc4d003d140 0x7fc4d003f600 unknown :-1 s=CLOSED pgs=8 cs=0 l=1 rev1=1 crypto rx=0 tx=0 comp rx=0 tx=0).stop
2026-02-12 00:28:37,028 7f28ec457e00 DEBUG /usr/bin/ceph: stderr
2026-02-12T00:28:37.006+0000 7fc501e37640 1 --2- 10.20.193.117:0/3892600638 >> [v2:10.20.193.117:3300/0,v1:10.20.193.117:6789/0] conn(0x7fc4fc108630 0x7fc4fc19e2b0 unknown :-1 s=CLOSED pgs=21 cs=0 l=1 rev1=1 crypto rx=0 tx=0 comp rx=0 tx=0).stop
2026-02-12 00:28:37,028 7f28ec457e00 DEBUG /usr/bin/ceph: stderr
2026-02-12T00:28:37.006+0000 7fc501e37640 1 -- 10.20.193.117:0/3892600638 >> 10.20.193.117:0/3892600638 conn(0x7fc4fc07bb10 msgr2=0x7fc4fc105bc0 unknown :-1 s=STATE_NONE l=0).mark_down
2026-02-12 00:28:37,028 7f28ec457e00 DEBUG /usr/bin/ceph: stderr
2026-02-12T00:28:37.006+0000 7fc501e37640 1 -- 10.20.193.117:0/3892600638 shutdown_connections
2026-02-12 00:28:37,028 7f28ec457e00 DEBUG /usr/bin/ceph: stderr
2026-02-12T00:28:37.006+0000 7fc501e37640 1 -- 10.20.193.117:0/3892600638 wait complete.
2026-02-12 00:28:37,259 7f28ec457e00 QUIET /usr/bin/ceph: stdout {
2026-02-12 00:28:37,259 7f28ec457e00 QUIET /usr/bin/ceph: stdout "epoch": 5,
2026-02-12 00:28:37,259 7f28ec457e00 QUIET /usr/bin/ceph: stdout "available": true,
2026-02-12 00:28:37,259 7f28ec457e00 QUIET /usr/bin/ceph: stdout "active_name": "x",
2026-02-12 00:28:37,259 7f28ec457e00 QUIET /usr/bin/ceph: stdout "num_standby": 0
2026-02-12 00:28:37,259 7f28ec457e00 QUIET /usr/bin/ceph: stdout }
2026-02-12 00:28:37,259 7f28ec457e00 QUIET /usr/bin/ceph: stderr
2026-02-12T00:28:37.132+0000 7fbc25659640 1 Processor -- start
2026-02-12 00:28:37,259 7f28ec457e00 QUIET /usr/bin/ceph: stderr
2026-02-12T00:28:37.132+0000 7fbc25659640 1 -- start start
2026-02-12 00:28:37,259 7f28ec457e00 QUIET /usr/bin/ceph: stderr
2026-02-12T00:28:37.132+0000 7fbc25659640 1 --2- >> [v2:10.20.193.117:3300/0,v1:10.20.193.117:6789/0] conn(0x7fbc20106ee0 0x7fbc201092d0 unknown :-1 s=NONE pgs=0 cs=0 l=0 rev1=0 crypto rx=0 tx=0 comp rx=0 tx=0).connect
2026-02-12 00:28:37,259 7f28ec457e00 QUIET /usr/bin/ceph: stderr
2026-02-12T00:28:37.132+0000 7fbc25659640 1 -- --> [v2:10.20.193.117:3300/0,v1:10.20.193.117:6789/0] -- mon_getmap magic: 0 v1 -- 0x7fbc200747c0 con 0x7fbc20106ee0
2026-02-12 00:28:37,259 7f28ec457e00 QUIET /usr/bin/ceph: stderr
