2026-02-12T00:28:37.132+0000 7fbc1effd640 1 --2- >> [v2:10.20.193.117:3300/0,v1:10.20.193.117:6789/0] conn(0x7fbc20106ee0 0x7fbc201092d0 unknown :-1 s=BANNER_CONNECTING pgs=0 cs=0 l=0 rev1=0 crypto rx=0 tx=0 comp rx=0 tx=0)._handle_peer_banner_payload supported=3 required=0
2026-02-12 00:28:37,259 7f28ec457e00 QUIET /usr/bin/ceph: stderr
2026-02-12T00:28:37.132+0000 7fbc1effd640 1 --2- >> [v2:10.20.193.117:3300/0,v1:10.20.193.117:6789/0] conn(0x7fbc20106ee0 0x7fbc201092d0 unknown :-1 s=HELLO_CONNECTING pgs=0 cs=0 l=0 rev1=1 crypto rx=0 tx=0 comp rx=0 tx=0).handle_hello peer v2:10.20.193.117:3300/0 says I am v2:10.20.193.117:49892/0 (socket says 10.20.193.117:49892)
2026-02-12 00:28:37,259 7f28ec457e00 QUIET /usr/bin/ceph: stderr
2026-02-12T00:28:37.132+0000 7fbc1effd640 1 -- 10.20.193.117:0/1416501599 learned_addr learned my addr 10.20.193.117:0/1416501599 (peer_addr_for_me v2:10.20.193.117:0/0)
2026-02-12 00:28:37,259 7f28ec457e00 QUIET /usr/bin/ceph: stderr
2026-02-12T00:28:37.132+0000 7fbc1effd640 1 -- 10.20.193.117:0/1416501599 --> [v2:10.20.193.117:3300/0,v1:10.20.193.117:6789/0] -- mon_subscribe({config=0+,monmap=0+}) v3 -- 0x7fbc20109810 con 0x7fbc20106ee0
2026-02-12 00:28:37,259 7f28ec457e00 QUIET /usr/bin/ceph: stderr
2026-02-12T00:28:37.133+0000 7fbc1effd640 1 --2- 10.20.193.117:0/1416501599 >> [v2:10.20.193.117:3300/0,v1:10.20.193.117:6789/0] conn(0x7fbc20106ee0 0x7fbc201092d0 secure :-1 s=READY pgs=24 cs=0 l=1 rev1=1 crypto rx=0x7fbc14009920 tx=0x7fbc1402ef20 comp rx=0 tx=0).ready entity=mon.0 client_cookie=e95db7a26a12fdfc server_cookie=0 in_seq=0 out_seq=0
2026-02-12 00:28:37,259 7f28ec457e00 QUIET /usr/bin/ceph: stderr
2026-02-12T00:28:37.133+0000 7fbc1dffb640 1 -- 10.20.193.117:0/1416501599 <== mon.0 v2:10.20.193.117:3300/0 1 ==== mon_map magic: 0 v1 ==== 205+0+0 (secure 0 0 0) 0x7fbc1402fae0 con 0x7fbc20106ee0
2026-02-12 00:28:37,259 7f28ec457e00 QUIET /usr/bin/ceph: stderr
2026-02-12T00:28:37.133+0000 7fbc1dffb640 1 -- 10.20.193.117:0/1416501599 <== mon.0 v2:10.20.193.117:3300/0 2 ==== config(26 keys) v1 ==== 1043+0+0 (secure 0 0 0) 0x7fbc1402fc40 con 0x7fbc20106ee0
2026-02-12 00:28:37,259 7f28ec457e00 QUIET /usr/bin/ceph: stderr
2026-02-12T00:28:37.133+0000 7fbc1dffb640 1 -- 10.20.193.117:0/1416501599 <== mon.0 v2:10.20.193.117:3300/0 3 ==== mon_map magic: 0 v1 ==== 205+0+0 (secure 0 0 0) 0x7fbc14035510 con 0x7fbc20106ee0
2026-02-12 00:28:37,259 7f28ec457e00 QUIET /usr/bin/ceph: stderr
2026-02-12T00:28:37.133+0000 7fbc25659640 1 -- 10.20.193.117:0/1416501599 >> [v2:10.20.193.117:3300/0,v1:10.20.193.117:6789/0] conn(0x7fbc20106ee0 msgr2=0x7fbc201092d0 secure :-1 s=STATE_CONNECTION_ESTABLISHED l=1).mark_down
2026-02-12 00:28:37,259 7f28ec457e00 QUIET /usr/bin/ceph: stderr
2026-02-12T00:28:37.133+0000 7fbc25659640 1 --2- 10.20.193.117:0/1416501599 >> [v2:10.20.193.117:3300/0,v1:10.20.193.117:6789/0] conn(0x7fbc20106ee0 0x7fbc201092d0 secure :-1 s=READY pgs=24 cs=0 l=1 rev1=1 crypto rx=0x7fbc14009920 tx=0x7fbc1402ef20 comp rx=0 tx=0).stop
2026-02-12 00:28:37,259 7f28ec457e00 QUIET /usr/bin/ceph: stderr
2026-02-12T00:28:37.133+0000 7fbc25659640 1 -- 10.20.193.117:0/1416501599 shutdown_connections
2026-02-12 00:28:37,259 7f28ec457e00 QUIET /usr/bin/ceph: stderr
2026-02-12T00:28:37.133+0000 7fbc25659640 1 --2- 10.20.193.117:0/1416501599 >> [v2:10.20.193.117:3300/0,v1:10.20.193.117:6789/0] conn(0x7fbc20106ee0 0x7fbc201092d0 unknown :-1 s=CLOSED pgs=24 cs=0 l=1 rev1=1 crypto rx=0 tx=0 comp rx=0 tx=0).stop
2026-02-12 00:28:37,259 7f28ec457e00 QUIET /usr/bin/ceph: stderr
2026-02-12T00:28:37.133+0000 7fbc25659640 1 -- 10.20.193.117:0/1416501599 >> 10.20.193.117:0/1416501599 conn(0x7fbc20100a40 msgr2=0x7fbc20102e80 unknown :-1 s=STATE_NONE l=0).mark_down
2026-02-12 00:28:37,259 7f28ec457e00 QUIET /usr/bin/ceph: stderr
2026-02-12T00:28:37.133+0000 7fbc25659640 1 -- 10.20.193.117:0/1416501599 shutdown_connections
2026-02-12 00:28:37,259 7f28ec457e00 QUIET /usr/bin/ceph: stderr
2026-02-12T00:28:37.133+0000 7fbc25659640 1 -- 10.20.193.117:0/1416501599 wait complete.
2026-02-12 00:28:37,260 7f28ec457e00 QUIET /usr/bin/ceph: stderr
2026-02-12T00:28:37.133+0000 7fbc25659640 1 Processor -- start
2026-02-12 00:28:37,260 7f28ec457e00 QUIET /usr/bin/ceph: stderr
2026-02-12T00:28:37.133+0000 7fbc25659640 1 -- start start
2026-02-12 00:28:37,260 7f28ec457e00 QUIET /usr/bin/ceph: stderr
2026-02-12T00:28:37.134+0000 7fbc25659640 1 --2- >> [v2:10.20.193.117:3300/0,v1:10.20.193.117:6789/0] conn(0x7fbc20106ee0 0x7fbc2019c140 unknown :-1 s=NONE pgs=0 cs=0 l=1 rev1=0 crypto rx=0 tx=0 comp rx=0 tx=0).connect
2026-02-12 00:28:37,260 7f28ec457e00 QUIET /usr/bin/ceph: stderr
2026-02-12T00:28:37.134+0000 7fbc25659640 1 -- --> [v2:10.20.193.117:3300/0,v1:10.20.193.117:6789/0] -- mon_getmap magic: 0 v1 -- 0x7fbc2019c680 con 0x7fbc20106ee0
2026-02-12 00:28:37,260 7f28ec457e00 QUIET /usr/bin/ceph: stderr
2026-02-12T00:28:37.134+0000 7fbc1effd640 1 --2- >> [v2:10.20.193.117:3300/0,v1:10.20.193.117:6789/0] conn(0x7fbc20106ee0 0x7fbc2019c140 unknown :-1 s=BANNER_CONNECTING pgs=0 cs=0 l=1 rev1=0 crypto rx=0 tx=0 comp rx=0 tx=0)._handle_peer_banner_payload supported=3 required=0
2026-02-12 00:28:37,260 7f28ec457e00 QUIET /usr/bin/ceph: stderr
2026-02-12T00:28:37.134+0000 7fbc1effd640 1 --2- >> [v2:10.20.193.117:3300/0,v1:10.20.193.117:6789/0] conn(0x7fbc20106ee0 0x7fbc2019c140 unknown :-1 s=HELLO_CONNECTING pgs=0 cs=0 l=1 rev1=1 crypto rx=0 tx=0 comp rx=0 tx=0).handle_hello peer v2:10.20.193.117:3300/0 says I am v2:10.20.193.117:49908/0 (socket says 10.20.193.117:49908)
2026-02-12 00:28:37,260 7f28ec457e00 QUIET /usr/bin/ceph: stderr
2026-02-12T00:28:37.134+0000 7fbc1effd640 1 -- 10.20.193.117:0/3416569415 learned_addr learned my addr 10.20.193.117:0/3416569415 (peer_addr_for_me v2:10.20.193.117:0/0)
2026-02-12 00:28:37,260 7f28ec457e00 QUIET /usr/bin/ceph: stderr
2026-02-12T00:28:37.134+0000 7fbc1effd640 1 -- 10.20.193.117:0/3416569415 --> [v2:10.20.193.117:3300/0,v1:10.20.193.117:6789/0] -- mon_subscribe({config=0+,monmap=0+}) v3 -- 0x7fbc140095d0 con 0x7fbc20106ee0
2026-02-12 00:28:37,260 7f28ec457e00 QUIET /usr/bin/ceph: stderr
2026-02-12T00:28:37.134+0000 7fbc1effd640 1 --2- 10.20.193.117:0/3416569415 >> [v2:10.20.193.117:3300/0,v1:10.20.193.117:6789/0] conn(0x7fbc20106ee0 0x7fbc2019c140 secure :-1 s=READY pgs=25 cs=0 l=1 rev1=1 crypto rx=0x7fbc14006fd0 tx=0x7fbc14037a50 comp rx=0 tx=0).ready entity=mon.0 client_cookie=0 server_cookie=0 in_seq=0 out_seq=0
2026-02-12 00:28:37,260 7f28ec457e00 QUIET /usr/bin/ceph: stderr
2026-02-12T00:28:37.134+0000 7fbbfffff640 1 -- 10.20.193.117:0/3416569415 <== mon.0 v2:10.20.193.117:3300/0 1 ==== mon_map magic: 0 v1 ==== 205+0+0 (secure 0 0 0) 0x7fbc14035cb0 con 0x7fbc20106ee0
2026-02-12 00:28:37,260 7f28ec457e00 QUIET /usr/bin/ceph: stderr
2026-02-12T00:28:37.134+0000 7fbbfffff640 1 -- 10.20.193.117:0/3416569415 <== mon.0 v2:10.20.193.117:3300/0 2 ==== config(26 keys) v1 ==== 1043+0+0 (secure 0 0 0) 0x7fbc14035e10 con 0x7fbc20106ee0
2026-02-12 00:28:37,260 7f28ec457e00 QUIET /usr/bin/ceph: stderr
2026-02-12T00:28:37.134+0000 7fbc25659640 1 -- 10.20.193.117:0/3416569415 --> [v2:10.20.193.117:3300/0,v1:10.20.193.117:6789/0] -- mon_subscribe({mgrmap=0+}) v3 -- 0x7fbc2019c880 con 0x7fbc20106ee0
2026-02-12 00:28:37,260 7f28ec457e00 QUIET /usr/bin/ceph: stderr
2026-02-12T00:28:37.134+0000 7fbbfffff640 1 -- 10.20.193.117:0/3416569415 <== mon.0 v2:10.20.193.117:3300/0 3 ==== mon_map magic: 0 v1 ==== 205+0+0 (secure 0 0 0) 0x7fbc1403e4e0 con 0x7fbc20106ee0
2026-02-12 00:28:37,260 7f28ec457e00 QUIET /usr/bin/ceph: stderr
2026-02-12T00:28:37.134+0000 7fbc25659640 1 -- 10.20.193.117:0/3416569415 --> [v2:10.20.193.117:3300/0,v1:10.20.193.117:6789/0] -- mon_subscribe({osdmap=0}) v3 -- 0x7fbc2019cd20 con 0x7fbc20106ee0
2026-02-12 00:28:37,260 7f28ec457e00 QUIET /usr/bin/ceph: stderr
2026-02-12T00:28:37.134+0000 7fbc25659640 1 -- 10.20.193.117:0/3416569415 --> [v2:10.20.193.117:3300/0,v1:10.20.193.117:6789/0] -- mon_command({"prefix": "get_command_descriptions"} v 0) v1 -- 0x7fbc2010a540 con 0x7fbc20106ee0
2026-02-12 00:28:37,260 7f28ec457e00 QUIET /usr/bin/ceph: stderr
2026-02-12T00:28:37.135+0000 7fbbfffff640 1 -- 10.20.193.117:0/3416569415 <== mon.0 v2:10.20.193.117:3300/0 4 ==== mgrmap(e 5) v1 ==== 49360+0+0 (secure 0 0 0) 0x7fbc1403e070 con 0x7fbc20106ee0
2026-02-12 00:28:37,260 7f28ec457e00 QUIET /usr/bin/ceph: stderr
2026-02-12T00:28:37.135+0000 7fbbfffff640 1 --2- 10.20.193.117:0/3416569415 >> [v2:10.20.193.117:6800/1867422465,v1:10.20.193.117:6801/1867422465] conn(0x7fbbf403d180 0x7fbbf403f640 unknown :-1 s=NONE pgs=0 cs=0 l=1 rev1=0 crypto rx=0 tx=0 comp rx=0 tx=0).connect
2026-02-12 00:28:37,260 7f28ec457e00 QUIET /usr/bin/ceph: stderr
2026-02-12T00:28:37.135+0000 7fbc1e7fc640 1 -- 10.20.193.117:0/3416569415 >> [v2:10.20.193.117:6800/1867422465,v1:10.20.193.117:6801/1867422465] conn(0x7fbbf403d180 msgr2=0x7fbbf403f640 unknown :-1 s=STATE_CONNECTING_RE l=1).process reconnect failed to v2:10.20.193.117:6800/1867422465
2026-02-12 00:28:37,260 7f28ec457e00 QUIET /usr/bin/ceph: stderr
2026-02-12T00:28:37.135+0000 7fbbfffff640 1 -- 10.20.193.117:0/3416569415 <== mon.0 v2:10.20.193.117:3300/0 5 ==== osd_map(1..1 src has 1..1) v4 ==== 725+0+0 (secure 0 0 0) 0x7fbc14075a50 con 0x7fbc20106ee0
2026-02-12 00:28:37,260 7f28ec457e00 QUIET /usr/bin/ceph: stderr
2026-02-12T00:28:37.135+0000 7fbc1e7fc640 1 --2- 10.20.193.117:0/3416569415 >> [v2:10.20.193.117:6800/1867422465,v1:10.20.193.117:6801/1867422465] conn(0x7fbbf403d180 0x7fbbf403f640 unknown :-1 s=START_CONNECT pgs=0 cs=0 l=1 rev1=0 crypto rx=0 tx=0 comp rx=0 tx=0)._fault waiting 0.200000
2026-02-12 00:28:37,260 7f28ec457e00 QUIET /usr/bin/ceph: stderr
2026-02-12T00:28:37.137+0000 7fbbfffff640 1 -- 10.20.193.117:0/3416569415 <== mon.0 v2:10.20.193.117:3300/0 6 ==== mon_command_ack([{"prefix": "get_command_descriptions"}]=0 v0) v1 ==== 72+0+186382 (secure 0 0 0) 0x7fbc140369f0 con 0x7fbc20106ee0
2026-02-12 00:28:37,260 7f28ec457e00 QUIET /usr/bin/ceph: stderr
2026-02-12T00:28:37.237+0000 7fbc25659640 1 -- 10.20.193.117:0/3416569415 --> [v2:10.20.193.117:3300/0,v1:10.20.193.117:6789/0] -- mon_command({"prefix": "mgr stat"} v 0) v1 -- 0x7fbc2019f660 con 0x7fbc20106ee0
2026-02-12 00:28:37,260 7f28ec457e00 QUIET /usr/bin/ceph: stderr
2026-02-12T00:28:37.238+0000 7fbbfffff640 1 -- 10.20.193.117:0/3416569415 <== mon.0 v2:10.20.193.117:3300/0 7 ==== mon_command_ack([{"prefix": "mgr stat"}]=0 v5) v1 ==== 56+0+88 (secure 0 0 0) 0x7fbc1403c030 con 0x7fbc20106ee0
2026-02-12 00:28:37,260 7f28ec457e00 QUIET /usr/bin/ceph: stderr
2026-02-12T00:28:37.239+0000 7fbc25659640 1 -- 10.20.193.117:0/3416569415 >> [v2:10.20.193.117:6800/1867422465,v1:10.20.193.117:6801/1867422465] conn(0x7fbbf403d180 msgr2=0x7fbbf403f640 unknown :-1 s=STATE_CONNECTING l=1).mark_down
2026-02-12 00:28:37,260 7f28ec457e00 QUIET /usr/bin/ceph: stderr
2026-02-12T00:28:37.239+0000 7fbc25659640 1 --2- 10.20.193.117:0/3416569415 >> [v2:10.20.193.117:6800/1867422465,v1:10.20.193.117:6801/1867422465] conn(0x7fbbf403d180 0x7fbbf403f640 unknown :-1 s=START_CONNECT pgs=0 cs=0 l=1 rev1=0 crypto rx=0 tx=0 comp rx=0 tx=0).stop
2026-02-12 00:28:37,260 7f28ec457e00 QUIET /usr/bin/ceph: stderr
2026-02-12T00:28:37.239+0000 7fbc25659640 1 -- 10.20.193.117:0/3416569415 >> [v2:10.20.193.117:3300/0,v1:10.20.193.117:6789/0] conn(0x7fbc20106ee0 msgr2=0x7fbc2019c140 secure :-1 s=STATE_CONNECTION_ESTABLISHED l=1).mark_down
2026-02-12 00:28:37,260 7f28ec457e00 QUIET /usr/bin/ceph: stderr
2026-02-12T00:28:37.239+0000 7fbc25659640 1 --2- 10.20.193.117:0/3416569415 >> [v2:10.20.193.117:3300/0,v1:10.20.193.117:6789/0] conn(0x7fbc20106ee0 0x7fbc2019c140 secure :-1 s=READY pgs=25 cs=0 l=1 rev1=1 crypto rx=0x7fbc14006fd0 tx=0x7fbc14037a50 comp rx=0 tx=0).stop
2026-02-12 00:28:37,260 7f28ec457e00 QUIET /usr/bin/ceph: stderr
2026-02-12T00:28:37.239+0000 7fbc25659640 1 -- 10.20.193.117:0/3416569415 shutdown_connections
2026-02-12 00:28:37,260 7f28ec457e00 QUIET /usr/bin/ceph: stderr
2026-02-12T00:28:37.239+0000 7fbc25659640 1 --2- 10.20.193.117:0/3416569415 >> [v2:10.20.193.117:6800/1867422465,v1:10.20.193.117:6801/1867422465] conn(0x7fbbf403d180 0x7fbbf403f640 unknown :-1 s=CLOSED pgs=0 cs=0 l=1 rev1=0 crypto rx=0 tx=0 comp rx=0 tx=0).stop
2026-02-12 00:28:37,260 7f28ec457e00 QUIET /usr/bin/ceph: stderr
2026-02-12T00:28:37.239+0000 7fbc25659640 1 --2- 10.20.193.117:0/3416569415 >> [v2:10.20.193.117:3300/0,v1:10.20.193.117:6789/0] conn(0x7fbc20106ee0 0x7fbc2019c140 unknown :-1 s=CLOSED pgs=25 cs=0 l=1 rev1=1 crypto rx=0 tx=0 comp rx=0 tx=0).stop
2026-02-12 00:28:37,260 7f28ec457e00 QUIET /usr/bin/ceph: stderr
2026-02-12T00:28:37.239+0000 7fbc25659640 1 -- 10.20.193.117:0/3416569415 >> 10.20.193.117:0/3416569415 conn(0x7fbc20100a40 msgr2=0x7fbc201015c0 unknown :-1 s=STATE_NONE l=0).mark_down
2026-02-12 00:28:37,260 7f28ec457e00 QUIET /usr/bin/ceph: stderr
2026-02-12T00:28:37.239+0000 7fbc25659640 1 -- 10.20.193.117:0/3416569415 shutdown_connections
2026-02-12 00:28:37,260 7f28ec457e00 QUIET /usr/bin/ceph: stderr
2026-02-12T00:28:37.239+0000 7fbc25659640 1 -- 10.20.193.117:0/3416569415 wait complete.
2026-02-12 00:28:37,260 7f28ec457e00 INFO Waiting for the mgr to restart...
2026-02-12 00:28:37,260 7f28ec457e00 INFO Waiting for mgr epoch 5...
2026-02-12 00:28:40,648 7f28ec457e00 DEBUG /usr/bin/ceph: stdout {
2026-02-12 00:28:40,648 7f28ec457e00 DEBUG /usr/bin/ceph: stdout "mgrmap_epoch": 7,
2026-02-12 00:28:40,648 7f28ec457e00 DEBUG /usr/bin/ceph: stdout "initialized": true
2026-02-12 00:28:40,648 7f28ec457e00 DEBUG /usr/bin/ceph: stdout }
2026-02-12 00:28:40,648 7f28ec457e00 DEBUG /usr/bin/ceph: stderr
2026-02-12T00:28:37.367+0000 7f193f4d2640 1 Processor -- start
2026-02-12 00:28:40,648 7f28ec457e00 DEBUG /usr/bin/ceph: stderr
2026-02-12T00:28:37.367+0000 7f193f4d2640 1 -- start start
2026-02-12 00:28:40,648 7f28ec457e00 DEBUG /usr/bin/ceph: stderr
2026-02-12T00:28:37.367+0000 7f193f4d2640 1 --2- >> [v2:10.20.193.117:3300/0,v1:10.20.193.117:6789/0] conn(0x7f193807bd40 0x7f193807a1a0 unknown :-1 s=NONE pgs=0 cs=0 l=0 rev1=0 crypto rx=0 tx=0 comp rx=0 tx=0).connect
2026-02-12 00:28:40,648 7f28ec457e00 DEBUG /usr/bin/ceph: stderr
2026-02-12T00:28:37.367+0000 7f193f4d2640 1 -- --> [v2:10.20.193.117:3300/0,v1:10.20.193.117:6789/0] -- mon_getmap magic: 0 v1 -- 0x7f193807a6e0 con 0x7f193807bd40
2026-02-12 00:28:40,648 7f28ec457e00 DEBUG /usr/bin/ceph: stderr
2026-02-12T00:28:37.367+0000 7f193d247640 1 --2- >> [v2:10.20.193.117:3300/0,v1:10.20.193.117:6789/0] conn(0x7f193807bd40 0x7f193807a1a0 unknown :-1 s=BANNER_CONNECTING pgs=0 cs=0 l=0 rev1=0 crypto rx=0 tx=0 comp rx=0 tx=0)._handle_peer_banner_payload supported=3 required=0
2026-02-12 00:28:40,648 7f28ec457e00 DEBUG /usr/bin/ceph: stderr
2026-02-12T00:28:37.367+0000 7f193d247640 1 --2- >> [v2:10.20.193.117:3300/0,v1:10.20.193.117:6789/0] conn(0x7f193807bd40 0x7f193807a1a0 unknown :-1 s=HELLO_CONNECTING pgs=0 cs=0 l=0 rev1=1 crypto rx=0 tx=0 comp rx=0 tx=0).handle_hello peer v2:10.20.193.117:3300/0 says I am v2:10.20.193.117:49924/0 (socket says 10.20.193.117:49924)
2026-02-12 00:28:40,648 7f28ec457e00 DEBUG /usr/bin/ceph: stderr
2026-02-12T00:28:37.367+0000 7f193d247640 1 -- 10.20.193.117:0/344339064 learned_addr learned my addr 10.20.193.117:0/344339064 (peer_addr_for_me v2:10.20.193.117:0/0)
2026-02-12 00:28:40,648 7f28ec457e00 DEBUG /usr/bin/ceph: stderr
2026-02-12T00:28:37.367+0000 7f193d247640 1 -- 10.20.193.117:0/344339064 --> [v2:10.20.193.117:3300/0,v1:10.20.193.117:6789/0] -- mon_subscribe({config=0+,monmap=0+}) v3 -- 0x7f193807a820 con 0x7f193807bd40
2026-02-12 00:28:40,648 7f28ec457e00 DEBUG /usr/bin/ceph: stderr
2026-02-12T00:28:37.368+0000 7f193d247640 1 --2- 10.20.193.117:0/344339064 >> [v2:10.20.193.117:3300/0,v1:10.20.193.117:6789/0] conn(0x7f193807bd40 0x7f193807a1a0 secure :-1 s=READY pgs=26 cs=0 l=1 rev1=1 crypto rx=0x7f1928009920 tx=0x7f192802ef20 comp rx=0 tx=0).ready entity=mon.0 client_cookie=994cbe6995a16fc9 server_cookie=0 in_seq=0 out_seq=0
2026-02-12 00:28:40,648 7f28ec457e00 DEBUG /usr/bin/ceph: stderr
2026-02-12T00:28:37.368+0000 7f1927fff640 1 -- 10.20.193.117:0/344339064 <== mon.0 v2:10.20.193.117:3300/0 1 ==== mon_map magic: 0 v1 ==== 205+0+0 (secure 0 0 0) 0x7f192802fae0 con 0x7f193807bd40
2026-02-12 00:28:40,648 7f28ec457e00 DEBUG /usr/bin/ceph: stderr
2026-02-12T00:28:37.368+0000 7f1927fff640 1 -- 10.20.193.117:0/344339064 <== mon.0 v2:10.20.193.117:3300/0 2 ==== config(26 keys) v1 ==== 1043+0+0 (secure 0 0 0) 0x7f192802fc40 con 0x7f193807bd40
2026-02-12 00:28:40,648 7f28ec457e00 DEBUG /usr/bin/ceph: stderr
2026-02-12T00:28:37.368+0000 7f1927fff640 1 -- 10.20.193.117:0/344339064 <== mon.0 v2:10.20.193.117:3300/0 3 ==== mon_map magic: 0 v1 ==== 205+0+0 (secure 0 0 0) 0x7f1928035510 con 0x7f193807bd40
2026-02-12 00:28:40,648 7f28ec457e00 DEBUG /usr/bin/ceph: stderr
2026-02-12T00:28:37.368+0000 7f193f4d2640 1 -- 10.20.193.117:0/344339064 >> [v2:10.20.193.117:3300/0,v1:10.20.193.117:6789/0] conn(0x7f193807bd40 msgr2=0x7f193807a1a0 secure :-1 s=STATE_CONNECTION_ESTABLISHED l=1).mark_down
2026-02-12 00:28:40,648 7f28ec457e00 DEBUG /usr/bin/ceph: stderr
2026-02-12T00:28:37.368+0000 7f193f4d2640 1 --2- 10.20.193.117:0/344339064 >> [v2:10.20.193.117:3300/0,v1:10.20.193.117:6789/0] conn(0x7f193807bd40 0x7f193807a1a0 secure :-1 s=READY pgs=26 cs=0 l=1 rev1=1 crypto rx=0x7f1928009920 tx=0x7f192802ef20 comp rx=0 tx=0).stop
2026-02-12 00:28:40,648 7f28ec457e00 DEBUG /usr/bin/ceph: stderr
2026-02-12T00:28:37.368+0000 7f193f4d2640 1 -- 10.20.193.117:0/344339064 shutdown_connections
2026-02-12 00:28:40,648 7f28ec457e00 DEBUG /usr/bin/ceph: stderr
2026-02-12T00:28:37.368+0000 7f193f4d2640 1 --2- 10.20.193.117:0/344339064 >> [v2:10.20.193.117:3300/0,v1:10.20.193.117:6789/0] conn(0x7f193807bd40 0x7f193807a1a0 unknown :-1 s=CLOSED pgs=26 cs=0 l=1 rev1=1 crypto rx=0 tx=0 comp rx=0 tx=0).stop
2026-02-12 00:28:40,648 7f28ec457e00 DEBUG /usr/bin/ceph: stderr
2026-02-12T00:28:37.368+0000 7f193f4d2640 1 -- 10.20.193.117:0/344339064 >> 10.20.193.117:0/344339064 conn(0x7f1938101b30 msgr2=0x7f1938103f50 unknown :-1 s=STATE_NONE l=0).mark_down
2026-02-12 00:28:40,648 7f28ec457e00 DEBUG /usr/bin/ceph: stderr
2026-02-12T00:28:37.368+0000 7f193f4d2640 1 -- 10.20.193.117:0/344339064 shutdown_connections
2026-02-12 00:28:40,648 7f28ec457e00 DEBUG /usr/bin/ceph: stderr
2026-02-12T00:28:37.368+0000 7f193f4d2640 1 -- 10.20.193.117:0/344339064 wait complete.
2026-02-12 00:28:40,648 7f28ec457e00 DEBUG /usr/bin/ceph: stderr
2026-02-12T00:28:37.369+0000 7f193f4d2640 1 Processor -- start
2026-02-12 00:28:40,649 7f28ec457e00 DEBUG /usr/bin/ceph: stderr
2026-02-12T00:28:37.369+0000 7f193f4d2640 1 -- start start
2026-02-12 00:28:40,649 7f28ec457e00 DEBUG /usr/bin/ceph: stderr
2026-02-12T00:28:37.369+0000 7f193f4d2640 1 --2- >> [v2:10.20.193.117:3300/0,v1:10.20.193.117:6789/0] conn(0x7f193807bd40 0x7f193819e290 unknown :-1 s=NONE pgs=0 cs=0 l=1 rev1=0 crypto rx=0 tx=0 comp rx=0 tx=0).connect
2026-02-12 00:28:40,649 7f28ec457e00 DEBUG /usr/bin/ceph: stderr
2026-02-12T00:28:37.369+0000 7f193f4d2640 1 -- --> [v2:10.20.193.117:3300/0,v1:10.20.193.117:6789/0] -- mon_getmap magic: 0 v1 -- 0x7f193819e7d0 con 0x7f193807bd40
2026-02-12 00:28:40,649 7f28ec457e00 DEBUG /usr/bin/ceph: stderr
2026-02-12T00:28:37.369+0000 7f193d247640 1 --2- >> [v2:10.20.193.117:3300/0,v1:10.20.193.117:6789/0] conn(0x7f193807bd40 0x7f193819e290 unknown :-1 s=BANNER_CONNECTING pgs=0 cs=0 l=1 rev1=0 crypto rx=0 tx=0 comp rx=0 tx=0)._handle_peer_banner_payload supported=3 required=0
2026-02-12 00:28:40,649 7f28ec457e00 DEBUG /usr/bin/ceph: stderr
2026-02-12T00:28:37.369+0000 7f193d247640 1 --2- >> [v2:10.20.193.117:3300/0,v1:10.20.193.117:6789/0] conn(0x7f193807bd40 0x7f193819e290 unknown :-1 s=HELLO_CONNECTING pgs=0 cs=0 l=1 rev1=1 crypto rx=0 tx=0 comp rx=0 tx=0).handle_hello peer v2:10.20.193.117:3300/0 says I am v2:10.20.193.117:49934/0 (socket says 10.20.193.117:49934)
2026-02-12 00:28:40,649 7f28ec457e00 DEBUG /usr/bin/ceph: stderr
2026-02-12T00:28:37.369+0000 7f193d247640 1 -- 10.20.193.117:0/3009979253 learned_addr learned my addr 10.20.193.117:0/3009979253 (peer_addr_for_me v2:10.20.193.117:0/0)
2026-02-12 00:28:40,649 7f28ec457e00 DEBUG /usr/bin/ceph: stderr
2026-02-12T00:28:37.369+0000 7f193d247640 1 -- 10.20.193.117:0/3009979253 --> [v2:10.20.193.117:3300/0,v1:10.20.193.117:6789/0] -- mon_subscribe({config=0+,monmap=0+}) v3 -- 0x7f19280095d0 con 0x7f193807bd40
2026-02-12 00:28:40,649 7f28ec457e00 DEBUG /usr/bin/ceph: stderr
2026-02-12T00:28:37.369+0000 7f193d247640 1 --2- 10.20.193.117:0/3009979253 >> [v2:10.20.193.117:3300/0,v1:10.20.193.117:6789/0] conn(0x7f193807bd40 0x7f193819e290 secure :-1 s=READY pgs=27 cs=0 l=1 rev1=1 crypto rx=0x7f1928037ed0 tx=0x7f19280379e0 comp rx=0 tx=0).ready entity=mon.0 client_cookie=0 server_cookie=0 in_seq=0 out_seq=0
2026-02-12 00:28:40,649 7f28ec457e00 DEBUG /usr/bin/ceph: stderr
2026-02-12T00:28:37.369+0000 7f19267fc640 1 -- 10.20.193.117:0/3009979253 <== mon.0 v2:10.20.193.117:3300/0 1 ==== mon_map magic: 0 v1 ==== 205+0+0 (secure 0 0 0) 0x7f1928035be0 con 0x7f193807bd40
2026-02-12 00:28:40,649 7f28ec457e00 DEBUG /usr/bin/ceph: stderr
2026-02-12T00:28:37.369+0000 7f19267fc640 1 -- 10.20.193.117:0/3009979253 <== mon.0 v2:10.20.193.117:3300/0 2 ==== config(26 keys) v1 ==== 1043+0+0 (secure 0 0 0) 0x7f1928035d40 con 0x7f193807bd40
2026-02-12 00:28:40,649 7f28ec457e00 DEBUG /usr/bin/ceph: stderr
2026-02-12T00:28:37.369+0000 7f193f4d2640 1 -- 10.20.193.117:0/3009979253 --> [v2:10.20.193.117:3300/0,v1:10.20.193.117:6789/0] -- mon_subscribe({mgrmap=0+}) v3 -- 0x7f193819e9d0 con 0x7f193807bd40
2026-02-12 00:28:40,649 7f28ec457e00 DEBUG /usr/bin/ceph: stderr
2026-02-12T00:28:37.369+0000 7f19267fc640 1 -- 10.20.193.117:0/3009979253 <== mon.0 v2:10.20.193.117:3300/0 3 ==== mon_map magic: 0 v1 ==== 205+0+0 (secure 0 0 0) 0x7f192803e4e0 con 0x7f193807bd40
2026-02-12 00:28:40,649 7f28ec457e00 DEBUG /usr/bin/ceph: stderr
2026-02-12T00:28:37.369+0000 7f193f4d2640 1 -- 10.20.193.117:0/3009979253 --> [v2:10.20.193.117:3300/0,v1:10.20.193.117:6789/0] -- mon_subscribe({osdmap=0}) v3 -- 0x7f193819ee70 con 0x7f193807bd40
2026-02-12 00:28:40,649 7f28ec457e00 DEBUG /usr/bin/ceph: stderr
2026-02-12T00:28:37.370+0000 7f19267fc640 1 -- 10.20.193.117:0/3009979253 <== mon.0 v2:10.20.193.117:3300/0 4 ==== mgrmap(e 5) v1 ==== 49360+0+0 (secure 0 0 0) 0x7f192803e070 con 0x7f193807bd40
2026-02-12 00:28:40,649 7f28ec457e00 DEBUG /usr/bin/ceph: stderr
2026-02-12T00:28:37.370+0000 7f19267fc640 1 --2- 10.20.193.117:0/3009979253 >> [v2:10.20.193.117:6800/1867422465,v1:10.20.193.117:6801/1867422465] conn(0x7f191403d180 0x7f191403f640 unknown :-1 s=NONE pgs=0 cs=0 l=1 rev1=0 crypto rx=0 tx=0 comp rx=0 tx=0).connect
2026-02-12 00:28:40,649 7f28ec457e00 DEBUG /usr/bin/ceph: stderr
2026-02-12T00:28:37.370+0000 7f19267fc640 1 -- 10.20.193.117:0/3009979253 --> [v2:10.20.193.117:6800/1867422465,v1:10.20.193.117:6801/1867422465] -- command(tid 0: {"prefix": "get_command_descriptions"}) v1 -- 0x7f191403fd50 con 0x7f191403d180
2026-02-12 00:28:40,649 7f28ec457e00 DEBUG /usr/bin/ceph: stderr
2026-02-12T00:28:37.370+0000 7f193ca46640 1 -- 10.20.193.117:0/3009979253 >> [v2:10.20.193.117:6800/1867422465,v1:10.20.193.117:6801/1867422465] conn(0x7f191403d180 msgr2=0x7f191403f640 unknown :-1 s=STATE_CONNECTING_RE l=1).process reconnect failed to v2:10.20.193.117:6800/1867422465
2026-02-12 00:28:40,649 7f28ec457e00 DEBUG /usr/bin/ceph: stderr
2026-02-12T00:28:37.370+0000 7f19267fc640 1 -- 10.20.193.117:0/3009979253 <== mon.0 v2:10.20.193.117:3300/0 5 ==== osd_map(1..1 src has 1..1) v4 ==== 725+0+0 (secure 0 0 0) 0x7f1928075900 con 0x7f193807bd40
2026-02-12 00:28:40,649 7f28ec457e00 DEBUG /usr/bin/ceph: stderr
2026-02-12T00:28:37.370+0000 7f193ca46640 1 --2- 10.20.193.117:0/3009979253 >> [v2:10.20.193.117:6800/1867422465,v1:10.20.193.117:6801/1867422465] conn(0x7f191403d180 0x7f191403f640 unknown :-1 s=START_CONNECT pgs=0 cs=0 l=1 rev1=0 crypto rx=0 tx=0 comp rx=0 tx=0)._fault waiting 0.200000
2026-02-12 00:28:40,649 7f28ec457e00 DEBUG /usr/bin/ceph: stderr
2026-02-12T00:28:37.571+0000 7f193ca46640 1 -- 10.20.193.117:0/3009979253 >> [v2:10.20.193.117:6800/1867422465,v1:10.20.193.117:6801/1867422465] conn(0x7f191403d180 msgr2=0x7f191403f640 unknown :-1 s=STATE_CONNECTING_RE l=1).process reconnect failed to v2:10.20.193.117:6800/1867422465
2026-02-12 00:28:40,649 7f28ec457e00 DEBUG /usr/bin/ceph: stderr
2026-02-12T00:28:37.571+0000 7f193ca46640 1 --2- 10.20.193.117:0/3009979253 >> [v2:10.20.193.117:6800/1867422465,v1:10.20.193.117:6801/1867422465] conn(0x7f191403d180 0x7f191403f640 unknown :-1 s=START_CONNECT pgs=0 cs=0 l=1 rev1=0 crypto rx=0 tx=0 comp rx=0 tx=0)._fault waiting 0.400000
2026-02-12 00:28:40,649 7f28ec457e00 DEBUG /usr/bin/ceph: stderr
2026-02-12T00:28:37.972+0000 7f193ca46640 1 -- 10.20.193.117:0/3009979253 >> [v2:10.20.193.117:6800/1867422465,v1:10.20.193.117:6801/1867422465] conn(0x7f191403d180 msgr2=0x7f191403f640 unknown :-1 s=STATE_CONNECTING_RE l=1).process reconnect failed to v2:10.20.193.117:6800/1867422465
2026-02-12 00:28:40,649 7f28ec457e00 DEBUG /usr/bin/ceph: stderr
2026-02-12T00:28:37.972+0000 7f193ca46640 1 --2- 10.20.193.117:0/3009979253 >> [v2:10.20.193.117:6800/1867422465,v1:10.20.193.117:6801/1867422465] conn(0x7f191403d180 0x7f191403f640 unknown :-1 s=START_CONNECT pgs=0 cs=0 l=1 rev1=0 crypto rx=0 tx=0 comp rx=0 tx=0)._fault waiting 0.800000
2026-02-12 00:28:40,649 7f28ec457e00 DEBUG /usr/bin/ceph: stderr
2026-02-12T00:28:38.772+0000 7f193ca46640 1 -- 10.20.193.117:0/3009979253 >> [v2:10.20.193.117:6800/1867422465,v1:10.20.193.117:6801/1867422465] conn(0x7f191403d180 msgr2=0x7f191403f640 unknown :-1 s=STATE_CONNECTING_RE l=1).process reconnect failed to v2:10.20.193.117:6800/1867422465
2026-02-12 00:28:40,649 7f28ec457e00 DEBUG /usr/bin/ceph: stderr
2026-02-12T00:28:38.772+0000 7f193ca46640 1 --2- 10.20.193.117:0/3009979253 >> [v2:10.20.193.117:6800/1867422465,v1:10.20.193.117:6801/1867422465] conn(0x7f191403d180 0x7f191403f640 unknown :-1 s=START_CONNECT pgs=0 cs=0 l=1 rev1=0 crypto rx=0 tx=0 comp rx=0 tx=0)._fault waiting 1.600000
2026-02-12 00:28:40,649 7f28ec457e00 DEBUG /usr/bin/ceph: stderr
2026-02-12T00:28:39.621+0000 7f19267fc640 1 -- 10.20.193.117:0/3009979253 <== mon.0 v2:10.20.193.117:3300/0 6 ==== mgrmap(e 6) v1 ==== 49127+0+0 (secure 0 0 0) 0x7f1928036d70 con 0x7f193807bd40
2026-02-12 00:28:40,649 7f28ec457e00 DEBUG /usr/bin/ceph: stderr
2026-02-12T00:28:39.621+0000 7f19267fc640 1 -- 10.20.193.117:0/3009979253 >> [v2:10.20.193.117:6800/1867422465,v1:10.20.193.117:6801/1867422465] conn(0x7f191403d180 msgr2=0x7f191403f640 unknown :-1 s=STATE_CONNECTING l=1).mark_down
2026-02-12 00:28:40,649 7f28ec457e00 DEBUG /usr/bin/ceph: stderr
2026-02-12T00:28:39.621+0000 7f19267fc640 1 --2- 10.20.193.117:0/3009979253 >> [v2:10.20.193.117:6800/1867422465,v1:10.20.193.117:6801/1867422465] conn(0x7f191403d180 0x7f191403f640 unknown :-1 s=START_CONNECT pgs=0 cs=0 l=1 rev1=0 crypto rx=0 tx=0 comp rx=0 tx=0).stop
2026-02-12 00:28:40,649 7f28ec457e00 DEBUG /usr/bin/ceph: stderr
2026-02-12T00:28:40.622+0000 7f19267fc640 1 -- 10.20.193.117:0/3009979253 <== mon.0 v2:10.20.193.117:3300/0 7 ==== mgrmap(e 7) v1 ==== 49254+0+0 (secure 0 0 0) 0x7f192803dd70 con 0x7f193807bd40
2026-02-12 00:28:40,649 7f28ec457e00 DEBUG /usr/bin/ceph: stderr
2026-02-12T00:28:40.622+0000 7f19267fc640 1 --2- 10.20.193.117:0/3009979253 >> [v2:10.20.193.117:6800/711686915,v1:10.20.193.117:6801/711686915] conn(0x7f1914040aa0 0x7f1914042e90 unknown :-1 s=NONE pgs=0 cs=0 l=1 rev1=0 crypto rx=0 tx=0 comp rx=0 tx=0).connect
2026-02-12 00:28:40,649 7f28ec457e00 DEBUG /usr/bin/ceph: stderr
2026-02-12T00:28:40.622+0000 7f19267fc640 1 -- 10.20.193.117:0/3009979253 --> [v2:10.20.193.117:6800/711686915,v1:10.20.193.117:6801/711686915] -- command(tid 0: {"prefix": "get_command_descriptions"}) v1 -- 0x7f191403fd50 con 0x7f1914040aa0
2026-02-12 00:28:40,649 7f28ec457e00 DEBUG /usr/bin/ceph: stderr
2026-02-12T00:28:40.622+0000 7f193ca46640 1 --2- 10.20.193.117:0/3009979253 >> [v2:10.20.193.117:6800/711686915,v1:10.20.193.117:6801/711686915] conn(0x7f1914040aa0 0x7f1914042e90 unknown :-1 s=BANNER_CONNECTING pgs=0 cs=0 l=1 rev1=0 crypto rx=0 tx=0 comp rx=0 tx=0)._handle_peer_banner_payload supported=3 required=0
2026-02-12 00:28:40,649 7f28ec457e00 DEBUG /usr/bin/ceph: stderr
2026-02-12T00:28:40.623+0000 7f193ca46640 1 --2- 10.20.193.117:0/3009979253 >> [v2:10.20.193.117:6800/711686915,v1:10.20.193.117:6801/711686915] conn(0x7f1914040aa0 0x7f1914042e90 secure :-1 s=READY pgs=2 cs=0 l=1 rev1=1 crypto rx=0x7f192c003a80 tx=0x7f192c0092b0 comp rx=0 tx=0).ready entity=mgr.14118 client_cookie=0 server_cookie=0 in_seq=0 out_seq=0
2026-02-12 00:28:40,649 7f28ec457e00 DEBUG /usr/bin/ceph: stderr
2026-02-12T00:28:40.623+0000 7f19267fc640 1 -- 10.20.193.117:0/3009979253 <== mgr.14118 v2:10.20.193.117:6800/711686915 1 ==== command_reply(tid 0: 0 ) v1 ==== 8+0+7759 (secure 0 0 0) 0x7f191403fd50 con 0x7f1914040aa0
2026-02-12 00:28:40,649 7f28ec457e00 DEBUG /usr/bin/ceph: stderr
2026-02-12T00:28:40.626+0000 7f193f4d2640 1 -- 10.20.193.117:0/3009979253 --> [v2:10.20.193.117:6800/711686915,v1:10.20.193.117:6801/711686915] -- command(tid 1: {"prefix": "mgr_status"}) v1 -- 0x7f193810c790 con 0x7f1914040aa0
2026-02-12 00:28:40,649 7f28ec457e00 DEBUG /usr/bin/ceph: stderr
2026-02-12T00:28:40.626+0000 7f19267fc640 1 -- 10.20.193.117:0/3009979253 <== mgr.14118 v2:10.20.193.117:6800/711686915 2 ==== command_reply(tid 1: 0 ) v1 ==== 8+0+51 (secure 0 0 0) 0x7f193810c790 con 0x7f1914040aa0
2026-02-12 00:28:40,649 7f28ec457e00 DEBUG /usr/bin/ceph: stderr
2026-02-12T00:28:40.627+0000 7f193f4d2640 1 -- 10.20.193.117:0/3009979253 >> [v2:10.20.193.117:6800/711686915,v1:10.20.193.117:6801/711686915] conn(0x7f1914040aa0 msgr2=0x7f1914042e90 secure :-1 s=STATE_CONNECTION_ESTABLISHED l=1).mark_down
2026-02-12 00:28:40,649 7f28ec457e00 DEBUG /usr/bin/ceph: stderr
2026-02-12T00:28:40.627+0000 7f193f4d2640 1 --2- 10.20.193.117:0/3009979253 >> [v2:10.20.193.117:6800/711686915,v1:10.20.193.117:6801/711686915] conn(0x7f1914040aa0 0x7f1914042e90 secure :-1 s=READY pgs=2 cs=0 l=1 rev1=1 crypto rx=0x7f192c003a80 tx=0x7f192c0092b0 comp rx=0 tx=0).stop
2026-02-12 00:28:40,649 7f28ec457e00 DEBUG /usr/bin/ceph: stderr
2026-02-12T00:28:40.627+0000 7f193f4d2640 1 -- 10.20.193.117:0/3009979253 >> [v2:10.20.193.117:3300/0,v1:10.20.193.117:6789/0] conn(0x7f193807bd40 msgr2=0x7f193819e290 secure :-1 s=STATE_CONNECTION_ESTABLISHED l=1).mark_down
2026-02-12 00:28:40,649 7f28ec457e00 DEBUG /usr/bin/ceph: stderr
2026-02-12T00:28:40.627+0000 7f193f4d2640 1 --2- 10.20.193.117:0/3009979253 >> [v2:10.20.193.117:3300/0,v1:10.20.193.117:6789/0] conn(0x7f193807bd40 0x7f193819e290 secure :-1 s=READY pgs=27 cs=0 l=1 rev1=1 crypto rx=0x7f1928037ed0 tx=0x7f19280379e0 comp rx=0 tx=0).stop
2026-02-12 00:28:40,649 7f28ec457e00 DEBUG /usr/bin/ceph: stderr
2026-02-12T00:28:40.627+0000 7f193f4d2640 1 -- 10.20.193.117:0/3009979253 shutdown_connections
2026-02-12 00:28:40,649 7f28ec457e00 DEBUG /usr/bin/ceph: stderr
2026-02-12T00:28:40.627+0000 7f193f4d2640 1 --2- 10.20.193.117:0/3009979253 >> [v2:10.20.193.117:6800/711686915,v1:10.20.193.117:6801/711686915] conn(0x7f1914040aa0 0x7f1914042e90 unknown :-1 s=CLOSED pgs=2 cs=0 l=1 rev1=1 crypto rx=0 tx=0 comp rx=0 tx=0).stop
2026-02-12 00:28:40,649 7f28ec457e00 DEBUG /usr/bin/ceph: stderr
2026-02-12T00:28:40.627+0000 7f193f4d2640 1 --2- 10.20.193.117:0/3009979253 >> [v2:10.20.193.117:6800/1867422465,v1:10.20.193.117:6801/1867422465] conn(0x7f191403d180 0x7f191403f640 unknown :-1 s=CLOSED pgs=0 cs=0 l=1 rev1=0 crypto rx=0 tx=0 comp rx=0 tx=0).stop
2026-02-12 00:28:40,649 7f28ec457e00 DEBUG /usr/bin/ceph: stderr
2026-02-12T00:28:40.627+0000 7f193f4d2640 1 --2- 10.20.193.117:0/3009979253 >> [v2:10.20.193.117:3300/0,v1:10.20.193.117:6789/0] conn(0x7f193807bd40 0x7f193819e290 unknown :-1 s=CLOSED pgs=27 cs=0 l=1 rev1=1 crypto rx=0 tx=0 comp rx=0 tx=0).stop
2026-02-12 00:28:40,649 7f28ec457e00 DEBUG /usr/bin/ceph: stderr
2026-02-12T00:28:40.627+0000 7f193f4d2640 1 -- 10.20.193.117:0/3009979253 >> 10.20.193.117:0/3009979253 conn(0x7f1938101b30 msgr2=0x7f1938102690 unknown :-1 s=STATE_NONE l=0).mark_down
2026-02-12 00:28:40,649 7f28ec457e00 DEBUG /usr/bin/ceph: stderr
2026-02-12T00:28:40.627+0000 7f193f4d2640 1 -- 10.20.193.117:0/3009979253 shutdown_connections
2026-02-12 00:28:40,649 7f28ec457e00 DEBUG /usr/bin/ceph: stderr
2026-02-12T00:28:40.627+0000 7f193f4d2640 1 -- 10.20.193.117:0/3009979253 wait complete.
2026-02-12 00:28:40,649 7f28ec457e00 INFO mgr epoch 5 is available
2026-02-12 00:28:40,649 7f28ec457e00 INFO Setting orchestrator backend to cephadm...
2026-02-12 00:28:40,860 7f28ec457e00 DEBUG /usr/bin/ceph: stderr
2026-02-12T00:28:40.747+0000 7f5eda35f640 1 Processor -- start
2026-02-12 00:28:40,860 7f28ec457e00 DEBUG /usr/bin/ceph: stderr
2026-02-12T00:28:40.747+0000 7f5eda35f640 1 -- start start
2026-02-12 00:28:40,860 7f28ec457e00 DEBUG /usr/bin/ceph: stderr
2026-02-12T00:28:40.747+0000 7f5eda35f640 1 --2- >> [v2:10.20.193.117:3300/0,v1:10.20.193.117:6789/0] conn(0x7f5ed4108630 0x7f5ed4108a30 unknown :-1 s=NONE pgs=0 cs=0 l=0 rev1=0 crypto rx=0 tx=0 comp rx=0 tx=0).connect
2026-02-12 00:28:40,860 7f28ec457e00 DEBUG /usr/bin/ceph: stderr
2026-02-12T00:28:40.747+0000 7f5eda35f640 1 -- --> [v2:10.20.193.117:3300/0,v1:10.20.193.117:6789/0] -- mon_getmap magic: 0 v1 -- 0x7f5ed4109000 con 0x7f5ed4108630
2026-02-12 00:28:40,860 7f28ec457e00 DEBUG /usr/bin/ceph: stderr
2026-02-12T00:28:40.747+0000 7f5ed3fff640 1 --2- >> [v2:10.20.193.117:3300/0,v1:10.20.193.117:6789/0] conn(0x7f5ed4108630 0x7f5ed4108a30 unknown :-1 s=BANNER_CONNECTING pgs=0 cs=0 l=0 rev1=0 crypto rx=0 tx=0 comp rx=0 tx=0)._handle_peer_banner_payload supported=3 required=0
2026-02-12 00:28:40,860 7f28ec457e00 DEBUG /usr/bin/ceph: stderr
2026-02-12T00:28:40.747+0000 7f5ed3fff640 1 --2- >> [v2:10.20.193.117:3300/0,v1:10.20.193.117:6789/0] conn(0x7f5ed4108630 0x7f5ed4108a30 unknown :-1 s=HELLO_CONNECTING pgs=0 cs=0 l=0 rev1=1 crypto rx=0 tx=0 comp rx=0 tx=0).handle_hello peer v2:10.20.193.117:3300/0 says I am v2:10.20.193.117:49984/0 (socket says 10.20.193.117:49984)
2026-02-12 00:28:40,860 7f28ec457e00 DEBUG /usr/bin/ceph: stderr
2026-02-12T00:28:40.747+0000 7f5ed3fff640 1 -- 10.20.193.117:0/4000046527 learned_addr learned my addr 10.20.193.117:0/4000046527 (peer_addr_for_me v2:10.20.193.117:0/0)
2026-02-12 00:28:40,860 7f28ec457e00 DEBUG /usr/bin/ceph: stderr
2026-02-12T00:28:40.748+0000 7f5ed3fff640 1 -- 10.20.193.117:0/4000046527 --> [v2:10.20.193.117:3300/0,v1:10.20.193.117:6789/0] -- mon_subscribe({config=0+,monmap=0+}) v3 -- 0x7f5ed4109830 con 0x7f5ed4108630
2026-02-12 00:28:40,860 7f28ec457e00 DEBUG /usr/bin/ceph: stderr
2026-02-12T00:28:40.748+0000 7f5ed3fff640 1 --2- 10.20.193.117:0/4000046527 >> [v2:10.20.193.117:3300/0,v1:10.20.193.117:6789/0] conn(0x7f5ed4108630 0x7f5ed4108a30 secure :-1 s=READY pgs=35 cs=0 l=1 rev1=1 crypto rx=0x7f5ec0009920 tx=0x7f5ec002ef20 comp rx=0 tx=0).ready entity=mon.0 client_cookie=8ce0b53fb5d589 server_cookie=0 in_seq=0 out_seq=0
2026-02-12 00:28:40,860 7f28ec457e00 DEBUG /usr/bin/ceph: stderr
2026-02-12T00:28:40.748+0000 7f5ed2ffd640 1 -- 10.20.193.117:0/4000046527 <== mon.0 v2:10.20.193.117:3300/0 1 ==== mon_map magic: 0 v1 ==== 205+0+0 (secure 0 0 0) 0x7f5ec002fae0 con 0x7f5ed4108630
2026-02-12 00:28:40,860 7f28ec457e00 DEBUG /usr/bin/ceph: stderr
2026-02-12T00:28:40.748+0000 7f5ed2ffd640 1 -- 10.20.193.117:0/4000046527 <== mon.0 v2:10.20.193.117:3300/0 2 ==== config(26 keys) v1 ==== 1043+0+0 (secure 0 0 0) 0x7f5ec002fc40 con 0x7f5ed4108630
2026-02-12 00:28:40,860 7f28ec457e00 DEBUG /usr/bin/ceph: stderr
2026-02-12T00:28:40.748+0000 7f5ed2ffd640 1 -- 10.20.193.117:0/4000046527 <== mon.0 v2:10.20.193.117:3300/0 3 ==== mon_map magic: 0 v1 ==== 205+0+0 (secure 0 0 0) 0x7f5ec0035510 con 0x7f5ed4108630
2026-02-12 00:28:40,861 7f28ec457e00 DEBUG /usr/bin/ceph: stderr
2026-02-12T00:28:40.748+0000 7f5eda35f640 1 -- 10.20.193.117:0/4000046527 >> [v2:10.20.193.117:3300/0,v1:10.20.193.117:6789/0] conn(0x7f5ed4108630 msgr2=0x7f5ed4108a30 secure :-1 s=STATE_CONNECTION_ESTABLISHED l=1).mark_down
2026-02-12 00:28:40,861 7f28ec457e00 DEBUG /usr/bin/ceph: stderr
2026-02-12T00:28:40.748+0000 7f5eda35f640 1 --2- 10.20.193.117:0/4000046527 >> [v2:10.20.193.117:3300/0,v1:10.20.193.117:6789/0] conn(0x7f5ed4108630 0x7f5ed4108a30 secure :-1 s=READY pgs=35 cs=0 l=1 rev1=1 crypto rx=0x7f5ec0009920 tx=0x7f5ec002ef20 comp rx=0 tx=0).stop
2026-02-12 00:28:40,861 7f28ec457e00 DEBUG /usr/bin/ceph: stderr
2026-02-12T00:28:40.749+0000 7f5eda35f640 1 -- 10.20.193.117:0/4000046527 shutdown_connections
2026-02-12 00:28:40,861 7f28ec457e00 DEBUG /usr/bin/ceph: stderr
2026-02-12T00:28:40.749+0000 7f5eda35f640 1 --2- 10.20.193.117:0/4000046527 >> [v2:10.20.193.117:3300/0,v1:10.20.193.117:6789/0] conn(0x7f5ed4108630 0x7f5ed4108a30 unknown :-1 s=CLOSED pgs=35 cs=0 l=1 rev1=1 crypto rx=0 tx=0 comp rx=0 tx=0).stop
2026-02-12 00:28:40,861 7f28ec457e00 DEBUG /usr/bin/ceph: stderr
2026-02-12T00:28:40.749+0000 7f5eda35f640 1 -- 10.20.193.117:0/4000046527 >> 10.20.193.117:0/4000046527 conn(0x7f5ed407bae0 msgr2=0x7f5ed4106510 unknown :-1 s=STATE_NONE l=0).mark_down
2026-02-12 00:28:40,861 7f28ec457e00 DEBUG /usr/bin/ceph: stderr
2026-02-12T00:28:40.749+0000 7f5eda35f640 1 -- 10.20.193.117:0/4000046527 shutdown_connections
2026-02-12 00:28:40,861 7f28ec457e00 DEBUG /usr/bin/ceph: stderr
2026-02-12T00:28:40.749+0000 7f5eda35f640 1 -- 10.20.193.117:0/4000046527 wait complete.
2026-02-12 00:28:40,861 7f28ec457e00 DEBUG /usr/bin/ceph: stderr
2026-02-12T00:28:40.749+0000 7f5eda35f640 1 Processor -- start
2026-02-12 00:28:40,861 7f28ec457e00 DEBUG /usr/bin/ceph: stderr
2026-02-12T00:28:40.749+0000 7f5eda35f640 1 -- start start
2026-02-12 00:28:40,861 7f28ec457e00 DEBUG /usr/bin/ceph: stderr
2026-02-12T00:28:40.749+0000 7f5eda35f640 1 --2- >> [v2:10.20.193.117:3300/0,v1:10.20.193.117:6789/0] conn(0x7f5ed4108630 0x7f5ed419e2a0 unknown :-1 s=NONE pgs=0 cs=0 l=1 rev1=0 crypto rx=0 tx=0 comp rx=0 tx=0).connect
2026-02-12 00:28:40,861 7f28ec457e00 DEBUG /usr/bin/ceph: stderr
2026-02-12T00:28:40.749+0000 7f5eda35f640 1 -- --> [v2:10.20.193.117:3300/0,v1:10.20.193.117:6789/0] -- mon_getmap magic: 0 v1 -- 0x7f5ed419e7e0 con 0x7f5ed4108630
2026-02-12 00:28:40,861 7f28ec457e00 DEBUG /usr/bin/ceph: stderr
2026-02-12T00:28:40.749+0000 7f5ed3fff640 1 --2- >> [v2:10.20.193.117:3300/0,v1:10.20.193.117:6789/0] conn(0x7f5ed4108630 0x7f5ed419e2a0 unknown :-1 s=BANNER_CONNECTING pgs=0 cs=0 l=1 rev1=0 crypto rx=0 tx=0 comp rx=0 tx=0)._handle_peer_banner_payload supported=3 required=0
2026-02-12 00:28:40,861 7f28ec457e00 DEBUG /usr/bin/ceph: stderr
2026-02-12T00:28:40.749+0000 7f5ed3fff640 1 --2- >> [v2:10.20.193.117:3300/0,v1:10.20.193.117:6789/0] conn(0x7f5ed4108630 0x7f5ed419e2a0 unknown :-1 s=HELLO_CONNECTING pgs=0 cs=0 l=1 rev1=1 crypto rx=0 tx=0 comp rx=0 tx=0).handle_hello peer v2:10.20.193.117:3300/0 says I am v2:10.20.193.117:49998/0 (socket says 10.20.193.117:49998)
2026-02-12 00:28:40,861 7f28ec457e00 DEBUG /usr/bin/ceph: stderr
2026-02-12T00:28:40.749+0000 7f5ed3fff640 1 -- 10.20.193.117:0/3354675940 learned_addr learned my addr 10.20.193.117:0/3354675940 (peer_addr_for_me v2:10.20.193.117:0/0)
2026-02-12 00:28:40,861 7f28ec457e00 DEBUG /usr/bin/ceph: stderr
2026-02-12T00:28:40.749+0000 7f5ed3fff640 1 -- 10.20.193.117:0/3354675940 --> [v2:10.20.193.117:3300/0,v1:10.20.193.117:6789/0] -- mon_subscribe({config=0+,monmap=0+}) v3 -- 0x7f5ec00095d0 con 0x7f5ed4108630
2026-02-12 00:28:40,861 7f28ec457e00 DEBUG /usr/bin/ceph: stderr
2026-02-12T00:28:40.749+0000 7f5ed3fff640 1 --2- 10.20.193.117:0/3354675940 >> [v2:10.20.193.117:3300/0,v1:10.20.193.117:6789/0] conn(0x7f5ed4108630 0x7f5ed419e2a0 secure :-1 s=READY pgs=36 cs=0 l=1 rev1=1 crypto rx=0x7f5ec0002410 tx=0x7f5ec00379e0 comp rx=0 tx=0).ready entity=mon.0 client_cookie=0 server_cookie=0 in_seq=0 out_seq=0
2026-02-12 00:28:40,861 7f28ec457e00 DEBUG /usr/bin/ceph: stderr
2026-02-12T00:28:40.749+0000 7f5ed17fa640 1 -- 10.20.193.117:0/3354675940 <== mon.0 v2:10.20.193.117:3300/0 1 ==== mon_map magic: 0 v1 ==== 205+0+0 (secure 0 0 0) 0x7f5ec0035c30 con 0x7f5ed4108630
2026-02-12 00:28:40,861 7f28ec457e00 DEBUG /usr/bin/ceph: stderr
2026-02-12T00:28:40.749+0000 7f5ed17fa640 1 -- 10.20.193.117:0/3354675940 <== mon.0 v2:10.20.193.117:3300/0 2 ==== config(26 keys) v1 ==== 1043+0+0 (secure 0 0 0) 0x7f5ec0035d90 con 0x7f5ed4108630
2026-02-12 00:28:40,861 7f28ec457e00 DEBUG /usr/bin/ceph: stderr
2026-02-12T00:28:40.749+0000 7f5eda35f640 1 -- 10.20.193.117:0/3354675940 --> [v2:10.20.193.117:3300/0,v1:10.20.193.117:6789/0] -- mon_subscribe({mgrmap=0+}) v3 -- 0x7f5ed419e9e0 con 0x7f5ed4108630
2026-02-12 00:28:40,861 7f28ec457e00 DEBUG /usr/bin/ceph: stderr
2026-02-12T00:28:40.749+0000 7f5ed17fa640 1 -- 10.20.193.117:0/3354675940 <== mon.0 v2:10.20.193.117:3300/0 3 ==== mon_map magic: 0 v1 ==== 205+0+0 (secure 0 0 0) 0x7f5ec003e4e0 con 0x7f5ed4108630
2026-02-12 00:28:40,861 7f28ec457e00 DEBUG /usr/bin/ceph: stderr
2026-02-12T00:28:40.750+0000 7f5eda35f640 1 -- 10.20.193.117:0/3354675940 --> [v2:10.20.193.117:3300/0,v1:10.20.193.117:6789/0] -- mon_subscribe({osdmap=0}) v3 -- 0x7f5ed419ee80 con 0x7f5ed4108630
2026-02-12 00:28:40,861 7f28ec457e00 DEBUG /usr/bin/ceph: stderr
2026-02-12T00:28:40.750+0000 7f5eda35f640 1 -- 10.20.193.117:0/3354675940 --> [v2:10.20.193.117:3300/0,v1:10.20.193.117:6789/0] -- mon_command({"prefix": "get_command_descriptions"} v 0) v1 -- 0x7f5ed410ca60 con 0x7f5ed4108630
2026-02-12 00:28:40,861 7f28ec457e00 DEBUG /usr/bin/ceph: stderr
2026-02-12T00:28:40.750+0000 7f5ed17fa640 1 -- 10.20.193.117:0/3354675940 <== mon.0 v2:10.20.193.117:3300/0 4 ==== mgrmap(e 7) v1 ==== 49254+0+0 (secure 0 0 0) 0x7f5ec003e070 con 0x7f5ed4108630
2026-02-12 00:28:40,861 7f28ec457e00 DEBUG /usr/bin/ceph: stderr
2026-02-12T00:28:40.750+0000 7f5ed17fa640 1 --2- 10.20.193.117:0/3354675940 >> [v2:10.20.193.117:6800/711686915,v1:10.20.193.117:6801/711686915] conn(0x7f5ea803d070 0x7f5ea803f530 unknown :-1 s=NONE pgs=0 cs=0 l=1 rev1=0 crypto rx=0 tx=0 comp rx=0 tx=0).connect
2026-02-12 00:28:40,861 7f28ec457e00 DEBUG /usr/bin/ceph: stderr
2026-02-12T00:28:40.750+0000 7f5ed17fa640 1 -- 10.20.193.117:0/3354675940 <== mon.0 v2:10.20.193.117:3300/0 5 ==== osd_map(2..2 src has 1..2) v4 ==== 940+0+0 (secure 0 0 0) 0x7f5ec0075a80 con 0x7f5ed4108630
2026-02-12 00:28:40,861 7f28ec457e00 DEBUG /usr/bin/ceph: stderr
2026-02-12T00:28:40.750+0000 7f5ed37fe640 1 --2- 10.20.193.117:0/3354675940 >> [v2:10.20.193.117:6800/711686915,v1:10.20.193.117:6801/711686915] conn(0x7f5ea803d070 0x7f5ea803f530 unknown :-1 s=BANNER_CONNECTING pgs=0 cs=0 l=1 rev1=0 crypto rx=0 tx=0 comp rx=0 tx=0)._handle_peer_banner_payload supported=3 required=0
2026-02-12 00:28:40,861 7f28ec457e00 DEBUG /usr/bin/ceph: stderr
2026-02-12T00:28:40.751+0000 7f5ed37fe640 1 --2- 10.20.193.117:0/3354675940 >> [v2:10.20.193.117:6800/711686915,v1:10.20.193.117:6801/711686915] conn(0x7f5ea803d070 0x7f5ea803f530 secure :-1 s=READY pgs=7 cs=0 l=1 rev1=1 crypto rx=0x7f5ec40099c0 tx=0x7f5ec4006eb0 comp rx=0 tx=0).ready entity=mgr.14118 client_cookie=0 server_cookie=0 in_seq=0 out_seq=0
2026-02-12 00:28:40,861 7f28ec457e00 DEBUG /usr/bin/ceph: stderr
2026-02-12T00:28:40.753+0000 7f5ed17fa640 1 -- 10.20.193.117:0/3354675940 <== mon.0 v2:10.20.193.117:3300/0 6 ==== mon_command_ack([{"prefix": "get_command_descriptions"}]=0 v0) v1 ==== 72+0+186382 (secure 0 0 0) 0x7f5ec0046540 con 0x7f5ed4108630
2026-02-12 00:28:40,861 7f28ec457e00 DEBUG /usr/bin/ceph: stderr
2026-02-12T00:28:40.837+0000 7f5eda35f640 1 -- 10.20.193.117:0/3354675940 --> [v2:10.20.193.117:6800/711686915,v1:10.20.193.117:6801/711686915] -- mgr_command(tid 0: {"prefix": "orch set backend", "module_name": "cephadm", "target": ["mon-mgr", ""]}) v1 -- 0x7f5ed4106280 con 0x7f5ea803d070
2026-02-12 00:28:40,861 7f28ec457e00 DEBUG /usr/bin/ceph: stderr
2026-02-12T00:28:40.841+0000 7f5ed17fa640 1 -- 10.20.193.117:0/3354675940 <== mgr.14118 v2:10.20.193.117:6800/711686915 1 ==== mgr_command_reply(tid 0: 0 ) v1 ==== 8+0+0 (secure 0 0 0) 0x7f5ed4106280 con 0x7f5ea803d070
2026-02-12 00:28:40,861 7f28ec457e00 DEBUG /usr/bin/ceph: stderr
2026-02-12T00:28:40.841+0000 7f5eda35f640 1 -- 10.20.193.117:0/3354675940 >> [v2:10.20.193.117:6800/711686915,v1:10.20.193.117:6801/711686915] conn(0x7f5ea803d070 msgr2=0x7f5ea803f530 secure :-1 s=STATE_CONNECTION_ESTABLISHED l=1).mark_down
2026-02-12 00:28:40,861 7f28ec457e00 DEBUG /usr/bin/ceph: stderr
2026-02-12T00:28:40.841+0000 7f5eda35f640 1 --2- 10.20.193.117:0/3354675940 >> [v2:10.20.193.117:6800/711686915,v1:10.20.193.117:6801/711686915] conn(0x7f5ea803d070 0x7f5ea803f530 secure :-1 s=READY pgs=7 cs=0 l=1 rev1=1 crypto rx=0x7f5ec40099c0 tx=0x7f5ec4006eb0 comp rx=0 tx=0).stop
2026-02-12 00:28:40,861 7f28ec457e00 DEBUG /usr/bin/ceph: stderr
2026-02-12T00:28:40.841+0000 7f5eda35f640 1 -- 10.20.193.117:0/3354675940 >> [v2:10.20.193.117:3300/0,v1:10.20.193.117:6789/0] conn(0x7f5ed4108630 msgr2=0x7f5ed419e2a0 secure :-1 s=STATE_CONNECTION_ESTABLISHED l=1).mark_down
2026-02-12 00:28:40,861 7f28ec457e00 DEBUG /usr/bin/ceph: stderr
2026-02-12T00:28:40.841+0000 7f5eda35f640 1 --2- 10.20.193.117:0/3354675940 >> [v2:10.20.193.117:3300/0,v1:10.20.193.117:6789/0] conn(0x7f5ed4108630 0x7f5ed419e2a0 secure :-1 s=READY pgs=36 cs=0 l=1 rev1=1 crypto rx=0x7f5ec0002410 tx=0x7f5ec00379e0 comp rx=0 tx=0).stop
2026-02-12 00:28:40,861 7f28ec457e00 DEBUG /usr/bin/ceph: stderr
2026-02-12T00:28:40.841+0000 7f5eda35f640 1 -- 10.20.193.117:0/3354675940 shutdown_connections
2026-02-12 00:28:40,861 7f28ec457e00 DEBUG /usr/bin/ceph: stderr
2026-02-12T00:28:40.841+0000 7f5eda35f640 1 --2- 10.20.193.117:0/3354675940 >> [v2:10.20.193.117:6800/711686915,v1:10.20.193.117:6801/711686915] conn(0x7f5ea803d070 0x7f5ea803f530 unknown :-1 s=CLOSED pgs=7 cs=0 l=1 rev1=1 crypto rx=0 tx=0 comp rx=0 tx=0).stop
2026-02-12 00:28:40,861 7f28ec457e00 DEBUG /usr/bin/ceph: stderr
2026-02-12T00:28:40.841+0000 7f5eda35f640 1 --2- 10.20.193.117:0/3354675940 >> [v2:10.20.193.117:3300/0,v1:10.20.193.117:6789/0] conn(0x7f5ed4108630 0x7f5ed419e2a0 unknown :-1 s=CLOSED pgs=36 cs=0 l=1 rev1=1 crypto rx=0 tx=0 comp rx=0 tx=0).stop
2026-02-12 00:28:40,861 7f28ec457e00 DEBUG /usr/bin/ceph: stderr
2026-02-12T00:28:40.841+0000 7f5eda35f640 1 -- 10.20.193.117:0/3354675940 >> 10.20.193.117:0/3354675940 conn(0x7f5ed407bae0 msgr2=0x7f5ed4105b70 unknown :-1 s=STATE_NONE l=0).mark_down
2026-02-12 00:28:40,861 7f28ec457e00 DEBUG /usr/bin/ceph: stderr
2026-02-12T00:28:40.841+0000 7f5eda35f640 1 -- 10.20.193.117:0/3354675940 shutdown_connections
2026-02-12 00:28:40,861 7f28ec457e00 DEBUG /usr/bin/ceph: stderr
2026-02-12T00:28:40.841+0000 7f5eda35f640 1 -- 10.20.193.117:0/3354675940 wait complete.
2026-02-12 00:28:41,061 7f28ec457e00 DEBUG /usr/bin/ceph: stdout value unchanged
2026-02-12 00:28:41,061 7f28ec457e00 DEBUG /usr/bin/ceph: stderr
2026-02-12T00:28:40.955+0000 7f190d730640 1 Processor -- start
2026-02-12 00:28:41,061 7f28ec457e00 DEBUG /usr/bin/ceph: stderr
2026-02-12T00:28:40.955+0000 7f190d730640 1 -- start start
2026-02-12 00:28:41,061 7f28ec457e00 DEBUG /usr/bin/ceph: stderr
2026-02-12T00:28:40.955+0000 7f190d730640 1 --2- >> [v2:10.20.193.117:3300/0,v1:10.20.193.117:6789/0] conn(0x7f1908106380 0x7f1908106780 unknown :-1 s=NONE pgs=0 cs=0 l=0 rev1=0 crypto rx=0 tx=0 comp rx=0 tx=0).connect
2026-02-12 00:28:41,061 7f28ec457e00 DEBUG /usr/bin/ceph: stderr
2026-02-12T00:28:40.955+0000 7f190d730640 1 -- --> [v2:10.20.193.117:3300/0,v1:10.20.193.117:6789/0] -- mon_getmap magic: 0 v1 -- 0x7f1908106d50 con 0x7f1908106380
2026-02-12 00:28:41,061 7f28ec457e00 DEBUG /usr/bin/ceph: stderr
2026-02-12T00:28:40.956+0000 7f1906ffd640 1 --2- >> [v2:10.20.193.117:3300/0,v1:10.20.193.117:6789/0] conn(0x7f1908106380 0x7f1908106780 unknown :-1 s=BANNER_CONNECTING pgs=0 cs=0 l=0 rev1=0 crypto rx=0 tx=0 comp rx=0 tx=0)._handle_peer_banner_payload supported=3 required=0
2026-02-12 00:28:41,061 7f28ec457e00 DEBUG /usr/bin/ceph: stderr
2026-02-12T00:28:40.956+0000 7f1906ffd640 1 --2- >> [v2:10.20.193.117:3300/0,v1:10.20.193.117:6789/0] conn(0x7f1908106380 0x7f1908106780 unknown :-1 s=HELLO_CONNECTING pgs=0 cs=0 l=0 rev1=1 crypto rx=0 tx=0 comp rx=0 tx=0).handle_hello peer v2:10.20.193.117:3300/0 says I am v2:10.20.193.117:50008/0 (socket says 10.20.193.117:50008)
2026-02-12 00:28:41,061 7f28ec457e00 DEBUG /usr/bin/ceph: stderr
2026-02-12T00:28:40.956+0000 7f1906ffd640 1 -- 10.20.193.117:0/3338566492 learned_addr learned my addr 10.20.193.117:0/3338566492 (peer_addr_for_me v2:10.20.193.117:0/0)
2026-02-12 00:28:41,061 7f28ec457e00 DEBUG /usr/bin/ceph: stderr
2026-02-12T00:28:40.956+0000 7f1906ffd640 1 -- 10.20.193.117:0/3338566492 --> [v2:10.20.193.117:3300/0,v1:10.20.193.117:6789/0] -- mon_subscribe({config=0+,monmap=0+}) v3 -- 0x7f1908107580 con 0x7f1908106380
2026-02-12 00:28:41,061 7f28ec457e00 DEBUG /usr/bin/ceph: stderr
2026-02-12T00:28:40.956+0000 7f1906ffd640 1 --2- 10.20.193.117:0/3338566492 >> [v2:10.20.193.117:3300/0,v1:10.20.193.117:6789/0] conn(0x7f1908106380 0x7f1908106780 secure :-1 s=READY pgs=37 cs=0 l=1 rev1=1 crypto rx=0x7f18fc009920 tx=0x7f18fc02ef20 comp rx=0 tx=0).ready entity=mon.0 client_cookie=ecd8edcb7867a468 server_cookie=0 in_seq=0 out_seq=0
2026-02-12 00:28:41,061 7f28ec457e00 DEBUG /usr/bin/ceph: stderr
2026-02-12T00:28:40.956+0000 7f1905ffb640 1 -- 10.20.193.117:0/3338566492 <== mon.0 v2:10.20.193.117:3300/0 1 ==== mon_map magic: 0 v1 ==== 205+0+0 (secure 0 0 0) 0x7f18fc02fae0 con 0x7f1908106380
2026-02-12 00:28:41,061 7f28ec457e00 DEBUG /usr/bin/ceph: stderr
2026-02-12T00:28:40.956+0000 7f1905ffb640 1 -- 10.20.193.117:0/3338566492 <== mon.0 v2:10.20.193.117:3300/0 2 ==== config(26 keys) v1 ==== 1043+0+0 (secure 0 0 0) 0x7f18fc02fc40 con 0x7f1908106380
2026-02-12 00:28:41,061 7f28ec457e00 DEBUG /usr/bin/ceph: stderr
