2026-02-12T00:29:24.412+0000 7f11fcc72640 1 --2- 10.20.193.63:0/3893390111 >> [v2:10.20.193.63:3300/0,v1:10.20.193.63:6789/0] conn(0x7f11f81064b0 0x7f11f81068b0 secure :-1 s=READY pgs=24 cs=0 l=1 rev1=1 crypto rx=0x7f11e8009920 tx=0x7f11e802ef20 comp rx=0 tx=0).ready entity=mon.0 client_cookie=4da25b4b85a75c8e server_cookie=0 in_seq=0 out_seq=0
2026-02-12 00:29:24,538 7fc7219f7e00 QUIET /usr/bin/ceph: stderr
2026-02-12T00:29:24.412+0000 7f11ef7fe640 1 -- 10.20.193.63:0/3893390111 <== mon.0 v2:10.20.193.63:3300/0 1 ==== mon_map magic: 0 v1 ==== 205+0+0 (secure 0 0 0) 0x7f11e802fae0 con 0x7f11f81064b0
2026-02-12 00:29:24,538 7fc7219f7e00 QUIET /usr/bin/ceph: stderr
2026-02-12T00:29:24.412+0000 7f11ef7fe640 1 -- 10.20.193.63:0/3893390111 <== mon.0 v2:10.20.193.63:3300/0 2 ==== config(26 keys) v1 ==== 1043+0+0 (secure 0 0 0) 0x7f11e802fc40 con 0x7f11f81064b0
2026-02-12 00:29:24,538 7fc7219f7e00 QUIET /usr/bin/ceph: stderr
2026-02-12T00:29:24.412+0000 7f11ef7fe640 1 -- 10.20.193.63:0/3893390111 <== mon.0 v2:10.20.193.63:3300/0 3 ==== mon_map magic: 0 v1 ==== 205+0+0 (secure 0 0 0) 0x7f11e8035510 con 0x7f11f81064b0
2026-02-12 00:29:24,538 7fc7219f7e00 QUIET /usr/bin/ceph: stderr
2026-02-12T00:29:24.413+0000 7f11feefd640 1 -- 10.20.193.63:0/3893390111 >> [v2:10.20.193.63:3300/0,v1:10.20.193.63:6789/0] conn(0x7f11f81064b0 msgr2=0x7f11f81068b0 secure :-1 s=STATE_CONNECTION_ESTABLISHED l=1).mark_down
2026-02-12 00:29:24,538 7fc7219f7e00 QUIET /usr/bin/ceph: stderr
2026-02-12T00:29:24.413+0000 7f11feefd640 1 --2- 10.20.193.63:0/3893390111 >> [v2:10.20.193.63:3300/0,v1:10.20.193.63:6789/0] conn(0x7f11f81064b0 0x7f11f81068b0 secure :-1 s=READY pgs=24 cs=0 l=1 rev1=1 crypto rx=0x7f11e8009920 tx=0x7f11e802ef20 comp rx=0 tx=0).stop
2026-02-12 00:29:24,538 7fc7219f7e00 QUIET /usr/bin/ceph: stderr
2026-02-12T00:29:24.413+0000 7f11feefd640 1 -- 10.20.193.63:0/3893390111 shutdown_connections
2026-02-12 00:29:24,538 7fc7219f7e00 QUIET /usr/bin/ceph: stderr
2026-02-12T00:29:24.413+0000 7f11feefd640 1 --2- 10.20.193.63:0/3893390111 >> [v2:10.20.193.63:3300/0,v1:10.20.193.63:6789/0] conn(0x7f11f81064b0 0x7f11f81068b0 unknown :-1 s=CLOSED pgs=24 cs=0 l=1 rev1=1 crypto rx=0 tx=0 comp rx=0 tx=0).stop
2026-02-12 00:29:24,538 7fc7219f7e00 QUIET /usr/bin/ceph: stderr
2026-02-12T00:29:24.413+0000 7f11feefd640 1 -- 10.20.193.63:0/3893390111 >> 10.20.193.63:0/3893390111 conn(0x7f11f8101c20 msgr2=0x7f11f8104080 unknown :-1 s=STATE_NONE l=0).mark_down
2026-02-12 00:29:24,538 7fc7219f7e00 QUIET /usr/bin/ceph: stderr
2026-02-12T00:29:24.413+0000 7f11feefd640 1 -- 10.20.193.63:0/3893390111 shutdown_connections
2026-02-12 00:29:24,538 7fc7219f7e00 QUIET /usr/bin/ceph: stderr
2026-02-12T00:29:24.413+0000 7f11feefd640 1 -- 10.20.193.63:0/3893390111 wait complete.
2026-02-12 00:29:24,538 7fc7219f7e00 QUIET /usr/bin/ceph: stderr
2026-02-12T00:29:24.413+0000 7f11feefd640 1 Processor -- start
2026-02-12 00:29:24,538 7fc7219f7e00 QUIET /usr/bin/ceph: stderr
2026-02-12T00:29:24.413+0000 7f11feefd640 1 -- start start
2026-02-12 00:29:24,538 7fc7219f7e00 QUIET /usr/bin/ceph: stderr
2026-02-12T00:29:24.413+0000 7f11feefd640 1 --2- >> [v2:10.20.193.63:3300/0,v1:10.20.193.63:6789/0] conn(0x7f11f81064b0 0x7f11f819c170 unknown :-1 s=NONE pgs=0 cs=0 l=1 rev1=0 crypto rx=0 tx=0 comp rx=0 tx=0).connect
2026-02-12 00:29:24,538 7fc7219f7e00 QUIET /usr/bin/ceph: stderr
2026-02-12T00:29:24.413+0000 7f11feefd640 1 -- --> [v2:10.20.193.63:3300/0,v1:10.20.193.63:6789/0] -- mon_getmap magic: 0 v1 -- 0x7f11f819c6b0 con 0x7f11f81064b0
2026-02-12 00:29:24,538 7fc7219f7e00 QUIET /usr/bin/ceph: stderr
2026-02-12T00:29:24.413+0000 7f11fcc72640 1 --2- >> [v2:10.20.193.63:3300/0,v1:10.20.193.63:6789/0] conn(0x7f11f81064b0 0x7f11f819c170 unknown :-1 s=BANNER_CONNECTING pgs=0 cs=0 l=1 rev1=0 crypto rx=0 tx=0 comp rx=0 tx=0)._handle_peer_banner_payload supported=3 required=0
2026-02-12 00:29:24,538 7fc7219f7e00 QUIET /usr/bin/ceph: stderr
2026-02-12T00:29:24.413+0000 7f11fcc72640 1 --2- >> [v2:10.20.193.63:3300/0,v1:10.20.193.63:6789/0] conn(0x7f11f81064b0 0x7f11f819c170 unknown :-1 s=HELLO_CONNECTING pgs=0 cs=0 l=1 rev1=1 crypto rx=0 tx=0 comp rx=0 tx=0).handle_hello peer v2:10.20.193.63:3300/0 says I am v2:10.20.193.63:53750/0 (socket says 10.20.193.63:53750)
2026-02-12 00:29:24,538 7fc7219f7e00 QUIET /usr/bin/ceph: stderr
2026-02-12T00:29:24.413+0000 7f11fcc72640 1 -- 10.20.193.63:0/399104068 learned_addr learned my addr 10.20.193.63:0/399104068 (peer_addr_for_me v2:10.20.193.63:0/0)
2026-02-12 00:29:24,538 7fc7219f7e00 QUIET /usr/bin/ceph: stderr
2026-02-12T00:29:24.413+0000 7f11fcc72640 1 -- 10.20.193.63:0/399104068 --> [v2:10.20.193.63:3300/0,v1:10.20.193.63:6789/0] -- mon_subscribe({config=0+,monmap=0+}) v3 -- 0x7f11e80095d0 con 0x7f11f81064b0
2026-02-12 00:29:24,538 7fc7219f7e00 QUIET /usr/bin/ceph: stderr
2026-02-12T00:29:24.414+0000 7f11fcc72640 1 --2- 10.20.193.63:0/399104068 >> [v2:10.20.193.63:3300/0,v1:10.20.193.63:6789/0] conn(0x7f11f81064b0 0x7f11f819c170 secure :-1 s=READY pgs=25 cs=0 l=1 rev1=1 crypto rx=0x7f11e8002410 tx=0x7f11e8037a50 comp rx=0 tx=0).ready entity=mon.0 client_cookie=0 server_cookie=0 in_seq=0 out_seq=0
2026-02-12 00:29:24,538 7fc7219f7e00 QUIET /usr/bin/ceph: stderr
2026-02-12T00:29:24.414+0000 7f11edffb640 1 -- 10.20.193.63:0/399104068 <== mon.0 v2:10.20.193.63:3300/0 1 ==== mon_map magic: 0 v1 ==== 205+0+0 (secure 0 0 0) 0x7f11e8035cb0 con 0x7f11f81064b0
2026-02-12 00:29:24,538 7fc7219f7e00 QUIET /usr/bin/ceph: stderr
2026-02-12T00:29:24.414+0000 7f11edffb640 1 -- 10.20.193.63:0/399104068 <== mon.0 v2:10.20.193.63:3300/0 2 ==== config(26 keys) v1 ==== 1043+0+0 (secure 0 0 0) 0x7f11e8035e10 con 0x7f11f81064b0
2026-02-12 00:29:24,538 7fc7219f7e00 QUIET /usr/bin/ceph: stderr
2026-02-12T00:29:24.414+0000 7f11feefd640 1 -- 10.20.193.63:0/399104068 --> [v2:10.20.193.63:3300/0,v1:10.20.193.63:6789/0] -- mon_subscribe({mgrmap=0+}) v3 -- 0x7f11f819c8b0 con 0x7f11f81064b0
2026-02-12 00:29:24,538 7fc7219f7e00 QUIET /usr/bin/ceph: stderr
2026-02-12T00:29:24.414+0000 7f11edffb640 1 -- 10.20.193.63:0/399104068 <== mon.0 v2:10.20.193.63:3300/0 3 ==== mon_map magic: 0 v1 ==== 205+0+0 (secure 0 0 0) 0x7f11e803e4e0 con 0x7f11f81064b0
2026-02-12 00:29:24,538 7fc7219f7e00 QUIET /usr/bin/ceph: stderr
2026-02-12T00:29:24.414+0000 7f11feefd640 1 -- 10.20.193.63:0/399104068 --> [v2:10.20.193.63:3300/0,v1:10.20.193.63:6789/0] -- mon_subscribe({osdmap=0}) v3 -- 0x7f11f819cd50 con 0x7f11f81064b0
2026-02-12 00:29:24,538 7fc7219f7e00 QUIET /usr/bin/ceph: stderr
2026-02-12T00:29:24.414+0000 7f11feefd640 1 -- 10.20.193.63:0/399104068 --> [v2:10.20.193.63:3300/0,v1:10.20.193.63:6789/0] -- mon_command({"prefix": "get_command_descriptions"} v 0) v1 -- 0x7f11f810a8e0 con 0x7f11f81064b0
2026-02-12 00:29:24,538 7fc7219f7e00 QUIET /usr/bin/ceph: stderr
2026-02-12T00:29:24.414+0000 7f11edffb640 1 -- 10.20.193.63:0/399104068 <== mon.0 v2:10.20.193.63:3300/0 4 ==== mgrmap(e 5) v1 ==== 49360+0+0 (secure 0 0 0) 0x7f11e803e070 con 0x7f11f81064b0
2026-02-12 00:29:24,538 7fc7219f7e00 QUIET /usr/bin/ceph: stderr
2026-02-12T00:29:24.415+0000 7f11edffb640 1 --2- 10.20.193.63:0/399104068 >> [v2:10.20.193.63:6800/2821646485,v1:10.20.193.63:6801/2821646485] conn(0x7f11d403d180 0x7f11d403f640 unknown :-1 s=NONE pgs=0 cs=0 l=1 rev1=0 crypto rx=0 tx=0 comp rx=0 tx=0).connect
2026-02-12 00:29:24,538 7fc7219f7e00 QUIET /usr/bin/ceph: stderr
2026-02-12T00:29:24.415+0000 7f11effff640 1 -- 10.20.193.63:0/399104068 >> [v2:10.20.193.63:6800/2821646485,v1:10.20.193.63:6801/2821646485] conn(0x7f11d403d180 msgr2=0x7f11d403f640 unknown :-1 s=STATE_CONNECTING_RE l=1).process reconnect failed to v2:10.20.193.63:6800/2821646485
2026-02-12 00:29:24,538 7fc7219f7e00 QUIET /usr/bin/ceph: stderr
2026-02-12T00:29:24.415+0000 7f11edffb640 1 -- 10.20.193.63:0/399104068 <== mon.0 v2:10.20.193.63:3300/0 5 ==== osd_map(1..1 src has 1..1) v4 ==== 725+0+0 (secure 0 0 0) 0x7f11e8075a00 con 0x7f11f81064b0
2026-02-12 00:29:24,538 7fc7219f7e00 QUIET /usr/bin/ceph: stderr
2026-02-12T00:29:24.415+0000 7f11effff640 1 --2- 10.20.193.63:0/399104068 >> [v2:10.20.193.63:6800/2821646485,v1:10.20.193.63:6801/2821646485] conn(0x7f11d403d180 0x7f11d403f640 unknown :-1 s=START_CONNECT pgs=0 cs=0 l=1 rev1=0 crypto rx=0 tx=0 comp rx=0 tx=0)._fault waiting 0.200000
2026-02-12 00:29:24,538 7fc7219f7e00 QUIET /usr/bin/ceph: stderr
2026-02-12T00:29:24.417+0000 7f11edffb640 1 -- 10.20.193.63:0/399104068 <== mon.0 v2:10.20.193.63:3300/0 6 ==== mon_command_ack([{"prefix": "get_command_descriptions"}]=0 v0) v1 ==== 72+0+186382 (secure 0 0 0) 0x7f11e80369f0 con 0x7f11f81064b0
2026-02-12 00:29:24,538 7fc7219f7e00 QUIET /usr/bin/ceph: stderr
2026-02-12T00:29:24.516+0000 7f11feefd640 1 -- 10.20.193.63:0/399104068 --> [v2:10.20.193.63:3300/0,v1:10.20.193.63:6789/0] -- mon_command({"prefix": "mgr stat"} v 0) v1 -- 0x7f11f819f630 con 0x7f11f81064b0
2026-02-12 00:29:24,538 7fc7219f7e00 QUIET /usr/bin/ceph: stderr
2026-02-12T00:29:24.516+0000 7f11edffb640 1 -- 10.20.193.63:0/399104068 <== mon.0 v2:10.20.193.63:3300/0 7 ==== mon_command_ack([{"prefix": "mgr stat"}]=0 v5) v1 ==== 56+0+88 (secure 0 0 0) 0x7f11e803c070 con 0x7f11f81064b0
2026-02-12 00:29:24,538 7fc7219f7e00 QUIET /usr/bin/ceph: stderr
2026-02-12T00:29:24.518+0000 7f11feefd640 1 -- 10.20.193.63:0/399104068 >> [v2:10.20.193.63:6800/2821646485,v1:10.20.193.63:6801/2821646485] conn(0x7f11d403d180 msgr2=0x7f11d403f640 unknown :-1 s=STATE_CONNECTING l=1).mark_down
2026-02-12 00:29:24,538 7fc7219f7e00 QUIET /usr/bin/ceph: stderr
2026-02-12T00:29:24.518+0000 7f11feefd640 1 --2- 10.20.193.63:0/399104068 >> [v2:10.20.193.63:6800/2821646485,v1:10.20.193.63:6801/2821646485] conn(0x7f11d403d180 0x7f11d403f640 unknown :-1 s=START_CONNECT pgs=0 cs=0 l=1 rev1=0 crypto rx=0 tx=0 comp rx=0 tx=0).stop
2026-02-12 00:29:24,538 7fc7219f7e00 QUIET /usr/bin/ceph: stderr
2026-02-12T00:29:24.518+0000 7f11feefd640 1 -- 10.20.193.63:0/399104068 >> [v2:10.20.193.63:3300/0,v1:10.20.193.63:6789/0] conn(0x7f11f81064b0 msgr2=0x7f11f819c170 secure :-1 s=STATE_CONNECTION_ESTABLISHED l=1).mark_down
2026-02-12 00:29:24,538 7fc7219f7e00 QUIET /usr/bin/ceph: stderr
2026-02-12T00:29:24.518+0000 7f11feefd640 1 --2- 10.20.193.63:0/399104068 >> [v2:10.20.193.63:3300/0,v1:10.20.193.63:6789/0] conn(0x7f11f81064b0 0x7f11f819c170 secure :-1 s=READY pgs=25 cs=0 l=1 rev1=1 crypto rx=0x7f11e8002410 tx=0x7f11e8037a50 comp rx=0 tx=0).stop
2026-02-12 00:29:24,538 7fc7219f7e00 QUIET /usr/bin/ceph: stderr
2026-02-12T00:29:24.518+0000 7f11feefd640 1 -- 10.20.193.63:0/399104068 shutdown_connections
2026-02-12 00:29:24,538 7fc7219f7e00 QUIET /usr/bin/ceph: stderr
2026-02-12T00:29:24.518+0000 7f11feefd640 1 --2- 10.20.193.63:0/399104068 >> [v2:10.20.193.63:6800/2821646485,v1:10.20.193.63:6801/2821646485] conn(0x7f11d403d180 0x7f11d403f640 unknown :-1 s=CLOSED pgs=0 cs=0 l=1 rev1=0 crypto rx=0 tx=0 comp rx=0 tx=0).stop
2026-02-12 00:29:24,538 7fc7219f7e00 QUIET /usr/bin/ceph: stderr
2026-02-12T00:29:24.518+0000 7f11feefd640 1 --2- 10.20.193.63:0/399104068 >> [v2:10.20.193.63:3300/0,v1:10.20.193.63:6789/0] conn(0x7f11f81064b0 0x7f11f819c170 unknown :-1 s=CLOSED pgs=25 cs=0 l=1 rev1=1 crypto rx=0 tx=0 comp rx=0 tx=0).stop
2026-02-12 00:29:24,538 7fc7219f7e00 QUIET /usr/bin/ceph: stderr
2026-02-12T00:29:24.518+0000 7f11feefd640 1 -- 10.20.193.63:0/399104068 >> 10.20.193.63:0/399104068 conn(0x7f11f8101c20 msgr2=0x7f11f8102830 unknown :-1 s=STATE_NONE l=0).mark_down
2026-02-12 00:29:24,538 7fc7219f7e00 QUIET /usr/bin/ceph: stderr
2026-02-12T00:29:24.518+0000 7f11feefd640 1 -- 10.20.193.63:0/399104068 shutdown_connections
2026-02-12 00:29:24,538 7fc7219f7e00 QUIET /usr/bin/ceph: stderr
2026-02-12T00:29:24.518+0000 7f11feefd640 1 -- 10.20.193.63:0/399104068 wait complete.
2026-02-12 00:29:24,538 7fc7219f7e00 INFO Waiting for the mgr to restart...
2026-02-12 00:29:24,538 7fc7219f7e00 INFO Waiting for mgr epoch 5...
2026-02-12 00:29:27,908 7fc7219f7e00 DEBUG /usr/bin/ceph: stdout {
2026-02-12 00:29:27,908 7fc7219f7e00 DEBUG /usr/bin/ceph: stdout "mgrmap_epoch": 7,
2026-02-12 00:29:27,908 7fc7219f7e00 DEBUG /usr/bin/ceph: stdout "initialized": true
2026-02-12 00:29:27,908 7fc7219f7e00 DEBUG /usr/bin/ceph: stdout }
2026-02-12 00:29:27,908 7fc7219f7e00 DEBUG /usr/bin/ceph: stderr
2026-02-12T00:29:24.636+0000 7f9235e2f640 1 Processor -- start
2026-02-12 00:29:27,908 7fc7219f7e00 DEBUG /usr/bin/ceph: stderr
2026-02-12T00:29:24.636+0000 7f9235e2f640 1 -- start start
2026-02-12 00:29:27,908 7fc7219f7e00 DEBUG /usr/bin/ceph: stderr
2026-02-12T00:29:24.636+0000 7f9235e2f640 1 --2- >> [v2:10.20.193.63:3300/0,v1:10.20.193.63:6789/0] conn(0x7f92301064b0 0x7f92301068b0 unknown :-1 s=NONE pgs=0 cs=0 l=0 rev1=0 crypto rx=0 tx=0 comp rx=0 tx=0).connect
2026-02-12 00:29:27,908 7fc7219f7e00 DEBUG /usr/bin/ceph: stderr
2026-02-12T00:29:24.636+0000 7f9235e2f640 1 -- --> [v2:10.20.193.63:3300/0,v1:10.20.193.63:6789/0] -- mon_getmap magic: 0 v1 -- 0x7f9230106e80 con 0x7f92301064b0
2026-02-12 00:29:27,908 7fc7219f7e00 DEBUG /usr/bin/ceph: stderr
2026-02-12T00:29:24.637+0000 7f922f7fe640 1 --2- >> [v2:10.20.193.63:3300/0,v1:10.20.193.63:6789/0] conn(0x7f92301064b0 0x7f92301068b0 unknown :-1 s=BANNER_CONNECTING pgs=0 cs=0 l=0 rev1=0 crypto rx=0 tx=0 comp rx=0 tx=0)._handle_peer_banner_payload supported=3 required=0
2026-02-12 00:29:27,908 7fc7219f7e00 DEBUG /usr/bin/ceph: stderr
2026-02-12T00:29:24.637+0000 7f922f7fe640 1 --2- >> [v2:10.20.193.63:3300/0,v1:10.20.193.63:6789/0] conn(0x7f92301064b0 0x7f92301068b0 unknown :-1 s=HELLO_CONNECTING pgs=0 cs=0 l=0 rev1=1 crypto rx=0 tx=0 comp rx=0 tx=0).handle_hello peer v2:10.20.193.63:3300/0 says I am v2:10.20.193.63:53756/0 (socket says 10.20.193.63:53756)
2026-02-12 00:29:27,908 7fc7219f7e00 DEBUG /usr/bin/ceph: stderr
2026-02-12T00:29:24.637+0000 7f922f7fe640 1 -- 10.20.193.63:0/3513437226 learned_addr learned my addr 10.20.193.63:0/3513437226 (peer_addr_for_me v2:10.20.193.63:0/0)
2026-02-12 00:29:27,908 7fc7219f7e00 DEBUG /usr/bin/ceph: stderr
2026-02-12T00:29:24.637+0000 7f922f7fe640 1 -- 10.20.193.63:0/3513437226 --> [v2:10.20.193.63:3300/0,v1:10.20.193.63:6789/0] -- mon_subscribe({config=0+,monmap=0+}) v3 -- 0x7f92301076b0 con 0x7f92301064b0
2026-02-12 00:29:27,908 7fc7219f7e00 DEBUG /usr/bin/ceph: stderr
2026-02-12T00:29:24.637+0000 7f922f7fe640 1 --2- 10.20.193.63:0/3513437226 >> [v2:10.20.193.63:3300/0,v1:10.20.193.63:6789/0] conn(0x7f92301064b0 0x7f92301068b0 secure :-1 s=READY pgs=26 cs=0 l=1 rev1=1 crypto rx=0x7f921c009920 tx=0x7f921c02ef20 comp rx=0 tx=0).ready entity=mon.0 client_cookie=4690d385821bc412 server_cookie=0 in_seq=0 out_seq=0
2026-02-12 00:29:27,908 7fc7219f7e00 DEBUG /usr/bin/ceph: stderr
2026-02-12T00:29:24.637+0000 7f922e7fc640 1 -- 10.20.193.63:0/3513437226 <== mon.0 v2:10.20.193.63:3300/0 1 ==== mon_map magic: 0 v1 ==== 205+0+0 (secure 0 0 0) 0x7f921c02fae0 con 0x7f92301064b0
2026-02-12 00:29:27,908 7fc7219f7e00 DEBUG /usr/bin/ceph: stderr
2026-02-12T00:29:24.637+0000 7f922e7fc640 1 -- 10.20.193.63:0/3513437226 <== mon.0 v2:10.20.193.63:3300/0 2 ==== config(26 keys) v1 ==== 1043+0+0 (secure 0 0 0) 0x7f921c02fc40 con 0x7f92301064b0
2026-02-12 00:29:27,908 7fc7219f7e00 DEBUG /usr/bin/ceph: stderr
2026-02-12T00:29:24.637+0000 7f922e7fc640 1 -- 10.20.193.63:0/3513437226 <== mon.0 v2:10.20.193.63:3300/0 3 ==== mon_map magic: 0 v1 ==== 205+0+0 (secure 0 0 0) 0x7f921c035510 con 0x7f92301064b0
2026-02-12 00:29:27,908 7fc7219f7e00 DEBUG /usr/bin/ceph: stderr
2026-02-12T00:29:24.638+0000 7f9235e2f640 1 -- 10.20.193.63:0/3513437226 >> [v2:10.20.193.63:3300/0,v1:10.20.193.63:6789/0] conn(0x7f92301064b0 msgr2=0x7f92301068b0 secure :-1 s=STATE_CONNECTION_ESTABLISHED l=1).mark_down
2026-02-12 00:29:27,908 7fc7219f7e00 DEBUG /usr/bin/ceph: stderr
2026-02-12T00:29:24.638+0000 7f9235e2f640 1 --2- 10.20.193.63:0/3513437226 >> [v2:10.20.193.63:3300/0,v1:10.20.193.63:6789/0] conn(0x7f92301064b0 0x7f92301068b0 secure :-1 s=READY pgs=26 cs=0 l=1 rev1=1 crypto rx=0x7f921c009920 tx=0x7f921c02ef20 comp rx=0 tx=0).stop
2026-02-12 00:29:27,908 7fc7219f7e00 DEBUG /usr/bin/ceph: stderr
2026-02-12T00:29:24.638+0000 7f9235e2f640 1 -- 10.20.193.63:0/3513437226 shutdown_connections
2026-02-12 00:29:27,908 7fc7219f7e00 DEBUG /usr/bin/ceph: stderr
2026-02-12T00:29:24.638+0000 7f9235e2f640 1 --2- 10.20.193.63:0/3513437226 >> [v2:10.20.193.63:3300/0,v1:10.20.193.63:6789/0] conn(0x7f92301064b0 0x7f92301068b0 unknown :-1 s=CLOSED pgs=26 cs=0 l=1 rev1=1 crypto rx=0 tx=0 comp rx=0 tx=0).stop
2026-02-12 00:29:27,908 7fc7219f7e00 DEBUG /usr/bin/ceph: stderr
2026-02-12T00:29:24.638+0000 7f9235e2f640 1 -- 10.20.193.63:0/3513437226 >> 10.20.193.63:0/3513437226 conn(0x7f9230101c20 msgr2=0x7f9230104080 unknown :-1 s=STATE_NONE l=0).mark_down
2026-02-12 00:29:27,908 7fc7219f7e00 DEBUG /usr/bin/ceph: stderr
2026-02-12T00:29:24.638+0000 7f9235e2f640 1 -- 10.20.193.63:0/3513437226 shutdown_connections
2026-02-12 00:29:27,908 7fc7219f7e00 DEBUG /usr/bin/ceph: stderr
2026-02-12T00:29:24.638+0000 7f9235e2f640 1 -- 10.20.193.63:0/3513437226 wait complete.
2026-02-12 00:29:27,908 7fc7219f7e00 DEBUG /usr/bin/ceph: stderr
2026-02-12T00:29:24.638+0000 7f9235e2f640 1 Processor -- start
2026-02-12 00:29:27,908 7fc7219f7e00 DEBUG /usr/bin/ceph: stderr
2026-02-12T00:29:24.638+0000 7f9235e2f640 1 -- start start
2026-02-12 00:29:27,908 7fc7219f7e00 DEBUG /usr/bin/ceph: stderr
2026-02-12T00:29:24.638+0000 7f9235e2f640 1 --2- >> [v2:10.20.193.63:3300/0,v1:10.20.193.63:6789/0] conn(0x7f92301064b0 0x7f923019e3f0 unknown :-1 s=NONE pgs=0 cs=0 l=1 rev1=0 crypto rx=0 tx=0 comp rx=0 tx=0).connect
2026-02-12 00:29:27,908 7fc7219f7e00 DEBUG /usr/bin/ceph: stderr
2026-02-12T00:29:24.638+0000 7f9235e2f640 1 -- --> [v2:10.20.193.63:3300/0,v1:10.20.193.63:6789/0] -- mon_getmap magic: 0 v1 -- 0x7f923019e930 con 0x7f92301064b0
2026-02-12 00:29:27,908 7fc7219f7e00 DEBUG /usr/bin/ceph: stderr
2026-02-12T00:29:24.638+0000 7f922f7fe640 1 --2- >> [v2:10.20.193.63:3300/0,v1:10.20.193.63:6789/0] conn(0x7f92301064b0 0x7f923019e3f0 unknown :-1 s=BANNER_CONNECTING pgs=0 cs=0 l=1 rev1=0 crypto rx=0 tx=0 comp rx=0 tx=0)._handle_peer_banner_payload supported=3 required=0
2026-02-12 00:29:27,908 7fc7219f7e00 DEBUG /usr/bin/ceph: stderr
2026-02-12T00:29:24.638+0000 7f922f7fe640 1 --2- >> [v2:10.20.193.63:3300/0,v1:10.20.193.63:6789/0] conn(0x7f92301064b0 0x7f923019e3f0 unknown :-1 s=HELLO_CONNECTING pgs=0 cs=0 l=1 rev1=1 crypto rx=0 tx=0 comp rx=0 tx=0).handle_hello peer v2:10.20.193.63:3300/0 says I am v2:10.20.193.63:53770/0 (socket says 10.20.193.63:53770)
2026-02-12 00:29:27,908 7fc7219f7e00 DEBUG /usr/bin/ceph: stderr
2026-02-12T00:29:24.638+0000 7f922f7fe640 1 -- 10.20.193.63:0/1256877657 learned_addr learned my addr 10.20.193.63:0/1256877657 (peer_addr_for_me v2:10.20.193.63:0/0)
2026-02-12 00:29:27,908 7fc7219f7e00 DEBUG /usr/bin/ceph: stderr
2026-02-12T00:29:24.638+0000 7f922f7fe640 1 -- 10.20.193.63:0/1256877657 --> [v2:10.20.193.63:3300/0,v1:10.20.193.63:6789/0] -- mon_subscribe({config=0+,monmap=0+}) v3 -- 0x7f921c0095d0 con 0x7f92301064b0
2026-02-12 00:29:27,908 7fc7219f7e00 DEBUG /usr/bin/ceph: stderr
2026-02-12T00:29:24.639+0000 7f922f7fe640 1 --2- 10.20.193.63:0/1256877657 >> [v2:10.20.193.63:3300/0,v1:10.20.193.63:6789/0] conn(0x7f92301064b0 0x7f923019e3f0 secure :-1 s=READY pgs=27 cs=0 l=1 rev1=1 crypto rx=0x7f921c006fd0 tx=0x7f921c0379c0 comp rx=0 tx=0).ready entity=mon.0 client_cookie=0 server_cookie=0 in_seq=0 out_seq=0
2026-02-12 00:29:27,908 7fc7219f7e00 DEBUG /usr/bin/ceph: stderr
2026-02-12T00:29:24.639+0000 7f922cff9640 1 -- 10.20.193.63:0/1256877657 <== mon.0 v2:10.20.193.63:3300/0 1 ==== mon_map magic: 0 v1 ==== 205+0+0 (secure 0 0 0) 0x7f921c035be0 con 0x7f92301064b0
2026-02-12 00:29:27,908 7fc7219f7e00 DEBUG /usr/bin/ceph: stderr
2026-02-12T00:29:24.639+0000 7f922cff9640 1 -- 10.20.193.63:0/1256877657 <== mon.0 v2:10.20.193.63:3300/0 2 ==== config(26 keys) v1 ==== 1043+0+0 (secure 0 0 0) 0x7f921c035d40 con 0x7f92301064b0
2026-02-12 00:29:27,908 7fc7219f7e00 DEBUG /usr/bin/ceph: stderr
2026-02-12T00:29:24.639+0000 7f922cff9640 1 -- 10.20.193.63:0/1256877657 <== mon.0 v2:10.20.193.63:3300/0 3 ==== mon_map magic: 0 v1 ==== 205+0+0 (secure 0 0 0) 0x7f921c03e4e0 con 0x7f92301064b0
2026-02-12 00:29:27,908 7fc7219f7e00 DEBUG /usr/bin/ceph: stderr
2026-02-12T00:29:24.639+0000 7f9235e2f640 1 -- 10.20.193.63:0/1256877657 --> [v2:10.20.193.63:3300/0,v1:10.20.193.63:6789/0] -- mon_subscribe({mgrmap=0+}) v3 -- 0x7f923019eb30 con 0x7f92301064b0
2026-02-12 00:29:27,908 7fc7219f7e00 DEBUG /usr/bin/ceph: stderr
2026-02-12T00:29:24.639+0000 7f9235e2f640 1 -- 10.20.193.63:0/1256877657 --> [v2:10.20.193.63:3300/0,v1:10.20.193.63:6789/0] -- mon_subscribe({osdmap=0}) v3 -- 0x7f923019efd0 con 0x7f92301064b0
2026-02-12 00:29:27,908 7fc7219f7e00 DEBUG /usr/bin/ceph: stderr
2026-02-12T00:29:24.639+0000 7f922cff9640 1 -- 10.20.193.63:0/1256877657 <== mon.0 v2:10.20.193.63:3300/0 4 ==== mgrmap(e 5) v1 ==== 49360+0+0 (secure 0 0 0) 0x7f921c03e070 con 0x7f92301064b0
2026-02-12 00:29:27,908 7fc7219f7e00 DEBUG /usr/bin/ceph: stderr
2026-02-12T00:29:24.639+0000 7f922cff9640 1 --2- 10.20.193.63:0/1256877657 >> [v2:10.20.193.63:6800/2821646485,v1:10.20.193.63:6801/2821646485] conn(0x7f920403d190 0x7f920403f650 unknown :-1 s=NONE pgs=0 cs=0 l=1 rev1=0 crypto rx=0 tx=0 comp rx=0 tx=0).connect
2026-02-12 00:29:27,908 7fc7219f7e00 DEBUG /usr/bin/ceph: stderr
2026-02-12T00:29:24.639+0000 7f922cff9640 1 -- 10.20.193.63:0/1256877657 --> [v2:10.20.193.63:6800/2821646485,v1:10.20.193.63:6801/2821646485] -- command(tid 0: {"prefix": "get_command_descriptions"}) v1 -- 0x7f920403fd60 con 0x7f920403d190
2026-02-12 00:29:27,908 7fc7219f7e00 DEBUG /usr/bin/ceph: stderr
2026-02-12T00:29:24.639+0000 7f922effd640 1 -- 10.20.193.63:0/1256877657 >> [v2:10.20.193.63:6800/2821646485,v1:10.20.193.63:6801/2821646485] conn(0x7f920403d190 msgr2=0x7f920403f650 unknown :-1 s=STATE_CONNECTING_RE l=1).process reconnect failed to v2:10.20.193.63:6800/2821646485
2026-02-12 00:29:27,908 7fc7219f7e00 DEBUG /usr/bin/ceph: stderr
2026-02-12T00:29:24.639+0000 7f922cff9640 1 -- 10.20.193.63:0/1256877657 <== mon.0 v2:10.20.193.63:3300/0 5 ==== osd_map(1..1 src has 1..1) v4 ==== 725+0+0 (secure 0 0 0) 0x7f921c075960 con 0x7f92301064b0
2026-02-12 00:29:27,908 7fc7219f7e00 DEBUG /usr/bin/ceph: stderr
2026-02-12T00:29:24.639+0000 7f922effd640 1 --2- 10.20.193.63:0/1256877657 >> [v2:10.20.193.63:6800/2821646485,v1:10.20.193.63:6801/2821646485] conn(0x7f920403d190 0x7f920403f650 unknown :-1 s=START_CONNECT pgs=0 cs=0 l=1 rev1=0 crypto rx=0 tx=0 comp rx=0 tx=0)._fault waiting 0.200000
2026-02-12 00:29:27,908 7fc7219f7e00 DEBUG /usr/bin/ceph: stderr
2026-02-12T00:29:24.840+0000 7f922effd640 1 -- 10.20.193.63:0/1256877657 >> [v2:10.20.193.63:6800/2821646485,v1:10.20.193.63:6801/2821646485] conn(0x7f920403d190 msgr2=0x7f920403f650 unknown :-1 s=STATE_CONNECTING_RE l=1).process reconnect failed to v2:10.20.193.63:6800/2821646485
2026-02-12 00:29:27,908 7fc7219f7e00 DEBUG /usr/bin/ceph: stderr
2026-02-12T00:29:24.840+0000 7f922effd640 1 --2- 10.20.193.63:0/1256877657 >> [v2:10.20.193.63:6800/2821646485,v1:10.20.193.63:6801/2821646485] conn(0x7f920403d190 0x7f920403f650 unknown :-1 s=START_CONNECT pgs=0 cs=0 l=1 rev1=0 crypto rx=0 tx=0 comp rx=0 tx=0)._fault waiting 0.400000
2026-02-12 00:29:27,908 7fc7219f7e00 DEBUG /usr/bin/ceph: stderr
2026-02-12T00:29:25.240+0000 7f922effd640 1 -- 10.20.193.63:0/1256877657 >> [v2:10.20.193.63:6800/2821646485,v1:10.20.193.63:6801/2821646485] conn(0x7f920403d190 msgr2=0x7f920403f650 unknown :-1 s=STATE_CONNECTING_RE l=1).process reconnect failed to v2:10.20.193.63:6800/2821646485
2026-02-12 00:29:27,908 7fc7219f7e00 DEBUG /usr/bin/ceph: stderr
2026-02-12T00:29:25.240+0000 7f922effd640 1 --2- 10.20.193.63:0/1256877657 >> [v2:10.20.193.63:6800/2821646485,v1:10.20.193.63:6801/2821646485] conn(0x7f920403d190 0x7f920403f650 unknown :-1 s=START_CONNECT pgs=0 cs=0 l=1 rev1=0 crypto rx=0 tx=0 comp rx=0 tx=0)._fault waiting 0.800000
2026-02-12 00:29:27,908 7fc7219f7e00 DEBUG /usr/bin/ceph: stderr
2026-02-12T00:29:26.041+0000 7f922effd640 1 -- 10.20.193.63:0/1256877657 >> [v2:10.20.193.63:6800/2821646485,v1:10.20.193.63:6801/2821646485] conn(0x7f920403d190 msgr2=0x7f920403f650 unknown :-1 s=STATE_CONNECTING_RE l=1).process reconnect failed to v2:10.20.193.63:6800/2821646485
2026-02-12 00:29:27,908 7fc7219f7e00 DEBUG /usr/bin/ceph: stderr
2026-02-12T00:29:26.041+0000 7f922effd640 1 --2- 10.20.193.63:0/1256877657 >> [v2:10.20.193.63:6800/2821646485,v1:10.20.193.63:6801/2821646485] conn(0x7f920403d190 0x7f920403f650 unknown :-1 s=START_CONNECT pgs=0 cs=0 l=1 rev1=0 crypto rx=0 tx=0 comp rx=0 tx=0)._fault waiting 1.600000
2026-02-12 00:29:27,908 7fc7219f7e00 DEBUG /usr/bin/ceph: stderr
2026-02-12T00:29:26.883+0000 7f922cff9640 1 -- 10.20.193.63:0/1256877657 <== mon.0 v2:10.20.193.63:3300/0 6 ==== mgrmap(e 6) v1 ==== 49127+0+0 (secure 0 0 0) 0x7f921c036d70 con 0x7f92301064b0
2026-02-12 00:29:27,908 7fc7219f7e00 DEBUG /usr/bin/ceph: stderr
2026-02-12T00:29:26.883+0000 7f922cff9640 1 -- 10.20.193.63:0/1256877657 >> [v2:10.20.193.63:6800/2821646485,v1:10.20.193.63:6801/2821646485] conn(0x7f920403d190 msgr2=0x7f920403f650 unknown :-1 s=STATE_CONNECTING l=1).mark_down
2026-02-12 00:29:27,909 7fc7219f7e00 DEBUG /usr/bin/ceph: stderr
2026-02-12T00:29:26.883+0000 7f922cff9640 1 --2- 10.20.193.63:0/1256877657 >> [v2:10.20.193.63:6800/2821646485,v1:10.20.193.63:6801/2821646485] conn(0x7f920403d190 0x7f920403f650 unknown :-1 s=START_CONNECT pgs=0 cs=0 l=1 rev1=0 crypto rx=0 tx=0 comp rx=0 tx=0).stop
2026-02-12 00:29:27,909 7fc7219f7e00 DEBUG /usr/bin/ceph: stderr
2026-02-12T00:29:27.884+0000 7f922cff9640 1 -- 10.20.193.63:0/1256877657 <== mon.0 v2:10.20.193.63:3300/0 7 ==== mgrmap(e 7) v1 ==== 49254+0+0 (secure 0 0 0) 0x7f921c03f3f0 con 0x7f92301064b0
2026-02-12 00:29:27,909 7fc7219f7e00 DEBUG /usr/bin/ceph: stderr
2026-02-12T00:29:27.884+0000 7f922cff9640 1 --2- 10.20.193.63:0/1256877657 >> [v2:10.20.193.63:6800/2975073166,v1:10.20.193.63:6801/2975073166] conn(0x7f9204040ab0 0x7f9204042ea0 unknown :-1 s=NONE pgs=0 cs=0 l=1 rev1=0 crypto rx=0 tx=0 comp rx=0 tx=0).connect
2026-02-12 00:29:27,909 7fc7219f7e00 DEBUG /usr/bin/ceph: stderr
2026-02-12T00:29:27.884+0000 7f922cff9640 1 -- 10.20.193.63:0/1256877657 --> [v2:10.20.193.63:6800/2975073166,v1:10.20.193.63:6801/2975073166] -- command(tid 0: {"prefix": "get_command_descriptions"}) v1 -- 0x7f920403fd60 con 0x7f9204040ab0
2026-02-12 00:29:27,909 7fc7219f7e00 DEBUG /usr/bin/ceph: stderr
2026-02-12T00:29:27.885+0000 7f922effd640 1 --2- 10.20.193.63:0/1256877657 >> [v2:10.20.193.63:6800/2975073166,v1:10.20.193.63:6801/2975073166] conn(0x7f9204040ab0 0x7f9204042ea0 unknown :-1 s=BANNER_CONNECTING pgs=0 cs=0 l=1 rev1=0 crypto rx=0 tx=0 comp rx=0 tx=0)._handle_peer_banner_payload supported=3 required=0
2026-02-12 00:29:27,909 7fc7219f7e00 DEBUG /usr/bin/ceph: stderr
2026-02-12T00:29:27.885+0000 7f922effd640 1 --2- 10.20.193.63:0/1256877657 >> [v2:10.20.193.63:6800/2975073166,v1:10.20.193.63:6801/2975073166] conn(0x7f9204040ab0 0x7f9204042ea0 secure :-1 s=READY pgs=2 cs=0 l=1 rev1=1 crypto rx=0x7f9220003a80 tx=0x7f92200092b0 comp rx=0 tx=0).ready entity=mgr.14118 client_cookie=0 server_cookie=0 in_seq=0 out_seq=0
2026-02-12 00:29:27,909 7fc7219f7e00 DEBUG /usr/bin/ceph: stderr
2026-02-12T00:29:27.885+0000 7f922cff9640 1 -- 10.20.193.63:0/1256877657 <== mgr.14118 v2:10.20.193.63:6800/2975073166 1 ==== command_reply(tid 0: 0 ) v1 ==== 8+0+7759 (secure 0 0 0) 0x7f920403fd60 con 0x7f9204040ab0
2026-02-12 00:29:27,909 7fc7219f7e00 DEBUG /usr/bin/ceph: stderr
2026-02-12T00:29:27.888+0000 7f9235e2f640 1 -- 10.20.193.63:0/1256877657 --> [v2:10.20.193.63:6800/2975073166,v1:10.20.193.63:6801/2975073166] -- command(tid 1: {"prefix": "mgr_status"}) v1 -- 0x7f9230106930 con 0x7f9204040ab0
2026-02-12 00:29:27,909 7fc7219f7e00 DEBUG /usr/bin/ceph: stderr
2026-02-12T00:29:27.889+0000 7f922cff9640 1 -- 10.20.193.63:0/1256877657 <== mgr.14118 v2:10.20.193.63:6800/2975073166 2 ==== command_reply(tid 1: 0 ) v1 ==== 8+0+51 (secure 0 0 0) 0x7f9230106930 con 0x7f9204040ab0
2026-02-12 00:29:27,909 7fc7219f7e00 DEBUG /usr/bin/ceph: stderr
2026-02-12T00:29:27.889+0000 7f9235e2f640 1 -- 10.20.193.63:0/1256877657 >> [v2:10.20.193.63:6800/2975073166,v1:10.20.193.63:6801/2975073166] conn(0x7f9204040ab0 msgr2=0x7f9204042ea0 secure :-1 s=STATE_CONNECTION_ESTABLISHED l=1).mark_down
2026-02-12 00:29:27,909 7fc7219f7e00 DEBUG /usr/bin/ceph: stderr
2026-02-12T00:29:27.889+0000 7f9235e2f640 1 --2- 10.20.193.63:0/1256877657 >> [v2:10.20.193.63:6800/2975073166,v1:10.20.193.63:6801/2975073166] conn(0x7f9204040ab0 0x7f9204042ea0 secure :-1 s=READY pgs=2 cs=0 l=1 rev1=1 crypto rx=0x7f9220003a80 tx=0x7f92200092b0 comp rx=0 tx=0).stop
2026-02-12 00:29:27,909 7fc7219f7e00 DEBUG /usr/bin/ceph: stderr
2026-02-12T00:29:27.889+0000 7f9235e2f640 1 -- 10.20.193.63:0/1256877657 >> [v2:10.20.193.63:3300/0,v1:10.20.193.63:6789/0] conn(0x7f92301064b0 msgr2=0x7f923019e3f0 secure :-1 s=STATE_CONNECTION_ESTABLISHED l=1).mark_down
2026-02-12 00:29:27,909 7fc7219f7e00 DEBUG /usr/bin/ceph: stderr
2026-02-12T00:29:27.889+0000 7f9235e2f640 1 --2- 10.20.193.63:0/1256877657 >> [v2:10.20.193.63:3300/0,v1:10.20.193.63:6789/0] conn(0x7f92301064b0 0x7f923019e3f0 secure :-1 s=READY pgs=27 cs=0 l=1 rev1=1 crypto rx=0x7f921c006fd0 tx=0x7f921c0379c0 comp rx=0 tx=0).stop
2026-02-12 00:29:27,909 7fc7219f7e00 DEBUG /usr/bin/ceph: stderr
2026-02-12T00:29:27.889+0000 7f9235e2f640 1 -- 10.20.193.63:0/1256877657 shutdown_connections
2026-02-12 00:29:27,909 7fc7219f7e00 DEBUG /usr/bin/ceph: stderr
2026-02-12T00:29:27.889+0000 7f9235e2f640 1 --2- 10.20.193.63:0/1256877657 >> [v2:10.20.193.63:6800/2975073166,v1:10.20.193.63:6801/2975073166] conn(0x7f9204040ab0 0x7f9204042ea0 unknown :-1 s=CLOSED pgs=2 cs=0 l=1 rev1=1 crypto rx=0 tx=0 comp rx=0 tx=0).stop
2026-02-12 00:29:27,909 7fc7219f7e00 DEBUG /usr/bin/ceph: stderr
2026-02-12T00:29:27.889+0000 7f9235e2f640 1 --2- 10.20.193.63:0/1256877657 >> [v2:10.20.193.63:6800/2821646485,v1:10.20.193.63:6801/2821646485] conn(0x7f920403d190 0x7f920403f650 unknown :-1 s=CLOSED pgs=0 cs=0 l=1 rev1=0 crypto rx=0 tx=0 comp rx=0 tx=0).stop
2026-02-12 00:29:27,909 7fc7219f7e00 DEBUG /usr/bin/ceph: stderr
2026-02-12T00:29:27.889+0000 7f9235e2f640 1 --2- 10.20.193.63:0/1256877657 >> [v2:10.20.193.63:3300/0,v1:10.20.193.63:6789/0] conn(0x7f92301064b0 0x7f923019e3f0 unknown :-1 s=CLOSED pgs=27 cs=0 l=1 rev1=1 crypto rx=0 tx=0 comp rx=0 tx=0).stop
2026-02-12 00:29:27,909 7fc7219f7e00 DEBUG /usr/bin/ceph: stderr
2026-02-12T00:29:27.889+0000 7f9235e2f640 1 -- 10.20.193.63:0/1256877657 >> 10.20.193.63:0/1256877657 conn(0x7f9230101c20 msgr2=0x7f9230102830 unknown :-1 s=STATE_NONE l=0).mark_down
2026-02-12 00:29:27,909 7fc7219f7e00 DEBUG /usr/bin/ceph: stderr
2026-02-12T00:29:27.889+0000 7f9235e2f640 1 -- 10.20.193.63:0/1256877657 shutdown_connections
2026-02-12 00:29:27,909 7fc7219f7e00 DEBUG /usr/bin/ceph: stderr
2026-02-12T00:29:27.889+0000 7f9235e2f640 1 -- 10.20.193.63:0/1256877657 wait complete.
2026-02-12 00:29:27,909 7fc7219f7e00 INFO mgr epoch 5 is available
2026-02-12 00:29:27,909 7fc7219f7e00 INFO Setting orchestrator backend to cephadm...
2026-02-12 00:29:28,119 7fc7219f7e00 DEBUG /usr/bin/ceph: stderr
2026-02-12T00:29:28.006+0000 7fc189f2e640 1 Processor -- start
2026-02-12 00:29:28,120 7fc7219f7e00 DEBUG /usr/bin/ceph: stderr
2026-02-12T00:29:28.006+0000 7fc189f2e640 1 -- start start
2026-02-12 00:29:28,120 7fc7219f7e00 DEBUG /usr/bin/ceph: stderr
2026-02-12T00:29:28.006+0000 7fc189f2e640 1 --2- >> [v2:10.20.193.63:3300/0,v1:10.20.193.63:6789/0] conn(0x7fc1841064b0 0x7fc1841068b0 unknown :-1 s=NONE pgs=0 cs=0 l=0 rev1=0 crypto rx=0 tx=0 comp rx=0 tx=0).connect
2026-02-12 00:29:28,120 7fc7219f7e00 DEBUG /usr/bin/ceph: stderr
2026-02-12T00:29:28.006+0000 7fc189f2e640 1 -- --> [v2:10.20.193.63:3300/0,v1:10.20.193.63:6789/0] -- mon_getmap magic: 0 v1 -- 0x7fc184106e80 con 0x7fc1841064b0
2026-02-12 00:29:28,120 7fc7219f7e00 DEBUG /usr/bin/ceph: stderr
2026-02-12T00:29:28.006+0000 7fc1837fe640 1 --2- >> [v2:10.20.193.63:3300/0,v1:10.20.193.63:6789/0] conn(0x7fc1841064b0 0x7fc1841068b0 unknown :-1 s=BANNER_CONNECTING pgs=0 cs=0 l=0 rev1=0 crypto rx=0 tx=0 comp rx=0 tx=0)._handle_peer_banner_payload supported=3 required=0
2026-02-12 00:29:28,120 7fc7219f7e00 DEBUG /usr/bin/ceph: stderr
2026-02-12T00:29:28.006+0000 7fc1837fe640 1 --2- >> [v2:10.20.193.63:3300/0,v1:10.20.193.63:6789/0] conn(0x7fc1841064b0 0x7fc1841068b0 unknown :-1 s=HELLO_CONNECTING pgs=0 cs=0 l=0 rev1=1 crypto rx=0 tx=0 comp rx=0 tx=0).handle_hello peer v2:10.20.193.63:3300/0 says I am v2:10.20.193.63:53854/0 (socket says 10.20.193.63:53854)
2026-02-12 00:29:28,120 7fc7219f7e00 DEBUG /usr/bin/ceph: stderr
2026-02-12T00:29:28.006+0000 7fc1837fe640 1 -- 10.20.193.63:0/120772097 learned_addr learned my addr 10.20.193.63:0/120772097 (peer_addr_for_me v2:10.20.193.63:0/0)
2026-02-12 00:29:28,120 7fc7219f7e00 DEBUG /usr/bin/ceph: stderr
2026-02-12T00:29:28.007+0000 7fc1837fe640 1 -- 10.20.193.63:0/120772097 --> [v2:10.20.193.63:3300/0,v1:10.20.193.63:6789/0] -- mon_subscribe({config=0+,monmap=0+}) v3 -- 0x7fc1841076b0 con 0x7fc1841064b0
2026-02-12 00:29:28,120 7fc7219f7e00 DEBUG /usr/bin/ceph: stderr
2026-02-12T00:29:28.007+0000 7fc1837fe640 1 --2- 10.20.193.63:0/120772097 >> [v2:10.20.193.63:3300/0,v1:10.20.193.63:6789/0] conn(0x7fc1841064b0 0x7fc1841068b0 secure :-1 s=READY pgs=35 cs=0 l=1 rev1=1 crypto rx=0x7fc170009920 tx=0x7fc17002ef20 comp rx=0 tx=0).ready entity=mon.0 client_cookie=9f219ad2b1f328c4 server_cookie=0 in_seq=0 out_seq=0
2026-02-12 00:29:28,120 7fc7219f7e00 DEBUG /usr/bin/ceph: stderr
2026-02-12T00:29:28.007+0000 7fc1827fc640 1 -- 10.20.193.63:0/120772097 <== mon.0 v2:10.20.193.63:3300/0 1 ==== mon_map magic: 0 v1 ==== 205+0+0 (secure 0 0 0) 0x7fc17002fae0 con 0x7fc1841064b0
2026-02-12 00:29:28,120 7fc7219f7e00 DEBUG /usr/bin/ceph: stderr
2026-02-12T00:29:28.007+0000 7fc1827fc640 1 -- 10.20.193.63:0/120772097 <== mon.0 v2:10.20.193.63:3300/0 2 ==== config(26 keys) v1 ==== 1043+0+0 (secure 0 0 0) 0x7fc17002fc40 con 0x7fc1841064b0
2026-02-12 00:29:28,120 7fc7219f7e00 DEBUG /usr/bin/ceph: stderr
2026-02-12T00:29:28.007+0000 7fc1827fc640 1 -- 10.20.193.63:0/120772097 <== mon.0 v2:10.20.193.63:3300/0 3 ==== mon_map magic: 0 v1 ==== 205+0+0 (secure 0 0 0) 0x7fc170035510 con 0x7fc1841064b0
2026-02-12 00:29:28,120 7fc7219f7e00 DEBUG /usr/bin/ceph: stderr
2026-02-12T00:29:28.007+0000 7fc189f2e640 1 -- 10.20.193.63:0/120772097 >> [v2:10.20.193.63:3300/0,v1:10.20.193.63:6789/0] conn(0x7fc1841064b0 msgr2=0x7fc1841068b0 secure :-1 s=STATE_CONNECTION_ESTABLISHED l=1).mark_down
2026-02-12 00:29:28,120 7fc7219f7e00 DEBUG /usr/bin/ceph: stderr
2026-02-12T00:29:28.007+0000 7fc189f2e640 1 --2- 10.20.193.63:0/120772097 >> [v2:10.20.193.63:3300/0,v1:10.20.193.63:6789/0] conn(0x7fc1841064b0 0x7fc1841068b0 secure :-1 s=READY pgs=35 cs=0 l=1 rev1=1 crypto rx=0x7fc170009920 tx=0x7fc17002ef20 comp rx=0 tx=0).stop
2026-02-12 00:29:28,120 7fc7219f7e00 DEBUG /usr/bin/ceph: stderr
2026-02-12T00:29:28.007+0000 7fc189f2e640 1 -- 10.20.193.63:0/120772097 shutdown_connections
2026-02-12 00:29:28,120 7fc7219f7e00 DEBUG /usr/bin/ceph: stderr
2026-02-12T00:29:28.007+0000 7fc189f2e640 1 --2- 10.20.193.63:0/120772097 >> [v2:10.20.193.63:3300/0,v1:10.20.193.63:6789/0] conn(0x7fc1841064b0 0x7fc1841068b0 unknown :-1 s=CLOSED pgs=35 cs=0 l=1 rev1=1 crypto rx=0 tx=0 comp rx=0 tx=0).stop
2026-02-12 00:29:28,120 7fc7219f7e00 DEBUG /usr/bin/ceph: stderr
2026-02-12T00:29:28.007+0000 7fc189f2e640 1 -- 10.20.193.63:0/120772097 >> 10.20.193.63:0/120772097 conn(0x7fc184101c20 msgr2=0x7fc184104080 unknown :-1 s=STATE_NONE l=0).mark_down
2026-02-12 00:29:28,120 7fc7219f7e00 DEBUG /usr/bin/ceph: stderr
2026-02-12T00:29:28.007+0000 7fc189f2e640 1 -- 10.20.193.63:0/120772097 shutdown_connections
2026-02-12 00:29:28,120 7fc7219f7e00 DEBUG /usr/bin/ceph: stderr
2026-02-12T00:29:28.007+0000 7fc189f2e640 1 -- 10.20.193.63:0/120772097 wait complete.
2026-02-12 00:29:28,120 7fc7219f7e00 DEBUG /usr/bin/ceph: stderr
2026-02-12T00:29:28.008+0000 7fc189f2e640 1 Processor -- start
2026-02-12 00:29:28,120 7fc7219f7e00 DEBUG /usr/bin/ceph: stderr
2026-02-12T00:29:28.008+0000 7fc189f2e640 1 -- start start
2026-02-12 00:29:28,120 7fc7219f7e00 DEBUG /usr/bin/ceph: stderr
2026-02-12T00:29:28.008+0000 7fc189f2e640 1 --2- >> [v2:10.20.193.63:3300/0,v1:10.20.193.63:6789/0] conn(0x7fc1841064b0 0x7fc18407cb80 unknown :-1 s=NONE pgs=0 cs=0 l=1 rev1=0 crypto rx=0 tx=0 comp rx=0 tx=0).connect
2026-02-12 00:29:28,120 7fc7219f7e00 DEBUG /usr/bin/ceph: stderr
2026-02-12T00:29:28.008+0000 7fc189f2e640 1 -- --> [v2:10.20.193.63:3300/0,v1:10.20.193.63:6789/0] -- mon_getmap magic: 0 v1 -- 0x7fc18407d0c0 con 0x7fc1841064b0
2026-02-12 00:29:28,120 7fc7219f7e00 DEBUG /usr/bin/ceph: stderr
2026-02-12T00:29:28.008+0000 7fc1837fe640 1 --2- >> [v2:10.20.193.63:3300/0,v1:10.20.193.63:6789/0] conn(0x7fc1841064b0 0x7fc18407cb80 unknown :-1 s=BANNER_CONNECTING pgs=0 cs=0 l=1 rev1=0 crypto rx=0 tx=0 comp rx=0 tx=0)._handle_peer_banner_payload supported=3 required=0
2026-02-12 00:29:28,120 7fc7219f7e00 DEBUG /usr/bin/ceph: stderr
2026-02-12T00:29:28.008+0000 7fc1837fe640 1 --2- >> [v2:10.20.193.63:3300/0,v1:10.20.193.63:6789/0] conn(0x7fc1841064b0 0x7fc18407cb80 unknown :-1 s=HELLO_CONNECTING pgs=0 cs=0 l=1 rev1=1 crypto rx=0 tx=0 comp rx=0 tx=0).handle_hello peer v2:10.20.193.63:3300/0 says I am v2:10.20.193.63:53858/0 (socket says 10.20.193.63:53858)
2026-02-12 00:29:28,120 7fc7219f7e00 DEBUG /usr/bin/ceph: stderr
2026-02-12T00:29:28.008+0000 7fc1837fe640 1 -- 10.20.193.63:0/3146937370 learned_addr learned my addr 10.20.193.63:0/3146937370 (peer_addr_for_me v2:10.20.193.63:0/0)
2026-02-12 00:29:28,120 7fc7219f7e00 DEBUG /usr/bin/ceph: stderr
2026-02-12T00:29:28.008+0000 7fc1837fe640 1 -- 10.20.193.63:0/3146937370 --> [v2:10.20.193.63:3300/0,v1:10.20.193.63:6789/0] -- mon_subscribe({config=0+,monmap=0+}) v3 -- 0x7fc1700095d0 con 0x7fc1841064b0
2026-02-12 00:29:28,120 7fc7219f7e00 DEBUG /usr/bin/ceph: stderr
2026-02-12T00:29:28.008+0000 7fc1837fe640 1 --2- 10.20.193.63:0/3146937370 >> [v2:10.20.193.63:3300/0,v1:10.20.193.63:6789/0] conn(0x7fc1841064b0 0x7fc18407cb80 secure :-1 s=READY pgs=36 cs=0 l=1 rev1=1 crypto rx=0x7fc170002410 tx=0x7fc170037a50 comp rx=0 tx=0).ready entity=mon.0 client_cookie=0 server_cookie=0 in_seq=0 out_seq=0
2026-02-12 00:29:28,120 7fc7219f7e00 DEBUG /usr/bin/ceph: stderr
2026-02-12T00:29:28.008+0000 7fc180ff9640 1 -- 10.20.193.63:0/3146937370 <== mon.0 v2:10.20.193.63:3300/0 1 ==== mon_map magic: 0 v1 ==== 205+0+0 (secure 0 0 0) 0x7fc170035cb0 con 0x7fc1841064b0
2026-02-12 00:29:28,120 7fc7219f7e00 DEBUG /usr/bin/ceph: stderr
2026-02-12T00:29:28.008+0000 7fc189f2e640 1 -- 10.20.193.63:0/3146937370 --> [v2:10.20.193.63:3300/0,v1:10.20.193.63:6789/0] -- mon_subscribe({mgrmap=0+}) v3 -- 0x7fc18407b2b0 con 0x7fc1841064b0
2026-02-12 00:29:28,120 7fc7219f7e00 DEBUG /usr/bin/ceph: stderr
2026-02-12T00:29:28.008+0000 7fc180ff9640 1 -- 10.20.193.63:0/3146937370 <== mon.0 v2:10.20.193.63:3300/0 2 ==== config(26 keys) v1 ==== 1043+0+0 (secure 0 0 0) 0x7fc170035e10 con 0x7fc1841064b0
2026-02-12 00:29:28,120 7fc7219f7e00 DEBUG /usr/bin/ceph: stderr
2026-02-12T00:29:28.008+0000 7fc180ff9640 1 -- 10.20.193.63:0/3146937370 <== mon.0 v2:10.20.193.63:3300/0 3 ==== mon_map magic: 0 v1 ==== 205+0+0 (secure 0 0 0) 0x7fc17003e4e0 con 0x7fc1841064b0
2026-02-12 00:29:28,120 7fc7219f7e00 DEBUG /usr/bin/ceph: stderr
2026-02-12T00:29:28.008+0000 7fc189f2e640 1 -- 10.20.193.63:0/3146937370 --> [v2:10.20.193.63:3300/0,v1:10.20.193.63:6789/0] -- mon_subscribe({osdmap=0}) v3 -- 0x7fc18407b750 con 0x7fc1841064b0
2026-02-12 00:29:28,120 7fc7219f7e00 DEBUG /usr/bin/ceph: stderr
2026-02-12T00:29:28.009+0000 7fc189f2e640 1 -- 10.20.193.63:0/3146937370 --> [v2:10.20.193.63:3300/0,v1:10.20.193.63:6789/0] -- mon_command({"prefix": "get_command_descriptions"} v 0) v1 -- 0x7fc184106930 con 0x7fc1841064b0
2026-02-12 00:29:28,120 7fc7219f7e00 DEBUG /usr/bin/ceph: stderr
2026-02-12T00:29:28.009+0000 7fc180ff9640 1 -- 10.20.193.63:0/3146937370 <== mon.0 v2:10.20.193.63:3300/0 4 ==== mgrmap(e 7) v1 ==== 49254+0+0 (secure 0 0 0) 0x7fc17003e070 con 0x7fc1841064b0
2026-02-12 00:29:28,120 7fc7219f7e00 DEBUG /usr/bin/ceph: stderr
2026-02-12T00:29:28.009+0000 7fc180ff9640 1 --2- 10.20.193.63:0/3146937370 >> [v2:10.20.193.63:6800/2975073166,v1:10.20.193.63:6801/2975073166] conn(0x7fc15803d060 0x7fc15803f520 unknown :-1 s=NONE pgs=0 cs=0 l=1 rev1=0 crypto rx=0 tx=0 comp rx=0 tx=0).connect
2026-02-12 00:29:28,120 7fc7219f7e00 DEBUG /usr/bin/ceph: stderr
2026-02-12T00:29:28.009+0000 7fc180ff9640 1 -- 10.20.193.63:0/3146937370 <== mon.0 v2:10.20.193.63:3300/0 5 ==== osd_map(2..2 src has 1..2) v4 ==== 940+0+0 (secure 0 0 0) 0x7fc170075b90 con 0x7fc1841064b0
2026-02-12 00:29:28,120 7fc7219f7e00 DEBUG /usr/bin/ceph: stderr
2026-02-12T00:29:28.009+0000 7fc182ffd640 1 --2- 10.20.193.63:0/3146937370 >> [v2:10.20.193.63:6800/2975073166,v1:10.20.193.63:6801/2975073166] conn(0x7fc15803d060 0x7fc15803f520 unknown :-1 s=BANNER_CONNECTING pgs=0 cs=0 l=1 rev1=0 crypto rx=0 tx=0 comp rx=0 tx=0)._handle_peer_banner_payload supported=3 required=0
2026-02-12 00:29:28,120 7fc7219f7e00 DEBUG /usr/bin/ceph: stderr
2026-02-12T00:29:28.009+0000 7fc182ffd640 1 --2- 10.20.193.63:0/3146937370 >> [v2:10.20.193.63:6800/2975073166,v1:10.20.193.63:6801/2975073166] conn(0x7fc15803d060 0x7fc15803f520 secure :-1 s=READY pgs=7 cs=0 l=1 rev1=1 crypto rx=0x7fc1740099c0 tx=0x7fc174006eb0 comp rx=0 tx=0).ready entity=mgr.14118 client_cookie=0 server_cookie=0 in_seq=0 out_seq=0
2026-02-12 00:29:28,120 7fc7219f7e00 DEBUG /usr/bin/ceph: stderr
2026-02-12T00:29:28.011+0000 7fc180ff9640 1 -- 10.20.193.63:0/3146937370 <== mon.0 v2:10.20.193.63:3300/0 6 ==== mon_command_ack([{"prefix": "get_command_descriptions"}]=0 v0) v1 ==== 72+0+186382 (secure 0 0 0) 0x7fc170046310 con 0x7fc1841064b0
2026-02-12 00:29:28,120 7fc7219f7e00 DEBUG /usr/bin/ceph: stderr
2026-02-12T00:29:28.096+0000 7fc189f2e640 1 -- 10.20.193.63:0/3146937370 --> [v2:10.20.193.63:6800/2975073166,v1:10.20.193.63:6801/2975073166] -- mgr_command(tid 0: {"prefix": "orch set backend", "module_name": "cephadm", "target": ["mon-mgr", ""]}) v1 -- 0x7fc18407bdb0 con 0x7fc15803d060
2026-02-12 00:29:28,120 7fc7219f7e00 DEBUG /usr/bin/ceph: stderr
2026-02-12T00:29:28.100+0000 7fc180ff9640 1 -- 10.20.193.63:0/3146937370 <== mgr.14118 v2:10.20.193.63:6800/2975073166 1 ==== mgr_command_reply(tid 0: 0 ) v1 ==== 8+0+0 (secure 0 0 0) 0x7fc18407bdb0 con 0x7fc15803d060
2026-02-12 00:29:28,120 7fc7219f7e00 DEBUG /usr/bin/ceph: stderr
2026-02-12T00:29:28.101+0000 7fc189f2e640 1 -- 10.20.193.63:0/3146937370 >> [v2:10.20.193.63:6800/2975073166,v1:10.20.193.63:6801/2975073166] conn(0x7fc15803d060 msgr2=0x7fc15803f520 secure :-1 s=STATE_CONNECTION_ESTABLISHED l=1).mark_down
2026-02-12 00:29:28,120 7fc7219f7e00 DEBUG /usr/bin/ceph: stderr
2026-02-12T00:29:28.101+0000 7fc189f2e640 1 --2- 10.20.193.63:0/3146937370 >> [v2:10.20.193.63:6800/2975073166,v1:10.20.193.63:6801/2975073166] conn(0x7fc15803d060 0x7fc15803f520 secure :-1 s=READY pgs=7 cs=0 l=1 rev1=1 crypto rx=0x7fc1740099c0 tx=0x7fc174006eb0 comp rx=0 tx=0).stop
2026-02-12 00:29:28,120 7fc7219f7e00 DEBUG /usr/bin/ceph: stderr
2026-02-12T00:29:28.101+0000 7fc189f2e640 1 -- 10.20.193.63:0/3146937370 >> [v2:10.20.193.63:3300/0,v1:10.20.193.63:6789/0] conn(0x7fc1841064b0 msgr2=0x7fc18407cb80 secure :-1 s=STATE_CONNECTION_ESTABLISHED l=1).mark_down
2026-02-12 00:29:28,120 7fc7219f7e00 DEBUG /usr/bin/ceph: stderr
2026-02-12T00:29:28.101+0000 7fc189f2e640 1 --2- 10.20.193.63:0/3146937370 >> [v2:10.20.193.63:3300/0,v1:10.20.193.63:6789/0] conn(0x7fc1841064b0 0x7fc18407cb80 secure :-1 s=READY pgs=36 cs=0 l=1 rev1=1 crypto rx=0x7fc170002410 tx=0x7fc170037a50 comp rx=0 tx=0).stop
2026-02-12 00:29:28,120 7fc7219f7e00 DEBUG /usr/bin/ceph: stderr
2026-02-12T00:29:28.101+0000 7fc189f2e640 1 -- 10.20.193.63:0/3146937370 shutdown_connections
2026-02-12 00:29:28,120 7fc7219f7e00 DEBUG /usr/bin/ceph: stderr
2026-02-12T00:29:28.101+0000 7fc189f2e640 1 --2- 10.20.193.63:0/3146937370 >> [v2:10.20.193.63:6800/2975073166,v1:10.20.193.63:6801/2975073166] conn(0x7fc15803d060 0x7fc15803f520 unknown :-1 s=CLOSED pgs=7 cs=0 l=1 rev1=1 crypto rx=0 tx=0 comp rx=0 tx=0).stop
2026-02-12 00:29:28,120 7fc7219f7e00 DEBUG /usr/bin/ceph: stderr
2026-02-12T00:29:28.101+0000 7fc189f2e640 1 --2- 10.20.193.63:0/3146937370 >> [v2:10.20.193.63:3300/0,v1:10.20.193.63:6789/0] conn(0x7fc1841064b0 0x7fc18407cb80 unknown :-1 s=CLOSED pgs=36 cs=0 l=1 rev1=1 crypto rx=0 tx=0 comp rx=0 tx=0).stop
2026-02-12 00:29:28,120 7fc7219f7e00 DEBUG /usr/bin/ceph: stderr
2026-02-12T00:29:28.101+0000 7fc189f2e640 1 -- 10.20.193.63:0/3146937370 >> 10.20.193.63:0/3146937370 conn(0x7fc184101c20 msgr2=0x7fc184102830 unknown :-1 s=STATE_NONE l=0).mark_down
2026-02-12 00:29:28,120 7fc7219f7e00 DEBUG /usr/bin/ceph: stderr
2026-02-12T00:29:28.101+0000 7fc189f2e640 1 -- 10.20.193.63:0/3146937370 shutdown_connections
2026-02-12 00:29:28,120 7fc7219f7e00 DEBUG /usr/bin/ceph: stderr
2026-02-12T00:29:28.101+0000 7fc189f2e640 1 -- 10.20.193.63:0/3146937370 wait complete.
2026-02-12 00:29:28,315 7fc7219f7e00 DEBUG /usr/bin/ceph: stdout value unchanged
2026-02-12 00:29:28,315 7fc7219f7e00 DEBUG /usr/bin/ceph: stderr
2026-02-12T00:29:28.212+0000 7f324548c640 1 Processor -- start
2026-02-12 00:29:28,315 7fc7219f7e00 DEBUG /usr/bin/ceph: stderr
2026-02-12T00:29:28.212+0000 7f324548c640 1 -- start start
2026-02-12 00:29:28,315 7fc7219f7e00 DEBUG /usr/bin/ceph: stderr
2026-02-12T00:29:28.212+0000 7f324548c640 1 --2- >> [v2:10.20.193.63:3300/0,v1:10.20.193.63:6789/0] conn(0x7f3240108a00 0x7f3240108e00 unknown :-1 s=NONE pgs=0 cs=0 l=0 rev1=0 crypto rx=0 tx=0 comp rx=0 tx=0).connect
2026-02-12 00:29:28,315 7fc7219f7e00 DEBUG /usr/bin/ceph: stderr
2026-02-12T00:29:28.212+0000 7f324548c640 1 -- --> [v2:10.20.193.63:3300/0,v1:10.20.193.63:6789/0] -- mon_getmap magic: 0 v1 -- 0x7f32401093d0 con 0x7f3240108a00
2026-02-12 00:29:28,315 7fc7219f7e00 DEBUG /usr/bin/ceph: stderr
2026-02-12T00:29:28.212+0000 7f323ffff640 1 --2- >> [v2:10.20.193.63:3300/0,v1:10.20.193.63:6789/0] conn(0x7f3240108a00 0x7f3240108e00 unknown :-1 s=BANNER_CONNECTING pgs=0 cs=0 l=0 rev1=0 crypto rx=0 tx=0 comp rx=0 tx=0)._handle_peer_banner_payload supported=3 required=0
2026-02-12 00:29:28,315 7fc7219f7e00 DEBUG /usr/bin/ceph: stderr
2026-02-12T00:29:28.212+0000 7f323ffff640 1 --2- >> [v2:10.20.193.63:3300/0,v1:10.20.193.63:6789/0] conn(0x7f3240108a00 0x7f3240108e00 unknown :-1 s=HELLO_CONNECTING pgs=0 cs=0 l=0 rev1=1 crypto rx=0 tx=0 comp rx=0 tx=0).handle_hello peer v2:10.20.193.63:3300/0 says I am v2:10.20.193.63:53860/0 (socket says 10.20.193.63:53860)
2026-02-12 00:29:28,315 7fc7219f7e00 DEBUG /usr/bin/ceph: stderr
2026-02-12T00:29:28.212+0000 7f323ffff640 1 -- 10.20.193.63:0/3222244197 learned_addr learned my addr 10.20.193.63:0/3222244197 (peer_addr_for_me v2:10.20.193.63:0/0)
2026-02-12 00:29:28,315 7fc7219f7e00 DEBUG /usr/bin/ceph: stderr
2026-02-12T00:29:28.212+0000 7f323ffff640 1 -- 10.20.193.63:0/3222244197 --> [v2:10.20.193.63:3300/0,v1:10.20.193.63:6789/0] -- mon_subscribe({config=0+,monmap=0+}) v3 -- 0x7f3240109720 con 0x7f3240108a00
2026-02-12 00:29:28,315 7fc7219f7e00 DEBUG /usr/bin/ceph: stderr
2026-02-12T00:29:28.213+0000 7f323ffff640 1 --2- 10.20.193.63:0/3222244197 >> [v2:10.20.193.63:3300/0,v1:10.20.193.63:6789/0] conn(0x7f3240108a00 0x7f3240108e00 secure :-1 s=READY pgs=37 cs=0 l=1 rev1=1 crypto rx=0x7f322c009920 tx=0x7f322c02ef20 comp rx=0 tx=0).ready entity=mon.0 client_cookie=88de4db4d2082b9c server_cookie=0 in_seq=0 out_seq=0
2026-02-12 00:29:28,315 7fc7219f7e00 DEBUG /usr/bin/ceph: stderr
2026-02-12T00:29:28.213+0000 7f323effd640 1 -- 10.20.193.63:0/3222244197 <== mon.0 v2:10.20.193.63:3300/0 1 ==== mon_map magic: 0 v1 ==== 205+0+0 (secure 0 0 0) 0x7f322c02fae0 con 0x7f3240108a00
2026-02-12 00:29:28,315 7fc7219f7e00 DEBUG /usr/bin/ceph: stderr
2026-02-12T00:29:28.213+0000 7f323effd640 1 -- 10.20.193.63:0/3222244197 <== mon.0 v2:10.20.193.63:3300/0 2 ==== config(26 keys) v1 ==== 1043+0+0 (secure 0 0 0) 0x7f322c02fc40 con 0x7f3240108a00
2026-02-12 00:29:28,315 7fc7219f7e00 DEBUG /usr/bin/ceph: stderr
2026-02-12T00:29:28.213+0000 7f323effd640 1 -- 10.20.193.63:0/3222244197 <== mon.0 v2:10.20.193.63:3300/0 3 ==== mon_map magic: 0 v1 ==== 205+0+0 (secure 0 0 0) 0x7f322c035510 con 0x7f3240108a00
2026-02-12 00:29:28,315 7fc7219f7e00 DEBUG /usr/bin/ceph: stderr
2026-02-12T00:29:28.213+0000 7f324548c640 1 -- 10.20.193.63:0/3222244197 >> [v2:10.20.193.63:3300/0,v1:10.20.193.63:6789/0] conn(0x7f3240108a00 msgr2=0x7f3240108e00 secure :-1 s=STATE_CONNECTION_ESTABLISHED l=1).mark_down
2026-02-12 00:29:28,315 7fc7219f7e00 DEBUG /usr/bin/ceph: stderr
2026-02-12T00:29:28.213+0000 7f324548c640 1 --2- 10.20.193.63:0/3222244197 >> [v2:10.20.193.63:3300/0,v1:10.20.193.63:6789/0] conn(0x7f3240108a00 0x7f3240108e00 secure :-1 s=READY pgs=37 cs=0 l=1 rev1=1 crypto rx=0x7f322c009920 tx=0x7f322c02ef20 comp rx=0 tx=0).stop
2026-02-12 00:29:28,315 7fc7219f7e00 DEBUG /usr/bin/ceph: stderr
2026-02-12T00:29:28.213+0000 7f324548c640 1 -- 10.20.193.63:0/3222244197 shutdown_connections
2026-02-12 00:29:28,315 7fc7219f7e00 DEBUG /usr/bin/ceph: stderr
2026-02-12T00:29:28.213+0000 7f324548c640 1 --2- 10.20.193.63:0/3222244197 >> [v2:10.20.193.63:3300/0,v1:10.20.193.63:6789/0] conn(0x7f3240108a00 0x7f3240108e00 unknown :-1 s=CLOSED pgs=37 cs=0 l=1 rev1=1 crypto rx=0 tx=0 comp rx=0 tx=0).stop
2026-02-12 00:29:28,315 7fc7219f7e00 DEBUG /usr/bin/ceph: stderr
2026-02-12T00:29:28.213+0000 7f324548c640 1 -- 10.20.193.63:0/3222244197 >> 10.20.193.63:0/3222244197 conn(0x7f324007b9c0 msgr2=0x7f324007be30 unknown :-1 s=STATE_NONE l=0).mark_down
2026-02-12 00:29:28,315 7fc7219f7e00 DEBUG /usr/bin/ceph: stderr
2026-02-12T00:29:28.213+0000 7f324548c640 1 -- 10.20.193.63:0/3222244197 shutdown_connections
