[2026-02-12 00:30:50,879][ceph_volume.process][INFO ] stdout ID_SERIAL=MTFDKCC1T9TGP-1BK1JABYY_012510B0027B_1
[2026-02-12 00:30:50,879][ceph_volume.process][INFO ] stdout ID_PATH=pci-0000:04:00.0-nvme-1
[2026-02-12 00:30:50,879][ceph_volume.process][INFO ] stdout ID_PATH_TAG=pci-0000_04_00_0-nvme-1
[2026-02-12 00:30:50,879][ceph_volume.process][INFO ] stdout ID_FS_UUID=RKmSqo-ikOz-Vpie-YxsL-0o3g-S5rW-1BEjZ1
[2026-02-12 00:30:50,879][ceph_volume.process][INFO ] stdout ID_FS_UUID_ENC=RKmSqo-ikOz-Vpie-YxsL-0o3g-S5rW-1BEjZ1
[2026-02-12 00:30:50,879][ceph_volume.process][INFO ] stdout ID_FS_VERSION=LVM2 001
[2026-02-12 00:30:50,879][ceph_volume.process][INFO ] stdout ID_FS_TYPE=LVM2_member
[2026-02-12 00:30:50,879][ceph_volume.process][INFO ] stdout ID_FS_USAGE=raid
[2026-02-12 00:30:50,879][ceph_volume.process][INFO ] stdout NVME_HOST_IFACE=none
[2026-02-12 00:30:50,879][ceph_volume.process][INFO ] stdout DEVLINKS=/dev/disk/by-diskseq/1 /dev/disk/by-path/pci-0000:04:00.0-nvme-1 /dev/disk/by-id/lvm-pv-uuid-RKmSqo-ikOz-Vpie-YxsL-0o3g-S5rW-1BEjZ1 /dev/disk/by-id/nvme-MTFDKCC1T9TGP-1BK1JABYY_012510B0027B /dev/disk/by-id/nvme-MTFDKCC1T9TGP-1BK1JABYY_012510B0027B_1 /dev/disk/by-id/nvme-eui.000000000000000100a075254f6a16e2
[2026-02-12 00:30:50,879][ceph_volume.process][INFO ] stdout TAGS=:systemd:
[2026-02-12 00:30:50,879][ceph_volume.process][INFO ] stdout CURRENT_TAGS=:systemd:
[2026-02-12 00:30:50,882][ceph_volume.util.system][INFO ] Executable lvs found on the host, will use /sbin/lvs
[2026-02-12 00:30:50,882][ceph_volume.process][INFO ] Running command: nsenter --mount=/rootfs/proc/1/ns/mnt --ipc=/rootfs/proc/1/ns/ipc --net=/rootfs/proc/1/ns/net --uts=/rootfs/proc/1/ns/uts /sbin/lvs --noheadings --readonly --separator=";" -a --units=b --nosuffix -S lv_name=lv_2,vg_name=vg_nvme -o lv_tags,lv_path,lv_name,vg_name,lv_uuid,lv_size
[2026-02-12 00:30:50,913][ceph_volume.process][INFO ] stdout ";"/dev/vg_nvme/lv_2";"lv_2";"vg_nvme";"Ajgki6-70ZA-NyKW-Z9x7-uq07-rcKF-juGbAm";"751619276800
[2026-02-12 00:30:50,913][ceph_volume.api.lvm][WARNING] device is not part of ceph:
[2026-02-12 00:30:50,914][ceph_volume.process][INFO ] Running command: /usr/sbin/blkid -c /dev/null -p /dev/vg_nvme/lv_2
[2026-02-12 00:30:50,920][ceph_volume.process][INFO ] Running command: /usr/bin/lsblk -P -o NAME,KNAME,PKNAME,MAJ:MIN,FSTYPE,MOUNTPOINT,LABEL,UUID,RO,RM,MODEL,SIZE,STATE,OWNER,GROUP,MODE,ALIGNMENT,PHY-SEC,LOG-SEC,ROTA,SCHED,TYPE,DISC-ALN,DISC-GRAN,DISC-MAX,DISC-ZERO,PKNAME,PARTLABEL
[2026-02-12 00:30:50,925][ceph_volume.process][INFO ] stdout NAME="nvme2n1" KNAME="nvme2n1" PKNAME="" MAJ_MIN="259:0" FSTYPE="LVM2_member" MOUNTPOINT="" LABEL="" UUID="RKmSqo-ikOz-Vpie-YxsL-0o3g-S5rW-1BEjZ1" RO="0" RM="0" MODEL="MTFDKCC1T9TGP-1BK1JABYY" SIZE="1.7T" STATE="live" OWNER="root" GROUP="disk" MODE="brw-rw----" ALIGNMENT="0" PHY_SEC="4096" LOG_SEC="512" ROTA="0" SCHED="none" TYPE="disk" DISC_ALN="0" DISC_GRAN="4K" DISC_MAX="2T" DISC_ZERO="0" PKNAME="" PARTLABEL=""
[2026-02-12 00:30:50,925][ceph_volume.process][INFO ] stdout NAME="vg_nvme-lv_3" KNAME="dm-2" PKNAME="nvme2n1" MAJ_MIN="253:2" FSTYPE="ceph_bluestore" MOUNTPOINT="" LABEL="" UUID="" RO="0" RM="0" MODEL="" SIZE="700G" STATE="running" OWNER="ceph" GROUP="ceph" MODE="brw-rw----" ALIGNMENT="0" PHY_SEC="4096" LOG_SEC="512" ROTA="0" SCHED="" TYPE="lvm" DISC_ALN="0" DISC_GRAN="4K" DISC_MAX="2T" DISC_ZERO="0" PKNAME="nvme2n1" PARTLABEL=""
[2026-02-12 00:30:50,925][ceph_volume.process][INFO ] stdout NAME="vg_nvme-lv_4" KNAME="dm-3" PKNAME="nvme2n1" MAJ_MIN="253:3" FSTYPE="ceph_bluestore" MOUNTPOINT="" LABEL="" UUID="" RO="0" RM="0" MODEL="" SIZE="700G" STATE="running" OWNER="ceph" GROUP="ceph" MODE="brw-rw----" ALIGNMENT="0" PHY_SEC="4096" LOG_SEC="512" ROTA="0" SCHED="" TYPE="lvm" DISC_ALN="0" DISC_GRAN="4K" DISC_MAX="2T" DISC_ZERO="0" PKNAME="nvme2n1" PARTLABEL=""
[2026-02-12 00:30:50,925][ceph_volume.process][INFO ] stdout NAME="nvme1n1" KNAME="nvme1n1" PKNAME="" MAJ_MIN="259:1" FSTYPE="LVM2_member" MOUNTPOINT="" LABEL="" UUID="mt3kAL-IUZG-ZAat-OMO0-YMe6-HQuf-ncoLua" RO="0" RM="0" MODEL="MTFDKCC1T9TGP-1BK1JABYY" SIZE="1.7T" STATE="live" OWNER="root" GROUP="disk" MODE="brw-rw----" ALIGNMENT="0" PHY_SEC="4096" LOG_SEC="512" ROTA="0" SCHED="none" TYPE="disk" DISC_ALN="0" DISC_GRAN="4K" DISC_MAX="2T" DISC_ZERO="0" PKNAME="" PARTLABEL=""
[2026-02-12 00:30:50,925][ceph_volume.process][INFO ] stdout NAME="vg_nvme-lv_1" KNAME="dm-0" PKNAME="nvme1n1" MAJ_MIN="253:0" FSTYPE="" MOUNTPOINT="" LABEL="" UUID="" RO="0" RM="0" MODEL="" SIZE="700G" STATE="running" OWNER="root" GROUP="disk" MODE="brw-rw----" ALIGNMENT="0" PHY_SEC="4096" LOG_SEC="512" ROTA="0" SCHED="" TYPE="lvm" DISC_ALN="0" DISC_GRAN="4K" DISC_MAX="2T" DISC_ZERO="0" PKNAME="nvme1n1" PARTLABEL=""
[2026-02-12 00:30:50,925][ceph_volume.process][INFO ] stdout NAME="vg_nvme-lv_2" KNAME="dm-1" PKNAME="nvme1n1" MAJ_MIN="253:1" FSTYPE="" MOUNTPOINT="" LABEL="" UUID="" RO="0" RM="0" MODEL="" SIZE="700G" STATE="running" OWNER="root" GROUP="disk" MODE="brw-rw----" ALIGNMENT="0" PHY_SEC="4096" LOG_SEC="512" ROTA="0" SCHED="" TYPE="lvm" DISC_ALN="0" DISC_GRAN="4K" DISC_MAX="2T" DISC_ZERO="0" PKNAME="nvme1n1" PARTLABEL=""
[2026-02-12 00:30:50,926][ceph_volume.process][INFO ] stdout NAME="vg_nvme-lv_5" KNAME="dm-4" PKNAME="nvme1n1" MAJ_MIN="253:4" FSTYPE="xfs" MOUNTPOINT="/rootfs/var/lib/ceph" LABEL="" UUID="2cb77e17-a11a-44e9-aeab-fa42d48f989b" RO="0" RM="0" MODEL="" SIZE="100G" STATE="running" OWNER="root" GROUP="disk" MODE="brw-rw----" ALIGNMENT="0" PHY_SEC="4096" LOG_SEC="512" ROTA="0" SCHED="" TYPE="lvm" DISC_ALN="0" DISC_GRAN="4K" DISC_MAX="2T" DISC_ZERO="0" PKNAME="nvme1n1" PARTLABEL=""
[2026-02-12 00:30:50,926][ceph_volume.process][INFO ] stdout NAME="nvme0n1" KNAME="nvme0n1" PKNAME="" MAJ_MIN="259:2" FSTYPE="" MOUNTPOINT="" LABEL="" UUID="" RO="0" RM="0" MODEL="Micron_7450_MTFDKBA960TFR" SIZE="894.3G" STATE="live" OWNER="root" GROUP="disk" MODE="brw-rw----" ALIGNMENT="0" PHY_SEC="4096" LOG_SEC="512" ROTA="0" SCHED="none" TYPE="disk" DISC_ALN="0" DISC_GRAN="4K" DISC_MAX="2T" DISC_ZERO="0" PKNAME="" PARTLABEL=""
[2026-02-12 00:30:50,926][ceph_volume.process][INFO ] stdout NAME="nvme0n1p1" KNAME="nvme0n1p1" PKNAME="nvme0n1" MAJ_MIN="259:3" FSTYPE="vfat" MOUNTPOINT="/rootfs/boot/efi" LABEL="efi" UUID="8F1A-A3A9" RO="0" RM="0" MODEL="" SIZE="512M" STATE="" OWNER="root" GROUP="disk" MODE="brw-rw----" ALIGNMENT="0" PHY_SEC="4096" LOG_SEC="512" ROTA="0" SCHED="none" TYPE="part" DISC_ALN="0" DISC_GRAN="4K" DISC_MAX="2T" DISC_ZERO="0" PKNAME="nvme0n1" PARTLABEL=""
[2026-02-12 00:30:50,926][ceph_volume.process][INFO ] stdout NAME="nvme0n1p2" KNAME="nvme0n1p2" PKNAME="nvme0n1" MAJ_MIN="259:4" FSTYPE="ext4" MOUNTPOINT="/rootfs" LABEL="root" UUID="dd550503-fc1d-4353-869e-16e2f042aa08" RO="0" RM="0" MODEL="" SIZE="893.8G" STATE="" OWNER="root" GROUP="disk" MODE="brw-rw----" ALIGNMENT="0" PHY_SEC="4096" LOG_SEC="512" ROTA="0" SCHED="none" TYPE="part" DISC_ALN="0" DISC_GRAN="4K" DISC_MAX="2T" DISC_ZERO="0" PKNAME="nvme0n1" PARTLABEL=""
[2026-02-12 00:30:50,926][ceph_volume.util.disk][INFO ] opening device /dev/vg_nvme/lv_2 to check for BlueStore label
[2026-02-12 00:30:50,926][ceph_volume.process][INFO ] Running command: /usr/bin/lsblk -P -o NAME,KNAME,PKNAME,MAJ:MIN,FSTYPE,MOUNTPOINT,LABEL,UUID,RO,RM,MODEL,SIZE,STATE,OWNER,GROUP,MODE,ALIGNMENT,PHY-SEC,LOG-SEC,ROTA,SCHED,TYPE,DISC-ALN,DISC-GRAN,DISC-MAX,DISC-ZERO,PKNAME,PARTLABEL
[2026-02-12 00:30:50,932][ceph_volume.process][INFO ] stdout NAME="nvme2n1" KNAME="nvme2n1" PKNAME="" MAJ_MIN="259:0" FSTYPE="LVM2_member" MOUNTPOINT="" LABEL="" UUID="RKmSqo-ikOz-Vpie-YxsL-0o3g-S5rW-1BEjZ1" RO="0" RM="0" MODEL="MTFDKCC1T9TGP-1BK1JABYY" SIZE="1.7T" STATE="live" OWNER="root" GROUP="disk" MODE="brw-rw----" ALIGNMENT="0" PHY_SEC="4096" LOG_SEC="512" ROTA="0" SCHED="none" TYPE="disk" DISC_ALN="0" DISC_GRAN="4K" DISC_MAX="2T" DISC_ZERO="0" PKNAME="" PARTLABEL=""
[2026-02-12 00:30:50,932][ceph_volume.process][INFO ] stdout NAME="vg_nvme-lv_3" KNAME="dm-2" PKNAME="nvme2n1" MAJ_MIN="253:2" FSTYPE="ceph_bluestore" MOUNTPOINT="" LABEL="" UUID="" RO="0" RM="0" MODEL="" SIZE="700G" STATE="running" OWNER="ceph" GROUP="ceph" MODE="brw-rw----" ALIGNMENT="0" PHY_SEC="4096" LOG_SEC="512" ROTA="0" SCHED="" TYPE="lvm" DISC_ALN="0" DISC_GRAN="4K" DISC_MAX="2T" DISC_ZERO="0" PKNAME="nvme2n1" PARTLABEL=""
[2026-02-12 00:30:50,932][ceph_volume.process][INFO ] stdout NAME="vg_nvme-lv_4" KNAME="dm-3" PKNAME="nvme2n1" MAJ_MIN="253:3" FSTYPE="ceph_bluestore" MOUNTPOINT="" LABEL="" UUID="" RO="0" RM="0" MODEL="" SIZE="700G" STATE="running" OWNER="ceph" GROUP="ceph" MODE="brw-rw----" ALIGNMENT="0" PHY_SEC="4096" LOG_SEC="512" ROTA="0" SCHED="" TYPE="lvm" DISC_ALN="0" DISC_GRAN="4K" DISC_MAX="2T" DISC_ZERO="0" PKNAME="nvme2n1" PARTLABEL=""
[2026-02-12 00:30:50,932][ceph_volume.process][INFO ] stdout NAME="nvme1n1" KNAME="nvme1n1" PKNAME="" MAJ_MIN="259:1" FSTYPE="LVM2_member" MOUNTPOINT="" LABEL="" UUID="mt3kAL-IUZG-ZAat-OMO0-YMe6-HQuf-ncoLua" RO="0" RM="0" MODEL="MTFDKCC1T9TGP-1BK1JABYY" SIZE="1.7T" STATE="live" OWNER="root" GROUP="disk" MODE="brw-rw----" ALIGNMENT="0" PHY_SEC="4096" LOG_SEC="512" ROTA="0" SCHED="none" TYPE="disk" DISC_ALN="0" DISC_GRAN="4K" DISC_MAX="2T" DISC_ZERO="0" PKNAME="" PARTLABEL=""
[2026-02-12 00:30:50,932][ceph_volume.process][INFO ] stdout NAME="vg_nvme-lv_1" KNAME="dm-0" PKNAME="nvme1n1" MAJ_MIN="253:0" FSTYPE="" MOUNTPOINT="" LABEL="" UUID="" RO="0" RM="0" MODEL="" SIZE="700G" STATE="running" OWNER="root" GROUP="disk" MODE="brw-rw----" ALIGNMENT="0" PHY_SEC="4096" LOG_SEC="512" ROTA="0" SCHED="" TYPE="lvm" DISC_ALN="0" DISC_GRAN="4K" DISC_MAX="2T" DISC_ZERO="0" PKNAME="nvme1n1" PARTLABEL=""
[2026-02-12 00:30:50,932][ceph_volume.process][INFO ] stdout NAME="vg_nvme-lv_2" KNAME="dm-1" PKNAME="nvme1n1" MAJ_MIN="253:1" FSTYPE="" MOUNTPOINT="" LABEL="" UUID="" RO="0" RM="0" MODEL="" SIZE="700G" STATE="running" OWNER="root" GROUP="disk" MODE="brw-rw----" ALIGNMENT="0" PHY_SEC="4096" LOG_SEC="512" ROTA="0" SCHED="" TYPE="lvm" DISC_ALN="0" DISC_GRAN="4K" DISC_MAX="2T" DISC_ZERO="0" PKNAME="nvme1n1" PARTLABEL=""
[2026-02-12 00:30:50,932][ceph_volume.process][INFO ] stdout NAME="vg_nvme-lv_5" KNAME="dm-4" PKNAME="nvme1n1" MAJ_MIN="253:4" FSTYPE="xfs" MOUNTPOINT="/rootfs/var/lib/ceph" LABEL="" UUID="2cb77e17-a11a-44e9-aeab-fa42d48f989b" RO="0" RM="0" MODEL="" SIZE="100G" STATE="running" OWNER="root" GROUP="disk" MODE="brw-rw----" ALIGNMENT="0" PHY_SEC="4096" LOG_SEC="512" ROTA="0" SCHED="" TYPE="lvm" DISC_ALN="0" DISC_GRAN="4K" DISC_MAX="2T" DISC_ZERO="0" PKNAME="nvme1n1" PARTLABEL=""
[2026-02-12 00:30:50,932][ceph_volume.process][INFO ] stdout NAME="nvme0n1" KNAME="nvme0n1" PKNAME="" MAJ_MIN="259:2" FSTYPE="" MOUNTPOINT="" LABEL="" UUID="" RO="0" RM="0" MODEL="Micron_7450_MTFDKBA960TFR" SIZE="894.3G" STATE="live" OWNER="root" GROUP="disk" MODE="brw-rw----" ALIGNMENT="0" PHY_SEC="4096" LOG_SEC="512" ROTA="0" SCHED="none" TYPE="disk" DISC_ALN="0" DISC_GRAN="4K" DISC_MAX="2T" DISC_ZERO="0" PKNAME="" PARTLABEL=""
[2026-02-12 00:30:50,932][ceph_volume.process][INFO ] stdout NAME="nvme0n1p1" KNAME="nvme0n1p1" PKNAME="nvme0n1" MAJ_MIN="259:3" FSTYPE="vfat" MOUNTPOINT="/rootfs/boot/efi" LABEL="efi" UUID="8F1A-A3A9" RO="0" RM="0" MODEL="" SIZE="512M" STATE="" OWNER="root" GROUP="disk" MODE="brw-rw----" ALIGNMENT="0" PHY_SEC="4096" LOG_SEC="512" ROTA="0" SCHED="none" TYPE="part" DISC_ALN="0" DISC_GRAN="4K" DISC_MAX="2T" DISC_ZERO="0" PKNAME="nvme0n1" PARTLABEL=""
[2026-02-12 00:30:50,932][ceph_volume.process][INFO ] stdout NAME="nvme0n1p2" KNAME="nvme0n1p2" PKNAME="nvme0n1" MAJ_MIN="259:4" FSTYPE="ext4" MOUNTPOINT="/rootfs" LABEL="root" UUID="dd550503-fc1d-4353-869e-16e2f042aa08" RO="0" RM="0" MODEL="" SIZE="893.8G" STATE="" OWNER="root" GROUP="disk" MODE="brw-rw----" ALIGNMENT="0" PHY_SEC="4096" LOG_SEC="512" ROTA="0" SCHED="none" TYPE="part" DISC_ALN="0" DISC_GRAN="4K" DISC_MAX="2T" DISC_ZERO="0" PKNAME="nvme0n1" PARTLABEL=""
[2026-02-12 00:30:50,932][ceph_volume.util.disk][INFO ] opening device /dev/vg_nvme/lv_2 to check for BlueStore label
[2026-02-12 00:30:50,932][ceph_volume.process][INFO ] Running command: /usr/sbin/udevadm info --query=property /dev/vg_nvme/lv_2
[2026-02-12 00:30:50,936][ceph_volume.process][INFO ] stdout DEVPATH=/devices/virtual/block/dm-1
[2026-02-12 00:30:50,936][ceph_volume.process][INFO ] stdout DEVNAME=/dev/dm-1
[2026-02-12 00:30:50,936][ceph_volume.process][INFO ] stdout DEVTYPE=disk
[2026-02-12 00:30:50,936][ceph_volume.process][INFO ] stdout DISKSEQ=5
[2026-02-12 00:30:50,936][ceph_volume.process][INFO ] stdout MAJOR=253
[2026-02-12 00:30:50,936][ceph_volume.process][INFO ] stdout MINOR=1
[2026-02-12 00:30:50,936][ceph_volume.process][INFO ] stdout SUBSYSTEM=block
[2026-02-12 00:30:50,936][ceph_volume.process][INFO ] stdout USEC_INITIALIZED=102284637
[2026-02-12 00:30:50,936][ceph_volume.process][INFO ] stdout DM_UDEV_DISABLE_LIBRARY_FALLBACK_FLAG=1
[2026-02-12 00:30:50,936][ceph_volume.process][INFO ] stdout DM_UDEV_PRIMARY_SOURCE_FLAG=1
[2026-02-12 00:30:50,936][ceph_volume.process][INFO ] stdout DM_UDEV_RULES_VSN=2
[2026-02-12 00:30:50,936][ceph_volume.process][INFO ] stdout DM_NAME=vg_nvme-lv_2
[2026-02-12 00:30:50,936][ceph_volume.process][INFO ] stdout DM_UUID=LVM-dGTmf3jY3l7gtXf2ru0dmOUr9c2f60SjAjgki670ZANyKWZ9x7uq07rcKFjuGbAm
[2026-02-12 00:30:50,936][ceph_volume.process][INFO ] stdout DM_SUSPENDED=0
[2026-02-12 00:30:50,936][ceph_volume.process][INFO ] stdout DM_VG_NAME=vg_nvme
[2026-02-12 00:30:50,936][ceph_volume.process][INFO ] stdout DM_LV_NAME=lv_2
[2026-02-12 00:30:50,936][ceph_volume.process][INFO ] stdout NVME_HOST_IFACE=none
[2026-02-12 00:30:50,936][ceph_volume.process][INFO ] stdout SYSTEMD_READY=1
[2026-02-12 00:30:50,936][ceph_volume.process][INFO ] stdout DEVLINKS=/dev/mapper/vg_nvme-lv_2 /dev/vg_nvme/lv_2 /dev/disk/by-diskseq/5 /dev/disk/by-id/dm-name-vg_nvme-lv_2 /dev/disk/by-id/dm-uuid-LVM-dGTmf3jY3l7gtXf2ru0dmOUr9c2f60SjAjgki670ZANyKWZ9x7uq07rcKFjuGbAm
[2026-02-12 00:30:50,936][ceph_volume.process][INFO ] stdout TAGS=:systemd:
[2026-02-12 00:30:50,936][ceph_volume.process][INFO ] stdout CURRENT_TAGS=:systemd:
[2026-02-12 00:30:50,937][ceph_volume.devices.lvm.batch][DEBUG ] passed data devices: 0 physical, 1 LVM
[2026-02-12 00:30:50,937][ceph_volume.devices.lvm.batch][DEBUG ] relative data size: 1.0
[2026-02-12 00:30:50,939][ceph_volume.util.system][INFO ] Executable lvs found on the host, will use /sbin/lvs
[2026-02-12 00:30:50,939][ceph_volume.process][INFO ] Running command: nsenter --mount=/rootfs/proc/1/ns/mnt --ipc=/rootfs/proc/1/ns/ipc --net=/rootfs/proc/1/ns/net --uts=/rootfs/proc/1/ns/uts /sbin/lvs --noheadings --readonly --separator=";" -a --units=b --nosuffix -S lv_name=lv_2,vg_name=vg_nvme -o lv_tags,lv_path,lv_name,vg_name,lv_uuid,lv_size
[2026-02-12 00:30:50,977][ceph_volume.process][INFO ] stdout ";"/dev/vg_nvme/lv_2";"lv_2";"vg_nvme";"Ajgki6-70ZA-NyKW-Z9x7-uq07-rcKF-juGbAm";"751619276800
[2026-02-12 00:30:50,977][ceph_volume.api.lvm][WARNING] device is not part of ceph:
[2026-02-12 00:30:50,978][ceph_volume.process][INFO ] Running command: /usr/bin/ceph-authtool --gen-print-key
[2026-02-12 00:30:50,989][ceph_volume.process][INFO ] Running command: /usr/bin/ceph --cluster ceph --name client.bootstrap-osd --keyring /var/lib/ceph/bootstrap-osd/ceph.keyring -i - osd new c2023254-bfc3-4bb8-8aa0-3906b29b329b
[2026-02-12 00:30:51,129][ceph_volume.process][INFO ] stdout 6
[2026-02-12 00:30:51,129][ceph_volume.process][INFO ] stderr
2026-02-12T00:30:51.033+0000 7f4a7d2ad640 1 -- 10.20.193.63:0/2413804833 >> [v2:10.20.193.63:3300/0,v1:10.20.193.63:6789/0] conn(0x7f4a7806c3b0 msgr2=0x7f4a7806a9b0 secure :-1 s=STATE_CONNECTION_ESTABLISHED l=1).mark_down
[2026-02-12 00:30:51,129][ceph_volume.process][INFO ] stderr
2026-02-12T00:30:51.033+0000 7f4a7d2ad640 1 --2- 10.20.193.63:0/2413804833 >> [v2:10.20.193.63:3300/0,v1:10.20.193.63:6789/0] conn(0x7f4a7806c3b0 0x7f4a7806a9b0 secure :-1 s=READY pgs=129 cs=0 l=1 rev1=1 crypto rx=0x7f4a6c009a40 tx=0x7f4a6c02f240 comp rx=0 tx=0).stop
[2026-02-12 00:30:51,129][ceph_volume.process][INFO ] stderr
2026-02-12T00:30:51.033+0000 7f4a7d2ad640 1 -- 10.20.193.63:0/2413804833 shutdown_connections
[2026-02-12 00:30:51,129][ceph_volume.process][INFO ] stderr
2026-02-12T00:30:51.033+0000 7f4a7d2ad640 1 --2- 10.20.193.63:0/2413804833 >> [v2:10.20.193.163:3300/0,v1:10.20.193.163:6789/0] conn(0x7f4a7806b5d0 0x7f4a7810c880 unknown :-1 s=CLOSED pgs=0 cs=0 l=0 rev1=1 crypto rx=0 tx=0 comp rx=0 tx=0).stop
[2026-02-12 00:30:51,129][ceph_volume.process][INFO ] stderr
2026-02-12T00:30:51.033+0000 7f4a7d2ad640 1 --2- 10.20.193.63:0/2413804833 >> [v2:10.20.193.182:3300/0,v1:10.20.193.182:6789/0] conn(0x7f4a7806c790 0x7f4a7806aef0 unknown :-1 s=CLOSED pgs=0 cs=0 l=0 rev1=1 crypto rx=0 tx=0 comp rx=0 tx=0).stop
[2026-02-12 00:30:51,129][ceph_volume.process][INFO ] stderr
2026-02-12T00:30:51.033+0000 7f4a7d2ad640 1 --2- 10.20.193.63:0/2413804833 >> [v2:10.20.193.63:3300/0,v1:10.20.193.63:6789/0] conn(0x7f4a7806c3b0 0x7f4a7806a9b0 unknown :-1 s=CLOSED pgs=129 cs=0 l=1 rev1=1 crypto rx=0 tx=0 comp rx=0 tx=0).stop
[2026-02-12 00:30:51,129][ceph_volume.process][INFO ] stderr
2026-02-12T00:30:51.033+0000 7f4a7d2ad640 1 -- 10.20.193.63:0/2413804833 >> 10.20.193.63:0/2413804833 conn(0x7f4a7806fde0 msgr2=0x7f4a78072200 unknown :-1 s=STATE_NONE l=0).mark_down
[2026-02-12 00:30:51,129][ceph_volume.process][INFO ] stderr
2026-02-12T00:30:51.033+0000 7f4a7d2ad640 1 -- 10.20.193.63:0/2413804833 shutdown_connections
[2026-02-12 00:30:51,129][ceph_volume.process][INFO ] stderr
2026-02-12T00:30:51.033+0000 7f4a7d2ad640 1 -- 10.20.193.63:0/2413804833 wait complete.
[2026-02-12 00:30:51,129][ceph_volume.process][INFO ] stderr
2026-02-12T00:30:51.034+0000 7f4a7d2ad640 1 Processor -- start
[2026-02-12 00:30:51,129][ceph_volume.process][INFO ] stderr
2026-02-12T00:30:51.034+0000 7f4a7d2ad640 1 -- start start
[2026-02-12 00:30:51,129][ceph_volume.process][INFO ] stderr
2026-02-12T00:30:51.034+0000 7f4a7d2ad640 1 --2- >> [v2:10.20.193.63:3300/0,v1:10.20.193.63:6789/0] conn(0x7f4a7806b5d0 0x7f4a781aa720 unknown :-1 s=NONE pgs=0 cs=0 l=1 rev1=0 crypto rx=0 tx=0 comp rx=0 tx=0).connect
[2026-02-12 00:30:51,129][ceph_volume.process][INFO ] stderr
2026-02-12T00:30:51.034+0000 7f4a7d2ad640 1 --2- >> [v2:10.20.193.182:3300/0,v1:10.20.193.182:6789/0] conn(0x7f4a7806c3b0 0x7f4a781aac60 unknown :-1 s=NONE pgs=0 cs=0 l=1 rev1=0 crypto rx=0 tx=0 comp rx=0 tx=0).connect
[2026-02-12 00:30:51,129][ceph_volume.process][INFO ] stderr
2026-02-12T00:30:51.034+0000 7f4a7d2ad640 1 --2- >> [v2:10.20.193.163:3300/0,v1:10.20.193.163:6789/0] conn(0x7f4a7806c790 0x7f4a781a79f0 unknown :-1 s=NONE pgs=0 cs=0 l=1 rev1=0 crypto rx=0 tx=0 comp rx=0 tx=0).connect
[2026-02-12 00:30:51,129][ceph_volume.process][INFO ] stderr
2026-02-12T00:30:51.034+0000 7f4a7d2ad640 1 -- --> [v2:10.20.193.63:3300/0,v1:10.20.193.63:6789/0] -- mon_getmap magic: 0 v1 -- 0x7f4a781a8180 con 0x7f4a7806b5d0
[2026-02-12 00:30:51,129][ceph_volume.process][INFO ] stderr
2026-02-12T00:30:51.034+0000 7f4a7d2ad640 1 -- --> [v2:10.20.193.163:3300/0,v1:10.20.193.163:6789/0] -- mon_getmap magic: 0 v1 -- 0x7f4a781a82f0 con 0x7f4a7806c790
[2026-02-12 00:30:51,129][ceph_volume.process][INFO ] stderr
2026-02-12T00:30:51.034+0000 7f4a7d2ad640 1 -- --> [v2:10.20.193.182:3300/0,v1:10.20.193.182:6789/0] -- mon_getmap magic: 0 v1 -- 0x7f4a781a84b0 con 0x7f4a7806c3b0
[2026-02-12 00:30:51,129][ceph_volume.process][INFO ] stderr
2026-02-12T00:30:51.034+0000 7f4a76ffd640 1 --2- >> [v2:10.20.193.63:3300/0,v1:10.20.193.63:6789/0] conn(0x7f4a7806b5d0 0x7f4a781aa720 unknown :-1 s=BANNER_CONNECTING pgs=0 cs=0 l=1 rev1=0 crypto rx=0 tx=0 comp rx=0 tx=0)._handle_peer_banner_payload supported=3 required=0
[2026-02-12 00:30:51,129][ceph_volume.process][INFO ] stderr
2026-02-12T00:30:51.034+0000 7f4a76ffd640 1 --2- >> [v2:10.20.193.63:3300/0,v1:10.20.193.63:6789/0] conn(0x7f4a7806b5d0 0x7f4a781aa720 unknown :-1 s=HELLO_CONNECTING pgs=0 cs=0 l=1 rev1=1 crypto rx=0 tx=0 comp rx=0 tx=0).handle_hello peer v2:10.20.193.63:3300/0 says I am v2:10.20.193.63:48952/0 (socket says 10.20.193.63:48952)
[2026-02-12 00:30:51,129][ceph_volume.process][INFO ] stderr
2026-02-12T00:30:51.034+0000 7f4a76ffd640 1 -- 10.20.193.63:0/1913552980 learned_addr learned my addr 10.20.193.63:0/1913552980 (peer_addr_for_me v2:10.20.193.63:0/0)
[2026-02-12 00:30:51,129][ceph_volume.process][INFO ] stderr
2026-02-12T00:30:51.034+0000 7f4a767fc640 1 --2- 10.20.193.63:0/1913552980 >> [v2:10.20.193.182:3300/0,v1:10.20.193.182:6789/0] conn(0x7f4a7806c3b0 0x7f4a781aac60 unknown :-1 s=BANNER_CONNECTING pgs=0 cs=0 l=1 rev1=0 crypto rx=0 tx=0 comp rx=0 tx=0)._handle_peer_banner_payload supported=3 required=0
[2026-02-12 00:30:51,129][ceph_volume.process][INFO ] stderr
2026-02-12T00:30:51.034+0000 7f4a76ffd640 1 -- 10.20.193.63:0/1913552980 >> [v2:10.20.193.182:3300/0,v1:10.20.193.182:6789/0] conn(0x7f4a7806c3b0 msgr2=0x7f4a781aac60 unknown :-1 s=STATE_CONNECTION_ESTABLISHED l=1).mark_down
[2026-02-12 00:30:51,129][ceph_volume.process][INFO ] stderr
2026-02-12T00:30:51.034+0000 7f4a777fe640 1 --2- 10.20.193.63:0/1913552980 >> [v2:10.20.193.163:3300/0,v1:10.20.193.163:6789/0] conn(0x7f4a7806c790 0x7f4a781a79f0 unknown :-1 s=BANNER_CONNECTING pgs=0 cs=0 l=1 rev1=0 crypto rx=0 tx=0 comp rx=0 tx=0)._handle_peer_banner_payload supported=3 required=0
[2026-02-12 00:30:51,129][ceph_volume.process][INFO ] stderr
2026-02-12T00:30:51.034+0000 7f4a76ffd640 1 --2- 10.20.193.63:0/1913552980 >> [v2:10.20.193.182:3300/0,v1:10.20.193.182:6789/0] conn(0x7f4a7806c3b0 0x7f4a781aac60 unknown :-1 s=AUTH_CONNECTING pgs=0 cs=0 l=1 rev1=1 crypto rx=0 tx=0 comp rx=0 tx=0).stop
[2026-02-12 00:30:51,129][ceph_volume.process][INFO ] stderr
2026-02-12T00:30:51.034+0000 7f4a76ffd640 1 -- 10.20.193.63:0/1913552980 >> [v2:10.20.193.163:3300/0,v1:10.20.193.163:6789/0] conn(0x7f4a7806c790 msgr2=0x7f4a781a79f0 unknown :-1 s=STATE_CONNECTION_ESTABLISHED l=1).mark_down
[2026-02-12 00:30:51,129][ceph_volume.process][INFO ] stderr
2026-02-12T00:30:51.034+0000 7f4a76ffd640 1 --2- 10.20.193.63:0/1913552980 >> [v2:10.20.193.163:3300/0,v1:10.20.193.163:6789/0] conn(0x7f4a7806c790 0x7f4a781a79f0 unknown :-1 s=AUTH_CONNECTING pgs=0 cs=0 l=1 rev1=1 crypto rx=0 tx=0 comp rx=0 tx=0).stop
[2026-02-12 00:30:51,129][ceph_volume.process][INFO ] stderr
2026-02-12T00:30:51.034+0000 7f4a76ffd640 1 -- 10.20.193.63:0/1913552980 --> [v2:10.20.193.63:3300/0,v1:10.20.193.63:6789/0] -- mon_subscribe({config=0+,monmap=0+}) v3 -- 0x7f4a781a8670 con 0x7f4a7806b5d0
[2026-02-12 00:30:51,129][ceph_volume.process][INFO ] stderr
2026-02-12T00:30:51.034+0000 7f4a767fc640 1 --2- 10.20.193.63:0/1913552980 >> [v2:10.20.193.182:3300/0,v1:10.20.193.182:6789/0] conn(0x7f4a7806c3b0 0x7f4a781aac60 unknown :-1 s=CLOSED pgs=0 cs=0 l=1 rev1=1 crypto rx=0 tx=0 comp rx=0 tx=0).send_auth_request state changed!
[2026-02-12 00:30:51,129][ceph_volume.process][INFO ] stderr
2026-02-12T00:30:51.034+0000 7f4a777fe640 1 --2- 10.20.193.63:0/1913552980 >> [v2:10.20.193.163:3300/0,v1:10.20.193.163:6789/0] conn(0x7f4a7806c790 0x7f4a781a79f0 unknown :-1 s=CLOSED pgs=0 cs=0 l=1 rev1=1 crypto rx=0 tx=0 comp rx=0 tx=0).send_auth_request state changed!
[2026-02-12 00:30:51,129][ceph_volume.process][INFO ] stderr
2026-02-12T00:30:51.034+0000 7f4a76ffd640 1 --2- 10.20.193.63:0/1913552980 >> [v2:10.20.193.63:3300/0,v1:10.20.193.63:6789/0] conn(0x7f4a7806b5d0 0x7f4a781aa720 secure :-1 s=READY pgs=130 cs=0 l=1 rev1=1 crypto rx=0x7f4a6c02f750 tx=0x7f4a6c0386a0 comp rx=0 tx=0).ready entity=mon.0 client_cookie=0 server_cookie=0 in_seq=0 out_seq=0
[2026-02-12 00:30:51,129][ceph_volume.process][INFO ] stderr
2026-02-12T00:30:51.034+0000 7f4a57fff640 1 -- 10.20.193.63:0/1913552980 <== mon.0 v2:10.20.193.63:3300/0 1 ==== mon_map magic: 0 v1 ==== 413+0+0 (secure 0 0 0) 0x7f4a6c03d070 con 0x7f4a7806b5d0
[2026-02-12 00:30:51,130][ceph_volume.process][INFO ] stderr
2026-02-12T00:30:51.034+0000 7f4a7d2ad640 1 -- 10.20.193.63:0/1913552980 --> [v2:10.20.193.63:3300/0,v1:10.20.193.63:6789/0] -- mon_subscribe({mgrmap=0+}) v3 -- 0x7f4a781b14a0 con 0x7f4a7806b5d0
[2026-02-12 00:30:51,130][ceph_volume.process][INFO ] stderr
2026-02-12T00:30:51.034+0000 7f4a57fff640 1 -- 10.20.193.63:0/1913552980 <== mon.0 v2:10.20.193.63:3300/0 2 ==== config(26 keys) v1 ==== 1074+0+0 (secure 0 0 0) 0x7f4a6c038e30 con 0x7f4a7806b5d0
[2026-02-12 00:30:51,130][ceph_volume.process][INFO ] stderr
2026-02-12T00:30:51.034+0000 7f4a57fff640 1 -- 10.20.193.63:0/1913552980 <== mon.0 v2:10.20.193.63:3300/0 3 ==== mon_map magic: 0 v1 ==== 413+0+0 (secure 0 0 0) 0x7f4a6c041a50 con 0x7f4a7806b5d0
[2026-02-12 00:30:51,130][ceph_volume.process][INFO ] stderr
2026-02-12T00:30:51.034+0000 7f4a7d2ad640 1 -- 10.20.193.63:0/1913552980 --> [v2:10.20.193.63:3300/0,v1:10.20.193.63:6789/0] -- mon_subscribe({osdmap=0}) v3 -- 0x7f4a781b1850 con 0x7f4a7806b5d0
[2026-02-12 00:30:51,130][ceph_volume.process][INFO ] stderr
2026-02-12T00:30:51.035+0000 7f4a7d2ad640 1 -- 10.20.193.63:0/1913552980 --> [v2:10.20.193.63:3300/0,v1:10.20.193.63:6789/0] -- mon_command({"prefix": "get_command_descriptions"} v 0) v1 -- 0x7f4a7806bc80 con 0x7f4a7806b5d0
[2026-02-12 00:30:51,130][ceph_volume.process][INFO ] stderr
2026-02-12T00:30:51.036+0000 7f4a57fff640 1 -- 10.20.193.63:0/1913552980 <== mon.0 v2:10.20.193.63:3300/0 4 ==== mgrmap(e 15) v1 ==== 147322+0+0 (secure 0 0 0) 0x7f4a6c0042d0 con 0x7f4a7806b5d0
[2026-02-12 00:30:51,130][ceph_volume.process][INFO ] stderr
2026-02-12T00:30:51.036+0000 7f4a57fff640 1 --2- 10.20.193.63:0/1913552980 >> [v2:10.20.193.63:6800/3119037958,v1:10.20.193.63:6801/3119037958] conn(0x7f4a4c0af020 0x7f4a4c0b14e0 unknown :-1 s=NONE pgs=0 cs=0 l=1 rev1=0 crypto rx=0 tx=0 comp rx=0 tx=0).connect
[2026-02-12 00:30:51,130][ceph_volume.process][INFO ] stderr
2026-02-12T00:30:51.037+0000 7f4a767fc640 1 --2- 10.20.193.63:0/1913552980 >> [v2:10.20.193.63:6800/3119037958,v1:10.20.193.63:6801/3119037958] conn(0x7f4a4c0af020 0x7f4a4c0b14e0 unknown :-1 s=BANNER_CONNECTING pgs=0 cs=0 l=1 rev1=0 crypto rx=0 tx=0 comp rx=0 tx=0)._handle_peer_banner_payload supported=3 required=0
[2026-02-12 00:30:51,130][ceph_volume.process][INFO ] stderr
2026-02-12T00:30:51.037+0000 7f4a57fff640 1 -- 10.20.193.63:0/1913552980 <== mon.0 v2:10.20.193.63:3300/0 5 ==== osd_map(31..31 src has 1..31) v4 ==== 4210+0+0 (secure 0 0 0) 0x7f4a6c1010c0 con 0x7f4a7806b5d0
[2026-02-12 00:30:51,130][ceph_volume.process][INFO ] stderr
2026-02-12T00:30:51.037+0000 7f4a767fc640 1 --2- 10.20.193.63:0/1913552980 >> [v2:10.20.193.63:6800/3119037958,v1:10.20.193.63:6801/3119037958] conn(0x7f4a4c0af020 0x7f4a4c0b14e0 secure :-1 s=READY pgs=83 cs=0 l=1 rev1=1 crypto rx=0x7f4a600059c0 tx=0x7f4a60005e30 comp rx=0 tx=0).ready entity=mgr.14150 client_cookie=0 server_cookie=0 in_seq=0 out_seq=0
[2026-02-12 00:30:51,130][ceph_volume.process][INFO ] stderr
2026-02-12T00:30:51.038+0000 7f4a57fff640 1 -- 10.20.193.63:0/1913552980 <== mon.0 v2:10.20.193.63:3300/0 6 ==== mon_command_ack([{"prefix": "get_command_descriptions"}]=0 v0) v1 ==== 72+0+186382 (secure 0 0 0) 0x7f4a6c0c6c30 con 0x7f4a7806b5d0
[2026-02-12 00:30:51,130][ceph_volume.process][INFO ] stderr
2026-02-12T00:30:51.120+0000 7f4a7d2ad640 1 -- 10.20.193.63:0/1913552980 --> [v2:10.20.193.63:3300/0,v1:10.20.193.63:6789/0] -- mon_command({"prefix": "osd new", "uuid": "c2023254-bfc3-4bb8-8aa0-3906b29b329b"} v 0) v1 -- 0x7f4a7811c970 con 0x7f4a7806b5d0
[2026-02-12 00:30:51,130][ceph_volume.process][INFO ] stderr
2026-02-12T00:30:51.121+0000 7f4a57fff640 1 -- 10.20.193.63:0/1913552980 <== mon.0 v2:10.20.193.63:3300/0 7 ==== mon_command_ack([{"prefix": "osd new", "uuid": "c2023254-bfc3-4bb8-8aa0-3906b29b329b"}]=0 v32) v1 ==== 103+0+2 (secure 0 0 0) 0x7f4a6c009690 con 0x7f4a7806b5d0
[2026-02-12 00:30:51,130][ceph_volume.process][INFO ] stderr
2026-02-12T00:30:51.122+0000 7f4a7d2ad640 1 -- 10.20.193.63:0/1913552980 >> [v2:10.20.193.63:6800/3119037958,v1:10.20.193.63:6801/3119037958] conn(0x7f4a4c0af020 msgr2=0x7f4a4c0b14e0 secure :-1 s=STATE_CONNECTION_ESTABLISHED l=1).mark_down
[2026-02-12 00:30:51,130][ceph_volume.process][INFO ] stderr
2026-02-12T00:30:51.122+0000 7f4a7d2ad640 1 --2- 10.20.193.63:0/1913552980 >> [v2:10.20.193.63:6800/3119037958,v1:10.20.193.63:6801/3119037958] conn(0x7f4a4c0af020 0x7f4a4c0b14e0 secure :-1 s=READY pgs=83 cs=0 l=1 rev1=1 crypto rx=0x7f4a600059c0 tx=0x7f4a60005e30 comp rx=0 tx=0).stop
[2026-02-12 00:30:51,130][ceph_volume.process][INFO ] stderr
2026-02-12T00:30:51.122+0000 7f4a7d2ad640 1 -- 10.20.193.63:0/1913552980 >> [v2:10.20.193.63:3300/0,v1:10.20.193.63:6789/0] conn(0x7f4a7806b5d0 msgr2=0x7f4a781aa720 secure :-1 s=STATE_CONNECTION_ESTABLISHED l=1).mark_down
[2026-02-12 00:30:51,130][ceph_volume.process][INFO ] stderr
2026-02-12T00:30:51.122+0000 7f4a7d2ad640 1 --2- 10.20.193.63:0/1913552980 >> [v2:10.20.193.63:3300/0,v1:10.20.193.63:6789/0] conn(0x7f4a7806b5d0 0x7f4a781aa720 secure :-1 s=READY pgs=130 cs=0 l=1 rev1=1 crypto rx=0x7f4a6c02f750 tx=0x7f4a6c0386a0 comp rx=0 tx=0).stop
[2026-02-12 00:30:51,130][ceph_volume.process][INFO ] stderr
2026-02-12T00:30:51.122+0000 7f4a7d2ad640 1 -- 10.20.193.63:0/1913552980 shutdown_connections
[2026-02-12 00:30:51,130][ceph_volume.process][INFO ] stderr
2026-02-12T00:30:51.122+0000 7f4a7d2ad640 1 --2- 10.20.193.63:0/1913552980 >> [v2:10.20.193.63:6800/3119037958,v1:10.20.193.63:6801/3119037958] conn(0x7f4a4c0af020 0x7f4a4c0b14e0 unknown :-1 s=CLOSED pgs=83 cs=0 l=1 rev1=1 crypto rx=0 tx=0 comp rx=0 tx=0).stop
[2026-02-12 00:30:51,130][ceph_volume.process][INFO ] stderr
2026-02-12T00:30:51.122+0000 7f4a7d2ad640 1 --2- 10.20.193.63:0/1913552980 >> [v2:10.20.193.163:3300/0,v1:10.20.193.163:6789/0] conn(0x7f4a7806c790 0x7f4a781a79f0 unknown :-1 s=CLOSED pgs=0 cs=0 l=1 rev1=1 crypto rx=0 tx=0 comp rx=0 tx=0).stop
[2026-02-12 00:30:51,130][ceph_volume.process][INFO ] stderr
2026-02-12T00:30:51.122+0000 7f4a7d2ad640 1 --2- 10.20.193.63:0/1913552980 >> [v2:10.20.193.182:3300/0,v1:10.20.193.182:6789/0] conn(0x7f4a7806c3b0 0x7f4a781aac60 unknown :-1 s=CLOSED pgs=0 cs=0 l=1 rev1=1 crypto rx=0 tx=0 comp rx=0 tx=0).stop
[2026-02-12 00:30:51,130][ceph_volume.process][INFO ] stderr
2026-02-12T00:30:51.122+0000 7f4a7d2ad640 1 --2- 10.20.193.63:0/1913552980 >> [v2:10.20.193.63:3300/0,v1:10.20.193.63:6789/0] conn(0x7f4a7806b5d0 0x7f4a781aa720 unknown :-1 s=CLOSED pgs=130 cs=0 l=1 rev1=1 crypto rx=0 tx=0 comp rx=0 tx=0).stop
[2026-02-12 00:30:51,130][ceph_volume.process][INFO ] stderr
2026-02-12T00:30:51.122+0000 7f4a7d2ad640 1 -- 10.20.193.63:0/1913552980 >> 10.20.193.63:0/1913552980 conn(0x7f4a7806fde0 msgr2=0x7f4a78119f20 unknown :-1 s=STATE_NONE l=0).mark_down
[2026-02-12 00:30:51,130][ceph_volume.process][INFO ] stderr
2026-02-12T00:30:51.122+0000 7f4a7d2ad640 1 -- 10.20.193.63:0/1913552980 shutdown_connections
[2026-02-12 00:30:51,130][ceph_volume.process][INFO ] stderr
2026-02-12T00:30:51.122+0000 7f4a7d2ad640 1 -- 10.20.193.63:0/1913552980 wait complete.
[2026-02-12 00:30:51,132][ceph_volume.util.system][INFO ] Executable lvs found on the host, will use /sbin/lvs
[2026-02-12 00:30:51,133][ceph_volume.process][INFO ] Running command: nsenter --mount=/rootfs/proc/1/ns/mnt --ipc=/rootfs/proc/1/ns/ipc --net=/rootfs/proc/1/ns/net --uts=/rootfs/proc/1/ns/uts /sbin/lvs --noheadings --readonly --separator=";" -a --units=b --nosuffix -S lv_name=lv_2,vg_name=vg_nvme -o lv_tags,lv_path,lv_name,vg_name,lv_uuid,lv_size
[2026-02-12 00:30:51,165][ceph_volume.process][INFO ] stdout ";"/dev/vg_nvme/lv_2";"lv_2";"vg_nvme";"Ajgki6-70ZA-NyKW-Z9x7-uq07-rcKF-juGbAm";"751619276800
[2026-02-12 00:30:51,168][ceph_volume.util.system][INFO ] Executable lvchange found on the host, will use /sbin/lvchange
[2026-02-12 00:30:51,168][ceph_volume.process][INFO ] Running command: nsenter --mount=/rootfs/proc/1/ns/mnt --ipc=/rootfs/proc/1/ns/ipc --net=/rootfs/proc/1/ns/net --uts=/rootfs/proc/1/ns/uts /sbin/lvchange --addtag ceph.osd_fsid=c2023254-bfc3-4bb8-8aa0-3906b29b329b --addtag ceph.osd_id=6 --addtag ceph.cluster_fsid=d652ab1e-07a9-11f1-bda7-d404e6e7d460 --addtag ceph.cluster_name=ceph --addtag ceph.crush_device_class= --addtag ceph.osdspec_affinity=None --addtag ceph.block_device=/dev/vg_nvme/lv_2 --addtag ceph.block_uuid=Ajgki6-70ZA-NyKW-Z9x7-uq07-rcKF-juGbAm --addtag ceph.cephx_lockbox_secret= --addtag ceph.encrypted=0 --addtag ceph.vdo=0 --addtag ceph.type=block /dev/vg_nvme/lv_2
[2026-02-12 00:30:51,206][ceph_volume.process][INFO ] stdout Logical volume vg_nvme/lv_2 changed.
[2026-02-12 00:30:51,206][ceph_volume.process][INFO ] Running command: /usr/bin/ceph-authtool --gen-print-key
[2026-02-12 00:30:51,217][ceph_volume.process][INFO ] Running command: /usr/bin/mount -t tmpfs tmpfs /var/lib/ceph/osd/ceph-6
[2026-02-12 00:30:51,219][ceph_volume.util.system][INFO ] CEPH_VOLUME_SKIP_RESTORECON environ is set, will not call restorecon
[2026-02-12 00:30:51,220][ceph_volume.process][INFO ] Running command: /usr/bin/chown -h ceph:ceph /dev/vg_nvme/lv_2
[2026-02-12 00:30:51,222][ceph_volume.process][INFO ] Running command: /usr/bin/chown -R ceph:ceph /dev/dm-1
[2026-02-12 00:30:51,224][ceph_volume.process][INFO ] Running command: /usr/bin/ln -s /dev/vg_nvme/lv_2 /var/lib/ceph/osd/ceph-6/block
[2026-02-12 00:30:51,226][ceph_volume.process][INFO ] Running command: /usr/bin/ceph --cluster ceph --name client.bootstrap-osd --keyring /var/lib/ceph/bootstrap-osd/ceph.keyring mon getmap -o /var/lib/ceph/osd/ceph-6/activate.monmap
[2026-02-12 00:30:51,271][ceph_volume.process][INFO ] stderr
2026-02-12T00:30:51.270+0000 7f677c3d1640 1 -- 10.20.193.63:0/1469736379 >> [v2:10.20.193.63:3300/0,v1:10.20.193.63:6789/0] conn(0x7f6774110680 msgr2=0x7f6774112b20 secure :-1 s=STATE_CONNECTION_ESTABLISHED l=1).mark_down
2026-02-12T00:30:51.270+0000 7f677c3d1640 1 --2- 10.20.193.63:0/1469736379 >> [v2:10.20.193.63:3300/0,v1:10.20.193.63:6789/0] conn(0x7f6774110680 0x7f6774112b20 secure :-1 s=READY pgs=131 cs=0 l=1 rev1=1 crypto rx=0x7f677000b180 tx=0x7f677002f470 comp rx=0 tx=0).stop
2026-02-12T00:30:51.270+0000 7f677c3d1640 1 -- 10.20.193.63:0/1469736379 shutdown_connections
2026-02-12T00:30:51.270+0000 7f677c3d1640 1 --2- 10.20.193.63:0/1469736379 >> [v2:10.20.193.63:3300/0,v1:10.20.193.63:6789/0] conn(0x7f6774110680 0x7f6774112b20 unknown :-1 s=CLOSED pgs=131 cs=0 l=1 rev1=1 crypto rx=0 tx=0 comp rx=0 tx=0).stop
2026-02-12T00:30:51.270+0000 7f677c3d1640 1 --2- 10.20.193.63:0/1469736379 >> [v2:10.20.193.182:3300/0,v1:10.20.193.182:6789/0] conn(0x7f677410a340 0x7f677410ff90 unknown :-1 s=CLOSED pgs=0
[2026-02-12 00:30:51,271][ceph_volume.process][INFO ] stderr cs=0 l=0 rev1=1 crypto rx=0 tx=0 comp rx=0 tx=0).stop
2026-02-12T00:30:51.270+0000 7f677c3d1640 1 --2- 10.20.193.63:0/1469736379 >> [v2:10.20.193.163:3300/0,v1:10.20.193.163:6789/0] conn(0x7f6774109a20 0x7f6774109e00 unknown :-1 s=CLOSED pgs=0 cs=0 l=0 rev1=0 crypto rx=0 tx=0 comp rx=0 tx=0).stop
2026-02-12T00:30:51.270+0000 7f677c3d1640 1 -- 10.20.193.63:0/1469736379 >> 10.20.193.63:0/1469736379 conn(0x7f677406fdc0 msgr2=0x7f67740721e0 unknown :-1 s=STATE_NONE l=0).mark_down
2026-02-12T00:30:51.270+0000 7f677c3d1640 1 -- 10.20.193.63:0/1469736379 shutdown_connections
2026-02-12T00:30:51.270+0000 7f677c3d1640 1 -- 10.20.193.63:0/1469736379 wait complete.
[2026-02-12 00:30:51,272][ceph_volume.process][INFO ] stderr
2026-02-12T00:30:51.271+0000 7f677c3d1640 1 Processor -- start
[2026-02-12 00:30:51,272][ceph_volume.process][INFO ] stderr
2026-02-12T00:30:51.271+0000 7f677c3d1640 1 -- start start
[2026-02-12 00:30:51,272][ceph_volume.process][INFO ] stderr
2026-02-12T00:30:51.271+0000 7f677c3d1640 1 --2- >> [v2:10.20.193.63:3300/0,v1:10.20.193.63:6789/0] conn(0x7f6774109a20 0x7f67741a3660 unknown :-1 s=NONE pgs=0 cs=0 l=1 rev1=0 crypto rx=0 tx=0 comp rx=0 tx=0).connect
[2026-02-12 00:30:51,272][ceph_volume.process][INFO ] stderr
2026-02-12T00:30:51.271+0000 7f677c3d1640 1 --2- >> [v2:10.20.193.182:3300/0,v1:10.20.193.182:6789/0] conn(0x7f677410a340 0x7f67741a3ba0 unknown :-1 s=NONE pgs=0 cs=0 l=1 rev1=0 crypto rx=0 tx=0 comp rx=0 tx=0).connect
2026-02-12T00:30:51.271+0000 7f677c3d1640 1 --2- >> [v2:10.20.193.163:3300/0,v1:10.20.193.163:6789/0] conn(0x7f6774110680 0x7f67741ac040 unknown :-1 s=NONE pgs=0 cs=0 l=1 rev1=0 crypto rx=0 tx=0 comp rx=0 tx=0).connect
2026-02-12T00:30:51.271+0000 7f677c3d1640 1 -- --> [v2:10.20.193.63:3300/0,v1:10.20.193.63:6789/0] -- mon_getmap magic: 0 v1 -- 0x7f67741ac610 con 0x7f6774109a20
2026-02-12T00:30:51.271+0000 7f677c3d1640 1 -- --> [v2:10.20.193.163:3300/0,v1:10.20.193.163:6789/0] -- mon_getmap magic: 0 v1 -- 0x7f67741ac750 con 0x7f6774110680
2026-02-12T00:30:51.271+0000 7f677c3d1640 1 -- --> [v2:10.20.193.182:3300/0,v1:10.20.193.182:6789/0] -- mon_getmap magic: 0 v1 -- 0x7f67741ac910 con 0x7f677410a340
[2026-02-12 00:30:51,272][ceph_volume.process][INFO ] stderr
2026-02-12T00:30:51.271+0000 7f677a146640 1 --2- >> [v2:10.20.193.63:3300/0,v1:10.20.193.63:6789/0] conn(0x7f6774109a20 0x7f67741a3660 unknown :-1 s=BANNER_CONNECTING pgs=0 cs=0 l=1 rev1=0 crypto rx=0 tx=0 comp rx=0 tx=0)._handle_peer_banner_payload supported=3 required=0
[2026-02-12 00:30:51,272][ceph_volume.process][INFO ] stderr
2026-02-12T00:30:51.271+0000 7f677a146640 1 --2- >> [v2:10.20.193.63:3300/0,v1:10.20.193.63:6789/0] conn(0x7f6774109a20 0x7f67741a3660 unknown :-1 s=HELLO_CONNECTING pgs=0 cs=0 l=1 rev1=1 crypto rx=0 tx=0 comp rx=0 tx=0).handle_hello peer v2:10.20.193.63:3300/0 says I am v2:10.20.193.63:48974/0 (socket says 10.20.193.63:48974)
2026-02-12T00:30:51.271+0000 7f677a146640 1 -- 10.20.193.63:0/2948897232 learned_addr learned my addr 10.20.193.63:0/2948897232 (peer_addr_for_me v2:10.20.193.63:0/0)
[2026-02-12 00:30:51,272][ceph_volume.process][INFO ] stderr
2026-02-12T00:30:51.271+0000 7f677a947640 1 --2- 10.20.193.63:0/2948897232 >> [v2:10.20.193.163:3300/0,v1:10.20.193.163:6789/0] conn(0x7f6774110680 0x7f67741ac040 unknown :-1 s=BANNER_CONNECTING pgs=0 cs=0 l=1 rev1=0 crypto rx=0 tx=0 comp rx=0 tx=0)._handle_peer_banner_payload supported=3 required=0
[2026-02-12 00:30:51,272][ceph_volume.process][INFO ] stderr
2026-02-12T00:30:51.271+0000 7f6779945640 1 --2- 10.20.193.63:0/2948897232 >> [v2:10.20.193.182:3300/0,v1:10.20.193.182:6789/0] conn(0x7f677410a340 0x7f67741a3ba0 unknown :-1 s=BANNER_CONNECTING pgs=0 cs=0 l=1 rev1=0 crypto rx=0 tx=0 comp rx=0 tx=0)._handle_peer_banner_payload supported=3 required=0
[2026-02-12 00:30:51,272][ceph_volume.process][INFO ] stderr
2026-02-12T00:30:51.271+0000 7f677a146640 1 -- 10.20.193.63:0/2948897232 >> [v2:10.20.193.182:3300/0,v1:10.20.193.182:6789/0] conn(0x7f677410a340 msgr2=0x7f67741a3ba0 unknown :-1 s=STATE_CONNECTION_ESTABLISHED l=1).mark_down
2026-02-12T00:30:51.271+0000 7f677a146640 1 --2- 10.20.193.63:0/2948897232 >> [v2:10.20.193.182:3300/0,v1:10.20.193.182:6789/0] conn(0x7f677410a340 0x7f67741a3ba0 unknown :-1 s=AUTH_CONNECTING pgs=0 cs=0 l=1 rev1=1 crypto rx=0 tx=0 comp rx=0 tx=0).stop
2026-02-12T00:30:51.271+0000 7f677a146640 1 -- 10.20.193.63:0/2948897232 >> [v2:10.20.193.163:3300/0,v1:10.20.193.163:6789/0] conn(0x7f6774110680 msgr2=0x7f67741ac040 unknown :-1 s=STATE_CONNECTION_ESTABLISHED l=1).mark_down
[2026-02-12 00:30:51,272][ceph_volume.process][INFO ] stderr
2026-02-12T00:30:51.271+0000 7f677a146640 1 --2- 10.20.193.63:0/2948897232 >> [v2:10.20.193.163:3300/0,v1:10.20.193.163:6789/0] conn(0x7f6774110680 0x7f67741ac040 unknown :-1 s=AUTH_CONNECTING pgs=0 cs=0 l=1 rev1=1 crypto rx=0 tx=0 comp rx=0 tx=0).stop
2026-02-12T00:30:51.271+0000 7f677a146640 1 -- 10.20.193.63:0/2948897232 --> [v2:10.20.193.63:3300/0,v1:10.20.193.63:6789/0] -- mon_subscribe({config=0+,monmap=0+}) v3 -- 0x7f67741acad0 con 0x7f6774109a20
[2026-02-12 00:30:51,272][ceph_volume.process][INFO ] stderr
2026-02-12T00:30:51.271+0000 7f677a146640 1 --2- 10.20.193.63:0/2948897232 >> [v2:10.20.193.63:3300/0,v1:10.20.193.63:6789/0] conn(0x7f6774109a20 0x7f67741a3660 secure :-1 s=READY pgs=132 cs=0 l=1 rev1=1 crypto rx=0x7f6768005de0 tx=0x7f676400bbf0 comp rx=0 tx=0).ready entity=mon.0 client_cookie=0 server_cookie=0 in_seq=0 out_seq=0
[2026-02-12 00:30:51,272][ceph_volume.process][INFO ] stderr
2026-02-12T00:30:51.271+0000 7f675b7fe640 1 -- 10.20.193.63:0/2948897232 <== mon.0 v2:10.20.193.63:3300/0 1 ==== mon_map magic: 0 v1 ==== 413+0+0 (secure 0 0 0) 0x7f67640044e0 con 0x7f6774109a20
[2026-02-12 00:30:51,272][ceph_volume.process][INFO ] stderr
2026-02-12T00:30:51.272+0000 7f677c3d1640 1 -- 10.20.193.63:0/2948897232 --> [v2:10.20.193.63:3300/0,v1:10.20.193.63:6789/0] -- mon_subscribe({mgrmap=0+}) v3 -- 0x7f67741acd80 con 0x7f6774109a20
2026-02-12T00:30:51.272+0000 7f675b7fe640 1 -- 10.20.193.63:0/2948897232 <== mon.0 v2:10.20.193.63:3300/0 2 ==== config(26 keys) v1 ==== 1074+0+0 (secure 0 0 0) 0x7f6764009410 con 0x7f6774109a20
2026-02-12T00:30:51.272+0000 7f675b7fe640 1 -- 10.20.193.63:0/2948897232 <== mon.0 v2:10.20.193.63:3300/0 3 ==== mon_map magic: 0 v1 ==== 413+0+0 (secure 0 0 0) 0x7f676400cd10 con 0x7f6774109a20
[2026-02-12 00:30:51,272][ceph_volume.process][INFO ] stderr
2026-02-12T00:30:51.272+0000 7f677c3d1640 1 -- 10.20.193.63:0/2948897232 --> [v2:10.20.193.63:3300/0,v1:10.20.193.63:6789/0] -- mon_subscribe({osdmap=0}) v3 -- 0x7f67741ad240 con 0x7f6774109a20
[2026-02-12 00:30:51,273][ceph_volume.process][INFO ] stderr
2026-02-12T00:30:51.272+0000 7f677c3d1640 1 -- 10.20.193.63:0/2948897232 --> [v2:10.20.193.63:3300/0,v1:10.20.193.63:6789/0] -- mon_command({"prefix": "get_command_descriptions"} v 0) v1 -- 0x7f6774109e00 con 0x7f6774109a20
[2026-02-12 00:30:51,274][ceph_volume.process][INFO ] stderr
2026-02-12T00:30:51.273+0000 7f675b7fe640 1 -- 10.20.193.63:0/2948897232 <== mon.0 v2:10.20.193.63:3300/0 4 ==== mgrmap(e 15) v1 ==== 147322+0+0 (secure 0 0 0) 0x7f67640026e0 con 0x7f6774109a20
[2026-02-12 00:30:51,274][ceph_volume.process][INFO ] stderr
2026-02-12T00:30:51.274+0000 7f675b7fe640 1 --2- 10.20.193.63:0/2948897232 >> [v2:10.20.193.63:6800/3119037958,v1:10.20.193.63:6801/3119037958] conn(0x7f67500aefa0 0x7f67500b1460 unknown :-1 s=NONE pgs=0 cs=0 l=1 rev1=0 crypto rx=0 tx=0 comp rx=0 tx=0).connect
[2026-02-12 00:30:51,275][ceph_volume.process][INFO ] stderr
2026-02-12T00:30:51.274+0000 7f6779945640 1 --2- 10.20.193.63:0/2948897232 >> [v2:10.20.193.63:6800/3119037958,v1:10.20.193.63:6801/3119037958] conn(0x7f67500aefa0 0x7f67500b1460 unknown :-1 s=BANNER_CONNECTING pgs=0 cs=0 l=1 rev1=0 crypto rx=0 tx=0 comp rx=0 tx=0)._handle_peer_banner_payload supported=3 required=0
[2026-02-12 00:30:51,275][ceph_volume.process][INFO ] stderr
2026-02-12T00:30:51.274+0000 7f675b7fe640 1 -- 10.20.193.63:0/2948897232 <== mon.0 v2:10.20.193.63:3300/0 5 ==== osd_map(32..32 src has 1..32) v4 ==== 4325+0+0 (secure 0 0 0) 0x7f67640dbfa0 con 0x7f6774109a20
[2026-02-12 00:30:51,275][ceph_volume.process][INFO ] stderr
2026-02-12T00:30:51.274+0000 7f6779945640 1 --2- 10.20.193.63:0/2948897232 >> [v2:10.20.193.63:6800/3119037958,v1:10.20.193.63:6801/3119037958] conn(0x7f67500aefa0 0x7f67500b1460 secure :-1 s=READY pgs=84 cs=0 l=1 rev1=1 crypto rx=0x7f6768005f40 tx=0x7f6768005ed0 comp rx=0 tx=0).ready entity=mgr.14150 client_cookie=0 server_cookie=0 in_seq=0 out_seq=0
[2026-02-12 00:30:51,276][ceph_volume.process][INFO ] stderr
2026-02-12T00:30:51.275+0000 7f675b7fe640 1 -- 10.20.193.63:0/2948897232 <== mon.0 v2:10.20.193.63:3300/0 6 ==== mon_command_ack([{"prefix": "get_command_descriptions"}]=0 v0) v1 ==== 72+0+186382 (secure 0 0 0) 0x7f67640a1ab0 con 0x7f6774109a20
[2026-02-12 00:30:51,389][ceph_volume.process][INFO ] stderr
2026-02-12T00:30:51.388+0000 7f677c3d1640 1 -- 10.20.193.63:0/2948897232 --> [v2:10.20.193.63:3300/0,v1:10.20.193.63:6789/0] -- mon_command({"prefix": "mon getmap"} v 0) v1 -- 0x7f67741a4a00 con 0x7f6774109a20
[2026-02-12 00:30:51,389][ceph_volume.process][INFO ] stderr
2026-02-12T00:30:51.388+0000 7f675b7fe640 1 -- 10.20.193.63:0/2948897232 <== mon.0 v2:10.20.193.63:3300/0 7 ==== mon_command_ack([{"prefix": "mon getmap"}]=0 got monmap epoch 3 v3) v1 ==== 76+0+409 (secure 0 0 0) 0x7f67640a52c0 con 0x7f6774109a20
[2026-02-12 00:30:51,389][ceph_volume.process][INFO ] stderr got monmap epoch 3
[2026-02-12 00:30:51,390][ceph_volume.process][INFO ] stderr
2026-02-12T00:30:51.389+0000 7f677c3d1640 1 -- 10.20.193.63:0/2948897232 >> [v2:10.20.193.63:6800/3119037958,v1:10.20.193.63:6801/3119037958] conn(0x7f67500aefa0 msgr2=0x7f67500b1460 secure :-1 s=STATE_CONNECTION_ESTABLISHED l=1).mark_down
2026-02-12T00:30:51.389+0000 7f677c3d1640 1 --2- 10.20.193.63:0/2948897232 >> [v2:10.20.193.63:6800/3119037958,v1:10.20.193.63:6801/3119037958] conn(0x7f67500aefa0 0x7f67500b1460 secure :-1 s=READY pgs=84 cs=0 l=1 rev1=1 crypto rx=0x7f6768005f40 tx=0x7f6768005ed0 comp rx=0 tx=0).stop
2026-02-12T00:30:51.389+0000 7f677c3d1640 1 -- 10.20.193.63:0/2948897232 >> [v2:10.20.193.63:3300/0,v1:10.20.193.63:6789/0] conn(0x7f6774109a20 msgr2=0x7f67741a3660 secure :-1 s=STATE_CONNECTION_ESTABLISHED l=1).mark_down
2026-02-12T00:30:51.389+0000 7f677c3d1640 1 --2- 10.20.193.63:0/2948897232 >> [v2:10.20.193.63:3300/0,v1:10.20.193.63:6789/0] conn(0x7f6774109a20 0x7f67741a3660 secure :-1 s=READY pgs=132 cs=0 l=1 rev1=1 crypto rx=0x7f6768005de0 tx=0x7f676400bbf0 comp rx=0 tx=0).stop
[2026-02-12 00:30:51,390][ceph_volume.process][INFO ] stderr
2026-02-12T00:30:51.389+0000 7f677c3d1640 1 -- 10.20.193.63:0/2948897232 shutdown_connections
2026-02-12T00:30:51.389+0000 7f677c3d1640 1 --2- 10.20.193.63:0/2948897232 >> [v2:10.20.193.63:6800/3119037958,v1:10.20.193.63:6801/3119037958] conn(0x7f67500aefa0 0x7f67500b1460 unknown :-1 s=CLOSED pgs=84 cs=0 l=1 rev1=1 crypto rx=0 tx=0 comp rx=0 tx=0).stop
2026-02-12T00:30:51.389+0000 7f677c3d1640 1 --2- 10.20.193.63:0/2948897232 >> [v2:10.20.193.163:3300/0,v1:10.20.193.163:6789/0] conn(0x7f6774110680 0x7f67741ac040 unknown :-1 s=CLOSED pgs=0 cs=0 l=1 rev1=1 crypto rx=0 tx=0 comp rx=0 tx=0).stop
2026-02-12T00:30:51.389+0000 7f677c3d1640 1 --2- 10.20.193.63:0/2948897232 >> [v2:10.20.193.182:3300/0,v1:10.20.193.182:6789/0] conn(0x7f677410a340 0x7f67741a3ba0 unknown :-1 s=CLOSED pgs=0 cs=0 l=1 rev1=1 crypto rx=0 tx=0 comp rx=0 tx=0).stop
2026-02-12T00:30:51.389+0000 7f677c3d1640 1 --2- 10.20.193.63:0/2948897232 >> [v2:10.20.193.63:3300/0,v1:10.20.193.63:6789/0] conn(0x7f6774109a20 0x7f67741a3660 unknown :-1 s=
[2026-02-12 00:30:51,390][ceph_volume.process][INFO ] stderr CLOSED pgs=132 cs=0 l=1 rev1=1 crypto rx=0 tx=0 comp rx=0 tx=0).stop
2026-02-12T00:30:51.389+0000 7f677c3d1640 1 -- 10.20.193.63:0/2948897232 >> 10.20.193.63:0/2948897232 conn(0x7f677406fdc0 msgr2=0x7f677410f710 unknown :-1 s=STATE_NONE l=0).mark_down
2026-02-12T00:30:51.389+0000 7f677c3d1640 1 -- 10.20.193.63:0/2948897232 shutdown_connections
[2026-02-12 00:30:51,390][ceph_volume.process][INFO ] stderr
2026-02-12T00:30:51.389+0000 7f677c3d1640 1 -- 10.20.193.63:0/2948897232 wait complete.
[2026-02-12 00:30:51,396][ceph_volume.util.prepare][INFO ] Creating keyring file for osd.6
[2026-02-12 00:30:51,397][ceph_volume.process][INFO ] Running command: /usr/bin/ceph-authtool /var/lib/ceph/osd/ceph-6/keyring --create-keyring --name osd.6 --add-key AQA6H41p6H/lOhAA0y+BhSYLJieaV1gtUfJppA==
[2026-02-12 00:30:51,409][ceph_volume.process][INFO ] Running command: /usr/bin/chown -R ceph:ceph /var/lib/ceph/osd/ceph-6/keyring
[2026-02-12 00:30:51,411][ceph_volume.process][INFO ] Running command: /usr/bin/chown -R ceph:ceph /var/lib/ceph/osd/ceph-6/
[2026-02-12 00:30:51,414][ceph_volume.process][INFO ] Running command: /usr/bin/ceph-osd --cluster ceph --osd-objectstore bluestore --mkfs -i 6 --monmap /var/lib/ceph/osd/ceph-6/activate.monmap --keyfile - --osdspec-affinity None --osd-data /var/lib/ceph/osd/ceph-6/ --osd-uuid c2023254-bfc3-4bb8-8aa0-3906b29b329b --setuser ceph --setgroup ceph
[2026-02-12 00:30:54,524][ceph_volume.process][INFO ] stderr
2026-02-12T00:30:51.431+0000 7fca6da34740 -1 bluestore(/var/lib/ceph/osd/ceph-6/) _read_fsid unparsable uuid
[2026-02-12 00:30:54,527][ceph_volume.util.system][INFO ] Executable lvs found on the host, will use /sbin/lvs
[2026-02-12 00:30:54,527][ceph_volume.process][INFO ] Running command: nsenter --mount=/rootfs/proc/1/ns/mnt --ipc=/rootfs/proc/1/ns/ipc --net=/rootfs/proc/1/ns/net --uts=/rootfs/proc/1/ns/uts /sbin/lvs --noheadings --readonly --separator=";" -a --units=b --nosuffix -S tags={ceph.osd_fsid=c2023254-bfc3-4bb8-8aa0-3906b29b329b} -o lv_tags,lv_path,lv_name,vg_name,lv_uuid,lv_size
[2026-02-12 00:30:54,560][ceph_volume.process][INFO ] stdout ceph.block_device=/dev/vg_nvme/lv_2,ceph.block_uuid=Ajgki6-70ZA-NyKW-Z9x7-uq07-rcKF-juGbAm,ceph.cephx_lockbox_secret=,ceph.cluster_fsid=d652ab1e-07a9-11f1-bda7-d404e6e7d460,ceph.cluster_name=ceph,ceph.crush_device_class=,ceph.encrypted=0,ceph.osd_fsid=c2023254-bfc3-4bb8-8aa0-3906b29b329b,ceph.osd_id=6,ceph.osdspec_affinity=None,ceph.type=block,ceph.vdo=0";"/dev/vg_nvme/lv_2";"lv_2";"vg_nvme";"Ajgki6-70ZA-NyKW-Z9x7-uq07-rcKF-juGbAm";"751619276800
[2026-02-12 00:30:54,569][ceph_volume.devices.lvm.activate][DEBUG ] Found block device (lv_2) with encryption: False
[2026-02-12 00:30:54,569][ceph_volume.devices.lvm.activate][DEBUG ] Found block device (lv_2) with encryption: False
[2026-02-12 00:30:54,570][ceph_volume.process][INFO ] Running command: /usr/bin/chown -R ceph:ceph /var/lib/ceph/osd/ceph-6
[2026-02-12 00:30:54,572][ceph_volume.process][INFO ] Running command: /usr/bin/ceph-bluestore-tool --cluster=ceph prime-osd-dir --dev /dev/vg_nvme/lv_2 --path /var/lib/ceph/osd/ceph-6 --no-mon-config
[2026-02-12 00:30:54,586][ceph_volume.process][INFO ] Running command: /usr/bin/ln -snf /dev/vg_nvme/lv_2 /var/lib/ceph/osd/ceph-6/block
[2026-02-12 00:30:54,588][ceph_volume.process][INFO ] Running command: /usr/bin/chown -h ceph:ceph /var/lib/ceph/osd/ceph-6/block
[2026-02-12 00:30:54,591][ceph_volume.process][INFO ] Running command: /usr/bin/chown -R ceph:ceph /dev/dm-1
[2026-02-12 00:30:54,593][ceph_volume.process][INFO ] Running command: /usr/bin/chown -R ceph:ceph /var/lib/ceph/osd/ceph-6
