[2026-02-12 00:30:12,598][ceph_volume.devices.lvm.batch][DEBUG ] relative data size: 1.0
[2026-02-12 00:30:12,601][ceph_volume.util.system][INFO ] Executable lvs found on the host, will use /sbin/lvs
[2026-02-12 00:30:12,601][ceph_volume.process][INFO ] Running command: nsenter --mount=/rootfs/proc/1/ns/mnt --ipc=/rootfs/proc/1/ns/ipc --net=/rootfs/proc/1/ns/net --uts=/rootfs/proc/1/ns/uts /sbin/lvs --noheadings --readonly --separator=";" -a --units=b --nosuffix -S lv_name=lv_4,vg_name=vg_nvme -o lv_tags,lv_path,lv_name,vg_name,lv_uuid,lv_size
[2026-02-12 00:30:12,635][ceph_volume.process][INFO ] stdout ";"/dev/vg_nvme/lv_4";"lv_4";"vg_nvme";"MRdbj7-Ewer-zt9K-KeeE-MAmM-1iZ1-euTDYO";"751619276800
[2026-02-12 00:30:12,636][ceph_volume.api.lvm][WARNING] device is not part of ceph:
[2026-02-12 00:30:12,636][ceph_volume.process][INFO ] Running command: /usr/bin/ceph-authtool --gen-print-key
[2026-02-12 00:30:12,646][ceph_volume.process][INFO ] Running command: /usr/bin/ceph --cluster ceph --name client.bootstrap-osd --keyring /var/lib/ceph/bootstrap-osd/ceph.keyring -i - osd new 445678f1-8872-45d2-957d-390fa5557bf9
[2026-02-12 00:30:12,787][ceph_volume.process][INFO ] stdout 1
[2026-02-12 00:30:12,787][ceph_volume.process][INFO ] stderr
2026-02-12T00:30:12.688+0000 7f9e4bc7e640 1 -- 10.20.193.163:0/1323951008 >> [v2:10.20.193.163:3300/0,v1:10.20.193.163:6789/0] conn(0x7f9e44116e00 msgr2=0x7f9e441192c0 secure :-1 s=STATE_CONNECTION_ESTABLISHED l=1).mark_down
[2026-02-12 00:30:12,787][ceph_volume.process][INFO ] stderr
2026-02-12T00:30:12.688+0000 7f9e4bc7e640 1 --2- 10.20.193.163:0/1323951008 >> [v2:10.20.193.163:3300/0,v1:10.20.193.163:6789/0] conn(0x7f9e44116e00 0x7f9e441192c0 secure :-1 s=READY pgs=10 cs=0 l=1 rev1=1 crypto rx=0x7f9e38005c90 tx=0x7f9e4002f400 comp rx=0 tx=0).stop
[2026-02-12 00:30:12,787][ceph_volume.process][INFO ] stderr
2026-02-12T00:30:12.688+0000 7f9e4bc7e640 1 -- 10.20.193.163:0/1323951008 shutdown_connections
[2026-02-12 00:30:12,787][ceph_volume.process][INFO ] stderr
2026-02-12T00:30:12.688+0000 7f9e4bc7e640 1 --2- 10.20.193.163:0/1323951008 >> [v2:10.20.193.163:3300/0,v1:10.20.193.163:6789/0] conn(0x7f9e44116e00 0x7f9e441192c0 unknown :-1 s=CLOSED pgs=10 cs=0 l=1 rev1=1 crypto rx=0 tx=0 comp rx=0 tx=0).stop
[2026-02-12 00:30:12,787][ceph_volume.process][INFO ] stderr
2026-02-12T00:30:12.688+0000 7f9e4bc7e640 1 --2- 10.20.193.163:0/1323951008 >> [v2:10.20.193.182:3300/0,v1:10.20.193.182:6789/0] conn(0x7f9e44072990 0x7f9e44116740 unknown :-1 s=CLOSED pgs=0 cs=0 l=0 rev1=1 crypto rx=0 tx=0 comp rx=0 tx=0).stop
[2026-02-12 00:30:12,787][ceph_volume.process][INFO ] stderr
2026-02-12T00:30:12.688+0000 7f9e4bc7e640 1 --2- 10.20.193.163:0/1323951008 >> [v2:10.20.193.63:3300/0,v1:10.20.193.63:6789/0] conn(0x7f9e44072070 0x7f9e44072450 unknown :-1 s=CLOSED pgs=0 cs=0 l=0 rev1=1 crypto rx=0 tx=0 comp rx=0 tx=0).stop
[2026-02-12 00:30:12,787][ceph_volume.process][INFO ] stderr
2026-02-12T00:30:12.688+0000 7f9e4bc7e640 1 -- 10.20.193.163:0/1323951008 >> 10.20.193.163:0/1323951008 conn(0x7f9e4406db50 msgr2=0x7f9e4406ff70 unknown :-1 s=STATE_NONE l=0).mark_down
[2026-02-12 00:30:12,787][ceph_volume.process][INFO ] stderr
2026-02-12T00:30:12.688+0000 7f9e4bc7e640 1 -- 10.20.193.163:0/1323951008 shutdown_connections
[2026-02-12 00:30:12,787][ceph_volume.process][INFO ] stderr
2026-02-12T00:30:12.688+0000 7f9e4bc7e640 1 -- 10.20.193.163:0/1323951008 wait complete.
[2026-02-12 00:30:12,787][ceph_volume.process][INFO ] stderr
2026-02-12T00:30:12.688+0000 7f9e4bc7e640 1 Processor -- start
[2026-02-12 00:30:12,787][ceph_volume.process][INFO ] stderr
2026-02-12T00:30:12.688+0000 7f9e4bc7e640 1 -- start start
[2026-02-12 00:30:12,787][ceph_volume.process][INFO ] stderr
2026-02-12T00:30:12.688+0000 7f9e4bc7e640 1 --2- >> [v2:10.20.193.182:3300/0,v1:10.20.193.182:6789/0] conn(0x7f9e44072070 0x7f9e441aa610 unknown :-1 s=NONE pgs=0 cs=0 l=1 rev1=0 crypto rx=0 tx=0 comp rx=0 tx=0).connect
[2026-02-12 00:30:12,787][ceph_volume.process][INFO ] stderr
2026-02-12T00:30:12.688+0000 7f9e4bc7e640 1 --2- >> [v2:10.20.193.63:3300/0,v1:10.20.193.63:6789/0] conn(0x7f9e44072990 0x7f9e441aab50 unknown :-1 s=NONE pgs=0 cs=0 l=1 rev1=0 crypto rx=0 tx=0 comp rx=0 tx=0).connect
[2026-02-12 00:30:12,787][ceph_volume.process][INFO ] stderr
2026-02-12T00:30:12.688+0000 7f9e4bc7e640 1 --2- >> [v2:10.20.193.163:3300/0,v1:10.20.193.163:6789/0] conn(0x7f9e44116e00 0x7f9e441a78e0 unknown :-1 s=NONE pgs=0 cs=0 l=1 rev1=0 crypto rx=0 tx=0 comp rx=0 tx=0).connect
[2026-02-12 00:30:12,787][ceph_volume.process][INFO ] stderr
2026-02-12T00:30:12.688+0000 7f9e4bc7e640 1 -- --> [v2:10.20.193.63:3300/0,v1:10.20.193.63:6789/0] -- mon_getmap magic: 0 v1 -- 0x7f9e441a8070 con 0x7f9e44072990
[2026-02-12 00:30:12,787][ceph_volume.process][INFO ] stderr
2026-02-12T00:30:12.688+0000 7f9e4bc7e640 1 -- --> [v2:10.20.193.163:3300/0,v1:10.20.193.163:6789/0] -- mon_getmap magic: 0 v1 -- 0x7f9e441a81e0 con 0x7f9e44116e00
[2026-02-12 00:30:12,787][ceph_volume.process][INFO ] stderr
2026-02-12T00:30:12.688+0000 7f9e4bc7e640 1 -- --> [v2:10.20.193.182:3300/0,v1:10.20.193.182:6789/0] -- mon_getmap magic: 0 v1 -- 0x7f9e441a83a0 con 0x7f9e44072070
[2026-02-12 00:30:12,787][ceph_volume.process][INFO ] stderr
2026-02-12T00:30:12.688+0000 7f9e4a1f4640 1 --2- >> [v2:10.20.193.163:3300/0,v1:10.20.193.163:6789/0] conn(0x7f9e44116e00 0x7f9e441a78e0 unknown :-1 s=BANNER_CONNECTING pgs=0 cs=0 l=1 rev1=0 crypto rx=0 tx=0 comp rx=0 tx=0)._handle_peer_banner_payload supported=3 required=0
[2026-02-12 00:30:12,787][ceph_volume.process][INFO ] stderr
2026-02-12T00:30:12.688+0000 7f9e4a1f4640 1 --2- >> [v2:10.20.193.163:3300/0,v1:10.20.193.163:6789/0] conn(0x7f9e44116e00 0x7f9e441a78e0 unknown :-1 s=HELLO_CONNECTING pgs=0 cs=0 l=1 rev1=1 crypto rx=0 tx=0 comp rx=0 tx=0).handle_hello peer v2:10.20.193.163:3300/0 says I am v2:10.20.193.163:50806/0 (socket says 10.20.193.163:50806)
[2026-02-12 00:30:12,788][ceph_volume.process][INFO ] stderr
2026-02-12T00:30:12.688+0000 7f9e4a1f4640 1 -- 10.20.193.163:0/2731268681 learned_addr learned my addr 10.20.193.163:0/2731268681 (peer_addr_for_me v2:10.20.193.163:0/0)
[2026-02-12 00:30:12,788][ceph_volume.process][INFO ] stderr
2026-02-12T00:30:12.688+0000 7f9e499f3640 1 --2- 10.20.193.163:0/2731268681 >> [v2:10.20.193.182:3300/0,v1:10.20.193.182:6789/0] conn(0x7f9e44072070 0x7f9e441aa610 unknown :-1 s=BANNER_CONNECTING pgs=0 cs=0 l=1 rev1=0 crypto rx=0 tx=0 comp rx=0 tx=0)._handle_peer_banner_payload supported=3 required=0
[2026-02-12 00:30:12,788][ceph_volume.process][INFO ] stderr
2026-02-12T00:30:12.688+0000 7f9e491f2640 1 --2- 10.20.193.163:0/2731268681 >> [v2:10.20.193.63:3300/0,v1:10.20.193.63:6789/0] conn(0x7f9e44072990 0x7f9e441aab50 unknown :-1 s=BANNER_CONNECTING pgs=0 cs=0 l=1 rev1=0 crypto rx=0 tx=0 comp rx=0 tx=0)._handle_peer_banner_payload supported=3 required=0
[2026-02-12 00:30:12,788][ceph_volume.process][INFO ] stderr
2026-02-12T00:30:12.688+0000 7f9e4a1f4640 1 -- 10.20.193.163:0/2731268681 >> [v2:10.20.193.182:3300/0,v1:10.20.193.182:6789/0] conn(0x7f9e44072070 msgr2=0x7f9e441aa610 unknown :-1 s=STATE_CONNECTION_ESTABLISHED l=1).mark_down
[2026-02-12 00:30:12,788][ceph_volume.process][INFO ] stderr
2026-02-12T00:30:12.688+0000 7f9e4a1f4640 1 --2- 10.20.193.163:0/2731268681 >> [v2:10.20.193.182:3300/0,v1:10.20.193.182:6789/0] conn(0x7f9e44072070 0x7f9e441aa610 unknown :-1 s=AUTH_CONNECTING pgs=0 cs=0 l=1 rev1=1 crypto rx=0 tx=0 comp rx=0 tx=0).stop
[2026-02-12 00:30:12,788][ceph_volume.process][INFO ] stderr
2026-02-12T00:30:12.688+0000 7f9e4a1f4640 1 -- 10.20.193.163:0/2731268681 >> [v2:10.20.193.63:3300/0,v1:10.20.193.63:6789/0] conn(0x7f9e44072990 msgr2=0x7f9e441aab50 unknown :-1 s=STATE_CONNECTION_ESTABLISHED l=1).mark_down
[2026-02-12 00:30:12,788][ceph_volume.process][INFO ] stderr
2026-02-12T00:30:12.688+0000 7f9e4a1f4640 1 --2- 10.20.193.163:0/2731268681 >> [v2:10.20.193.63:3300/0,v1:10.20.193.63:6789/0] conn(0x7f9e44072990 0x7f9e441aab50 unknown :-1 s=AUTH_CONNECTING pgs=0 cs=0 l=1 rev1=1 crypto rx=0 tx=0 comp rx=0 tx=0).stop
[2026-02-12 00:30:12,788][ceph_volume.process][INFO ] stderr
2026-02-12T00:30:12.688+0000 7f9e4a1f4640 1 -- 10.20.193.163:0/2731268681 --> [v2:10.20.193.163:3300/0,v1:10.20.193.163:6789/0] -- mon_subscribe({config=0+,monmap=0+}) v3 -- 0x7f9e441a8560 con 0x7f9e44116e00
[2026-02-12 00:30:12,788][ceph_volume.process][INFO ] stderr
2026-02-12T00:30:12.688+0000 7f9e499f3640 1 --2- 10.20.193.163:0/2731268681 >> [v2:10.20.193.182:3300/0,v1:10.20.193.182:6789/0] conn(0x7f9e44072070 0x7f9e441aa610 unknown :-1 s=CLOSED pgs=0 cs=0 l=1 rev1=1 crypto rx=0 tx=0 comp rx=0 tx=0).handle_auth_reply_more state changed!
[2026-02-12 00:30:12,788][ceph_volume.process][INFO ] stderr
2026-02-12T00:30:12.688+0000 7f9e491f2640 1 --2- 10.20.193.163:0/2731268681 >> [v2:10.20.193.63:3300/0,v1:10.20.193.63:6789/0] conn(0x7f9e44072990 0x7f9e441aab50 unknown :-1 s=CLOSED pgs=0 cs=0 l=1 rev1=1 crypto rx=0 tx=0 comp rx=0 tx=0).send_auth_request state changed!
[2026-02-12 00:30:12,788][ceph_volume.process][INFO ] stderr
2026-02-12T00:30:12.688+0000 7f9e4a1f4640 1 --2- 10.20.193.163:0/2731268681 >> [v2:10.20.193.163:3300/0,v1:10.20.193.163:6789/0] conn(0x7f9e44116e00 0x7f9e441a78e0 secure :-1 s=READY pgs=11 cs=0 l=1 rev1=1 crypto rx=0x7f9e400062a0 tx=0x7f9e400078a0 comp rx=0 tx=0).ready entity=mon.2 client_cookie=0 server_cookie=0 in_seq=0 out_seq=0
[2026-02-12 00:30:12,788][ceph_volume.process][INFO ] stderr
2026-02-12T00:30:12.689+0000 7f9e32ffd640 1 -- 10.20.193.163:0/2731268681 <== mon.2 v2:10.20.193.163:3300/0 1 ==== mon_map magic: 0 v1 ==== 413+0+0 (secure 0 0 0) 0x7f9e400092e0 con 0x7f9e44116e00
[2026-02-12 00:30:12,788][ceph_volume.process][INFO ] stderr
2026-02-12T00:30:12.689+0000 7f9e32ffd640 1 -- 10.20.193.163:0/2731268681 <== mon.2 v2:10.20.193.163:3300/0 2 ==== config(26 keys) v1 ==== 1074+0+0 (secure 0 0 0) 0x7f9e40009440 con 0x7f9e44116e00
[2026-02-12 00:30:12,788][ceph_volume.process][INFO ] stderr
2026-02-12T00:30:12.689+0000 7f9e4bc7e640 1 -- 10.20.193.163:0/2731268681 --> [v2:10.20.193.163:3300/0,v1:10.20.193.163:6789/0] -- mon_subscribe({mgrmap=0+}) v3 -- 0x7f9e441b1390 con 0x7f9e44116e00
[2026-02-12 00:30:12,788][ceph_volume.process][INFO ] stderr
2026-02-12T00:30:12.689+0000 7f9e32ffd640 1 -- 10.20.193.163:0/2731268681 <== mon.2 v2:10.20.193.163:3300/0 3 ==== mon_map magic: 0 v1 ==== 413+0+0 (secure 0 0 0) 0x7f9e40038680 con 0x7f9e44116e00
[2026-02-12 00:30:12,788][ceph_volume.process][INFO ] stderr
2026-02-12T00:30:12.689+0000 7f9e4bc7e640 1 -- 10.20.193.163:0/2731268681 --> [v2:10.20.193.163:3300/0,v1:10.20.193.163:6789/0] -- mon_subscribe({osdmap=0}) v3 -- 0x7f9e441b16f0 con 0x7f9e44116e00
[2026-02-12 00:30:12,788][ceph_volume.process][INFO ] stderr
2026-02-12T00:30:12.689+0000 7f9e4bc7e640 1 -- 10.20.193.163:0/2731268681 --> [v2:10.20.193.163:3300/0,v1:10.20.193.163:6789/0] -- mon_command({"prefix": "get_command_descriptions"} v 0) v1 -- 0x7f9e44072450 con 0x7f9e44116e00
[2026-02-12 00:30:12,788][ceph_volume.process][INFO ] stderr
2026-02-12T00:30:12.690+0000 7f9e32ffd640 1 -- 10.20.193.163:0/2731268681 <== mon.2 v2:10.20.193.163:3300/0 4 ==== mgrmap(e 14) v1 ==== 147266+0+0 (secure 0 0 0) 0x7f9e40004330 con 0x7f9e44116e00
[2026-02-12 00:30:12,788][ceph_volume.process][INFO ] stderr
2026-02-12T00:30:12.690+0000 7f9e32ffd640 1 --2- 10.20.193.163:0/2731268681 >> [v2:10.20.193.63:6800/3119037958,v1:10.20.193.63:6801/3119037958] conn(0x7f9e200aef10 0x7f9e200b13d0 unknown :-1 s=NONE pgs=0 cs=0 l=1 rev1=0 crypto rx=0 tx=0 comp rx=0 tx=0).connect
[2026-02-12 00:30:12,788][ceph_volume.process][INFO ] stderr
2026-02-12T00:30:12.690+0000 7f9e32ffd640 1 -- 10.20.193.163:0/2731268681 <== mon.2 v2:10.20.193.163:3300/0 5 ==== osd_map(5..5 src has 1..5) v4 ==== 1270+0+0 (secure 0 0 0) 0x7f9e40100570 con 0x7f9e44116e00
[2026-02-12 00:30:12,788][ceph_volume.process][INFO ] stderr
2026-02-12T00:30:12.691+0000 7f9e499f3640 1 --2- 10.20.193.163:0/2731268681 >> [v2:10.20.193.63:6800/3119037958,v1:10.20.193.63:6801/3119037958] conn(0x7f9e200aef10 0x7f9e200b13d0 unknown :-1 s=BANNER_CONNECTING pgs=0 cs=0 l=1 rev1=0 crypto rx=0 tx=0 comp rx=0 tx=0)._handle_peer_banner_payload supported=3 required=0
[2026-02-12 00:30:12,788][ceph_volume.process][INFO ] stderr
2026-02-12T00:30:12.691+0000 7f9e499f3640 1 --2- 10.20.193.163:0/2731268681 >> [v2:10.20.193.63:6800/3119037958,v1:10.20.193.63:6801/3119037958] conn(0x7f9e200aef10 0x7f9e200b13d0 secure :-1 s=READY pgs=52 cs=0 l=1 rev1=1 crypto rx=0x7f9e340046d0 tx=0x7f9e34004050 comp rx=0 tx=0).ready entity=mgr.14150 client_cookie=0 server_cookie=0 in_seq=0 out_seq=0
[2026-02-12 00:30:12,788][ceph_volume.process][INFO ] stderr
2026-02-12T00:30:12.692+0000 7f9e32ffd640 1 -- 10.20.193.163:0/2731268681 <== mon.2 v2:10.20.193.163:3300/0 6 ==== mon_command_ack([{"prefix": "get_command_descriptions"}]=0 v0) v1 ==== 72+0+186382 (secure 0 0 0) 0x7f9e400c6d40 con 0x7f9e44116e00
[2026-02-12 00:30:12,788][ceph_volume.process][INFO ] stderr
2026-02-12T00:30:12.776+0000 7f9e4bc7e640 1 -- 10.20.193.163:0/2731268681 --> [v2:10.20.193.163:3300/0,v1:10.20.193.163:6789/0] -- mon_command({"prefix": "osd new", "uuid": "445678f1-8872-45d2-957d-390fa5557bf9"} v 0) v1 -- 0x7f9e4411c950 con 0x7f9e44116e00
[2026-02-12 00:30:12,788][ceph_volume.process][INFO ] stderr
2026-02-12T00:30:12.779+0000 7f9e32ffd640 1 -- 10.20.193.163:0/2731268681 <== mon.2 v2:10.20.193.163:3300/0 7 ==== mon_command_ack([{"prefix": "osd new", "uuid": "445678f1-8872-45d2-957d-390fa5557bf9"}]=0 v6) v1 ==== 103+0+2 (secure 0 0 0) 0x7f9e40009d30 con 0x7f9e44116e00
[2026-02-12 00:30:12,788][ceph_volume.process][INFO ] stderr
2026-02-12T00:30:12.780+0000 7f9e4bc7e640 1 -- 10.20.193.163:0/2731268681 >> [v2:10.20.193.63:6800/3119037958,v1:10.20.193.63:6801/3119037958] conn(0x7f9e200aef10 msgr2=0x7f9e200b13d0 secure :-1 s=STATE_CONNECTION_ESTABLISHED l=1).mark_down
[2026-02-12 00:30:12,788][ceph_volume.process][INFO ] stderr
2026-02-12T00:30:12.780+0000 7f9e4bc7e640 1 --2- 10.20.193.163:0/2731268681 >> [v2:10.20.193.63:6800/3119037958,v1:10.20.193.63:6801/3119037958] conn(0x7f9e200aef10 0x7f9e200b13d0 secure :-1 s=READY pgs=52 cs=0 l=1 rev1=1 crypto rx=0x7f9e340046d0 tx=0x7f9e34004050 comp rx=0 tx=0).stop
[2026-02-12 00:30:12,788][ceph_volume.process][INFO ] stderr
2026-02-12T00:30:12.780+0000 7f9e4bc7e640 1 -- 10.20.193.163:0/2731268681 >> [v2:10.20.193.163:3300/0,v1:10.20.193.163:6789/0] conn(0x7f9e44116e00 msgr2=0x7f9e441a78e0 secure :-1 s=STATE_CONNECTION_ESTABLISHED l=1).mark_down
[2026-02-12 00:30:12,788][ceph_volume.process][INFO ] stderr
2026-02-12T00:30:12.780+0000 7f9e4bc7e640 1 --2- 10.20.193.163:0/2731268681 >> [v2:10.20.193.163:3300/0,v1:10.20.193.163:6789/0] conn(0x7f9e44116e00 0x7f9e441a78e0 secure :-1 s=READY pgs=11 cs=0 l=1 rev1=1 crypto rx=0x7f9e400062a0 tx=0x7f9e400078a0 comp rx=0 tx=0).stop
[2026-02-12 00:30:12,788][ceph_volume.process][INFO ] stderr
2026-02-12T00:30:12.780+0000 7f9e4bc7e640 1 -- 10.20.193.163:0/2731268681 shutdown_connections
[2026-02-12 00:30:12,788][ceph_volume.process][INFO ] stderr
2026-02-12T00:30:12.780+0000 7f9e4bc7e640 1 --2- 10.20.193.163:0/2731268681 >> [v2:10.20.193.63:6800/3119037958,v1:10.20.193.63:6801/3119037958] conn(0x7f9e200aef10 0x7f9e200b13d0 unknown :-1 s=CLOSED pgs=52 cs=0 l=1 rev1=1 crypto rx=0 tx=0 comp rx=0 tx=0).stop
[2026-02-12 00:30:12,788][ceph_volume.process][INFO ] stderr
2026-02-12T00:30:12.780+0000 7f9e4bc7e640 1 --2- 10.20.193.163:0/2731268681 >> [v2:10.20.193.163:3300/0,v1:10.20.193.163:6789/0] conn(0x7f9e44116e00 0x7f9e441a78e0 unknown :-1 s=CLOSED pgs=11 cs=0 l=1 rev1=1 crypto rx=0 tx=0 comp rx=0 tx=0).stop
[2026-02-12 00:30:12,788][ceph_volume.process][INFO ] stderr
2026-02-12T00:30:12.780+0000 7f9e4bc7e640 1 --2- 10.20.193.163:0/2731268681 >> [v2:10.20.193.63:3300/0,v1:10.20.193.63:6789/0] conn(0x7f9e44072990 0x7f9e441aab50 unknown :-1 s=CLOSED pgs=0 cs=0 l=1 rev1=1 crypto rx=0 tx=0 comp rx=0 tx=0).stop
[2026-02-12 00:30:12,788][ceph_volume.process][INFO ] stderr
2026-02-12T00:30:12.780+0000 7f9e4bc7e640 1 --2- 10.20.193.163:0/2731268681 >> [v2:10.20.193.182:3300/0,v1:10.20.193.182:6789/0] conn(0x7f9e44072070 0x7f9e441aa610 unknown :-1 s=CLOSED pgs=0 cs=0 l=1 rev1=1 crypto rx=0 tx=0 comp rx=0 tx=0).stop
[2026-02-12 00:30:12,788][ceph_volume.process][INFO ] stderr
2026-02-12T00:30:12.780+0000 7f9e4bc7e640 1 -- 10.20.193.163:0/2731268681 >> 10.20.193.163:0/2731268681 conn(0x7f9e4406db50 msgr2=0x7f9e44111710 unknown :-1 s=STATE_NONE l=0).mark_down
[2026-02-12 00:30:12,788][ceph_volume.process][INFO ] stderr
2026-02-12T00:30:12.780+0000 7f9e4bc7e640 1 -- 10.20.193.163:0/2731268681 shutdown_connections
[2026-02-12 00:30:12,788][ceph_volume.process][INFO ] stderr
2026-02-12T00:30:12.780+0000 7f9e4bc7e640 1 -- 10.20.193.163:0/2731268681 wait complete.
[2026-02-12 00:30:12,790][ceph_volume.util.system][INFO ] Executable lvs found on the host, will use /sbin/lvs
[2026-02-12 00:30:12,791][ceph_volume.process][INFO ] Running command: nsenter --mount=/rootfs/proc/1/ns/mnt --ipc=/rootfs/proc/1/ns/ipc --net=/rootfs/proc/1/ns/net --uts=/rootfs/proc/1/ns/uts /sbin/lvs --noheadings --readonly --separator=";" -a --units=b --nosuffix -S lv_name=lv_4,vg_name=vg_nvme -o lv_tags,lv_path,lv_name,vg_name,lv_uuid,lv_size
[2026-02-12 00:30:12,817][ceph_volume.process][INFO ] stdout ";"/dev/vg_nvme/lv_4";"lv_4";"vg_nvme";"MRdbj7-Ewer-zt9K-KeeE-MAmM-1iZ1-euTDYO";"751619276800
[2026-02-12 00:30:12,820][ceph_volume.util.system][INFO ] Executable lvchange found on the host, will use /sbin/lvchange
[2026-02-12 00:30:12,820][ceph_volume.process][INFO ] Running command: nsenter --mount=/rootfs/proc/1/ns/mnt --ipc=/rootfs/proc/1/ns/ipc --net=/rootfs/proc/1/ns/net --uts=/rootfs/proc/1/ns/uts /sbin/lvchange --addtag ceph.osd_fsid=445678f1-8872-45d2-957d-390fa5557bf9 --addtag ceph.osd_id=1 --addtag ceph.cluster_fsid=d652ab1e-07a9-11f1-bda7-d404e6e7d460 --addtag ceph.cluster_name=ceph --addtag ceph.crush_device_class= --addtag ceph.osdspec_affinity=None --addtag ceph.block_device=/dev/vg_nvme/lv_4 --addtag ceph.block_uuid=MRdbj7-Ewer-zt9K-KeeE-MAmM-1iZ1-euTDYO --addtag ceph.cephx_lockbox_secret= --addtag ceph.encrypted=0 --addtag ceph.vdo=0 --addtag ceph.type=block /dev/vg_nvme/lv_4
[2026-02-12 00:30:12,858][ceph_volume.process][INFO ] stdout Logical volume vg_nvme/lv_4 changed.
[2026-02-12 00:30:12,858][ceph_volume.process][INFO ] Running command: /usr/bin/ceph-authtool --gen-print-key
[2026-02-12 00:30:12,869][ceph_volume.process][INFO ] Running command: /usr/bin/mount -t tmpfs tmpfs /var/lib/ceph/osd/ceph-1
[2026-02-12 00:30:12,871][ceph_volume.util.system][INFO ] CEPH_VOLUME_SKIP_RESTORECON environ is set, will not call restorecon
[2026-02-12 00:30:12,872][ceph_volume.process][INFO ] Running command: /usr/bin/chown -h ceph:ceph /dev/vg_nvme/lv_4
[2026-02-12 00:30:12,874][ceph_volume.process][INFO ] Running command: /usr/bin/chown -R ceph:ceph /dev/dm-3
[2026-02-12 00:30:12,876][ceph_volume.process][INFO ] Running command: /usr/bin/ln -s /dev/vg_nvme/lv_4 /var/lib/ceph/osd/ceph-1/block
[2026-02-12 00:30:12,878][ceph_volume.process][INFO ] Running command: /usr/bin/ceph --cluster ceph --name client.bootstrap-osd --keyring /var/lib/ceph/bootstrap-osd/ceph.keyring mon getmap -o /var/lib/ceph/osd/ceph-1/activate.monmap
[2026-02-12 00:30:12,922][ceph_volume.process][INFO ] stderr
2026-02-12T00:30:12.921+0000 7f616f80c640 1 -- 10.20.193.163:0/3665040786 >> [v2:10.20.193.163:3300/0,v1:10.20.193.163:6789/0] conn(0x7f6168072990 msgr2=0x7f6168116740 secure :-1 s=STATE_CONNECTION_ESTABLISHED l=1).mark_down
2026-02-12T00:30:12.921+0000 7f616f80c640 1 --2- 10.20.193.163:0/3665040786 >> [v2:10.20.193.163:3300/0,v1:10.20.193.163:6789/0] conn(0x7f6168072990 0x7f6168116740 secure :-1 s=READY pgs=12 cs=0 l=1 rev1=1 crypto rx=0x7f6158005c90 tx=0x7f615c02f1e0 comp rx=0 tx=0).stop
2026-02-12T00:30:12.921+0000 7f616f80c640 1 -- 10.20.193.163:0/3665040786 shutdown_connections
2026-02-12T00:30:12.921+0000 7f616f80c640 1 --2- 10.20.193.163:0/3665040786 >> [v2:10.20.193.63:3300/0,v1:10.20.193.63:6789/0] conn(0x7f6168116e00 0x7f61681192c0 unknown :-1 s=CLOSED pgs=0 cs=0 l=0 rev1=1 crypto rx=0 tx=0 comp rx=0 tx=0).stop
[2026-02-12 00:30:12,922][ceph_volume.process][INFO ] stderr
2026-02-12T00:30:12.921+0000 7f616f80c640 1 --2- 10.20.193.163:0/3665040786 >> [v2:10.20.193.163:3300/0,v1:10.20.193.163:6789/0] conn(0x7f6168072990 0x7f6168116740 unknown :-1 s=CLOSED pgs=12 cs=0 l=1 rev1=1 crypto rx=0 tx=0 comp rx=0 tx=0).stop
2026-02-12T00:30:12.921+0000 7f616f80c640 1 --2- 10.20.193.163:0/3665040786 >> [v2:10.20.193.182:3300/0,v1:10.20.193.182:6789/0] conn(0x7f6168072070 0x7f6168072450 unknown :-1 s=CLOSED pgs=0 cs=0 l=0 rev1=1 crypto rx=0 tx=0 comp rx=0 tx=0).stop
2026-02-12T00:30:12.921+0000 7f616f80c640 1 -- 10.20.193.163:0/3665040786 >> 10.20.193.163:0/3665040786 conn(0x7f616806db10 msgr2=0x7f616806ff30 unknown :-1 s=STATE_NONE l=0).mark_down
2026-02-12T00:30:12.921+0000 7f616f80c640 1 -- 10.20.193.163:0/3665040786 shutdown_connections
2026-02-12T00:30:12.921+0000 7f616f80c640 1 -- 10.20.193.163:0/3665040786 wait complete.
[2026-02-12 00:30:12,922][ceph_volume.process][INFO ] stderr
2026-02-12T00:30:12.921+0000 7f616f80c640 1 Processor -- start
[2026-02-12 00:30:12,922][ceph_volume.process][INFO ] stderr
2026-02-12T00:30:12.921+0000 7f616f80c640 1 -- start start
[2026-02-12 00:30:12,922][ceph_volume.process][INFO ] stderr
2026-02-12T00:30:12.921+0000 7f616f80c640 1 --2- >> [v2:10.20.193.182:3300/0,v1:10.20.193.182:6789/0] conn(0x7f6168072070 0x7f61681aa710 unknown :-1 s=NONE pgs=0 cs=0 l=1 rev1=0 crypto rx=0 tx=0 comp rx=0 tx=0).connect
2026-02-12T00:30:12.921+0000 7f616f80c640 1 --2- >> [v2:10.20.193.63:3300/0,v1:10.20.193.63:6789/0] conn(0x7f6168072990 0x7f61681aac50 unknown :-1 s=NONE pgs=0 cs=0 l=1 rev1=0 crypto rx=0 tx=0 comp rx=0 tx=0).connect
[2026-02-12 00:30:12,922][ceph_volume.process][INFO ] stderr
2026-02-12T00:30:12.921+0000 7f616f80c640 1 --2- >> [v2:10.20.193.163:3300/0,v1:10.20.193.163:6789/0] conn(0x7f6168116e00 0x7f61681a79e0 unknown :-1 s=NONE pgs=0 cs=0 l=1 rev1=0 crypto rx=0 tx=0 comp rx=0 tx=0).connect
2026-02-12T00:30:12.921+0000 7f616f80c640 1 -- --> [v2:10.20.193.63:3300/0,v1:10.20.193.63:6789/0] -- mon_getmap magic: 0 v1 -- 0x7f61681a8170 con 0x7f6168072990
2026-02-12T00:30:12.921+0000 7f616f80c640 1 -- --> [v2:10.20.193.163:3300/0,v1:10.20.193.163:6789/0] -- mon_getmap magic: 0 v1 -- 0x7f61681a82e0 con 0x7f6168116e00
2026-02-12T00:30:12.921+0000 7f616f80c640 1 -- --> [v2:10.20.193.182:3300/0,v1:10.20.193.182:6789/0] -- mon_getmap magic: 0 v1 -- 0x7f61681a84a0 con 0x7f6168072070
[2026-02-12 00:30:12,922][ceph_volume.process][INFO ] stderr
2026-02-12T00:30:12.921+0000 7f616dd82640 1 --2- >> [v2:10.20.193.163:3300/0,v1:10.20.193.163:6789/0] conn(0x7f6168116e00 0x7f61681a79e0 unknown :-1 s=BANNER_CONNECTING pgs=0 cs=0 l=1 rev1=0 crypto rx=0 tx=0 comp rx=0 tx=0)._handle_peer_banner_payload supported=3 required=0
[2026-02-12 00:30:12,922][ceph_volume.process][INFO ] stderr
2026-02-12T00:30:12.921+0000 7f616dd82640 1 --2- >> [v2:10.20.193.163:3300/0,v1:10.20.193.163:6789/0] conn(0x7f6168116e00 0x7f61681a79e0 unknown :-1 s=HELLO_CONNECTING pgs=0 cs=0 l=1 rev1=1 crypto rx=0 tx=0 comp rx=0 tx=0).handle_hello peer v2:10.20.193.163:3300/0 says I am v2:10.20.193.163:50822/0 (socket says 10.20.193.163:50822)
2026-02-12T00:30:12.921+0000 7f616dd82640 1 -- 10.20.193.163:0/3595382772 learned_addr learned my addr 10.20.193.163:0/3595382772 (peer_addr_for_me v2:10.20.193.163:0/0)
[2026-02-12 00:30:12,922][ceph_volume.process][INFO ] stderr
2026-02-12T00:30:12.921+0000 7f616d581640 1 --2- 10.20.193.163:0/3595382772 >> [v2:10.20.193.182:3300/0,v1:10.20.193.182:6789/0] conn(0x7f6168072070 0x7f61681aa710 unknown :-1 s=BANNER_CONNECTING pgs=0 cs=0 l=1 rev1=0 crypto rx=0 tx=0 comp rx=0 tx=0)._handle_peer_banner_payload supported=3 required=0
2026-02-12T00:30:12.921+0000 7f616cd80640 1 --2- 10.20.193.163:0/3595382772 >> [v2:10.20.193.63:3300/0,v1:10.20.193.63:6789/0] conn(0x7f6168072990 0x7f61681aac50 unknown :-1 s=BANNER_CONNECTING pgs=0 cs=0 l=1 rev1=0 crypto rx=0 tx=0 comp rx=0 tx=0)._handle_peer_banner_payload supported=3 required=0
[2026-02-12 00:30:12,922][ceph_volume.process][INFO ] stderr
2026-02-12T00:30:12.921+0000 7f616dd82640 1 -- 10.20.193.163:0/3595382772 >> [v2:10.20.193.182:3300/0,v1:10.20.193.182:6789/0] conn(0x7f6168072070 msgr2=0x7f61681aa710 unknown :-1 s=STATE_CONNECTION_ESTABLISHED l=1).mark_down
2026-02-12T00:30:12.921+0000 7f616dd82640 1 --2- 10.20.193.163:0/3595382772 >> [v2:10.20.193.182:3300/0,v1:10.20.193.182:6789/0] conn(0x7f6168072070 0x7f61681aa710 unknown :-1 s=AUTH_CONNECTING pgs=0 cs=0 l=1 rev1=1 crypto rx=0 tx=0 comp rx=0 tx=0).stop
2026-02-12T00:30:12.921+0000 7f616dd82640 1 -- 10.20.193.163:0/3595382772 >> [v2:10.20.193.63:3300/0,v1:10.20.193.63:6789/0] conn(0x7f6168072990 msgr2=0x7f61681aac50 unknown :-1 s=STATE_CONNECTION_ESTABLISHED l=1).mark_down
2026-02-12T00:30:12.921+0000 7f616dd82640 1 --2- 10.20.193.163:0/3595382772 >> [v2:10.20.193.63:3300/0,v1:10.20.193.63:6789/0] conn(0x7f6168072990 0x7f61681aac50 unknown :-1 s=AUTH_CONNECTING pgs=0 cs=0 l=1 rev1=1 crypto rx=0 tx=0 comp rx=0 tx=0).stop
[2026-02-12 00:30:12,923][ceph_volume.process][INFO ] stderr
2026-02-12T00:30:12.921+0000 7f616dd82640 1 -- 10.20.193.163:0/3595382772 --> [v2:10.20.193.163:3300/0,v1:10.20.193.163:6789/0] -- mon_subscribe({config=0+,monmap=0+}) v3 -- 0x7f61681a8660 con 0x7f6168116e00
[2026-02-12 00:30:12,923][ceph_volume.process][INFO ] stderr
2026-02-12T00:30:12.922+0000 7f616dd82640 1 --2- 10.20.193.163:0/3595382772 >> [v2:10.20.193.163:3300/0,v1:10.20.193.163:6789/0] conn(0x7f6168116e00 0x7f61681a79e0 secure :-1 s=READY pgs=13 cs=0 l=1 rev1=1 crypto rx=0x7f61681116a0 tx=0x7f6164007f90 comp rx=0 tx=0).ready entity=mon.2 client_cookie=0 server_cookie=0 in_seq=0 out_seq=0
[2026-02-12 00:30:12,923][ceph_volume.process][INFO ] stderr
2026-02-12T00:30:12.922+0000 7f61567fc640 1 -- 10.20.193.163:0/3595382772 <== mon.2 v2:10.20.193.163:3300/0 1 ==== mon_map magic: 0 v1 ==== 413+0+0 (secure 0 0 0) 0x7f6164002a60 con 0x7f6168116e00
[2026-02-12 00:30:12,923][ceph_volume.process][INFO ] stderr
2026-02-12T00:30:12.922+0000 7f61567fc640 1 -- 10.20.193.163:0/3595382772 <== mon.2 v2:10.20.193.163:3300/0 2 ==== config(26 keys) v1 ==== 1074+0+0 (secure 0 0 0) 0x7f616400f040 con 0x7f6168116e00
2026-02-12T00:30:12.922+0000 7f616f80c640 1 -- 10.20.193.163:0/3595382772 --> [v2:10.20.193.163:3300/0,v1:10.20.193.163:6789/0] -- mon_subscribe({mgrmap=0+}) v3 -- 0x7f61681b1490 con 0x7f6168116e00
[2026-02-12 00:30:12,923][ceph_volume.process][INFO ] stderr
2026-02-12T00:30:12.922+0000 7f61567fc640 1 -- 10.20.193.163:0/3595382772 <== mon.2 v2:10.20.193.163:3300/0 3 ==== mon_map magic: 0 v1 ==== 413+0+0 (secure 0 0 0) 0x7f6164013650 con 0x7f6168116e00
[2026-02-12 00:30:12,923][ceph_volume.process][INFO ] stderr
2026-02-12T00:30:12.922+0000 7f616f80c640 1 -- 10.20.193.163:0/3595382772 --> [v2:10.20.193.163:3300/0,v1:10.20.193.163:6789/0] -- mon_subscribe({osdmap=0}) v3 -- 0x7f61681b18b0 con 0x7f6168116e00
[2026-02-12 00:30:12,923][ceph_volume.process][INFO ] stderr
2026-02-12T00:30:12.922+0000 7f616f80c640 1 -- 10.20.193.163:0/3595382772 --> [v2:10.20.193.163:3300/0,v1:10.20.193.163:6789/0] -- mon_command({"prefix": "get_command_descriptions"} v 0) v1 -- 0x7f6168072450 con 0x7f6168116e00
[2026-02-12 00:30:12,924][ceph_volume.process][INFO ] stderr
2026-02-12T00:30:12.923+0000 7f61567fc640 1 -- 10.20.193.163:0/3595382772 <== mon.2 v2:10.20.193.163:3300/0 4 ==== mgrmap(e 14) v1 ==== 147266+0+0 (secure 0 0 0) 0x7f6164004090 con 0x7f6168116e00
[2026-02-12 00:30:12,925][ceph_volume.process][INFO ] stderr
2026-02-12T00:30:12.924+0000 7f61567fc640 1 --2- 10.20.193.163:0/3595382772 >> [v2:10.20.193.63:6800/3119037958,v1:10.20.193.63:6801/3119037958] conn(0x7f61440aef90 0x7f61440b1450 unknown :-1 s=NONE pgs=0 cs=0 l=1 rev1=0 crypto rx=0 tx=0 comp rx=0 tx=0).connect
[2026-02-12 00:30:12,925][ceph_volume.process][INFO ] stderr
2026-02-12T00:30:12.924+0000 7f61567fc640 1 -- 10.20.193.163:0/3595382772 <== mon.2 v2:10.20.193.163:3300/0 5 ==== osd_map(6..6 src has 1..6) v4 ==== 1385+0+0 (secure 0 0 0) 0x7f61640dbcd0 con 0x7f6168116e00
[2026-02-12 00:30:12,925][ceph_volume.process][INFO ] stderr
2026-02-12T00:30:12.924+0000 7f616d581640 1 --2- 10.20.193.163:0/3595382772 >> [v2:10.20.193.63:6800/3119037958,v1:10.20.193.63:6801/3119037958] conn(0x7f61440aef90 0x7f61440b1450 unknown :-1 s=BANNER_CONNECTING pgs=0 cs=0 l=1 rev1=0 crypto rx=0 tx=0 comp rx=0 tx=0)._handle_peer_banner_payload supported=3 required=0
[2026-02-12 00:30:12,926][ceph_volume.process][INFO ] stderr
2026-02-12T00:30:12.925+0000 7f616d581640 1 --2- 10.20.193.163:0/3595382772 >> [v2:10.20.193.63:6800/3119037958,v1:10.20.193.63:6801/3119037958] conn(0x7f61440aef90 0x7f61440b1450 secure :-1 s=READY pgs=53 cs=0 l=1 rev1=1 crypto rx=0x7f61580059c0 tx=0x7f6158005950 comp rx=0 tx=0).ready entity=mgr.14150 client_cookie=0 server_cookie=0 in_seq=0 out_seq=0
[2026-02-12 00:30:12,926][ceph_volume.process][INFO ] stderr
2026-02-12T00:30:12.925+0000 7f61567fc640 1 -- 10.20.193.163:0/3595382772 <== mon.2 v2:10.20.193.163:3300/0 6 ==== mon_command_ack([{"prefix": "get_command_descriptions"}]=0 v0) v1 ==== 72+0+186382 (secure 0 0 0) 0x7f61640a23a0 con 0x7f6168116e00
[2026-02-12 00:30:13,038][ceph_volume.process][INFO ] stderr
2026-02-12T00:30:13.036+0000 7f616f80c640 1 -- 10.20.193.163:0/3595382772 --> [v2:10.20.193.163:3300/0,v1:10.20.193.163:6789/0] -- mon_command({"prefix": "mon getmap"} v 0) v1 -- 0x7f61681a8fc0 con 0x7f6168116e00
[2026-02-12 00:30:13,038][ceph_volume.process][INFO ] stderr
2026-02-12T00:30:13.037+0000 7f61567fc640 1 -- 10.20.193.163:0/3595382772 <== mon.2 v2:10.20.193.163:3300/0 7 ==== mon_command_ack([{"prefix": "mon getmap"}]=0 got monmap epoch 3 v3) v1 ==== 76+0+409 (secure 0 0 0) 0x7f61640a5bb0 con 0x7f6168116e00
[2026-02-12 00:30:13,038][ceph_volume.process][INFO ] stderr got monmap epoch 3
[2026-02-12 00:30:13,039][ceph_volume.process][INFO ] stderr
2026-02-12T00:30:13.038+0000 7f616f80c640 1 -- 10.20.193.163:0/3595382772 >> [v2:10.20.193.63:6800/3119037958,v1:10.20.193.63:6801/3119037958] conn(0x7f61440aef90 msgr2=0x7f61440b1450 secure :-1 s=STATE_CONNECTION_ESTABLISHED l=1).mark_down
2026-02-12T00:30:13.038+0000 7f616f80c640 1 --2- 10.20.193.163:0/3595382772 >> [v2:10.20.193.63:6800/3119037958,v1:10.20.193.63:6801/3119037958] conn(0x7f61440aef90 0x7f61440b1450 secure :-1 s=READY pgs=53 cs=0 l=1 rev1=1 crypto rx=0x7f61580059c0 tx=0x7f6158005950 comp rx=0 tx=0).stop
2026-02-12T00:30:13.038+0000 7f616f80c640 1 -- 10.20.193.163:0/3595382772 >> [v2:10.20.193.163:3300/0,v1:10.20.193.163:6789/0] conn(0x7f6168116e00 msgr2=0x7f61681a79e0 secure :-1 s=STATE_CONNECTION_ESTABLISHED l=1).mark_down
2026-02-12T00:30:13.038+0000 7f616f80c640 1 --2- 10.20.193.163:0/3595382772 >> [v2:10.20.193.163:3300/0,v1:10.20.193.163:6789/0] conn(0x7f6168116e00 0x7f61681a79e0 secure :-1 s=READY pgs=13 cs=0 l=1 rev1=1 crypto rx=0x7f61681116a0 tx=0x7f6164007f90 comp rx=0 tx=0).sto
[2026-02-12 00:30:13,039][ceph_volume.process][INFO ] stderr p
2026-02-12T00:30:13.038+0000 7f616f80c640 1 -- 10.20.193.163:0/3595382772 shutdown_connections
2026-02-12T00:30:13.038+0000 7f616f80c640 1 --2- 10.20.193.163:0/3595382772 >> [v2:10.20.193.63:6800/3119037958,v1:10.20.193.63:6801/3119037958] conn(0x7f61440aef90 0x7f61440b1450 unknown :-1 s=CLOSED pgs=53 cs=0 l=1 rev1=1 crypto rx=0 tx=0 comp rx=0 tx=0).stop
2026-02-12T00:30:13.038+0000 7f616f80c640 1 --2- 10.20.193.163:0/3595382772 >> [v2:10.20.193.163:3300/0,v1:10.20.193.163:6789/0] conn(0x7f6168116e00 0x7f61681a79e0 unknown :-1 s=CLOSED pgs=13 cs=0 l=1 rev1=1 crypto rx=0 tx=0 comp rx=0 tx=0).stop
2026-02-12T00:30:13.038+0000 7f616f80c640 1 --2- 10.20.193.163:0/3595382772 >> [v2:10.20.193.63:3300/0,v1:10.20.193.63:6789/0] conn(0x7f6168072990 0x7f61681aac50 unknown :-1 s=CLOSED pgs=0 cs=0 l=1 rev1=1 crypto rx=0 tx=0 comp rx=0 tx=0).stop
2026-02-12T00:30:13.038+0000 7f616f80c640 1 --2- 10.20.193.163:0/3595382772 >> [v2:10.20.193.182:3300/0,v1:10.20.193.182:6789/0] conn(0x7f6168072070 0x7f61681aa710 unknow
[2026-02-12 00:30:13,039][ceph_volume.process][INFO ] stderr n :-1 s=CLOSED pgs=0 cs=0 l=1 rev1=1 crypto rx=0 tx=0 comp rx=0 tx=0).stop
2026-02-12T00:30:13.038+0000 7f616f80c640 1 -- 10.20.193.163:0/3595382772 >> 10.20.193.163:0/3595382772 conn(0x7f616806db10 msgr2=0x7f6168111710 unknown :-1 s=STATE_NONE l=0).mark_down
[2026-02-12 00:30:13,039][ceph_volume.process][INFO ] stderr
2026-02-12T00:30:13.038+0000 7f616f80c640 1 -- 10.20.193.163:0/3595382772 shutdown_connections
[2026-02-12 00:30:13,039][ceph_volume.process][INFO ] stderr
2026-02-12T00:30:13.038+0000 7f616f80c640 1 -- 10.20.193.163:0/3595382772 wait complete.
[2026-02-12 00:30:13,046][ceph_volume.util.prepare][INFO ] Creating keyring file for osd.1
[2026-02-12 00:30:13,046][ceph_volume.process][INFO ] Running command: /usr/bin/ceph-authtool /var/lib/ceph/osd/ceph-1/keyring --create-keyring --name osd.1 --add-key AQAUH41pVN54JhAAcUFZwaTEni/v8UbESa6bhg==
[2026-02-12 00:30:13,058][ceph_volume.process][INFO ] Running command: /usr/bin/chown -R ceph:ceph /var/lib/ceph/osd/ceph-1/keyring
[2026-02-12 00:30:13,060][ceph_volume.process][INFO ] Running command: /usr/bin/chown -R ceph:ceph /var/lib/ceph/osd/ceph-1/
[2026-02-12 00:30:13,062][ceph_volume.process][INFO ] Running command: /usr/bin/ceph-osd --cluster ceph --osd-objectstore bluestore --mkfs -i 1 --monmap /var/lib/ceph/osd/ceph-1/activate.monmap --keyfile - --osdspec-affinity None --osd-data /var/lib/ceph/osd/ceph-1/ --osd-uuid 445678f1-8872-45d2-957d-390fa5557bf9 --setuser ceph --setgroup ceph
[2026-02-12 00:30:16,173][ceph_volume.process][INFO ] stderr
2026-02-12T00:30:13.081+0000 7f1f46ba0740 -1 bluestore(/var/lib/ceph/osd/ceph-1/) _read_fsid unparsable uuid
[2026-02-12 00:30:16,176][ceph_volume.util.system][INFO ] Executable lvs found on the host, will use /sbin/lvs
[2026-02-12 00:30:16,177][ceph_volume.process][INFO ] Running command: nsenter --mount=/rootfs/proc/1/ns/mnt --ipc=/rootfs/proc/1/ns/ipc --net=/rootfs/proc/1/ns/net --uts=/rootfs/proc/1/ns/uts /sbin/lvs --noheadings --readonly --separator=";" -a --units=b --nosuffix -S tags={ceph.osd_fsid=445678f1-8872-45d2-957d-390fa5557bf9} -o lv_tags,lv_path,lv_name,vg_name,lv_uuid,lv_size
[2026-02-12 00:30:16,209][ceph_volume.process][INFO ] stdout ceph.block_device=/dev/vg_nvme/lv_4,ceph.block_uuid=MRdbj7-Ewer-zt9K-KeeE-MAmM-1iZ1-euTDYO,ceph.cephx_lockbox_secret=,ceph.cluster_fsid=d652ab1e-07a9-11f1-bda7-d404e6e7d460,ceph.cluster_name=ceph,ceph.crush_device_class=,ceph.encrypted=0,ceph.osd_fsid=445678f1-8872-45d2-957d-390fa5557bf9,ceph.osd_id=1,ceph.osdspec_affinity=None,ceph.type=block,ceph.vdo=0";"/dev/vg_nvme/lv_4";"lv_4";"vg_nvme";"MRdbj7-Ewer-zt9K-KeeE-MAmM-1iZ1-euTDYO";"751619276800
[2026-02-12 00:30:16,216][ceph_volume.devices.lvm.activate][DEBUG ] Found block device (lv_4) with encryption: False
[2026-02-12 00:30:16,216][ceph_volume.devices.lvm.activate][DEBUG ] Found block device (lv_4) with encryption: False
[2026-02-12 00:30:16,216][ceph_volume.process][INFO ] Running command: /usr/bin/chown -R ceph:ceph /var/lib/ceph/osd/ceph-1
[2026-02-12 00:30:16,219][ceph_volume.process][INFO ] Running command: /usr/bin/ceph-bluestore-tool --cluster=ceph prime-osd-dir --dev /dev/vg_nvme/lv_4 --path /var/lib/ceph/osd/ceph-1 --no-mon-config
[2026-02-12 00:30:16,233][ceph_volume.process][INFO ] Running command: /usr/bin/ln -snf /dev/vg_nvme/lv_4 /var/lib/ceph/osd/ceph-1/block
[2026-02-12 00:30:16,235][ceph_volume.process][INFO ] Running command: /usr/bin/chown -h ceph:ceph /var/lib/ceph/osd/ceph-1/block
[2026-02-12 00:30:16,237][ceph_volume.process][INFO ] Running command: /usr/bin/chown -R ceph:ceph /dev/dm-3
[2026-02-12 00:30:16,239][ceph_volume.process][INFO ] Running command: /usr/bin/chown -R ceph:ceph /var/lib/ceph/osd/ceph-1
[2026-02-12 00:30:16,711][ceph_volume.main][INFO ] Running command: ceph-volume lvm list --format json
[2026-02-12 00:30:16,715][ceph_volume.util.system][INFO ] Executable lvs found on the host, will use /sbin/lvs
[2026-02-12 00:30:16,715][ceph_volume.process][INFO ] Running command: nsenter --mount=/rootfs/proc/1/ns/mnt --ipc=/rootfs/proc/1/ns/ipc --net=/rootfs/proc/1/ns/net --uts=/rootfs/proc/1/ns/uts /sbin/lvs --noheadings --readonly --separator=";" -a --units=b --nosuffix -S -o lv_tags,lv_path,lv_name,vg_name,lv_uuid,lv_size
[2026-02-12 00:30:16,743][ceph_volume.process][INFO ] stdout ";"/dev/vg_nvme/lv_1";"lv_1";"vg_nvme";"9a4F2u-i9vL-zSb4-GK3z-TbKy-NFFa-KtKPRl";"751619276800
[2026-02-12 00:30:16,743][ceph_volume.process][INFO ] stdout ";"/dev/vg_nvme/lv_2";"lv_2";"vg_nvme";"AY3RHD-r6yY-31VE-7fVW-1PoG-AcwY-2a97NT";"751619276800
[2026-02-12 00:30:16,743][ceph_volume.process][INFO ] stdout ";"/dev/vg_nvme/lv_3";"lv_3";"vg_nvme";"uj8hzr-HNJF-n5ea-lSqb-YBXd-rmpP-pQRO50";"751619276800
[2026-02-12 00:30:16,743][ceph_volume.process][INFO ] stdout ceph.block_device=/dev/vg_nvme/lv_4,ceph.block_uuid=MRdbj7-Ewer-zt9K-KeeE-MAmM-1iZ1-euTDYO,ceph.cephx_lockbox_secret=,ceph.cluster_fsid=d652ab1e-07a9-11f1-bda7-d404e6e7d460,ceph.cluster_name=ceph,ceph.crush_device_class=,ceph.encrypted=0,ceph.osd_fsid=445678f1-8872-45d2-957d-390fa5557bf9,ceph.osd_id=1,ceph.osdspec_affinity=None,ceph.type=block,ceph.vdo=0";"/dev/vg_nvme/lv_4";"lv_4";"vg_nvme";"MRdbj7-Ewer-zt9K-KeeE-MAmM-1iZ1-euTDYO";"751619276800
[2026-02-12 00:30:16,743][ceph_volume.process][INFO ] stdout ";"/dev/vg_nvme/lv_5";"lv_5";"vg_nvme";"gt2eN7-cdMU-Hd1D-xGQW-0IrP-80KK-VB5lB1";"107374182400
[2026-02-12 00:30:16,746][ceph_volume.util.system][INFO ] Executable pvs found on the host, will use /sbin/pvs
[2026-02-12 00:30:16,746][ceph_volume.process][INFO ] Running command: nsenter --mount=/rootfs/proc/1/ns/mnt --ipc=/rootfs/proc/1/ns/ipc --net=/rootfs/proc/1/ns/net --uts=/rootfs/proc/1/ns/uts /sbin/pvs --noheadings --readonly --separator=";" -S -o pv_name,pv_tags,pv_uuid,vg_name,lv_uuid
[2026-02-12 00:30:16,777][ceph_volume.process][INFO ] stdout /dev/nvme0n1";"";"odhvul-lURL-LKEl-DWdf-k3qW-27iK-e4m3RZ";"vg_nvme";"9a4F2u-i9vL-zSb4-GK3z-TbKy-NFFa-KtKPRl
[2026-02-12 00:30:16,778][ceph_volume.process][INFO ] stdout /dev/nvme0n1";"";"odhvul-lURL-LKEl-DWdf-k3qW-27iK-e4m3RZ";"vg_nvme";"AY3RHD-r6yY-31VE-7fVW-1PoG-AcwY-2a97NT
[2026-02-12 00:30:16,778][ceph_volume.process][INFO ] stdout /dev/nvme0n1";"";"odhvul-lURL-LKEl-DWdf-k3qW-27iK-e4m3RZ";"vg_nvme";"gt2eN7-cdMU-Hd1D-xGQW-0IrP-80KK-VB5lB1
[2026-02-12 00:30:16,778][ceph_volume.process][INFO ] stdout /dev/nvme0n1";"";"odhvul-lURL-LKEl-DWdf-k3qW-27iK-e4m3RZ";"vg_nvme";"
[2026-02-12 00:30:16,778][ceph_volume.process][INFO ] stdout /dev/nvme2n1";"";"xF32Qz-d0Jw-Xhzj-SA2s-wuHX-g4Nw-YNxVFF";"vg_nvme";"uj8hzr-HNJF-n5ea-lSqb-YBXd-rmpP-pQRO50
[2026-02-12 00:30:16,778][ceph_volume.process][INFO ] stdout /dev/nvme2n1";"";"xF32Qz-d0Jw-Xhzj-SA2s-wuHX-g4Nw-YNxVFF";"vg_nvme";"MRdbj7-Ewer-zt9K-KeeE-MAmM-1iZ1-euTDYO
[2026-02-12 00:30:16,778][ceph_volume.process][INFO ] stdout /dev/nvme2n1";"";"xF32Qz-d0Jw-Xhzj-SA2s-wuHX-g4Nw-YNxVFF";"vg_nvme";"
[2026-02-12 00:30:16,778][ceph_volume.api.lvm][WARNING] device is not part of ceph:
[2026-02-12 00:30:16,778][ceph_volume.api.lvm][WARNING] device is not part of ceph:
[2026-02-12 00:30:16,778][ceph_volume.api.lvm][WARNING] device is not part of ceph:
[2026-02-12 00:30:16,778][ceph_volume.api.lvm][WARNING] device is not part of ceph:
[2026-02-12 00:30:17,236][ceph_volume.main][INFO ] Running command: ceph-volume activate --bad-option
[2026-02-12 00:30:17,768][ceph_volume.main][INFO ] Running command: ceph-volume activate --osd-id 1 --osd-uuid 445678f1-8872-45d2-957d-390fa5557bf9 --no-systemd --no-tmpfs
[2026-02-12 00:30:17,768][ceph_volume.devices.raw.list][DEBUG ] Listing block devices via lsblk...
[2026-02-12 00:30:17,768][ceph_volume.process][INFO ] Running command: /usr/bin/lsblk -P -p -o NAME,KNAME,PKNAME,MAJ:MIN,FSTYPE,MOUNTPOINT,LABEL,UUID,RO,RM,MODEL,SIZE,STATE,OWNER,GROUP,MODE,ALIGNMENT,PHY-SEC,LOG-SEC,ROTA,SCHED,TYPE,DISC-ALN,DISC-GRAN,DISC-MAX,DISC-ZERO,PKNAME,PARTLABEL
[2026-02-12 00:30:17,774][ceph_volume.process][INFO ] stdout NAME="/dev/nvme1n1" KNAME="/dev/nvme1n1" PKNAME="" MAJ_MIN="259:0" FSTYPE="" MOUNTPOINT="" LABEL="" UUID="" RO="0" RM="0" MODEL="Micron_7450_MTFDKBA960TFR" SIZE="894.3G" STATE="live" OWNER="root" GROUP="disk" MODE="brw-rw----" ALIGNMENT="0" PHY_SEC="4096" LOG_SEC="512" ROTA="0" SCHED="none" TYPE="disk" DISC_ALN="0" DISC_GRAN="4K" DISC_MAX="2T" DISC_ZERO="0" PKNAME="" PARTLABEL=""
[2026-02-12 00:30:17,775][ceph_volume.process][INFO ] stdout NAME="/dev/nvme1n1p1" KNAME="/dev/nvme1n1p1" PKNAME="/dev/nvme1n1" MAJ_MIN="259:2" FSTYPE="vfat" MOUNTPOINT="/rootfs/boot/efi" LABEL="efi" UUID="8F1A-A3A9" RO="0" RM="0" MODEL="" SIZE="512M" STATE="" OWNER="root" GROUP="disk" MODE="brw-rw----" ALIGNMENT="0" PHY_SEC="4096" LOG_SEC="512" ROTA="0" SCHED="none" TYPE="part" DISC_ALN="0" DISC_GRAN="4K" DISC_MAX="2T" DISC_ZERO="0" PKNAME="/dev/nvme1n1" PARTLABEL=""
[2026-02-12 00:30:17,775][ceph_volume.process][INFO ] stdout NAME="/dev/nvme1n1p2" KNAME="/dev/nvme1n1p2" PKNAME="/dev/nvme1n1" MAJ_MIN="259:3" FSTYPE="ext4" MOUNTPOINT="/rootfs" LABEL="root" UUID="dd550503-fc1d-4353-869e-16e2f042aa08" RO="0" RM="0" MODEL="" SIZE="893.8G" STATE="" OWNER="root" GROUP="disk" MODE="brw-rw----" ALIGNMENT="0" PHY_SEC="4096" LOG_SEC="512" ROTA="0" SCHED="none" TYPE="part" DISC_ALN="0" DISC_GRAN="4K" DISC_MAX="2T" DISC_ZERO="0" PKNAME="/dev/nvme1n1" PARTLABEL=""
[2026-02-12 00:30:17,775][ceph_volume.process][INFO ] stdout NAME="/dev/nvme0n1" KNAME="/dev/nvme0n1" PKNAME="" MAJ_MIN="259:1" FSTYPE="LVM2_member" MOUNTPOINT="" LABEL="" UUID="odhvul-lURL-LKEl-DWdf-k3qW-27iK-e4m3RZ" RO="0" RM="0" MODEL="MTFDKCC1T9TGP-1BK1JABYY" SIZE="1.7T" STATE="live" OWNER="root" GROUP="disk" MODE="brw-rw----" ALIGNMENT="0" PHY_SEC="4096" LOG_SEC="512" ROTA="0" SCHED="none" TYPE="disk" DISC_ALN="0" DISC_GRAN="4K" DISC_MAX="2T" DISC_ZERO="0" PKNAME="" PARTLABEL=""
[2026-02-12 00:30:17,775][ceph_volume.process][INFO ] stdout NAME="/dev/mapper/vg_nvme-lv_1" KNAME="/dev/dm-0" PKNAME="/dev/nvme0n1" MAJ_MIN="253:0" FSTYPE="" MOUNTPOINT="" LABEL="" UUID="" RO="0" RM="0" MODEL="" SIZE="700G" STATE="running" OWNER="root" GROUP="disk" MODE="brw-rw----" ALIGNMENT="0" PHY_SEC="4096" LOG_SEC="512" ROTA="0" SCHED="" TYPE="lvm" DISC_ALN="0" DISC_GRAN="4K" DISC_MAX="2T" DISC_ZERO="0" PKNAME="/dev/nvme0n1" PARTLABEL=""
[2026-02-12 00:30:17,775][ceph_volume.process][INFO ] stdout NAME="/dev/mapper/vg_nvme-lv_2" KNAME="/dev/dm-1" PKNAME="/dev/nvme0n1" MAJ_MIN="253:1" FSTYPE="" MOUNTPOINT="" LABEL="" UUID="" RO="0" RM="0" MODEL="" SIZE="700G" STATE="running" OWNER="root" GROUP="disk" MODE="brw-rw----" ALIGNMENT="0" PHY_SEC="4096" LOG_SEC="512" ROTA="0" SCHED="" TYPE="lvm" DISC_ALN="0" DISC_GRAN="4K" DISC_MAX="2T" DISC_ZERO="0" PKNAME="/dev/nvme0n1" PARTLABEL=""
[2026-02-12 00:30:17,775][ceph_volume.process][INFO ] stdout NAME="/dev/mapper/vg_nvme-lv_5" KNAME="/dev/dm-4" PKNAME="/dev/nvme0n1" MAJ_MIN="253:4" FSTYPE="xfs" MOUNTPOINT="/rootfs/var/lib/ceph" LABEL="" UUID="d35e409c-0b34-4161-915c-7832d68b9f8a" RO="0" RM="0" MODEL="" SIZE="100G" STATE="running" OWNER="root" GROUP="disk" MODE="brw-rw----" ALIGNMENT="0" PHY_SEC="4096" LOG_SEC="512" ROTA="0" SCHED="" TYPE="lvm" DISC_ALN="0" DISC_GRAN="4K" DISC_MAX="2T" DISC_ZERO="0" PKNAME="/dev/nvme0n1" PARTLABEL=""
[2026-02-12 00:30:17,775][ceph_volume.process][INFO ] stdout NAME="/dev/nvme2n1" KNAME="/dev/nvme2n1" PKNAME="" MAJ_MIN="259:4" FSTYPE="LVM2_member" MOUNTPOINT="" LABEL="" UUID="xF32Qz-d0Jw-Xhzj-SA2s-wuHX-g4Nw-YNxVFF" RO="0" RM="0" MODEL="MTFDKCC1T9TGP-1BK1JABYY" SIZE="1.7T" STATE="live" OWNER="root" GROUP="disk" MODE="brw-rw----" ALIGNMENT="0" PHY_SEC="4096" LOG_SEC="512" ROTA="0" SCHED="none" TYPE="disk" DISC_ALN="0" DISC_GRAN="4K" DISC_MAX="2T" DISC_ZERO="0" PKNAME="" PARTLABEL=""
[2026-02-12 00:30:17,775][ceph_volume.process][INFO ] stdout NAME="/dev/mapper/vg_nvme-lv_3" KNAME="/dev/dm-2" PKNAME="/dev/nvme2n1" MAJ_MIN="253:2" FSTYPE="" MOUNTPOINT="" LABEL="" UUID="" RO="0" RM="0" MODEL="" SIZE="700G" STATE="running" OWNER="root" GROUP="disk" MODE="brw-rw----" ALIGNMENT="0" PHY_SEC="4096" LOG_SEC="512" ROTA="0" SCHED="" TYPE="lvm" DISC_ALN="0" DISC_GRAN="4K" DISC_MAX="2T" DISC_ZERO="0" PKNAME="/dev/nvme2n1" PARTLABEL=""
[2026-02-12 00:30:17,775][ceph_volume.process][INFO ] stdout NAME="/dev/mapper/vg_nvme-lv_4" KNAME="/dev/dm-3" PKNAME="/dev/nvme2n1" MAJ_MIN="253:3" FSTYPE="ceph_bluestore" MOUNTPOINT="" LABEL="" UUID="" RO="0" RM="0" MODEL="" SIZE="700G" STATE="running" OWNER="ceph" GROUP="ceph" MODE="brw-rw----" ALIGNMENT="0" PHY_SEC="4096" LOG_SEC="512" ROTA="0" SCHED="" TYPE="lvm" DISC_ALN="0" DISC_GRAN="4K" DISC_MAX="2T" DISC_ZERO="0" PKNAME="/dev/nvme2n1" PARTLABEL=""
[2026-02-12 00:30:17,775][ceph_volume.util.disk][INFO ] opening device /dev/nvme1n1 to check for BlueStore label
[2026-02-12 00:30:17,775][ceph_volume.util.disk][INFO ] opening device /dev/nvme1n1 to check for BlueStore label
[2026-02-12 00:30:17,775][ceph_volume.util.disk][INFO ] opening device /dev/nvme0n1 to check for BlueStore label
[2026-02-12 00:30:17,775][ceph_volume.util.disk][INFO ] opening device /dev/nvme0n1 to check for BlueStore label
[2026-02-12 00:30:17,775][ceph_volume.util.disk][INFO ] opening device /dev/nvme0n1 to check for BlueStore label
[2026-02-12 00:30:17,775][ceph_volume.util.disk][INFO ] opening device /dev/nvme2n1 to check for BlueStore label
[2026-02-12 00:30:17,775][ceph_volume.util.disk][INFO ] opening device /dev/nvme2n1 to check for BlueStore label
[2026-02-12 00:30:17,775][ceph_volume.devices.raw.list][DEBUG ] inspecting devices: ['/dev/nvme1n1', '/dev/nvme1n1p1', '/dev/nvme1n1p2', '/dev/nvme0n1', '/dev/mapper/vg_nvme-lv_1', '/dev/mapper/vg_nvme-lv_2', '/dev/mapper/vg_nvme-lv_5', '/dev/nvme2n1', '/dev/mapper/vg_nvme-lv_3', '/dev/mapper/vg_nvme-lv_4']
[2026-02-12 00:30:17,775][ceph_volume.process][INFO ] Running command: /usr/bin/ceph-bluestore-tool show-label --dev /dev/nvme1n1
[2026-02-12 00:30:17,788][ceph_volume.process][INFO ] stderr unable to read label for /dev/nvme1n1: (2) No such file or directory
[2026-02-12 00:30:17,789][ceph_volume.devices.raw.list][DEBUG ] assuming device /dev/nvme1n1 is not BlueStore; ceph-bluestore-tool failed to get info from device: [] ['unable to read label for /dev/nvme1n1: (2) No such file or directory']
[2026-02-12 00:30:17,789][ceph_volume.devices.raw.list][INFO ] device /dev/nvme1n1 does not have BlueStore information
[2026-02-12 00:30:17,789][ceph_volume.process][INFO ] Running command: /usr/bin/ceph-bluestore-tool show-label --dev /dev/nvme1n1p1
[2026-02-12 00:30:17,802][ceph_volume.process][INFO ] stderr unable to read label for /dev/nvme1n1p1: (2) No such file or directory
[2026-02-12 00:30:17,803][ceph_volume.devices.raw.list][DEBUG ] assuming device /dev/nvme1n1p1 is not BlueStore; ceph-bluestore-tool failed to get info from device: [] ['unable to read label for /dev/nvme1n1p1: (2) No such file or directory']
[2026-02-12 00:30:17,803][ceph_volume.devices.raw.list][INFO ] device /dev/nvme1n1p1 does not have BlueStore information
[2026-02-12 00:30:17,803][ceph_volume.process][INFO ] Running command: /usr/bin/ceph-bluestore-tool show-label --dev /dev/nvme1n1p2
[2026-02-12 00:30:17,815][ceph_volume.process][INFO ] stderr unable to read label for /dev/nvme1n1p2: (2) No such file or directory
[2026-02-12 00:30:17,815][ceph_volume.devices.raw.list][DEBUG ] assuming device /dev/nvme1n1p2 is not BlueStore; ceph-bluestore-tool failed to get info from device: [] ['unable to read label for /dev/nvme1n1p2: (2) No such file or directory']
[2026-02-12 00:30:17,815][ceph_volume.devices.raw.list][INFO ] device /dev/nvme1n1p2 does not have BlueStore information
[2026-02-12 00:30:17,815][ceph_volume.process][INFO ] Running command: /usr/bin/ceph-bluestore-tool show-label --dev /dev/nvme0n1
[2026-02-12 00:30:17,829][ceph_volume.process][INFO ] stderr unable to read label for /dev/nvme0n1: (2) No such file or directory
[2026-02-12 00:30:17,829][ceph_volume.devices.raw.list][DEBUG ] assuming device /dev/nvme0n1 is not BlueStore; ceph-bluestore-tool failed to get info from device: [] ['unable to read label for /dev/nvme0n1: (2) No such file or directory']
[2026-02-12 00:30:17,829][ceph_volume.devices.raw.list][INFO ] device /dev/nvme0n1 does not have BlueStore information
[2026-02-12 00:30:17,829][ceph_volume.process][INFO ] Running command: /usr/bin/ceph-bluestore-tool show-label --dev /dev/mapper/vg_nvme-lv_1
[2026-02-12 00:30:17,842][ceph_volume.process][INFO ] stderr unable to read label for /dev/mapper/vg_nvme-lv_1: (2) No such file or directory
[2026-02-12 00:30:17,842][ceph_volume.devices.raw.list][DEBUG ] assuming device /dev/mapper/vg_nvme-lv_1 is not BlueStore; ceph-bluestore-tool failed to get info from device: [] ['unable to read label for /dev/mapper/vg_nvme-lv_1: (2) No such file or directory']
[2026-02-12 00:30:17,842][ceph_volume.devices.raw.list][INFO ] device /dev/mapper/vg_nvme-lv_1 does not have BlueStore information
[2026-02-12 00:30:17,842][ceph_volume.process][INFO ] Running command: /usr/bin/ceph-bluestore-tool show-label --dev /dev/mapper/vg_nvme-lv_2
[2026-02-12 00:30:17,854][ceph_volume.process][INFO ] stderr unable to read label for /dev/mapper/vg_nvme-lv_2: (2) No such file or directory
[2026-02-12 00:30:17,854][ceph_volume.devices.raw.list][DEBUG ] assuming device /dev/mapper/vg_nvme-lv_2 is not BlueStore; ceph-bluestore-tool failed to get info from device: [] ['unable to read label for /dev/mapper/vg_nvme-lv_2: (2) No such file or directory']
[2026-02-12 00:30:17,854][ceph_volume.devices.raw.list][INFO ] device /dev/mapper/vg_nvme-lv_2 does not have BlueStore information
[2026-02-12 00:30:17,854][ceph_volume.process][INFO ] Running command: /usr/bin/ceph-bluestore-tool show-label --dev /dev/mapper/vg_nvme-lv_5
