2026-02-12T00:31:06.410+0000 7f7f3fa7c640 1 --2- >> [v2:10.20.193.182:3300/0,v1:10.20.193.182:6789/0] conn(0x7f7f380729a0 0x7f7f381aab90 unknown :-1 s=NONE pgs=0 cs=0 l=1 rev1=0 crypto rx=0 tx=0 comp rx=0 tx=0).connect
[2026-02-12 00:31:06,509][ceph_volume.process][INFO ] stderr
2026-02-12T00:31:06.410+0000 7f7f3fa7c640 1 --2- >> [v2:10.20.193.163:3300/0,v1:10.20.193.163:6789/0] conn(0x7f7f38116e10 0x7f7f381a7920 unknown :-1 s=NONE pgs=0 cs=0 l=1 rev1=0 crypto rx=0 tx=0 comp rx=0 tx=0).connect
[2026-02-12 00:31:06,509][ceph_volume.process][INFO ] stderr
2026-02-12T00:31:06.410+0000 7f7f3fa7c640 1 -- --> [v2:10.20.193.63:3300/0,v1:10.20.193.63:6789/0] -- mon_getmap magic: 0 v1 -- 0x7f7f381a80b0 con 0x7f7f38072080
[2026-02-12 00:31:06,509][ceph_volume.process][INFO ] stderr
2026-02-12T00:31:06.410+0000 7f7f3fa7c640 1 -- --> [v2:10.20.193.163:3300/0,v1:10.20.193.163:6789/0] -- mon_getmap magic: 0 v1 -- 0x7f7f381a8220 con 0x7f7f38116e10
[2026-02-12 00:31:06,509][ceph_volume.process][INFO ] stderr
2026-02-12T00:31:06.410+0000 7f7f3fa7c640 1 -- --> [v2:10.20.193.182:3300/0,v1:10.20.193.182:6789/0] -- mon_getmap magic: 0 v1 -- 0x7f7f381a83e0 con 0x7f7f380729a0
[2026-02-12 00:31:06,509][ceph_volume.process][INFO ] stderr
2026-02-12T00:31:06.410+0000 7f7f3cff0640 1 --2- >> [v2:10.20.193.182:3300/0,v1:10.20.193.182:6789/0] conn(0x7f7f380729a0 0x7f7f381aab90 unknown :-1 s=BANNER_CONNECTING pgs=0 cs=0 l=1 rev1=0 crypto rx=0 tx=0 comp rx=0 tx=0)._handle_peer_banner_payload supported=3 required=0
[2026-02-12 00:31:06,509][ceph_volume.process][INFO ] stderr
2026-02-12T00:31:06.410+0000 7f7f3cff0640 1 --2- >> [v2:10.20.193.182:3300/0,v1:10.20.193.182:6789/0] conn(0x7f7f380729a0 0x7f7f381aab90 unknown :-1 s=HELLO_CONNECTING pgs=0 cs=0 l=1 rev1=1 crypto rx=0 tx=0 comp rx=0 tx=0).handle_hello peer v2:10.20.193.182:3300/0 says I am v2:10.20.193.182:37704/0 (socket says 10.20.193.182:37704)
[2026-02-12 00:31:06,509][ceph_volume.process][INFO ] stderr
2026-02-12T00:31:06.410+0000 7f7f3cff0640 1 -- 10.20.193.182:0/3790766690 learned_addr learned my addr 10.20.193.182:0/3790766690 (peer_addr_for_me v2:10.20.193.182:0/0)
[2026-02-12 00:31:06,509][ceph_volume.process][INFO ] stderr
2026-02-12T00:31:06.410+0000 7f7f3cff0640 1 -- 10.20.193.182:0/3790766690 >> [v2:10.20.193.163:3300/0,v1:10.20.193.163:6789/0] conn(0x7f7f38116e10 msgr2=0x7f7f381a7920 unknown :-1 s=STATE_CONNECTION_ESTABLISHED l=1).mark_down
[2026-02-12 00:31:06,509][ceph_volume.process][INFO ] stderr
2026-02-12T00:31:06.410+0000 7f7f3cff0640 1 --2- 10.20.193.182:0/3790766690 >> [v2:10.20.193.163:3300/0,v1:10.20.193.163:6789/0] conn(0x7f7f38116e10 0x7f7f381a7920 unknown :-1 s=BANNER_CONNECTING pgs=0 cs=0 l=1 rev1=0 crypto rx=0 tx=0 comp rx=0 tx=0).stop
[2026-02-12 00:31:06,509][ceph_volume.process][INFO ] stderr
2026-02-12T00:31:06.410+0000 7f7f3cff0640 1 -- 10.20.193.182:0/3790766690 >> [v2:10.20.193.63:3300/0,v1:10.20.193.63:6789/0] conn(0x7f7f38072080 msgr2=0x7f7f381aa650 unknown :-1 s=STATE_CONNECTION_ESTABLISHED l=1).mark_down
[2026-02-12 00:31:06,509][ceph_volume.process][INFO ] stderr
2026-02-12T00:31:06.410+0000 7f7f3cff0640 1 --2- 10.20.193.182:0/3790766690 >> [v2:10.20.193.63:3300/0,v1:10.20.193.63:6789/0] conn(0x7f7f38072080 0x7f7f381aa650 unknown :-1 s=BANNER_CONNECTING pgs=0 cs=0 l=1 rev1=0 crypto rx=0 tx=0 comp rx=0 tx=0).stop
[2026-02-12 00:31:06,509][ceph_volume.process][INFO ] stderr
2026-02-12T00:31:06.410+0000 7f7f3cff0640 1 -- 10.20.193.182:0/3790766690 --> [v2:10.20.193.182:3300/0,v1:10.20.193.182:6789/0] -- mon_subscribe({config=0+,monmap=0+}) v3 -- 0x7f7f381a85a0 con 0x7f7f380729a0
[2026-02-12 00:31:06,509][ceph_volume.process][INFO ] stderr
2026-02-12T00:31:06.410+0000 7f7f3cff0640 1 --2- 10.20.193.182:0/3790766690 >> [v2:10.20.193.182:3300/0,v1:10.20.193.182:6789/0] conn(0x7f7f380729a0 0x7f7f381aab90 secure :-1 s=READY pgs=32 cs=0 l=1 rev1=1 crypto rx=0x7f7f2c00d980 tx=0x7f7f2c00de50 comp rx=0 tx=0).ready entity=mon.1 client_cookie=0 server_cookie=0 in_seq=0 out_seq=0
[2026-02-12 00:31:06,509][ceph_volume.process][INFO ] stderr
2026-02-12T00:31:06.411+0000 7f7f267fc640 1 -- 10.20.193.182:0/3790766690 <== mon.1 v2:10.20.193.182:3300/0 1 ==== mon_map magic: 0 v1 ==== 413+0+0 (secure 0 0 0) 0x7f7f2c0044e0 con 0x7f7f380729a0
[2026-02-12 00:31:06,509][ceph_volume.process][INFO ] stderr
2026-02-12T00:31:06.411+0000 7f7f267fc640 1 -- 10.20.193.182:0/3790766690 <== mon.1 v2:10.20.193.182:3300/0 2 ==== config(26 keys) v1 ==== 1074+0+0 (secure 0 0 0) 0x7f7f2c00bce0 con 0x7f7f380729a0
[2026-02-12 00:31:06,509][ceph_volume.process][INFO ] stderr
2026-02-12T00:31:06.411+0000 7f7f3fa7c640 1 -- 10.20.193.182:0/3790766690 --> [v2:10.20.193.182:3300/0,v1:10.20.193.182:6789/0] -- mon_subscribe({mgrmap=0+}) v3 -- 0x7f7f381b13d0 con 0x7f7f380729a0
[2026-02-12 00:31:06,509][ceph_volume.process][INFO ] stderr
2026-02-12T00:31:06.411+0000 7f7f267fc640 1 -- 10.20.193.182:0/3790766690 <== mon.1 v2:10.20.193.182:3300/0 3 ==== mon_map magic: 0 v1 ==== 413+0+0 (secure 0 0 0) 0x7f7f2c010460 con 0x7f7f380729a0
[2026-02-12 00:31:06,509][ceph_volume.process][INFO ] stderr
2026-02-12T00:31:06.411+0000 7f7f3fa7c640 1 -- 10.20.193.182:0/3790766690 --> [v2:10.20.193.182:3300/0,v1:10.20.193.182:6789/0] -- mon_subscribe({osdmap=0}) v3 -- 0x7f7f381b17e0 con 0x7f7f380729a0
[2026-02-12 00:31:06,509][ceph_volume.process][INFO ] stderr
2026-02-12T00:31:06.411+0000 7f7f3fa7c640 1 -- 10.20.193.182:0/3790766690 --> [v2:10.20.193.182:3300/0,v1:10.20.193.182:6789/0] -- mon_command({"prefix": "get_command_descriptions"} v 0) v1 -- 0x7f7f38072460 con 0x7f7f380729a0
[2026-02-12 00:31:06,509][ceph_volume.process][INFO ] stderr
2026-02-12T00:31:06.412+0000 7f7f267fc640 1 -- 10.20.193.182:0/3790766690 <== mon.1 v2:10.20.193.182:3300/0 4 ==== mgrmap(e 15) v1 ==== 147322+0+0 (secure 0 0 0) 0x7f7f2c0026e0 con 0x7f7f380729a0
[2026-02-12 00:31:06,509][ceph_volume.process][INFO ] stderr
2026-02-12T00:31:06.413+0000 7f7f267fc640 1 --2- 10.20.193.182:0/3790766690 >> [v2:10.20.193.63:6800/3119037958,v1:10.20.193.63:6801/3119037958] conn(0x7f7f140af020 0x7f7f140b14e0 unknown :-1 s=NONE pgs=0 cs=0 l=1 rev1=0 crypto rx=0 tx=0 comp rx=0 tx=0).connect
[2026-02-12 00:31:06,509][ceph_volume.process][INFO ] stderr
2026-02-12T00:31:06.413+0000 7f7f267fc640 1 -- 10.20.193.182:0/3790766690 <== mon.1 v2:10.20.193.182:3300/0 5 ==== osd_map(44..44 src has 1..44) v4 ==== 5074+0+0 (secure 0 0 0) 0x7f7f2c0dd370 con 0x7f7f380729a0
[2026-02-12 00:31:06,509][ceph_volume.process][INFO ] stderr
2026-02-12T00:31:06.413+0000 7f7f3d7f1640 1 --2- 10.20.193.182:0/3790766690 >> [v2:10.20.193.63:6800/3119037958,v1:10.20.193.63:6801/3119037958] conn(0x7f7f140af020 0x7f7f140b14e0 unknown :-1 s=BANNER_CONNECTING pgs=0 cs=0 l=1 rev1=0 crypto rx=0 tx=0 comp rx=0 tx=0)._handle_peer_banner_payload supported=3 required=0
[2026-02-12 00:31:06,509][ceph_volume.process][INFO ] stderr
2026-02-12T00:31:06.414+0000 7f7f267fc640 1 -- 10.20.193.182:0/3790766690 <== mon.1 v2:10.20.193.182:3300/0 6 ==== mon_command_ack([{"prefix": "get_command_descriptions"}]=0 v0) v1 ==== 72+0+186382 (secure 0 0 0) 0x7f7f2c0a2af0 con 0x7f7f380729a0
[2026-02-12 00:31:06,509][ceph_volume.process][INFO ] stderr
2026-02-12T00:31:06.414+0000 7f7f3d7f1640 1 --2- 10.20.193.182:0/3790766690 >> [v2:10.20.193.63:6800/3119037958,v1:10.20.193.63:6801/3119037958] conn(0x7f7f140af020 0x7f7f140b14e0 secure :-1 s=READY pgs=95 cs=0 l=1 rev1=1 crypto rx=0x7f7f381a8e50 tx=0x7f7f28005d90 comp rx=0 tx=0).ready entity=mgr.14150 client_cookie=0 server_cookie=0 in_seq=0 out_seq=0
[2026-02-12 00:31:06,509][ceph_volume.process][INFO ] stderr
2026-02-12T00:31:06.498+0000 7f7f3fa7c640 1 -- 10.20.193.182:0/3790766690 --> [v2:10.20.193.182:3300/0,v1:10.20.193.182:6789/0] -- mon_command({"prefix": "osd new", "uuid": "86620853-7c98-4c81-b7fc-d53a24400b28"} v 0) v1 -- 0x7f7f381b2be0 con 0x7f7f380729a0
[2026-02-12 00:31:06,509][ceph_volume.process][INFO ] stderr
2026-02-12T00:31:06.501+0000 7f7f267fc640 1 -- 10.20.193.182:0/3790766690 <== mon.1 v2:10.20.193.182:3300/0 7 ==== mon_command_ack([{"prefix": "osd new", "uuid": "86620853-7c98-4c81-b7fc-d53a24400b28"}]=0 v45) v1 ==== 103+0+2 (secure 0 0 0) 0x7f7f2c0a6300 con 0x7f7f380729a0
[2026-02-12 00:31:06,509][ceph_volume.process][INFO ] stderr
2026-02-12T00:31:06.502+0000 7f7f3fa7c640 1 -- 10.20.193.182:0/3790766690 >> [v2:10.20.193.63:6800/3119037958,v1:10.20.193.63:6801/3119037958] conn(0x7f7f140af020 msgr2=0x7f7f140b14e0 secure :-1 s=STATE_CONNECTION_ESTABLISHED l=1).mark_down
[2026-02-12 00:31:06,509][ceph_volume.process][INFO ] stderr
2026-02-12T00:31:06.502+0000 7f7f3fa7c640 1 --2- 10.20.193.182:0/3790766690 >> [v2:10.20.193.63:6800/3119037958,v1:10.20.193.63:6801/3119037958] conn(0x7f7f140af020 0x7f7f140b14e0 secure :-1 s=READY pgs=95 cs=0 l=1 rev1=1 crypto rx=0x7f7f381a8e50 tx=0x7f7f28005d90 comp rx=0 tx=0).stop
[2026-02-12 00:31:06,509][ceph_volume.process][INFO ] stderr
2026-02-12T00:31:06.502+0000 7f7f3fa7c640 1 -- 10.20.193.182:0/3790766690 >> [v2:10.20.193.182:3300/0,v1:10.20.193.182:6789/0] conn(0x7f7f380729a0 msgr2=0x7f7f381aab90 secure :-1 s=STATE_CONNECTION_ESTABLISHED l=1).mark_down
[2026-02-12 00:31:06,509][ceph_volume.process][INFO ] stderr
2026-02-12T00:31:06.502+0000 7f7f3fa7c640 1 --2- 10.20.193.182:0/3790766690 >> [v2:10.20.193.182:3300/0,v1:10.20.193.182:6789/0] conn(0x7f7f380729a0 0x7f7f381aab90 secure :-1 s=READY pgs=32 cs=0 l=1 rev1=1 crypto rx=0x7f7f2c00d980 tx=0x7f7f2c00de50 comp rx=0 tx=0).stop
[2026-02-12 00:31:06,509][ceph_volume.process][INFO ] stderr
2026-02-12T00:31:06.502+0000 7f7f3fa7c640 1 -- 10.20.193.182:0/3790766690 shutdown_connections
[2026-02-12 00:31:06,509][ceph_volume.process][INFO ] stderr
2026-02-12T00:31:06.502+0000 7f7f3fa7c640 1 --2- 10.20.193.182:0/3790766690 >> [v2:10.20.193.63:6800/3119037958,v1:10.20.193.63:6801/3119037958] conn(0x7f7f140af020 0x7f7f140b14e0 unknown :-1 s=CLOSED pgs=95 cs=0 l=1 rev1=1 crypto rx=0 tx=0 comp rx=0 tx=0).stop
[2026-02-12 00:31:06,509][ceph_volume.process][INFO ] stderr
2026-02-12T00:31:06.502+0000 7f7f3fa7c640 1 --2- 10.20.193.182:0/3790766690 >> [v2:10.20.193.163:3300/0,v1:10.20.193.163:6789/0] conn(0x7f7f38116e10 0x7f7f381a7920 unknown :-1 s=CLOSED pgs=0 cs=0 l=1 rev1=0 crypto rx=0 tx=0 comp rx=0 tx=0).stop
[2026-02-12 00:31:06,509][ceph_volume.process][INFO ] stderr
2026-02-12T00:31:06.502+0000 7f7f3fa7c640 1 --2- 10.20.193.182:0/3790766690 >> [v2:10.20.193.182:3300/0,v1:10.20.193.182:6789/0] conn(0x7f7f380729a0 0x7f7f381aab90 unknown :-1 s=CLOSED pgs=32 cs=0 l=1 rev1=1 crypto rx=0 tx=0 comp rx=0 tx=0).stop
[2026-02-12 00:31:06,509][ceph_volume.process][INFO ] stderr
2026-02-12T00:31:06.502+0000 7f7f3fa7c640 1 --2- 10.20.193.182:0/3790766690 >> [v2:10.20.193.63:3300/0,v1:10.20.193.63:6789/0] conn(0x7f7f38072080 0x7f7f381aa650 unknown :-1 s=CLOSED pgs=0 cs=0 l=1 rev1=0 crypto rx=0 tx=0 comp rx=0 tx=0).stop
[2026-02-12 00:31:06,509][ceph_volume.process][INFO ] stderr
2026-02-12T00:31:06.502+0000 7f7f3fa7c640 1 -- 10.20.193.182:0/3790766690 >> 10.20.193.182:0/3790766690 conn(0x7f7f3806db00 msgr2=0x7f7f38111680 unknown :-1 s=STATE_NONE l=0).mark_down
[2026-02-12 00:31:06,509][ceph_volume.process][INFO ] stderr
2026-02-12T00:31:06.502+0000 7f7f3fa7c640 1 -- 10.20.193.182:0/3790766690 shutdown_connections
[2026-02-12 00:31:06,509][ceph_volume.process][INFO ] stderr
2026-02-12T00:31:06.502+0000 7f7f3fa7c640 1 -- 10.20.193.182:0/3790766690 wait complete.
[2026-02-12 00:31:06,511][ceph_volume.util.system][INFO ] Executable lvs found on the host, will use /sbin/lvs
[2026-02-12 00:31:06,512][ceph_volume.process][INFO ] Running command: nsenter --mount=/rootfs/proc/1/ns/mnt --ipc=/rootfs/proc/1/ns/ipc --net=/rootfs/proc/1/ns/net --uts=/rootfs/proc/1/ns/uts /sbin/lvs --noheadings --readonly --separator=";" -a --units=b --nosuffix -S lv_name=lv_2,vg_name=vg_nvme -o lv_tags,lv_path,lv_name,vg_name,lv_uuid,lv_size
[2026-02-12 00:31:06,552][ceph_volume.process][INFO ] stdout ";"/dev/vg_nvme/lv_2";"lv_2";"vg_nvme";"HbVmmH-vZ62-aVql-2o8d-21AF-hEZd-sMi13H";"751619276800
[2026-02-12 00:31:06,555][ceph_volume.util.system][INFO ] Executable lvchange found on the host, will use /sbin/lvchange
[2026-02-12 00:31:06,555][ceph_volume.process][INFO ] Running command: nsenter --mount=/rootfs/proc/1/ns/mnt --ipc=/rootfs/proc/1/ns/ipc --net=/rootfs/proc/1/ns/net --uts=/rootfs/proc/1/ns/uts /sbin/lvchange --addtag ceph.osd_fsid=86620853-7c98-4c81-b7fc-d53a24400b28 --addtag ceph.osd_id=8 --addtag ceph.cluster_fsid=d652ab1e-07a9-11f1-bda7-d404e6e7d460 --addtag ceph.cluster_name=ceph --addtag ceph.crush_device_class= --addtag ceph.osdspec_affinity=None --addtag ceph.block_device=/dev/vg_nvme/lv_2 --addtag ceph.block_uuid=HbVmmH-vZ62-aVql-2o8d-21AF-hEZd-sMi13H --addtag ceph.cephx_lockbox_secret= --addtag ceph.encrypted=0 --addtag ceph.vdo=0 --addtag ceph.type=block /dev/vg_nvme/lv_2
[2026-02-12 00:31:06,596][ceph_volume.process][INFO ] stdout Logical volume vg_nvme/lv_2 changed.
[2026-02-12 00:31:06,596][ceph_volume.process][INFO ] Running command: /usr/bin/ceph-authtool --gen-print-key
[2026-02-12 00:31:06,607][ceph_volume.process][INFO ] Running command: /usr/bin/mount -t tmpfs tmpfs /var/lib/ceph/osd/ceph-8
[2026-02-12 00:31:06,610][ceph_volume.util.system][INFO ] CEPH_VOLUME_SKIP_RESTORECON environ is set, will not call restorecon
[2026-02-12 00:31:06,610][ceph_volume.process][INFO ] Running command: /usr/bin/chown -h ceph:ceph /dev/vg_nvme/lv_2
[2026-02-12 00:31:06,612][ceph_volume.process][INFO ] Running command: /usr/bin/chown -R ceph:ceph /dev/dm-1
[2026-02-12 00:31:06,614][ceph_volume.process][INFO ] Running command: /usr/bin/ln -s /dev/vg_nvme/lv_2 /var/lib/ceph/osd/ceph-8/block
[2026-02-12 00:31:06,617][ceph_volume.process][INFO ] Running command: /usr/bin/ceph --cluster ceph --name client.bootstrap-osd --keyring /var/lib/ceph/bootstrap-osd/ceph.keyring mon getmap -o /var/lib/ceph/osd/ceph-8/activate.monmap
[2026-02-12 00:31:06,659][ceph_volume.process][INFO ] stderr
2026-02-12T00:31:06.658+0000 7f6e514d3640 1 -- 10.20.193.182:0/370166646 >> [v2:10.20.193.182:3300/0,v1:10.20.193.182:6789/0] conn(0x7f6e4c10b7d0 msgr2=0x7f6e4c10bc50 secure :-1 s=STATE_CONNECTION_ESTABLISHED l=1).mark_down
2026-02-12T00:31:06.658+0000 7f6e514d3640 1 --2- 10.20.193.182:0/370166646 >> [v2:10.20.193.182:3300/0,v1:10.20.193.182:6789/0] conn(0x7f6e4c10b7d0 0x7f6e4c10bc50 secure :-1 s=READY pgs=33 cs=0 l=1 rev1=1 crypto rx=0x7f6e34005fd0 tx=0x7f6e3402f260 comp rx=0 tx=0).stop
[2026-02-12 00:31:06,659][ceph_volume.process][INFO ] stderr
2026-02-12T00:31:06.658+0000 7f6e514d3640 1 -- 10.20.193.182:0/370166646 shutdown_connections
2026-02-12T00:31:06.658+0000 7f6e514d3640 1 --2- 10.20.193.182:0/370166646 >> [v2:10.20.193.63:3300/0,v1:10.20.193.63:6789/0] conn(0x7f6e4c10c190 0x7f6e4c1150d0 unknown :-1 s=CLOSED pgs=0 cs=0 l=0 rev1=0 crypto rx=0 tx=0 comp rx=0 tx=0).stop
2026-02-12T00:31:06.658+0000 7f6e514d3640 1 --2- 10.20.193.182:0/370166646 >> [v2:10.20.193.182:3300/0,v1:10.20.193.182:6789/0] conn(0x7f6e4c10b7d0 0x7f6e4c10bc50 unknown :-1 s=CLOSED pgs=33 cs=0 l=1 rev1=1 crypto rx=0 tx=0 comp rx=0 tx=0).stop
2026-02-12T00:31:06.658+0000 7f6e514d3640 1 --2- 10.20.193.182:0/370166646 >> [v2:10.20.193.163:3300/0,v1:10.20.193.163:6789/0] conn(0x7f6e4c10e450 0x7f6e4c10e830 unknown :-1 s=CLOSED pgs=0 cs=0 l=0 rev1=1 crypto rx=0 tx=0 comp rx=0 tx=0).stop
2026-02-12T00:31:06.658+0000 7f6e514d3640 1 -- 10.20.193.182:0/370166646 >> 10.20.193.182:0/370166646 conn(0x7f6e4c06afa0 msgr2=0x7f6e4c06b3b0 unknown :-1 s=STATE_NONE l=0).mark_down 2026-02-12
[2026-02-12 00:31:06,659][ceph_volume.process][INFO ] stderr T00:31:06.658+0000 7f6e514d3640 1 -- 10.20.193.182:0/370166646 shutdown_connections
2026-02-12T00:31:06.658+0000 7f6e514d3640 1 -- 10.20.193.182:0/370166646 wait complete.
[2026-02-12 00:31:06,659][ceph_volume.process][INFO ] stderr
2026-02-12T00:31:06.659+0000 7f6e514d3640 1 Processor -- start
[2026-02-12 00:31:06,659][ceph_volume.process][INFO ] stderr
2026-02-12T00:31:06.659+0000 7f6e514d3640 1 -- start start
[2026-02-12 00:31:06,659][ceph_volume.process][INFO ] stderr
2026-02-12T00:31:06.659+0000 7f6e514d3640 1 --2- >> [v2:10.20.193.63:3300/0,v1:10.20.193.63:6789/0] conn(0x7f6e4c10b7d0 0x7f6e4c1a3690 unknown :-1 s=NONE pgs=0 cs=0 l=1 rev1=0 crypto rx=0 tx=0 comp rx=0 tx=0).connect
2026-02-12T00:31:06.659+0000 7f6e514d3640 1 --2- >> [v2:10.20.193.182:3300/0,v1:10.20.193.182:6789/0] conn(0x7f6e4c10c190 0x7f6e4c1a3bd0 unknown :-1 s=NONE pgs=0 cs=0 l=1 rev1=0 crypto rx=0 tx=0 comp rx=0 tx=0).connect
2026-02-12T00:31:06.659+0000 7f6e514d3640 1 --2- >> [v2:10.20.193.163:3300/0,v1:10.20.193.163:6789/0] conn(0x7f6e4c10e450 0x7f6e4c1ac0c0 unknown :-1 s=NONE pgs=0 cs=0 l=1 rev1=0 crypto rx=0 tx=0 comp rx=0 tx=0).connect
2026-02-12T00:31:06.659+0000 7f6e514d3640 1 -- --> [v2:10.20.193.63:3300/0,v1:10.20.193.63:6789/0] -- mon_getmap magic: 0 v1 -- 0x7f6e4c1ac6e0 con 0x7f6e4c10b7d0
2026-02-12T00:31:06.659+0000 7f6e514d3640 1 -- --> [v2:10.20.193.163:3300/0,v1:10.20.193.163:6789/0] -- mon_getmap magic: 0 v1 -- 0x7f6e4c1ac850 con 0x7f6e4c10e450
2026-02-12T00:31:06.659+0000 7f6e
[2026-02-12 00:31:06,660][ceph_volume.process][INFO ] stderr 514d3640 1 -- --> [v2:10.20.193.182:3300/0,v1:10.20.193.182:6789/0] -- mon_getmap magic: 0 v1 -- 0x7f6e4c1aca10 con 0x7f6e4c10c190
2026-02-12T00:31:06.659+0000 7f6e4a7fc640 1 --2- >> [v2:10.20.193.182:3300/0,v1:10.20.193.182:6789/0] conn(0x7f6e4c10c190 0x7f6e4c1a3bd0 unknown :-1 s=BANNER_CONNECTING pgs=0 cs=0 l=1 rev1=0 crypto rx=0 tx=0 comp rx=0 tx=0)._handle_peer_banner_payload supported=3 required=0
2026-02-12T00:31:06.659+0000 7f6e4a7fc640 1 --2- >> [v2:10.20.193.182:3300/0,v1:10.20.193.182:6789/0] conn(0x7f6e4c10c190 0x7f6e4c1a3bd0 unknown :-1 s=HELLO_CONNECTING pgs=0 cs=0 l=1 rev1=1 crypto rx=0 tx=0 comp rx=0 tx=0).handle_hello peer v2:10.20.193.182:3300/0 says I am v2:10.20.193.182:37708/0 (socket says 10.20.193.182:37708)
2026-02-12T00:31:06.659+0000 7f6e4a7fc640 1 -- 10.20.193.182:0/2230501494 learned_addr learned my addr 10.20.193.182:0/2230501494 (peer_addr_for_me v2:10.20.193.182:0/0)
[2026-02-12 00:31:06,660][ceph_volume.process][INFO ] stderr
2026-02-12T00:31:06.659+0000 7f6e4affd640 1 --2- 10.20.193.182:0/2230501494 >> [v2:10.20.193.63:3300/0,v1:10.20.193.63:6789/0] conn(0x7f6e4c10b7d0 0x7f6e4c1a3690 unknown :-1 s=BANNER_CONNECTING pgs=0 cs=0 l=1 rev1=0 crypto rx=0 tx=0 comp rx=0 tx=0)._handle_peer_banner_payload supported=3 required=0
2026-02-12T00:31:06.659+0000 7f6e4b7fe640 1 --2- 10.20.193.182:0/2230501494 >> [v2:10.20.193.163:3300/0,v1:10.20.193.163:6789/0] conn(0x7f6e4c10e450 0x7f6e4c1ac0c0 unknown :-1 s=BANNER_CONNECTING pgs=0 cs=0 l=1 rev1=0 crypto rx=0 tx=0 comp rx=0 tx=0)._handle_peer_banner_payload supported=3 required=0
[2026-02-12 00:31:06,660][ceph_volume.process][INFO ] stderr
2026-02-12T00:31:06.659+0000 7f6e4a7fc640 1 -- 10.20.193.182:0/2230501494 >> [v2:10.20.193.163:3300/0,v1:10.20.193.163:6789/0] conn(0x7f6e4c10e450 msgr2=0x7f6e4c1ac0c0 unknown :-1 s=STATE_CONNECTION_ESTABLISHED l=1).mark_down
2026-02-12T00:31:06.659+0000 7f6e4a7fc640 1 --2- 10.20.193.182:0/2230501494 >> [v2:10.20.193.163:3300/0,v1:10.20.193.163:6789/0] conn(0x7f6e4c10e450 0x7f6e4c1ac0c0 unknown :-1 s=AUTH_CONNECTING pgs=0 cs=0 l=1 rev1=1 crypto rx=0 tx=0 comp rx=0 tx=0).stop
2026-02-12T00:31:06.659+0000 7f6e4a7fc640 1 -- 10.20.193.182:0/2230501494 >> [v2:10.20.193.63:3300/0,v1:10.20.193.63:6789/0] conn(0x7f6e4c10b7d0 msgr2=0x7f6e4c1a3690 unknown :-1 s=STATE_CONNECTION_ESTABLISHED l=1).mark_down
2026-02-12T00:31:06.659+0000 7f6e4a7fc640 1 --2- 10.20.193.182:0/2230501494 >> [v2:10.20.193.63:3300/0,v1:10.20.193.63:6789/0] conn(0x7f6e4c10b7d0 0x7f6e4c1a3690 unknown :-1 s=AUTH_CONNECTING pgs=0 cs=0 l=1 rev1=1 crypto rx=0 tx=0 comp rx=0 tx=0).stop
2026-02-12T00:31:06.659+0000 7f6e4a7fc640 1 -- 10.20.193.182:0/
[2026-02-12 00:31:06,660][ceph_volume.process][INFO ] stderr 2230501494 --> [v2:10.20.193.182:3300/0,v1:10.20.193.182:6789/0] -- mon_subscribe({config=0+,monmap=0+}) v3 -- 0x7f6e4c1acbd0 con 0x7f6e4c10c190
2026-02-12T00:31:06.659+0000 7f6e4b7fe640 1 --2- 10.20.193.182:0/2230501494 >> [v2:10.20.193.163:3300/0,v1:10.20.193.163:6789/0] conn(0x7f6e4c10e450 0x7f6e4c1ac0c0 unknown :-1 s=CLOSED pgs=0 cs=0 l=1 rev1=1 crypto rx=0 tx=0 comp rx=0 tx=0).send_auth_request state changed!
[2026-02-12 00:31:06,660][ceph_volume.process][INFO ] stderr
2026-02-12T00:31:06.659+0000 7f6e4a7fc640 1 --2- 10.20.193.182:0/2230501494 >> [v2:10.20.193.182:3300/0,v1:10.20.193.182:6789/0] conn(0x7f6e4c10c190 0x7f6e4c1a3bd0 secure :-1 s=READY pgs=34 cs=0 l=1 rev1=1 crypto rx=0x7f6e34005bb0 tx=0x7f6e340042f0 comp rx=0 tx=0).ready entity=mon.1 client_cookie=0 server_cookie=0 in_seq=0 out_seq=0
[2026-02-12 00:31:06,660][ceph_volume.process][INFO ] stderr
2026-02-12T00:31:06.659+0000 7f6e2bfff640 1 -- 10.20.193.182:0/2230501494 <== mon.1 v2:10.20.193.182:3300/0 1 ==== mon_map magic: 0 v1 ==== 413+0+0 (secure 0 0 0) 0x7f6e3403d070 con 0x7f6e4c10c190
[2026-02-12 00:31:06,660][ceph_volume.process][INFO ] stderr
2026-02-12T00:31:06.659+0000 7f6e2bfff640 1 -- 10.20.193.182:0/2230501494 <== mon.1 v2:10.20.193.182:3300/0 2 ==== config(26 keys) v1 ==== 1074+0+0 (secure 0 0 0) 0x7f6e3402fc90 con 0x7f6e4c10c190
2026-02-12T00:31:06.659+0000 7f6e514d3640 1 -- 10.20.193.182:0/2230501494 --> [v2:10.20.193.182:3300/0,v1:10.20.193.182:6789/0] -- mon_subscribe({mgrmap=0+}) v3 -- 0x7f6e4c1ace20 con 0x7f6e4c10c190
2026-02-12T00:31:06.659+0000 7f6e2bfff640 1 -- 10.20.193.182:0/2230501494 <== mon.1 v2:10.20.193.182:3300/0 3 ==== mon_map magic: 0 v1 ==== 413+0+0 (secure 0 0 0) 0x7f6e34041890 con 0x7f6e4c10c190
[2026-02-12 00:31:06,660][ceph_volume.process][INFO ] stderr
2026-02-12T00:31:06.659+0000 7f6e514d3640 1 -- 10.20.193.182:0/2230501494 --> [v2:10.20.193.182:3300/0,v1:10.20.193.182:6789/0] -- mon_subscribe({osdmap=0}) v3 -- 0x7f6e4c1ad2c0 con 0x7f6e4c10c190
[2026-02-12 00:31:06,660][ceph_volume.process][INFO ] stderr
2026-02-12T00:31:06.660+0000 7f6e514d3640 1 -- 10.20.193.182:0/2230501494 --> [v2:10.20.193.182:3300/0,v1:10.20.193.182:6789/0] -- mon_command({"prefix": "get_command_descriptions"} v 0) v1 -- 0x7f6e4c10bc50 con 0x7f6e4c10c190
[2026-02-12 00:31:06,662][ceph_volume.process][INFO ] stderr
2026-02-12T00:31:06.661+0000 7f6e2bfff640 1 -- 10.20.193.182:0/2230501494 <== mon.1 v2:10.20.193.182:3300/0 4 ==== mgrmap(e 15) v1 ==== 147322+0+0 (secure 0 0 0) 0x7f6e34049060 con 0x7f6e4c10c190
[2026-02-12 00:31:06,662][ceph_volume.process][INFO ] stderr
2026-02-12T00:31:06.661+0000 7f6e2bfff640 1 --2- 10.20.193.182:0/2230501494 >> [v2:10.20.193.63:6800/3119037958,v1:10.20.193.63:6801/3119037958] conn(0x7f6e200af020 0x7f6e200b14e0 unknown :-1 s=NONE pgs=0 cs=0 l=1 rev1=0 crypto rx=0 tx=0 comp rx=0 tx=0).connect
[2026-02-12 00:31:06,662][ceph_volume.process][INFO ] stderr
2026-02-12T00:31:06.662+0000 7f6e2bfff640 1 -- 10.20.193.182:0/2230501494 <== mon.1 v2:10.20.193.182:3300/0 5 ==== osd_map(45..45 src has 1..45) v4 ==== 5189+0+0 (secure 0 0 0) 0x7f6e34101900 con 0x7f6e4c10c190
[2026-02-12 00:31:06,662][ceph_volume.process][INFO ] stderr
2026-02-12T00:31:06.662+0000 7f6e4affd640 1 --2- 10.20.193.182:0/2230501494 >> [v2:10.20.193.63:6800/3119037958,v1:10.20.193.63:6801/3119037958] conn(0x7f6e200af020 0x7f6e200b14e0 unknown :-1 s=BANNER_CONNECTING pgs=0 cs=0 l=1 rev1=0 crypto rx=0 tx=0 comp rx=0 tx=0)._handle_peer_banner_payload supported=3 required=0
[2026-02-12 00:31:06,663][ceph_volume.process][INFO ] stderr
2026-02-12T00:31:06.662+0000 7f6e4affd640 1 --2- 10.20.193.182:0/2230501494 >> [v2:10.20.193.63:6800/3119037958,v1:10.20.193.63:6801/3119037958] conn(0x7f6e200af020 0x7f6e200b14e0 secure :-1 s=READY pgs=96 cs=0 l=1 rev1=1 crypto rx=0x7f6e40005e30 tx=0x7f6e40005dc0 comp rx=0 tx=0).ready entity=mgr.14150 client_cookie=0 server_cookie=0 in_seq=0 out_seq=0
[2026-02-12 00:31:06,663][ceph_volume.process][INFO ] stderr
2026-02-12T00:31:06.663+0000 7f6e2bfff640 1 -- 10.20.193.182:0/2230501494 <== mon.1 v2:10.20.193.182:3300/0 6 ==== mon_command_ack([{"prefix": "get_command_descriptions"}]=0 v0) v1 ==== 72+0+186382 (secure 0 0 0) 0x7f6e340c7130 con 0x7f6e4c10c190
[2026-02-12 00:31:06,771][ceph_volume.process][INFO ] stderr
2026-02-12T00:31:06.771+0000 7f6e514d3640 1 -- 10.20.193.182:0/2230501494 --> [v2:10.20.193.182:3300/0,v1:10.20.193.182:6789/0] -- mon_command({"prefix": "mon getmap"} v 0) v1 -- 0x7f6e4c1a4a80 con 0x7f6e4c10c190
[2026-02-12 00:31:06,772][ceph_volume.process][INFO ] stderr
2026-02-12T00:31:06.771+0000 7f6e2bfff640 1 -- 10.20.193.182:0/2230501494 <== mon.1 v2:10.20.193.182:3300/0 7 ==== mon_command_ack([{"prefix": "mon getmap"}]=0 got monmap epoch 3 v3) v1 ==== 76+0+409 (secure 0 0 0) 0x7f6e34009690 con 0x7f6e4c10c190
[2026-02-12 00:31:06,772][ceph_volume.process][INFO ] stderr got monmap epoch 3
[2026-02-12 00:31:06,772][ceph_volume.process][INFO ] stderr
2026-02-12T00:31:06.772+0000 7f6e514d3640 1 -- 10.20.193.182:0/2230501494 >> [v2:10.20.193.63:6800/3119037958,v1:10.20.193.63:6801/3119037958] conn(0x7f6e200af020 msgr2=0x7f6e200b14e0 secure :-1 s=STATE_CONNECTION_ESTABLISHED l=1).mark_down
2026-02-12T00:31:06.772+0000 7f6e514d3640 1 --2- 10.20.193.182:0/2230501494 >> [v2:10.20.193.63:6800/3119037958,v1:10.20.193.63:6801/3119037958] conn(0x7f6e200af020 0x7f6e200b14e0 secure :-1 s=READY pgs=96 cs=0 l=1 rev1=1 crypto rx=0x7f6e40005e30 tx=0x7f6e40005dc0 comp rx=0 tx=0).stop
[2026-02-12 00:31:06,772][ceph_volume.process][INFO ] stderr
2026-02-12T00:31:06.772+0000 7f6e514d3640 1 -- 10.20.193.182:0/2230501494 >> [v2:10.20.193.182:3300/0,v1:10.20.193.182:6789/0] conn(0x7f6e4c10c190 msgr2=0x7f6e4c1a3bd0 secure :-1 s=STATE_CONNECTION_ESTABLISHED l=1).mark_down
2026-02-12T00:31:06.772+0000 7f6e514d3640 1 --2- 10.20.193.182:0/2230501494 >> [v2:10.20.193.182:3300/0,v1:10.20.193.182:6789/0] conn(0x7f6e4c10c190 0x7f6e4c1a3bd0 secure :-1 s=READY pgs=34 cs=0 l=1 rev1=1 crypto rx=0x7f6e34005bb0 tx=0x7f6e340042f0 comp rx=0 tx=0).stop
[2026-02-12 00:31:06,772][ceph_volume.process][INFO ] stderr
2026-02-12T00:31:06.772+0000 7f6e514d3640 1 -- 10.20.193.182:0/2230501494 shutdown_connections
2026-02-12T00:31:06.772+0000 7f6e514d3640 1 --2- 10.20.193.182:0/2230501494 >> [v2:10.20.193.63:6800/3119037958,v1:10.20.193.63:6801/3119037958] conn(0x7f6e200af020 0x7f6e200b14e0 unknown :-1 s=CLOSED pgs=96 cs=0 l=1 rev1=1 crypto rx=0 tx=0 comp rx=0 tx=0).stop
2026-02-12T00:31:06.772+0000 7f6e514d3640 1 --2- 10.20.193.182:0/2230501494 >> [v2:10.20.193.163:3300/0,v1:10.20.193.163:6789/0] conn(0x7f6e4c10e450 0x7f6e4c1ac0c0 unknown :-1 s=CLOSED pgs=0 cs=0 l=1 rev1=1 crypto rx=0 tx=0 comp rx=0 tx=0).stop
2026-02-12T00:31:06.772+0000 7f6e514d3640 1 --2- 10.20.193.182:0/2230501494 >> [v2:10.20.193.182:3300/0,v1:10.20.193.182:6789/0] conn(0x7f6e4c10c190 0x7f6e4c1a3bd0 unknown :-1 s=CLOSED pgs=34 cs=0 l=1 rev1=1 crypto rx=0 tx=0 comp rx=0 tx=0).stop
2026-02-12T00:31:06.772+0000 7f6e514d3640 1 --2- 10.20.193.182:0/2230501494 >> [v2:10.20.193.63:3300/0,v1:10.20.193.63:6789/0] conn(0x7f6e4c10b7d0 0x7f6e4c1a3690 unknown
[2026-02-12 00:31:06,772][ceph_volume.process][INFO ] stderr :-1 s=CLOSED pgs=0 cs=0 l=1 rev1=1 crypto rx=0 tx=0 comp rx=0 tx=0).stop
2026-02-12T00:31:06.772+0000 7f6e514d3640 1 -- 10.20.193.182:0/2230501494 >> 10.20.193.182:0/2230501494 conn(0x7f6e4c06afa0 msgr2=0x7f6e4c1092b0 unknown :-1 s=STATE_NONE l=0).mark_down
[2026-02-12 00:31:06,772][ceph_volume.process][INFO ] stderr
2026-02-12T00:31:06.772+0000 7f6e514d3640 1 -- 10.20.193.182:0/2230501494 shutdown_connections
[2026-02-12 00:31:06,772][ceph_volume.process][INFO ] stderr
2026-02-12T00:31:06.772+0000 7f6e514d3640 1 -- 10.20.193.182:0/2230501494 wait complete.
[2026-02-12 00:31:06,778][ceph_volume.util.prepare][INFO ] Creating keyring file for osd.8
[2026-02-12 00:31:06,778][ceph_volume.process][INFO ] Running command: /usr/bin/ceph-authtool /var/lib/ceph/osd/ceph-8/keyring --create-keyring --name osd.8 --add-key AQBKH41pDZvWFRAAfufyM/+fyNw8zAoQMop4hA==
[2026-02-12 00:31:06,790][ceph_volume.process][INFO ] Running command: /usr/bin/chown -R ceph:ceph /var/lib/ceph/osd/ceph-8/keyring
[2026-02-12 00:31:06,792][ceph_volume.process][INFO ] Running command: /usr/bin/chown -R ceph:ceph /var/lib/ceph/osd/ceph-8/
[2026-02-12 00:31:06,794][ceph_volume.process][INFO ] Running command: /usr/bin/ceph-osd --cluster ceph --osd-objectstore bluestore --mkfs -i 8 --monmap /var/lib/ceph/osd/ceph-8/activate.monmap --keyfile - --osdspec-affinity None --osd-data /var/lib/ceph/osd/ceph-8/ --osd-uuid 86620853-7c98-4c81-b7fc-d53a24400b28 --setuser ceph --setgroup ceph
[2026-02-12 00:31:09,903][ceph_volume.process][INFO ] stderr
2026-02-12T00:31:06.812+0000 7f0e9e018740 -1 bluestore(/var/lib/ceph/osd/ceph-8/) _read_fsid unparsable uuid
[2026-02-12 00:31:09,906][ceph_volume.util.system][INFO ] Executable lvs found on the host, will use /sbin/lvs
[2026-02-12 00:31:09,906][ceph_volume.process][INFO ] Running command: nsenter --mount=/rootfs/proc/1/ns/mnt --ipc=/rootfs/proc/1/ns/ipc --net=/rootfs/proc/1/ns/net --uts=/rootfs/proc/1/ns/uts /sbin/lvs --noheadings --readonly --separator=";" -a --units=b --nosuffix -S tags={ceph.osd_fsid=86620853-7c98-4c81-b7fc-d53a24400b28} -o lv_tags,lv_path,lv_name,vg_name,lv_uuid,lv_size
[2026-02-12 00:31:09,943][ceph_volume.process][INFO ] stdout ceph.block_device=/dev/vg_nvme/lv_2,ceph.block_uuid=HbVmmH-vZ62-aVql-2o8d-21AF-hEZd-sMi13H,ceph.cephx_lockbox_secret=,ceph.cluster_fsid=d652ab1e-07a9-11f1-bda7-d404e6e7d460,ceph.cluster_name=ceph,ceph.crush_device_class=,ceph.encrypted=0,ceph.osd_fsid=86620853-7c98-4c81-b7fc-d53a24400b28,ceph.osd_id=8,ceph.osdspec_affinity=None,ceph.type=block,ceph.vdo=0";"/dev/vg_nvme/lv_2";"lv_2";"vg_nvme";"HbVmmH-vZ62-aVql-2o8d-21AF-hEZd-sMi13H";"751619276800
[2026-02-12 00:31:09,951][ceph_volume.devices.lvm.activate][DEBUG ] Found block device (lv_2) with encryption: False
[2026-02-12 00:31:09,951][ceph_volume.devices.lvm.activate][DEBUG ] Found block device (lv_2) with encryption: False
[2026-02-12 00:31:09,951][ceph_volume.process][INFO ] Running command: /usr/bin/chown -R ceph:ceph /var/lib/ceph/osd/ceph-8
[2026-02-12 00:31:09,953][ceph_volume.process][INFO ] Running command: /usr/bin/ceph-bluestore-tool --cluster=ceph prime-osd-dir --dev /dev/vg_nvme/lv_2 --path /var/lib/ceph/osd/ceph-8 --no-mon-config
[2026-02-12 00:31:09,967][ceph_volume.process][INFO ] Running command: /usr/bin/ln -snf /dev/vg_nvme/lv_2 /var/lib/ceph/osd/ceph-8/block
[2026-02-12 00:31:09,969][ceph_volume.process][INFO ] Running command: /usr/bin/chown -h ceph:ceph /var/lib/ceph/osd/ceph-8/block
[2026-02-12 00:31:09,972][ceph_volume.process][INFO ] Running command: /usr/bin/chown -R ceph:ceph /dev/dm-1
[2026-02-12 00:31:09,974][ceph_volume.process][INFO ] Running command: /usr/bin/chown -R ceph:ceph /var/lib/ceph/osd/ceph-8
[2026-02-12 00:31:10,433][ceph_volume.main][INFO ] Running command: ceph-volume lvm list --format json
[2026-02-12 00:31:10,436][ceph_volume.util.system][INFO ] Executable lvs found on the host, will use /sbin/lvs
[2026-02-12 00:31:10,437][ceph_volume.process][INFO ] Running command: nsenter --mount=/rootfs/proc/1/ns/mnt --ipc=/rootfs/proc/1/ns/ipc --net=/rootfs/proc/1/ns/net --uts=/rootfs/proc/1/ns/uts /sbin/lvs --noheadings --readonly --separator=";" -a --units=b --nosuffix -S -o lv_tags,lv_path,lv_name,vg_name,lv_uuid,lv_size
[2026-02-12 00:31:10,464][ceph_volume.process][INFO ] stdout ";"/dev/vg_nvme/lv_1";"lv_1";"vg_nvme";"cfwWQW-5Lel-RaJl-js8T-n3re-hP6a-q5QzmZ";"751619276800
[2026-02-12 00:31:10,464][ceph_volume.process][INFO ] stdout ceph.block_device=/dev/vg_nvme/lv_2,ceph.block_uuid=HbVmmH-vZ62-aVql-2o8d-21AF-hEZd-sMi13H,ceph.cephx_lockbox_secret=,ceph.cluster_fsid=d652ab1e-07a9-11f1-bda7-d404e6e7d460,ceph.cluster_name=ceph,ceph.crush_device_class=,ceph.encrypted=0,ceph.osd_fsid=86620853-7c98-4c81-b7fc-d53a24400b28,ceph.osd_id=8,ceph.osdspec_affinity=None,ceph.type=block,ceph.vdo=0";"/dev/vg_nvme/lv_2";"lv_2";"vg_nvme";"HbVmmH-vZ62-aVql-2o8d-21AF-hEZd-sMi13H";"751619276800
[2026-02-12 00:31:10,464][ceph_volume.process][INFO ] stdout ceph.block_device=/dev/vg_nvme/lv_3,ceph.block_uuid=GcTSPS-f8uL-innd-DkVy-dFqH-DYpO-QlaJ9h,ceph.cephx_lockbox_secret=,ceph.cluster_fsid=d652ab1e-07a9-11f1-bda7-d404e6e7d460,ceph.cluster_name=ceph,ceph.crush_device_class=,ceph.encrypted=0,ceph.osd_fsid=c8f9b0ac-62e1-4110-a1ca-7ed9f4f51edd,ceph.osd_id=5,ceph.osdspec_affinity=None,ceph.type=block,ceph.vdo=0";"/dev/vg_nvme/lv_3";"lv_3";"vg_nvme";"GcTSPS-f8uL-innd-DkVy-dFqH-DYpO-QlaJ9h";"751619276800
[2026-02-12 00:31:10,464][ceph_volume.process][INFO ] stdout ceph.block_device=/dev/vg_nvme/lv_4,ceph.block_uuid=qYu7jL-tT5J-sP1y-rnQD-VmyE-713E-RJ7svi,ceph.cephx_lockbox_secret=,ceph.cluster_fsid=d652ab1e-07a9-11f1-bda7-d404e6e7d460,ceph.cluster_name=ceph,ceph.crush_device_class=,ceph.encrypted=0,ceph.osd_fsid=aeb22277-9b2c-446a-821d-b3340b639db2,ceph.osd_id=2,ceph.osdspec_affinity=None,ceph.type=block,ceph.vdo=0";"/dev/vg_nvme/lv_4";"lv_4";"vg_nvme";"qYu7jL-tT5J-sP1y-rnQD-VmyE-713E-RJ7svi";"751619276800
[2026-02-12 00:31:10,464][ceph_volume.process][INFO ] stdout ";"/dev/vg_nvme/lv_5";"lv_5";"vg_nvme";"B9wWeG-MpcL-ie1o-PGkT-YYne-1KaF-CxlD1U";"107374182400
[2026-02-12 00:31:10,467][ceph_volume.util.system][INFO ] Executable pvs found on the host, will use /sbin/pvs
[2026-02-12 00:31:10,467][ceph_volume.process][INFO ] Running command: nsenter --mount=/rootfs/proc/1/ns/mnt --ipc=/rootfs/proc/1/ns/ipc --net=/rootfs/proc/1/ns/net --uts=/rootfs/proc/1/ns/uts /sbin/pvs --noheadings --readonly --separator=";" -S -o pv_name,pv_tags,pv_uuid,vg_name,lv_uuid
[2026-02-12 00:31:10,503][ceph_volume.process][INFO ] stdout /dev/nvme1n1";"";"IPkuMG-IVFp-6UXL-5xCY-o4Qk-z5Tl-OIq0pO";"vg_nvme";"cfwWQW-5Lel-RaJl-js8T-n3re-hP6a-q5QzmZ
[2026-02-12 00:31:10,503][ceph_volume.process][INFO ] stdout /dev/nvme1n1";"";"IPkuMG-IVFp-6UXL-5xCY-o4Qk-z5Tl-OIq0pO";"vg_nvme";"HbVmmH-vZ62-aVql-2o8d-21AF-hEZd-sMi13H
[2026-02-12 00:31:10,503][ceph_volume.process][INFO ] stdout /dev/nvme1n1";"";"IPkuMG-IVFp-6UXL-5xCY-o4Qk-z5Tl-OIq0pO";"vg_nvme";"B9wWeG-MpcL-ie1o-PGkT-YYne-1KaF-CxlD1U
[2026-02-12 00:31:10,503][ceph_volume.process][INFO ] stdout /dev/nvme1n1";"";"IPkuMG-IVFp-6UXL-5xCY-o4Qk-z5Tl-OIq0pO";"vg_nvme";"
[2026-02-12 00:31:10,503][ceph_volume.process][INFO ] stdout /dev/nvme2n1";"";"ecQJCQ-G71s-6KF5-NXjl-0Ntx-tiGh-27ppgV";"vg_nvme";"GcTSPS-f8uL-innd-DkVy-dFqH-DYpO-QlaJ9h
[2026-02-12 00:31:10,503][ceph_volume.process][INFO ] stdout /dev/nvme2n1";"";"ecQJCQ-G71s-6KF5-NXjl-0Ntx-tiGh-27ppgV";"vg_nvme";"qYu7jL-tT5J-sP1y-rnQD-VmyE-713E-RJ7svi
[2026-02-12 00:31:10,503][ceph_volume.process][INFO ] stdout /dev/nvme2n1";"";"ecQJCQ-G71s-6KF5-NXjl-0Ntx-tiGh-27ppgV";"vg_nvme";"
[2026-02-12 00:31:10,503][ceph_volume.api.lvm][WARNING] device is not part of ceph:
[2026-02-12 00:31:10,504][ceph_volume.api.lvm][WARNING] device is not part of ceph:
[2026-02-12 00:31:10,972][ceph_volume.main][INFO ] Running command: ceph-volume activate --bad-option
[2026-02-12 00:31:11,503][ceph_volume.main][INFO ] Running command: ceph-volume activate --osd-id 8 --osd-uuid 86620853-7c98-4c81-b7fc-d53a24400b28 --no-systemd --no-tmpfs
[2026-02-12 00:31:11,503][ceph_volume.devices.raw.list][DEBUG ] Listing block devices via lsblk...
[2026-02-12 00:31:11,503][ceph_volume.process][INFO ] Running command: /usr/bin/lsblk -P -p -o NAME,KNAME,PKNAME,MAJ:MIN,FSTYPE,MOUNTPOINT,LABEL,UUID,RO,RM,MODEL,SIZE,STATE,OWNER,GROUP,MODE,ALIGNMENT,PHY-SEC,LOG-SEC,ROTA,SCHED,TYPE,DISC-ALN,DISC-GRAN,DISC-MAX,DISC-ZERO,PKNAME,PARTLABEL
[2026-02-12 00:31:11,510][ceph_volume.process][INFO ] stdout NAME="/dev/nvme0n1" KNAME="/dev/nvme0n1" PKNAME="" MAJ_MIN="259:0" FSTYPE="" MOUNTPOINT="" LABEL="" UUID="" RO="0" RM="0" MODEL="Micron_7450_MTFDKBA960TFR" SIZE="894.3G" STATE="live" OWNER="root" GROUP="disk" MODE="brw-rw----" ALIGNMENT="0" PHY_SEC="4096" LOG_SEC="512" ROTA="0" SCHED="none" TYPE="disk" DISC_ALN="0" DISC_GRAN="4K" DISC_MAX="2T" DISC_ZERO="0" PKNAME="" PARTLABEL=""
[2026-02-12 00:31:11,510][ceph_volume.process][INFO ] stdout NAME="/dev/nvme0n1p1" KNAME="/dev/nvme0n1p1" PKNAME="/dev/nvme0n1" MAJ_MIN="259:3" FSTYPE="vfat" MOUNTPOINT="/rootfs/boot/efi" LABEL="efi" UUID="8F1A-A3A9" RO="0" RM="0" MODEL="" SIZE="512M" STATE="" OWNER="root" GROUP="disk" MODE="brw-rw----" ALIGNMENT="0" PHY_SEC="4096" LOG_SEC="512" ROTA="0" SCHED="none" TYPE="part" DISC_ALN="0" DISC_GRAN="4K" DISC_MAX="2T" DISC_ZERO="0" PKNAME="/dev/nvme0n1" PARTLABEL=""
[2026-02-12 00:31:11,510][ceph_volume.process][INFO ] stdout NAME="/dev/nvme0n1p2" KNAME="/dev/nvme0n1p2" PKNAME="/dev/nvme0n1" MAJ_MIN="259:4" FSTYPE="ext4" MOUNTPOINT="/rootfs" LABEL="root" UUID="dd550503-fc1d-4353-869e-16e2f042aa08" RO="0" RM="0" MODEL="" SIZE="893.8G" STATE="" OWNER="root" GROUP="disk" MODE="brw-rw----" ALIGNMENT="0" PHY_SEC="4096" LOG_SEC="512" ROTA="0" SCHED="none" TYPE="part" DISC_ALN="0" DISC_GRAN="4K" DISC_MAX="2T" DISC_ZERO="0" PKNAME="/dev/nvme0n1" PARTLABEL=""
[2026-02-12 00:31:11,510][ceph_volume.process][INFO ] stdout NAME="/dev/nvme2n1" KNAME="/dev/nvme2n1" PKNAME="" MAJ_MIN="259:1" FSTYPE="LVM2_member" MOUNTPOINT="" LABEL="" UUID="ecQJCQ-G71s-6KF5-NXjl-0Ntx-tiGh-27ppgV" RO="0" RM="0" MODEL="MTFDKCC1T9TGP-1BK1JABYY" SIZE="1.7T" STATE="live" OWNER="root" GROUP="disk" MODE="brw-rw----" ALIGNMENT="0" PHY_SEC="4096" LOG_SEC="512" ROTA="0" SCHED="none" TYPE="disk" DISC_ALN="0" DISC_GRAN="4K" DISC_MAX="2T" DISC_ZERO="0" PKNAME="" PARTLABEL=""
[2026-02-12 00:31:11,510][ceph_volume.process][INFO ] stdout NAME="/dev/mapper/vg_nvme-lv_3" KNAME="/dev/dm-2" PKNAME="/dev/nvme2n1" MAJ_MIN="253:2" FSTYPE="ceph_bluestore" MOUNTPOINT="" LABEL="" UUID="" RO="0" RM="0" MODEL="" SIZE="700G" STATE="running" OWNER="ceph" GROUP="ceph" MODE="brw-rw----" ALIGNMENT="0" PHY_SEC="4096" LOG_SEC="512" ROTA="0" SCHED="" TYPE="lvm" DISC_ALN="0" DISC_GRAN="4K" DISC_MAX="2T" DISC_ZERO="0" PKNAME="/dev/nvme2n1" PARTLABEL=""
[2026-02-12 00:31:11,510][ceph_volume.process][INFO ] stdout NAME="/dev/mapper/vg_nvme-lv_4" KNAME="/dev/dm-3" PKNAME="/dev/nvme2n1" MAJ_MIN="253:3" FSTYPE="ceph_bluestore" MOUNTPOINT="" LABEL="" UUID="" RO="0" RM="0" MODEL="" SIZE="700G" STATE="running" OWNER="ceph" GROUP="ceph" MODE="brw-rw----" ALIGNMENT="0" PHY_SEC="4096" LOG_SEC="512" ROTA="0" SCHED="" TYPE="lvm" DISC_ALN="0" DISC_GRAN="4K" DISC_MAX="2T" DISC_ZERO="0" PKNAME="/dev/nvme2n1" PARTLABEL=""
[2026-02-12 00:31:11,510][ceph_volume.process][INFO ] stdout NAME="/dev/nvme1n1" KNAME="/dev/nvme1n1" PKNAME="" MAJ_MIN="259:2" FSTYPE="LVM2_member" MOUNTPOINT="" LABEL="" UUID="IPkuMG-IVFp-6UXL-5xCY-o4Qk-z5Tl-OIq0pO" RO="0" RM="0" MODEL="MTFDKCC1T9TGP-1BK1JABYY" SIZE="1.7T" STATE="live" OWNER="root" GROUP="disk" MODE="brw-rw----" ALIGNMENT="0" PHY_SEC="4096" LOG_SEC="512" ROTA="0" SCHED="none" TYPE="disk" DISC_ALN="0" DISC_GRAN="4K" DISC_MAX="2T" DISC_ZERO="0" PKNAME="" PARTLABEL=""
[2026-02-12 00:31:11,510][ceph_volume.process][INFO ] stdout NAME="/dev/mapper/vg_nvme-lv_1" KNAME="/dev/dm-0" PKNAME="/dev/nvme1n1" MAJ_MIN="253:0" FSTYPE="" MOUNTPOINT="" LABEL="" UUID="" RO="0" RM="0" MODEL="" SIZE="700G" STATE="running" OWNER="root" GROUP="disk" MODE="brw-rw----" ALIGNMENT="0" PHY_SEC="4096" LOG_SEC="512" ROTA="0" SCHED="" TYPE="lvm" DISC_ALN="0" DISC_GRAN="4K" DISC_MAX="2T" DISC_ZERO="0" PKNAME="/dev/nvme1n1" PARTLABEL=""
[2026-02-12 00:31:11,510][ceph_volume.process][INFO ] stdout NAME="/dev/mapper/vg_nvme-lv_2" KNAME="/dev/dm-1" PKNAME="/dev/nvme1n1" MAJ_MIN="253:1" FSTYPE="ceph_bluestore" MOUNTPOINT="" LABEL="" UUID="" RO="0" RM="0" MODEL="" SIZE="700G" STATE="running" OWNER="ceph" GROUP="ceph" MODE="brw-rw----" ALIGNMENT="0" PHY_SEC="4096" LOG_SEC="512" ROTA="0" SCHED="" TYPE="lvm" DISC_ALN="0" DISC_GRAN="4K" DISC_MAX="2T" DISC_ZERO="0" PKNAME="/dev/nvme1n1" PARTLABEL=""
[2026-02-12 00:31:11,510][ceph_volume.process][INFO ] stdout NAME="/dev/mapper/vg_nvme-lv_5" KNAME="/dev/dm-4" PKNAME="/dev/nvme1n1" MAJ_MIN="253:4" FSTYPE="xfs" MOUNTPOINT="/rootfs/var/lib/ceph" LABEL="" UUID="e2fc258a-035e-4ff1-b16e-7a2d90244446" RO="0" RM="0" MODEL="" SIZE="100G" STATE="running" OWNER="root" GROUP="disk" MODE="brw-rw----" ALIGNMENT="0" PHY_SEC="4096" LOG_SEC="512" ROTA="0" SCHED="" TYPE="lvm" DISC_ALN="0" DISC_GRAN="4K" DISC_MAX="2T" DISC_ZERO="0" PKNAME="/dev/nvme1n1" PARTLABEL=""
[2026-02-12 00:31:11,511][ceph_volume.util.disk][INFO ] opening device /dev/nvme0n1 to check for BlueStore label
[2026-02-12 00:31:11,511][ceph_volume.util.disk][INFO ] opening device /dev/nvme0n1 to check for BlueStore label
[2026-02-12 00:31:11,511][ceph_volume.util.disk][INFO ] opening device /dev/nvme2n1 to check for BlueStore label
[2026-02-12 00:31:11,511][ceph_volume.util.disk][INFO ] opening device /dev/nvme2n1 to check for BlueStore label
[2026-02-12 00:31:11,511][ceph_volume.util.disk][INFO ] opening device /dev/nvme1n1 to check for BlueStore label
[2026-02-12 00:31:11,511][ceph_volume.util.disk][INFO ] opening device /dev/nvme1n1 to check for BlueStore label
[2026-02-12 00:31:11,511][ceph_volume.util.disk][INFO ] opening device /dev/nvme1n1 to check for BlueStore label
[2026-02-12 00:31:11,511][ceph_volume.devices.raw.list][DEBUG ] inspecting devices: ['/dev/nvme0n1', '/dev/nvme0n1p1', '/dev/nvme0n1p2', '/dev/nvme2n1', '/dev/mapper/vg_nvme-lv_3', '/dev/mapper/vg_nvme-lv_4', '/dev/nvme1n1', '/dev/mapper/vg_nvme-lv_1', '/dev/mapper/vg_nvme-lv_2', '/dev/mapper/vg_nvme-lv_5']
[2026-02-12 00:31:11,511][ceph_volume.process][INFO ] Running command: /usr/bin/ceph-bluestore-tool show-label --dev /dev/nvme0n1
[2026-02-12 00:31:11,524][ceph_volume.process][INFO ] stderr unable to read label for /dev/nvme0n1: (2) No such file or directory
[2026-02-12 00:31:11,524][ceph_volume.devices.raw.list][DEBUG ] assuming device /dev/nvme0n1 is not BlueStore; ceph-bluestore-tool failed to get info from device: [] ['unable to read label for /dev/nvme0n1: (2) No such file or directory']
[2026-02-12 00:31:11,524][ceph_volume.devices.raw.list][INFO ] device /dev/nvme0n1 does not have BlueStore information
[2026-02-12 00:31:11,524][ceph_volume.process][INFO ] Running command: /usr/bin/ceph-bluestore-tool show-label --dev /dev/nvme0n1p1
[2026-02-12 00:31:11,536][ceph_volume.process][INFO ] stderr unable to read label for /dev/nvme0n1p1: (2) No such file or directory
[2026-02-12 00:31:11,537][ceph_volume.devices.raw.list][DEBUG ] assuming device /dev/nvme0n1p1 is not BlueStore; ceph-bluestore-tool failed to get info from device: [] ['unable to read label for /dev/nvme0n1p1: (2) No such file or directory']
[2026-02-12 00:31:11,537][ceph_volume.devices.raw.list][INFO ] device /dev/nvme0n1p1 does not have BlueStore information
[2026-02-12 00:31:11,537][ceph_volume.process][INFO ] Running command: /usr/bin/ceph-bluestore-tool show-label --dev /dev/nvme0n1p2
[2026-02-12 00:31:11,550][ceph_volume.process][INFO ] stderr unable to read label for /dev/nvme0n1p2: (2) No such file or directory
[2026-02-12 00:31:11,550][ceph_volume.devices.raw.list][DEBUG ] assuming device /dev/nvme0n1p2 is not BlueStore; ceph-bluestore-tool failed to get info from device: [] ['unable to read label for /dev/nvme0n1p2: (2) No such file or directory']
[2026-02-12 00:31:11,550][ceph_volume.devices.raw.list][INFO ] device /dev/nvme0n1p2 does not have BlueStore information
[2026-02-12 00:31:11,550][ceph_volume.process][INFO ] Running command: /usr/bin/ceph-bluestore-tool show-label --dev /dev/nvme2n1
[2026-02-12 00:31:11,563][ceph_volume.process][INFO ] stderr unable to read label for /dev/nvme2n1: (2) No such file or directory
[2026-02-12 00:31:11,563][ceph_volume.devices.raw.list][DEBUG ] assuming device /dev/nvme2n1 is not BlueStore; ceph-bluestore-tool failed to get info from device: [] ['unable to read label for /dev/nvme2n1: (2) No such file or directory']
[2026-02-12 00:31:11,563][ceph_volume.devices.raw.list][INFO ] device /dev/nvme2n1 does not have BlueStore information
[2026-02-12 00:31:11,563][ceph_volume.process][INFO ] Running command: /usr/bin/ceph-bluestore-tool show-label --dev /dev/mapper/vg_nvme-lv_3
[2026-02-12 00:31:11,575][ceph_volume.process][INFO ] stdout {
[2026-02-12 00:31:11,575][ceph_volume.process][INFO ] stdout "/dev/mapper/vg_nvme-lv_3": {
[2026-02-12 00:31:11,575][ceph_volume.process][INFO ] stdout "osd_uuid": "c8f9b0ac-62e1-4110-a1ca-7ed9f4f51edd",
[2026-02-12 00:31:11,575][ceph_volume.process][INFO ] stdout "size": 751619276800,
[2026-02-12 00:31:11,575][ceph_volume.process][INFO ] stdout "btime": "2026-02-12T00:30:44.191804+0000",
[2026-02-12 00:31:11,575][ceph_volume.process][INFO ] stdout "description": "main",
[2026-02-12 00:31:11,575][ceph_volume.process][INFO ] stdout "bfm_blocks": "183500800",
[2026-02-12 00:31:11,575][ceph_volume.process][INFO ] stdout "bfm_blocks_per_key": "128",
[2026-02-12 00:31:11,575][ceph_volume.process][INFO ] stdout "bfm_bytes_per_block": "4096",
[2026-02-12 00:31:11,575][ceph_volume.process][INFO ] stdout "bfm_size": "751619276800",
[2026-02-12 00:31:11,575][ceph_volume.process][INFO ] stdout "bluefs": "1",
[2026-02-12 00:31:11,575][ceph_volume.process][INFO ] stdout "ceph_fsid": "d652ab1e-07a9-11f1-bda7-d404e6e7d460",
[2026-02-12 00:31:11,575][ceph_volume.process][INFO ] stdout "ceph_version_when_created": "ceph version 18.2.7-1047-g9191375a (9191375ab5b1e911954d9f7c2b9cd180c08dc881) reef (stable)",
[2026-02-12 00:31:11,575][ceph_volume.process][INFO ] stdout "created_at": "2026-02-12T00:30:46.354787Z",
[2026-02-12 00:31:11,575][ceph_volume.process][INFO ] stdout "kv_backend": "rocksdb",
[2026-02-12 00:31:11,575][ceph_volume.process][INFO ] stdout "magic": "ceph osd volume v026",
[2026-02-12 00:31:11,575][ceph_volume.process][INFO ] stdout "mkfs_done": "yes",
[2026-02-12 00:31:11,575][ceph_volume.process][INFO ] stdout "osd_key": "AQAzH41phCtrFBAAHOpLXZ+Il59hPfWnpVgl+g==",
[2026-02-12 00:31:11,575][ceph_volume.process][INFO ] stdout "osdspec_affinity": "None",
[2026-02-12 00:31:11,575][ceph_volume.process][INFO ] stdout "ready": "ready",
[2026-02-12 00:31:11,575][ceph_volume.process][INFO ] stdout "require_osd_release": "18",
[2026-02-12 00:31:11,575][ceph_volume.process][INFO ] stdout "whoami": "5"
[2026-02-12 00:31:11,575][ceph_volume.process][INFO ] stdout }
[2026-02-12 00:31:11,575][ceph_volume.process][INFO ] stdout }
[2026-02-12 00:31:11,575][ceph_volume.process][INFO ] Running command: /usr/bin/ceph-bluestore-tool show-label --dev /dev/mapper/vg_nvme-lv_4
[2026-02-12 00:31:11,588][ceph_volume.process][INFO ] stdout {
[2026-02-12 00:31:11,588][ceph_volume.process][INFO ] stdout "/dev/mapper/vg_nvme-lv_4": {
[2026-02-12 00:31:11,588][ceph_volume.process][INFO ] stdout "osd_uuid": "aeb22277-9b2c-446a-821d-b3340b639db2",
[2026-02-12 00:31:11,588][ceph_volume.process][INFO ] stdout "size": 751619276800,
[2026-02-12 00:31:11,588][ceph_volume.process][INFO ] stdout "btime": "2026-02-12T00:30:21.248473+0000",
[2026-02-12 00:31:11,588][ceph_volume.process][INFO ] stdout "description": "main",
[2026-02-12 00:31:11,588][ceph_volume.process][INFO ] stdout "bfm_blocks": "183500800",
[2026-02-12 00:31:11,588][ceph_volume.process][INFO ] stdout "bfm_blocks_per_key": "128",
[2026-02-12 00:31:11,588][ceph_volume.process][INFO ] stdout "bfm_bytes_per_block": "4096",
[2026-02-12 00:31:11,588][ceph_volume.process][INFO ] stdout "bfm_size": "751619276800",
[2026-02-12 00:31:11,588][ceph_volume.process][INFO ] stdout "bluefs": "1",
[2026-02-12 00:31:11,588][ceph_volume.process][INFO ] stdout "ceph_fsid": "d652ab1e-07a9-11f1-bda7-d404e6e7d460",
[2026-02-12 00:31:11,588][ceph_volume.process][INFO ] stdout "ceph_version_when_created": "ceph version 18.2.7-1047-g9191375a (9191375ab5b1e911954d9f7c2b9cd180c08dc881) reef (stable)",
[2026-02-12 00:31:11,588][ceph_volume.process][INFO ] stdout "created_at": "2026-02-12T00:30:23.430504Z",
[2026-02-12 00:31:11,588][ceph_volume.process][INFO ] stdout "kv_backend": "rocksdb",
[2026-02-12 00:31:11,588][ceph_volume.process][INFO ] stdout "magic": "ceph osd volume v026",
[2026-02-12 00:31:11,588][ceph_volume.process][INFO ] stdout "mkfs_done": "yes",
[2026-02-12 00:31:11,588][ceph_volume.process][INFO ] stdout "osd_key": "AQAcH41psfKPGBAAe+iV5CS6XwRvWLDWS0kO4w==",
[2026-02-12 00:31:11,588][ceph_volume.process][INFO ] stdout "osdspec_affinity": "None",
[2026-02-12 00:31:11,588][ceph_volume.process][INFO ] stdout "ready": "ready",
[2026-02-12 00:31:11,588][ceph_volume.process][INFO ] stdout "require_osd_release": "18",
[2026-02-12 00:31:11,588][ceph_volume.process][INFO ] stdout "whoami": "2"
[2026-02-12 00:31:11,588][ceph_volume.process][INFO ] stdout }
[2026-02-12 00:31:11,588][ceph_volume.process][INFO ] stdout }
[2026-02-12 00:31:11,588][ceph_volume.process][INFO ] Running command: /usr/bin/ceph-bluestore-tool show-label --dev /dev/nvme1n1
[2026-02-12 00:31:11,599][ceph_volume.process][INFO ] stderr unable to read label for /dev/nvme1n1: (2) No such file or directory
[2026-02-12 00:31:11,600][ceph_volume.devices.raw.list][DEBUG ] assuming device /dev/nvme1n1 is not BlueStore; ceph-bluestore-tool failed to get info from device: [] ['unable to read label for /dev/nvme1n1: (2) No such file or directory']
[2026-02-12 00:31:11,600][ceph_volume.devices.raw.list][INFO ] device /dev/nvme1n1 does not have BlueStore information
[2026-02-12 00:31:11,600][ceph_volume.process][INFO ] Running command: /usr/bin/ceph-bluestore-tool show-label --dev /dev/mapper/vg_nvme-lv_1
[2026-02-12 00:31:11,611][ceph_volume.process][INFO ] stderr unable to read label for /dev/mapper/vg_nvme-lv_1: (2) No such file or directory
[2026-02-12 00:31:11,611][ceph_volume.devices.raw.list][DEBUG ] assuming device /dev/mapper/vg_nvme-lv_1 is not BlueStore; ceph-bluestore-tool failed to get info from device: [] ['unable to read label for /dev/mapper/vg_nvme-lv_1: (2) No such file or directory']
[2026-02-12 00:31:11,611][ceph_volume.devices.raw.list][INFO ] device /dev/mapper/vg_nvme-lv_1 does not have BlueStore information
[2026-02-12 00:31:11,611][ceph_volume.process][INFO ] Running command: /usr/bin/ceph-bluestore-tool show-label --dev /dev/mapper/vg_nvme-lv_2
[2026-02-12 00:31:11,625][ceph_volume.process][INFO ] stdout {
