2026-02-12T00:33:43.461+0000 7feabf577640 1 -- 10.20.193.138:0/1887993654 >> 10.20.193.138:0/1887993654 conn(0x7feac006fd40 msgr2=0x7feac0072160 unknown :-1 s=STATE_NONE l=0).mark_down
[2026-02-12 00:33:43,558][ceph_volume.process][INFO ] stderr
2026-02-12T00:33:43.461+0000 7feabf577640 1 -- 10.20.193.138:0/1887993654 shutdown_connections
[2026-02-12 00:33:43,558][ceph_volume.process][INFO ] stderr
2026-02-12T00:33:43.461+0000 7feabf577640 1 -- 10.20.193.138:0/1887993654 wait complete.
[2026-02-12 00:33:43,558][ceph_volume.process][INFO ] stderr
2026-02-12T00:33:43.461+0000 7feabf577640 1 Processor -- start
[2026-02-12 00:33:43,558][ceph_volume.process][INFO ] stderr
2026-02-12T00:33:43.461+0000 7feabf577640 1 -- start start
[2026-02-12 00:33:43,558][ceph_volume.process][INFO ] stderr
2026-02-12T00:33:43.461+0000 7feabf577640 1 --2- >> [v2:10.20.193.185:3300/0,v1:10.20.193.185:6789/0] conn(0x7feac0109a20 0x7feac006c200 unknown :-1 s=NONE pgs=0 cs=0 l=1 rev1=0 crypto rx=0 tx=0 comp rx=0 tx=0).connect
[2026-02-12 00:33:43,558][ceph_volume.process][INFO ] stderr
2026-02-12T00:33:43.461+0000 7feabf577640 1 --2- >> [v2:10.20.193.138:3300/0,v1:10.20.193.138:6789/0] conn(0x7feac010a340 0x7feac006c740 unknown :-1 s=NONE pgs=0 cs=0 l=1 rev1=0 crypto rx=0 tx=0 comp rx=0 tx=0).connect
[2026-02-12 00:33:43,558][ceph_volume.process][INFO ] stderr
2026-02-12T00:33:43.461+0000 7feabf577640 1 --2- >> [v2:10.20.193.158:3300/0,v1:10.20.193.158:6789/0] conn(0x7feac0110550 0x7feac006cc80 unknown :-1 s=NONE pgs=0 cs=0 l=1 rev1=0 crypto rx=0 tx=0 comp rx=0 tx=0).connect
[2026-02-12 00:33:43,558][ceph_volume.process][INFO ] stderr
2026-02-12T00:33:43.461+0000 7feabf577640 1 -- --> [v2:10.20.193.138:3300/0,v1:10.20.193.138:6789/0] -- mon_getmap magic: 0 v1 -- 0x7feac01ac4f0 con 0x7feac010a340
[2026-02-12 00:33:43,558][ceph_volume.process][INFO ] stderr
2026-02-12T00:33:43.461+0000 7feabf577640 1 -- --> [v2:10.20.193.158:3300/0,v1:10.20.193.158:6789/0] -- mon_getmap magic: 0 v1 -- 0x7feac01ac630 con 0x7feac0110550
[2026-02-12 00:33:43,558][ceph_volume.process][INFO ] stderr
2026-02-12T00:33:43.461+0000 7feabf577640 1 -- --> [v2:10.20.193.185:3300/0,v1:10.20.193.185:6789/0] -- mon_getmap magic: 0 v1 -- 0x7feac01ac7f0 con 0x7feac0109a20
[2026-02-12 00:33:43,558][ceph_volume.process][INFO ] stderr
2026-02-12T00:33:43.462+0000 7feabdd74640 1 --2- >> [v2:10.20.193.138:3300/0,v1:10.20.193.138:6789/0] conn(0x7feac010a340 0x7feac006c740 unknown :-1 s=BANNER_CONNECTING pgs=0 cs=0 l=1 rev1=0 crypto rx=0 tx=0 comp rx=0 tx=0)._handle_peer_banner_payload supported=3 required=0
[2026-02-12 00:33:43,558][ceph_volume.process][INFO ] stderr
2026-02-12T00:33:43.462+0000 7feabdd74640 1 --2- >> [v2:10.20.193.138:3300/0,v1:10.20.193.138:6789/0] conn(0x7feac010a340 0x7feac006c740 unknown :-1 s=HELLO_CONNECTING pgs=0 cs=0 l=1 rev1=1 crypto rx=0 tx=0 comp rx=0 tx=0).handle_hello peer v2:10.20.193.138:3300/0 says I am v2:10.20.193.138:58144/0 (socket says 10.20.193.138:58144)
[2026-02-12 00:33:43,558][ceph_volume.process][INFO ] stderr
2026-02-12T00:33:43.462+0000 7feabdd74640 1 -- 10.20.193.138:0/4173872485 learned_addr learned my addr 10.20.193.138:0/4173872485 (peer_addr_for_me v2:10.20.193.138:0/0)
[2026-02-12 00:33:43,558][ceph_volume.process][INFO ] stderr
2026-02-12T00:33:43.462+0000 7feabe575640 1 --2- 10.20.193.138:0/4173872485 >> [v2:10.20.193.185:3300/0,v1:10.20.193.185:6789/0] conn(0x7feac0109a20 0x7feac006c200 unknown :-1 s=BANNER_CONNECTING pgs=0 cs=0 l=1 rev1=0 crypto rx=0 tx=0 comp rx=0 tx=0)._handle_peer_banner_payload supported=3 required=0
[2026-02-12 00:33:43,558][ceph_volume.process][INFO ] stderr
2026-02-12T00:33:43.462+0000 7feabdd74640 1 -- 10.20.193.138:0/4173872485 >> [v2:10.20.193.185:3300/0,v1:10.20.193.185:6789/0] conn(0x7feac0109a20 msgr2=0x7feac006c200 unknown :-1 s=STATE_CONNECTION_ESTABLISHED l=1).mark_down
[2026-02-12 00:33:43,558][ceph_volume.process][INFO ] stderr
2026-02-12T00:33:43.462+0000 7feabdd74640 1 --2- 10.20.193.138:0/4173872485 >> [v2:10.20.193.185:3300/0,v1:10.20.193.185:6789/0] conn(0x7feac0109a20 0x7feac006c200 unknown :-1 s=AUTH_CONNECTING pgs=0 cs=0 l=1 rev1=1 crypto rx=0 tx=0 comp rx=0 tx=0).stop
[2026-02-12 00:33:43,558][ceph_volume.process][INFO ] stderr
2026-02-12T00:33:43.462+0000 7feabed76640 1 --2- 10.20.193.138:0/4173872485 >> [v2:10.20.193.158:3300/0,v1:10.20.193.158:6789/0] conn(0x7feac0110550 0x7feac006cc80 unknown :-1 s=BANNER_CONNECTING pgs=0 cs=0 l=1 rev1=0 crypto rx=0 tx=0 comp rx=0 tx=0)._handle_peer_banner_payload supported=3 required=0
[2026-02-12 00:33:43,558][ceph_volume.process][INFO ] stderr
2026-02-12T00:33:43.462+0000 7feabdd74640 1 -- 10.20.193.138:0/4173872485 >> [v2:10.20.193.158:3300/0,v1:10.20.193.158:6789/0] conn(0x7feac0110550 msgr2=0x7feac006cc80 unknown :-1 s=STATE_CONNECTION_ESTABLISHED l=1).mark_down
[2026-02-12 00:33:43,558][ceph_volume.process][INFO ] stderr
2026-02-12T00:33:43.462+0000 7feabdd74640 1 --2- 10.20.193.138:0/4173872485 >> [v2:10.20.193.158:3300/0,v1:10.20.193.158:6789/0] conn(0x7feac0110550 0x7feac006cc80 unknown :-1 s=AUTH_CONNECTING pgs=0 cs=0 l=1 rev1=1 crypto rx=0 tx=0 comp rx=0 tx=0).stop
[2026-02-12 00:33:43,558][ceph_volume.process][INFO ] stderr
2026-02-12T00:33:43.462+0000 7feabdd74640 1 -- 10.20.193.138:0/4173872485 --> [v2:10.20.193.138:3300/0,v1:10.20.193.138:6789/0] -- mon_subscribe({config=0+,monmap=0+}) v3 -- 0x7feac01ac9b0 con 0x7feac010a340
[2026-02-12 00:33:43,558][ceph_volume.process][INFO ] stderr
2026-02-12T00:33:43.462+0000 7feabed76640 1 --2- 10.20.193.138:0/4173872485 >> [v2:10.20.193.158:3300/0,v1:10.20.193.158:6789/0] conn(0x7feac0110550 0x7feac006cc80 unknown :-1 s=CLOSED pgs=0 cs=0 l=1 rev1=1 crypto rx=0 tx=0 comp rx=0 tx=0).send_auth_request state changed!
[2026-02-12 00:33:43,558][ceph_volume.process][INFO ] stderr
2026-02-12T00:33:43.462+0000 7feabe575640 1 --2- 10.20.193.138:0/4173872485 >> [v2:10.20.193.185:3300/0,v1:10.20.193.185:6789/0] conn(0x7feac0109a20 0x7feac006c200 unknown :-1 s=CLOSED pgs=0 cs=0 l=1 rev1=1 crypto rx=0 tx=0 comp rx=0 tx=0).send_auth_request state changed!
[2026-02-12 00:33:43,558][ceph_volume.process][INFO ] stderr
2026-02-12T00:33:43.462+0000 7feabdd74640 1 --2- 10.20.193.138:0/4173872485 >> [v2:10.20.193.138:3300/0,v1:10.20.193.138:6789/0] conn(0x7feac010a340 0x7feac006c740 secure :-1 s=READY pgs=139 cs=0 l=1 rev1=1 crypto rx=0x7feaa800d980 tx=0x7feaa800de50 comp rx=0 tx=0).ready entity=mon.0 client_cookie=0 server_cookie=0 in_seq=0 out_seq=0
[2026-02-12 00:33:43,558][ceph_volume.process][INFO ] stderr
2026-02-12T00:33:43.462+0000 7feaa77fe640 1 -- 10.20.193.138:0/4173872485 <== mon.0 v2:10.20.193.138:3300/0 1 ==== mon_map magic: 0 v1 ==== 413+0+0 (secure 0 0 0) 0x7feaa80044e0 con 0x7feac010a340
[2026-02-12 00:33:43,558][ceph_volume.process][INFO ] stderr
2026-02-12T00:33:43.462+0000 7feabf577640 1 -- 10.20.193.138:0/4173872485 --> [v2:10.20.193.138:3300/0,v1:10.20.193.138:6789/0] -- mon_subscribe({mgrmap=0+}) v3 -- 0x7feac01acc60 con 0x7feac010a340
[2026-02-12 00:33:43,558][ceph_volume.process][INFO ] stderr
2026-02-12T00:33:43.462+0000 7feaa77fe640 1 -- 10.20.193.138:0/4173872485 <== mon.0 v2:10.20.193.138:3300/0 2 ==== config(26 keys) v1 ==== 1074+0+0 (secure 0 0 0) 0x7feaa800bce0 con 0x7feac010a340
[2026-02-12 00:33:43,558][ceph_volume.process][INFO ] stderr
2026-02-12T00:33:43.462+0000 7feaa77fe640 1 -- 10.20.193.138:0/4173872485 <== mon.0 v2:10.20.193.138:3300/0 3 ==== mon_map magic: 0 v1 ==== 413+0+0 (secure 0 0 0) 0x7feaa8010460 con 0x7feac010a340
[2026-02-12 00:33:43,558][ceph_volume.process][INFO ] stderr
2026-02-12T00:33:43.462+0000 7feabf577640 1 -- 10.20.193.138:0/4173872485 --> [v2:10.20.193.138:3300/0,v1:10.20.193.138:6789/0] -- mon_subscribe({osdmap=0}) v3 -- 0x7feac01ad160 con 0x7feac010a340
[2026-02-12 00:33:43,558][ceph_volume.process][INFO ] stderr
2026-02-12T00:33:43.462+0000 7feabf577640 1 -- 10.20.193.138:0/4173872485 --> [v2:10.20.193.138:3300/0,v1:10.20.193.138:6789/0] -- mon_command({"prefix": "get_command_descriptions"} v 0) v1 -- 0x7feac0109e00 con 0x7feac010a340
[2026-02-12 00:33:43,558][ceph_volume.process][INFO ] stderr
2026-02-12T00:33:43.463+0000 7feaa77fe640 1 -- 10.20.193.138:0/4173872485 <== mon.0 v2:10.20.193.138:3300/0 4 ==== mgrmap(e 15) v1 ==== 147323+0+0 (secure 0 0 0) 0x7feaa800b840 con 0x7feac010a340
[2026-02-12 00:33:43,558][ceph_volume.process][INFO ] stderr
2026-02-12T00:33:43.464+0000 7feaa77fe640 1 --2- 10.20.193.138:0/4173872485 >> [v2:10.20.193.138:6800/1740090815,v1:10.20.193.138:6801/1740090815] conn(0x7fea980aefa0 0x7fea980b1460 unknown :-1 s=NONE pgs=0 cs=0 l=1 rev1=0 crypto rx=0 tx=0 comp rx=0 tx=0).connect
[2026-02-12 00:33:43,558][ceph_volume.process][INFO ] stderr
2026-02-12T00:33:43.464+0000 7feaa77fe640 1 -- 10.20.193.138:0/4173872485 <== mon.0 v2:10.20.193.138:3300/0 5 ==== osd_map(52..52 src has 1..52) v4 ==== 5506+0+0 (secure 0 0 0) 0x7feaa80dd6e0 con 0x7feac010a340
[2026-02-12 00:33:43,558][ceph_volume.process][INFO ] stderr
2026-02-12T00:33:43.464+0000 7feabe575640 1 --2- 10.20.193.138:0/4173872485 >> [v2:10.20.193.138:6800/1740090815,v1:10.20.193.138:6801/1740090815] conn(0x7fea980aefa0 0x7fea980b1460 unknown :-1 s=BANNER_CONNECTING pgs=0 cs=0 l=1 rev1=0 crypto rx=0 tx=0 comp rx=0 tx=0)._handle_peer_banner_payload supported=3 required=0
[2026-02-12 00:33:43,558][ceph_volume.process][INFO ] stderr
2026-02-12T00:33:43.464+0000 7feabe575640 1 --2- 10.20.193.138:0/4173872485 >> [v2:10.20.193.138:6800/1740090815,v1:10.20.193.138:6801/1740090815] conn(0x7fea980aefa0 0x7fea980b1460 secure :-1 s=READY pgs=99 cs=0 l=1 rev1=1 crypto rx=0x7feab4005c90 tx=0x7feab400a250 comp rx=0 tx=0).ready entity=mgr.14150 client_cookie=0 server_cookie=0 in_seq=0 out_seq=0
[2026-02-12 00:33:43,558][ceph_volume.process][INFO ] stderr
2026-02-12T00:33:43.465+0000 7feaa77fe640 1 -- 10.20.193.138:0/4173872485 <== mon.0 v2:10.20.193.138:3300/0 6 ==== mon_command_ack([{"prefix": "get_command_descriptions"}]=0 v0) v1 ==== 72+0+186382 (secure 0 0 0) 0x7feaa80a2cb0 con 0x7feac010a340
[2026-02-12 00:33:43,558][ceph_volume.process][INFO ] stderr
2026-02-12T00:33:43.548+0000 7feabf577640 1 -- 10.20.193.138:0/4173872485 --> [v2:10.20.193.138:3300/0,v1:10.20.193.138:6789/0] -- mon_command({"prefix": "osd new", "uuid": "fd447e56-27ed-4f19-b948-01b2d28ed260"} v 0) v1 -- 0x7feac01ae4d0 con 0x7feac010a340
[2026-02-12 00:33:43,558][ceph_volume.process][INFO ] stderr
2026-02-12T00:33:43.549+0000 7feaa77fe640 1 -- 10.20.193.138:0/4173872485 <== mon.0 v2:10.20.193.138:3300/0 7 ==== mon_command_ack([{"prefix": "osd new", "uuid": "fd447e56-27ed-4f19-b948-01b2d28ed260"}]=0 v53) v1 ==== 103+0+2 (secure 0 0 0) 0x7feaa80a64c0 con 0x7feac010a340
[2026-02-12 00:33:43,558][ceph_volume.process][INFO ] stderr
2026-02-12T00:33:43.550+0000 7feabf577640 1 -- 10.20.193.138:0/4173872485 >> [v2:10.20.193.138:6800/1740090815,v1:10.20.193.138:6801/1740090815] conn(0x7fea980aefa0 msgr2=0x7fea980b1460 secure :-1 s=STATE_CONNECTION_ESTABLISHED l=1).mark_down
[2026-02-12 00:33:43,558][ceph_volume.process][INFO ] stderr
2026-02-12T00:33:43.550+0000 7feabf577640 1 --2- 10.20.193.138:0/4173872485 >> [v2:10.20.193.138:6800/1740090815,v1:10.20.193.138:6801/1740090815] conn(0x7fea980aefa0 0x7fea980b1460 secure :-1 s=READY pgs=99 cs=0 l=1 rev1=1 crypto rx=0x7feab4005c90 tx=0x7feab400a250 comp rx=0 tx=0).stop
[2026-02-12 00:33:43,558][ceph_volume.process][INFO ] stderr
2026-02-12T00:33:43.550+0000 7feabf577640 1 -- 10.20.193.138:0/4173872485 >> [v2:10.20.193.138:3300/0,v1:10.20.193.138:6789/0] conn(0x7feac010a340 msgr2=0x7feac006c740 secure :-1 s=STATE_CONNECTION_ESTABLISHED l=1).mark_down
[2026-02-12 00:33:43,558][ceph_volume.process][INFO ] stderr
2026-02-12T00:33:43.550+0000 7feabf577640 1 --2- 10.20.193.138:0/4173872485 >> [v2:10.20.193.138:3300/0,v1:10.20.193.138:6789/0] conn(0x7feac010a340 0x7feac006c740 secure :-1 s=READY pgs=139 cs=0 l=1 rev1=1 crypto rx=0x7feaa800d980 tx=0x7feaa800de50 comp rx=0 tx=0).stop
[2026-02-12 00:33:43,558][ceph_volume.process][INFO ] stderr
2026-02-12T00:33:43.550+0000 7feabf577640 1 -- 10.20.193.138:0/4173872485 shutdown_connections
[2026-02-12 00:33:43,558][ceph_volume.process][INFO ] stderr
2026-02-12T00:33:43.550+0000 7feabf577640 1 --2- 10.20.193.138:0/4173872485 >> [v2:10.20.193.138:6800/1740090815,v1:10.20.193.138:6801/1740090815] conn(0x7fea980aefa0 0x7fea980b1460 unknown :-1 s=CLOSED pgs=99 cs=0 l=1 rev1=1 crypto rx=0 tx=0 comp rx=0 tx=0).stop
[2026-02-12 00:33:43,558][ceph_volume.process][INFO ] stderr
2026-02-12T00:33:43.550+0000 7feabf577640 1 --2- 10.20.193.138:0/4173872485 >> [v2:10.20.193.158:3300/0,v1:10.20.193.158:6789/0] conn(0x7feac0110550 0x7feac006cc80 unknown :-1 s=CLOSED pgs=0 cs=0 l=1 rev1=1 crypto rx=0 tx=0 comp rx=0 tx=0).stop
[2026-02-12 00:33:43,558][ceph_volume.process][INFO ] stderr
2026-02-12T00:33:43.550+0000 7feabf577640 1 --2- 10.20.193.138:0/4173872485 >> [v2:10.20.193.138:3300/0,v1:10.20.193.138:6789/0] conn(0x7feac010a340 0x7feac006c740 unknown :-1 s=CLOSED pgs=139 cs=0 l=1 rev1=1 crypto rx=0 tx=0 comp rx=0 tx=0).stop
[2026-02-12 00:33:43,558][ceph_volume.process][INFO ] stderr
2026-02-12T00:33:43.550+0000 7feabf577640 1 --2- 10.20.193.138:0/4173872485 >> [v2:10.20.193.185:3300/0,v1:10.20.193.185:6789/0] conn(0x7feac0109a20 0x7feac006c200 unknown :-1 s=CLOSED pgs=0 cs=0 l=1 rev1=1 crypto rx=0 tx=0 comp rx=0 tx=0).stop
[2026-02-12 00:33:43,558][ceph_volume.process][INFO ] stderr
2026-02-12T00:33:43.550+0000 7feabf577640 1 -- 10.20.193.138:0/4173872485 >> 10.20.193.138:0/4173872485 conn(0x7feac006fd40 msgr2=0x7feac010ae00 unknown :-1 s=STATE_NONE l=0).mark_down
[2026-02-12 00:33:43,558][ceph_volume.process][INFO ] stderr
2026-02-12T00:33:43.550+0000 7feabf577640 1 -- 10.20.193.138:0/4173872485 shutdown_connections
[2026-02-12 00:33:43,558][ceph_volume.process][INFO ] stderr
2026-02-12T00:33:43.550+0000 7feabf577640 1 -- 10.20.193.138:0/4173872485 wait complete.
[2026-02-12 00:33:43,561][ceph_volume.util.system][INFO ] Executable lvs found on the host, will use /sbin/lvs
[2026-02-12 00:33:43,561][ceph_volume.process][INFO ] Running command: nsenter --mount=/rootfs/proc/1/ns/mnt --ipc=/rootfs/proc/1/ns/ipc --net=/rootfs/proc/1/ns/net --uts=/rootfs/proc/1/ns/uts /sbin/lvs --noheadings --readonly --separator=";" -a --units=b --nosuffix -S lv_name=lv_1,vg_name=vg_nvme -o lv_tags,lv_path,lv_name,vg_name,lv_uuid,lv_size
[2026-02-12 00:33:43,594][ceph_volume.process][INFO ] stdout ";"/dev/vg_nvme/lv_1";"lv_1";"vg_nvme";"Cj6nEo-6gjj-S8b7-p9bS-jVS7-Y8L4-D4eYcS";"751619276800
[2026-02-12 00:33:43,596][ceph_volume.util.system][INFO ] Executable lvchange found on the host, will use /sbin/lvchange
[2026-02-12 00:33:43,596][ceph_volume.process][INFO ] Running command: nsenter --mount=/rootfs/proc/1/ns/mnt --ipc=/rootfs/proc/1/ns/ipc --net=/rootfs/proc/1/ns/net --uts=/rootfs/proc/1/ns/uts /sbin/lvchange --addtag ceph.osd_fsid=fd447e56-27ed-4f19-b948-01b2d28ed260 --addtag ceph.osd_id=9 --addtag ceph.cluster_fsid=2e2e98ce-07aa-11f1-a979-d404e6e7d460 --addtag ceph.cluster_name=ceph --addtag ceph.crush_device_class= --addtag ceph.osdspec_affinity=None --addtag ceph.block_device=/dev/vg_nvme/lv_1 --addtag ceph.block_uuid=Cj6nEo-6gjj-S8b7-p9bS-jVS7-Y8L4-D4eYcS --addtag ceph.cephx_lockbox_secret= --addtag ceph.encrypted=0 --addtag ceph.vdo=0 --addtag ceph.type=block /dev/vg_nvme/lv_1
[2026-02-12 00:33:43,638][ceph_volume.process][INFO ] stdout Logical volume vg_nvme/lv_1 changed.
[2026-02-12 00:33:43,638][ceph_volume.process][INFO ] Running command: /usr/bin/ceph-authtool --gen-print-key
[2026-02-12 00:33:43,648][ceph_volume.process][INFO ] Running command: /usr/bin/mount -t tmpfs tmpfs /var/lib/ceph/osd/ceph-9
[2026-02-12 00:33:43,650][ceph_volume.util.system][INFO ] CEPH_VOLUME_SKIP_RESTORECON environ is set, will not call restorecon
[2026-02-12 00:33:43,651][ceph_volume.process][INFO ] Running command: /usr/bin/chown -h ceph:ceph /dev/vg_nvme/lv_1
[2026-02-12 00:33:43,653][ceph_volume.process][INFO ] Running command: /usr/bin/chown -R ceph:ceph /dev/dm-0
[2026-02-12 00:33:43,655][ceph_volume.process][INFO ] Running command: /usr/bin/ln -s /dev/vg_nvme/lv_1 /var/lib/ceph/osd/ceph-9/block
[2026-02-12 00:33:43,657][ceph_volume.process][INFO ] Running command: /usr/bin/ceph --cluster ceph --name client.bootstrap-osd --keyring /var/lib/ceph/bootstrap-osd/ceph.keyring mon getmap -o /var/lib/ceph/osd/ceph-9/activate.monmap
[2026-02-12 00:33:43,700][ceph_volume.process][INFO ] stderr
2026-02-12T00:33:43.699+0000 7f67887fd640 1 -- 10.20.193.138:0/1404045143 >> [v2:10.20.193.138:3300/0,v1:10.20.193.138:6789/0] conn(0x7f678006bd60 msgr2=0x7f678006a300 secure :-1 s=STATE_CONNECTION_ESTABLISHED l=1).mark_down
2026-02-12T00:33:43.699+0000 7f67887fd640 1 --2- 10.20.193.138:0/1404045143 >> [v2:10.20.193.138:3300/0,v1:10.20.193.138:6789/0] conn(0x7f678006bd60 0x7f678006a300 secure :-1 s=READY pgs=140 cs=0 l=1 rev1=1 crypto rx=0x7f6770005fd0 tx=0x7f677002f260 comp rx=0 tx=0).stop
2026-02-12T00:33:43.699+0000 7f67887fd640 1 -- 10.20.193.138:0/1404045143 shutdown_connections
2026-02-12T00:33:43.699+0000 7f67887fd640 1 --2- 10.20.193.138:0/1404045143 >> [v2:10.20.193.158:3300/0,v1:10.20.193.158:6789/0] conn(0x7f678006af10 0x7f678010c890 unknown :-1 s=CLOSED pgs=0 cs=0 l=0 rev1=1 crypto rx=0 tx=0 comp rx=0 tx=0).stop
2026-02-12T00:33:43.699+0000 7f67887fd640 1 --2- 10.20.193.138:0/1404045143 >> [v2:10.20.193.185:3300/0,v1:10.20.193.185:6789/0] conn(0x7f678006c140 0x7f678006a840 unknown :-1 s=CLOS
[2026-02-12 00:33:43,700][ceph_volume.process][INFO ] stderr ED pgs=0 cs=0 l=0 rev1=1 crypto rx=0 tx=0 comp rx=0 tx=0).stop
2026-02-12T00:33:43.699+0000 7f67887fd640 1 --2- 10.20.193.138:0/1404045143 >> [v2:10.20.193.138:3300/0,v1:10.20.193.138:6789/0] conn(0x7f678006bd60 0x7f678006a300 unknown :-1 s=CLOSED pgs=140 cs=0 l=1 rev1=1 crypto rx=0 tx=0 comp rx=0 tx=0).stop
2026-02-12T00:33:43.699+0000 7f67887fd640 1 -- 10.20.193.138:0/1404045143 >> 10.20.193.138:0/1404045143 conn(0x7f678006fdc0 msgr2=0x7f67800721e0 unknown :-1 s=STATE_NONE l=0).mark_down
2026-02-12T00:33:43.699+0000 7f67887fd640 1 -- 10.20.193.138:0/1404045143 shutdown_connections
2026-02-12T00:33:43.699+0000 7f67887fd640 1 -- 10.20.193.138:0/1404045143 wait complete.
[2026-02-12 00:33:43,700][ceph_volume.process][INFO ] stderr
2026-02-12T00:33:43.699+0000 7f67887fd640 1 Processor -- start
[2026-02-12 00:33:43,700][ceph_volume.process][INFO ] stderr
2026-02-12T00:33:43.699+0000 7f67887fd640 1 -- start start
[2026-02-12 00:33:43,701][ceph_volume.process][INFO ] stderr
2026-02-12T00:33:43.699+0000 7f67887fd640 1 --2- >> [v2:10.20.193.185:3300/0,v1:10.20.193.185:6789/0] conn(0x7f678006af10 0x7f67801aa7c0 unknown :-1 s=NONE pgs=0 cs=0 l=1 rev1=0 crypto rx=0 tx=0 comp rx=0 tx=0).connect
2026-02-12T00:33:43.699+0000 7f67887fd640 1 --2- >> [v2:10.20.193.138:3300/0,v1:10.20.193.138:6789/0] conn(0x7f678006bd60 0x7f67801aad00 unknown :-1 s=NONE pgs=0 cs=0 l=1 rev1=0 crypto rx=0 tx=0 comp rx=0 tx=0).connect
[2026-02-12 00:33:43,701][ceph_volume.process][INFO ] stderr
2026-02-12T00:33:43.699+0000 7f67887fd640 1 --2- >> [v2:10.20.193.158:3300/0,v1:10.20.193.158:6789/0] conn(0x7f678006c140 0x7f67801a7aa0 unknown :-1 s=NONE pgs=0 cs=0 l=1 rev1=0 crypto rx=0 tx=0 comp rx=0 tx=0).connect
2026-02-12T00:33:43.699+0000 7f67887fd640 1 -- --> [v2:10.20.193.138:3300/0,v1:10.20.193.138:6789/0] -- mon_getmap magic: 0 v1 -- 0x7f67801a8230 con 0x7f678006bd60
2026-02-12T00:33:43.699+0000 7f67887fd640 1 -- --> [v2:10.20.193.158:3300/0,v1:10.20.193.158:6789/0] -- mon_getmap magic: 0 v1 -- 0x7f67801a83a0 con 0x7f678006c140
2026-02-12T00:33:43.699+0000 7f67887fd640 1 -- --> [v2:10.20.193.185:3300/0,v1:10.20.193.185:6789/0] -- mon_getmap magic: 0 v1 -- 0x7f67801a8560 con 0x7f678006af10
[2026-02-12 00:33:43,701][ceph_volume.process][INFO ] stderr
2026-02-12T00:33:43.700+0000 7f6785d71640 1 --2- >> [v2:10.20.193.138:3300/0,v1:10.20.193.138:6789/0] conn(0x7f678006bd60 0x7f67801aad00 unknown :-1 s=BANNER_CONNECTING pgs=0 cs=0 l=1 rev1=0 crypto rx=0 tx=0 comp rx=0 tx=0)._handle_peer_banner_payload supported=3 required=0
[2026-02-12 00:33:43,701][ceph_volume.process][INFO ] stderr
2026-02-12T00:33:43.700+0000 7f6785d71640 1 --2- >> [v2:10.20.193.138:3300/0,v1:10.20.193.138:6789/0] conn(0x7f678006bd60 0x7f67801aad00 unknown :-1 s=HELLO_CONNECTING pgs=0 cs=0 l=1 rev1=1 crypto rx=0 tx=0 comp rx=0 tx=0).handle_hello peer v2:10.20.193.138:3300/0 says I am v2:10.20.193.138:58168/0 (socket says 10.20.193.138:58168)
2026-02-12T00:33:43.700+0000 7f6785d71640 1 -- 10.20.193.138:0/2528972252 learned_addr learned my addr 10.20.193.138:0/2528972252 (peer_addr_for_me v2:10.20.193.138:0/0)
[2026-02-12 00:33:43,701][ceph_volume.process][INFO ] stderr
2026-02-12T00:33:43.700+0000 7f6786572640 1 --2- 10.20.193.138:0/2528972252 >> [v2:10.20.193.185:3300/0,v1:10.20.193.185:6789/0] conn(0x7f678006af10 0x7f67801aa7c0 unknown :-1 s=BANNER_CONNECTING pgs=0 cs=0 l=1 rev1=0 crypto rx=0 tx=0 comp rx=0 tx=0)._handle_peer_banner_payload supported=3 required=0
[2026-02-12 00:33:43,701][ceph_volume.process][INFO ] stderr
2026-02-12T00:33:43.700+0000 7f6786d73640 1 --2- 10.20.193.138:0/2528972252 >> [v2:10.20.193.158:3300/0,v1:10.20.193.158:6789/0] conn(0x7f678006c140 0x7f67801a7aa0 unknown :-1 s=BANNER_CONNECTING pgs=0 cs=0 l=1 rev1=0 crypto rx=0 tx=0 comp rx=0 tx=0)._handle_peer_banner_payload supported=3 required=0
2026-02-12T00:33:43.700+0000 7f6785d71640 1 -- 10.20.193.138:0/2528972252 >> [v2:10.20.193.185:3300/0,v1:10.20.193.185:6789/0] conn(0x7f678006af10 msgr2=0x7f67801aa7c0 unknown :-1 s=STATE_CONNECTION_ESTABLISHED l=1).mark_down
[2026-02-12 00:33:43,701][ceph_volume.process][INFO ] stderr
2026-02-12T00:33:43.700+0000 7f6785d71640 1 --2- 10.20.193.138:0/2528972252 >> [v2:10.20.193.185:3300/0,v1:10.20.193.185:6789/0] conn(0x7f678006af10 0x7f67801aa7c0 unknown :-1 s=AUTH_CONNECTING pgs=0 cs=0 l=1 rev1=1 crypto rx=0 tx=0 comp rx=0 tx=0).stop
2026-02-12T00:33:43.700+0000 7f6785d71640 1 -- 10.20.193.138:0/2528972252 >> [v2:10.20.193.158:3300/0,v1:10.20.193.158:6789/0] conn(0x7f678006c140 msgr2=0x7f67801a7aa0 unknown :-1 s=STATE_CONNECTION_ESTABLISHED l=1).mark_down
2026-02-12T00:33:43.700+0000 7f6785d71640 1 --2- 10.20.193.138:0/2528972252 >> [v2:10.20.193.158:3300/0,v1:10.20.193.158:6789/0] conn(0x7f678006c140 0x7f67801a7aa0 unknown :-1 s=AUTH_CONNECTING pgs=0 cs=0 l=1 rev1=1 crypto rx=0 tx=0 comp rx=0 tx=0).stop
2026-02-12T00:33:43.700+0000 7f6785d71640 1 -- 10.20.193.138:0/2528972252 --> [v2:10.20.193.138:3300/0,v1:10.20.193.138:6789/0] -- mon_subscribe({config=0+,monmap=0+}) v3 -- 0x7f67801a8720 con 0x7f678006bd60
[2026-02-12 00:33:43,701][ceph_volume.process][INFO ] stderr
2026-02-12T00:33:43.700+0000 7f6786d73640 1 --2- 10.20.193.138:0/2528972252 >> [v2:10.20.193.158:3300/0,v1:10.20.193.158:6789/0] conn(0x7f678006c140 0x7f67801a7aa0 unknown :-1 s=CLOSED pgs=0 cs=0 l=1 rev1=1 crypto rx=0 tx=0 comp rx=0 tx=0).send_auth_request state changed!
[2026-02-12 00:33:43,701][ceph_volume.process][INFO ] stderr
2026-02-12T00:33:43.700+0000 7f6785d71640 1 --2- 10.20.193.138:0/2528972252 >> [v2:10.20.193.138:3300/0,v1:10.20.193.138:6789/0] conn(0x7f678006bd60 0x7f67801aad00 secure :-1 s=READY pgs=141 cs=0 l=1 rev1=1 crypto rx=0x7f677400d950 tx=0x7f677400de20 comp rx=0 tx=0).ready entity=mon.0 client_cookie=0 server_cookie=0 in_seq=0 out_seq=0
[2026-02-12 00:33:43,701][ceph_volume.process][INFO ] stderr
2026-02-12T00:33:43.700+0000 7f67677fe640 1 -- 10.20.193.138:0/2528972252 <== mon.0 v2:10.20.193.138:3300/0 1 ==== mon_map magic: 0 v1 ==== 413+0+0 (secure 0 0 0) 0x7f67740044e0 con 0x7f678006bd60
[2026-02-12 00:33:43,701][ceph_volume.process][INFO ] stderr
2026-02-12T00:33:43.700+0000 7f67677fe640 1 -- 10.20.193.138:0/2528972252 <== mon.0 v2:10.20.193.138:3300/0 2 ==== config(26 keys) v1 ==== 1074+0+0 (secure 0 0 0) 0x7f67740075f0 con 0x7f678006bd60
2026-02-12T00:33:43.700+0000 7f67887fd640 1 -- 10.20.193.138:0/2528972252 --> [v2:10.20.193.138:3300/0,v1:10.20.193.138:6789/0] -- mon_subscribe({mgrmap=0+}) v3 -- 0x7f67801b1520 con 0x7f678006bd60
2026-02-12T00:33:43.700+0000 7f67677fe640 1 -- 10.20.193.138:0/2528972252 <== mon.0 v2:10.20.193.138:3300/0 3 ==== mon_map magic: 0 v1 ==== 413+0+0 (secure 0 0 0) 0x7f6774002ea0 con 0x7f678006bd60
[2026-02-12 00:33:43,701][ceph_volume.process][INFO ] stderr
2026-02-12T00:33:43.700+0000 7f67887fd640 1 -- 10.20.193.138:0/2528972252 --> [v2:10.20.193.138:3300/0,v1:10.20.193.138:6789/0] -- mon_subscribe({osdmap=0}) v3 -- 0x7f67801b19c0 con 0x7f678006bd60
[2026-02-12 00:33:43,701][ceph_volume.process][INFO ] stderr
2026-02-12T00:33:43.700+0000 7f67887fd640 1 -- 10.20.193.138:0/2528972252 --> [v2:10.20.193.138:3300/0,v1:10.20.193.138:6789/0] -- mon_command({"prefix": "get_command_descriptions"} v 0) v1 -- 0x7f678010c890 con 0x7f678006bd60
[2026-02-12 00:33:43,703][ceph_volume.process][INFO ] stderr
2026-02-12T00:33:43.702+0000 7f67677fe640 1 -- 10.20.193.138:0/2528972252 <== mon.0 v2:10.20.193.138:3300/0 4 ==== mgrmap(e 15) v1 ==== 147323+0+0 (secure 0 0 0) 0x7f677400b840 con 0x7f678006bd60
[2026-02-12 00:33:43,703][ceph_volume.process][INFO ] stderr
2026-02-12T00:33:43.702+0000 7f67677fe640 1 --2- 10.20.193.138:0/2528972252 >> [v2:10.20.193.138:6800/1740090815,v1:10.20.193.138:6801/1740090815] conn(0x7f675c0af020 0x7f675c0b14e0 unknown :-1 s=NONE pgs=0 cs=0 l=1 rev1=0 crypto rx=0 tx=0 comp rx=0 tx=0).connect
[2026-02-12 00:33:43,703][ceph_volume.process][INFO ] stderr
2026-02-12T00:33:43.702+0000 7f67677fe640 1 -- 10.20.193.138:0/2528972252 <== mon.0 v2:10.20.193.138:3300/0 5 ==== osd_map(53..53 src has 1..53) v4 ==== 5621+0+0 (secure 0 0 0) 0x7f67740dd0f0 con 0x7f678006bd60
[2026-02-12 00:33:43,703][ceph_volume.process][INFO ] stderr
2026-02-12T00:33:43.702+0000 7f6786572640 1 --2- 10.20.193.138:0/2528972252 >> [v2:10.20.193.138:6800/1740090815,v1:10.20.193.138:6801/1740090815] conn(0x7f675c0af020 0x7f675c0b14e0 unknown :-1 s=BANNER_CONNECTING pgs=0 cs=0 l=1 rev1=0 crypto rx=0 tx=0 comp rx=0 tx=0)._handle_peer_banner_payload supported=3 required=0
[2026-02-12 00:33:43,704][ceph_volume.process][INFO ] stderr
2026-02-12T00:33:43.702+0000 7f6786572640 1 --2- 10.20.193.138:0/2528972252 >> [v2:10.20.193.138:6800/1740090815,v1:10.20.193.138:6801/1740090815] conn(0x7f675c0af020 0x7f675c0b14e0 secure :-1 s=READY pgs=100 cs=0 l=1 rev1=1 crypto rx=0x7f6770002410 tx=0x7f677003a040 comp rx=0 tx=0).ready entity=mgr.14150 client_cookie=0 server_cookie=0 in_seq=0 out_seq=0
[2026-02-12 00:33:43,704][ceph_volume.process][INFO ] stderr
2026-02-12T00:33:43.703+0000 7f67677fe640 1 -- 10.20.193.138:0/2528972252 <== mon.0 v2:10.20.193.138:3300/0 6 ==== mon_command_ack([{"prefix": "get_command_descriptions"}]=0 v0) v1 ==== 72+0+186382 (secure 0 0 0) 0x7f67740a26f0 con 0x7f678006bd60
[2026-02-12 00:33:43,811][ceph_volume.process][INFO ] stderr
2026-02-12T00:33:43.810+0000 7f67887fd640 1 -- 10.20.193.138:0/2528972252 --> [v2:10.20.193.138:3300/0,v1:10.20.193.138:6789/0] -- mon_command({"prefix": "mon getmap"} v 0) v1 -- 0x7f67801a8fe0 con 0x7f678006bd60
[2026-02-12 00:33:43,811][ceph_volume.process][INFO ] stderr
2026-02-12T00:33:43.810+0000 7f67677fe640 1 -- 10.20.193.138:0/2528972252 <== mon.0 v2:10.20.193.138:3300/0 7 ==== mon_command_ack([{"prefix": "mon getmap"}]=0 got monmap epoch 3 v3) v1 ==== 76+0+409 (secure 0 0 0) 0x7f67740a5f00 con 0x7f678006bd60
[2026-02-12 00:33:43,811][ceph_volume.process][INFO ] stderr got monmap epoch 3
[2026-02-12 00:33:43,812][ceph_volume.process][INFO ] stderr
2026-02-12T00:33:43.811+0000 7f67887fd640 1 -- 10.20.193.138:0/2528972252 >> [v2:10.20.193.138:6800/1740090815,v1:10.20.193.138:6801/1740090815] conn(0x7f675c0af020 msgr2=0x7f675c0b14e0 secure :-1 s=STATE_CONNECTION_ESTABLISHED l=1).mark_down
2026-02-12T00:33:43.811+0000 7f67887fd640 1 --2- 10.20.193.138:0/2528972252 >> [v2:10.20.193.138:6800/1740090815,v1:10.20.193.138:6801/1740090815] conn(0x7f675c0af020 0x7f675c0b14e0 secure :-1 s=READY pgs=100 cs=0 l=1 rev1=1 crypto rx=0x7f6770002410 tx=0x7f677003a040 comp rx=0 tx=0).stop
2026-02-12T00:33:43.811+0000 7f67887fd640 1 -- 10.20.193.138:0/2528972252 >> [v2:10.20.193.138:3300/0,v1:10.20.193.138:6789/0] conn(0x7f678006bd60 msgr2=0x7f67801aad00 secure :-1 s=STATE_CONNECTION_ESTABLISHED l=1).mark_down
2026-02-12T00:33:43.811+0000 7f67887fd640 1 --2- 10.20.193.138:0/2528972252 >> [v2:10.20.193.138:3300/0,v1:10.20.193.138:6789/0] conn(0x7f678006bd60 0x7f67801aad00 secure :-1 s=READY pgs=141 cs=0 l=1 rev1=1 crypto rx=0x7f677400d950 tx=0x7f677400de20 comp rx=0 tx=
[2026-02-12 00:33:43,812][ceph_volume.process][INFO ] stderr 0).stop
2026-02-12T00:33:43.811+0000 7f67887fd640 1 -- 10.20.193.138:0/2528972252 shutdown_connections
2026-02-12T00:33:43.811+0000 7f67887fd640 1 --2- 10.20.193.138:0/2528972252 >> [v2:10.20.193.138:6800/1740090815,v1:10.20.193.138:6801/1740090815] conn(0x7f675c0af020 0x7f675c0b14e0 unknown :-1 s=CLOSED pgs=100 cs=0 l=1 rev1=1 crypto rx=0 tx=0 comp rx=0 tx=0).stop
2026-02-12T00:33:43.811+0000 7f67887fd640 1 --2- 10.20.193.138:0/2528972252 >> [v2:10.20.193.158:3300/0,v1:10.20.193.158:6789/0] conn(0x7f678006c140 0x7f67801a7aa0 unknown :-1 s=CLOSED pgs=0 cs=0 l=1 rev1=1 crypto rx=0 tx=0 comp rx=0 tx=0).stop
2026-02-12T00:33:43.811+0000 7f67887fd640 1 --2- 10.20.193.138:0/2528972252 >> [v2:10.20.193.138:3300/0,v1:10.20.193.138:6789/0] conn(0x7f678006bd60 0x7f67801aad00 unknown :-1 s=CLOSED pgs=141 cs=0 l=1 rev1=1 crypto rx=0 tx=0 comp rx=0 tx=0).stop
2026-02-12T00:33:43.811+0000 7f67887fd640 1 --2- 10.20.193.138:0/2528972252 >> [v2:10.20.193.185:3300/0,v1:10.20.193.185:6789/0] conn(0x7f678006af10 0x7f67801
[2026-02-12 00:33:43,812][ceph_volume.process][INFO ] stderr aa7c0 unknown :-1 s=CLOSED pgs=0 cs=0 l=1 rev1=1 crypto rx=0 tx=0 comp rx=0 tx=0).stop
2026-02-12T00:33:43.811+0000 7f67887fd640 1 -- 10.20.193.138:0/2528972252 >> 10.20.193.138:0/2528972252 conn(0x7f678006fdc0 msgr2=0x7f6780119f40 unknown :-1 s=STATE_NONE l=0).mark_down
[2026-02-12 00:33:43,812][ceph_volume.process][INFO ] stderr
2026-02-12T00:33:43.811+0000 7f67887fd640 1 -- 10.20.193.138:0/2528972252 shutdown_connections
2026-02-12T00:33:43.811+0000 7f67887fd640 1 -- 10.20.193.138:0/2528972252 wait complete.
[2026-02-12 00:33:43,818][ceph_volume.util.prepare][INFO ] Creating keyring file for osd.9
[2026-02-12 00:33:43,818][ceph_volume.process][INFO ] Running command: /usr/bin/ceph-authtool /var/lib/ceph/osd/ceph-9/keyring --create-keyring --name osd.9 --add-key AQDnH41piY39GBAArv70T4hqoXa8+3edq3blMw==
[2026-02-12 00:33:43,829][ceph_volume.process][INFO ] Running command: /usr/bin/chown -R ceph:ceph /var/lib/ceph/osd/ceph-9/keyring
[2026-02-12 00:33:43,832][ceph_volume.process][INFO ] Running command: /usr/bin/chown -R ceph:ceph /var/lib/ceph/osd/ceph-9/
[2026-02-12 00:33:43,834][ceph_volume.process][INFO ] Running command: /usr/bin/ceph-osd --cluster ceph --osd-objectstore bluestore --mkfs -i 9 --monmap /var/lib/ceph/osd/ceph-9/activate.monmap --keyfile - --osdspec-affinity None --osd-data /var/lib/ceph/osd/ceph-9/ --osd-uuid fd447e56-27ed-4f19-b948-01b2d28ed260 --setuser ceph --setgroup ceph
[2026-02-12 00:33:46,949][ceph_volume.process][INFO ] stderr
2026-02-12T00:33:43.851+0000 7f325375c740 -1 bluestore(/var/lib/ceph/osd/ceph-9/) _read_fsid unparsable uuid
[2026-02-12 00:33:46,952][ceph_volume.util.system][INFO ] Executable lvs found on the host, will use /sbin/lvs
[2026-02-12 00:33:46,952][ceph_volume.process][INFO ] Running command: nsenter --mount=/rootfs/proc/1/ns/mnt --ipc=/rootfs/proc/1/ns/ipc --net=/rootfs/proc/1/ns/net --uts=/rootfs/proc/1/ns/uts /sbin/lvs --noheadings --readonly --separator=";" -a --units=b --nosuffix -S tags={ceph.osd_fsid=fd447e56-27ed-4f19-b948-01b2d28ed260} -o lv_tags,lv_path,lv_name,vg_name,lv_uuid,lv_size
[2026-02-12 00:33:46,987][ceph_volume.process][INFO ] stdout ceph.block_device=/dev/vg_nvme/lv_1,ceph.block_uuid=Cj6nEo-6gjj-S8b7-p9bS-jVS7-Y8L4-D4eYcS,ceph.cephx_lockbox_secret=,ceph.cluster_fsid=2e2e98ce-07aa-11f1-a979-d404e6e7d460,ceph.cluster_name=ceph,ceph.crush_device_class=,ceph.encrypted=0,ceph.osd_fsid=fd447e56-27ed-4f19-b948-01b2d28ed260,ceph.osd_id=9,ceph.osdspec_affinity=None,ceph.type=block,ceph.vdo=0";"/dev/vg_nvme/lv_1";"lv_1";"vg_nvme";"Cj6nEo-6gjj-S8b7-p9bS-jVS7-Y8L4-D4eYcS";"751619276800
[2026-02-12 00:33:46,996][ceph_volume.devices.lvm.activate][DEBUG ] Found block device (lv_1) with encryption: False
[2026-02-12 00:33:46,996][ceph_volume.devices.lvm.activate][DEBUG ] Found block device (lv_1) with encryption: False
[2026-02-12 00:33:46,996][ceph_volume.process][INFO ] Running command: /usr/bin/chown -R ceph:ceph /var/lib/ceph/osd/ceph-9
[2026-02-12 00:33:46,999][ceph_volume.process][INFO ] Running command: /usr/bin/ceph-bluestore-tool --cluster=ceph prime-osd-dir --dev /dev/vg_nvme/lv_1 --path /var/lib/ceph/osd/ceph-9 --no-mon-config
[2026-02-12 00:33:47,012][ceph_volume.process][INFO ] Running command: /usr/bin/ln -snf /dev/vg_nvme/lv_1 /var/lib/ceph/osd/ceph-9/block
[2026-02-12 00:33:47,014][ceph_volume.process][INFO ] Running command: /usr/bin/chown -h ceph:ceph /var/lib/ceph/osd/ceph-9/block
[2026-02-12 00:33:47,016][ceph_volume.process][INFO ] Running command: /usr/bin/chown -R ceph:ceph /dev/dm-0
[2026-02-12 00:33:47,019][ceph_volume.process][INFO ] Running command: /usr/bin/chown -R ceph:ceph /var/lib/ceph/osd/ceph-9
[2026-02-12 00:33:47,455][ceph_volume.main][INFO ] Running command: ceph-volume lvm list --format json
[2026-02-12 00:33:47,458][ceph_volume.util.system][INFO ] Executable lvs found on the host, will use /sbin/lvs
[2026-02-12 00:33:47,458][ceph_volume.process][INFO ] Running command: nsenter --mount=/rootfs/proc/1/ns/mnt --ipc=/rootfs/proc/1/ns/ipc --net=/rootfs/proc/1/ns/net --uts=/rootfs/proc/1/ns/uts /sbin/lvs --noheadings --readonly --separator=";" -a --units=b --nosuffix -S -o lv_tags,lv_path,lv_name,vg_name,lv_uuid,lv_size
[2026-02-12 00:33:47,495][ceph_volume.process][INFO ] stdout ceph.block_device=/dev/vg_nvme/lv_1,ceph.block_uuid=Cj6nEo-6gjj-S8b7-p9bS-jVS7-Y8L4-D4eYcS,ceph.cephx_lockbox_secret=,ceph.cluster_fsid=2e2e98ce-07aa-11f1-a979-d404e6e7d460,ceph.cluster_name=ceph,ceph.crush_device_class=,ceph.encrypted=0,ceph.osd_fsid=fd447e56-27ed-4f19-b948-01b2d28ed260,ceph.osd_id=9,ceph.osdspec_affinity=None,ceph.type=block,ceph.vdo=0";"/dev/vg_nvme/lv_1";"lv_1";"vg_nvme";"Cj6nEo-6gjj-S8b7-p9bS-jVS7-Y8L4-D4eYcS";"751619276800
[2026-02-12 00:33:47,495][ceph_volume.process][INFO ] stdout ceph.block_device=/dev/vg_nvme/lv_2,ceph.block_uuid=eXFNz9-acm7-sqGw-9djd-GJKb-pk1y-mGEPfb,ceph.cephx_lockbox_secret=,ceph.cluster_fsid=2e2e98ce-07aa-11f1-a979-d404e6e7d460,ceph.cluster_name=ceph,ceph.crush_device_class=,ceph.encrypted=0,ceph.osd_fsid=6ba19f67-c9e3-4716-a651-e581ccdf7834,ceph.osd_id=6,ceph.osdspec_affinity=None,ceph.type=block,ceph.vdo=0";"/dev/vg_nvme/lv_2";"lv_2";"vg_nvme";"eXFNz9-acm7-sqGw-9djd-GJKb-pk1y-mGEPfb";"751619276800
[2026-02-12 00:33:47,495][ceph_volume.process][INFO ] stdout ceph.block_device=/dev/vg_nvme/lv_3,ceph.block_uuid=JxMYK9-hCNH-O5Ix-kwXe-rdlj-QqTk-3YYhh2,ceph.cephx_lockbox_secret=,ceph.cluster_fsid=2e2e98ce-07aa-11f1-a979-d404e6e7d460,ceph.cluster_name=ceph,ceph.crush_device_class=,ceph.encrypted=0,ceph.osd_fsid=1044f93f-9f76-4dab-a188-5dd8ea179084,ceph.osd_id=3,ceph.osdspec_affinity=None,ceph.type=block,ceph.vdo=0";"/dev/vg_nvme/lv_3";"lv_3";"vg_nvme";"JxMYK9-hCNH-O5Ix-kwXe-rdlj-QqTk-3YYhh2";"751619276800
[2026-02-12 00:33:47,495][ceph_volume.process][INFO ] stdout ceph.block_device=/dev/vg_nvme/lv_4,ceph.block_uuid=mfF6nO-POY1-fder-sKez-fskJ-DTr2-SuGmuH,ceph.cephx_lockbox_secret=,ceph.cluster_fsid=2e2e98ce-07aa-11f1-a979-d404e6e7d460,ceph.cluster_name=ceph,ceph.crush_device_class=,ceph.encrypted=0,ceph.osd_fsid=1fdb99f3-00df-470c-9faf-0b4341e7fb4e,ceph.osd_id=0,ceph.osdspec_affinity=None,ceph.type=block,ceph.vdo=0";"/dev/vg_nvme/lv_4";"lv_4";"vg_nvme";"mfF6nO-POY1-fder-sKez-fskJ-DTr2-SuGmuH";"751619276800
[2026-02-12 00:33:47,495][ceph_volume.process][INFO ] stdout ";"/dev/vg_nvme/lv_5";"lv_5";"vg_nvme";"MzevvH-t84F-tldl-e6qn-cbSH-nqs3-L2l6wZ";"107374182400
[2026-02-12 00:33:47,497][ceph_volume.util.system][INFO ] Executable pvs found on the host, will use /sbin/pvs
[2026-02-12 00:33:47,497][ceph_volume.process][INFO ] Running command: nsenter --mount=/rootfs/proc/1/ns/mnt --ipc=/rootfs/proc/1/ns/ipc --net=/rootfs/proc/1/ns/net --uts=/rootfs/proc/1/ns/uts /sbin/pvs --noheadings --readonly --separator=";" -S -o pv_name,pv_tags,pv_uuid,vg_name,lv_uuid
[2026-02-12 00:33:47,530][ceph_volume.process][INFO ] stdout /dev/nvme0n1";"";"TCdD0B-9anp-1Vom-CCgz-SLzx-uDEr-01vUCS";"vg_nvme";"Cj6nEo-6gjj-S8b7-p9bS-jVS7-Y8L4-D4eYcS
[2026-02-12 00:33:47,530][ceph_volume.process][INFO ] stdout /dev/nvme0n1";"";"TCdD0B-9anp-1Vom-CCgz-SLzx-uDEr-01vUCS";"vg_nvme";"eXFNz9-acm7-sqGw-9djd-GJKb-pk1y-mGEPfb
[2026-02-12 00:33:47,530][ceph_volume.process][INFO ] stdout /dev/nvme0n1";"";"TCdD0B-9anp-1Vom-CCgz-SLzx-uDEr-01vUCS";"vg_nvme";"MzevvH-t84F-tldl-e6qn-cbSH-nqs3-L2l6wZ
[2026-02-12 00:33:47,530][ceph_volume.process][INFO ] stdout /dev/nvme0n1";"";"TCdD0B-9anp-1Vom-CCgz-SLzx-uDEr-01vUCS";"vg_nvme";"
[2026-02-12 00:33:47,530][ceph_volume.process][INFO ] stdout /dev/nvme2n1";"";"n0MHlu-CU1y-AnNB-XHai-hXge-TD1k-6hLcHQ";"vg_nvme";"JxMYK9-hCNH-O5Ix-kwXe-rdlj-QqTk-3YYhh2
[2026-02-12 00:33:47,530][ceph_volume.process][INFO ] stdout /dev/nvme2n1";"";"n0MHlu-CU1y-AnNB-XHai-hXge-TD1k-6hLcHQ";"vg_nvme";"mfF6nO-POY1-fder-sKez-fskJ-DTr2-SuGmuH
[2026-02-12 00:33:47,530][ceph_volume.process][INFO ] stdout /dev/nvme2n1";"";"n0MHlu-CU1y-AnNB-XHai-hXge-TD1k-6hLcHQ";"vg_nvme";"
[2026-02-12 00:33:47,530][ceph_volume.api.lvm][WARNING] device is not part of ceph:
[2026-02-12 00:33:47,990][ceph_volume.main][INFO ] Running command: ceph-volume activate --bad-option
[2026-02-12 00:33:48,527][ceph_volume.main][INFO ] Running command: ceph-volume activate --osd-id 9 --osd-uuid fd447e56-27ed-4f19-b948-01b2d28ed260 --no-systemd --no-tmpfs
[2026-02-12 00:33:48,527][ceph_volume.devices.raw.list][DEBUG ] Listing block devices via lsblk...
[2026-02-12 00:33:48,527][ceph_volume.process][INFO ] Running command: /usr/bin/lsblk -P -p -o NAME,KNAME,PKNAME,MAJ:MIN,FSTYPE,MOUNTPOINT,LABEL,UUID,RO,RM,MODEL,SIZE,STATE,OWNER,GROUP,MODE,ALIGNMENT,PHY-SEC,LOG-SEC,ROTA,SCHED,TYPE,DISC-ALN,DISC-GRAN,DISC-MAX,DISC-ZERO,PKNAME,PARTLABEL
[2026-02-12 00:33:48,534][ceph_volume.process][INFO ] stdout NAME="/dev/nvme1n1" KNAME="/dev/nvme1n1" PKNAME="" MAJ_MIN="259:0" FSTYPE="" MOUNTPOINT="" LABEL="" UUID="" RO="0" RM="0" MODEL="Micron_7450_MTFDKBA960TFR" SIZE="894.3G" STATE="live" OWNER="root" GROUP="disk" MODE="brw-rw----" ALIGNMENT="0" PHY_SEC="4096" LOG_SEC="512" ROTA="0" SCHED="none" TYPE="disk" DISC_ALN="0" DISC_GRAN="4K" DISC_MAX="2T" DISC_ZERO="0" PKNAME="" PARTLABEL=""
[2026-02-12 00:33:48,534][ceph_volume.process][INFO ] stdout NAME="/dev/nvme1n1p1" KNAME="/dev/nvme1n1p1" PKNAME="/dev/nvme1n1" MAJ_MIN="259:2" FSTYPE="vfat" MOUNTPOINT="/rootfs/boot/efi" LABEL="efi" UUID="8F1A-A3A9" RO="0" RM="0" MODEL="" SIZE="512M" STATE="" OWNER="root" GROUP="disk" MODE="brw-rw----" ALIGNMENT="0" PHY_SEC="4096" LOG_SEC="512" ROTA="0" SCHED="none" TYPE="part" DISC_ALN="0" DISC_GRAN="4K" DISC_MAX="2T" DISC_ZERO="0" PKNAME="/dev/nvme1n1" PARTLABEL=""
[2026-02-12 00:33:48,534][ceph_volume.process][INFO ] stdout NAME="/dev/nvme1n1p2" KNAME="/dev/nvme1n1p2" PKNAME="/dev/nvme1n1" MAJ_MIN="259:3" FSTYPE="ext4" MOUNTPOINT="/rootfs" LABEL="root" UUID="dd550503-fc1d-4353-869e-16e2f042aa08" RO="0" RM="0" MODEL="" SIZE="893.8G" STATE="" OWNER="root" GROUP="disk" MODE="brw-rw----" ALIGNMENT="0" PHY_SEC="4096" LOG_SEC="512" ROTA="0" SCHED="none" TYPE="part" DISC_ALN="0" DISC_GRAN="4K" DISC_MAX="2T" DISC_ZERO="0" PKNAME="/dev/nvme1n1" PARTLABEL=""
[2026-02-12 00:33:48,534][ceph_volume.process][INFO ] stdout NAME="/dev/nvme2n1" KNAME="/dev/nvme2n1" PKNAME="" MAJ_MIN="259:1" FSTYPE="LVM2_member" MOUNTPOINT="" LABEL="" UUID="n0MHlu-CU1y-AnNB-XHai-hXge-TD1k-6hLcHQ" RO="0" RM="0" MODEL="MTFDKCC1T9TGP-1BK1JABYY" SIZE="1.7T" STATE="live" OWNER="root" GROUP="disk" MODE="brw-rw----" ALIGNMENT="0" PHY_SEC="4096" LOG_SEC="512" ROTA="0" SCHED="none" TYPE="disk" DISC_ALN="0" DISC_GRAN="4K" DISC_MAX="2T" DISC_ZERO="0" PKNAME="" PARTLABEL=""
[2026-02-12 00:33:48,534][ceph_volume.process][INFO ] stdout NAME="/dev/mapper/vg_nvme-lv_3" KNAME="/dev/dm-2" PKNAME="/dev/nvme2n1" MAJ_MIN="253:2" FSTYPE="ceph_bluestore" MOUNTPOINT="" LABEL="" UUID="" RO="0" RM="0" MODEL="" SIZE="700G" STATE="running" OWNER="ceph" GROUP="ceph" MODE="brw-rw----" ALIGNMENT="0" PHY_SEC="4096" LOG_SEC="512" ROTA="0" SCHED="" TYPE="lvm" DISC_ALN="0" DISC_GRAN="4K" DISC_MAX="2T" DISC_ZERO="0" PKNAME="/dev/nvme2n1" PARTLABEL=""
[2026-02-12 00:33:48,534][ceph_volume.process][INFO ] stdout NAME="/dev/mapper/vg_nvme-lv_4" KNAME="/dev/dm-3" PKNAME="/dev/nvme2n1" MAJ_MIN="253:3" FSTYPE="ceph_bluestore" MOUNTPOINT="" LABEL="" UUID="" RO="0" RM="0" MODEL="" SIZE="700G" STATE="running" OWNER="ceph" GROUP="ceph" MODE="brw-rw----" ALIGNMENT="0" PHY_SEC="4096" LOG_SEC="512" ROTA="0" SCHED="" TYPE="lvm" DISC_ALN="0" DISC_GRAN="4K" DISC_MAX="2T" DISC_ZERO="0" PKNAME="/dev/nvme2n1" PARTLABEL=""
[2026-02-12 00:33:48,534][ceph_volume.process][INFO ] stdout NAME="/dev/nvme0n1" KNAME="/dev/nvme0n1" PKNAME="" MAJ_MIN="259:4" FSTYPE="LVM2_member" MOUNTPOINT="" LABEL="" UUID="TCdD0B-9anp-1Vom-CCgz-SLzx-uDEr-01vUCS" RO="0" RM="0" MODEL="MTFDKCC1T9TGP-1BK1JABYY" SIZE="1.7T" STATE="live" OWNER="root" GROUP="disk" MODE="brw-rw----" ALIGNMENT="0" PHY_SEC="4096" LOG_SEC="512" ROTA="0" SCHED="none" TYPE="disk" DISC_ALN="0" DISC_GRAN="4K" DISC_MAX="2T" DISC_ZERO="0" PKNAME="" PARTLABEL=""
[2026-02-12 00:33:48,534][ceph_volume.process][INFO ] stdout NAME="/dev/mapper/vg_nvme-lv_1" KNAME="/dev/dm-0" PKNAME="/dev/nvme0n1" MAJ_MIN="253:0" FSTYPE="ceph_bluestore" MOUNTPOINT="" LABEL="" UUID="" RO="0" RM="0" MODEL="" SIZE="700G" STATE="running" OWNER="ceph" GROUP="ceph" MODE="brw-rw----" ALIGNMENT="0" PHY_SEC="4096" LOG_SEC="512" ROTA="0" SCHED="" TYPE="lvm" DISC_ALN="0" DISC_GRAN="4K" DISC_MAX="2T" DISC_ZERO="0" PKNAME="/dev/nvme0n1" PARTLABEL=""
[2026-02-12 00:33:48,534][ceph_volume.process][INFO ] stdout NAME="/dev/mapper/vg_nvme-lv_2" KNAME="/dev/dm-1" PKNAME="/dev/nvme0n1" MAJ_MIN="253:1" FSTYPE="ceph_bluestore" MOUNTPOINT="" LABEL="" UUID="" RO="0" RM="0" MODEL="" SIZE="700G" STATE="running" OWNER="ceph" GROUP="ceph" MODE="brw-rw----" ALIGNMENT="0" PHY_SEC="4096" LOG_SEC="512" ROTA="0" SCHED="" TYPE="lvm" DISC_ALN="0" DISC_GRAN="4K" DISC_MAX="2T" DISC_ZERO="0" PKNAME="/dev/nvme0n1" PARTLABEL=""
[2026-02-12 00:33:48,534][ceph_volume.process][INFO ] stdout NAME="/dev/mapper/vg_nvme-lv_5" KNAME="/dev/dm-4" PKNAME="/dev/nvme0n1" MAJ_MIN="253:4" FSTYPE="xfs" MOUNTPOINT="/rootfs/var/lib/ceph" LABEL="" UUID="002f5196-b80a-47dd-ab76-d9b3dd6fb89b" RO="0" RM="0" MODEL="" SIZE="100G" STATE="running" OWNER="root" GROUP="disk" MODE="brw-rw----" ALIGNMENT="0" PHY_SEC="4096" LOG_SEC="512" ROTA="0" SCHED="" TYPE="lvm" DISC_ALN="0" DISC_GRAN="4K" DISC_MAX="2T" DISC_ZERO="0" PKNAME="/dev/nvme0n1" PARTLABEL=""
[2026-02-12 00:33:48,534][ceph_volume.util.disk][INFO ] opening device /dev/nvme1n1 to check for BlueStore label
[2026-02-12 00:33:48,534][ceph_volume.util.disk][INFO ] opening device /dev/nvme1n1 to check for BlueStore label
[2026-02-12 00:33:48,534][ceph_volume.util.disk][INFO ] opening device /dev/nvme2n1 to check for BlueStore label
[2026-02-12 00:33:48,535][ceph_volume.util.disk][INFO ] opening device /dev/nvme2n1 to check for BlueStore label
[2026-02-12 00:33:48,535][ceph_volume.util.disk][INFO ] opening device /dev/nvme0n1 to check for BlueStore label
[2026-02-12 00:33:48,535][ceph_volume.util.disk][INFO ] opening device /dev/nvme0n1 to check for BlueStore label
[2026-02-12 00:33:48,535][ceph_volume.util.disk][INFO ] opening device /dev/nvme0n1 to check for BlueStore label
[2026-02-12 00:33:48,535][ceph_volume.devices.raw.list][DEBUG ] inspecting devices: ['/dev/nvme1n1', '/dev/nvme1n1p1', '/dev/nvme1n1p2', '/dev/nvme2n1', '/dev/mapper/vg_nvme-lv_3', '/dev/mapper/vg_nvme-lv_4', '/dev/nvme0n1', '/dev/mapper/vg_nvme-lv_1', '/dev/mapper/vg_nvme-lv_2', '/dev/mapper/vg_nvme-lv_5']
[2026-02-12 00:33:48,535][ceph_volume.process][INFO ] Running command: /usr/bin/ceph-bluestore-tool show-label --dev /dev/nvme1n1
[2026-02-12 00:33:48,548][ceph_volume.process][INFO ] stderr unable to read label for /dev/nvme1n1: (2) No such file or directory
[2026-02-12 00:33:48,548][ceph_volume.devices.raw.list][DEBUG ] assuming device /dev/nvme1n1 is not BlueStore; ceph-bluestore-tool failed to get info from device: [] ['unable to read label for /dev/nvme1n1: (2) No such file or directory']
[2026-02-12 00:33:48,548][ceph_volume.devices.raw.list][INFO ] device /dev/nvme1n1 does not have BlueStore information
[2026-02-12 00:33:48,548][ceph_volume.process][INFO ] Running command: /usr/bin/ceph-bluestore-tool show-label --dev /dev/nvme1n1p1
[2026-02-12 00:33:48,561][ceph_volume.process][INFO ] stderr unable to read label for /dev/nvme1n1p1: (2) No such file or directory
[2026-02-12 00:33:48,561][ceph_volume.devices.raw.list][DEBUG ] assuming device /dev/nvme1n1p1 is not BlueStore; ceph-bluestore-tool failed to get info from device: [] ['unable to read label for /dev/nvme1n1p1: (2) No such file or directory']
[2026-02-12 00:33:48,561][ceph_volume.devices.raw.list][INFO ] device /dev/nvme1n1p1 does not have BlueStore information
[2026-02-12 00:33:48,561][ceph_volume.process][INFO ] Running command: /usr/bin/ceph-bluestore-tool show-label --dev /dev/nvme1n1p2
[2026-02-12 00:33:48,574][ceph_volume.process][INFO ] stderr unable to read label for /dev/nvme1n1p2: (2) No such file or directory
[2026-02-12 00:33:48,574][ceph_volume.devices.raw.list][DEBUG ] assuming device /dev/nvme1n1p2 is not BlueStore; ceph-bluestore-tool failed to get info from device: [] ['unable to read label for /dev/nvme1n1p2: (2) No such file or directory']
[2026-02-12 00:33:48,574][ceph_volume.devices.raw.list][INFO ] device /dev/nvme1n1p2 does not have BlueStore information
[2026-02-12 00:33:48,574][ceph_volume.process][INFO ] Running command: /usr/bin/ceph-bluestore-tool show-label --dev /dev/nvme2n1
[2026-02-12 00:33:48,586][ceph_volume.process][INFO ] stderr unable to read label for /dev/nvme2n1: (2) No such file or directory
[2026-02-12 00:33:48,586][ceph_volume.devices.raw.list][DEBUG ] assuming device /dev/nvme2n1 is not BlueStore; ceph-bluestore-tool failed to get info from device: [] ['unable to read label for /dev/nvme2n1: (2) No such file or directory']
[2026-02-12 00:33:48,586][ceph_volume.devices.raw.list][INFO ] device /dev/nvme2n1 does not have BlueStore information
[2026-02-12 00:33:48,586][ceph_volume.process][INFO ] Running command: /usr/bin/ceph-bluestore-tool show-label --dev /dev/mapper/vg_nvme-lv_3
[2026-02-12 00:33:48,598][ceph_volume.process][INFO ] stdout {
[2026-02-12 00:33:48,598][ceph_volume.process][INFO ] stdout "/dev/mapper/vg_nvme-lv_3": {
[2026-02-12 00:33:48,598][ceph_volume.process][INFO ] stdout "osd_uuid": "1044f93f-9f76-4dab-a188-5dd8ea179084",
[2026-02-12 00:33:48,598][ceph_volume.process][INFO ] stdout "size": 751619276800,
[2026-02-12 00:33:48,598][ceph_volume.process][INFO ] stdout "btime": "2026-02-12T00:32:58.090018+0000",
[2026-02-12 00:33:48,599][ceph_volume.process][INFO ] stdout "description": "main",
[2026-02-12 00:33:48,599][ceph_volume.process][INFO ] stdout "bfm_blocks": "183500800",
[2026-02-12 00:33:48,599][ceph_volume.process][INFO ] stdout "bfm_blocks_per_key": "128",
[2026-02-12 00:33:48,599][ceph_volume.process][INFO ] stdout "bfm_bytes_per_block": "4096",
[2026-02-12 00:33:48,599][ceph_volume.process][INFO ] stdout "bfm_size": "751619276800",
[2026-02-12 00:33:48,599][ceph_volume.process][INFO ] stdout "bluefs": "1",
[2026-02-12 00:33:48,599][ceph_volume.process][INFO ] stdout "ceph_fsid": "2e2e98ce-07aa-11f1-a979-d404e6e7d460",
[2026-02-12 00:33:48,599][ceph_volume.process][INFO ] stdout "ceph_version_when_created": "ceph version 18.2.7-1047-g9191375a (9191375ab5b1e911954d9f7c2b9cd180c08dc881) reef (stable)",
[2026-02-12 00:33:48,599][ceph_volume.process][INFO ] stdout "created_at": "2026-02-12T00:33:00.251189Z",
[2026-02-12 00:33:48,599][ceph_volume.process][INFO ] stdout "kv_backend": "rocksdb",
[2026-02-12 00:33:48,599][ceph_volume.process][INFO ] stdout "magic": "ceph osd volume v026",
[2026-02-12 00:33:48,599][ceph_volume.process][INFO ] stdout "mkfs_done": "yes",
[2026-02-12 00:33:48,599][ceph_volume.process][INFO ] stdout "osd_key": "AQC5H41p3BaHDhAAedphy9XdS5wxvK/52K4woA==",
[2026-02-12 00:33:48,599][ceph_volume.process][INFO ] stdout "osdspec_affinity": "None",
[2026-02-12 00:33:48,599][ceph_volume.process][INFO ] stdout "ready": "ready",
[2026-02-12 00:33:48,599][ceph_volume.process][INFO ] stdout "require_osd_release": "18",
[2026-02-12 00:33:48,599][ceph_volume.process][INFO ] stdout "whoami": "3"
[2026-02-12 00:33:48,599][ceph_volume.process][INFO ] stdout }
[2026-02-12 00:33:48,599][ceph_volume.process][INFO ] stdout }
[2026-02-12 00:33:48,599][ceph_volume.process][INFO ] Running command: /usr/bin/ceph-bluestore-tool show-label --dev /dev/mapper/vg_nvme-lv_4
[2026-02-12 00:33:48,612][ceph_volume.process][INFO ] stdout {
[2026-02-12 00:33:48,612][ceph_volume.process][INFO ] stdout "/dev/mapper/vg_nvme-lv_4": {
[2026-02-12 00:33:48,612][ceph_volume.process][INFO ] stdout "osd_uuid": "1fdb99f3-00df-470c-9faf-0b4341e7fb4e",
[2026-02-12 00:33:48,612][ceph_volume.process][INFO ] stdout "size": 751619276800,
[2026-02-12 00:33:48,612][ceph_volume.process][INFO ] stdout "btime": "2026-02-12T00:32:35.225685+0000",
[2026-02-12 00:33:48,612][ceph_volume.process][INFO ] stdout "description": "main",
[2026-02-12 00:33:48,612][ceph_volume.process][INFO ] stdout "bfm_blocks": "183500800",
[2026-02-12 00:33:48,612][ceph_volume.process][INFO ] stdout "bfm_blocks_per_key": "128",
[2026-02-12 00:33:48,612][ceph_volume.process][INFO ] stdout "bfm_bytes_per_block": "4096",
[2026-02-12 00:33:48,612][ceph_volume.process][INFO ] stdout "bfm_size": "751619276800",
