2026-02-12T00:32:00.768+0000 7f23d1d1a640 1 --2- >> [v2:10.20.193.138:3300/0,v1:10.20.193.138:6789/0] conn(0x7f23cc108630 0x7f23cc108a30 unknown :-1 s=NONE pgs=0 cs=0 l=0 rev1=0 crypto rx=0 tx=0 comp rx=0 tx=0).connect
2026-02-12 00:32:00,878 7f19c55c5e00 DEBUG /usr/bin/ceph: stderr
2026-02-12T00:32:00.768+0000 7f23d1d1a640 1 -- --> [v2:10.20.193.138:3300/0,v1:10.20.193.138:6789/0] -- mon_getmap magic: 0 v1 -- 0x7f23cc109000 con 0x7f23cc108630
2026-02-12 00:32:00,878 7f19c55c5e00 DEBUG /usr/bin/ceph: stderr
2026-02-12T00:32:00.769+0000 7f23cb7fe640 1 --2- >> [v2:10.20.193.138:3300/0,v1:10.20.193.138:6789/0] conn(0x7f23cc108630 0x7f23cc108a30 unknown :-1 s=BANNER_CONNECTING pgs=0 cs=0 l=0 rev1=0 crypto rx=0 tx=0 comp rx=0 tx=0)._handle_peer_banner_payload supported=3 required=0
2026-02-12 00:32:00,878 7f19c55c5e00 DEBUG /usr/bin/ceph: stderr
2026-02-12T00:32:00.769+0000 7f23cb7fe640 1 --2- >> [v2:10.20.193.138:3300/0,v1:10.20.193.138:6789/0] conn(0x7f23cc108630 0x7f23cc108a30 unknown :-1 s=HELLO_CONNECTING pgs=0 cs=0 l=0 rev1=1 crypto rx=0 tx=0 comp rx=0 tx=0).handle_hello peer v2:10.20.193.138:3300/0 says I am v2:10.20.193.138:33950/0 (socket says 10.20.193.138:33950)
2026-02-12 00:32:00,878 7f19c55c5e00 DEBUG /usr/bin/ceph: stderr
2026-02-12T00:32:00.769+0000 7f23cb7fe640 1 -- 10.20.193.138:0/1301235380 learned_addr learned my addr 10.20.193.138:0/1301235380 (peer_addr_for_me v2:10.20.193.138:0/0)
2026-02-12 00:32:00,878 7f19c55c5e00 DEBUG /usr/bin/ceph: stderr
2026-02-12T00:32:00.769+0000 7f23cb7fe640 1 -- 10.20.193.138:0/1301235380 --> [v2:10.20.193.138:3300/0,v1:10.20.193.138:6789/0] -- mon_subscribe({config=0+,monmap=0+}) v3 -- 0x7f23cc109830 con 0x7f23cc108630
2026-02-12 00:32:00,878 7f19c55c5e00 DEBUG /usr/bin/ceph: stderr
2026-02-12T00:32:00.769+0000 7f23cb7fe640 1 --2- 10.20.193.138:0/1301235380 >> [v2:10.20.193.138:3300/0,v1:10.20.193.138:6789/0] conn(0x7f23cc108630 0x7f23cc108a30 secure :-1 s=READY pgs=51 cs=0 l=1 rev1=1 crypto rx=0x7f23b8009920 tx=0x7f23b802ef20 comp rx=0 tx=0).ready entity=mon.0 client_cookie=5dae4cc445ac24fe server_cookie=0 in_seq=0 out_seq=0
2026-02-12 00:32:00,878 7f19c55c5e00 DEBUG /usr/bin/ceph: stderr
2026-02-12T00:32:00.769+0000 7f23ca7fc640 1 -- 10.20.193.138:0/1301235380 <== mon.0 v2:10.20.193.138:3300/0 1 ==== mon_map magic: 0 v1 ==== 205+0+0 (secure 0 0 0) 0x7f23b802fae0 con 0x7f23cc108630
2026-02-12 00:32:00,878 7f19c55c5e00 DEBUG /usr/bin/ceph: stderr
2026-02-12T00:32:00.769+0000 7f23ca7fc640 1 -- 10.20.193.138:0/1301235380 <== mon.0 v2:10.20.193.138:3300/0 2 ==== config(26 keys) v1 ==== 1074+0+0 (secure 0 0 0) 0x7f23b802fc40 con 0x7f23cc108630
2026-02-12 00:32:00,878 7f19c55c5e00 DEBUG /usr/bin/ceph: stderr
2026-02-12T00:32:00.769+0000 7f23ca7fc640 1 -- 10.20.193.138:0/1301235380 <== mon.0 v2:10.20.193.138:3300/0 3 ==== mon_map magic: 0 v1 ==== 205+0+0 (secure 0 0 0) 0x7f23b80355e0 con 0x7f23cc108630
2026-02-12 00:32:00,878 7f19c55c5e00 DEBUG /usr/bin/ceph: stderr
2026-02-12T00:32:00.770+0000 7f23d1d1a640 1 -- 10.20.193.138:0/1301235380 >> [v2:10.20.193.138:3300/0,v1:10.20.193.138:6789/0] conn(0x7f23cc108630 msgr2=0x7f23cc108a30 secure :-1 s=STATE_CONNECTION_ESTABLISHED l=1).mark_down
2026-02-12 00:32:00,878 7f19c55c5e00 DEBUG /usr/bin/ceph: stderr
2026-02-12T00:32:00.770+0000 7f23d1d1a640 1 --2- 10.20.193.138:0/1301235380 >> [v2:10.20.193.138:3300/0,v1:10.20.193.138:6789/0] conn(0x7f23cc108630 0x7f23cc108a30 secure :-1 s=READY pgs=51 cs=0 l=1 rev1=1 crypto rx=0x7f23b8009920 tx=0x7f23b802ef20 comp rx=0 tx=0).stop
2026-02-12 00:32:00,878 7f19c55c5e00 DEBUG /usr/bin/ceph: stderr
2026-02-12T00:32:00.770+0000 7f23d1d1a640 1 -- 10.20.193.138:0/1301235380 shutdown_connections
2026-02-12 00:32:00,878 7f19c55c5e00 DEBUG /usr/bin/ceph: stderr
2026-02-12T00:32:00.770+0000 7f23d1d1a640 1 --2- 10.20.193.138:0/1301235380 >> [v2:10.20.193.138:3300/0,v1:10.20.193.138:6789/0] conn(0x7f23cc108630 0x7f23cc108a30 unknown :-1 s=CLOSED pgs=51 cs=0 l=1 rev1=1 crypto rx=0 tx=0 comp rx=0 tx=0).stop
2026-02-12 00:32:00,879 7f19c55c5e00 DEBUG /usr/bin/ceph: stderr
2026-02-12T00:32:00.770+0000 7f23d1d1a640 1 -- 10.20.193.138:0/1301235380 >> 10.20.193.138:0/1301235380 conn(0x7f23cc07bae0 msgr2=0x7f23cc106510 unknown :-1 s=STATE_NONE l=0).mark_down
2026-02-12 00:32:00,879 7f19c55c5e00 DEBUG /usr/bin/ceph: stderr
2026-02-12T00:32:00.770+0000 7f23d1d1a640 1 -- 10.20.193.138:0/1301235380 shutdown_connections
2026-02-12 00:32:00,879 7f19c55c5e00 DEBUG /usr/bin/ceph: stderr
2026-02-12T00:32:00.770+0000 7f23d1d1a640 1 -- 10.20.193.138:0/1301235380 wait complete.
2026-02-12 00:32:00,879 7f19c55c5e00 DEBUG /usr/bin/ceph: stderr
2026-02-12T00:32:00.770+0000 7f23d1d1a640 1 Processor -- start
2026-02-12 00:32:00,879 7f19c55c5e00 DEBUG /usr/bin/ceph: stderr
2026-02-12T00:32:00.770+0000 7f23d1d1a640 1 -- start start
2026-02-12 00:32:00,879 7f19c55c5e00 DEBUG /usr/bin/ceph: stderr
2026-02-12T00:32:00.770+0000 7f23d1d1a640 1 --2- >> [v2:10.20.193.138:3300/0,v1:10.20.193.138:6789/0] conn(0x7f23cc108630 0x7f23cc19e2b0 unknown :-1 s=NONE pgs=0 cs=0 l=1 rev1=0 crypto rx=0 tx=0 comp rx=0 tx=0).connect
2026-02-12 00:32:00,879 7f19c55c5e00 DEBUG /usr/bin/ceph: stderr
2026-02-12T00:32:00.770+0000 7f23d1d1a640 1 -- --> [v2:10.20.193.138:3300/0,v1:10.20.193.138:6789/0] -- mon_getmap magic: 0 v1 -- 0x7f23cc19e7f0 con 0x7f23cc108630
2026-02-12 00:32:00,879 7f19c55c5e00 DEBUG /usr/bin/ceph: stderr
2026-02-12T00:32:00.770+0000 7f23cb7fe640 1 --2- >> [v2:10.20.193.138:3300/0,v1:10.20.193.138:6789/0] conn(0x7f23cc108630 0x7f23cc19e2b0 unknown :-1 s=BANNER_CONNECTING pgs=0 cs=0 l=1 rev1=0 crypto rx=0 tx=0 comp rx=0 tx=0)._handle_peer_banner_payload supported=3 required=0
2026-02-12 00:32:00,879 7f19c55c5e00 DEBUG /usr/bin/ceph: stderr
2026-02-12T00:32:00.770+0000 7f23cb7fe640 1 --2- >> [v2:10.20.193.138:3300/0,v1:10.20.193.138:6789/0] conn(0x7f23cc108630 0x7f23cc19e2b0 unknown :-1 s=HELLO_CONNECTING pgs=0 cs=0 l=1 rev1=1 crypto rx=0 tx=0 comp rx=0 tx=0).handle_hello peer v2:10.20.193.138:3300/0 says I am v2:10.20.193.138:33962/0 (socket says 10.20.193.138:33962)
2026-02-12 00:32:00,879 7f19c55c5e00 DEBUG /usr/bin/ceph: stderr
2026-02-12T00:32:00.770+0000 7f23cb7fe640 1 -- 10.20.193.138:0/4247726924 learned_addr learned my addr 10.20.193.138:0/4247726924 (peer_addr_for_me v2:10.20.193.138:0/0)
2026-02-12 00:32:00,879 7f19c55c5e00 DEBUG /usr/bin/ceph: stderr
2026-02-12T00:32:00.770+0000 7f23cb7fe640 1 -- 10.20.193.138:0/4247726924 --> [v2:10.20.193.138:3300/0,v1:10.20.193.138:6789/0] -- mon_subscribe({config=0+,monmap=0+}) v3 -- 0x7f23b80095d0 con 0x7f23cc108630
2026-02-12 00:32:00,879 7f19c55c5e00 DEBUG /usr/bin/ceph: stderr
2026-02-12T00:32:00.770+0000 7f23cb7fe640 1 --2- 10.20.193.138:0/4247726924 >> [v2:10.20.193.138:3300/0,v1:10.20.193.138:6789/0] conn(0x7f23cc108630 0x7f23cc19e2b0 secure :-1 s=READY pgs=52 cs=0 l=1 rev1=1 crypto rx=0x7f23b8006fd0 tx=0x7f23b802fbc0 comp rx=0 tx=0).ready entity=mon.0 client_cookie=0 server_cookie=0 in_seq=0 out_seq=0
2026-02-12 00:32:00,879 7f19c55c5e00 DEBUG /usr/bin/ceph: stderr
2026-02-12T00:32:00.771+0000 7f23c8ff9640 1 -- 10.20.193.138:0/4247726924 <== mon.0 v2:10.20.193.138:3300/0 1 ==== mon_map magic: 0 v1 ==== 205+0+0 (secure 0 0 0) 0x7f23b80378d0 con 0x7f23cc108630
2026-02-12 00:32:00,879 7f19c55c5e00 DEBUG /usr/bin/ceph: stderr
2026-02-12T00:32:00.771+0000 7f23c8ff9640 1 -- 10.20.193.138:0/4247726924 <== mon.0 v2:10.20.193.138:3300/0 2 ==== config(26 keys) v1 ==== 1074+0+0 (secure 0 0 0) 0x7f23b8037a30 con 0x7f23cc108630
2026-02-12 00:32:00,879 7f19c55c5e00 DEBUG /usr/bin/ceph: stderr
2026-02-12T00:32:00.771+0000 7f23d1d1a640 1 -- 10.20.193.138:0/4247726924 --> [v2:10.20.193.138:3300/0,v1:10.20.193.138:6789/0] -- mon_subscribe({mgrmap=0+}) v3 -- 0x7f23cc19e9f0 con 0x7f23cc108630
2026-02-12 00:32:00,879 7f19c55c5e00 DEBUG /usr/bin/ceph: stderr
2026-02-12T00:32:00.771+0000 7f23c8ff9640 1 -- 10.20.193.138:0/4247726924 <== mon.0 v2:10.20.193.138:3300/0 3 ==== mon_map magic: 0 v1 ==== 205+0+0 (secure 0 0 0) 0x7f23b803e4e0 con 0x7f23cc108630
2026-02-12 00:32:00,879 7f19c55c5e00 DEBUG /usr/bin/ceph: stderr
2026-02-12T00:32:00.771+0000 7f23d1d1a640 1 -- 10.20.193.138:0/4247726924 --> [v2:10.20.193.138:3300/0,v1:10.20.193.138:6789/0] -- mon_subscribe({osdmap=0}) v3 -- 0x7f23cc19ee90 con 0x7f23cc108630
2026-02-12 00:32:00,879 7f19c55c5e00 DEBUG /usr/bin/ceph: stderr
2026-02-12T00:32:00.771+0000 7f23c8ff9640 1 -- 10.20.193.138:0/4247726924 <== mon.0 v2:10.20.193.138:3300/0 4 ==== mgrmap(e 8) v1 ==== 49360+0+0 (secure 0 0 0) 0x7f23b803e070 con 0x7f23cc108630
2026-02-12 00:32:00,879 7f19c55c5e00 DEBUG /usr/bin/ceph: stderr
2026-02-12T00:32:00.771+0000 7f23d1d1a640 1 -- 10.20.193.138:0/4247726924 --> [v2:10.20.193.138:3300/0,v1:10.20.193.138:6789/0] -- mon_command({"prefix": "get_command_descriptions"} v 0) v1 -- 0x7f23cc10ca60 con 0x7f23cc108630
2026-02-12 00:32:00,879 7f19c55c5e00 DEBUG /usr/bin/ceph: stderr
2026-02-12T00:32:00.771+0000 7f23c8ff9640 1 --2- 10.20.193.138:0/4247726924 >> [v2:10.20.193.138:6800/2219598785,v1:10.20.193.138:6801/2219598785] conn(0x7f23a003d140 0x7f23a003f600 unknown :-1 s=NONE pgs=0 cs=0 l=1 rev1=0 crypto rx=0 tx=0 comp rx=0 tx=0).connect
2026-02-12 00:32:00,879 7f19c55c5e00 DEBUG /usr/bin/ceph: stderr
2026-02-12T00:32:00.771+0000 7f23c8ff9640 1 -- 10.20.193.138:0/4247726924 <== mon.0 v2:10.20.193.138:3300/0 5 ==== osd_map(2..2 src has 1..2) v4 ==== 940+0+0 (secure 0 0 0) 0x7f23b8075c40 con 0x7f23cc108630
2026-02-12 00:32:00,879 7f19c55c5e00 DEBUG /usr/bin/ceph: stderr
2026-02-12T00:32:00.771+0000 7f23caffd640 1 --2- 10.20.193.138:0/4247726924 >> [v2:10.20.193.138:6800/2219598785,v1:10.20.193.138:6801/2219598785] conn(0x7f23a003d140 0x7f23a003f600 unknown :-1 s=BANNER_CONNECTING pgs=0 cs=0 l=1 rev1=0 crypto rx=0 tx=0 comp rx=0 tx=0)._handle_peer_banner_payload supported=3 required=0
2026-02-12 00:32:00,879 7f19c55c5e00 DEBUG /usr/bin/ceph: stderr
2026-02-12T00:32:00.772+0000 7f23caffd640 1 --2- 10.20.193.138:0/4247726924 >> [v2:10.20.193.138:6800/2219598785,v1:10.20.193.138:6801/2219598785] conn(0x7f23a003d140 0x7f23a003f600 secure :-1 s=READY pgs=15 cs=0 l=1 rev1=1 crypto rx=0x7f23bc0099c0 tx=0x7f23bc006eb0 comp rx=0 tx=0).ready entity=mgr.14118 client_cookie=0 server_cookie=0 in_seq=0 out_seq=0
2026-02-12 00:32:00,879 7f19c55c5e00 DEBUG /usr/bin/ceph: stderr
2026-02-12T00:32:00.774+0000 7f23c8ff9640 1 -- 10.20.193.138:0/4247726924 <== mon.0 v2:10.20.193.138:3300/0 6 ==== mon_command_ack([{"prefix": "get_command_descriptions"}]=0 v0) v1 ==== 72+0+186382 (secure 0 0 0) 0x7f23b8036810 con 0x7f23cc108630
2026-02-12 00:32:00,879 7f19c55c5e00 DEBUG /usr/bin/ceph: stderr
2026-02-12T00:32:00.854+0000 7f23d1d1a640 1 -- 10.20.193.138:0/4247726924 --> [v2:10.20.193.138:3300/0,v1:10.20.193.138:6789/0] -- mon_command([{prefix=config set, name=mgr/dashboard/ssl_server_port}] v 0) v1 -- 0x7f23cc10ca60 con 0x7f23cc108630
2026-02-12 00:32:00,879 7f19c55c5e00 DEBUG /usr/bin/ceph: stderr
2026-02-12T00:32:00.855+0000 7f23c8ff9640 1 -- 10.20.193.138:0/4247726924 <== mon.0 v2:10.20.193.138:3300/0 7 ==== mon_command_ack([{prefix=config set, name=mgr/dashboard/ssl_server_port}]=0 v8)=0 v8) v1 ==== 130+0+0 (secure 0 0 0) 0x7f23b803c030 con 0x7f23cc108630
2026-02-12 00:32:00,879 7f19c55c5e00 DEBUG /usr/bin/ceph: stderr
2026-02-12T00:32:00.856+0000 7f23d1d1a640 1 -- 10.20.193.138:0/4247726924 >> [v2:10.20.193.138:6800/2219598785,v1:10.20.193.138:6801/2219598785] conn(0x7f23a003d140 msgr2=0x7f23a003f600 secure :-1 s=STATE_CONNECTION_ESTABLISHED l=1).mark_down
2026-02-12 00:32:00,879 7f19c55c5e00 DEBUG /usr/bin/ceph: stderr
2026-02-12T00:32:00.856+0000 7f23d1d1a640 1 --2- 10.20.193.138:0/4247726924 >> [v2:10.20.193.138:6800/2219598785,v1:10.20.193.138:6801/2219598785] conn(0x7f23a003d140 0x7f23a003f600 secure :-1 s=READY pgs=15 cs=0 l=1 rev1=1 crypto rx=0x7f23bc0099c0 tx=0x7f23bc006eb0 comp rx=0 tx=0).stop
2026-02-12 00:32:00,879 7f19c55c5e00 DEBUG /usr/bin/ceph: stderr
2026-02-12T00:32:00.856+0000 7f23d1d1a640 1 -- 10.20.193.138:0/4247726924 >> [v2:10.20.193.138:3300/0,v1:10.20.193.138:6789/0] conn(0x7f23cc108630 msgr2=0x7f23cc19e2b0 secure :-1 s=STATE_CONNECTION_ESTABLISHED l=1).mark_down
2026-02-12 00:32:00,879 7f19c55c5e00 DEBUG /usr/bin/ceph: stderr
2026-02-12T00:32:00.856+0000 7f23d1d1a640 1 --2- 10.20.193.138:0/4247726924 >> [v2:10.20.193.138:3300/0,v1:10.20.193.138:6789/0] conn(0x7f23cc108630 0x7f23cc19e2b0 secure :-1 s=READY pgs=52 cs=0 l=1 rev1=1 crypto rx=0x7f23b8006fd0 tx=0x7f23b802fbc0 comp rx=0 tx=0).stop
2026-02-12 00:32:00,879 7f19c55c5e00 DEBUG /usr/bin/ceph: stderr
2026-02-12T00:32:00.856+0000 7f23d1d1a640 1 -- 10.20.193.138:0/4247726924 shutdown_connections
2026-02-12 00:32:00,879 7f19c55c5e00 DEBUG /usr/bin/ceph: stderr
2026-02-12T00:32:00.856+0000 7f23d1d1a640 1 --2- 10.20.193.138:0/4247726924 >> [v2:10.20.193.138:6800/2219598785,v1:10.20.193.138:6801/2219598785] conn(0x7f23a003d140 0x7f23a003f600 unknown :-1 s=CLOSED pgs=15 cs=0 l=1 rev1=1 crypto rx=0 tx=0 comp rx=0 tx=0).stop
2026-02-12 00:32:00,879 7f19c55c5e00 DEBUG /usr/bin/ceph: stderr
2026-02-12T00:32:00.856+0000 7f23d1d1a640 1 --2- 10.20.193.138:0/4247726924 >> [v2:10.20.193.138:3300/0,v1:10.20.193.138:6789/0] conn(0x7f23cc108630 0x7f23cc19e2b0 unknown :-1 s=CLOSED pgs=52 cs=0 l=1 rev1=1 crypto rx=0 tx=0 comp rx=0 tx=0).stop
2026-02-12 00:32:00,879 7f19c55c5e00 DEBUG /usr/bin/ceph: stderr
2026-02-12T00:32:00.856+0000 7f23d1d1a640 1 -- 10.20.193.138:0/4247726924 >> 10.20.193.138:0/4247726924 conn(0x7f23cc07bae0 msgr2=0x7f23cc105c00 unknown :-1 s=STATE_NONE l=0).mark_down
2026-02-12 00:32:00,879 7f19c55c5e00 DEBUG /usr/bin/ceph: stderr
2026-02-12T00:32:00.856+0000 7f23d1d1a640 1 -- 10.20.193.138:0/4247726924 shutdown_connections
2026-02-12 00:32:00,879 7f19c55c5e00 DEBUG /usr/bin/ceph: stderr
2026-02-12T00:32:00.856+0000 7f23d1d1a640 1 -- 10.20.193.138:0/4247726924 wait complete.
2026-02-12 00:32:00,879 7f19c55c5e00 INFO Enabling the dashboard module...
2026-02-12 00:32:00,903 7f5448835e00 DEBUG -------------------------------------------------------------------------------- cephadm ['--timeout', '895', 'gather-facts']
2026-02-12 00:32:01,140 7fb3bf030e00 DEBUG -------------------------------------------------------------------------------- cephadm ['--image', 'quay.ceph.io/ceph-ci/ceph@sha256:b301c911ad174e390691dcf770262f8c1cfab65f5c4322063d810721e5f35538', '--timeout', '895', 'list-networks']
2026-02-12 00:32:01,287 7fec079d9e00 DEBUG -------------------------------------------------------------------------------- cephadm ['--image', 'quay.ceph.io/ceph-ci/ceph@sha256:b301c911ad174e390691dcf770262f8c1cfab65f5c4322063d810721e5f35538', '--timeout', '895', 'ceph-volume', '--fsid', '2e2e98ce-07aa-11f1-a979-d404e6e7d460', '--', 'inventory', '--format=json-pretty', '--filter-for-batch']
2026-02-12 00:32:01,337 7fec079d9e00 INFO Inferring config /var/lib/ceph/2e2e98ce-07aa-11f1-a979-d404e6e7d460/mon.a/config
2026-02-12 00:32:01,337 7fec079d9e00 DEBUG Using specified fsid: 2e2e98ce-07aa-11f1-a979-d404e6e7d460
2026-02-12 00:32:01,987 7f19c55c5e00 DEBUG /usr/bin/ceph: stderr
2026-02-12T00:32:00.988+0000 7f06d0464640 1 Processor -- start
2026-02-12 00:32:01,987 7f19c55c5e00 DEBUG /usr/bin/ceph: stderr
2026-02-12T00:32:00.988+0000 7f06d0464640 1 -- start start
2026-02-12 00:32:01,987 7f19c55c5e00 DEBUG /usr/bin/ceph: stderr
2026-02-12T00:32:00.988+0000 7f06d0464640 1 --2- >> [v2:10.20.193.138:3300/0,v1:10.20.193.138:6789/0] conn(0x7f06c807bd60 0x7f06c807a1c0 unknown :-1 s=NONE pgs=0 cs=0 l=0 rev1=0 crypto rx=0 tx=0 comp rx=0 tx=0).connect
2026-02-12 00:32:01,987 7f19c55c5e00 DEBUG /usr/bin/ceph: stderr
2026-02-12T00:32:00.988+0000 7f06d0464640 1 -- --> [v2:10.20.193.138:3300/0,v1:10.20.193.138:6789/0] -- mon_getmap magic: 0 v1 -- 0x7f06c807a700 con 0x7f06c807bd60
2026-02-12 00:32:01,987 7f19c55c5e00 DEBUG /usr/bin/ceph: stderr
2026-02-12T00:32:00.989+0000 7f06ce1d9640 1 --2- >> [v2:10.20.193.138:3300/0,v1:10.20.193.138:6789/0] conn(0x7f06c807bd60 0x7f06c807a1c0 unknown :-1 s=BANNER_CONNECTING pgs=0 cs=0 l=0 rev1=0 crypto rx=0 tx=0 comp rx=0 tx=0)._handle_peer_banner_payload supported=3 required=0
2026-02-12 00:32:01,987 7f19c55c5e00 DEBUG /usr/bin/ceph: stderr
2026-02-12T00:32:00.989+0000 7f06ce1d9640 1 --2- >> [v2:10.20.193.138:3300/0,v1:10.20.193.138:6789/0] conn(0x7f06c807bd60 0x7f06c807a1c0 unknown :-1 s=HELLO_CONNECTING pgs=0 cs=0 l=0 rev1=1 crypto rx=0 tx=0 comp rx=0 tx=0).handle_hello peer v2:10.20.193.138:3300/0 says I am v2:10.20.193.138:33978/0 (socket says 10.20.193.138:33978)
2026-02-12 00:32:01,987 7f19c55c5e00 DEBUG /usr/bin/ceph: stderr
2026-02-12T00:32:00.989+0000 7f06ce1d9640 1 -- 10.20.193.138:0/2398741959 learned_addr learned my addr 10.20.193.138:0/2398741959 (peer_addr_for_me v2:10.20.193.138:0/0)
2026-02-12 00:32:01,987 7f19c55c5e00 DEBUG /usr/bin/ceph: stderr
2026-02-12T00:32:00.989+0000 7f06ce1d9640 1 -- 10.20.193.138:0/2398741959 --> [v2:10.20.193.138:3300/0,v1:10.20.193.138:6789/0] -- mon_subscribe({config=0+,monmap=0+}) v3 -- 0x7f06c807a840 con 0x7f06c807bd60
2026-02-12 00:32:01,987 7f19c55c5e00 DEBUG /usr/bin/ceph: stderr
2026-02-12T00:32:00.989+0000 7f06ce1d9640 1 --2- 10.20.193.138:0/2398741959 >> [v2:10.20.193.138:3300/0,v1:10.20.193.138:6789/0] conn(0x7f06c807bd60 0x7f06c807a1c0 secure :-1 s=READY pgs=53 cs=0 l=1 rev1=1 crypto rx=0x7f06b8009920 tx=0x7f06b802ef20 comp rx=0 tx=0).ready entity=mon.0 client_cookie=9bfcff718ddb56db server_cookie=0 in_seq=0 out_seq=0
2026-02-12 00:32:01,987 7f19c55c5e00 DEBUG /usr/bin/ceph: stderr
2026-02-12T00:32:00.989+0000 7f06cd1d7640 1 -- 10.20.193.138:0/2398741959 <== mon.0 v2:10.20.193.138:3300/0 1 ==== mon_map magic: 0 v1 ==== 205+0+0 (secure 0 0 0) 0x7f06b802fae0 con 0x7f06c807bd60
2026-02-12 00:32:01,987 7f19c55c5e00 DEBUG /usr/bin/ceph: stderr
2026-02-12T00:32:00.989+0000 7f06cd1d7640 1 -- 10.20.193.138:0/2398741959 <== mon.0 v2:10.20.193.138:3300/0 2 ==== config(26 keys) v1 ==== 1074+0+0 (secure 0 0 0) 0x7f06b802fc40 con 0x7f06c807bd60
2026-02-12 00:32:01,987 7f19c55c5e00 DEBUG /usr/bin/ceph: stderr
2026-02-12T00:32:00.989+0000 7f06cd1d7640 1 -- 10.20.193.138:0/2398741959 <== mon.0 v2:10.20.193.138:3300/0 3 ==== mon_map magic: 0 v1 ==== 205+0+0 (secure 0 0 0) 0x7f06b80355e0 con 0x7f06c807bd60
2026-02-12 00:32:01,987 7f19c55c5e00 DEBUG /usr/bin/ceph: stderr
2026-02-12T00:32:00.990+0000 7f06d0464640 1 -- 10.20.193.138:0/2398741959 >> [v2:10.20.193.138:3300/0,v1:10.20.193.138:6789/0] conn(0x7f06c807bd60 msgr2=0x7f06c807a1c0 secure :-1 s=STATE_CONNECTION_ESTABLISHED l=1).mark_down
2026-02-12 00:32:01,987 7f19c55c5e00 DEBUG /usr/bin/ceph: stderr
2026-02-12T00:32:00.990+0000 7f06d0464640 1 --2- 10.20.193.138:0/2398741959 >> [v2:10.20.193.138:3300/0,v1:10.20.193.138:6789/0] conn(0x7f06c807bd60 0x7f06c807a1c0 secure :-1 s=READY pgs=53 cs=0 l=1 rev1=1 crypto rx=0x7f06b8009920 tx=0x7f06b802ef20 comp rx=0 tx=0).stop
2026-02-12 00:32:01,987 7f19c55c5e00 DEBUG /usr/bin/ceph: stderr
2026-02-12T00:32:00.990+0000 7f06d0464640 1 -- 10.20.193.138:0/2398741959 shutdown_connections
2026-02-12 00:32:01,987 7f19c55c5e00 DEBUG /usr/bin/ceph: stderr
2026-02-12T00:32:00.990+0000 7f06d0464640 1 --2- 10.20.193.138:0/2398741959 >> [v2:10.20.193.138:3300/0,v1:10.20.193.138:6789/0] conn(0x7f06c807bd60 0x7f06c807a1c0 unknown :-1 s=CLOSED pgs=53 cs=0 l=1 rev1=1 crypto rx=0 tx=0 comp rx=0 tx=0).stop
2026-02-12 00:32:01,988 7f19c55c5e00 DEBUG /usr/bin/ceph: stderr
2026-02-12T00:32:00.990+0000 7f06d0464640 1 -- 10.20.193.138:0/2398741959 >> 10.20.193.138:0/2398741959 conn(0x7f06c8101b60 msgr2=0x7f06c8103f80 unknown :-1 s=STATE_NONE l=0).mark_down
2026-02-12 00:32:01,988 7f19c55c5e00 DEBUG /usr/bin/ceph: stderr
2026-02-12T00:32:00.990+0000 7f06d0464640 1 -- 10.20.193.138:0/2398741959 shutdown_connections
2026-02-12 00:32:01,988 7f19c55c5e00 DEBUG /usr/bin/ceph: stderr
2026-02-12T00:32:00.990+0000 7f06d0464640 1 -- 10.20.193.138:0/2398741959 wait complete.
2026-02-12 00:32:01,988 7f19c55c5e00 DEBUG /usr/bin/ceph: stderr
2026-02-12T00:32:00.990+0000 7f06d0464640 1 Processor -- start
2026-02-12 00:32:01,988 7f19c55c5e00 DEBUG /usr/bin/ceph: stderr
2026-02-12T00:32:00.990+0000 7f06d0464640 1 -- start start
2026-02-12 00:32:01,988 7f19c55c5e00 DEBUG /usr/bin/ceph: stderr
2026-02-12T00:32:00.990+0000 7f06d0464640 1 --2- >> [v2:10.20.193.138:3300/0,v1:10.20.193.138:6789/0] conn(0x7f06c807bd60 0x7f06c819e2c0 unknown :-1 s=NONE pgs=0 cs=0 l=1 rev1=0 crypto rx=0 tx=0 comp rx=0 tx=0).connect
2026-02-12 00:32:01,988 7f19c55c5e00 DEBUG /usr/bin/ceph: stderr
2026-02-12T00:32:00.990+0000 7f06d0464640 1 -- --> [v2:10.20.193.138:3300/0,v1:10.20.193.138:6789/0] -- mon_getmap magic: 0 v1 -- 0x7f06c819e800 con 0x7f06c807bd60
2026-02-12 00:32:01,988 7f19c55c5e00 DEBUG /usr/bin/ceph: stderr
2026-02-12T00:32:00.990+0000 7f06ce1d9640 1 --2- >> [v2:10.20.193.138:3300/0,v1:10.20.193.138:6789/0] conn(0x7f06c807bd60 0x7f06c819e2c0 unknown :-1 s=BANNER_CONNECTING pgs=0 cs=0 l=1 rev1=0 crypto rx=0 tx=0 comp rx=0 tx=0)._handle_peer_banner_payload supported=3 required=0
2026-02-12 00:32:01,988 7f19c55c5e00 DEBUG /usr/bin/ceph: stderr
2026-02-12T00:32:00.990+0000 7f06ce1d9640 1 --2- >> [v2:10.20.193.138:3300/0,v1:10.20.193.138:6789/0] conn(0x7f06c807bd60 0x7f06c819e2c0 unknown :-1 s=HELLO_CONNECTING pgs=0 cs=0 l=1 rev1=1 crypto rx=0 tx=0 comp rx=0 tx=0).handle_hello peer v2:10.20.193.138:3300/0 says I am v2:10.20.193.138:33988/0 (socket says 10.20.193.138:33988)
2026-02-12 00:32:01,988 7f19c55c5e00 DEBUG /usr/bin/ceph: stderr
2026-02-12T00:32:00.990+0000 7f06ce1d9640 1 -- 10.20.193.138:0/1212214723 learned_addr learned my addr 10.20.193.138:0/1212214723 (peer_addr_for_me v2:10.20.193.138:0/0)
2026-02-12 00:32:01,988 7f19c55c5e00 DEBUG /usr/bin/ceph: stderr
2026-02-12T00:32:00.990+0000 7f06ce1d9640 1 -- 10.20.193.138:0/1212214723 --> [v2:10.20.193.138:3300/0,v1:10.20.193.138:6789/0] -- mon_subscribe({config=0+,monmap=0+}) v3 -- 0x7f06b80095d0 con 0x7f06c807bd60
2026-02-12 00:32:01,988 7f19c55c5e00 DEBUG /usr/bin/ceph: stderr
2026-02-12T00:32:00.991+0000 7f06ce1d9640 1 --2- 10.20.193.138:0/1212214723 >> [v2:10.20.193.138:3300/0,v1:10.20.193.138:6789/0] conn(0x7f06c807bd60 0x7f06c819e2c0 secure :-1 s=READY pgs=54 cs=0 l=1 rev1=1 crypto rx=0x7f06b8006fd0 tx=0x7f06b8035f80 comp rx=0 tx=0).ready entity=mon.0 client_cookie=0 server_cookie=0 in_seq=0 out_seq=0
2026-02-12 00:32:01,988 7f19c55c5e00 DEBUG /usr/bin/ceph: stderr
2026-02-12T00:32:00.991+0000 7f06af7fe640 1 -- 10.20.193.138:0/1212214723 <== mon.0 v2:10.20.193.138:3300/0 1 ==== mon_map magic: 0 v1 ==== 205+0+0 (secure 0 0 0) 0x7f06b8037880 con 0x7f06c807bd60
2026-02-12 00:32:01,988 7f19c55c5e00 DEBUG /usr/bin/ceph: stderr
2026-02-12T00:32:00.991+0000 7f06af7fe640 1 -- 10.20.193.138:0/1212214723 <== mon.0 v2:10.20.193.138:3300/0 2 ==== config(26 keys) v1 ==== 1074+0+0 (secure 0 0 0) 0x7f06b80379e0 con 0x7f06c807bd60
2026-02-12 00:32:01,988 7f19c55c5e00 DEBUG /usr/bin/ceph: stderr
2026-02-12T00:32:00.991+0000 7f06d0464640 1 -- 10.20.193.138:0/1212214723 --> [v2:10.20.193.138:3300/0,v1:10.20.193.138:6789/0] -- mon_subscribe({mgrmap=0+}) v3 -- 0x7f06c819ea00 con 0x7f06c807bd60
2026-02-12 00:32:01,988 7f19c55c5e00 DEBUG /usr/bin/ceph: stderr
2026-02-12T00:32:00.991+0000 7f06af7fe640 1 -- 10.20.193.138:0/1212214723 <== mon.0 v2:10.20.193.138:3300/0 3 ==== mon_map magic: 0 v1 ==== 205+0+0 (secure 0 0 0) 0x7f06b803e4e0 con 0x7f06c807bd60
2026-02-12 00:32:01,988 7f19c55c5e00 DEBUG /usr/bin/ceph: stderr
2026-02-12T00:32:00.991+0000 7f06d0464640 1 -- 10.20.193.138:0/1212214723 --> [v2:10.20.193.138:3300/0,v1:10.20.193.138:6789/0] -- mon_subscribe({osdmap=0}) v3 -- 0x7f06c819eea0 con 0x7f06c807bd60
2026-02-12 00:32:01,988 7f19c55c5e00 DEBUG /usr/bin/ceph: stderr
2026-02-12T00:32:00.991+0000 7f06d0464640 1 -- 10.20.193.138:0/1212214723 --> [v2:10.20.193.138:3300/0,v1:10.20.193.138:6789/0] -- mon_command({"prefix": "get_command_descriptions"} v 0) v1 -- 0x7f06c810c870 con 0x7f06c807bd60
2026-02-12 00:32:01,988 7f19c55c5e00 DEBUG /usr/bin/ceph: stderr
2026-02-12T00:32:00.991+0000 7f06af7fe640 1 -- 10.20.193.138:0/1212214723 <== mon.0 v2:10.20.193.138:3300/0 4 ==== mgrmap(e 8) v1 ==== 49360+0+0 (secure 0 0 0) 0x7f06b803e070 con 0x7f06c807bd60
2026-02-12 00:32:01,988 7f19c55c5e00 DEBUG /usr/bin/ceph: stderr
2026-02-12T00:32:00.991+0000 7f06af7fe640 1 --2- 10.20.193.138:0/1212214723 >> [v2:10.20.193.138:6800/2219598785,v1:10.20.193.138:6801/2219598785] conn(0x7f06a403d190 0x7f06a403f650 unknown :-1 s=NONE pgs=0 cs=0 l=1 rev1=0 crypto rx=0 tx=0 comp rx=0 tx=0).connect
2026-02-12 00:32:01,988 7f19c55c5e00 DEBUG /usr/bin/ceph: stderr
2026-02-12T00:32:00.991+0000 7f06af7fe640 1 -- 10.20.193.138:0/1212214723 <== mon.0 v2:10.20.193.138:3300/0 5 ==== osd_map(2..2 src has 1..2) v4 ==== 940+0+0 (secure 0 0 0) 0x7f06b8075b80 con 0x7f06c807bd60
2026-02-12 00:32:01,988 7f19c55c5e00 DEBUG /usr/bin/ceph: stderr
2026-02-12T00:32:00.992+0000 7f06cd9d8640 1 --2- 10.20.193.138:0/1212214723 >> [v2:10.20.193.138:6800/2219598785,v1:10.20.193.138:6801/2219598785] conn(0x7f06a403d190 0x7f06a403f650 unknown :-1 s=BANNER_CONNECTING pgs=0 cs=0 l=1 rev1=0 crypto rx=0 tx=0 comp rx=0 tx=0)._handle_peer_banner_payload supported=3 required=0
2026-02-12 00:32:01,988 7f19c55c5e00 DEBUG /usr/bin/ceph: stderr
2026-02-12T00:32:00.992+0000 7f06cd9d8640 1 --2- 10.20.193.138:0/1212214723 >> [v2:10.20.193.138:6800/2219598785,v1:10.20.193.138:6801/2219598785] conn(0x7f06a403d190 0x7f06a403f650 secure :-1 s=READY pgs=16 cs=0 l=1 rev1=1 crypto rx=0x7f06bc0099c0 tx=0x7f06bc006eb0 comp rx=0 tx=0).ready entity=mgr.14118 client_cookie=0 server_cookie=0 in_seq=0 out_seq=0
2026-02-12 00:32:01,988 7f19c55c5e00 DEBUG /usr/bin/ceph: stderr
2026-02-12T00:32:00.994+0000 7f06af7fe640 1 -- 10.20.193.138:0/1212214723 <== mon.0 v2:10.20.193.138:3300/0 6 ==== mon_command_ack([{"prefix": "get_command_descriptions"}]=0 v0) v1 ==== 72+0+186382 (secure 0 0 0) 0x7f06b8036dd0 con 0x7f06c807bd60
2026-02-12 00:32:01,988 7f19c55c5e00 DEBUG /usr/bin/ceph: stderr
2026-02-12T00:32:01.094+0000 7f06d0464640 1 -- 10.20.193.138:0/1212214723 --> [v2:10.20.193.138:3300/0,v1:10.20.193.138:6789/0] -- mon_command({"prefix": "mgr module enable", "module": "dashboard"} v 0) v1 -- 0x7f06c810cab0 con 0x7f06c807bd60
2026-02-12 00:32:01,988 7f19c55c5e00 DEBUG /usr/bin/ceph: stderr
2026-02-12T00:32:01.960+0000 7f06af7fe640 1 -- 10.20.193.138:0/1212214723 <== mon.0 v2:10.20.193.138:3300/0 7 ==== mon_command_ack([{"prefix": "mgr module enable", "module": "dashboard"}]=0 v9) v1 ==== 88+0+0 (secure 0 0 0) 0x7f06b803c070 con 0x7f06c807bd60
2026-02-12 00:32:01,988 7f19c55c5e00 DEBUG /usr/bin/ceph: stderr
2026-02-12T00:32:01.963+0000 7f06af7fe640 1 -- 10.20.193.138:0/1212214723 <== mon.0 v2:10.20.193.138:3300/0 8 ==== mgrmap(e 9) v1 ==== 49373+0+0 (secure 0 0 0) 0x7f06b803e640 con 0x7f06c807bd60
2026-02-12 00:32:01,988 7f19c55c5e00 DEBUG /usr/bin/ceph: stderr
2026-02-12T00:32:01.965+0000 7f06d0464640 1 -- 10.20.193.138:0/1212214723 >> [v2:10.20.193.138:6800/2219598785,v1:10.20.193.138:6801/2219598785] conn(0x7f06a403d190 msgr2=0x7f06a403f650 secure :-1 s=STATE_CONNECTION_ESTABLISHED l=1).mark_down
2026-02-12 00:32:01,988 7f19c55c5e00 DEBUG /usr/bin/ceph: stderr
2026-02-12T00:32:01.965+0000 7f06d0464640 1 --2- 10.20.193.138:0/1212214723 >> [v2:10.20.193.138:6800/2219598785,v1:10.20.193.138:6801/2219598785] conn(0x7f06a403d190 0x7f06a403f650 secure :-1 s=READY pgs=16 cs=0 l=1 rev1=1 crypto rx=0x7f06bc0099c0 tx=0x7f06bc006eb0 comp rx=0 tx=0).stop
2026-02-12 00:32:01,988 7f19c55c5e00 DEBUG /usr/bin/ceph: stderr
2026-02-12T00:32:01.965+0000 7f06d0464640 1 -- 10.20.193.138:0/1212214723 >> [v2:10.20.193.138:3300/0,v1:10.20.193.138:6789/0] conn(0x7f06c807bd60 msgr2=0x7f06c819e2c0 secure :-1 s=STATE_CONNECTION_ESTABLISHED l=1).mark_down
2026-02-12 00:32:01,988 7f19c55c5e00 DEBUG /usr/bin/ceph: stderr
2026-02-12T00:32:01.965+0000 7f06d0464640 1 --2- 10.20.193.138:0/1212214723 >> [v2:10.20.193.138:3300/0,v1:10.20.193.138:6789/0] conn(0x7f06c807bd60 0x7f06c819e2c0 secure :-1 s=READY pgs=54 cs=0 l=1 rev1=1 crypto rx=0x7f06b8006fd0 tx=0x7f06b8035f80 comp rx=0 tx=0).stop
2026-02-12 00:32:01,988 7f19c55c5e00 DEBUG /usr/bin/ceph: stderr
2026-02-12T00:32:01.965+0000 7f06d0464640 1 -- 10.20.193.138:0/1212214723 shutdown_connections
2026-02-12 00:32:01,988 7f19c55c5e00 DEBUG /usr/bin/ceph: stderr
2026-02-12T00:32:01.965+0000 7f06d0464640 1 --2- 10.20.193.138:0/1212214723 >> [v2:10.20.193.138:6800/2219598785,v1:10.20.193.138:6801/2219598785] conn(0x7f06a403d190 0x7f06a403f650 unknown :-1 s=CLOSED pgs=16 cs=0 l=1 rev1=1 crypto rx=0 tx=0 comp rx=0 tx=0).stop
2026-02-12 00:32:01,988 7f19c55c5e00 DEBUG /usr/bin/ceph: stderr
2026-02-12T00:32:01.965+0000 7f06d0464640 1 --2- 10.20.193.138:0/1212214723 >> [v2:10.20.193.138:3300/0,v1:10.20.193.138:6789/0] conn(0x7f06c807bd60 0x7f06c819e2c0 unknown :-1 s=CLOSED pgs=54 cs=0 l=1 rev1=1 crypto rx=0 tx=0 comp rx=0 tx=0).stop
2026-02-12 00:32:01,988 7f19c55c5e00 DEBUG /usr/bin/ceph: stderr
2026-02-12T00:32:01.965+0000 7f06d0464640 1 -- 10.20.193.138:0/1212214723 >> 10.20.193.138:0/1212214723 conn(0x7f06c8101b60 msgr2=0x7f06c81026b0 unknown :-1 s=STATE_NONE l=0).mark_down
2026-02-12 00:32:01,988 7f19c55c5e00 DEBUG /usr/bin/ceph: stderr
2026-02-12T00:32:01.965+0000 7f06d0464640 1 -- 10.20.193.138:0/1212214723 shutdown_connections
2026-02-12 00:32:01,988 7f19c55c5e00 DEBUG /usr/bin/ceph: stderr
2026-02-12T00:32:01.965+0000 7f06d0464640 1 -- 10.20.193.138:0/1212214723 wait complete.
2026-02-12 00:32:02,222 7f19c55c5e00 QUIET /usr/bin/ceph: stdout {
2026-02-12 00:32:02,222 7f19c55c5e00 QUIET /usr/bin/ceph: stdout "epoch": 9,
2026-02-12 00:32:02,222 7f19c55c5e00 QUIET /usr/bin/ceph: stdout "available": true,
2026-02-12 00:32:02,222 7f19c55c5e00 QUIET /usr/bin/ceph: stdout "active_name": "x",
2026-02-12 00:32:02,222 7f19c55c5e00 QUIET /usr/bin/ceph: stdout "num_standby": 0
2026-02-12 00:32:02,222 7f19c55c5e00 QUIET /usr/bin/ceph: stdout }
2026-02-12 00:32:02,222 7f19c55c5e00 QUIET /usr/bin/ceph: stderr
2026-02-12T00:32:02.096+0000 7f44ee705640 1 Processor -- start
2026-02-12 00:32:02,222 7f19c55c5e00 QUIET /usr/bin/ceph: stderr
2026-02-12T00:32:02.096+0000 7f44ee705640 1 -- start start
2026-02-12 00:32:02,222 7f19c55c5e00 QUIET /usr/bin/ceph: stderr
2026-02-12T00:32:02.096+0000 7f44ee705640 1 --2- >> [v2:10.20.193.138:3300/0,v1:10.20.193.138:6789/0] conn(0x7f44e807bd40 0x7f44e807a1a0 unknown :-1 s=NONE pgs=0 cs=0 l=0 rev1=0 crypto rx=0 tx=0 comp rx=0 tx=0).connect
2026-02-12 00:32:02,222 7f19c55c5e00 QUIET /usr/bin/ceph: stderr
2026-02-12T00:32:02.096+0000 7f44ee705640 1 -- --> [v2:10.20.193.138:3300/0,v1:10.20.193.138:6789/0] -- mon_getmap magic: 0 v1 -- 0x7f44e807a6e0 con 0x7f44e807bd40
2026-02-12 00:32:02,222 7f19c55c5e00 QUIET /usr/bin/ceph: stderr
2026-02-12T00:32:02.096+0000 7f44e7fff640 1 --2- >> [v2:10.20.193.138:3300/0,v1:10.20.193.138:6789/0] conn(0x7f44e807bd40 0x7f44e807a1a0 unknown :-1 s=BANNER_CONNECTING pgs=0 cs=0 l=0 rev1=0 crypto rx=0 tx=0 comp rx=0 tx=0)._handle_peer_banner_payload supported=3 required=0
2026-02-12 00:32:02,222 7f19c55c5e00 QUIET /usr/bin/ceph: stderr
2026-02-12T00:32:02.096+0000 7f44e7fff640 1 --2- >> [v2:10.20.193.138:3300/0,v1:10.20.193.138:6789/0] conn(0x7f44e807bd40 0x7f44e807a1a0 unknown :-1 s=HELLO_CONNECTING pgs=0 cs=0 l=0 rev1=1 crypto rx=0 tx=0 comp rx=0 tx=0).handle_hello peer v2:10.20.193.138:3300/0 says I am v2:10.20.193.138:34030/0 (socket says 10.20.193.138:34030)
2026-02-12 00:32:02,222 7f19c55c5e00 QUIET /usr/bin/ceph: stderr
2026-02-12T00:32:02.096+0000 7f44e7fff640 1 -- 10.20.193.138:0/576626583 learned_addr learned my addr 10.20.193.138:0/576626583 (peer_addr_for_me v2:10.20.193.138:0/0)
2026-02-12 00:32:02,222 7f19c55c5e00 QUIET /usr/bin/ceph: stderr
2026-02-12T00:32:02.096+0000 7f44e7fff640 1 -- 10.20.193.138:0/576626583 --> [v2:10.20.193.138:3300/0,v1:10.20.193.138:6789/0] -- mon_subscribe({config=0+,monmap=0+}) v3 -- 0x7f44e807a820 con 0x7f44e807bd40
2026-02-12 00:32:02,222 7f19c55c5e00 QUIET /usr/bin/ceph: stderr
2026-02-12T00:32:02.097+0000 7f44e7fff640 1 --2- 10.20.193.138:0/576626583 >> [v2:10.20.193.138:3300/0,v1:10.20.193.138:6789/0] conn(0x7f44e807bd40 0x7f44e807a1a0 secure :-1 s=READY pgs=57 cs=0 l=1 rev1=1 crypto rx=0x7f44d4009920 tx=0x7f44d402ef20 comp rx=0 tx=0).ready entity=mon.0 client_cookie=21d9b5ec31088a3 server_cookie=0 in_seq=0 out_seq=0
2026-02-12 00:32:02,222 7f19c55c5e00 QUIET /usr/bin/ceph: stderr
2026-02-12T00:32:02.097+0000 7f44e6ffd640 1 -- 10.20.193.138:0/576626583 <== mon.0 v2:10.20.193.138:3300/0 1 ==== mon_map magic: 0 v1 ==== 205+0+0 (secure 0 0 0) 0x7f44d402fae0 con 0x7f44e807bd40
2026-02-12 00:32:02,222 7f19c55c5e00 QUIET /usr/bin/ceph: stderr
2026-02-12T00:32:02.097+0000 7f44e6ffd640 1 -- 10.20.193.138:0/576626583 <== mon.0 v2:10.20.193.138:3300/0 2 ==== config(26 keys) v1 ==== 1074+0+0 (secure 0 0 0) 0x7f44d402fc40 con 0x7f44e807bd40
2026-02-12 00:32:02,222 7f19c55c5e00 QUIET /usr/bin/ceph: stderr
2026-02-12T00:32:02.097+0000 7f44e6ffd640 1 -- 10.20.193.138:0/576626583 <== mon.0 v2:10.20.193.138:3300/0 3 ==== mon_map magic: 0 v1 ==== 205+0+0 (secure 0 0 0) 0x7f44d40355e0 con 0x7f44e807bd40
2026-02-12 00:32:02,222 7f19c55c5e00 QUIET /usr/bin/ceph: stderr
2026-02-12T00:32:02.097+0000 7f44ee705640 1 -- 10.20.193.138:0/576626583 >> [v2:10.20.193.138:3300/0,v1:10.20.193.138:6789/0] conn(0x7f44e807bd40 msgr2=0x7f44e807a1a0 secure :-1 s=STATE_CONNECTION_ESTABLISHED l=1).mark_down
2026-02-12 00:32:02,222 7f19c55c5e00 QUIET /usr/bin/ceph: stderr
2026-02-12T00:32:02.097+0000 7f44ee705640 1 --2- 10.20.193.138:0/576626583 >> [v2:10.20.193.138:3300/0,v1:10.20.193.138:6789/0] conn(0x7f44e807bd40 0x7f44e807a1a0 secure :-1 s=READY pgs=57 cs=0 l=1 rev1=1 crypto rx=0x7f44d4009920 tx=0x7f44d402ef20 comp rx=0 tx=0).stop
2026-02-12 00:32:02,222 7f19c55c5e00 QUIET /usr/bin/ceph: stderr
2026-02-12T00:32:02.097+0000 7f44ee705640 1 -- 10.20.193.138:0/576626583 shutdown_connections
2026-02-12 00:32:02,222 7f19c55c5e00 QUIET /usr/bin/ceph: stderr
2026-02-12T00:32:02.097+0000 7f44ee705640 1 --2- 10.20.193.138:0/576626583 >> [v2:10.20.193.138:3300/0,v1:10.20.193.138:6789/0] conn(0x7f44e807bd40 0x7f44e807a1a0 unknown :-1 s=CLOSED pgs=57 cs=0 l=1 rev1=1 crypto rx=0 tx=0 comp rx=0 tx=0).stop
2026-02-12 00:32:02,222 7f19c55c5e00 QUIET /usr/bin/ceph: stderr
2026-02-12T00:32:02.097+0000 7f44ee705640 1 -- 10.20.193.138:0/576626583 >> 10.20.193.138:0/576626583 conn(0x7f44e8101b60 msgr2=0x7f44e8103f80 unknown :-1 s=STATE_NONE l=0).mark_down
2026-02-12 00:32:02,222 7f19c55c5e00 QUIET /usr/bin/ceph: stderr
2026-02-12T00:32:02.097+0000 7f44ee705640 1 -- 10.20.193.138:0/576626583 shutdown_connections
2026-02-12 00:32:02,222 7f19c55c5e00 QUIET /usr/bin/ceph: stderr
2026-02-12T00:32:02.097+0000 7f44ee705640 1 -- 10.20.193.138:0/576626583 wait complete.
2026-02-12 00:32:02,222 7f19c55c5e00 QUIET /usr/bin/ceph: stderr
2026-02-12T00:32:02.097+0000 7f44ee705640 1 Processor -- start
2026-02-12 00:32:02,222 7f19c55c5e00 QUIET /usr/bin/ceph: stderr
2026-02-12T00:32:02.097+0000 7f44ee705640 1 -- start start
2026-02-12 00:32:02,222 7f19c55c5e00 QUIET /usr/bin/ceph: stderr
2026-02-12T00:32:02.098+0000 7f44ee705640 1 --2- >> [v2:10.20.193.138:3300/0,v1:10.20.193.138:6789/0] conn(0x7f44e807bd40 0x7f44e819e2e0 unknown :-1 s=NONE pgs=0 cs=0 l=1 rev1=0 crypto rx=0 tx=0 comp rx=0 tx=0).connect
2026-02-12 00:32:02,222 7f19c55c5e00 QUIET /usr/bin/ceph: stderr
2026-02-12T00:32:02.098+0000 7f44ee705640 1 -- --> [v2:10.20.193.138:3300/0,v1:10.20.193.138:6789/0] -- mon_getmap magic: 0 v1 -- 0x7f44e819e820 con 0x7f44e807bd40
2026-02-12 00:32:02,222 7f19c55c5e00 QUIET /usr/bin/ceph: stderr
2026-02-12T00:32:02.098+0000 7f44e7fff640 1 --2- >> [v2:10.20.193.138:3300/0,v1:10.20.193.138:6789/0] conn(0x7f44e807bd40 0x7f44e819e2e0 unknown :-1 s=BANNER_CONNECTING pgs=0 cs=0 l=1 rev1=0 crypto rx=0 tx=0 comp rx=0 tx=0)._handle_peer_banner_payload supported=3 required=0
2026-02-12 00:32:02,222 7f19c55c5e00 QUIET /usr/bin/ceph: stderr
2026-02-12T00:32:02.098+0000 7f44e7fff640 1 --2- >> [v2:10.20.193.138:3300/0,v1:10.20.193.138:6789/0] conn(0x7f44e807bd40 0x7f44e819e2e0 unknown :-1 s=HELLO_CONNECTING pgs=0 cs=0 l=1 rev1=1 crypto rx=0 tx=0 comp rx=0 tx=0).handle_hello peer v2:10.20.193.138:3300/0 says I am v2:10.20.193.138:34032/0 (socket says 10.20.193.138:34032)
2026-02-12 00:32:02,222 7f19c55c5e00 QUIET /usr/bin/ceph: stderr
2026-02-12T00:32:02.098+0000 7f44e7fff640 1 -- 10.20.193.138:0/1599228527 learned_addr learned my addr 10.20.193.138:0/1599228527 (peer_addr_for_me v2:10.20.193.138:0/0)
2026-02-12 00:32:02,222 7f19c55c5e00 QUIET /usr/bin/ceph: stderr
2026-02-12T00:32:02.098+0000 7f44e7fff640 1 -- 10.20.193.138:0/1599228527 --> [v2:10.20.193.138:3300/0,v1:10.20.193.138:6789/0] -- mon_subscribe({config=0+,monmap=0+}) v3 -- 0x7f44d40095d0 con 0x7f44e807bd40
2026-02-12 00:32:02,222 7f19c55c5e00 QUIET /usr/bin/ceph: stderr
2026-02-12T00:32:02.098+0000 7f44e7fff640 1 --2- 10.20.193.138:0/1599228527 >> [v2:10.20.193.138:3300/0,v1:10.20.193.138:6789/0] conn(0x7f44e807bd40 0x7f44e819e2e0 secure :-1 s=READY pgs=58 cs=0 l=1 rev1=1 crypto rx=0x7f44d4006fd0 tx=0x7f44d4035f80 comp rx=0 tx=0).ready entity=mon.0 client_cookie=0 server_cookie=0 in_seq=0 out_seq=0
2026-02-12 00:32:02,222 7f19c55c5e00 QUIET /usr/bin/ceph: stderr
2026-02-12T00:32:02.098+0000 7f44e57fa640 1 -- 10.20.193.138:0/1599228527 <== mon.0 v2:10.20.193.138:3300/0 1 ==== mon_map magic: 0 v1 ==== 205+0+0 (secure 0 0 0) 0x7f44d4037880 con 0x7f44e807bd40
2026-02-12 00:32:02,222 7f19c55c5e00 QUIET /usr/bin/ceph: stderr
2026-02-12T00:32:02.098+0000 7f44e57fa640 1 -- 10.20.193.138:0/1599228527 <== mon.0 v2:10.20.193.138:3300/0 2 ==== config(26 keys) v1 ==== 1074+0+0 (secure 0 0 0) 0x7f44d40379e0 con 0x7f44e807bd40
2026-02-12 00:32:02,222 7f19c55c5e00 QUIET /usr/bin/ceph: stderr
2026-02-12T00:32:02.098+0000 7f44ee705640 1 -- 10.20.193.138:0/1599228527 --> [v2:10.20.193.138:3300/0,v1:10.20.193.138:6789/0] -- mon_subscribe({mgrmap=0+}) v3 -- 0x7f44e819ea20 con 0x7f44e807bd40
2026-02-12 00:32:02,222 7f19c55c5e00 QUIET /usr/bin/ceph: stderr
2026-02-12T00:32:02.098+0000 7f44e57fa640 1 -- 10.20.193.138:0/1599228527 <== mon.0 v2:10.20.193.138:3300/0 3 ==== mon_map magic: 0 v1 ==== 205+0+0 (secure 0 0 0) 0x7f44d403e4e0 con 0x7f44e807bd40
2026-02-12 00:32:02,222 7f19c55c5e00 QUIET /usr/bin/ceph: stderr
2026-02-12T00:32:02.098+0000 7f44ee705640 1 -- 10.20.193.138:0/1599228527 --> [v2:10.20.193.138:3300/0,v1:10.20.193.138:6789/0] -- mon_subscribe({osdmap=0}) v3 -- 0x7f44e819eec0 con 0x7f44e807bd40
2026-02-12 00:32:02,222 7f19c55c5e00 QUIET /usr/bin/ceph: stderr
2026-02-12T00:32:02.098+0000 7f44ee705640 1 -- 10.20.193.138:0/1599228527 --> [v2:10.20.193.138:3300/0,v1:10.20.193.138:6789/0] -- mon_command({"prefix": "get_command_descriptions"} v 0) v1 -- 0x7f44e810c830 con 0x7f44e807bd40
2026-02-12 00:32:02,222 7f19c55c5e00 QUIET /usr/bin/ceph: stderr
2026-02-12T00:32:02.099+0000 7f44e57fa640 1 -- 10.20.193.138:0/1599228527 <== mon.0 v2:10.20.193.138:3300/0 4 ==== mgrmap(e 9) v1 ==== 49373+0+0 (secure 0 0 0) 0x7f44d403e070 con 0x7f44e807bd40
2026-02-12 00:32:02,222 7f19c55c5e00 QUIET /usr/bin/ceph: stderr
2026-02-12T00:32:02.099+0000 7f44e57fa640 1 --2- 10.20.193.138:0/1599228527 >> [v2:10.20.193.138:6800/2219598785,v1:10.20.193.138:6801/2219598785] conn(0x7f44bc03d190 0x7f44bc03f650 unknown :-1 s=NONE pgs=0 cs=0 l=1 rev1=0 crypto rx=0 tx=0 comp rx=0 tx=0).connect
2026-02-12 00:32:02,222 7f19c55c5e00 QUIET /usr/bin/ceph: stderr
2026-02-12T00:32:02.099+0000 7f44e77fe640 1 -- 10.20.193.138:0/1599228527 >> [v2:10.20.193.138:6800/2219598785,v1:10.20.193.138:6801/2219598785] conn(0x7f44bc03d190 msgr2=0x7f44bc03f650 unknown :-1 s=STATE_CONNECTING_RE l=1).process reconnect failed to v2:10.20.193.138:6800/2219598785
2026-02-12 00:32:02,222 7f19c55c5e00 QUIET /usr/bin/ceph: stderr
2026-02-12T00:32:02.099+0000 7f44e57fa640 1 -- 10.20.193.138:0/1599228527 <== mon.0 v2:10.20.193.138:3300/0 5 ==== osd_map(2..2 src has 1..2) v4 ==== 940+0+0 (secure 0 0 0) 0x7f44d4075cf0 con 0x7f44e807bd40
2026-02-12 00:32:02,222 7f19c55c5e00 QUIET /usr/bin/ceph: stderr
2026-02-12T00:32:02.099+0000 7f44e77fe640 1 --2- 10.20.193.138:0/1599228527 >> [v2:10.20.193.138:6800/2219598785,v1:10.20.193.138:6801/2219598785] conn(0x7f44bc03d190 0x7f44bc03f650 unknown :-1 s=START_CONNECT pgs=0 cs=0 l=1 rev1=0 crypto rx=0 tx=0 comp rx=0 tx=0)._fault waiting 0.200000
2026-02-12 00:32:02,222 7f19c55c5e00 QUIET /usr/bin/ceph: stderr
2026-02-12T00:32:02.101+0000 7f44e57fa640 1 -- 10.20.193.138:0/1599228527 <== mon.0 v2:10.20.193.138:3300/0 6 ==== mon_command_ack([{"prefix": "get_command_descriptions"}]=0 v0) v1 ==== 72+0+186382 (secure 0 0 0) 0x7f44d4046310 con 0x7f44e807bd40
2026-02-12 00:32:02,222 7f19c55c5e00 QUIET /usr/bin/ceph: stderr
2026-02-12T00:32:02.200+0000 7f44ee705640 1 -- 10.20.193.138:0/1599228527 --> [v2:10.20.193.138:3300/0,v1:10.20.193.138:6789/0] -- mon_command({"prefix": "mgr stat"} v 0) v1 -- 0x7f44e81a1ba0 con 0x7f44e807bd40
2026-02-12 00:32:02,222 7f19c55c5e00 QUIET /usr/bin/ceph: stderr
2026-02-12T00:32:02.200+0000 7f44e57fa640 1 -- 10.20.193.138:0/1599228527 <== mon.0 v2:10.20.193.138:3300/0 7 ==== mon_command_ack([{"prefix": "mgr stat"}]=0 v9) v1 ==== 56+0+88 (secure 0 0 0) 0x7f44d403c070 con 0x7f44e807bd40
2026-02-12 00:32:02,222 7f19c55c5e00 QUIET /usr/bin/ceph: stderr
2026-02-12T00:32:02.202+0000 7f44ee705640 1 -- 10.20.193.138:0/1599228527 >> [v2:10.20.193.138:6800/2219598785,v1:10.20.193.138:6801/2219598785] conn(0x7f44bc03d190 msgr2=0x7f44bc03f650 unknown :-1 s=STATE_CONNECTING l=1).mark_down
2026-02-12 00:32:02,222 7f19c55c5e00 QUIET /usr/bin/ceph: stderr
2026-02-12T00:32:02.202+0000 7f44ee705640 1 --2- 10.20.193.138:0/1599228527 >> [v2:10.20.193.138:6800/2219598785,v1:10.20.193.138:6801/2219598785] conn(0x7f44bc03d190 0x7f44bc03f650 unknown :-1 s=START_CONNECT pgs=0 cs=0 l=1 rev1=0 crypto rx=0 tx=0 comp rx=0 tx=0).stop
2026-02-12 00:32:02,222 7f19c55c5e00 QUIET /usr/bin/ceph: stderr
2026-02-12T00:32:02.202+0000 7f44ee705640 1 -- 10.20.193.138:0/1599228527 >> [v2:10.20.193.138:3300/0,v1:10.20.193.138:6789/0] conn(0x7f44e807bd40 msgr2=0x7f44e819e2e0 secure :-1 s=STATE_CONNECTION_ESTABLISHED l=1).mark_down
2026-02-12 00:32:02,223 7f19c55c5e00 QUIET /usr/bin/ceph: stderr
2026-02-12T00:32:02.202+0000 7f44ee705640 1 --2- 10.20.193.138:0/1599228527 >> [v2:10.20.193.138:3300/0,v1:10.20.193.138:6789/0] conn(0x7f44e807bd40 0x7f44e819e2e0 secure :-1 s=READY pgs=58 cs=0 l=1 rev1=1 crypto rx=0x7f44d4006fd0 tx=0x7f44d4035f80 comp rx=0 tx=0).stop
2026-02-12 00:32:02,223 7f19c55c5e00 QUIET /usr/bin/ceph: stderr
2026-02-12T00:32:02.202+0000 7f44ee705640 1 -- 10.20.193.138:0/1599228527 shutdown_connections
2026-02-12 00:32:02,223 7f19c55c5e00 QUIET /usr/bin/ceph: stderr
2026-02-12T00:32:02.202+0000 7f44ee705640 1 --2- 10.20.193.138:0/1599228527 >> [v2:10.20.193.138:6800/2219598785,v1:10.20.193.138:6801/2219598785] conn(0x7f44bc03d190 0x7f44bc03f650 unknown :-1 s=CLOSED pgs=0 cs=0 l=1 rev1=0 crypto rx=0 tx=0 comp rx=0 tx=0).stop
2026-02-12 00:32:02,223 7f19c55c5e00 QUIET /usr/bin/ceph: stderr
2026-02-12T00:32:02.202+0000 7f44ee705640 1 --2- 10.20.193.138:0/1599228527 >> [v2:10.20.193.138:3300/0,v1:10.20.193.138:6789/0] conn(0x7f44e807bd40 0x7f44e819e2e0 unknown :-1 s=CLOSED pgs=58 cs=0 l=1 rev1=1 crypto rx=0 tx=0 comp rx=0 tx=0).stop
2026-02-12 00:32:02,223 7f19c55c5e00 QUIET /usr/bin/ceph: stderr
2026-02-12T00:32:02.202+0000 7f44ee705640 1 -- 10.20.193.138:0/1599228527 >> 10.20.193.138:0/1599228527 conn(0x7f44e8101b60 msgr2=0x7f44e81026c0 unknown :-1 s=STATE_NONE l=0).mark_down
2026-02-12 00:32:02,223 7f19c55c5e00 QUIET /usr/bin/ceph: stderr
2026-02-12T00:32:02.202+0000 7f44ee705640 1 -- 10.20.193.138:0/1599228527 shutdown_connections
2026-02-12 00:32:02,223 7f19c55c5e00 QUIET /usr/bin/ceph: stderr
2026-02-12T00:32:02.202+0000 7f44ee705640 1 -- 10.20.193.138:0/1599228527 wait complete.
2026-02-12 00:32:02,223 7f19c55c5e00 INFO Waiting for the mgr to restart...
2026-02-12 00:32:02,223 7f19c55c5e00 INFO Waiting for mgr epoch 9...
2026-02-12 00:32:04,787 7efd70acfe00 DEBUG -------------------------------------------------------------------------------- cephadm ['--image', 'quay.ceph.io/ceph-ci/ceph@sha256:b301c911ad174e390691dcf770262f8c1cfab65f5c4322063d810721e5f35538', '--timeout', '895', 'ls']
2026-02-12 00:32:05,117 7f981a9e3e00 DEBUG -------------------------------------------------------------------------------- cephadm ['--timeout', '895', 'gather-facts']
2026-02-12 00:32:05,331 7f8b50a63e00 DEBUG -------------------------------------------------------------------------------- cephadm ['--image', 'quay.ceph.io/ceph-ci/ceph@sha256:b301c911ad174e390691dcf770262f8c1cfab65f5c4322063d810721e5f35538', '--timeout', '895', 'list-networks']
2026-02-12 00:32:05,477 7f9b71ed7e00 DEBUG -------------------------------------------------------------------------------- cephadm ['--image', 'quay.ceph.io/ceph-ci/ceph@sha256:b301c911ad174e390691dcf770262f8c1cfab65f5c4322063d810721e5f35538', '--timeout', '895', 'ceph-volume', '--fsid', '2e2e98ce-07aa-11f1-a979-d404e6e7d460', '--', 'inventory', '--format=json-pretty', '--filter-for-batch']
2026-02-12 00:32:05,528 7f9b71ed7e00 INFO Inferring config /var/lib/ceph/2e2e98ce-07aa-11f1-a979-d404e6e7d460/mon.a/config
2026-02-12 00:32:05,528 7f9b71ed7e00 DEBUG Using specified fsid: 2e2e98ce-07aa-11f1-a979-d404e6e7d460
2026-02-12 00:32:05,604 7f19c55c5e00 DEBUG /usr/bin/ceph: stdout {
2026-02-12 00:32:05,604 7f19c55c5e00 DEBUG /usr/bin/ceph: stdout "mgrmap_epoch": 11,
2026-02-12 00:32:05,604 7f19c55c5e00 DEBUG /usr/bin/ceph: stdout "initialized": true
2026-02-12 00:32:05,604 7f19c55c5e00 DEBUG /usr/bin/ceph: stdout }
2026-02-12 00:32:05,604 7f19c55c5e00 DEBUG /usr/bin/ceph: stderr
2026-02-12T00:32:02.321+0000 7f191733a640 1 Processor -- start
2026-02-12 00:32:05,604 7f19c55c5e00 DEBUG /usr/bin/ceph: stderr
2026-02-12T00:32:02.322+0000 7f191733a640 1 -- start start
2026-02-12 00:32:05,604 7f19c55c5e00 DEBUG /usr/bin/ceph: stderr
2026-02-12T00:32:02.322+0000 7f191733a640 1 --2- >> [v2:10.20.193.138:3300/0,v1:10.20.193.138:6789/0] conn(0x7f1910108650 0x7f1910108a50 unknown :-1 s=NONE pgs=0 cs=0 l=0 rev1=0 crypto rx=0 tx=0 comp rx=0 tx=0).connect
2026-02-12 00:32:05,604 7f19c55c5e00 DEBUG /usr/bin/ceph: stderr
2026-02-12T00:32:02.322+0000 7f191733a640 1 -- --> [v2:10.20.193.138:3300/0,v1:10.20.193.138:6789/0] -- mon_getmap magic: 0 v1 -- 0x7f1910109020 con 0x7f1910108650
2026-02-12 00:32:05,604 7f19c55c5e00 DEBUG /usr/bin/ceph: stderr
2026-02-12T00:32:02.322+0000 7f19150af640 1 --2- >> [v2:10.20.193.138:3300/0,v1:10.20.193.138:6789/0] conn(0x7f1910108650 0x7f1910108a50 unknown :-1 s=BANNER_CONNECTING pgs=0 cs=0 l=0 rev1=0 crypto rx=0 tx=0 comp rx=0 tx=0)._handle_peer_banner_payload supported=3 required=0
2026-02-12 00:32:05,604 7f19c55c5e00 DEBUG /usr/bin/ceph: stderr
2026-02-12T00:32:02.322+0000 7f19150af640 1 --2- >> [v2:10.20.193.138:3300/0,v1:10.20.193.138:6789/0] conn(0x7f1910108650 0x7f1910108a50 unknown :-1 s=HELLO_CONNECTING pgs=0 cs=0 l=0 rev1=1 crypto rx=0 tx=0 comp rx=0 tx=0).handle_hello peer v2:10.20.193.138:3300/0 says I am v2:10.20.193.138:34038/0 (socket says 10.20.193.138:34038)
2026-02-12 00:32:05,604 7f19c55c5e00 DEBUG /usr/bin/ceph: stderr
2026-02-12T00:32:02.322+0000 7f19150af640 1 -- 10.20.193.138:0/1330343893 learned_addr learned my addr 10.20.193.138:0/1330343893 (peer_addr_for_me v2:10.20.193.138:0/0)
2026-02-12 00:32:05,604 7f19c55c5e00 DEBUG /usr/bin/ceph: stderr
2026-02-12T00:32:02.322+0000 7f19150af640 1 -- 10.20.193.138:0/1330343893 --> [v2:10.20.193.138:3300/0,v1:10.20.193.138:6789/0] -- mon_subscribe({config=0+,monmap=0+}) v3 -- 0x7f1910109850 con 0x7f1910108650
2026-02-12 00:32:05,604 7f19c55c5e00 DEBUG /usr/bin/ceph: stderr
2026-02-12T00:32:02.322+0000 7f19150af640 1 --2- 10.20.193.138:0/1330343893 >> [v2:10.20.193.138:3300/0,v1:10.20.193.138:6789/0] conn(0x7f1910108650 0x7f1910108a50 secure :-1 s=READY pgs=59 cs=0 l=1 rev1=1 crypto rx=0x7f1900009920 tx=0x7f190002ef20 comp rx=0 tx=0).ready entity=mon.0 client_cookie=476e0a34f5096230 server_cookie=0 in_seq=0 out_seq=0
2026-02-12 00:32:05,604 7f19c55c5e00 DEBUG /usr/bin/ceph: stderr
2026-02-12T00:32:02.323+0000 7f18fffff640 1 -- 10.20.193.138:0/1330343893 <== mon.0 v2:10.20.193.138:3300/0 1 ==== mon_map magic: 0 v1 ==== 205+0+0 (secure 0 0 0) 0x7f190002fae0 con 0x7f1910108650
2026-02-12 00:32:05,604 7f19c55c5e00 DEBUG /usr/bin/ceph: stderr
2026-02-12T00:32:02.323+0000 7f18fffff640 1 -- 10.20.193.138:0/1330343893 <== mon.0 v2:10.20.193.138:3300/0 2 ==== config(26 keys) v1 ==== 1074+0+0 (secure 0 0 0) 0x7f190002fc40 con 0x7f1910108650
2026-02-12 00:32:05,604 7f19c55c5e00 DEBUG /usr/bin/ceph: stderr
2026-02-12T00:32:02.323+0000 7f18fffff640 1 -- 10.20.193.138:0/1330343893 <== mon.0 v2:10.20.193.138:3300/0 3 ==== mon_map magic: 0 v1 ==== 205+0+0 (secure 0 0 0) 0x7f19000355e0 con 0x7f1910108650
2026-02-12 00:32:05,604 7f19c55c5e00 DEBUG /usr/bin/ceph: stderr
2026-02-12T00:32:02.323+0000 7f191733a640 1 -- 10.20.193.138:0/1330343893 >> [v2:10.20.193.138:3300/0,v1:10.20.193.138:6789/0] conn(0x7f1910108650 msgr2=0x7f1910108a50 secure :-1 s=STATE_CONNECTION_ESTABLISHED l=1).mark_down
2026-02-12 00:32:05,604 7f19c55c5e00 DEBUG /usr/bin/ceph: stderr
2026-02-12T00:32:02.323+0000 7f191733a640 1 --2- 10.20.193.138:0/1330343893 >> [v2:10.20.193.138:3300/0,v1:10.20.193.138:6789/0] conn(0x7f1910108650 0x7f1910108a50 secure :-1 s=READY pgs=59 cs=0 l=1 rev1=1 crypto rx=0x7f1900009920 tx=0x7f190002ef20 comp rx=0 tx=0).stop
2026-02-12 00:32:05,605 7f19c55c5e00 DEBUG /usr/bin/ceph: stderr
2026-02-12T00:32:02.323+0000 7f191733a640 1 -- 10.20.193.138:0/1330343893 shutdown_connections
2026-02-12 00:32:05,605 7f19c55c5e00 DEBUG /usr/bin/ceph: stderr
2026-02-12T00:32:02.323+0000 7f191733a640 1 --2- 10.20.193.138:0/1330343893 >> [v2:10.20.193.138:3300/0,v1:10.20.193.138:6789/0] conn(0x7f1910108650 0x7f1910108a50 unknown :-1 s=CLOSED pgs=59 cs=0 l=1 rev1=1 crypto rx=0 tx=0 comp rx=0 tx=0).stop
2026-02-12 00:32:05,605 7f19c55c5e00 DEBUG /usr/bin/ceph: stderr
