2026-02-12T00:32:02.323+0000 7f191733a640 1 -- 10.20.193.138:0/1330343893 >> 10.20.193.138:0/1330343893 conn(0x7f191007bb10 msgr2=0x7f1910106510 unknown :-1 s=STATE_NONE l=0).mark_down
2026-02-12 00:32:05,605 7f19c55c5e00 DEBUG /usr/bin/ceph: stderr
2026-02-12T00:32:02.323+0000 7f191733a640 1 -- 10.20.193.138:0/1330343893 shutdown_connections
2026-02-12 00:32:05,605 7f19c55c5e00 DEBUG /usr/bin/ceph: stderr
2026-02-12T00:32:02.323+0000 7f191733a640 1 -- 10.20.193.138:0/1330343893 wait complete.
2026-02-12 00:32:05,605 7f19c55c5e00 DEBUG /usr/bin/ceph: stderr
2026-02-12T00:32:02.324+0000 7f191733a640 1 Processor -- start
2026-02-12 00:32:05,605 7f19c55c5e00 DEBUG /usr/bin/ceph: stderr
2026-02-12T00:32:02.324+0000 7f191733a640 1 -- start start
2026-02-12 00:32:05,605 7f19c55c5e00 DEBUG /usr/bin/ceph: stderr
2026-02-12T00:32:02.324+0000 7f191733a640 1 --2- >> [v2:10.20.193.138:3300/0,v1:10.20.193.138:6789/0] conn(0x7f1910108650 0x7f191019e320 unknown :-1 s=NONE pgs=0 cs=0 l=1 rev1=0 crypto rx=0 tx=0 comp rx=0 tx=0).connect
2026-02-12 00:32:05,605 7f19c55c5e00 DEBUG /usr/bin/ceph: stderr
2026-02-12T00:32:02.324+0000 7f191733a640 1 -- --> [v2:10.20.193.138:3300/0,v1:10.20.193.138:6789/0] -- mon_getmap magic: 0 v1 -- 0x7f191019e860 con 0x7f1910108650
2026-02-12 00:32:05,605 7f19c55c5e00 DEBUG /usr/bin/ceph: stderr
2026-02-12T00:32:02.324+0000 7f19150af640 1 --2- >> [v2:10.20.193.138:3300/0,v1:10.20.193.138:6789/0] conn(0x7f1910108650 0x7f191019e320 unknown :-1 s=BANNER_CONNECTING pgs=0 cs=0 l=1 rev1=0 crypto rx=0 tx=0 comp rx=0 tx=0)._handle_peer_banner_payload supported=3 required=0
2026-02-12 00:32:05,605 7f19c55c5e00 DEBUG /usr/bin/ceph: stderr
2026-02-12T00:32:02.324+0000 7f19150af640 1 --2- >> [v2:10.20.193.138:3300/0,v1:10.20.193.138:6789/0] conn(0x7f1910108650 0x7f191019e320 unknown :-1 s=HELLO_CONNECTING pgs=0 cs=0 l=1 rev1=1 crypto rx=0 tx=0 comp rx=0 tx=0).handle_hello peer v2:10.20.193.138:3300/0 says I am v2:10.20.193.138:34048/0 (socket says 10.20.193.138:34048)
2026-02-12 00:32:05,605 7f19c55c5e00 DEBUG /usr/bin/ceph: stderr
2026-02-12T00:32:02.324+0000 7f19150af640 1 -- 10.20.193.138:0/1264441093 learned_addr learned my addr 10.20.193.138:0/1264441093 (peer_addr_for_me v2:10.20.193.138:0/0)
2026-02-12 00:32:05,605 7f19c55c5e00 DEBUG /usr/bin/ceph: stderr
2026-02-12T00:32:02.324+0000 7f19150af640 1 -- 10.20.193.138:0/1264441093 --> [v2:10.20.193.138:3300/0,v1:10.20.193.138:6789/0] -- mon_subscribe({config=0+,monmap=0+}) v3 -- 0x7f19000095d0 con 0x7f1910108650
2026-02-12 00:32:05,605 7f19c55c5e00 DEBUG /usr/bin/ceph: stderr
2026-02-12T00:32:02.324+0000 7f19150af640 1 --2- 10.20.193.138:0/1264441093 >> [v2:10.20.193.138:3300/0,v1:10.20.193.138:6789/0] conn(0x7f1910108650 0x7f191019e320 secure :-1 s=READY pgs=60 cs=0 l=1 rev1=1 crypto rx=0x7f190002fc00 tx=0x7f1900035780 comp rx=0 tx=0).ready entity=mon.0 client_cookie=0 server_cookie=0 in_seq=0 out_seq=0
2026-02-12 00:32:05,605 7f19c55c5e00 DEBUG /usr/bin/ceph: stderr
2026-02-12T00:32:02.324+0000 7f18fe7fc640 1 -- 10.20.193.138:0/1264441093 <== mon.0 v2:10.20.193.138:3300/0 1 ==== mon_map magic: 0 v1 ==== 205+0+0 (secure 0 0 0) 0x7f1900037950 con 0x7f1910108650
2026-02-12 00:32:05,605 7f19c55c5e00 DEBUG /usr/bin/ceph: stderr
2026-02-12T00:32:02.324+0000 7f18fe7fc640 1 -- 10.20.193.138:0/1264441093 <== mon.0 v2:10.20.193.138:3300/0 2 ==== config(26 keys) v1 ==== 1074+0+0 (secure 0 0 0) 0x7f1900037ab0 con 0x7f1910108650
2026-02-12 00:32:05,605 7f19c55c5e00 DEBUG /usr/bin/ceph: stderr
2026-02-12T00:32:02.324+0000 7f191733a640 1 -- 10.20.193.138:0/1264441093 --> [v2:10.20.193.138:3300/0,v1:10.20.193.138:6789/0] -- mon_subscribe({mgrmap=0+}) v3 -- 0x7f191019ea60 con 0x7f1910108650
2026-02-12 00:32:05,605 7f19c55c5e00 DEBUG /usr/bin/ceph: stderr
2026-02-12T00:32:02.324+0000 7f18fe7fc640 1 -- 10.20.193.138:0/1264441093 <== mon.0 v2:10.20.193.138:3300/0 3 ==== mon_map magic: 0 v1 ==== 205+0+0 (secure 0 0 0) 0x7f190003e4e0 con 0x7f1910108650
2026-02-12 00:32:05,605 7f19c55c5e00 DEBUG /usr/bin/ceph: stderr
2026-02-12T00:32:02.324+0000 7f191733a640 1 -- 10.20.193.138:0/1264441093 --> [v2:10.20.193.138:3300/0,v1:10.20.193.138:6789/0] -- mon_subscribe({osdmap=0}) v3 -- 0x7f191019ef00 con 0x7f1910108650
2026-02-12 00:32:05,605 7f19c55c5e00 DEBUG /usr/bin/ceph: stderr
2026-02-12T00:32:02.325+0000 7f18fe7fc640 1 -- 10.20.193.138:0/1264441093 <== mon.0 v2:10.20.193.138:3300/0 4 ==== mgrmap(e 9) v1 ==== 49373+0+0 (secure 0 0 0) 0x7f190003e070 con 0x7f1910108650
2026-02-12 00:32:05,605 7f19c55c5e00 DEBUG /usr/bin/ceph: stderr
2026-02-12T00:32:02.325+0000 7f18fe7fc640 1 --2- 10.20.193.138:0/1264441093 >> [v2:10.20.193.138:6800/2219598785,v1:10.20.193.138:6801/2219598785] conn(0x7f18ec03d190 0x7f18ec03f650 unknown :-1 s=NONE pgs=0 cs=0 l=1 rev1=0 crypto rx=0 tx=0 comp rx=0 tx=0).connect
2026-02-12 00:32:05,605 7f19c55c5e00 DEBUG /usr/bin/ceph: stderr
2026-02-12T00:32:02.325+0000 7f18fe7fc640 1 -- 10.20.193.138:0/1264441093 --> [v2:10.20.193.138:6800/2219598785,v1:10.20.193.138:6801/2219598785] -- command(tid 0: {"prefix": "get_command_descriptions"}) v1 -- 0x7f18ec03fd60 con 0x7f18ec03d190
2026-02-12 00:32:05,605 7f19c55c5e00 DEBUG /usr/bin/ceph: stderr
2026-02-12T00:32:02.325+0000 7f19148ae640 1 -- 10.20.193.138:0/1264441093 >> [v2:10.20.193.138:6800/2219598785,v1:10.20.193.138:6801/2219598785] conn(0x7f18ec03d190 msgr2=0x7f18ec03f650 unknown :-1 s=STATE_CONNECTING_RE l=1).process reconnect failed to v2:10.20.193.138:6800/2219598785
2026-02-12 00:32:05,605 7f19c55c5e00 DEBUG /usr/bin/ceph: stderr
2026-02-12T00:32:02.325+0000 7f18fe7fc640 1 -- 10.20.193.138:0/1264441093 <== mon.0 v2:10.20.193.138:3300/0 5 ==== osd_map(2..2 src has 1..2) v4 ==== 940+0+0 (secure 0 0 0) 0x7f1900075da0 con 0x7f1910108650
2026-02-12 00:32:05,605 7f19c55c5e00 DEBUG /usr/bin/ceph: stderr
2026-02-12T00:32:02.325+0000 7f19148ae640 1 --2- 10.20.193.138:0/1264441093 >> [v2:10.20.193.138:6800/2219598785,v1:10.20.193.138:6801/2219598785] conn(0x7f18ec03d190 0x7f18ec03f650 unknown :-1 s=START_CONNECT pgs=0 cs=0 l=1 rev1=0 crypto rx=0 tx=0 comp rx=0 tx=0)._fault waiting 0.200000
2026-02-12 00:32:05,605 7f19c55c5e00 DEBUG /usr/bin/ceph: stderr
2026-02-12T00:32:02.526+0000 7f19148ae640 1 -- 10.20.193.138:0/1264441093 >> [v2:10.20.193.138:6800/2219598785,v1:10.20.193.138:6801/2219598785] conn(0x7f18ec03d190 msgr2=0x7f18ec03f650 unknown :-1 s=STATE_CONNECTING_RE l=1).process reconnect failed to v2:10.20.193.138:6800/2219598785
2026-02-12 00:32:05,605 7f19c55c5e00 DEBUG /usr/bin/ceph: stderr
2026-02-12T00:32:02.526+0000 7f19148ae640 1 --2- 10.20.193.138:0/1264441093 >> [v2:10.20.193.138:6800/2219598785,v1:10.20.193.138:6801/2219598785] conn(0x7f18ec03d190 0x7f18ec03f650 unknown :-1 s=START_CONNECT pgs=0 cs=0 l=1 rev1=0 crypto rx=0 tx=0 comp rx=0 tx=0)._fault waiting 0.400000
2026-02-12 00:32:05,605 7f19c55c5e00 DEBUG /usr/bin/ceph: stderr
2026-02-12T00:32:02.927+0000 7f19148ae640 1 -- 10.20.193.138:0/1264441093 >> [v2:10.20.193.138:6800/2219598785,v1:10.20.193.138:6801/2219598785] conn(0x7f18ec03d190 msgr2=0x7f18ec03f650 unknown :-1 s=STATE_CONNECTING_RE l=1).process reconnect failed to v2:10.20.193.138:6800/2219598785
2026-02-12 00:32:05,605 7f19c55c5e00 DEBUG /usr/bin/ceph: stderr
2026-02-12T00:32:02.927+0000 7f19148ae640 1 --2- 10.20.193.138:0/1264441093 >> [v2:10.20.193.138:6800/2219598785,v1:10.20.193.138:6801/2219598785] conn(0x7f18ec03d190 0x7f18ec03f650 unknown :-1 s=START_CONNECT pgs=0 cs=0 l=1 rev1=0 crypto rx=0 tx=0 comp rx=0 tx=0)._fault waiting 0.800000
2026-02-12 00:32:05,605 7f19c55c5e00 DEBUG /usr/bin/ceph: stderr
2026-02-12T00:32:03.728+0000 7f19148ae640 1 -- 10.20.193.138:0/1264441093 >> [v2:10.20.193.138:6800/2219598785,v1:10.20.193.138:6801/2219598785] conn(0x7f18ec03d190 msgr2=0x7f18ec03f650 unknown :-1 s=STATE_CONNECTING_RE l=1).process reconnect failed to v2:10.20.193.138:6800/2219598785
2026-02-12 00:32:05,605 7f19c55c5e00 DEBUG /usr/bin/ceph: stderr
2026-02-12T00:32:03.728+0000 7f19148ae640 1 --2- 10.20.193.138:0/1264441093 >> [v2:10.20.193.138:6800/2219598785,v1:10.20.193.138:6801/2219598785] conn(0x7f18ec03d190 0x7f18ec03f650 unknown :-1 s=START_CONNECT pgs=0 cs=0 l=1 rev1=0 crypto rx=0 tx=0 comp rx=0 tx=0)._fault waiting 1.600000
2026-02-12 00:32:05,605 7f19c55c5e00 DEBUG /usr/bin/ceph: stderr
2026-02-12T00:32:04.560+0000 7f18fe7fc640 1 -- 10.20.193.138:0/1264441093 <== mon.0 v2:10.20.193.138:3300/0 6 ==== mgrmap(e 10) v1 ==== 49140+0+0 (secure 0 0 0) 0x7f1900074bd0 con 0x7f1910108650
2026-02-12 00:32:05,605 7f19c55c5e00 DEBUG /usr/bin/ceph: stderr
2026-02-12T00:32:04.560+0000 7f18fe7fc640 1 -- 10.20.193.138:0/1264441093 >> [v2:10.20.193.138:6800/2219598785,v1:10.20.193.138:6801/2219598785] conn(0x7f18ec03d190 msgr2=0x7f18ec03f650 unknown :-1 s=STATE_CONNECTING l=1).mark_down
2026-02-12 00:32:05,605 7f19c55c5e00 DEBUG /usr/bin/ceph: stderr
2026-02-12T00:32:04.560+0000 7f18fe7fc640 1 --2- 10.20.193.138:0/1264441093 >> [v2:10.20.193.138:6800/2219598785,v1:10.20.193.138:6801/2219598785] conn(0x7f18ec03d190 0x7f18ec03f650 unknown :-1 s=START_CONNECT pgs=0 cs=0 l=1 rev1=0 crypto rx=0 tx=0 comp rx=0 tx=0).stop
2026-02-12 00:32:05,605 7f19c55c5e00 DEBUG /usr/bin/ceph: stderr
2026-02-12T00:32:05.561+0000 7f18fe7fc640 1 -- 10.20.193.138:0/1264441093 <== mon.0 v2:10.20.193.138:3300/0 7 ==== mgrmap(e 11) v1 ==== 49267+0+0 (secure 0 0 0) 0x7f1900044950 con 0x7f1910108650
2026-02-12 00:32:05,605 7f19c55c5e00 DEBUG /usr/bin/ceph: stderr
2026-02-12T00:32:05.561+0000 7f18fe7fc640 1 --2- 10.20.193.138:0/1264441093 >> [v2:10.20.193.138:6800/1740090815,v1:10.20.193.138:6801/1740090815] conn(0x7f18ec040c40 0x7f18ec043030 unknown :-1 s=NONE pgs=0 cs=0 l=1 rev1=0 crypto rx=0 tx=0 comp rx=0 tx=0).connect
2026-02-12 00:32:05,605 7f19c55c5e00 DEBUG /usr/bin/ceph: stderr
2026-02-12T00:32:05.561+0000 7f18fe7fc640 1 -- 10.20.193.138:0/1264441093 --> [v2:10.20.193.138:6800/1740090815,v1:10.20.193.138:6801/1740090815] -- command(tid 0: {"prefix": "get_command_descriptions"}) v1 -- 0x7f18ec03fd60 con 0x7f18ec040c40
2026-02-12 00:32:05,605 7f19c55c5e00 DEBUG /usr/bin/ceph: stderr
2026-02-12T00:32:05.561+0000 7f19148ae640 1 --2- 10.20.193.138:0/1264441093 >> [v2:10.20.193.138:6800/1740090815,v1:10.20.193.138:6801/1740090815] conn(0x7f18ec040c40 0x7f18ec043030 unknown :-1 s=BANNER_CONNECTING pgs=0 cs=0 l=1 rev1=0 crypto rx=0 tx=0 comp rx=0 tx=0)._handle_peer_banner_payload supported=3 required=0
2026-02-12 00:32:05,605 7f19c55c5e00 DEBUG /usr/bin/ceph: stderr
2026-02-12T00:32:05.562+0000 7f19148ae640 1 --2- 10.20.193.138:0/1264441093 >> [v2:10.20.193.138:6800/1740090815,v1:10.20.193.138:6801/1740090815] conn(0x7f18ec040c40 0x7f18ec043030 secure :-1 s=READY pgs=3 cs=0 l=1 rev1=1 crypto rx=0x7f1904003a80 tx=0x7f1904009290 comp rx=0 tx=0).ready entity=mgr.14150 client_cookie=0 server_cookie=0 in_seq=0 out_seq=0
2026-02-12 00:32:05,605 7f19c55c5e00 DEBUG /usr/bin/ceph: stderr
2026-02-12T00:32:05.562+0000 7f18fe7fc640 1 -- 10.20.193.138:0/1264441093 <== mgr.14150 v2:10.20.193.138:6800/1740090815 1 ==== command_reply(tid 0: 0 ) v1 ==== 8+0+7759 (secure 0 0 0) 0x7f18ec03fd60 con 0x7f18ec040c40
2026-02-12 00:32:05,605 7f19c55c5e00 DEBUG /usr/bin/ceph: stderr
2026-02-12T00:32:05.565+0000 7f191733a640 1 -- 10.20.193.138:0/1264441093 --> [v2:10.20.193.138:6800/1740090815,v1:10.20.193.138:6801/1740090815] -- command(tid 1: {"prefix": "mgr_status"}) v1 -- 0x7f191010ca80 con 0x7f18ec040c40
2026-02-12 00:32:05,605 7f19c55c5e00 DEBUG /usr/bin/ceph: stderr
2026-02-12T00:32:05.565+0000 7f18fe7fc640 1 -- 10.20.193.138:0/1264441093 <== mgr.14150 v2:10.20.193.138:6800/1740090815 2 ==== command_reply(tid 1: 0 ) v1 ==== 8+0+52 (secure 0 0 0) 0x7f191010ca80 con 0x7f18ec040c40
2026-02-12 00:32:05,605 7f19c55c5e00 DEBUG /usr/bin/ceph: stderr
2026-02-12T00:32:05.565+0000 7f191733a640 1 -- 10.20.193.138:0/1264441093 >> [v2:10.20.193.138:6800/1740090815,v1:10.20.193.138:6801/1740090815] conn(0x7f18ec040c40 msgr2=0x7f18ec043030 secure :-1 s=STATE_CONNECTION_ESTABLISHED l=1).mark_down
2026-02-12 00:32:05,605 7f19c55c5e00 DEBUG /usr/bin/ceph: stderr
2026-02-12T00:32:05.565+0000 7f191733a640 1 --2- 10.20.193.138:0/1264441093 >> [v2:10.20.193.138:6800/1740090815,v1:10.20.193.138:6801/1740090815] conn(0x7f18ec040c40 0x7f18ec043030 secure :-1 s=READY pgs=3 cs=0 l=1 rev1=1 crypto rx=0x7f1904003a80 tx=0x7f1904009290 comp rx=0 tx=0).stop
2026-02-12 00:32:05,605 7f19c55c5e00 DEBUG /usr/bin/ceph: stderr
2026-02-12T00:32:05.565+0000 7f191733a640 1 -- 10.20.193.138:0/1264441093 >> [v2:10.20.193.138:3300/0,v1:10.20.193.138:6789/0] conn(0x7f1910108650 msgr2=0x7f191019e320 secure :-1 s=STATE_CONNECTION_ESTABLISHED l=1).mark_down
2026-02-12 00:32:05,605 7f19c55c5e00 DEBUG /usr/bin/ceph: stderr
2026-02-12T00:32:05.565+0000 7f191733a640 1 --2- 10.20.193.138:0/1264441093 >> [v2:10.20.193.138:3300/0,v1:10.20.193.138:6789/0] conn(0x7f1910108650 0x7f191019e320 secure :-1 s=READY pgs=60 cs=0 l=1 rev1=1 crypto rx=0x7f190002fc00 tx=0x7f1900035780 comp rx=0 tx=0).stop
2026-02-12 00:32:05,605 7f19c55c5e00 DEBUG /usr/bin/ceph: stderr
2026-02-12T00:32:05.565+0000 7f191733a640 1 -- 10.20.193.138:0/1264441093 shutdown_connections
2026-02-12 00:32:05,605 7f19c55c5e00 DEBUG /usr/bin/ceph: stderr
2026-02-12T00:32:05.565+0000 7f191733a640 1 --2- 10.20.193.138:0/1264441093 >> [v2:10.20.193.138:6800/1740090815,v1:10.20.193.138:6801/1740090815] conn(0x7f18ec040c40 0x7f18ec043030 unknown :-1 s=CLOSED pgs=3 cs=0 l=1 rev1=1 crypto rx=0 tx=0 comp rx=0 tx=0).stop
2026-02-12 00:32:05,605 7f19c55c5e00 DEBUG /usr/bin/ceph: stderr
2026-02-12T00:32:05.565+0000 7f191733a640 1 --2- 10.20.193.138:0/1264441093 >> [v2:10.20.193.138:6800/2219598785,v1:10.20.193.138:6801/2219598785] conn(0x7f18ec03d190 0x7f18ec03f650 unknown :-1 s=CLOSED pgs=0 cs=0 l=1 rev1=0 crypto rx=0 tx=0 comp rx=0 tx=0).stop
2026-02-12 00:32:05,605 7f19c55c5e00 DEBUG /usr/bin/ceph: stderr
2026-02-12T00:32:05.565+0000 7f191733a640 1 --2- 10.20.193.138:0/1264441093 >> [v2:10.20.193.138:3300/0,v1:10.20.193.138:6789/0] conn(0x7f1910108650 0x7f191019e320 unknown :-1 s=CLOSED pgs=60 cs=0 l=1 rev1=1 crypto rx=0 tx=0 comp rx=0 tx=0).stop
2026-02-12 00:32:05,605 7f19c55c5e00 DEBUG /usr/bin/ceph: stderr
2026-02-12T00:32:05.565+0000 7f191733a640 1 -- 10.20.193.138:0/1264441093 >> 10.20.193.138:0/1264441093 conn(0x7f191007bb10 msgr2=0x7f1910105bd0 unknown :-1 s=STATE_NONE l=0).mark_down
2026-02-12 00:32:05,605 7f19c55c5e00 DEBUG /usr/bin/ceph: stderr
2026-02-12T00:32:05.565+0000 7f191733a640 1 -- 10.20.193.138:0/1264441093 shutdown_connections
2026-02-12 00:32:05,605 7f19c55c5e00 DEBUG /usr/bin/ceph: stderr
2026-02-12T00:32:05.565+0000 7f191733a640 1 -- 10.20.193.138:0/1264441093 wait complete.
2026-02-12 00:32:05,605 7f19c55c5e00 INFO mgr epoch 9 is available
2026-02-12 00:32:05,605 7f19c55c5e00 INFO Generating a dashboard self-signed certificate...
2026-02-12 00:32:06,143 7f19c55c5e00 DEBUG /usr/bin/ceph: stdout Self-signed certificate created
2026-02-12 00:32:06,143 7f19c55c5e00 DEBUG /usr/bin/ceph: stderr
2026-02-12T00:32:05.713+0000 7f357b21f640 1 Processor -- start
2026-02-12 00:32:06,143 7f19c55c5e00 DEBUG /usr/bin/ceph: stderr
2026-02-12T00:32:05.714+0000 7f357b21f640 1 -- start start
2026-02-12 00:32:06,143 7f19c55c5e00 DEBUG /usr/bin/ceph: stderr
2026-02-12T00:32:05.714+0000 7f357b21f640 1 --2- >> [v2:10.20.193.138:3300/0,v1:10.20.193.138:6789/0] conn(0x7f3574108630 0x7f3574108a30 unknown :-1 s=NONE pgs=0 cs=0 l=0 rev1=0 crypto rx=0 tx=0 comp rx=0 tx=0).connect
2026-02-12 00:32:06,143 7f19c55c5e00 DEBUG /usr/bin/ceph: stderr
2026-02-12T00:32:05.714+0000 7f357b21f640 1 -- --> [v2:10.20.193.138:3300/0,v1:10.20.193.138:6789/0] -- mon_getmap magic: 0 v1 -- 0x7f3574109000 con 0x7f3574108630
2026-02-12 00:32:06,143 7f19c55c5e00 DEBUG /usr/bin/ceph: stderr
2026-02-12T00:32:05.714+0000 7f3578f94640 1 --2- >> [v2:10.20.193.138:3300/0,v1:10.20.193.138:6789/0] conn(0x7f3574108630 0x7f3574108a30 unknown :-1 s=BANNER_CONNECTING pgs=0 cs=0 l=0 rev1=0 crypto rx=0 tx=0 comp rx=0 tx=0)._handle_peer_banner_payload supported=3 required=0
2026-02-12 00:32:06,143 7f19c55c5e00 DEBUG /usr/bin/ceph: stderr
2026-02-12T00:32:05.714+0000 7f3578f94640 1 --2- >> [v2:10.20.193.138:3300/0,v1:10.20.193.138:6789/0] conn(0x7f3574108630 0x7f3574108a30 unknown :-1 s=HELLO_CONNECTING pgs=0 cs=0 l=0 rev1=1 crypto rx=0 tx=0 comp rx=0 tx=0).handle_hello peer v2:10.20.193.138:3300/0 says I am v2:10.20.193.138:34112/0 (socket says 10.20.193.138:34112)
2026-02-12 00:32:06,143 7f19c55c5e00 DEBUG /usr/bin/ceph: stderr
2026-02-12T00:32:05.714+0000 7f3578f94640 1 -- 10.20.193.138:0/3843748429 learned_addr learned my addr 10.20.193.138:0/3843748429 (peer_addr_for_me v2:10.20.193.138:0/0)
2026-02-12 00:32:06,143 7f19c55c5e00 DEBUG /usr/bin/ceph: stderr
2026-02-12T00:32:05.714+0000 7f3578f94640 1 -- 10.20.193.138:0/3843748429 --> [v2:10.20.193.138:3300/0,v1:10.20.193.138:6789/0] -- mon_subscribe({config=0+,monmap=0+}) v3 -- 0x7f3574109830 con 0x7f3574108630
2026-02-12 00:32:06,143 7f19c55c5e00 DEBUG /usr/bin/ceph: stderr
2026-02-12T00:32:05.715+0000 7f3578f94640 1 --2- 10.20.193.138:0/3843748429 >> [v2:10.20.193.138:3300/0,v1:10.20.193.138:6789/0] conn(0x7f3574108630 0x7f3574108a30 secure :-1 s=READY pgs=68 cs=0 l=1 rev1=1 crypto rx=0x7f3564009920 tx=0x7f356402ef20 comp rx=0 tx=0).ready entity=mon.0 client_cookie=2c18251719f62e2d server_cookie=0 in_seq=0 out_seq=0
2026-02-12 00:32:06,144 7f19c55c5e00 DEBUG /usr/bin/ceph: stderr
2026-02-12T00:32:05.715+0000 7f356b7fe640 1 -- 10.20.193.138:0/3843748429 <== mon.0 v2:10.20.193.138:3300/0 1 ==== mon_map magic: 0 v1 ==== 205+0+0 (secure 0 0 0) 0x7f356402fae0 con 0x7f3574108630
2026-02-12 00:32:06,144 7f19c55c5e00 DEBUG /usr/bin/ceph: stderr
2026-02-12T00:32:05.715+0000 7f356b7fe640 1 -- 10.20.193.138:0/3843748429 <== mon.0 v2:10.20.193.138:3300/0 2 ==== config(26 keys) v1 ==== 1074+0+0 (secure 0 0 0) 0x7f356402fc40 con 0x7f3574108630
2026-02-12 00:32:06,144 7f19c55c5e00 DEBUG /usr/bin/ceph: stderr
2026-02-12T00:32:05.715+0000 7f356b7fe640 1 -- 10.20.193.138:0/3843748429 <== mon.0 v2:10.20.193.138:3300/0 3 ==== mon_map magic: 0 v1 ==== 205+0+0 (secure 0 0 0) 0x7f35640355e0 con 0x7f3574108630
2026-02-12 00:32:06,144 7f19c55c5e00 DEBUG /usr/bin/ceph: stderr
2026-02-12T00:32:05.715+0000 7f357b21f640 1 -- 10.20.193.138:0/3843748429 >> [v2:10.20.193.138:3300/0,v1:10.20.193.138:6789/0] conn(0x7f3574108630 msgr2=0x7f3574108a30 secure :-1 s=STATE_CONNECTION_ESTABLISHED l=1).mark_down
2026-02-12 00:32:06,144 7f19c55c5e00 DEBUG /usr/bin/ceph: stderr
2026-02-12T00:32:05.715+0000 7f357b21f640 1 --2- 10.20.193.138:0/3843748429 >> [v2:10.20.193.138:3300/0,v1:10.20.193.138:6789/0] conn(0x7f3574108630 0x7f3574108a30 secure :-1 s=READY pgs=68 cs=0 l=1 rev1=1 crypto rx=0x7f3564009920 tx=0x7f356402ef20 comp rx=0 tx=0).stop
2026-02-12 00:32:06,144 7f19c55c5e00 DEBUG /usr/bin/ceph: stderr
2026-02-12T00:32:05.715+0000 7f357b21f640 1 -- 10.20.193.138:0/3843748429 shutdown_connections
2026-02-12 00:32:06,144 7f19c55c5e00 DEBUG /usr/bin/ceph: stderr
2026-02-12T00:32:05.715+0000 7f357b21f640 1 --2- 10.20.193.138:0/3843748429 >> [v2:10.20.193.138:3300/0,v1:10.20.193.138:6789/0] conn(0x7f3574108630 0x7f3574108a30 unknown :-1 s=CLOSED pgs=68 cs=0 l=1 rev1=1 crypto rx=0 tx=0 comp rx=0 tx=0).stop
2026-02-12 00:32:06,144 7f19c55c5e00 DEBUG /usr/bin/ceph: stderr
2026-02-12T00:32:05.715+0000 7f357b21f640 1 -- 10.20.193.138:0/3843748429 >> 10.20.193.138:0/3843748429 conn(0x7f357407bb10 msgr2=0x7f3574106510 unknown :-1 s=STATE_NONE l=0).mark_down
2026-02-12 00:32:06,144 7f19c55c5e00 DEBUG /usr/bin/ceph: stderr
2026-02-12T00:32:05.715+0000 7f357b21f640 1 -- 10.20.193.138:0/3843748429 shutdown_connections
2026-02-12 00:32:06,144 7f19c55c5e00 DEBUG /usr/bin/ceph: stderr
2026-02-12T00:32:05.715+0000 7f357b21f640 1 -- 10.20.193.138:0/3843748429 wait complete.
2026-02-12 00:32:06,144 7f19c55c5e00 DEBUG /usr/bin/ceph: stderr
2026-02-12T00:32:05.716+0000 7f357b21f640 1 Processor -- start
2026-02-12 00:32:06,144 7f19c55c5e00 DEBUG /usr/bin/ceph: stderr
2026-02-12T00:32:05.716+0000 7f357b21f640 1 -- start start
2026-02-12 00:32:06,144 7f19c55c5e00 DEBUG /usr/bin/ceph: stderr
2026-02-12T00:32:05.716+0000 7f357b21f640 1 --2- >> [v2:10.20.193.138:3300/0,v1:10.20.193.138:6789/0] conn(0x7f3574108630 0x7f357419e300 unknown :-1 s=NONE pgs=0 cs=0 l=1 rev1=0 crypto rx=0 tx=0 comp rx=0 tx=0).connect
2026-02-12 00:32:06,144 7f19c55c5e00 DEBUG /usr/bin/ceph: stderr
2026-02-12T00:32:05.716+0000 7f357b21f640 1 -- --> [v2:10.20.193.138:3300/0,v1:10.20.193.138:6789/0] -- mon_getmap magic: 0 v1 -- 0x7f357419e840 con 0x7f3574108630
2026-02-12 00:32:06,144 7f19c55c5e00 DEBUG /usr/bin/ceph: stderr
2026-02-12T00:32:05.716+0000 7f3578f94640 1 --2- >> [v2:10.20.193.138:3300/0,v1:10.20.193.138:6789/0] conn(0x7f3574108630 0x7f357419e300 unknown :-1 s=BANNER_CONNECTING pgs=0 cs=0 l=1 rev1=0 crypto rx=0 tx=0 comp rx=0 tx=0)._handle_peer_banner_payload supported=3 required=0
2026-02-12 00:32:06,144 7f19c55c5e00 DEBUG /usr/bin/ceph: stderr
2026-02-12T00:32:05.716+0000 7f3578f94640 1 --2- >> [v2:10.20.193.138:3300/0,v1:10.20.193.138:6789/0] conn(0x7f3574108630 0x7f357419e300 unknown :-1 s=HELLO_CONNECTING pgs=0 cs=0 l=1 rev1=1 crypto rx=0 tx=0 comp rx=0 tx=0).handle_hello peer v2:10.20.193.138:3300/0 says I am v2:10.20.193.138:34128/0 (socket says 10.20.193.138:34128)
2026-02-12 00:32:06,144 7f19c55c5e00 DEBUG /usr/bin/ceph: stderr
2026-02-12T00:32:05.716+0000 7f3578f94640 1 -- 10.20.193.138:0/1856245851 learned_addr learned my addr 10.20.193.138:0/1856245851 (peer_addr_for_me v2:10.20.193.138:0/0)
2026-02-12 00:32:06,144 7f19c55c5e00 DEBUG /usr/bin/ceph: stderr
2026-02-12T00:32:05.716+0000 7f3578f94640 1 -- 10.20.193.138:0/1856245851 --> [v2:10.20.193.138:3300/0,v1:10.20.193.138:6789/0] -- mon_subscribe({config=0+,monmap=0+}) v3 -- 0x7f35640095d0 con 0x7f3574108630
2026-02-12 00:32:06,144 7f19c55c5e00 DEBUG /usr/bin/ceph: stderr
2026-02-12T00:32:05.716+0000 7f3578f94640 1 --2- 10.20.193.138:0/1856245851 >> [v2:10.20.193.138:3300/0,v1:10.20.193.138:6789/0] conn(0x7f3574108630 0x7f357419e300 secure :-1 s=READY pgs=69 cs=0 l=1 rev1=1 crypto rx=0x7f3564006fd0 tx=0x7f356402fbc0 comp rx=0 tx=0).ready entity=mon.0 client_cookie=0 server_cookie=0 in_seq=0 out_seq=0
2026-02-12 00:32:06,144 7f19c55c5e00 DEBUG /usr/bin/ceph: stderr
2026-02-12T00:32:05.716+0000 7f3569ffb640 1 -- 10.20.193.138:0/1856245851 <== mon.0 v2:10.20.193.138:3300/0 1 ==== mon_map magic: 0 v1 ==== 205+0+0 (secure 0 0 0) 0x7f35640378d0 con 0x7f3574108630
2026-02-12 00:32:06,144 7f19c55c5e00 DEBUG /usr/bin/ceph: stderr
2026-02-12T00:32:05.716+0000 7f3569ffb640 1 -- 10.20.193.138:0/1856245851 <== mon.0 v2:10.20.193.138:3300/0 2 ==== config(26 keys) v1 ==== 1074+0+0 (secure 0 0 0) 0x7f3564037a30 con 0x7f3574108630
2026-02-12 00:32:06,144 7f19c55c5e00 DEBUG /usr/bin/ceph: stderr
2026-02-12T00:32:05.716+0000 7f3569ffb640 1 -- 10.20.193.138:0/1856245851 <== mon.0 v2:10.20.193.138:3300/0 3 ==== mon_map magic: 0 v1 ==== 205+0+0 (secure 0 0 0) 0x7f356403e4e0 con 0x7f3574108630
2026-02-12 00:32:06,144 7f19c55c5e00 DEBUG /usr/bin/ceph: stderr
2026-02-12T00:32:05.716+0000 7f357b21f640 1 -- 10.20.193.138:0/1856245851 --> [v2:10.20.193.138:3300/0,v1:10.20.193.138:6789/0] -- mon_subscribe({mgrmap=0+}) v3 -- 0x7f357419ea40 con 0x7f3574108630
2026-02-12 00:32:06,144 7f19c55c5e00 DEBUG /usr/bin/ceph: stderr
2026-02-12T00:32:05.716+0000 7f357b21f640 1 -- 10.20.193.138:0/1856245851 --> [v2:10.20.193.138:3300/0,v1:10.20.193.138:6789/0] -- mon_subscribe({osdmap=0}) v3 -- 0x7f357419eee0 con 0x7f3574108630
2026-02-12 00:32:06,144 7f19c55c5e00 DEBUG /usr/bin/ceph: stderr
2026-02-12T00:32:05.717+0000 7f357b21f640 1 -- 10.20.193.138:0/1856245851 --> [v2:10.20.193.138:3300/0,v1:10.20.193.138:6789/0] -- mon_command({"prefix": "get_command_descriptions"} v 0) v1 -- 0x7f357410ca60 con 0x7f3574108630
2026-02-12 00:32:06,144 7f19c55c5e00 DEBUG /usr/bin/ceph: stderr
2026-02-12T00:32:05.717+0000 7f3569ffb640 1 -- 10.20.193.138:0/1856245851 <== mon.0 v2:10.20.193.138:3300/0 4 ==== mgrmap(e 11) v1 ==== 49267+0+0 (secure 0 0 0) 0x7f356403e070 con 0x7f3574108630
2026-02-12 00:32:06,144 7f19c55c5e00 DEBUG /usr/bin/ceph: stderr
2026-02-12T00:32:05.717+0000 7f3569ffb640 1 --2- 10.20.193.138:0/1856245851 >> [v2:10.20.193.138:6800/1740090815,v1:10.20.193.138:6801/1740090815] conn(0x7f355003d0c0 0x7f355003f580 unknown :-1 s=NONE pgs=0 cs=0 l=1 rev1=0 crypto rx=0 tx=0 comp rx=0 tx=0).connect
2026-02-12 00:32:06,144 7f19c55c5e00 DEBUG /usr/bin/ceph: stderr
2026-02-12T00:32:05.717+0000 7f3569ffb640 1 -- 10.20.193.138:0/1856245851 <== mon.0 v2:10.20.193.138:3300/0 5 ==== osd_map(3..3 src has 1..3) v4 ==== 1155+0+0 (secure 0 0 0) 0x7f3564075ba0 con 0x7f3574108630
2026-02-12 00:32:06,144 7f19c55c5e00 DEBUG /usr/bin/ceph: stderr
2026-02-12T00:32:05.717+0000 7f356bfff640 1 --2- 10.20.193.138:0/1856245851 >> [v2:10.20.193.138:6800/1740090815,v1:10.20.193.138:6801/1740090815] conn(0x7f355003d0c0 0x7f355003f580 unknown :-1 s=BANNER_CONNECTING pgs=0 cs=0 l=1 rev1=0 crypto rx=0 tx=0 comp rx=0 tx=0)._handle_peer_banner_payload supported=3 required=0
2026-02-12 00:32:06,144 7f19c55c5e00 DEBUG /usr/bin/ceph: stderr
2026-02-12T00:32:05.717+0000 7f356bfff640 1 --2- 10.20.193.138:0/1856245851 >> [v2:10.20.193.138:6800/1740090815,v1:10.20.193.138:6801/1740090815] conn(0x7f355003d0c0 0x7f355003f580 secure :-1 s=READY pgs=7 cs=0 l=1 rev1=1 crypto rx=0x7f355c0099c0 tx=0x7f355c006eb0 comp rx=0 tx=0).ready entity=mgr.14150 client_cookie=0 server_cookie=0 in_seq=0 out_seq=0
2026-02-12 00:32:06,144 7f19c55c5e00 DEBUG /usr/bin/ceph: stderr
2026-02-12T00:32:05.719+0000 7f3569ffb640 1 -- 10.20.193.138:0/1856245851 <== mon.0 v2:10.20.193.138:3300/0 6 ==== mon_command_ack([{"prefix": "get_command_descriptions"}]=0 v0) v1 ==== 72+0+186382 (secure 0 0 0) 0x7f3564036580 con 0x7f3574108630
2026-02-12 00:32:06,144 7f19c55c5e00 DEBUG /usr/bin/ceph: stderr
2026-02-12T00:32:05.801+0000 7f357b21f640 1 -- 10.20.193.138:0/1856245851 --> [v2:10.20.193.138:6800/1740090815,v1:10.20.193.138:6801/1740090815] -- mgr_command(tid 0: {"prefix": "dashboard create-self-signed-cert", "target": ["mon-mgr", ""]}) v1 -- 0x7f3574106320 con 0x7f355003d0c0
2026-02-12 00:32:06,144 7f19c55c5e00 DEBUG /usr/bin/ceph: stderr
2026-02-12T00:32:05.828+0000 7f3569ffb640 1 -- 10.20.193.138:0/1856245851 <== mgr.14150 v2:10.20.193.138:6800/1740090815 1 ==== mgr_command_reply(tid 0: 0 ) v1 ==== 8+0+32 (secure 0 0 0) 0x7f3574106320 con 0x7f355003d0c0
2026-02-12 00:32:06,144 7f19c55c5e00 DEBUG /usr/bin/ceph: stderr
2026-02-12T00:32:05.829+0000 7f357b21f640 1 -- 10.20.193.138:0/1856245851 >> [v2:10.20.193.138:6800/1740090815,v1:10.20.193.138:6801/1740090815] conn(0x7f355003d0c0 msgr2=0x7f355003f580 secure :-1 s=STATE_CONNECTION_ESTABLISHED l=1).mark_down
2026-02-12 00:32:06,144 7f19c55c5e00 DEBUG /usr/bin/ceph: stderr
2026-02-12T00:32:05.829+0000 7f357b21f640 1 --2- 10.20.193.138:0/1856245851 >> [v2:10.20.193.138:6800/1740090815,v1:10.20.193.138:6801/1740090815] conn(0x7f355003d0c0 0x7f355003f580 secure :-1 s=READY pgs=7 cs=0 l=1 rev1=1 crypto rx=0x7f355c0099c0 tx=0x7f355c006eb0 comp rx=0 tx=0).stop
2026-02-12 00:32:06,144 7f19c55c5e00 DEBUG /usr/bin/ceph: stderr
2026-02-12T00:32:05.829+0000 7f357b21f640 1 -- 10.20.193.138:0/1856245851 >> [v2:10.20.193.138:3300/0,v1:10.20.193.138:6789/0] conn(0x7f3574108630 msgr2=0x7f357419e300 secure :-1 s=STATE_CONNECTION_ESTABLISHED l=1).mark_down
2026-02-12 00:32:06,144 7f19c55c5e00 DEBUG /usr/bin/ceph: stderr
2026-02-12T00:32:05.829+0000 7f357b21f640 1 --2- 10.20.193.138:0/1856245851 >> [v2:10.20.193.138:3300/0,v1:10.20.193.138:6789/0] conn(0x7f3574108630 0x7f357419e300 secure :-1 s=READY pgs=69 cs=0 l=1 rev1=1 crypto rx=0x7f3564006fd0 tx=0x7f356402fbc0 comp rx=0 tx=0).stop
2026-02-12 00:32:06,144 7f19c55c5e00 DEBUG /usr/bin/ceph: stderr
2026-02-12T00:32:05.829+0000 7f357b21f640 1 -- 10.20.193.138:0/1856245851 shutdown_connections
2026-02-12 00:32:06,144 7f19c55c5e00 DEBUG /usr/bin/ceph: stderr
2026-02-12T00:32:05.829+0000 7f357b21f640 1 --2- 10.20.193.138:0/1856245851 >> [v2:10.20.193.138:6800/1740090815,v1:10.20.193.138:6801/1740090815] conn(0x7f355003d0c0 0x7f355003f580 unknown :-1 s=CLOSED pgs=7 cs=0 l=1 rev1=1 crypto rx=0 tx=0 comp rx=0 tx=0).stop
2026-02-12 00:32:06,144 7f19c55c5e00 DEBUG /usr/bin/ceph: stderr
2026-02-12T00:32:05.829+0000 7f357b21f640 1 --2- 10.20.193.138:0/1856245851 >> [v2:10.20.193.138:3300/0,v1:10.20.193.138:6789/0] conn(0x7f3574108630 0x7f357419e300 unknown :-1 s=CLOSED pgs=69 cs=0 l=1 rev1=1 crypto rx=0 tx=0 comp rx=0 tx=0).stop
2026-02-12 00:32:06,144 7f19c55c5e00 DEBUG /usr/bin/ceph: stderr
2026-02-12T00:32:05.829+0000 7f357b21f640 1 -- 10.20.193.138:0/1856245851 >> 10.20.193.138:0/1856245851 conn(0x7f357407bb10 msgr2=0x7f3574105c10 unknown :-1 s=STATE_NONE l=0).mark_down
2026-02-12 00:32:06,144 7f19c55c5e00 DEBUG /usr/bin/ceph: stderr
2026-02-12T00:32:05.829+0000 7f357b21f640 1 -- 10.20.193.138:0/1856245851 shutdown_connections
2026-02-12 00:32:06,144 7f19c55c5e00 DEBUG /usr/bin/ceph: stderr
2026-02-12T00:32:05.829+0000 7f357b21f640 1 -- 10.20.193.138:0/1856245851 wait complete.
2026-02-12 00:32:06,144 7f19c55c5e00 INFO Creating initial admin user...
2026-02-12 00:32:06,654 7f19c55c5e00 DEBUG /usr/bin/ceph: stdout {"username": "admin", "password": "$2b$12$0AkGT/JiQ9LosnGyfYmh9OWIw/k4cgdih/m4BnMh/FE5tnhCXDZZe", "roles": ["administrator"], "name": null, "email": null, "lastUpdate": 1770856326, "enabled": true, "pwdExpirationDate": null, "pwdUpdateRequired": true}
2026-02-12 00:32:06,654 7f19c55c5e00 DEBUG /usr/bin/ceph: stderr
2026-02-12T00:32:06.371+0000 7f573f200640 1 Processor -- start
2026-02-12 00:32:06,654 7f19c55c5e00 DEBUG /usr/bin/ceph: stderr
2026-02-12T00:32:06.371+0000 7f573f200640 1 -- start start
2026-02-12 00:32:06,654 7f19c55c5e00 DEBUG /usr/bin/ceph: stderr
2026-02-12T00:32:06.371+0000 7f573f200640 1 --2- >> [v2:10.20.193.138:3300/0,v1:10.20.193.138:6789/0] conn(0x7f5738108630 0x7f5738108a30 unknown :-1 s=NONE pgs=0 cs=0 l=0 rev1=0 crypto rx=0 tx=0 comp rx=0 tx=0).connect
2026-02-12 00:32:06,654 7f19c55c5e00 DEBUG /usr/bin/ceph: stderr
2026-02-12T00:32:06.371+0000 7f573f200640 1 -- --> [v2:10.20.193.138:3300/0,v1:10.20.193.138:6789/0] -- mon_getmap magic: 0 v1 -- 0x7f5738109000 con 0x7f5738108630
2026-02-12 00:32:06,654 7f19c55c5e00 DEBUG /usr/bin/ceph: stderr
2026-02-12T00:32:06.372+0000 7f573cf75640 1 --2- >> [v2:10.20.193.138:3300/0,v1:10.20.193.138:6789/0] conn(0x7f5738108630 0x7f5738108a30 unknown :-1 s=BANNER_CONNECTING pgs=0 cs=0 l=0 rev1=0 crypto rx=0 tx=0 comp rx=0 tx=0)._handle_peer_banner_payload supported=3 required=0
2026-02-12 00:32:06,654 7f19c55c5e00 DEBUG /usr/bin/ceph: stderr
2026-02-12T00:32:06.372+0000 7f573cf75640 1 --2- >> [v2:10.20.193.138:3300/0,v1:10.20.193.138:6789/0] conn(0x7f5738108630 0x7f5738108a30 unknown :-1 s=HELLO_CONNECTING pgs=0 cs=0 l=0 rev1=1 crypto rx=0 tx=0 comp rx=0 tx=0).handle_hello peer v2:10.20.193.138:3300/0 says I am v2:10.20.193.138:52092/0 (socket says 10.20.193.138:52092)
2026-02-12 00:32:06,654 7f19c55c5e00 DEBUG /usr/bin/ceph: stderr
2026-02-12T00:32:06.372+0000 7f573cf75640 1 -- 10.20.193.138:0/249315129 learned_addr learned my addr 10.20.193.138:0/249315129 (peer_addr_for_me v2:10.20.193.138:0/0)
2026-02-12 00:32:06,654 7f19c55c5e00 DEBUG /usr/bin/ceph: stderr
2026-02-12T00:32:06.372+0000 7f573cf75640 1 -- 10.20.193.138:0/249315129 --> [v2:10.20.193.138:3300/0,v1:10.20.193.138:6789/0] -- mon_subscribe({config=0+,monmap=0+}) v3 -- 0x7f5738109830 con 0x7f5738108630
2026-02-12 00:32:06,654 7f19c55c5e00 DEBUG /usr/bin/ceph: stderr
2026-02-12T00:32:06.372+0000 7f573cf75640 1 --2- 10.20.193.138:0/249315129 >> [v2:10.20.193.138:3300/0,v1:10.20.193.138:6789/0] conn(0x7f5738108630 0x7f5738108a30 secure :-1 s=READY pgs=70 cs=0 l=1 rev1=1 crypto rx=0x7f5728009920 tx=0x7f572802ef20 comp rx=0 tx=0).ready entity=mon.0 client_cookie=ebd32159351cb7c server_cookie=0 in_seq=0 out_seq=0
2026-02-12 00:32:06,654 7f19c55c5e00 DEBUG /usr/bin/ceph: stderr
2026-02-12T00:32:06.372+0000 7f572f7fe640 1 -- 10.20.193.138:0/249315129 <== mon.0 v2:10.20.193.138:3300/0 1 ==== mon_map magic: 0 v1 ==== 205+0+0 (secure 0 0 0) 0x7f572802fae0 con 0x7f5738108630
2026-02-12 00:32:06,654 7f19c55c5e00 DEBUG /usr/bin/ceph: stderr
2026-02-12T00:32:06.372+0000 7f572f7fe640 1 -- 10.20.193.138:0/249315129 <== mon.0 v2:10.20.193.138:3300/0 2 ==== config(26 keys) v1 ==== 1074+0+0 (secure 0 0 0) 0x7f572802fc40 con 0x7f5738108630
2026-02-12 00:32:06,654 7f19c55c5e00 DEBUG /usr/bin/ceph: stderr
2026-02-12T00:32:06.372+0000 7f572f7fe640 1 -- 10.20.193.138:0/249315129 <== mon.0 v2:10.20.193.138:3300/0 3 ==== mon_map magic: 0 v1 ==== 205+0+0 (secure 0 0 0) 0x7f57280355e0 con 0x7f5738108630
2026-02-12 00:32:06,654 7f19c55c5e00 DEBUG /usr/bin/ceph: stderr
2026-02-12T00:32:06.373+0000 7f573f200640 1 -- 10.20.193.138:0/249315129 >> [v2:10.20.193.138:3300/0,v1:10.20.193.138:6789/0] conn(0x7f5738108630 msgr2=0x7f5738108a30 secure :-1 s=STATE_CONNECTION_ESTABLISHED l=1).mark_down
2026-02-12 00:32:06,654 7f19c55c5e00 DEBUG /usr/bin/ceph: stderr
2026-02-12T00:32:06.373+0000 7f573f200640 1 --2- 10.20.193.138:0/249315129 >> [v2:10.20.193.138:3300/0,v1:10.20.193.138:6789/0] conn(0x7f5738108630 0x7f5738108a30 secure :-1 s=READY pgs=70 cs=0 l=1 rev1=1 crypto rx=0x7f5728009920 tx=0x7f572802ef20 comp rx=0 tx=0).stop
2026-02-12 00:32:06,654 7f19c55c5e00 DEBUG /usr/bin/ceph: stderr
2026-02-12T00:32:06.373+0000 7f573f200640 1 -- 10.20.193.138:0/249315129 shutdown_connections
2026-02-12 00:32:06,654 7f19c55c5e00 DEBUG /usr/bin/ceph: stderr
2026-02-12T00:32:06.373+0000 7f573f200640 1 --2- 10.20.193.138:0/249315129 >> [v2:10.20.193.138:3300/0,v1:10.20.193.138:6789/0] conn(0x7f5738108630 0x7f5738108a30 unknown :-1 s=CLOSED pgs=70 cs=0 l=1 rev1=1 crypto rx=0 tx=0 comp rx=0 tx=0).stop
2026-02-12 00:32:06,654 7f19c55c5e00 DEBUG /usr/bin/ceph: stderr
2026-02-12T00:32:06.373+0000 7f573f200640 1 -- 10.20.193.138:0/249315129 >> 10.20.193.138:0/249315129 conn(0x7f573807bae0 msgr2=0x7f5738106510 unknown :-1 s=STATE_NONE l=0).mark_down
2026-02-12 00:32:06,654 7f19c55c5e00 DEBUG /usr/bin/ceph: stderr
2026-02-12T00:32:06.373+0000 7f573f200640 1 -- 10.20.193.138:0/249315129 shutdown_connections
2026-02-12 00:32:06,654 7f19c55c5e00 DEBUG /usr/bin/ceph: stderr
2026-02-12T00:32:06.373+0000 7f573f200640 1 -- 10.20.193.138:0/249315129 wait complete.
2026-02-12 00:32:06,654 7f19c55c5e00 DEBUG /usr/bin/ceph: stderr
2026-02-12T00:32:06.373+0000 7f573f200640 1 Processor -- start
2026-02-12 00:32:06,654 7f19c55c5e00 DEBUG /usr/bin/ceph: stderr
2026-02-12T00:32:06.373+0000 7f573f200640 1 -- start start
2026-02-12 00:32:06,655 7f19c55c5e00 DEBUG /usr/bin/ceph: stderr
2026-02-12T00:32:06.373+0000 7f573f200640 1 --2- >> [v2:10.20.193.138:3300/0,v1:10.20.193.138:6789/0] conn(0x7f5738108630 0x7f573819e2c0 unknown :-1 s=NONE pgs=0 cs=0 l=1 rev1=0 crypto rx=0 tx=0 comp rx=0 tx=0).connect
2026-02-12 00:32:06,655 7f19c55c5e00 DEBUG /usr/bin/ceph: stderr
2026-02-12T00:32:06.373+0000 7f573f200640 1 -- --> [v2:10.20.193.138:3300/0,v1:10.20.193.138:6789/0] -- mon_getmap magic: 0 v1 -- 0x7f573819e800 con 0x7f5738108630
2026-02-12 00:32:06,655 7f19c55c5e00 DEBUG /usr/bin/ceph: stderr
2026-02-12T00:32:06.373+0000 7f573cf75640 1 --2- >> [v2:10.20.193.138:3300/0,v1:10.20.193.138:6789/0] conn(0x7f5738108630 0x7f573819e2c0 unknown :-1 s=BANNER_CONNECTING pgs=0 cs=0 l=1 rev1=0 crypto rx=0 tx=0 comp rx=0 tx=0)._handle_peer_banner_payload supported=3 required=0
2026-02-12 00:32:06,655 7f19c55c5e00 DEBUG /usr/bin/ceph: stderr
2026-02-12T00:32:06.373+0000 7f573cf75640 1 --2- >> [v2:10.20.193.138:3300/0,v1:10.20.193.138:6789/0] conn(0x7f5738108630 0x7f573819e2c0 unknown :-1 s=HELLO_CONNECTING pgs=0 cs=0 l=1 rev1=1 crypto rx=0 tx=0 comp rx=0 tx=0).handle_hello peer v2:10.20.193.138:3300/0 says I am v2:10.20.193.138:52098/0 (socket says 10.20.193.138:52098)
2026-02-12 00:32:06,655 7f19c55c5e00 DEBUG /usr/bin/ceph: stderr
2026-02-12T00:32:06.373+0000 7f573cf75640 1 -- 10.20.193.138:0/3480074456 learned_addr learned my addr 10.20.193.138:0/3480074456 (peer_addr_for_me v2:10.20.193.138:0/0)
2026-02-12 00:32:06,655 7f19c55c5e00 DEBUG /usr/bin/ceph: stderr
2026-02-12T00:32:06.373+0000 7f573cf75640 1 -- 10.20.193.138:0/3480074456 --> [v2:10.20.193.138:3300/0,v1:10.20.193.138:6789/0] -- mon_subscribe({config=0+,monmap=0+}) v3 -- 0x7f57280095d0 con 0x7f5738108630
2026-02-12 00:32:06,655 7f19c55c5e00 DEBUG /usr/bin/ceph: stderr
2026-02-12T00:32:06.373+0000 7f573cf75640 1 --2- 10.20.193.138:0/3480074456 >> [v2:10.20.193.138:3300/0,v1:10.20.193.138:6789/0] conn(0x7f5738108630 0x7f573819e2c0 secure :-1 s=READY pgs=71 cs=0 l=1 rev1=1 crypto rx=0x7f5728006fd0 tx=0x7f572802fbc0 comp rx=0 tx=0).ready entity=mon.0 client_cookie=0 server_cookie=0 in_seq=0 out_seq=0
2026-02-12 00:32:06,655 7f19c55c5e00 DEBUG /usr/bin/ceph: stderr
2026-02-12T00:32:06.374+0000 7f572dffb640 1 -- 10.20.193.138:0/3480074456 <== mon.0 v2:10.20.193.138:3300/0 1 ==== mon_map magic: 0 v1 ==== 205+0+0 (secure 0 0 0) 0x7f57280378d0 con 0x7f5738108630
2026-02-12 00:32:06,655 7f19c55c5e00 DEBUG /usr/bin/ceph: stderr
2026-02-12T00:32:06.374+0000 7f572dffb640 1 -- 10.20.193.138:0/3480074456 <== mon.0 v2:10.20.193.138:3300/0 2 ==== config(26 keys) v1 ==== 1074+0+0 (secure 0 0 0) 0x7f5728037a30 con 0x7f5738108630
2026-02-12 00:32:06,655 7f19c55c5e00 DEBUG /usr/bin/ceph: stderr
2026-02-12T00:32:06.374+0000 7f572dffb640 1 -- 10.20.193.138:0/3480074456 <== mon.0 v2:10.20.193.138:3300/0 3 ==== mon_map magic: 0 v1 ==== 205+0+0 (secure 0 0 0) 0x7f572803e4e0 con 0x7f5738108630
2026-02-12 00:32:06,655 7f19c55c5e00 DEBUG /usr/bin/ceph: stderr
2026-02-12T00:32:06.374+0000 7f573f200640 1 -- 10.20.193.138:0/3480074456 --> [v2:10.20.193.138:3300/0,v1:10.20.193.138:6789/0] -- mon_subscribe({mgrmap=0+}) v3 -- 0x7f573819ea00 con 0x7f5738108630
2026-02-12 00:32:06,655 7f19c55c5e00 DEBUG /usr/bin/ceph: stderr
2026-02-12T00:32:06.374+0000 7f573f200640 1 -- 10.20.193.138:0/3480074456 --> [v2:10.20.193.138:3300/0,v1:10.20.193.138:6789/0] -- mon_subscribe({osdmap=0}) v3 -- 0x7f573819eea0 con 0x7f5738108630
2026-02-12 00:32:06,655 7f19c55c5e00 DEBUG /usr/bin/ceph: stderr
2026-02-12T00:32:06.374+0000 7f572dffb640 1 -- 10.20.193.138:0/3480074456 <== mon.0 v2:10.20.193.138:3300/0 4 ==== mgrmap(e 11) v1 ==== 49267+0+0 (secure 0 0 0) 0x7f572803e070 con 0x7f5738108630
2026-02-12 00:32:06,655 7f19c55c5e00 DEBUG /usr/bin/ceph: stderr
2026-02-12T00:32:06.374+0000 7f573f200640 1 -- 10.20.193.138:0/3480074456 --> [v2:10.20.193.138:3300/0,v1:10.20.193.138:6789/0] -- mon_command({"prefix": "get_command_descriptions"} v 0) v1 -- 0x7f573810ca60 con 0x7f5738108630
2026-02-12 00:32:06,655 7f19c55c5e00 DEBUG /usr/bin/ceph: stderr
2026-02-12T00:32:06.374+0000 7f572dffb640 1 --2- 10.20.193.138:0/3480074456 >> [v2:10.20.193.138:6800/1740090815,v1:10.20.193.138:6801/1740090815] conn(0x7f571403d070 0x7f571403f530 unknown :-1 s=NONE pgs=0 cs=0 l=1 rev1=0 crypto rx=0 tx=0 comp rx=0 tx=0).connect
2026-02-12 00:32:06,655 7f19c55c5e00 DEBUG /usr/bin/ceph: stderr
2026-02-12T00:32:06.374+0000 7f572dffb640 1 -- 10.20.193.138:0/3480074456 <== mon.0 v2:10.20.193.138:3300/0 5 ==== osd_map(3..3 src has 1..3) v4 ==== 1155+0+0 (secure 0 0 0) 0x7f5728075bb0 con 0x7f5738108630
2026-02-12 00:32:06,655 7f19c55c5e00 DEBUG /usr/bin/ceph: stderr
2026-02-12T00:32:06.374+0000 7f572ffff640 1 --2- 10.20.193.138:0/3480074456 >> [v2:10.20.193.138:6800/1740090815,v1:10.20.193.138:6801/1740090815] conn(0x7f571403d070 0x7f571403f530 unknown :-1 s=BANNER_CONNECTING pgs=0 cs=0 l=1 rev1=0 crypto rx=0 tx=0 comp rx=0 tx=0)._handle_peer_banner_payload supported=3 required=0
2026-02-12 00:32:06,655 7f19c55c5e00 DEBUG /usr/bin/ceph: stderr
2026-02-12T00:32:06.375+0000 7f572ffff640 1 --2- 10.20.193.138:0/3480074456 >> [v2:10.20.193.138:6800/1740090815,v1:10.20.193.138:6801/1740090815] conn(0x7f571403d070 0x7f571403f530 secure :-1 s=READY pgs=8 cs=0 l=1 rev1=1 crypto rx=0x7f57200099c0 tx=0x7f5720006eb0 comp rx=0 tx=0).ready entity=mgr.14150 client_cookie=0 server_cookie=0 in_seq=0 out_seq=0
2026-02-12 00:32:06,655 7f19c55c5e00 DEBUG /usr/bin/ceph: stderr
2026-02-12T00:32:06.377+0000 7f572dffb640 1 -- 10.20.193.138:0/3480074456 <== mon.0 v2:10.20.193.138:3300/0 6 ==== mon_command_ack([{"prefix": "get_command_descriptions"}]=0 v0) v1 ==== 72+0+186382 (secure 0 0 0) 0x7f5728036580 con 0x7f5738108630
2026-02-12 00:32:06,655 7f19c55c5e00 DEBUG /usr/bin/ceph: stderr
2026-02-12T00:32:06.466+0000 7f573f200640 1 -- 10.20.193.138:0/3480074456 --> [v2:10.20.193.138:6800/1740090815,v1:10.20.193.138:6801/1740090815] -- mgr_command(tid 0: {"prefix": "dashboard ac-user-create", "username": "admin", "rolename": "administrator", "force_password": true, "pwd_update_required": true, "target": ["mon-mgr", ""]}) v1 -- 0x7f57380621d0 con 0x7f571403d070
2026-02-12 00:32:06,655 7f19c55c5e00 DEBUG /usr/bin/ceph: stderr
2026-02-12T00:32:06.609+0000 7f572dffb640 1 -- 10.20.193.138:0/3480074456 <== mgr.14150 v2:10.20.193.138:6800/1740090815 1 ==== mgr_command_reply(tid 0: 0 ) v1 ==== 8+0+252 (secure 0 0 0) 0x7f57380621d0 con 0x7f571403d070
2026-02-12 00:32:06,655 7f19c55c5e00 DEBUG /usr/bin/ceph: stderr
2026-02-12T00:32:06.610+0000 7f573f200640 1 -- 10.20.193.138:0/3480074456 >> [v2:10.20.193.138:6800/1740090815,v1:10.20.193.138:6801/1740090815] conn(0x7f571403d070 msgr2=0x7f571403f530 secure :-1 s=STATE_CONNECTION_ESTABLISHED l=1).mark_down
2026-02-12 00:32:06,655 7f19c55c5e00 DEBUG /usr/bin/ceph: stderr
2026-02-12T00:32:06.610+0000 7f573f200640 1 --2- 10.20.193.138:0/3480074456 >> [v2:10.20.193.138:6800/1740090815,v1:10.20.193.138:6801/1740090815] conn(0x7f571403d070 0x7f571403f530 secure :-1 s=READY pgs=8 cs=0 l=1 rev1=1 crypto rx=0x7f57200099c0 tx=0x7f5720006eb0 comp rx=0 tx=0).stop
2026-02-12 00:32:06,655 7f19c55c5e00 DEBUG /usr/bin/ceph: stderr
2026-02-12T00:32:06.610+0000 7f573f200640 1 -- 10.20.193.138:0/3480074456 >> [v2:10.20.193.138:3300/0,v1:10.20.193.138:6789/0] conn(0x7f5738108630 msgr2=0x7f573819e2c0 secure :-1 s=STATE_CONNECTION_ESTABLISHED l=1).mark_down
2026-02-12 00:32:06,655 7f19c55c5e00 DEBUG /usr/bin/ceph: stderr
2026-02-12T00:32:06.610+0000 7f573f200640 1 --2- 10.20.193.138:0/3480074456 >> [v2:10.20.193.138:3300/0,v1:10.20.193.138:6789/0] conn(0x7f5738108630 0x7f573819e2c0 secure :-1 s=READY pgs=71 cs=0 l=1 rev1=1 crypto rx=0x7f5728006fd0 tx=0x7f572802fbc0 comp rx=0 tx=0).stop
2026-02-12 00:32:06,655 7f19c55c5e00 DEBUG /usr/bin/ceph: stderr
2026-02-12T00:32:06.610+0000 7f573f200640 1 -- 10.20.193.138:0/3480074456 shutdown_connections
2026-02-12 00:32:06,655 7f19c55c5e00 DEBUG /usr/bin/ceph: stderr
2026-02-12T00:32:06.610+0000 7f573f200640 1 --2- 10.20.193.138:0/3480074456 >> [v2:10.20.193.138:6800/1740090815,v1:10.20.193.138:6801/1740090815] conn(0x7f571403d070 0x7f571403f530 unknown :-1 s=CLOSED pgs=8 cs=0 l=1 rev1=1 crypto rx=0 tx=0 comp rx=0 tx=0).stop
2026-02-12 00:32:06,655 7f19c55c5e00 DEBUG /usr/bin/ceph: stderr
2026-02-12T00:32:06.610+0000 7f573f200640 1 --2- 10.20.193.138:0/3480074456 >> [v2:10.20.193.138:3300/0,v1:10.20.193.138:6789/0] conn(0x7f5738108630 0x7f573819e2c0 unknown :-1 s=CLOSED pgs=71 cs=0 l=1 rev1=1 crypto rx=0 tx=0 comp rx=0 tx=0).stop
2026-02-12 00:32:06,655 7f19c55c5e00 DEBUG /usr/bin/ceph: stderr
2026-02-12T00:32:06.610+0000 7f573f200640 1 -- 10.20.193.138:0/3480074456 >> 10.20.193.138:0/3480074456 conn(0x7f573807bae0 msgr2=0x7f5738105c10 unknown :-1 s=STATE_NONE l=0).mark_down
2026-02-12 00:32:06,655 7f19c55c5e00 DEBUG /usr/bin/ceph: stderr
2026-02-12T00:32:06.611+0000 7f573f200640 1 -- 10.20.193.138:0/3480074456 shutdown_connections
2026-02-12 00:32:06,655 7f19c55c5e00 DEBUG /usr/bin/ceph: stderr
2026-02-12T00:32:06.611+0000 7f573f200640 1 -- 10.20.193.138:0/3480074456 wait complete.
2026-02-12 00:32:06,655 7f19c55c5e00 INFO Fetching dashboard port number...
2026-02-12 00:32:06,860 7f19c55c5e00 DEBUG /usr/bin/ceph: stdout 8443
2026-02-12 00:32:06,860 7f19c55c5e00 DEBUG /usr/bin/ceph: stderr
2026-02-12T00:32:06.756+0000 7f5653a82640 1 Processor -- start
2026-02-12 00:32:06,860 7f19c55c5e00 DEBUG /usr/bin/ceph: stderr
2026-02-12T00:32:06.756+0000 7f5653a82640 1 -- start start
2026-02-12 00:32:06,860 7f19c55c5e00 DEBUG /usr/bin/ceph: stderr
2026-02-12T00:32:06.756+0000 7f5653a82640 1 --2- >> [v2:10.20.193.138:3300/0,v1:10.20.193.138:6789/0] conn(0x7f564c10d170 0x7f564c10d570 unknown :-1 s=NONE pgs=0 cs=0 l=0 rev1=0 crypto rx=0 tx=0 comp rx=0 tx=0).connect
2026-02-12 00:32:06,860 7f19c55c5e00 DEBUG /usr/bin/ceph: stderr
2026-02-12T00:32:06.756+0000 7f5653a82640 1 -- --> [v2:10.20.193.138:3300/0,v1:10.20.193.138:6789/0] -- mon_getmap magic: 0 v1 -- 0x7f564c10db40 con 0x7f564c10d170
2026-02-12 00:32:06,860 7f19c55c5e00 DEBUG /usr/bin/ceph: stderr
2026-02-12T00:32:06.756+0000 7f56517f7640 1 --2- >> [v2:10.20.193.138:3300/0,v1:10.20.193.138:6789/0] conn(0x7f564c10d170 0x7f564c10d570 unknown :-1 s=BANNER_CONNECTING pgs=0 cs=0 l=0 rev1=0 crypto rx=0 tx=0 comp rx=0 tx=0)._handle_peer_banner_payload supported=3 required=0
2026-02-12 00:32:06,860 7f19c55c5e00 DEBUG /usr/bin/ceph: stderr
2026-02-12T00:32:06.756+0000 7f56517f7640 1 --2- >> [v2:10.20.193.138:3300/0,v1:10.20.193.138:6789/0] conn(0x7f564c10d170 0x7f564c10d570 unknown :-1 s=HELLO_CONNECTING pgs=0 cs=0 l=0 rev1=1 crypto rx=0 tx=0 comp rx=0 tx=0).handle_hello peer v2:10.20.193.138:3300/0 says I am v2:10.20.193.138:52104/0 (socket says 10.20.193.138:52104)
2026-02-12 00:32:06,860 7f19c55c5e00 DEBUG /usr/bin/ceph: stderr
2026-02-12T00:32:06.756+0000 7f56517f7640 1 -- 10.20.193.138:0/3747567712 learned_addr learned my addr 10.20.193.138:0/3747567712 (peer_addr_for_me v2:10.20.193.138:0/0)
2026-02-12 00:32:06,860 7f19c55c5e00 DEBUG /usr/bin/ceph: stderr
2026-02-12T00:32:06.757+0000 7f56517f7640 1 -- 10.20.193.138:0/3747567712 --> [v2:10.20.193.138:3300/0,v1:10.20.193.138:6789/0] -- mon_subscribe({config=0+,monmap=0+}) v3 -- 0x7f564c10dc80 con 0x7f564c10d170
2026-02-12 00:32:06,860 7f19c55c5e00 DEBUG /usr/bin/ceph: stderr
2026-02-12T00:32:06.757+0000 7f56517f7640 1 --2- 10.20.193.138:0/3747567712 >> [v2:10.20.193.138:3300/0,v1:10.20.193.138:6789/0] conn(0x7f564c10d170 0x7f564c10d570 secure :-1 s=READY pgs=72 cs=0 l=1 rev1=1 crypto rx=0x7f563c009920 tx=0x7f563c02ef20 comp rx=0 tx=0).ready entity=mon.0 client_cookie=bc65b4250097d022 server_cookie=0 in_seq=0 out_seq=0
2026-02-12 00:32:06,860 7f19c55c5e00 DEBUG /usr/bin/ceph: stderr
2026-02-12T00:32:06.757+0000 7f563bfff640 1 -- 10.20.193.138:0/3747567712 <== mon.0 v2:10.20.193.138:3300/0 1 ==== mon_map magic: 0 v1 ==== 205+0+0 (secure 0 0 0) 0x7f563c02fae0 con 0x7f564c10d170
2026-02-12 00:32:06,860 7f19c55c5e00 DEBUG /usr/bin/ceph: stderr
2026-02-12T00:32:06.757+0000 7f563bfff640 1 -- 10.20.193.138:0/3747567712 <== mon.0 v2:10.20.193.138:3300/0 2 ==== config(26 keys) v1 ==== 1074+0+0 (secure 0 0 0) 0x7f563c02fc40 con 0x7f564c10d170
2026-02-12 00:32:06,860 7f19c55c5e00 DEBUG /usr/bin/ceph: stderr
2026-02-12T00:32:06.757+0000 7f563bfff640 1 -- 10.20.193.138:0/3747567712 <== mon.0 v2:10.20.193.138:3300/0 3 ==== mon_map magic: 0 v1 ==== 205+0+0 (secure 0 0 0) 0x7f563c0355e0 con 0x7f564c10d170
2026-02-12 00:32:06,860 7f19c55c5e00 DEBUG /usr/bin/ceph: stderr
2026-02-12T00:32:06.758+0000 7f5653a82640 1 -- 10.20.193.138:0/3747567712 >> [v2:10.20.193.138:3300/0,v1:10.20.193.138:6789/0] conn(0x7f564c10d170 msgr2=0x7f564c10d570 secure :-1 s=STATE_CONNECTION_ESTABLISHED l=1).mark_down
2026-02-12 00:32:06,860 7f19c55c5e00 DEBUG /usr/bin/ceph: stderr
2026-02-12T00:32:06.758+0000 7f5653a82640 1 --2- 10.20.193.138:0/3747567712 >> [v2:10.20.193.138:3300/0,v1:10.20.193.138:6789/0] conn(0x7f564c10d170 0x7f564c10d570 secure :-1 s=READY pgs=72 cs=0 l=1 rev1=1 crypto rx=0x7f563c009920 tx=0x7f563c02ef20 comp rx=0 tx=0).stop
2026-02-12 00:32:06,860 7f19c55c5e00 DEBUG /usr/bin/ceph: stderr
2026-02-12T00:32:06.758+0000 7f5653a82640 1 -- 10.20.193.138:0/3747567712 shutdown_connections
2026-02-12 00:32:06,860 7f19c55c5e00 DEBUG /usr/bin/ceph: stderr
2026-02-12T00:32:06.758+0000 7f5653a82640 1 --2- 10.20.193.138:0/3747567712 >> [v2:10.20.193.138:3300/0,v1:10.20.193.138:6789/0] conn(0x7f564c10d170 0x7f564c10d570 unknown :-1 s=CLOSED pgs=72 cs=0 l=1 rev1=1 crypto rx=0 tx=0 comp rx=0 tx=0).stop
2026-02-12 00:32:06,861 7f19c55c5e00 DEBUG /usr/bin/ceph: stderr
2026-02-12T00:32:06.758+0000 7f5653a82640 1 -- 10.20.193.138:0/3747567712 >> 10.20.193.138:0/3747567712 conn(0x7f564c07bae0 msgr2=0x7f564c07df20 unknown :-1 s=STATE_NONE l=0).mark_down
2026-02-12 00:32:06,861 7f19c55c5e00 DEBUG /usr/bin/ceph: stderr
2026-02-12T00:32:06.758+0000 7f5653a82640 1 -- 10.20.193.138:0/3747567712 shutdown_connections
2026-02-12 00:32:06,861 7f19c55c5e00 DEBUG /usr/bin/ceph: stderr
2026-02-12T00:32:06.758+0000 7f5653a82640 1 -- 10.20.193.138:0/3747567712 wait complete.
2026-02-12 00:32:06,861 7f19c55c5e00 DEBUG /usr/bin/ceph: stderr
2026-02-12T00:32:06.758+0000 7f5653a82640 1 Processor -- start
2026-02-12 00:32:06,861 7f19c55c5e00 DEBUG /usr/bin/ceph: stderr
2026-02-12T00:32:06.758+0000 7f5653a82640 1 -- start start
2026-02-12 00:32:06,861 7f19c55c5e00 DEBUG /usr/bin/ceph: stderr
2026-02-12T00:32:06.758+0000 7f5653a82640 1 --2- >> [v2:10.20.193.138:3300/0,v1:10.20.193.138:6789/0] conn(0x7f564c10d170 0x7f564c1a27d0 unknown :-1 s=NONE pgs=0 cs=0 l=1 rev1=0 crypto rx=0 tx=0 comp rx=0 tx=0).connect
2026-02-12 00:32:06,861 7f19c55c5e00 DEBUG /usr/bin/ceph: stderr
2026-02-12T00:32:06.758+0000 7f5653a82640 1 -- --> [v2:10.20.193.138:3300/0,v1:10.20.193.138:6789/0] -- mon_getmap magic: 0 v1 -- 0x7f564c1a2d10 con 0x7f564c10d170
2026-02-12 00:32:06,861 7f19c55c5e00 DEBUG /usr/bin/ceph: stderr
2026-02-12T00:32:06.758+0000 7f56517f7640 1 --2- >> [v2:10.20.193.138:3300/0,v1:10.20.193.138:6789/0] conn(0x7f564c10d170 0x7f564c1a27d0 unknown :-1 s=BANNER_CONNECTING pgs=0 cs=0 l=1 rev1=0 crypto rx=0 tx=0 comp rx=0 tx=0)._handle_peer_banner_payload supported=3 required=0
2026-02-12 00:32:06,861 7f19c55c5e00 DEBUG /usr/bin/ceph: stderr
