2026-02-12T00:33:04.431+0000 7f3fabfff640 1 -- 10.20.193.107:0/232952316 --> [v2:10.20.193.107:3300/0,v1:10.20.193.107:6789/0] -- mon_subscribe({config=0+,monmap=0+}) v3 -- 0x7f3f980095d0 con 0x7f3fac108630
2026-02-12 00:33:04,534 7fb22249de00 DEBUG /usr/bin/ceph: stderr
2026-02-12T00:33:04.431+0000 7f3fabfff640 1 --2- 10.20.193.107:0/232952316 >> [v2:10.20.193.107:3300/0,v1:10.20.193.107:6789/0] conn(0x7f3fac108630 0x7f3fac19e2b0 secure :-1 s=READY pgs=73 cs=0 l=1 rev1=1 crypto rx=0x7f3f98006fd0 tx=0x7f3f9802fbc0 comp rx=0 tx=0).ready entity=mon.0 client_cookie=0 server_cookie=0 in_seq=0 out_seq=0
2026-02-12 00:33:04,534 7fb22249de00 DEBUG /usr/bin/ceph: stderr
2026-02-12T00:33:04.431+0000 7f3fa97fa640 1 -- 10.20.193.107:0/232952316 <== mon.0 v2:10.20.193.107:3300/0 1 ==== mon_map magic: 0 v1 ==== 205+0+0 (secure 0 0 0) 0x7f3f980378d0 con 0x7f3fac108630
2026-02-12 00:33:04,534 7fb22249de00 DEBUG /usr/bin/ceph: stderr
2026-02-12T00:33:04.431+0000 7f3fa97fa640 1 -- 10.20.193.107:0/232952316 <== mon.0 v2:10.20.193.107:3300/0 2 ==== config(26 keys) v1 ==== 1074+0+0 (secure 0 0 0) 0x7f3f98037a30 con 0x7f3fac108630
2026-02-12 00:33:04,534 7fb22249de00 DEBUG /usr/bin/ceph: stderr
2026-02-12T00:33:04.431+0000 7f3fb29c8640 1 -- 10.20.193.107:0/232952316 --> [v2:10.20.193.107:3300/0,v1:10.20.193.107:6789/0] -- mon_subscribe({mgrmap=0+}) v3 -- 0x7f3fac19e9f0 con 0x7f3fac108630
2026-02-12 00:33:04,534 7fb22249de00 DEBUG /usr/bin/ceph: stderr
2026-02-12T00:33:04.431+0000 7f3fa97fa640 1 -- 10.20.193.107:0/232952316 <== mon.0 v2:10.20.193.107:3300/0 3 ==== mon_map magic: 0 v1 ==== 205+0+0 (secure 0 0 0) 0x7f3f9803e4e0 con 0x7f3fac108630
2026-02-12 00:33:04,534 7fb22249de00 DEBUG /usr/bin/ceph: stderr
2026-02-12T00:33:04.431+0000 7f3fb29c8640 1 -- 10.20.193.107:0/232952316 --> [v2:10.20.193.107:3300/0,v1:10.20.193.107:6789/0] -- mon_subscribe({osdmap=0}) v3 -- 0x7f3fac19ee90 con 0x7f3fac108630
2026-02-12 00:33:04,534 7fb22249de00 DEBUG /usr/bin/ceph: stderr
2026-02-12T00:33:04.431+0000 7f3fb29c8640 1 -- 10.20.193.107:0/232952316 --> [v2:10.20.193.107:3300/0,v1:10.20.193.107:6789/0] -- mon_command({"prefix": "get_command_descriptions"} v 0) v1 -- 0x7f3fac10ca60 con 0x7f3fac108630
2026-02-12 00:33:04,534 7fb22249de00 DEBUG /usr/bin/ceph: stderr
2026-02-12T00:33:04.432+0000 7f3fa97fa640 1 -- 10.20.193.107:0/232952316 <== mon.0 v2:10.20.193.107:3300/0 4 ==== mgrmap(e 11) v1 ==== 49267+0+0 (secure 0 0 0) 0x7f3f9803e070 con 0x7f3fac108630
2026-02-12 00:33:04,534 7fb22249de00 DEBUG /usr/bin/ceph: stderr
2026-02-12T00:33:04.432+0000 7f3fa97fa640 1 --2- 10.20.193.107:0/232952316 >> [v2:10.20.193.107:6800/1381201927,v1:10.20.193.107:6801/1381201927] conn(0x7f3f8003d070 0x7f3f8003f530 unknown :-1 s=NONE pgs=0 cs=0 l=1 rev1=0 crypto rx=0 tx=0 comp rx=0 tx=0).connect
2026-02-12 00:33:04,534 7fb22249de00 DEBUG /usr/bin/ceph: stderr
2026-02-12T00:33:04.432+0000 7f3fa97fa640 1 -- 10.20.193.107:0/232952316 <== mon.0 v2:10.20.193.107:3300/0 5 ==== osd_map(3..3 src has 1..3) v4 ==== 1155+0+0 (secure 0 0 0) 0x7f3f98075c00 con 0x7f3fac108630
2026-02-12 00:33:04,534 7fb22249de00 DEBUG /usr/bin/ceph: stderr
2026-02-12T00:33:04.432+0000 7f3fab7fe640 1 --2- 10.20.193.107:0/232952316 >> [v2:10.20.193.107:6800/1381201927,v1:10.20.193.107:6801/1381201927] conn(0x7f3f8003d070 0x7f3f8003f530 unknown :-1 s=BANNER_CONNECTING pgs=0 cs=0 l=1 rev1=0 crypto rx=0 tx=0 comp rx=0 tx=0)._handle_peer_banner_payload supported=3 required=0
2026-02-12 00:33:04,534 7fb22249de00 DEBUG /usr/bin/ceph: stderr
2026-02-12T00:33:04.432+0000 7f3fab7fe640 1 --2- 10.20.193.107:0/232952316 >> [v2:10.20.193.107:6800/1381201927,v1:10.20.193.107:6801/1381201927] conn(0x7f3f8003d070 0x7f3f8003f530 secure :-1 s=READY pgs=9 cs=0 l=1 rev1=1 crypto rx=0x7f3f9c0099c0 tx=0x7f3f9c006eb0 comp rx=0 tx=0).ready entity=mgr.14150 client_cookie=0 server_cookie=0 in_seq=0 out_seq=0
2026-02-12 00:33:04,534 7fb22249de00 DEBUG /usr/bin/ceph: stderr
2026-02-12T00:33:04.434+0000 7f3fa97fa640 1 -- 10.20.193.107:0/232952316 <== mon.0 v2:10.20.193.107:3300/0 6 ==== mon_command_ack([{"prefix": "get_command_descriptions"}]=0 v0) v1 ==== 72+0+186382 (secure 0 0 0) 0x7f3f98046d50 con 0x7f3fac108630
2026-02-12 00:33:04,534 7fb22249de00 DEBUG /usr/bin/ceph: stderr
2026-02-12T00:33:04.513+0000 7f3fb29c8640 1 -- 10.20.193.107:0/232952316 --> [v2:10.20.193.107:3300/0,v1:10.20.193.107:6789/0] -- mon_command({"prefix": "config get", "who": "mgr", "key": "mgr/dashboard/ssl_server_port"} v 0) v1 -- 0x7f3fac10ccd0 con 0x7f3fac108630
2026-02-12 00:33:04,534 7fb22249de00 DEBUG /usr/bin/ceph: stderr
2026-02-12T00:33:04.513+0000 7f3fa97fa640 1 -- 10.20.193.107:0/232952316 <== mon.0 v2:10.20.193.107:3300/0 7 ==== mon_command_ack([{"prefix": "config get", "who": "mgr", "key": "mgr/dashboard/ssl_server_port"}]=0 v8) v1 ==== 112+0+5 (secure 0 0 0) 0x7f3f9803c030 con 0x7f3fac108630
2026-02-12 00:33:04,534 7fb22249de00 DEBUG /usr/bin/ceph: stderr
2026-02-12T00:33:04.514+0000 7f3fb29c8640 1 -- 10.20.193.107:0/232952316 >> [v2:10.20.193.107:6800/1381201927,v1:10.20.193.107:6801/1381201927] conn(0x7f3f8003d070 msgr2=0x7f3f8003f530 secure :-1 s=STATE_CONNECTION_ESTABLISHED l=1).mark_down
2026-02-12 00:33:04,534 7fb22249de00 DEBUG /usr/bin/ceph: stderr
2026-02-12T00:33:04.514+0000 7f3fb29c8640 1 --2- 10.20.193.107:0/232952316 >> [v2:10.20.193.107:6800/1381201927,v1:10.20.193.107:6801/1381201927] conn(0x7f3f8003d070 0x7f3f8003f530 secure :-1 s=READY pgs=9 cs=0 l=1 rev1=1 crypto rx=0x7f3f9c0099c0 tx=0x7f3f9c006eb0 comp rx=0 tx=0).stop
2026-02-12 00:33:04,534 7fb22249de00 DEBUG /usr/bin/ceph: stderr
2026-02-12T00:33:04.514+0000 7f3fb29c8640 1 -- 10.20.193.107:0/232952316 >> [v2:10.20.193.107:3300/0,v1:10.20.193.107:6789/0] conn(0x7f3fac108630 msgr2=0x7f3fac19e2b0 secure :-1 s=STATE_CONNECTION_ESTABLISHED l=1).mark_down
2026-02-12 00:33:04,534 7fb22249de00 DEBUG /usr/bin/ceph: stderr
2026-02-12T00:33:04.514+0000 7f3fb29c8640 1 --2- 10.20.193.107:0/232952316 >> [v2:10.20.193.107:3300/0,v1:10.20.193.107:6789/0] conn(0x7f3fac108630 0x7f3fac19e2b0 secure :-1 s=READY pgs=73 cs=0 l=1 rev1=1 crypto rx=0x7f3f98006fd0 tx=0x7f3f9802fbc0 comp rx=0 tx=0).stop
2026-02-12 00:33:04,534 7fb22249de00 DEBUG /usr/bin/ceph: stderr
2026-02-12T00:33:04.514+0000 7f3fb29c8640 1 -- 10.20.193.107:0/232952316 shutdown_connections
2026-02-12 00:33:04,534 7fb22249de00 DEBUG /usr/bin/ceph: stderr
2026-02-12T00:33:04.514+0000 7f3fb29c8640 1 --2- 10.20.193.107:0/232952316 >> [v2:10.20.193.107:6800/1381201927,v1:10.20.193.107:6801/1381201927] conn(0x7f3f8003d070 0x7f3f8003f530 unknown :-1 s=CLOSED pgs=9 cs=0 l=1 rev1=1 crypto rx=0 tx=0 comp rx=0 tx=0).stop
2026-02-12 00:33:04,534 7fb22249de00 DEBUG /usr/bin/ceph: stderr
2026-02-12T00:33:04.514+0000 7f3fb29c8640 1 --2- 10.20.193.107:0/232952316 >> [v2:10.20.193.107:3300/0,v1:10.20.193.107:6789/0] conn(0x7f3fac108630 0x7f3fac19e2b0 unknown :-1 s=CLOSED pgs=73 cs=0 l=1 rev1=1 crypto rx=0 tx=0 comp rx=0 tx=0).stop
2026-02-12 00:33:04,534 7fb22249de00 DEBUG /usr/bin/ceph: stderr
2026-02-12T00:33:04.514+0000 7f3fb29c8640 1 -- 10.20.193.107:0/232952316 >> 10.20.193.107:0/232952316 conn(0x7f3fac07bae0 msgr2=0x7f3fac105c00 unknown :-1 s=STATE_NONE l=0).mark_down
2026-02-12 00:33:04,534 7fb22249de00 DEBUG /usr/bin/ceph: stderr
2026-02-12T00:33:04.514+0000 7f3fb29c8640 1 -- 10.20.193.107:0/232952316 shutdown_connections
2026-02-12 00:33:04,534 7fb22249de00 DEBUG /usr/bin/ceph: stderr
2026-02-12T00:33:04.514+0000 7f3fb29c8640 1 -- 10.20.193.107:0/232952316 wait complete.
2026-02-12 00:33:04,542 7fb22249de00 QUIET Non-zero exit code 1 from systemctl is-enabled firewalld.service
2026-02-12 00:33:04,542 7fb22249de00 QUIET systemctl: stdout disabled
2026-02-12 00:33:04,547 7fb22249de00 QUIET Non-zero exit code 3 from systemctl is-active firewalld.service
2026-02-12 00:33:04,547 7fb22249de00 QUIET systemctl: stdout inactive
2026-02-12 00:33:04,547 7fb22249de00 DEBUG firewalld.service is not enabled
2026-02-12 00:33:04,547 7fb22249de00 DEBUG Not possible to open ports <[8443]>. firewalld.service is not available
2026-02-12 00:33:04,549 7fb22249de00 INFO Ceph Dashboard is now available at: URL: https://trial107:8443/ User: admin Password: 26qvtj280x
2026-02-12 00:33:04,549 7fb22249de00 INFO Saving cluster configuration to /var/lib/ceph/4abd3a60-07aa-11f1-b871-d404e6e7d460/config directory
2026-02-12 00:33:04,549 7fb22249de00 INFO Enabling autotune for osd_memory_target
2026-02-12 00:33:04,747 7fb22249de00 DEBUG /usr/bin/ceph: stderr
2026-02-12T00:33:04.644+0000 7fc03cd4e640 1 Processor -- start
2026-02-12 00:33:04,747 7fb22249de00 DEBUG /usr/bin/ceph: stderr
2026-02-12T00:33:04.644+0000 7fc03cd4e640 1 -- start start
2026-02-12 00:33:04,747 7fb22249de00 DEBUG /usr/bin/ceph: stderr
2026-02-12T00:33:04.644+0000 7fc03cd4e640 1 --2- >> [v2:10.20.193.107:3300/0,v1:10.20.193.107:6789/0] conn(0x7fc038108630 0x7fc038108a30 unknown :-1 s=NONE pgs=0 cs=0 l=0 rev1=0 crypto rx=0 tx=0 comp rx=0 tx=0).connect
2026-02-12 00:33:04,747 7fb22249de00 DEBUG /usr/bin/ceph: stderr
2026-02-12T00:33:04.644+0000 7fc03cd4e640 1 -- --> [v2:10.20.193.107:3300/0,v1:10.20.193.107:6789/0] -- mon_getmap magic: 0 v1 -- 0x7fc038109000 con 0x7fc038108630
2026-02-12 00:33:04,747 7fb22249de00 DEBUG /usr/bin/ceph: stderr
2026-02-12T00:33:04.644+0000 7fc036575640 1 --2- >> [v2:10.20.193.107:3300/0,v1:10.20.193.107:6789/0] conn(0x7fc038108630 0x7fc038108a30 unknown :-1 s=BANNER_CONNECTING pgs=0 cs=0 l=0 rev1=0 crypto rx=0 tx=0 comp rx=0 tx=0)._handle_peer_banner_payload supported=3 required=0
2026-02-12 00:33:04,747 7fb22249de00 DEBUG /usr/bin/ceph: stderr
2026-02-12T00:33:04.644+0000 7fc036575640 1 --2- >> [v2:10.20.193.107:3300/0,v1:10.20.193.107:6789/0] conn(0x7fc038108630 0x7fc038108a30 unknown :-1 s=HELLO_CONNECTING pgs=0 cs=0 l=0 rev1=1 crypto rx=0 tx=0 comp rx=0 tx=0).handle_hello peer v2:10.20.193.107:3300/0 says I am v2:10.20.193.107:54806/0 (socket says 10.20.193.107:54806)
2026-02-12 00:33:04,747 7fb22249de00 DEBUG /usr/bin/ceph: stderr
2026-02-12T00:33:04.644+0000 7fc036575640 1 -- 10.20.193.107:0/1362040580 learned_addr learned my addr 10.20.193.107:0/1362040580 (peer_addr_for_me v2:10.20.193.107:0/0)
2026-02-12 00:33:04,748 7fb22249de00 DEBUG /usr/bin/ceph: stderr
2026-02-12T00:33:04.644+0000 7fc036575640 1 -- 10.20.193.107:0/1362040580 --> [v2:10.20.193.107:3300/0,v1:10.20.193.107:6789/0] -- mon_subscribe({config=0+,monmap=0+}) v3 -- 0x7fc038109830 con 0x7fc038108630
2026-02-12 00:33:04,748 7fb22249de00 DEBUG /usr/bin/ceph: stderr
2026-02-12T00:33:04.645+0000 7fc036575640 1 --2- 10.20.193.107:0/1362040580 >> [v2:10.20.193.107:3300/0,v1:10.20.193.107:6789/0] conn(0x7fc038108630 0x7fc038108a30 secure :-1 s=READY pgs=74 cs=0 l=1 rev1=1 crypto rx=0x7fc02c009920 tx=0x7fc02c02ef20 comp rx=0 tx=0).ready entity=mon.0 client_cookie=a3c24890c14da06f server_cookie=0 in_seq=0 out_seq=0
2026-02-12 00:33:04,748 7fb22249de00 DEBUG /usr/bin/ceph: stderr
2026-02-12T00:33:04.645+0000 7fc035573640 1 -- 10.20.193.107:0/1362040580 <== mon.0 v2:10.20.193.107:3300/0 1 ==== mon_map magic: 0 v1 ==== 205+0+0 (secure 0 0 0) 0x7fc02c02fae0 con 0x7fc038108630
2026-02-12 00:33:04,748 7fb22249de00 DEBUG /usr/bin/ceph: stderr
2026-02-12T00:33:04.645+0000 7fc035573640 1 -- 10.20.193.107:0/1362040580 <== mon.0 v2:10.20.193.107:3300/0 2 ==== config(26 keys) v1 ==== 1074+0+0 (secure 0 0 0) 0x7fc02c02fc40 con 0x7fc038108630
2026-02-12 00:33:04,748 7fb22249de00 DEBUG /usr/bin/ceph: stderr
2026-02-12T00:33:04.645+0000 7fc035573640 1 -- 10.20.193.107:0/1362040580 <== mon.0 v2:10.20.193.107:3300/0 3 ==== mon_map magic: 0 v1 ==== 205+0+0 (secure 0 0 0) 0x7fc02c0355e0 con 0x7fc038108630
2026-02-12 00:33:04,748 7fb22249de00 DEBUG /usr/bin/ceph: stderr
2026-02-12T00:33:04.645+0000 7fc03cd4e640 1 -- 10.20.193.107:0/1362040580 >> [v2:10.20.193.107:3300/0,v1:10.20.193.107:6789/0] conn(0x7fc038108630 msgr2=0x7fc038108a30 secure :-1 s=STATE_CONNECTION_ESTABLISHED l=1).mark_down
2026-02-12 00:33:04,748 7fb22249de00 DEBUG /usr/bin/ceph: stderr
2026-02-12T00:33:04.645+0000 7fc03cd4e640 1 --2- 10.20.193.107:0/1362040580 >> [v2:10.20.193.107:3300/0,v1:10.20.193.107:6789/0] conn(0x7fc038108630 0x7fc038108a30 secure :-1 s=READY pgs=74 cs=0 l=1 rev1=1 crypto rx=0x7fc02c009920 tx=0x7fc02c02ef20 comp rx=0 tx=0).stop
2026-02-12 00:33:04,748 7fb22249de00 DEBUG /usr/bin/ceph: stderr
2026-02-12T00:33:04.645+0000 7fc03cd4e640 1 -- 10.20.193.107:0/1362040580 shutdown_connections
2026-02-12 00:33:04,748 7fb22249de00 DEBUG /usr/bin/ceph: stderr
2026-02-12T00:33:04.645+0000 7fc03cd4e640 1 --2- 10.20.193.107:0/1362040580 >> [v2:10.20.193.107:3300/0,v1:10.20.193.107:6789/0] conn(0x7fc038108630 0x7fc038108a30 unknown :-1 s=CLOSED pgs=74 cs=0 l=1 rev1=1 crypto rx=0 tx=0 comp rx=0 tx=0).stop
2026-02-12 00:33:04,748 7fb22249de00 DEBUG /usr/bin/ceph: stderr
2026-02-12T00:33:04.645+0000 7fc03cd4e640 1 -- 10.20.193.107:0/1362040580 >> 10.20.193.107:0/1362040580 conn(0x7fc03807bae0 msgr2=0x7fc038106510 unknown :-1 s=STATE_NONE l=0).mark_down
2026-02-12 00:33:04,748 7fb22249de00 DEBUG /usr/bin/ceph: stderr
2026-02-12T00:33:04.645+0000 7fc03cd4e640 1 -- 10.20.193.107:0/1362040580 shutdown_connections
2026-02-12 00:33:04,748 7fb22249de00 DEBUG /usr/bin/ceph: stderr
2026-02-12T00:33:04.645+0000 7fc03cd4e640 1 -- 10.20.193.107:0/1362040580 wait complete.
2026-02-12 00:33:04,748 7fb22249de00 DEBUG /usr/bin/ceph: stderr
2026-02-12T00:33:04.645+0000 7fc03cd4e640 1 Processor -- start
2026-02-12 00:33:04,748 7fb22249de00 DEBUG /usr/bin/ceph: stderr
2026-02-12T00:33:04.645+0000 7fc03cd4e640 1 -- start start
2026-02-12 00:33:04,748 7fb22249de00 DEBUG /usr/bin/ceph: stderr
2026-02-12T00:33:04.646+0000 7fc03cd4e640 1 --2- >> [v2:10.20.193.107:3300/0,v1:10.20.193.107:6789/0] conn(0x7fc038108630 0x7fc03819e2b0 unknown :-1 s=NONE pgs=0 cs=0 l=1 rev1=0 crypto rx=0 tx=0 comp rx=0 tx=0).connect
2026-02-12 00:33:04,748 7fb22249de00 DEBUG /usr/bin/ceph: stderr
2026-02-12T00:33:04.646+0000 7fc03cd4e640 1 -- --> [v2:10.20.193.107:3300/0,v1:10.20.193.107:6789/0] -- mon_getmap magic: 0 v1 -- 0x7fc03819e7f0 con 0x7fc038108630
2026-02-12 00:33:04,748 7fb22249de00 DEBUG /usr/bin/ceph: stderr
2026-02-12T00:33:04.646+0000 7fc036575640 1 --2- >> [v2:10.20.193.107:3300/0,v1:10.20.193.107:6789/0] conn(0x7fc038108630 0x7fc03819e2b0 unknown :-1 s=BANNER_CONNECTING pgs=0 cs=0 l=1 rev1=0 crypto rx=0 tx=0 comp rx=0 tx=0)._handle_peer_banner_payload supported=3 required=0
2026-02-12 00:33:04,748 7fb22249de00 DEBUG /usr/bin/ceph: stderr
2026-02-12T00:33:04.646+0000 7fc036575640 1 --2- >> [v2:10.20.193.107:3300/0,v1:10.20.193.107:6789/0] conn(0x7fc038108630 0x7fc03819e2b0 unknown :-1 s=HELLO_CONNECTING pgs=0 cs=0 l=1 rev1=1 crypto rx=0 tx=0 comp rx=0 tx=0).handle_hello peer v2:10.20.193.107:3300/0 says I am v2:10.20.193.107:54808/0 (socket says 10.20.193.107:54808)
2026-02-12 00:33:04,748 7fb22249de00 DEBUG /usr/bin/ceph: stderr
2026-02-12T00:33:04.646+0000 7fc036575640 1 -- 10.20.193.107:0/2060575207 learned_addr learned my addr 10.20.193.107:0/2060575207 (peer_addr_for_me v2:10.20.193.107:0/0)
2026-02-12 00:33:04,748 7fb22249de00 DEBUG /usr/bin/ceph: stderr
2026-02-12T00:33:04.646+0000 7fc036575640 1 -- 10.20.193.107:0/2060575207 --> [v2:10.20.193.107:3300/0,v1:10.20.193.107:6789/0] -- mon_subscribe({config=0+,monmap=0+}) v3 -- 0x7fc02c0095d0 con 0x7fc038108630
2026-02-12 00:33:04,748 7fb22249de00 DEBUG /usr/bin/ceph: stderr
2026-02-12T00:33:04.646+0000 7fc036575640 1 --2- 10.20.193.107:0/2060575207 >> [v2:10.20.193.107:3300/0,v1:10.20.193.107:6789/0] conn(0x7fc038108630 0x7fc03819e2b0 secure :-1 s=READY pgs=75 cs=0 l=1 rev1=1 crypto rx=0x7fc02c006fd0 tx=0x7fc02c02fbc0 comp rx=0 tx=0).ready entity=mon.0 client_cookie=0 server_cookie=0 in_seq=0 out_seq=0
2026-02-12 00:33:04,748 7fb22249de00 DEBUG /usr/bin/ceph: stderr
2026-02-12T00:33:04.646+0000 7fc01f7fe640 1 -- 10.20.193.107:0/2060575207 <== mon.0 v2:10.20.193.107:3300/0 1 ==== mon_map magic: 0 v1 ==== 205+0+0 (secure 0 0 0) 0x7fc02c0378d0 con 0x7fc038108630
2026-02-12 00:33:04,748 7fb22249de00 DEBUG /usr/bin/ceph: stderr
2026-02-12T00:33:04.646+0000 7fc03cd4e640 1 -- 10.20.193.107:0/2060575207 --> [v2:10.20.193.107:3300/0,v1:10.20.193.107:6789/0] -- mon_subscribe({mgrmap=0+}) v3 -- 0x7fc03819e9f0 con 0x7fc038108630
2026-02-12 00:33:04,748 7fb22249de00 DEBUG /usr/bin/ceph: stderr
2026-02-12T00:33:04.646+0000 7fc01f7fe640 1 -- 10.20.193.107:0/2060575207 <== mon.0 v2:10.20.193.107:3300/0 2 ==== config(26 keys) v1 ==== 1074+0+0 (secure 0 0 0) 0x7fc02c037a30 con 0x7fc038108630
2026-02-12 00:33:04,748 7fb22249de00 DEBUG /usr/bin/ceph: stderr
2026-02-12T00:33:04.646+0000 7fc01f7fe640 1 -- 10.20.193.107:0/2060575207 <== mon.0 v2:10.20.193.107:3300/0 3 ==== mon_map magic: 0 v1 ==== 205+0+0 (secure 0 0 0) 0x7fc02c03e4e0 con 0x7fc038108630
2026-02-12 00:33:04,748 7fb22249de00 DEBUG /usr/bin/ceph: stderr
2026-02-12T00:33:04.646+0000 7fc03cd4e640 1 -- 10.20.193.107:0/2060575207 --> [v2:10.20.193.107:3300/0,v1:10.20.193.107:6789/0] -- mon_subscribe({osdmap=0}) v3 -- 0x7fc03819ee90 con 0x7fc038108630
2026-02-12 00:33:04,748 7fb22249de00 DEBUG /usr/bin/ceph: stderr
2026-02-12T00:33:04.646+0000 7fc03cd4e640 1 -- 10.20.193.107:0/2060575207 --> [v2:10.20.193.107:3300/0,v1:10.20.193.107:6789/0] -- mon_command({"prefix": "get_command_descriptions"} v 0) v1 -- 0x7fc03810ca60 con 0x7fc038108630
2026-02-12 00:33:04,748 7fb22249de00 DEBUG /usr/bin/ceph: stderr
2026-02-12T00:33:04.647+0000 7fc01f7fe640 1 -- 10.20.193.107:0/2060575207 <== mon.0 v2:10.20.193.107:3300/0 4 ==== mgrmap(e 11) v1 ==== 49267+0+0 (secure 0 0 0) 0x7fc02c03e070 con 0x7fc038108630
2026-02-12 00:33:04,748 7fb22249de00 DEBUG /usr/bin/ceph: stderr
2026-02-12T00:33:04.647+0000 7fc01f7fe640 1 --2- 10.20.193.107:0/2060575207 >> [v2:10.20.193.107:6800/1381201927,v1:10.20.193.107:6801/1381201927] conn(0x7fc01003d070 0x7fc01003f530 unknown :-1 s=NONE pgs=0 cs=0 l=1 rev1=0 crypto rx=0 tx=0 comp rx=0 tx=0).connect
2026-02-12 00:33:04,748 7fb22249de00 DEBUG /usr/bin/ceph: stderr
2026-02-12T00:33:04.647+0000 7fc01f7fe640 1 -- 10.20.193.107:0/2060575207 <== mon.0 v2:10.20.193.107:3300/0 5 ==== osd_map(3..3 src has 1..3) v4 ==== 1155+0+0 (secure 0 0 0) 0x7fc02c075c00 con 0x7fc038108630
2026-02-12 00:33:04,748 7fb22249de00 DEBUG /usr/bin/ceph: stderr
2026-02-12T00:33:04.647+0000 7fc035d74640 1 --2- 10.20.193.107:0/2060575207 >> [v2:10.20.193.107:6800/1381201927,v1:10.20.193.107:6801/1381201927] conn(0x7fc01003d070 0x7fc01003f530 unknown :-1 s=BANNER_CONNECTING pgs=0 cs=0 l=1 rev1=0 crypto rx=0 tx=0 comp rx=0 tx=0)._handle_peer_banner_payload supported=3 required=0
2026-02-12 00:33:04,748 7fb22249de00 DEBUG /usr/bin/ceph: stderr
2026-02-12T00:33:04.647+0000 7fc035d74640 1 --2- 10.20.193.107:0/2060575207 >> [v2:10.20.193.107:6800/1381201927,v1:10.20.193.107:6801/1381201927] conn(0x7fc01003d070 0x7fc01003f530 secure :-1 s=READY pgs=10 cs=0 l=1 rev1=1 crypto rx=0x7fc0200099c0 tx=0x7fc020006eb0 comp rx=0 tx=0).ready entity=mgr.14150 client_cookie=0 server_cookie=0 in_seq=0 out_seq=0
2026-02-12 00:33:04,748 7fb22249de00 DEBUG /usr/bin/ceph: stderr
2026-02-12T00:33:04.649+0000 7fc01f7fe640 1 -- 10.20.193.107:0/2060575207 <== mon.0 v2:10.20.193.107:3300/0 6 ==== mon_command_ack([{"prefix": "get_command_descriptions"}]=0 v0) v1 ==== 72+0+186382 (secure 0 0 0) 0x7fc02c036810 con 0x7fc038108630
2026-02-12 00:33:04,748 7fb22249de00 DEBUG /usr/bin/ceph: stderr
2026-02-12T00:33:04.727+0000 7fc03cd4e640 1 -- 10.20.193.107:0/2060575207 --> [v2:10.20.193.107:3300/0,v1:10.20.193.107:6789/0] -- mon_command([{prefix=config set, name=osd_memory_target_autotune}] v 0) v1 -- 0x7fc03810cca0 con 0x7fc038108630
2026-02-12 00:33:04,748 7fb22249de00 DEBUG /usr/bin/ceph: stderr
2026-02-12T00:33:04.728+0000 7fc01f7fe640 1 -- 10.20.193.107:0/2060575207 <== mon.0 v2:10.20.193.107:3300/0 7 ==== mon_command_ack([{prefix=config set, name=osd_memory_target_autotune}]=0 v8)=0 v8) v1 ==== 127+0+0 (secure 0 0 0) 0x7fc02c03c070 con 0x7fc038108630
2026-02-12 00:33:04,748 7fb22249de00 DEBUG /usr/bin/ceph: stderr
2026-02-12T00:33:04.728+0000 7fc03cd4e640 1 -- 10.20.193.107:0/2060575207 >> [v2:10.20.193.107:6800/1381201927,v1:10.20.193.107:6801/1381201927] conn(0x7fc01003d070 msgr2=0x7fc01003f530 secure :-1 s=STATE_CONNECTION_ESTABLISHED l=1).mark_down
2026-02-12 00:33:04,748 7fb22249de00 DEBUG /usr/bin/ceph: stderr
2026-02-12T00:33:04.728+0000 7fc03cd4e640 1 --2- 10.20.193.107:0/2060575207 >> [v2:10.20.193.107:6800/1381201927,v1:10.20.193.107:6801/1381201927] conn(0x7fc01003d070 0x7fc01003f530 secure :-1 s=READY pgs=10 cs=0 l=1 rev1=1 crypto rx=0x7fc0200099c0 tx=0x7fc020006eb0 comp rx=0 tx=0).stop
2026-02-12 00:33:04,748 7fb22249de00 DEBUG /usr/bin/ceph: stderr
2026-02-12T00:33:04.728+0000 7fc03cd4e640 1 -- 10.20.193.107:0/2060575207 >> [v2:10.20.193.107:3300/0,v1:10.20.193.107:6789/0] conn(0x7fc038108630 msgr2=0x7fc03819e2b0 secure :-1 s=STATE_CONNECTION_ESTABLISHED l=1).mark_down
2026-02-12 00:33:04,748 7fb22249de00 DEBUG /usr/bin/ceph: stderr
2026-02-12T00:33:04.728+0000 7fc03cd4e640 1 --2- 10.20.193.107:0/2060575207 >> [v2:10.20.193.107:3300/0,v1:10.20.193.107:6789/0] conn(0x7fc038108630 0x7fc03819e2b0 secure :-1 s=READY pgs=75 cs=0 l=1 rev1=1 crypto rx=0x7fc02c006fd0 tx=0x7fc02c02fbc0 comp rx=0 tx=0).stop
2026-02-12 00:33:04,748 7fb22249de00 DEBUG /usr/bin/ceph: stderr
2026-02-12T00:33:04.728+0000 7fc03cd4e640 1 -- 10.20.193.107:0/2060575207 shutdown_connections
2026-02-12 00:33:04,748 7fb22249de00 DEBUG /usr/bin/ceph: stderr
2026-02-12T00:33:04.728+0000 7fc03cd4e640 1 --2- 10.20.193.107:0/2060575207 >> [v2:10.20.193.107:6800/1381201927,v1:10.20.193.107:6801/1381201927] conn(0x7fc01003d070 0x7fc01003f530 unknown :-1 s=CLOSED pgs=10 cs=0 l=1 rev1=1 crypto rx=0 tx=0 comp rx=0 tx=0).stop
2026-02-12 00:33:04,748 7fb22249de00 DEBUG /usr/bin/ceph: stderr
2026-02-12T00:33:04.728+0000 7fc03cd4e640 1 --2- 10.20.193.107:0/2060575207 >> [v2:10.20.193.107:3300/0,v1:10.20.193.107:6789/0] conn(0x7fc038108630 0x7fc03819e2b0 unknown :-1 s=CLOSED pgs=75 cs=0 l=1 rev1=1 crypto rx=0 tx=0 comp rx=0 tx=0).stop
2026-02-12 00:33:04,748 7fb22249de00 DEBUG /usr/bin/ceph: stderr
2026-02-12T00:33:04.728+0000 7fc03cd4e640 1 -- 10.20.193.107:0/2060575207 >> 10.20.193.107:0/2060575207 conn(0x7fc03807bae0 msgr2=0x7fc038105c00 unknown :-1 s=STATE_NONE l=0).mark_down
2026-02-12 00:33:04,748 7fb22249de00 DEBUG /usr/bin/ceph: stderr
2026-02-12T00:33:04.728+0000 7fc03cd4e640 1 -- 10.20.193.107:0/2060575207 shutdown_connections
2026-02-12 00:33:04,748 7fb22249de00 DEBUG /usr/bin/ceph: stderr
2026-02-12T00:33:04.728+0000 7fc03cd4e640 1 -- 10.20.193.107:0/2060575207 wait complete.
2026-02-12 00:33:04,988 7fb22249de00 DEBUG /usr/bin/ceph: stderr
2026-02-12T00:33:04.843+0000 7f9392b2d640 1 Processor -- start
2026-02-12 00:33:04,988 7fb22249de00 DEBUG /usr/bin/ceph: stderr
2026-02-12T00:33:04.843+0000 7f9392b2d640 1 -- start start
2026-02-12 00:33:04,988 7fb22249de00 DEBUG /usr/bin/ceph: stderr
2026-02-12T00:33:04.844+0000 7f9392b2d640 1 --2- >> [v2:10.20.193.107:3300/0,v1:10.20.193.107:6789/0] conn(0x7f938c104be0 0x7f938c106ff0 unknown :-1 s=NONE pgs=0 cs=0 l=0 rev1=0 crypto rx=0 tx=0 comp rx=0 tx=0).connect
2026-02-12 00:33:04,988 7fb22249de00 DEBUG /usr/bin/ceph: stderr
2026-02-12T00:33:04.844+0000 7f9392b2d640 1 -- --> [v2:10.20.193.107:3300/0,v1:10.20.193.107:6789/0] -- mon_getmap magic: 0 v1 -- 0x7f938c074800 con 0x7f938c104be0
2026-02-12 00:33:04,988 7fb22249de00 DEBUG /usr/bin/ceph: stderr
2026-02-12T00:33:04.844+0000 7f93908a2640 1 --2- >> [v2:10.20.193.107:3300/0,v1:10.20.193.107:6789/0] conn(0x7f938c104be0 0x7f938c106ff0 unknown :-1 s=BANNER_CONNECTING pgs=0 cs=0 l=0 rev1=0 crypto rx=0 tx=0 comp rx=0 tx=0)._handle_peer_banner_payload supported=3 required=0
2026-02-12 00:33:04,988 7fb22249de00 DEBUG /usr/bin/ceph: stderr
2026-02-12T00:33:04.844+0000 7f93908a2640 1 --2- >> [v2:10.20.193.107:3300/0,v1:10.20.193.107:6789/0] conn(0x7f938c104be0 0x7f938c106ff0 unknown :-1 s=HELLO_CONNECTING pgs=0 cs=0 l=0 rev1=1 crypto rx=0 tx=0 comp rx=0 tx=0).handle_hello peer v2:10.20.193.107:3300/0 says I am v2:10.20.193.107:54810/0 (socket says 10.20.193.107:54810)
2026-02-12 00:33:04,988 7fb22249de00 DEBUG /usr/bin/ceph: stderr
2026-02-12T00:33:04.844+0000 7f93908a2640 1 -- 10.20.193.107:0/647903483 learned_addr learned my addr 10.20.193.107:0/647903483 (peer_addr_for_me v2:10.20.193.107:0/0)
2026-02-12 00:33:04,988 7fb22249de00 DEBUG /usr/bin/ceph: stderr
2026-02-12T00:33:04.844+0000 7f93908a2640 1 -- 10.20.193.107:0/647903483 --> [v2:10.20.193.107:3300/0,v1:10.20.193.107:6789/0] -- mon_subscribe({config=0+,monmap=0+}) v3 -- 0x7f938c107530 con 0x7f938c104be0
2026-02-12 00:33:04,988 7fb22249de00 DEBUG /usr/bin/ceph: stderr
2026-02-12T00:33:04.844+0000 7f93908a2640 1 --2- 10.20.193.107:0/647903483 >> [v2:10.20.193.107:3300/0,v1:10.20.193.107:6789/0] conn(0x7f938c104be0 0x7f938c106ff0 secure :-1 s=READY pgs=76 cs=0 l=1 rev1=1 crypto rx=0x7f937c009920 tx=0x7f937c02ef20 comp rx=0 tx=0).ready entity=mon.0 client_cookie=fdcc52da6b799921 server_cookie=0 in_seq=0 out_seq=0
2026-02-12 00:33:04,988 7fb22249de00 DEBUG /usr/bin/ceph: stderr
2026-02-12T00:33:04.845+0000 7f93837fe640 1 -- 10.20.193.107:0/647903483 <== mon.0 v2:10.20.193.107:3300/0 1 ==== mon_map magic: 0 v1 ==== 205+0+0 (secure 0 0 0) 0x7f937c02fae0 con 0x7f938c104be0
2026-02-12 00:33:04,988 7fb22249de00 DEBUG /usr/bin/ceph: stderr
2026-02-12T00:33:04.845+0000 7f93837fe640 1 -- 10.20.193.107:0/647903483 <== mon.0 v2:10.20.193.107:3300/0 2 ==== config(26 keys) v1 ==== 1074+0+0 (secure 0 0 0) 0x7f937c02fc40 con 0x7f938c104be0
2026-02-12 00:33:04,988 7fb22249de00 DEBUG /usr/bin/ceph: stderr
2026-02-12T00:33:04.845+0000 7f93837fe640 1 -- 10.20.193.107:0/647903483 <== mon.0 v2:10.20.193.107:3300/0 3 ==== mon_map magic: 0 v1 ==== 205+0+0 (secure 0 0 0) 0x7f937c0355e0 con 0x7f938c104be0
2026-02-12 00:33:04,988 7fb22249de00 DEBUG /usr/bin/ceph: stderr
2026-02-12T00:33:04.845+0000 7f9392b2d640 1 -- 10.20.193.107:0/647903483 >> [v2:10.20.193.107:3300/0,v1:10.20.193.107:6789/0] conn(0x7f938c104be0 msgr2=0x7f938c106ff0 secure :-1 s=STATE_CONNECTION_ESTABLISHED l=1).mark_down
2026-02-12 00:33:04,988 7fb22249de00 DEBUG /usr/bin/ceph: stderr
2026-02-12T00:33:04.845+0000 7f9392b2d640 1 --2- 10.20.193.107:0/647903483 >> [v2:10.20.193.107:3300/0,v1:10.20.193.107:6789/0] conn(0x7f938c104be0 0x7f938c106ff0 secure :-1 s=READY pgs=76 cs=0 l=1 rev1=1 crypto rx=0x7f937c009920 tx=0x7f937c02ef20 comp rx=0 tx=0).stop
2026-02-12 00:33:04,988 7fb22249de00 DEBUG /usr/bin/ceph: stderr
2026-02-12T00:33:04.845+0000 7f9392b2d640 1 -- 10.20.193.107:0/647903483 shutdown_connections
2026-02-12 00:33:04,988 7fb22249de00 DEBUG /usr/bin/ceph: stderr
2026-02-12T00:33:04.845+0000 7f9392b2d640 1 --2- 10.20.193.107:0/647903483 >> [v2:10.20.193.107:3300/0,v1:10.20.193.107:6789/0] conn(0x7f938c104be0 0x7f938c106ff0 unknown :-1 s=CLOSED pgs=76 cs=0 l=1 rev1=1 crypto rx=0 tx=0 comp rx=0 tx=0).stop
2026-02-12 00:33:04,988 7fb22249de00 DEBUG /usr/bin/ceph: stderr
2026-02-12T00:33:04.845+0000 7f9392b2d640 1 -- 10.20.193.107:0/647903483 >> 10.20.193.107:0/647903483 conn(0x7f938c1009f0 msgr2=0x7f938c102e50 unknown :-1 s=STATE_NONE l=0).mark_down
2026-02-12 00:33:04,988 7fb22249de00 DEBUG /usr/bin/ceph: stderr
2026-02-12T00:33:04.845+0000 7f9392b2d640 1 -- 10.20.193.107:0/647903483 shutdown_connections
2026-02-12 00:33:04,988 7fb22249de00 DEBUG /usr/bin/ceph: stderr
2026-02-12T00:33:04.845+0000 7f9392b2d640 1 -- 10.20.193.107:0/647903483 wait complete.
2026-02-12 00:33:04,988 7fb22249de00 DEBUG /usr/bin/ceph: stderr
2026-02-12T00:33:04.845+0000 7f9392b2d640 1 Processor -- start
2026-02-12 00:33:04,988 7fb22249de00 DEBUG /usr/bin/ceph: stderr
2026-02-12T00:33:04.845+0000 7f9392b2d640 1 -- start start
2026-02-12 00:33:04,988 7fb22249de00 DEBUG /usr/bin/ceph: stderr
2026-02-12T00:33:04.846+0000 7f9392b2d640 1 --2- >> [v2:10.20.193.107:3300/0,v1:10.20.193.107:6789/0] conn(0x7f938c104be0 0x7f938c1a27d0 unknown :-1 s=NONE pgs=0 cs=0 l=1 rev1=0 crypto rx=0 tx=0 comp rx=0 tx=0).connect
2026-02-12 00:33:04,988 7fb22249de00 DEBUG /usr/bin/ceph: stderr
2026-02-12T00:33:04.846+0000 7f9392b2d640 1 -- --> [v2:10.20.193.107:3300/0,v1:10.20.193.107:6789/0] -- mon_getmap magic: 0 v1 -- 0x7f938c1a2d10 con 0x7f938c104be0
2026-02-12 00:33:04,988 7fb22249de00 DEBUG /usr/bin/ceph: stderr
2026-02-12T00:33:04.846+0000 7f93908a2640 1 --2- >> [v2:10.20.193.107:3300/0,v1:10.20.193.107:6789/0] conn(0x7f938c104be0 0x7f938c1a27d0 unknown :-1 s=BANNER_CONNECTING pgs=0 cs=0 l=1 rev1=0 crypto rx=0 tx=0 comp rx=0 tx=0)._handle_peer_banner_payload supported=3 required=0
2026-02-12 00:33:04,988 7fb22249de00 DEBUG /usr/bin/ceph: stderr
2026-02-12T00:33:04.846+0000 7f93908a2640 1 --2- >> [v2:10.20.193.107:3300/0,v1:10.20.193.107:6789/0] conn(0x7f938c104be0 0x7f938c1a27d0 unknown :-1 s=HELLO_CONNECTING pgs=0 cs=0 l=1 rev1=1 crypto rx=0 tx=0 comp rx=0 tx=0).handle_hello peer v2:10.20.193.107:3300/0 says I am v2:10.20.193.107:54816/0 (socket says 10.20.193.107:54816)
2026-02-12 00:33:04,988 7fb22249de00 DEBUG /usr/bin/ceph: stderr
2026-02-12T00:33:04.846+0000 7f93908a2640 1 -- 10.20.193.107:0/3103166972 learned_addr learned my addr 10.20.193.107:0/3103166972 (peer_addr_for_me v2:10.20.193.107:0/0)
2026-02-12 00:33:04,988 7fb22249de00 DEBUG /usr/bin/ceph: stderr
2026-02-12T00:33:04.846+0000 7f93908a2640 1 -- 10.20.193.107:0/3103166972 --> [v2:10.20.193.107:3300/0,v1:10.20.193.107:6789/0] -- mon_subscribe({config=0+,monmap=0+}) v3 -- 0x7f937c0095d0 con 0x7f938c104be0
2026-02-12 00:33:04,988 7fb22249de00 DEBUG /usr/bin/ceph: stderr
2026-02-12T00:33:04.846+0000 7f93908a2640 1 --2- 10.20.193.107:0/3103166972 >> [v2:10.20.193.107:3300/0,v1:10.20.193.107:6789/0] conn(0x7f938c104be0 0x7f938c1a27d0 secure :-1 s=READY pgs=77 cs=0 l=1 rev1=1 crypto rx=0x7f937c006fd0 tx=0x7f937c035780 comp rx=0 tx=0).ready entity=mon.0 client_cookie=0 server_cookie=0 in_seq=0 out_seq=0
2026-02-12 00:33:04,988 7fb22249de00 DEBUG /usr/bin/ceph: stderr
2026-02-12T00:33:04.846+0000 7f9381ffb640 1 -- 10.20.193.107:0/3103166972 <== mon.0 v2:10.20.193.107:3300/0 1 ==== mon_map magic: 0 v1 ==== 205+0+0 (secure 0 0 0) 0x7f937c037920 con 0x7f938c104be0
2026-02-12 00:33:04,988 7fb22249de00 DEBUG /usr/bin/ceph: stderr
2026-02-12T00:33:04.846+0000 7f9381ffb640 1 -- 10.20.193.107:0/3103166972 <== mon.0 v2:10.20.193.107:3300/0 2 ==== config(26 keys) v1 ==== 1074+0+0 (secure 0 0 0) 0x7f937c037a80 con 0x7f938c104be0
2026-02-12 00:33:04,988 7fb22249de00 DEBUG /usr/bin/ceph: stderr
2026-02-12T00:33:04.846+0000 7f9392b2d640 1 -- 10.20.193.107:0/3103166972 --> [v2:10.20.193.107:3300/0,v1:10.20.193.107:6789/0] -- mon_subscribe({mgrmap=0+}) v3 -- 0x7f938c1a2f10 con 0x7f938c104be0
2026-02-12 00:33:04,988 7fb22249de00 DEBUG /usr/bin/ceph: stderr
2026-02-12T00:33:04.846+0000 7f9381ffb640 1 -- 10.20.193.107:0/3103166972 <== mon.0 v2:10.20.193.107:3300/0 3 ==== mon_map magic: 0 v1 ==== 205+0+0 (secure 0 0 0) 0x7f937c03e4e0 con 0x7f938c104be0
2026-02-12 00:33:04,988 7fb22249de00 DEBUG /usr/bin/ceph: stderr
2026-02-12T00:33:04.846+0000 7f9392b2d640 1 -- 10.20.193.107:0/3103166972 --> [v2:10.20.193.107:3300/0,v1:10.20.193.107:6789/0] -- mon_subscribe({osdmap=0}) v3 -- 0x7f938c1a33b0 con 0x7f938c104be0
2026-02-12 00:33:04,988 7fb22249de00 DEBUG /usr/bin/ceph: stderr
2026-02-12T00:33:04.846+0000 7f9392b2d640 1 -- 10.20.193.107:0/3103166972 --> [v2:10.20.193.107:3300/0,v1:10.20.193.107:6789/0] -- mon_command({"prefix": "get_command_descriptions"} v 0) v1 -- 0x7f938c108460 con 0x7f938c104be0
2026-02-12 00:33:04,988 7fb22249de00 DEBUG /usr/bin/ceph: stderr
2026-02-12T00:33:04.846+0000 7f9381ffb640 1 -- 10.20.193.107:0/3103166972 <== mon.0 v2:10.20.193.107:3300/0 4 ==== mgrmap(e 11) v1 ==== 49267+0+0 (secure 0 0 0) 0x7f937c03e070 con 0x7f938c104be0
2026-02-12 00:33:04,988 7fb22249de00 DEBUG /usr/bin/ceph: stderr
2026-02-12T00:33:04.847+0000 7f9381ffb640 1 --2- 10.20.193.107:0/3103166972 >> [v2:10.20.193.107:6800/1381201927,v1:10.20.193.107:6801/1381201927] conn(0x7f936803d0c0 0x7f936803f580 unknown :-1 s=NONE pgs=0 cs=0 l=1 rev1=0 crypto rx=0 tx=0 comp rx=0 tx=0).connect
2026-02-12 00:33:04,988 7fb22249de00 DEBUG /usr/bin/ceph: stderr
2026-02-12T00:33:04.847+0000 7f9381ffb640 1 -- 10.20.193.107:0/3103166972 <== mon.0 v2:10.20.193.107:3300/0 5 ==== osd_map(3..3 src has 1..3) v4 ==== 1155+0+0 (secure 0 0 0) 0x7f937c075bf0 con 0x7f938c104be0
2026-02-12 00:33:04,988 7fb22249de00 DEBUG /usr/bin/ceph: stderr
2026-02-12T00:33:04.847+0000 7f9383fff640 1 --2- 10.20.193.107:0/3103166972 >> [v2:10.20.193.107:6800/1381201927,v1:10.20.193.107:6801/1381201927] conn(0x7f936803d0c0 0x7f936803f580 unknown :-1 s=BANNER_CONNECTING pgs=0 cs=0 l=1 rev1=0 crypto rx=0 tx=0 comp rx=0 tx=0)._handle_peer_banner_payload supported=3 required=0
2026-02-12 00:33:04,988 7fb22249de00 DEBUG /usr/bin/ceph: stderr
2026-02-12T00:33:04.847+0000 7f9383fff640 1 --2- 10.20.193.107:0/3103166972 >> [v2:10.20.193.107:6800/1381201927,v1:10.20.193.107:6801/1381201927] conn(0x7f936803d0c0 0x7f936803f580 secure :-1 s=READY pgs=11 cs=0 l=1 rev1=1 crypto rx=0x7f93740099c0 tx=0x7f9374006eb0 comp rx=0 tx=0).ready entity=mgr.14150 client_cookie=0 server_cookie=0 in_seq=0 out_seq=0
2026-02-12 00:33:04,988 7fb22249de00 DEBUG /usr/bin/ceph: stderr
2026-02-12T00:33:04.849+0000 7f9381ffb640 1 -- 10.20.193.107:0/3103166972 <== mon.0 v2:10.20.193.107:3300/0 6 ==== mon_command_ack([{"prefix": "get_command_descriptions"}]=0 v0) v1 ==== 72+0+186382 (secure 0 0 0) 0x7f937c0369f0 con 0x7f938c104be0
2026-02-12 00:33:04,988 7fb22249de00 DEBUG /usr/bin/ceph: stderr
2026-02-12T00:33:04.966+0000 7f9392b2d640 1 -- 10.20.193.107:0/3103166972 --> [v2:10.20.193.107:3300/0,v1:10.20.193.107:6789/0] -- mon_command([{prefix=config-key set, key=mgr/dashboard/cluster/status}] v 0) v1 -- 0x7f938c1086a0 con 0x7f938c104be0
2026-02-12 00:33:04,988 7fb22249de00 DEBUG /usr/bin/ceph: stderr
2026-02-12T00:33:04.968+0000 7f9381ffb640 1 -- 10.20.193.107:0/3103166972 <== mon.0 v2:10.20.193.107:3300/0 7 ==== mon_command_ack([{prefix=config-key set, key=mgr/dashboard/cluster/status}]=0 set mgr/dashboard/cluster/status v28)=0 set mgr/dashboard/cluster/status v28) v1 ==== 153+0+0 (secure 0 0 0) 0x7f937c03c030 con 0x7f938c104be0
2026-02-12 00:33:04,988 7fb22249de00 DEBUG /usr/bin/ceph: stderr set mgr/dashboard/cluster/status
2026-02-12 00:33:04,988 7fb22249de00 DEBUG /usr/bin/ceph: stderr
2026-02-12T00:33:04.969+0000 7f9392b2d640 1 -- 10.20.193.107:0/3103166972 >> [v2:10.20.193.107:6800/1381201927,v1:10.20.193.107:6801/1381201927] conn(0x7f936803d0c0 msgr2=0x7f936803f580 secure :-1 s=STATE_CONNECTION_ESTABLISHED l=1).mark_down
2026-02-12 00:33:04,988 7fb22249de00 DEBUG /usr/bin/ceph: stderr
2026-02-12T00:33:04.969+0000 7f9392b2d640 1 --2- 10.20.193.107:0/3103166972 >> [v2:10.20.193.107:6800/1381201927,v1:10.20.193.107:6801/1381201927] conn(0x7f936803d0c0 0x7f936803f580 secure :-1 s=READY pgs=11 cs=0 l=1 rev1=1 crypto rx=0x7f93740099c0 tx=0x7f9374006eb0 comp rx=0 tx=0).stop
2026-02-12 00:33:04,988 7fb22249de00 DEBUG /usr/bin/ceph: stderr
2026-02-12T00:33:04.969+0000 7f9392b2d640 1 -- 10.20.193.107:0/3103166972 >> [v2:10.20.193.107:3300/0,v1:10.20.193.107:6789/0] conn(0x7f938c104be0 msgr2=0x7f938c1a27d0 secure :-1 s=STATE_CONNECTION_ESTABLISHED l=1).mark_down
2026-02-12 00:33:04,988 7fb22249de00 DEBUG /usr/bin/ceph: stderr
2026-02-12T00:33:04.969+0000 7f9392b2d640 1 --2- 10.20.193.107:0/3103166972 >> [v2:10.20.193.107:3300/0,v1:10.20.193.107:6789/0] conn(0x7f938c104be0 0x7f938c1a27d0 secure :-1 s=READY pgs=77 cs=0 l=1 rev1=1 crypto rx=0x7f937c006fd0 tx=0x7f937c035780 comp rx=0 tx=0).stop
2026-02-12 00:33:04,988 7fb22249de00 DEBUG /usr/bin/ceph: stderr
2026-02-12T00:33:04.969+0000 7f9392b2d640 1 -- 10.20.193.107:0/3103166972 shutdown_connections
2026-02-12 00:33:04,988 7fb22249de00 DEBUG /usr/bin/ceph: stderr
2026-02-12T00:33:04.969+0000 7f9392b2d640 1 --2- 10.20.193.107:0/3103166972 >> [v2:10.20.193.107:6800/1381201927,v1:10.20.193.107:6801/1381201927] conn(0x7f936803d0c0 0x7f936803f580 unknown :-1 s=CLOSED pgs=11 cs=0 l=1 rev1=1 crypto rx=0 tx=0 comp rx=0 tx=0).stop
2026-02-12 00:33:04,988 7fb22249de00 DEBUG /usr/bin/ceph: stderr
2026-02-12T00:33:04.969+0000 7f9392b2d640 1 --2- 10.20.193.107:0/3103166972 >> [v2:10.20.193.107:3300/0,v1:10.20.193.107:6789/0] conn(0x7f938c104be0 0x7f938c1a27d0 unknown :-1 s=CLOSED pgs=77 cs=0 l=1 rev1=1 crypto rx=0 tx=0 comp rx=0 tx=0).stop
2026-02-12 00:33:04,989 7fb22249de00 DEBUG /usr/bin/ceph: stderr
2026-02-12T00:33:04.969+0000 7f9392b2d640 1 -- 10.20.193.107:0/3103166972 >> 10.20.193.107:0/3103166972 conn(0x7f938c1009f0 msgr2=0x7f938c102e50 unknown :-1 s=STATE_NONE l=0).mark_down
2026-02-12 00:33:04,989 7fb22249de00 DEBUG /usr/bin/ceph: stderr
2026-02-12T00:33:04.969+0000 7f9392b2d640 1 -- 10.20.193.107:0/3103166972 shutdown_connections
2026-02-12 00:33:04,989 7fb22249de00 DEBUG /usr/bin/ceph: stderr
2026-02-12T00:33:04.969+0000 7f9392b2d640 1 -- 10.20.193.107:0/3103166972 wait complete.
2026-02-12 00:33:04,989 7fb22249de00 INFO You can access the Ceph CLI as following in case of multi-cluster or non-default config: sudo /home/ubuntu/cephtest/cephadm shell --fsid 4abd3a60-07aa-11f1-b871-d404e6e7d460 -c /etc/ceph/ceph.conf -k /etc/ceph/ceph.client.admin.keyring
2026-02-12 00:33:04,989 7fb22249de00 INFO Or, if you are only running a single cluster on this host: sudo /home/ubuntu/cephtest/cephadm shell
2026-02-12 00:33:04,989 7fb22249de00 INFO Please consider enabling telemetry to help improve Ceph: ceph telemetry on For more information see: https://docs.ceph.com/en/latest/mgr/telemetry/
2026-02-12 00:33:04,989 7fb22249de00 INFO Bootstrap complete.
2026-02-12 00:33:05,456 7f7480ebee00 DEBUG -------------------------------------------------------------------------------- cephadm ['--image', 'quay.ceph.io/ceph-ci/ceph:9191375ab5b1e911954d9f7c2b9cd180c08dc881', 'shell', '-c', '/etc/ceph/ceph.conf', '-k', '/etc/ceph/ceph.client.admin.keyring', '--fsid', '4abd3a60-07aa-11f1-b871-d404e6e7d460', '--', 'ceph', 'config', 'set', 'mgr', 'mgr/cephadm/allow_ptrace', 'true']
2026-02-12 00:33:05,507 7f7480ebee00 INFO Inferring config /var/lib/ceph/4abd3a60-07aa-11f1-b871-d404e6e7d460/mon.a/config
2026-02-12 00:33:05,507 7f7480ebee00 DEBUG Using specified fsid: 4abd3a60-07aa-11f1-b871-d404e6e7d460
2026-02-12 00:33:05,507 7f7480ebee00 DEBUG Using specified config: /var/lib/ceph/4abd3a60-07aa-11f1-b871-d404e6e7d460/mon.a/config
2026-02-12 00:33:05,611 7f7480ebee00 DEBUG Running command (timeout=None): /bin/podman run --rm --ipc=host --net=host --privileged --group-add=disk --init -i -e CONTAINER_IMAGE=quay.ceph.io/ceph-ci/ceph:9191375ab5b1e911954d9f7c2b9cd180c08dc881 -e NODE_NAME=trial107 -v /var/run/ceph/4abd3a60-07aa-11f1-b871-d404e6e7d460:/var/run/ceph:z -v /var/log/ceph/4abd3a60-07aa-11f1-b871-d404e6e7d460:/var/log/ceph:z -v /var/lib/ceph/4abd3a60-07aa-11f1-b871-d404e6e7d460/crash:/var/lib/ceph/crash:z -v /run/systemd/journal:/run/systemd/journal -v /dev:/dev -v /run/udev:/run/udev -v /sys:/sys -v /run/lvm:/run/lvm -v /run/lock/lvm:/run/lock/lvm -v /var/lib/ceph/4abd3a60-07aa-11f1-b871-d404e6e7d460/selinux:/sys/fs/selinux:ro -v /:/rootfs -v /etc/hosts:/etc/hosts:ro -v /var/lib/ceph/4abd3a60-07aa-11f1-b871-d404e6e7d460/mon.a/config:/etc/ceph/ceph.conf:z -v /etc/ceph/ceph.client.admin.keyring:/etc/ceph/ceph.keyring:z --entrypoint ceph quay.ceph.io/ceph-ci/ceph:9191375ab5b1e911954d9f7c2b9cd180c08dc881 config set mgr mgr/cephadm/allow_ptrace true
2026-02-12 00:33:05,954 7fe5750b6e00 DEBUG -------------------------------------------------------------------------------- cephadm ['--image', 'quay.ceph.io/ceph-ci/ceph:9191375ab5b1e911954d9f7c2b9cd180c08dc881', 'shell', '-c', '/etc/ceph/ceph.conf', '-k', '/etc/ceph/ceph.client.admin.keyring', '--fsid', '4abd3a60-07aa-11f1-b871-d404e6e7d460', '--', 'ceph', 'orch', 'client-keyring', 'set', 'client.admin', '*', '--mode', '0755']
2026-02-12 00:33:06,006 7fe5750b6e00 INFO Inferring config /var/lib/ceph/4abd3a60-07aa-11f1-b871-d404e6e7d460/mon.a/config
2026-02-12 00:33:06,006 7fe5750b6e00 DEBUG Using specified fsid: 4abd3a60-07aa-11f1-b871-d404e6e7d460
2026-02-12 00:33:06,006 7fe5750b6e00 DEBUG Using specified config: /var/lib/ceph/4abd3a60-07aa-11f1-b871-d404e6e7d460/mon.a/config
2026-02-12 00:33:06,115 7fe5750b6e00 DEBUG Running command (timeout=None): /bin/podman run --rm --ipc=host --net=host --privileged --group-add=disk --init -i -e CONTAINER_IMAGE=quay.ceph.io/ceph-ci/ceph:9191375ab5b1e911954d9f7c2b9cd180c08dc881 -e NODE_NAME=trial107 -v /var/run/ceph/4abd3a60-07aa-11f1-b871-d404e6e7d460:/var/run/ceph:z -v /var/log/ceph/4abd3a60-07aa-11f1-b871-d404e6e7d460:/var/log/ceph:z -v /var/lib/ceph/4abd3a60-07aa-11f1-b871-d404e6e7d460/crash:/var/lib/ceph/crash:z -v /run/systemd/journal:/run/systemd/journal -v /dev:/dev -v /run/udev:/run/udev -v /sys:/sys -v /run/lvm:/run/lvm -v /run/lock/lvm:/run/lock/lvm -v /var/lib/ceph/4abd3a60-07aa-11f1-b871-d404e6e7d460/selinux:/sys/fs/selinux:ro -v /:/rootfs -v /etc/hosts:/etc/hosts:ro -v /var/lib/ceph/4abd3a60-07aa-11f1-b871-d404e6e7d460/mon.a/config:/etc/ceph/ceph.conf:z -v /etc/ceph/ceph.client.admin.keyring:/etc/ceph/ceph.keyring:z --entrypoint ceph quay.ceph.io/ceph-ci/ceph:9191375ab5b1e911954d9f7c2b9cd180c08dc881 orch client-keyring set client.admin * --mode 0755
2026-02-12 00:33:06,500 7fa63d9dce00 DEBUG -------------------------------------------------------------------------------- cephadm ['--image', 'quay.ceph.io/ceph-ci/ceph:9191375ab5b1e911954d9f7c2b9cd180c08dc881', 'shell', '-c', '/etc/ceph/ceph.conf', '-k', '/etc/ceph/ceph.client.admin.keyring', '--fsid', '4abd3a60-07aa-11f1-b871-d404e6e7d460', '--', 'ceph', 'orch', 'host', 'add', 'trial108']
2026-02-12 00:33:06,553 7fa63d9dce00 INFO Inferring config /var/lib/ceph/4abd3a60-07aa-11f1-b871-d404e6e7d460/mon.a/config
2026-02-12 00:33:06,553 7fa63d9dce00 DEBUG Using specified fsid: 4abd3a60-07aa-11f1-b871-d404e6e7d460
2026-02-12 00:33:06,553 7fa63d9dce00 DEBUG Using specified config: /var/lib/ceph/4abd3a60-07aa-11f1-b871-d404e6e7d460/mon.a/config
2026-02-12 00:33:06,650 7fa63d9dce00 DEBUG Running command (timeout=None): /bin/podman run --rm --ipc=host --net=host --privileged --group-add=disk --init -i -e CONTAINER_IMAGE=quay.ceph.io/ceph-ci/ceph:9191375ab5b1e911954d9f7c2b9cd180c08dc881 -e NODE_NAME=trial107 -v /var/run/ceph/4abd3a60-07aa-11f1-b871-d404e6e7d460:/var/run/ceph:z -v /var/log/ceph/4abd3a60-07aa-11f1-b871-d404e6e7d460:/var/log/ceph:z -v /var/lib/ceph/4abd3a60-07aa-11f1-b871-d404e6e7d460/crash:/var/lib/ceph/crash:z -v /run/systemd/journal:/run/systemd/journal -v /dev:/dev -v /run/udev:/run/udev -v /sys:/sys -v /run/lvm:/run/lvm -v /run/lock/lvm:/run/lock/lvm -v /var/lib/ceph/4abd3a60-07aa-11f1-b871-d404e6e7d460/selinux:/sys/fs/selinux:ro -v /:/rootfs -v /etc/hosts:/etc/hosts:ro -v /var/lib/ceph/4abd3a60-07aa-11f1-b871-d404e6e7d460/mon.a/config:/etc/ceph/ceph.conf:z -v /etc/ceph/ceph.client.admin.keyring:/etc/ceph/ceph.keyring:z --entrypoint ceph quay.ceph.io/ceph-ci/ceph:9191375ab5b1e911954d9f7c2b9cd180c08dc881 orch host add trial108
2026-02-12 00:33:08,356 7f52c4614e00 DEBUG -------------------------------------------------------------------------------- cephadm ['--image', 'quay.ceph.io/ceph-ci/ceph:9191375ab5b1e911954d9f7c2b9cd180c08dc881', 'shell', '-c', '/etc/ceph/ceph.conf', '-k', '/etc/ceph/ceph.client.admin.keyring', '--fsid', '4abd3a60-07aa-11f1-b871-d404e6e7d460', '--', 'ceph', 'orch', 'host', 'ls', '--format=json']
2026-02-12 00:33:08,405 7f52c4614e00 INFO Inferring config /var/lib/ceph/4abd3a60-07aa-11f1-b871-d404e6e7d460/mon.a/config
2026-02-12 00:33:08,405 7f52c4614e00 DEBUG Using specified fsid: 4abd3a60-07aa-11f1-b871-d404e6e7d460
2026-02-12 00:33:08,405 7f52c4614e00 DEBUG Using specified config: /var/lib/ceph/4abd3a60-07aa-11f1-b871-d404e6e7d460/mon.a/config
2026-02-12 00:33:08,501 7f52c4614e00 DEBUG Running command (timeout=None): /bin/podman run --rm --ipc=host --net=host --privileged --group-add=disk --init -i -e CONTAINER_IMAGE=quay.ceph.io/ceph-ci/ceph:9191375ab5b1e911954d9f7c2b9cd180c08dc881 -e NODE_NAME=trial107 -v /var/run/ceph/4abd3a60-07aa-11f1-b871-d404e6e7d460:/var/run/ceph:z -v /var/log/ceph/4abd3a60-07aa-11f1-b871-d404e6e7d460:/var/log/ceph:z -v /var/lib/ceph/4abd3a60-07aa-11f1-b871-d404e6e7d460/crash:/var/lib/ceph/crash:z -v /run/systemd/journal:/run/systemd/journal -v /dev:/dev -v /run/udev:/run/udev -v /sys:/sys -v /run/lvm:/run/lvm -v /run/lock/lvm:/run/lock/lvm -v /var/lib/ceph/4abd3a60-07aa-11f1-b871-d404e6e7d460/selinux:/sys/fs/selinux:ro -v /:/rootfs -v /etc/hosts:/etc/hosts:ro -v /var/lib/ceph/4abd3a60-07aa-11f1-b871-d404e6e7d460/mon.a/config:/etc/ceph/ceph.conf:z -v /etc/ceph/ceph.client.admin.keyring:/etc/ceph/ceph.keyring:z --entrypoint ceph quay.ceph.io/ceph-ci/ceph:9191375ab5b1e911954d9f7c2b9cd180c08dc881 orch host ls --format=json
2026-02-12 00:33:08,872 7f8fe23f4e00 DEBUG -------------------------------------------------------------------------------- cephadm ['--image', 'quay.ceph.io/ceph-ci/ceph:9191375ab5b1e911954d9f7c2b9cd180c08dc881', 'shell', '-c', '/etc/ceph/ceph.conf', '-k', '/etc/ceph/ceph.client.admin.keyring', '--fsid', '4abd3a60-07aa-11f1-b871-d404e6e7d460', '--', 'ceph', 'orch', 'host', 'add', 'trial112']
2026-02-12 00:33:08,924 7f8fe23f4e00 INFO Inferring config /var/lib/ceph/4abd3a60-07aa-11f1-b871-d404e6e7d460/mon.a/config
2026-02-12 00:33:08,924 7f8fe23f4e00 DEBUG Using specified fsid: 4abd3a60-07aa-11f1-b871-d404e6e7d460
2026-02-12 00:33:08,924 7f8fe23f4e00 DEBUG Using specified config: /var/lib/ceph/4abd3a60-07aa-11f1-b871-d404e6e7d460/mon.a/config
2026-02-12 00:33:09,028 7f8fe23f4e00 DEBUG Running command (timeout=None): /bin/podman run --rm --ipc=host --net=host --privileged --group-add=disk --init -i -e CONTAINER_IMAGE=quay.ceph.io/ceph-ci/ceph:9191375ab5b1e911954d9f7c2b9cd180c08dc881 -e NODE_NAME=trial107 -v /var/run/ceph/4abd3a60-07aa-11f1-b871-d404e6e7d460:/var/run/ceph:z -v /var/log/ceph/4abd3a60-07aa-11f1-b871-d404e6e7d460:/var/log/ceph:z -v /var/lib/ceph/4abd3a60-07aa-11f1-b871-d404e6e7d460/crash:/var/lib/ceph/crash:z -v /run/systemd/journal:/run/systemd/journal -v /dev:/dev -v /run/udev:/run/udev -v /sys:/sys -v /run/lvm:/run/lvm -v /run/lock/lvm:/run/lock/lvm -v /var/lib/ceph/4abd3a60-07aa-11f1-b871-d404e6e7d460/selinux:/sys/fs/selinux:ro -v /:/rootfs -v /etc/hosts:/etc/hosts:ro -v /var/lib/ceph/4abd3a60-07aa-11f1-b871-d404e6e7d460/mon.a/config:/etc/ceph/ceph.conf:z -v /etc/ceph/ceph.client.admin.keyring:/etc/ceph/ceph.keyring:z --entrypoint ceph quay.ceph.io/ceph-ci/ceph:9191375ab5b1e911954d9f7c2b9cd180c08dc881 orch host add trial112
2026-02-12 00:33:10,623 7fab50defe00 DEBUG -------------------------------------------------------------------------------- cephadm ['--image', 'quay.ceph.io/ceph-ci/ceph:9191375ab5b1e911954d9f7c2b9cd180c08dc881', 'shell', '-c', '/etc/ceph/ceph.conf', '-k', '/etc/ceph/ceph.client.admin.keyring', '--fsid', '4abd3a60-07aa-11f1-b871-d404e6e7d460', '--', 'ceph', 'orch', 'host', 'ls', '--format=json']
2026-02-12 00:33:10,673 7fab50defe00 INFO Inferring config /var/lib/ceph/4abd3a60-07aa-11f1-b871-d404e6e7d460/mon.a/config
2026-02-12 00:33:10,673 7fab50defe00 DEBUG Using specified fsid: 4abd3a60-07aa-11f1-b871-d404e6e7d460
2026-02-12 00:33:10,673 7fab50defe00 DEBUG Using specified config: /var/lib/ceph/4abd3a60-07aa-11f1-b871-d404e6e7d460/mon.a/config
2026-02-12 00:33:10,774 7fab50defe00 DEBUG Running command (timeout=None): /bin/podman run --rm --ipc=host --net=host --privileged --group-add=disk --init -i -e CONTAINER_IMAGE=quay.ceph.io/ceph-ci/ceph:9191375ab5b1e911954d9f7c2b9cd180c08dc881 -e NODE_NAME=trial107 -v /var/run/ceph/4abd3a60-07aa-11f1-b871-d404e6e7d460:/var/run/ceph:z -v /var/log/ceph/4abd3a60-07aa-11f1-b871-d404e6e7d460:/var/log/ceph:z -v /var/lib/ceph/4abd3a60-07aa-11f1-b871-d404e6e7d460/crash:/var/lib/ceph/crash:z -v /run/systemd/journal:/run/systemd/journal -v /dev:/dev -v /run/udev:/run/udev -v /sys:/sys -v /run/lvm:/run/lvm -v /run/lock/lvm:/run/lock/lvm -v /var/lib/ceph/4abd3a60-07aa-11f1-b871-d404e6e7d460/selinux:/sys/fs/selinux:ro -v /:/rootfs -v /etc/hosts:/etc/hosts:ro -v /var/lib/ceph/4abd3a60-07aa-11f1-b871-d404e6e7d460/mon.a/config:/etc/ceph/ceph.conf:z -v /etc/ceph/ceph.client.admin.keyring:/etc/ceph/ceph.keyring:z --entrypoint ceph quay.ceph.io/ceph-ci/ceph:9191375ab5b1e911954d9f7c2b9cd180c08dc881 orch host ls --format=json
2026-02-12 00:33:11,068 7f63f764ce00 DEBUG -------------------------------------------------------------------------------- cephadm ['--image', 'quay.ceph.io/ceph-ci/ceph:9191375ab5b1e911954d9f7c2b9cd180c08dc881', 'shell', '-c', '/etc/ceph/ceph.conf', '-k', '/etc/ceph/ceph.client.admin.keyring', '--fsid', '4abd3a60-07aa-11f1-b871-d404e6e7d460', '--', 'ceph', 'osd', 'crush', 'tunables', 'default']
2026-02-12 00:33:11,118 7f63f764ce00 INFO Inferring config /var/lib/ceph/4abd3a60-07aa-11f1-b871-d404e6e7d460/mon.a/config
2026-02-12 00:33:11,118 7f63f764ce00 DEBUG Using specified fsid: 4abd3a60-07aa-11f1-b871-d404e6e7d460
2026-02-12 00:33:11,118 7f63f764ce00 DEBUG Using specified config: /var/lib/ceph/4abd3a60-07aa-11f1-b871-d404e6e7d460/mon.a/config
