2026-02-17T00:11:14.577 INFO:teuthology.orchestra.run.trial130.stdout:/usr/bin/ceph: stderr
2026-02-17T00:11:14.525+0000 7f6c3c0d1640 1 --2- 10.20.193.130:0/2554009263 >> [v2:10.20.193.130:6800/3222071354,v1:10.20.193.130:6801/3222071354] conn(0x7f6c1003dcc0 0x7f6c10040180 secure :-1 s=READY pgs=8 cs=0 l=1 rev1=1 crypto rx=0x7f6c280099c0 tx=0x7f6c28006eb0 comp rx=0 tx=0).stop
2026-02-17T00:11:14.577 INFO:teuthology.orchestra.run.trial130.stdout:/usr/bin/ceph: stderr
2026-02-17T00:11:14.525+0000 7f6c3c0d1640 1 -- 10.20.193.130:0/2554009263 >> [v2:10.20.193.130:3300/0,v1:10.20.193.130:6789/0] conn(0x7f6c34109880 msgr2=0x7f6c3419f700 secure :-1 s=STATE_CONNECTION_ESTABLISHED l=1).mark_down
2026-02-17T00:11:14.577 INFO:teuthology.orchestra.run.trial130.stdout:/usr/bin/ceph: stderr
2026-02-17T00:11:14.525+0000 7f6c3c0d1640 1 --2- 10.20.193.130:0/2554009263 >> [v2:10.20.193.130:3300/0,v1:10.20.193.130:6789/0] conn(0x7f6c34109880 0x7f6c3419f700 secure :-1 s=READY pgs=71 cs=0 l=1 rev1=1 crypto rx=0x7f6c24037820 tx=0x7f6c24037850 comp rx=0 tx=0).stop
2026-02-17T00:11:14.577 INFO:teuthology.orchestra.run.trial130.stdout:/usr/bin/ceph: stderr
2026-02-17T00:11:14.525+0000 7f6c3c0d1640 1 -- 10.20.193.130:0/2554009263 shutdown_connections
2026-02-17T00:11:14.577 INFO:teuthology.orchestra.run.trial130.stdout:/usr/bin/ceph: stderr
2026-02-17T00:11:14.525+0000 7f6c3c0d1640 1 --2- 10.20.193.130:0/2554009263 >> [v2:10.20.193.130:6800/3222071354,v1:10.20.193.130:6801/3222071354] conn(0x7f6c1003dcc0 0x7f6c10040180 unknown :-1 s=CLOSED pgs=8 cs=0 l=1 rev1=1 crypto rx=0 tx=0 comp rx=0 tx=0).stop
2026-02-17T00:11:14.577 INFO:teuthology.orchestra.run.trial130.stdout:/usr/bin/ceph: stderr
2026-02-17T00:11:14.525+0000 7f6c3c0d1640 1 --2- 10.20.193.130:0/2554009263 >> [v2:10.20.193.130:3300/0,v1:10.20.193.130:6789/0] conn(0x7f6c34109880 0x7f6c3419f700 unknown :-1 s=CLOSED pgs=71 cs=0 l=1 rev1=1 crypto rx=0 tx=0 comp rx=0 tx=0).stop
2026-02-17T00:11:14.577 INFO:teuthology.orchestra.run.trial130.stdout:/usr/bin/ceph: stderr
2026-02-17T00:11:14.525+0000 7f6c3c0d1640 1 -- 10.20.193.130:0/2554009263 >> 10.20.193.130:0/2554009263 conn(0x7f6c3407ce10 msgr2=0x7f6c34106fb0 unknown :-1 s=STATE_NONE l=0).mark_down
2026-02-17T00:11:14.578 INFO:teuthology.orchestra.run.trial130.stdout:/usr/bin/ceph: stderr
2026-02-17T00:11:14.525+0000 7f6c3c0d1640 1 -- 10.20.193.130:0/2554009263 shutdown_connections
2026-02-17T00:11:14.578 INFO:teuthology.orchestra.run.trial130.stdout:/usr/bin/ceph: stderr
2026-02-17T00:11:14.525+0000 7f6c3c0d1640 1 -- 10.20.193.130:0/2554009263 wait complete.
2026-02-17T00:11:14.578 INFO:teuthology.orchestra.run.trial130.stdout:Fetching dashboard port number...
2026-02-17T00:11:14.800 INFO:teuthology.orchestra.run.trial130.stdout:/usr/bin/ceph: stdout 8443
2026-02-17T00:11:14.800 INFO:teuthology.orchestra.run.trial130.stdout:/usr/bin/ceph: stderr
2026-02-17T00:11:14.657+0000 7f341599e640 1 Processor -- start
2026-02-17T00:11:14.800 INFO:teuthology.orchestra.run.trial130.stdout:/usr/bin/ceph: stderr
2026-02-17T00:11:14.657+0000 7f341599e640 1 -- start start
2026-02-17T00:11:14.801 INFO:teuthology.orchestra.run.trial130.stdout:/usr/bin/ceph: stderr
2026-02-17T00:11:14.657+0000 7f341599e640 1 --2- >> [v2:10.20.193.130:3300/0,v1:10.20.193.130:6789/0] conn(0x7f3410109880 0x7f3410109c80 unknown :-1 s=NONE pgs=0 cs=0 l=0 rev1=0 crypto rx=0 tx=0 comp rx=0 tx=0).connect
2026-02-17T00:11:14.801 INFO:teuthology.orchestra.run.trial130.stdout:/usr/bin/ceph: stderr
2026-02-17T00:11:14.657+0000 7f341599e640 1 -- --> [v2:10.20.193.130:3300/0,v1:10.20.193.130:6789/0] -- mon_getmap magic: 0 -- 0x7f341010a250 con 0x7f3410109880
2026-02-17T00:11:14.801 INFO:teuthology.orchestra.run.trial130.stdout:/usr/bin/ceph: stderr
2026-02-17T00:11:14.657+0000 7f340effd640 1 --2- >> [v2:10.20.193.130:3300/0,v1:10.20.193.130:6789/0] conn(0x7f3410109880 0x7f3410109c80 unknown :-1 s=BANNER_CONNECTING pgs=0 cs=0 l=0 rev1=0 crypto rx=0 tx=0 comp rx=0 tx=0)._handle_peer_banner_payload supported=3 required=0
2026-02-17T00:11:14.801 INFO:teuthology.orchestra.run.trial130.stdout:/usr/bin/ceph: stderr
2026-02-17T00:11:14.657+0000 7f340effd640 1 --2- >> [v2:10.20.193.130:3300/0,v1:10.20.193.130:6789/0] conn(0x7f3410109880 0x7f3410109c80 unknown :-1 s=HELLO_CONNECTING pgs=0 cs=0 l=0 rev1=1 crypto rx=0 tx=0 comp rx=0 tx=0).handle_hello peer v2:10.20.193.130:3300/0 says I am v2:10.20.193.130:41990/0 (socket says 10.20.193.130:41990)
2026-02-17T00:11:14.801 INFO:teuthology.orchestra.run.trial130.stdout:/usr/bin/ceph: stderr
2026-02-17T00:11:14.657+0000 7f340effd640 1 -- 10.20.193.130:0/1177359897 learned_addr learned my addr 10.20.193.130:0/1177359897 (peer_addr_for_me v2:10.20.193.130:0/0)
2026-02-17T00:11:14.801 INFO:teuthology.orchestra.run.trial130.stdout:/usr/bin/ceph: stderr
2026-02-17T00:11:14.657+0000 7f340effd640 1 -- 10.20.193.130:0/1177359897 --> [v2:10.20.193.130:3300/0,v1:10.20.193.130:6789/0] -- mon_subscribe({config=0+,monmap=0+}) -- 0x7f341010aa80 con 0x7f3410109880
2026-02-17T00:11:14.801 INFO:teuthology.orchestra.run.trial130.stdout:/usr/bin/ceph: stderr
2026-02-17T00:11:14.657+0000 7f340effd640 1 --2- 10.20.193.130:0/1177359897 >> [v2:10.20.193.130:3300/0,v1:10.20.193.130:6789/0] conn(0x7f3410109880 0x7f3410109c80 secure :-1 s=READY pgs=72 cs=0 l=1 rev1=1 crypto rx=0x7f3404009920 tx=0x7f340402ef20 comp rx=0 tx=0).ready entity=mon.0 client_cookie=9fa4df80840a0d97 server_cookie=0 in_seq=0 out_seq=0
2026-02-17T00:11:14.801 INFO:teuthology.orchestra.run.trial130.stdout:/usr/bin/ceph: stderr
2026-02-17T00:11:14.657+0000 7f340dffb640 1 -- 10.20.193.130:0/1177359897 <== mon.0 v2:10.20.193.130:3300/0 1 ==== mon_map magic: 0 ==== 205+0+0 (secure 0 0 0) 0x7f340403c070 con 0x7f3410109880
2026-02-17T00:11:14.802 INFO:teuthology.orchestra.run.trial130.stdout:/usr/bin/ceph: stderr
2026-02-17T00:11:14.657+0000 7f340dffb640 1 -- 10.20.193.130:0/1177359897 <== mon.0 v2:10.20.193.130:3300/0 2 ==== config(25 keys) ==== 1038+0+0 (secure 0 0 0) 0x7f3404037440 con 0x7f3410109880
2026-02-17T00:11:14.802 INFO:teuthology.orchestra.run.trial130.stdout:/usr/bin/ceph: stderr
2026-02-17T00:11:14.657+0000 7f340dffb640 1 -- 10.20.193.130:0/1177359897 <== mon.0 v2:10.20.193.130:3300/0 3 ==== mon_map magic: 0 ==== 205+0+0 (secure 0 0 0) 0x7f34040354d0 con 0x7f3410109880
2026-02-17T00:11:14.802 INFO:teuthology.orchestra.run.trial130.stdout:/usr/bin/ceph: stderr
2026-02-17T00:11:14.657+0000 7f341599e640 1 -- 10.20.193.130:0/1177359897 >> [v2:10.20.193.130:3300/0,v1:10.20.193.130:6789/0] conn(0x7f3410109880 msgr2=0x7f3410109c80 secure :-1 s=STATE_CONNECTION_ESTABLISHED l=1).mark_down
2026-02-17T00:11:14.802 INFO:teuthology.orchestra.run.trial130.stdout:/usr/bin/ceph: stderr
2026-02-17T00:11:14.657+0000 7f341599e640 1 --2- 10.20.193.130:0/1177359897 >> [v2:10.20.193.130:3300/0,v1:10.20.193.130:6789/0] conn(0x7f3410109880 0x7f3410109c80 secure :-1 s=READY pgs=72 cs=0 l=1 rev1=1 crypto rx=0x7f3404009920 tx=0x7f340402ef20 comp rx=0 tx=0).stop
2026-02-17T00:11:14.802 INFO:teuthology.orchestra.run.trial130.stdout:/usr/bin/ceph: stderr
2026-02-17T00:11:14.657+0000 7f341599e640 1 -- 10.20.193.130:0/1177359897 shutdown_connections
2026-02-17T00:11:14.802 INFO:teuthology.orchestra.run.trial130.stdout:/usr/bin/ceph: stderr
2026-02-17T00:11:14.657+0000 7f341599e640 1 --2- 10.20.193.130:0/1177359897 >> [v2:10.20.193.130:3300/0,v1:10.20.193.130:6789/0] conn(0x7f3410109880 0x7f3410109c80 unknown :-1 s=CLOSED pgs=72 cs=0 l=1 rev1=1 crypto rx=0 tx=0 comp rx=0 tx=0).stop
2026-02-17T00:11:14.802 INFO:teuthology.orchestra.run.trial130.stdout:/usr/bin/ceph: stderr
2026-02-17T00:11:14.657+0000 7f341599e640 1 -- 10.20.193.130:0/1177359897 >> 10.20.193.130:0/1177359897 conn(0x7f341007cf00 msgr2=0x7f341007d310 unknown :-1 s=STATE_NONE l=0).mark_down
2026-02-17T00:11:14.802 INFO:teuthology.orchestra.run.trial130.stdout:/usr/bin/ceph: stderr
2026-02-17T00:11:14.657+0000 7f341599e640 1 -- 10.20.193.130:0/1177359897 shutdown_connections
2026-02-17T00:11:14.802 INFO:teuthology.orchestra.run.trial130.stdout:/usr/bin/ceph: stderr
2026-02-17T00:11:14.657+0000 7f341599e640 1 -- 10.20.193.130:0/1177359897 wait complete.
2026-02-17T00:11:14.803 INFO:teuthology.orchestra.run.trial130.stdout:/usr/bin/ceph: stderr
2026-02-17T00:11:14.657+0000 7f341599e640 1 Processor -- start
2026-02-17T00:11:14.803 INFO:teuthology.orchestra.run.trial130.stdout:/usr/bin/ceph: stderr
2026-02-17T00:11:14.657+0000 7f341599e640 1 -- start start
2026-02-17T00:11:14.803 INFO:teuthology.orchestra.run.trial130.stdout:/usr/bin/ceph: stderr
2026-02-17T00:11:14.661+0000 7f341599e640 1 --2- >> [v2:10.20.193.130:3300/0,v1:10.20.193.130:6789/0] conn(0x7f3410109880 0x7f341019f770 unknown :-1 s=NONE pgs=0 cs=0 l=1 rev1=0 crypto rx=0 tx=0 comp rx=0 tx=0).connect
2026-02-17T00:11:14.803 INFO:teuthology.orchestra.run.trial130.stdout:/usr/bin/ceph: stderr
2026-02-17T00:11:14.661+0000 7f341599e640 1 -- --> [v2:10.20.193.130:3300/0,v1:10.20.193.130:6789/0] -- mon_getmap magic: 0 -- 0x7f341010dcb0 con 0x7f3410109880
2026-02-17T00:11:14.803 INFO:teuthology.orchestra.run.trial130.stdout:/usr/bin/ceph: stderr
2026-02-17T00:11:14.661+0000 7f340effd640 1 --2- >> [v2:10.20.193.130:3300/0,v1:10.20.193.130:6789/0] conn(0x7f3410109880 0x7f341019f770 unknown :-1 s=BANNER_CONNECTING pgs=0 cs=0 l=1 rev1=0 crypto rx=0 tx=0 comp rx=0 tx=0)._handle_peer_banner_payload supported=3 required=0
2026-02-17T00:11:14.803 INFO:teuthology.orchestra.run.trial130.stdout:/usr/bin/ceph: stderr
2026-02-17T00:11:14.661+0000 7f340effd640 1 --2- >> [v2:10.20.193.130:3300/0,v1:10.20.193.130:6789/0] conn(0x7f3410109880 0x7f341019f770 unknown :-1 s=HELLO_CONNECTING pgs=0 cs=0 l=1 rev1=1 crypto rx=0 tx=0 comp rx=0 tx=0).handle_hello peer v2:10.20.193.130:3300/0 says I am v2:10.20.193.130:41998/0 (socket says 10.20.193.130:41998)
2026-02-17T00:11:14.803 INFO:teuthology.orchestra.run.trial130.stdout:/usr/bin/ceph: stderr
2026-02-17T00:11:14.661+0000 7f340effd640 1 -- 10.20.193.130:0/2196787470 learned_addr learned my addr 10.20.193.130:0/2196787470 (peer_addr_for_me v2:10.20.193.130:0/0)
2026-02-17T00:11:14.803 INFO:teuthology.orchestra.run.trial130.stdout:/usr/bin/ceph: stderr
2026-02-17T00:11:14.661+0000 7f340effd640 1 -- 10.20.193.130:0/2196787470 --> [v2:10.20.193.130:3300/0,v1:10.20.193.130:6789/0] -- mon_subscribe({config=0+,monmap=0+}) -- 0x7f341019fcb0 con 0x7f3410109880
2026-02-17T00:11:14.803 INFO:teuthology.orchestra.run.trial130.stdout:/usr/bin/ceph: stderr
2026-02-17T00:11:14.661+0000 7f340effd640 1 --2- 10.20.193.130:0/2196787470 >> [v2:10.20.193.130:3300/0,v1:10.20.193.130:6789/0] conn(0x7f3410109880 0x7f341019f770 secure :-1 s=READY pgs=73 cs=0 l=1 rev1=1 crypto rx=0x7f3404037820 tx=0x7f3404037850 comp rx=0 tx=0).ready entity=mon.0 client_cookie=0 server_cookie=0 in_seq=0 out_seq=0
2026-02-17T00:11:14.803 INFO:teuthology.orchestra.run.trial130.stdout:/usr/bin/ceph: stderr
2026-02-17T00:11:14.661+0000 7f341499c640 1 -- 10.20.193.130:0/2196787470 <== mon.0 v2:10.20.193.130:3300/0 1 ==== mon_map magic: 0 ==== 205+0+0 (secure 0 0 0) 0x7f3404047070 con 0x7f3410109880
2026-02-17T00:11:14.803 INFO:teuthology.orchestra.run.trial130.stdout:/usr/bin/ceph: stderr
2026-02-17T00:11:14.661+0000 7f341499c640 1 -- 10.20.193.130:0/2196787470 <== mon.0 v2:10.20.193.130:3300/0 2 ==== config(25 keys) ==== 1038+0+0 (secure 0 0 0) 0x7f3404035d70 con 0x7f3410109880
2026-02-17T00:11:14.804 INFO:teuthology.orchestra.run.trial130.stdout:/usr/bin/ceph: stderr
2026-02-17T00:11:14.661+0000 7f341599e640 1 -- 10.20.193.130:0/2196787470 --> [v2:10.20.193.130:3300/0,v1:10.20.193.130:6789/0] -- mon_subscribe({mgrmap=0+}) -- 0x7f341019ff40 con 0x7f3410109880
2026-02-17T00:11:14.804 INFO:teuthology.orchestra.run.trial130.stdout:/usr/bin/ceph: stderr
2026-02-17T00:11:14.661+0000 7f341499c640 1 -- 10.20.193.130:0/2196787470 <== mon.0 v2:10.20.193.130:3300/0 3 ==== mon_map magic: 0 ==== 205+0+0 (secure 0 0 0) 0x7f340403c070 con 0x7f3410109880
2026-02-17T00:11:14.804 INFO:teuthology.orchestra.run.trial130.stdout:/usr/bin/ceph: stderr
2026-02-17T00:11:14.661+0000 7f341599e640 1 -- 10.20.193.130:0/2196787470 --> [v2:10.20.193.130:3300/0,v1:10.20.193.130:6789/0] -- mon_subscribe({osdmap=0}) -- 0x7f34101a2c30 con 0x7f3410109880
2026-02-17T00:11:14.804 INFO:teuthology.orchestra.run.trial130.stdout:/usr/bin/ceph: stderr
2026-02-17T00:11:14.661+0000 7f341599e640 1 -- 10.20.193.130:0/2196787470 --> [v2:10.20.193.130:3300/0,v1:10.20.193.130:6789/0] -- mon_command({"prefix": "get_command_descriptions"} v 0) -- 0x7f3410109d00 con 0x7f3410109880
2026-02-17T00:11:14.804 INFO:teuthology.orchestra.run.trial130.stdout:/usr/bin/ceph: stderr
2026-02-17T00:11:14.661+0000 7f341499c640 1 -- 10.20.193.130:0/2196787470 <== mon.0 v2:10.20.193.130:3300/0 4 ==== mgrmap(e 10) ==== 50232+0+0 (secure 0 0 0) 0x7f34040425d0 con 0x7f3410109880
2026-02-17T00:11:14.804 INFO:teuthology.orchestra.run.trial130.stdout:/usr/bin/ceph: stderr
2026-02-17T00:11:14.661+0000 7f341499c640 1 --2- 10.20.193.130:0/2196787470 >> [v2:10.20.193.130:6800/3222071354,v1:10.20.193.130:6801/3222071354] conn(0x7f33e403dcc0 0x7f33e4040180 unknown :-1 s=NONE pgs=0 cs=0 l=1 rev1=0 crypto rx=0 tx=0 comp rx=0 tx=0).connect
2026-02-17T00:11:14.804 INFO:teuthology.orchestra.run.trial130.stdout:/usr/bin/ceph: stderr
2026-02-17T00:11:14.661+0000 7f341499c640 1 -- 10.20.193.130:0/2196787470 <== mon.0 v2:10.20.193.130:3300/0 5 ==== osd_map(3..3 src has 1..3) ==== 1155+0+0 (secure 0 0 0) 0x7f3404076f60 con 0x7f3410109880
2026-02-17T00:11:14.804 INFO:teuthology.orchestra.run.trial130.stdout:/usr/bin/ceph: stderr
2026-02-17T00:11:14.661+0000 7f340e7fc640 1 --2- 10.20.193.130:0/2196787470 >> [v2:10.20.193.130:6800/3222071354,v1:10.20.193.130:6801/3222071354] conn(0x7f33e403dcc0 0x7f33e4040180 unknown :-1 s=BANNER_CONNECTING pgs=0 cs=0 l=1 rev1=0 crypto rx=0 tx=0 comp rx=0 tx=0)._handle_peer_banner_payload supported=3 required=0
2026-02-17T00:11:14.804 INFO:teuthology.orchestra.run.trial130.stdout:/usr/bin/ceph: stderr
2026-02-17T00:11:14.661+0000 7f340e7fc640 1 --2- 10.20.193.130:0/2196787470 >> [v2:10.20.193.130:6800/3222071354,v1:10.20.193.130:6801/3222071354] conn(0x7f33e403dcc0 0x7f33e4040180 secure :-1 s=READY pgs=9 cs=0 l=1 rev1=1 crypto rx=0x7f33f80099c0 tx=0x7f33f8006eb0 comp rx=0 tx=0).ready entity=mgr.14150 client_cookie=0 server_cookie=0 in_seq=0 out_seq=0
2026-02-17T00:11:14.805 INFO:teuthology.orchestra.run.trial130.stdout:/usr/bin/ceph: stderr
2026-02-17T00:11:14.665+0000 7f341499c640 1 -- 10.20.193.130:0/2196787470 <== mon.0 v2:10.20.193.130:3300/0 6 ==== mon_command_ack([{"prefix": "get_command_descriptions"}]=0 v0) ==== 72+0+195034 (secure 0 0 0) 0x7f340404be00 con 0x7f3410109880
2026-02-17T00:11:14.805 INFO:teuthology.orchestra.run.trial130.stdout:/usr/bin/ceph: stderr
2026-02-17T00:11:14.749+0000 7f341599e640 1 -- 10.20.193.130:0/2196787470 --> [v2:10.20.193.130:3300/0,v1:10.20.193.130:6789/0] -- mon_command({"prefix": "config get", "who": "mgr", "key": "mgr/dashboard/ssl_server_port"} v 0) -- 0x7f34101a32d0 con 0x7f3410109880
2026-02-17T00:11:14.805 INFO:teuthology.orchestra.run.trial130.stdout:/usr/bin/ceph: stderr
2026-02-17T00:11:14.749+0000 7f341499c640 1 -- 10.20.193.130:0/2196787470 <== mon.0 v2:10.20.193.130:3300/0 7 ==== mon_command_ack([{"prefix": "config get", "who": "mgr", "key": "mgr/dashboard/ssl_server_port"}]=0 v8) ==== 112+0+5 (secure 0 0 0) 0x7f3404047d80 con 0x7f3410109880
2026-02-17T00:11:14.805 INFO:teuthology.orchestra.run.trial130.stdout:/usr/bin/ceph: stderr
2026-02-17T00:11:14.749+0000 7f341599e640 1 -- 10.20.193.130:0/2196787470 >> [v2:10.20.193.130:6800/3222071354,v1:10.20.193.130:6801/3222071354] conn(0x7f33e403dcc0 msgr2=0x7f33e4040180 secure :-1 s=STATE_CONNECTION_ESTABLISHED l=1).mark_down
2026-02-17T00:11:14.805 INFO:teuthology.orchestra.run.trial130.stdout:/usr/bin/ceph: stderr
2026-02-17T00:11:14.749+0000 7f341599e640 1 --2- 10.20.193.130:0/2196787470 >> [v2:10.20.193.130:6800/3222071354,v1:10.20.193.130:6801/3222071354] conn(0x7f33e403dcc0 0x7f33e4040180 secure :-1 s=READY pgs=9 cs=0 l=1 rev1=1 crypto rx=0x7f33f80099c0 tx=0x7f33f8006eb0 comp rx=0 tx=0).stop
2026-02-17T00:11:14.805 INFO:teuthology.orchestra.run.trial130.stdout:/usr/bin/ceph: stderr
2026-02-17T00:11:14.749+0000 7f341599e640 1 -- 10.20.193.130:0/2196787470 >> [v2:10.20.193.130:3300/0,v1:10.20.193.130:6789/0] conn(0x7f3410109880 msgr2=0x7f341019f770 secure :-1 s=STATE_CONNECTION_ESTABLISHED l=1).mark_down
2026-02-17T00:11:14.805 INFO:teuthology.orchestra.run.trial130.stdout:/usr/bin/ceph: stderr
2026-02-17T00:11:14.749+0000 7f341599e640 1 --2- 10.20.193.130:0/2196787470 >> [v2:10.20.193.130:3300/0,v1:10.20.193.130:6789/0] conn(0x7f3410109880 0x7f341019f770 secure :-1 s=READY pgs=73 cs=0 l=1 rev1=1 crypto rx=0x7f3404037820 tx=0x7f3404037850 comp rx=0 tx=0).stop
2026-02-17T00:11:14.805 INFO:teuthology.orchestra.run.trial130.stdout:/usr/bin/ceph: stderr
2026-02-17T00:11:14.749+0000 7f341599e640 1 -- 10.20.193.130:0/2196787470 shutdown_connections
2026-02-17T00:11:14.805 INFO:teuthology.orchestra.run.trial130.stdout:/usr/bin/ceph: stderr
2026-02-17T00:11:14.749+0000 7f341599e640 1 --2- 10.20.193.130:0/2196787470 >> [v2:10.20.193.130:6800/3222071354,v1:10.20.193.130:6801/3222071354] conn(0x7f33e403dcc0 0x7f33e4040180 unknown :-1 s=CLOSED pgs=9 cs=0 l=1 rev1=1 crypto rx=0 tx=0 comp rx=0 tx=0).stop
2026-02-17T00:11:14.805 INFO:teuthology.orchestra.run.trial130.stdout:/usr/bin/ceph: stderr
2026-02-17T00:11:14.749+0000 7f341599e640 1 --2- 10.20.193.130:0/2196787470 >> [v2:10.20.193.130:3300/0,v1:10.20.193.130:6789/0] conn(0x7f3410109880 0x7f341019f770 unknown :-1 s=CLOSED pgs=73 cs=0 l=1 rev1=1 crypto rx=0 tx=0 comp rx=0 tx=0).stop
2026-02-17T00:11:14.806 INFO:teuthology.orchestra.run.trial130.stdout:/usr/bin/ceph: stderr
2026-02-17T00:11:14.749+0000 7f341599e640 1 -- 10.20.193.130:0/2196787470 >> 10.20.193.130:0/2196787470 conn(0x7f341007cf00 msgr2=0x7f3410107010 unknown :-1 s=STATE_NONE l=0).mark_down
2026-02-17T00:11:14.806 INFO:teuthology.orchestra.run.trial130.stdout:/usr/bin/ceph: stderr
2026-02-17T00:11:14.749+0000 7f341599e640 1 -- 10.20.193.130:0/2196787470 shutdown_connections
2026-02-17T00:11:14.806 INFO:teuthology.orchestra.run.trial130.stdout:/usr/bin/ceph: stderr
2026-02-17T00:11:14.749+0000 7f341599e640 1 -- 10.20.193.130:0/2196787470 wait complete.
2026-02-17T00:11:14.806 INFO:teuthology.orchestra.run.trial130.stdout:firewalld does not appear to be present
2026-02-17T00:11:14.806 INFO:teuthology.orchestra.run.trial130.stdout:Not possible to open ports <[8443]>. firewalld.service is not available
2026-02-17T00:11:14.806 INFO:teuthology.orchestra.run.trial130.stdout:Ceph Dashboard is now available at:
2026-02-17T00:11:14.806 INFO:teuthology.orchestra.run.trial130.stdout:
2026-02-17T00:11:14.806 INFO:teuthology.orchestra.run.trial130.stdout: URL: https://trial130:8443/
2026-02-17T00:11:14.806 INFO:teuthology.orchestra.run.trial130.stdout: User: admin
2026-02-17T00:11:14.806 INFO:teuthology.orchestra.run.trial130.stdout: Password: omwbzpxub5
2026-02-17T00:11:14.807 INFO:teuthology.orchestra.run.trial130.stdout:
2026-02-17T00:11:14.807 INFO:teuthology.orchestra.run.trial130.stdout:Saving cluster configuration to /var/lib/ceph/16b2edb1-0b95-11f1-a5b5-d404e6e7d460/config directory
2026-02-17T00:11:14.811 INFO:journalctl@ceph.mon.a.trial130.stdout:Feb 17 00:11:14 trial130 bash[13260]: cephadm
2026-02-17T00:11:13.529253+0000 mgr.x (mgr.14150) 1 : cephadm [INF] [17/Feb/2026:00:11:13] ENGINE Bus STARTING
2026-02-17T00:11:14.811 INFO:journalctl@ceph.mon.a.trial130.stdout:Feb 17 00:11:14 trial130 bash[13260]: cephadm
2026-02-17T00:11:13.529253+0000 mgr.x (mgr.14150) 1 : cephadm [INF] [17/Feb/2026:00:11:13] ENGINE Bus STARTING
2026-02-17T00:11:14.812 INFO:journalctl@ceph.mon.a.trial130.stdout:Feb 17 00:11:14 trial130 bash[13260]: cephadm
2026-02-17T00:11:13.638071+0000 mgr.x (mgr.14150) 2 : cephadm [INF] [17/Feb/2026:00:11:13] ENGINE Serving on https://10.20.193.130:7150
2026-02-17T00:11:14.812 INFO:journalctl@ceph.mon.a.trial130.stdout:Feb 17 00:11:14 trial130 bash[13260]: cephadm
2026-02-17T00:11:13.638071+0000 mgr.x (mgr.14150) 2 : cephadm [INF] [17/Feb/2026:00:11:13] ENGINE Serving on https://10.20.193.130:7150
2026-02-17T00:11:14.812 INFO:journalctl@ceph.mon.a.trial130.stdout:Feb 17 00:11:14 trial130 bash[13260]: cephadm
2026-02-17T00:11:13.638560+0000 mgr.x (mgr.14150) 3 : cephadm [INF] [17/Feb/2026:00:11:13] ENGINE Client ('10.20.193.130', 44598) lost — peer dropped the TLS connection suddenly, during handshake: (6, 'TLS/SSL connection has been closed (EOF) (_ssl.c:1147)')
2026-02-17T00:11:14.812 INFO:journalctl@ceph.mon.a.trial130.stdout:Feb 17 00:11:14 trial130 bash[13260]: cephadm
2026-02-17T00:11:13.638560+0000 mgr.x (mgr.14150) 3 : cephadm [INF] [17/Feb/2026:00:11:13] ENGINE Client ('10.20.193.130', 44598) lost — peer dropped the TLS connection suddenly, during handshake: (6, 'TLS/SSL connection has been closed (EOF) (_ssl.c:1147)')
2026-02-17T00:11:14.812 INFO:journalctl@ceph.mon.a.trial130.stdout:Feb 17 00:11:14 trial130 bash[13260]: audit
2026-02-17T00:11:13.697214+0000 mgr.x (mgr.14150) 4 : audit [DBG] from='client.14154 -' entity='client.admin' cmd=[{"prefix": "get_command_descriptions"}]: dispatch
2026-02-17T00:11:14.812 INFO:journalctl@ceph.mon.a.trial130.stdout:Feb 17 00:11:14 trial130 bash[13260]: audit
2026-02-17T00:11:13.697214+0000 mgr.x (mgr.14150) 4 : audit [DBG] from='client.14154 -' entity='client.admin' cmd=[{"prefix": "get_command_descriptions"}]: dispatch
2026-02-17T00:11:14.812 INFO:journalctl@ceph.mon.a.trial130.stdout:Feb 17 00:11:14 trial130 bash[13260]: cluster
2026-02-17T00:11:13.698220+0000 mon.a (mon.0) 85 : cluster [DBG] mgrmap e10: x(active, since 1.00713s)
2026-02-17T00:11:14.813 INFO:journalctl@ceph.mon.a.trial130.stdout:Feb 17 00:11:14 trial130 bash[13260]: cluster
2026-02-17T00:11:13.698220+0000 mon.a (mon.0) 85 : cluster [DBG] mgrmap e10: x(active, since 1.00713s)
2026-02-17T00:11:14.813 INFO:journalctl@ceph.mon.a.trial130.stdout:Feb 17 00:11:14 trial130 bash[13260]: audit
2026-02-17T00:11:13.701430+0000 mgr.x (mgr.14150) 5 : audit [DBG] from='client.14154 -' entity='client.admin' cmd=[{"prefix": "mgr_status"}]: dispatch
2026-02-17T00:11:14.813 INFO:journalctl@ceph.mon.a.trial130.stdout:Feb 17 00:11:14 trial130 bash[13260]: audit
2026-02-17T00:11:13.701430+0000 mgr.x (mgr.14150) 5 : audit [DBG] from='client.14154 -' entity='client.admin' cmd=[{"prefix": "mgr_status"}]: dispatch
2026-02-17T00:11:14.813 INFO:journalctl@ceph.mon.a.trial130.stdout:Feb 17 00:11:14 trial130 bash[13260]: cephadm
2026-02-17T00:11:13.739165+0000 mgr.x (mgr.14150) 6 : cephadm [INF] [17/Feb/2026:00:11:13] ENGINE Serving on http://10.20.193.130:8765
2026-02-17T00:11:14.813 INFO:journalctl@ceph.mon.a.trial130.stdout:Feb 17 00:11:14 trial130 bash[13260]: cephadm
2026-02-17T00:11:13.739165+0000 mgr.x (mgr.14150) 6 : cephadm [INF] [17/Feb/2026:00:11:13] ENGINE Serving on http://10.20.193.130:8765
2026-02-17T00:11:14.813 INFO:journalctl@ceph.mon.a.trial130.stdout:Feb 17 00:11:14 trial130 bash[13260]: cephadm
2026-02-17T00:11:13.739223+0000 mgr.x (mgr.14150) 7 : cephadm [INF] [17/Feb/2026:00:11:13] ENGINE Bus STARTED
2026-02-17T00:11:14.813 INFO:journalctl@ceph.mon.a.trial130.stdout:Feb 17 00:11:14 trial130 bash[13260]: cephadm
2026-02-17T00:11:13.739223+0000 mgr.x (mgr.14150) 7 : cephadm [INF] [17/Feb/2026:00:11:13] ENGINE Bus STARTED
2026-02-17T00:11:14.813 INFO:journalctl@ceph.mon.a.trial130.stdout:Feb 17 00:11:14 trial130 bash[13260]: audit
2026-02-17T00:11:13.964690+0000 mgr.x (mgr.14150) 8 : audit [DBG] from='client.14162 -' entity='client.admin' cmd=[{"prefix": "dashboard create-self-signed-cert", "target": ["mon-mgr", ""]}]: dispatch
2026-02-17T00:11:14.813 INFO:journalctl@ceph.mon.a.trial130.stdout:Feb 17 00:11:14 trial130 bash[13260]: audit
2026-02-17T00:11:13.964690+0000 mgr.x (mgr.14150) 8 : audit [DBG] from='client.14162 -' entity='client.admin' cmd=[{"prefix": "dashboard create-self-signed-cert", "target": ["mon-mgr", ""]}]: dispatch
2026-02-17T00:11:14.813 INFO:journalctl@ceph.mon.a.trial130.stdout:Feb 17 00:11:14 trial130 bash[13260]: audit
2026-02-17T00:11:14.093390+0000 mon.a (mon.0) 86 : audit [INF] from='mgr.14150 10.20.193.130:0/3642005369' entity='mgr.x'
2026-02-17T00:11:14.813 INFO:journalctl@ceph.mon.a.trial130.stdout:Feb 17 00:11:14 trial130 bash[13260]: audit
2026-02-17T00:11:14.093390+0000 mon.a (mon.0) 86 : audit [INF] from='mgr.14150 10.20.193.130:0/3642005369' entity='mgr.x'
2026-02-17T00:11:14.814 INFO:journalctl@ceph.mon.a.trial130.stdout:Feb 17 00:11:14 trial130 bash[13260]: audit
2026-02-17T00:11:14.095085+0000 mon.a (mon.0) 87 : audit [INF] from='mgr.14150 10.20.193.130:0/3642005369' entity='mgr.x'
2026-02-17T00:11:14.814 INFO:journalctl@ceph.mon.a.trial130.stdout:Feb 17 00:11:14 trial130 bash[13260]: audit
2026-02-17T00:11:14.095085+0000 mon.a (mon.0) 87 : audit [INF] from='mgr.14150 10.20.193.130:0/3642005369' entity='mgr.x'
2026-02-17T00:11:14.814 INFO:journalctl@ceph.mon.a.trial130.stdout:Feb 17 00:11:14 trial130 bash[13260]: audit
2026-02-17T00:11:14.526328+0000 mon.a (mon.0) 88 : audit [INF] from='mgr.14150 10.20.193.130:0/3642005369' entity='mgr.x'
2026-02-17T00:11:14.814 INFO:journalctl@ceph.mon.a.trial130.stdout:Feb 17 00:11:14 trial130 bash[13260]: audit
2026-02-17T00:11:14.526328+0000 mon.a (mon.0) 88 : audit [INF] from='mgr.14150 10.20.193.130:0/3642005369' entity='mgr.x'
2026-02-17T00:11:15.064 INFO:teuthology.orchestra.run.trial130.stdout:/usr/bin/ceph: stderr
2026-02-17T00:11:14.881+0000 7f2579445640 1 Processor -- start
2026-02-17T00:11:15.064 INFO:teuthology.orchestra.run.trial130.stdout:/usr/bin/ceph: stderr
2026-02-17T00:11:14.881+0000 7f2579445640 1 -- start start
2026-02-17T00:11:15.065 INFO:teuthology.orchestra.run.trial130.stdout:/usr/bin/ceph: stderr
2026-02-17T00:11:14.881+0000 7f2579445640 1 --2- >> [v2:10.20.193.130:3300/0,v1:10.20.193.130:6789/0] conn(0x7f2574109880 0x7f2574109c80 unknown :-1 s=NONE pgs=0 cs=0 l=0 rev1=0 crypto rx=0 tx=0 comp rx=0 tx=0).connect
2026-02-17T00:11:15.065 INFO:teuthology.orchestra.run.trial130.stdout:/usr/bin/ceph: stderr
2026-02-17T00:11:14.881+0000 7f2579445640 1 -- --> [v2:10.20.193.130:3300/0,v1:10.20.193.130:6789/0] -- mon_getmap magic: 0 -- 0x7f257410a250 con 0x7f2574109880
2026-02-17T00:11:15.065 INFO:teuthology.orchestra.run.trial130.stdout:/usr/bin/ceph: stderr
2026-02-17T00:11:14.885+0000 7f2572ffd640 1 --2- >> [v2:10.20.193.130:3300/0,v1:10.20.193.130:6789/0] conn(0x7f2574109880 0x7f2574109c80 unknown :-1 s=BANNER_CONNECTING pgs=0 cs=0 l=0 rev1=0 crypto rx=0 tx=0 comp rx=0 tx=0)._handle_peer_banner_payload supported=3 required=0
2026-02-17T00:11:15.065 INFO:teuthology.orchestra.run.trial130.stdout:/usr/bin/ceph: stderr
2026-02-17T00:11:14.885+0000 7f2572ffd640 1 --2- >> [v2:10.20.193.130:3300/0,v1:10.20.193.130:6789/0] conn(0x7f2574109880 0x7f2574109c80 unknown :-1 s=HELLO_CONNECTING pgs=0 cs=0 l=0 rev1=1 crypto rx=0 tx=0 comp rx=0 tx=0).handle_hello peer v2:10.20.193.130:3300/0 says I am v2:10.20.193.130:42014/0 (socket says 10.20.193.130:42014)
2026-02-17T00:11:15.065 INFO:teuthology.orchestra.run.trial130.stdout:/usr/bin/ceph: stderr
2026-02-17T00:11:14.885+0000 7f2572ffd640 1 -- 10.20.193.130:0/1151530367 learned_addr learned my addr 10.20.193.130:0/1151530367 (peer_addr_for_me v2:10.20.193.130:0/0)
2026-02-17T00:11:15.065 INFO:teuthology.orchestra.run.trial130.stdout:/usr/bin/ceph: stderr
2026-02-17T00:11:14.885+0000 7f2572ffd640 1 -- 10.20.193.130:0/1151530367 --> [v2:10.20.193.130:3300/0,v1:10.20.193.130:6789/0] -- mon_subscribe({config=0+,monmap=0+}) -- 0x7f257410aa80 con 0x7f2574109880
2026-02-17T00:11:15.065 INFO:teuthology.orchestra.run.trial130.stdout:/usr/bin/ceph: stderr
2026-02-17T00:11:14.885+0000 7f2572ffd640 1 --2- 10.20.193.130:0/1151530367 >> [v2:10.20.193.130:3300/0,v1:10.20.193.130:6789/0] conn(0x7f2574109880 0x7f2574109c80 secure :-1 s=READY pgs=74 cs=0 l=1 rev1=1 crypto rx=0x7f2568009920 tx=0x7f256802ef20 comp rx=0 tx=0).ready entity=mon.0 client_cookie=cfba28e1cebedce5 server_cookie=0 in_seq=0 out_seq=0
2026-02-17T00:11:15.065 INFO:teuthology.orchestra.run.trial130.stdout:/usr/bin/ceph: stderr
2026-02-17T00:11:14.885+0000 7f2571ffb640 1 -- 10.20.193.130:0/1151530367 <== mon.0 v2:10.20.193.130:3300/0 1 ==== mon_map magic: 0 ==== 205+0+0 (secure 0 0 0) 0x7f256803c070 con 0x7f2574109880
2026-02-17T00:11:15.065 INFO:teuthology.orchestra.run.trial130.stdout:/usr/bin/ceph: stderr
2026-02-17T00:11:14.885+0000 7f2571ffb640 1 -- 10.20.193.130:0/1151530367 <== mon.0 v2:10.20.193.130:3300/0 2 ==== config(25 keys) ==== 1038+0+0 (secure 0 0 0) 0x7f2568037440 con 0x7f2574109880
2026-02-17T00:11:15.065 INFO:teuthology.orchestra.run.trial130.stdout:/usr/bin/ceph: stderr
2026-02-17T00:11:14.885+0000 7f2571ffb640 1 -- 10.20.193.130:0/1151530367 <== mon.0 v2:10.20.193.130:3300/0 3 ==== mon_map magic: 0 ==== 205+0+0 (secure 0 0 0) 0x7f25680354d0 con 0x7f2574109880
2026-02-17T00:11:15.065 INFO:teuthology.orchestra.run.trial130.stdout:/usr/bin/ceph: stderr
2026-02-17T00:11:14.885+0000 7f2579445640 1 -- 10.20.193.130:0/1151530367 >> [v2:10.20.193.130:3300/0,v1:10.20.193.130:6789/0] conn(0x7f2574109880 msgr2=0x7f2574109c80 secure :-1 s=STATE_CONNECTION_ESTABLISHED l=1).mark_down
2026-02-17T00:11:15.066 INFO:teuthology.orchestra.run.trial130.stdout:/usr/bin/ceph: stderr
2026-02-17T00:11:14.885+0000 7f2579445640 1 --2- 10.20.193.130:0/1151530367 >> [v2:10.20.193.130:3300/0,v1:10.20.193.130:6789/0] conn(0x7f2574109880 0x7f2574109c80 secure :-1 s=READY pgs=74 cs=0 l=1 rev1=1 crypto rx=0x7f2568009920 tx=0x7f256802ef20 comp rx=0 tx=0).stop
2026-02-17T00:11:15.066 INFO:teuthology.orchestra.run.trial130.stdout:/usr/bin/ceph: stderr
2026-02-17T00:11:14.885+0000 7f2579445640 1 -- 10.20.193.130:0/1151530367 shutdown_connections
2026-02-17T00:11:15.066 INFO:teuthology.orchestra.run.trial130.stdout:/usr/bin/ceph: stderr
2026-02-17T00:11:14.885+0000 7f2579445640 1 --2- 10.20.193.130:0/1151530367 >> [v2:10.20.193.130:3300/0,v1:10.20.193.130:6789/0] conn(0x7f2574109880 0x7f2574109c80 unknown :-1 s=CLOSED pgs=74 cs=0 l=1 rev1=1 crypto rx=0 tx=0 comp rx=0 tx=0).stop
2026-02-17T00:11:15.066 INFO:teuthology.orchestra.run.trial130.stdout:/usr/bin/ceph: stderr
2026-02-17T00:11:14.885+0000 7f2579445640 1 -- 10.20.193.130:0/1151530367 >> 10.20.193.130:0/1151530367 conn(0x7f257407ce10 msgr2=0x7f257407d220 unknown :-1 s=STATE_NONE l=0).mark_down
2026-02-17T00:11:15.066 INFO:teuthology.orchestra.run.trial130.stdout:/usr/bin/ceph: stderr
2026-02-17T00:11:14.885+0000 7f2579445640 1 -- 10.20.193.130:0/1151530367 shutdown_connections
2026-02-17T00:11:15.066 INFO:teuthology.orchestra.run.trial130.stdout:/usr/bin/ceph: stderr
2026-02-17T00:11:14.885+0000 7f2579445640 1 -- 10.20.193.130:0/1151530367 wait complete.
2026-02-17T00:11:15.066 INFO:teuthology.orchestra.run.trial130.stdout:/usr/bin/ceph: stderr
2026-02-17T00:11:14.885+0000 7f2579445640 1 Processor -- start
2026-02-17T00:11:15.066 INFO:teuthology.orchestra.run.trial130.stdout:/usr/bin/ceph: stderr
2026-02-17T00:11:14.885+0000 7f2579445640 1 -- start start
2026-02-17T00:11:15.066 INFO:teuthology.orchestra.run.trial130.stdout:/usr/bin/ceph: stderr
2026-02-17T00:11:14.885+0000 7f2579445640 1 --2- >> [v2:10.20.193.130:3300/0,v1:10.20.193.130:6789/0] conn(0x7f2574109880 0x7f257419f700 unknown :-1 s=NONE pgs=0 cs=0 l=1 rev1=0 crypto rx=0 tx=0 comp rx=0 tx=0).connect
2026-02-17T00:11:15.066 INFO:teuthology.orchestra.run.trial130.stdout:/usr/bin/ceph: stderr
2026-02-17T00:11:14.885+0000 7f2579445640 1 -- --> [v2:10.20.193.130:3300/0,v1:10.20.193.130:6789/0] -- mon_getmap magic: 0 -- 0x7f257410dcb0 con 0x7f2574109880
2026-02-17T00:11:15.066 INFO:teuthology.orchestra.run.trial130.stdout:/usr/bin/ceph: stderr
2026-02-17T00:11:14.885+0000 7f2572ffd640 1 --2- >> [v2:10.20.193.130:3300/0,v1:10.20.193.130:6789/0] conn(0x7f2574109880 0x7f257419f700 unknown :-1 s=BANNER_CONNECTING pgs=0 cs=0 l=1 rev1=0 crypto rx=0 tx=0 comp rx=0 tx=0)._handle_peer_banner_payload supported=3 required=0
2026-02-17T00:11:15.067 INFO:teuthology.orchestra.run.trial130.stdout:/usr/bin/ceph: stderr
2026-02-17T00:11:14.885+0000 7f2572ffd640 1 --2- >> [v2:10.20.193.130:3300/0,v1:10.20.193.130:6789/0] conn(0x7f2574109880 0x7f257419f700 unknown :-1 s=HELLO_CONNECTING pgs=0 cs=0 l=1 rev1=1 crypto rx=0 tx=0 comp rx=0 tx=0).handle_hello peer v2:10.20.193.130:3300/0 says I am v2:10.20.193.130:42020/0 (socket says 10.20.193.130:42020)
2026-02-17T00:11:15.067 INFO:teuthology.orchestra.run.trial130.stdout:/usr/bin/ceph: stderr
2026-02-17T00:11:14.885+0000 7f2572ffd640 1 -- 10.20.193.130:0/3142174919 learned_addr learned my addr 10.20.193.130:0/3142174919 (peer_addr_for_me v2:10.20.193.130:0/0)
2026-02-17T00:11:15.067 INFO:teuthology.orchestra.run.trial130.stdout:/usr/bin/ceph: stderr
2026-02-17T00:11:14.885+0000 7f2572ffd640 1 -- 10.20.193.130:0/3142174919 --> [v2:10.20.193.130:3300/0,v1:10.20.193.130:6789/0] -- mon_subscribe({config=0+,monmap=0+}) -- 0x7f257419fc40 con 0x7f2574109880
2026-02-17T00:11:15.067 INFO:teuthology.orchestra.run.trial130.stdout:/usr/bin/ceph: stderr
2026-02-17T00:11:14.885+0000 7f2572ffd640 1 --2- 10.20.193.130:0/3142174919 >> [v2:10.20.193.130:3300/0,v1:10.20.193.130:6789/0] conn(0x7f2574109880 0x7f257419f700 secure :-1 s=READY pgs=75 cs=0 l=1 rev1=1 crypto rx=0x7f2568037820 tx=0x7f2568037850 comp rx=0 tx=0).ready entity=mon.0 client_cookie=0 server_cookie=0 in_seq=0 out_seq=0
2026-02-17T00:11:15.067 INFO:teuthology.orchestra.run.trial130.stdout:/usr/bin/ceph: stderr
2026-02-17T00:11:14.885+0000 7f2553fff640 1 -- 10.20.193.130:0/3142174919 <== mon.0 v2:10.20.193.130:3300/0 1 ==== mon_map magic: 0 ==== 205+0+0 (secure 0 0 0) 0x7f2568047070 con 0x7f2574109880
2026-02-17T00:11:15.067 INFO:teuthology.orchestra.run.trial130.stdout:/usr/bin/ceph: stderr
2026-02-17T00:11:14.885+0000 7f2553fff640 1 -- 10.20.193.130:0/3142174919 <== mon.0 v2:10.20.193.130:3300/0 2 ==== config(25 keys) ==== 1038+0+0 (secure 0 0 0) 0x7f2568035d70 con 0x7f2574109880
2026-02-17T00:11:15.067 INFO:teuthology.orchestra.run.trial130.stdout:/usr/bin/ceph: stderr
2026-02-17T00:11:14.885+0000 7f2579445640 1 -- 10.20.193.130:0/3142174919 --> [v2:10.20.193.130:3300/0,v1:10.20.193.130:6789/0] -- mon_subscribe({mgrmap=0+}) -- 0x7f257419fed0 con 0x7f2574109880
2026-02-17T00:11:15.067 INFO:teuthology.orchestra.run.trial130.stdout:/usr/bin/ceph: stderr
2026-02-17T00:11:14.885+0000 7f2553fff640 1 -- 10.20.193.130:0/3142174919 <== mon.0 v2:10.20.193.130:3300/0 3 ==== mon_map magic: 0 ==== 205+0+0 (secure 0 0 0) 0x7f256803c070 con 0x7f2574109880
2026-02-17T00:11:15.067 INFO:teuthology.orchestra.run.trial130.stdout:/usr/bin/ceph: stderr
2026-02-17T00:11:14.885+0000 7f2579445640 1 -- 10.20.193.130:0/3142174919 --> [v2:10.20.193.130:3300/0,v1:10.20.193.130:6789/0] -- mon_subscribe({osdmap=0}) -- 0x7f25741a2bc0 con 0x7f2574109880
2026-02-17T00:11:15.067 INFO:teuthology.orchestra.run.trial130.stdout:/usr/bin/ceph: stderr
2026-02-17T00:11:14.885+0000 7f2579445640 1 -- 10.20.193.130:0/3142174919 --> [v2:10.20.193.130:3300/0,v1:10.20.193.130:6789/0] -- mon_command({"prefix": "get_command_descriptions"} v 0) -- 0x7f2574109d00 con 0x7f2574109880
2026-02-17T00:11:15.067 INFO:teuthology.orchestra.run.trial130.stdout:/usr/bin/ceph: stderr
2026-02-17T00:11:14.885+0000 7f2553fff640 1 -- 10.20.193.130:0/3142174919 <== mon.0 v2:10.20.193.130:3300/0 4 ==== mgrmap(e 10) ==== 50232+0+0 (secure 0 0 0) 0x7f25680425d0 con 0x7f2574109880
2026-02-17T00:11:15.067 INFO:teuthology.orchestra.run.trial130.stdout:/usr/bin/ceph: stderr
2026-02-17T00:11:14.885+0000 7f2553fff640 1 --2- 10.20.193.130:0/3142174919 >> [v2:10.20.193.130:6800/3222071354,v1:10.20.193.130:6801/3222071354] conn(0x7f254803dcc0 0x7f2548040180 unknown :-1 s=NONE pgs=0 cs=0 l=1 rev1=0 crypto rx=0 tx=0 comp rx=0 tx=0).connect
2026-02-17T00:11:15.067 INFO:teuthology.orchestra.run.trial130.stdout:/usr/bin/ceph: stderr
2026-02-17T00:11:14.889+0000 7f2553fff640 1 -- 10.20.193.130:0/3142174919 <== mon.0 v2:10.20.193.130:3300/0 5 ==== osd_map(3..3 src has 1..3) ==== 1155+0+0 (secure 0 0 0) 0x7f2568076f60 con 0x7f2574109880
2026-02-17T00:11:15.068 INFO:teuthology.orchestra.run.trial130.stdout:/usr/bin/ceph: stderr
2026-02-17T00:11:14.889+0000 7f25727fc640 1 --2- 10.20.193.130:0/3142174919 >> [v2:10.20.193.130:6800/3222071354,v1:10.20.193.130:6801/3222071354] conn(0x7f254803dcc0 0x7f2548040180 unknown :-1 s=BANNER_CONNECTING pgs=0 cs=0 l=1 rev1=0 crypto rx=0 tx=0 comp rx=0 tx=0)._handle_peer_banner_payload supported=3 required=0
2026-02-17T00:11:15.068 INFO:teuthology.orchestra.run.trial130.stdout:/usr/bin/ceph: stderr
2026-02-17T00:11:14.889+0000 7f25727fc640 1 --2- 10.20.193.130:0/3142174919 >> [v2:10.20.193.130:6800/3222071354,v1:10.20.193.130:6801/3222071354] conn(0x7f254803dcc0 0x7f2548040180 secure :-1 s=READY pgs=10 cs=0 l=1 rev1=1 crypto rx=0x7f255c0099c0 tx=0x7f255c006eb0 comp rx=0 tx=0).ready entity=mgr.14150 client_cookie=0 server_cookie=0 in_seq=0 out_seq=0
2026-02-17T00:11:15.068 INFO:teuthology.orchestra.run.trial130.stdout:/usr/bin/ceph: stderr
2026-02-17T00:11:14.893+0000 7f2553fff640 1 -- 10.20.193.130:0/3142174919 <== mon.0 v2:10.20.193.130:3300/0 6 ==== mon_command_ack([{"prefix": "get_command_descriptions"}]=0 v0) ==== 72+0+195034 (secure 0 0 0) 0x7f256804be00 con 0x7f2574109880
2026-02-17T00:11:15.068 INFO:teuthology.orchestra.run.trial130.stdout:/usr/bin/ceph: stderr
2026-02-17T00:11:15.013+0000 7f2579445640 1 -- 10.20.193.130:0/3142174919 --> [v2:10.20.193.130:3300/0,v1:10.20.193.130:6789/0] -- mon_command([{prefix=config-key set, key=mgr/dashboard/cluster/status}] v 0) -- 0x7f25741a3240 con 0x7f2574109880
2026-02-17T00:11:15.068 INFO:teuthology.orchestra.run.trial130.stdout:/usr/bin/ceph: stderr
2026-02-17T00:11:15.017+0000 7f2553fff640 1 -- 10.20.193.130:0/3142174919 <== mon.0 v2:10.20.193.130:3300/0 7 ==== mon_command_ack([{prefix=config-key set, key=mgr/dashboard/cluster/status}]=0 set mgr/dashboard/cluster/status v24)=0 set mgr/dashboard/cluster/status v24) ==== 153+0+0 (secure 0 0 0) 0x7f2568047d80 con 0x7f2574109880
2026-02-17T00:11:15.068 INFO:teuthology.orchestra.run.trial130.stdout:/usr/bin/ceph: stderr set mgr/dashboard/cluster/status
2026-02-17T00:11:15.068 INFO:teuthology.orchestra.run.trial130.stdout:/usr/bin/ceph: stderr
2026-02-17T00:11:15.017+0000 7f2579445640 1 -- 10.20.193.130:0/3142174919 >> [v2:10.20.193.130:6800/3222071354,v1:10.20.193.130:6801/3222071354] conn(0x7f254803dcc0 msgr2=0x7f2548040180 secure :-1 s=STATE_CONNECTION_ESTABLISHED l=1).mark_down
2026-02-17T00:11:15.068 INFO:teuthology.orchestra.run.trial130.stdout:/usr/bin/ceph: stderr
2026-02-17T00:11:15.017+0000 7f2579445640 1 --2- 10.20.193.130:0/3142174919 >> [v2:10.20.193.130:6800/3222071354,v1:10.20.193.130:6801/3222071354] conn(0x7f254803dcc0 0x7f2548040180 secure :-1 s=READY pgs=10 cs=0 l=1 rev1=1 crypto rx=0x7f255c0099c0 tx=0x7f255c006eb0 comp rx=0 tx=0).stop
2026-02-17T00:11:15.068 INFO:teuthology.orchestra.run.trial130.stdout:/usr/bin/ceph: stderr
2026-02-17T00:11:15.017+0000 7f2579445640 1 -- 10.20.193.130:0/3142174919 >> [v2:10.20.193.130:3300/0,v1:10.20.193.130:6789/0] conn(0x7f2574109880 msgr2=0x7f257419f700 secure :-1 s=STATE_CONNECTION_ESTABLISHED l=1).mark_down
2026-02-17T00:11:15.068 INFO:teuthology.orchestra.run.trial130.stdout:/usr/bin/ceph: stderr
2026-02-17T00:11:15.017+0000 7f2579445640 1 --2- 10.20.193.130:0/3142174919 >> [v2:10.20.193.130:3300/0,v1:10.20.193.130:6789/0] conn(0x7f2574109880 0x7f257419f700 secure :-1 s=READY pgs=75 cs=0 l=1 rev1=1 crypto rx=0x7f2568037820 tx=0x7f2568037850 comp rx=0 tx=0).stop
2026-02-17T00:11:15.068 INFO:teuthology.orchestra.run.trial130.stdout:/usr/bin/ceph: stderr
2026-02-17T00:11:15.017+0000 7f2579445640 1 -- 10.20.193.130:0/3142174919 shutdown_connections
2026-02-17T00:11:15.069 INFO:teuthology.orchestra.run.trial130.stdout:/usr/bin/ceph: stderr
2026-02-17T00:11:15.017+0000 7f2579445640 1 --2- 10.20.193.130:0/3142174919 >> [v2:10.20.193.130:6800/3222071354,v1:10.20.193.130:6801/3222071354] conn(0x7f254803dcc0 0x7f2548040180 unknown :-1 s=CLOSED pgs=10 cs=0 l=1 rev1=1 crypto rx=0 tx=0 comp rx=0 tx=0).stop
2026-02-17T00:11:15.069 INFO:teuthology.orchestra.run.trial130.stdout:/usr/bin/ceph: stderr
2026-02-17T00:11:15.017+0000 7f2579445640 1 --2- 10.20.193.130:0/3142174919 >> [v2:10.20.193.130:3300/0,v1:10.20.193.130:6789/0] conn(0x7f2574109880 0x7f257419f700 unknown :-1 s=CLOSED pgs=75 cs=0 l=1 rev1=1 crypto rx=0 tx=0 comp rx=0 tx=0).stop
2026-02-17T00:11:15.069 INFO:teuthology.orchestra.run.trial130.stdout:/usr/bin/ceph: stderr
2026-02-17T00:11:15.017+0000 7f2579445640 1 -- 10.20.193.130:0/3142174919 >> 10.20.193.130:0/3142174919 conn(0x7f257407ce10 msgr2=0x7f2574106fd0 unknown :-1 s=STATE_NONE l=0).mark_down
2026-02-17T00:11:15.069 INFO:teuthology.orchestra.run.trial130.stdout:/usr/bin/ceph: stderr
2026-02-17T00:11:15.017+0000 7f2579445640 1 -- 10.20.193.130:0/3142174919 shutdown_connections
2026-02-17T00:11:15.069 INFO:teuthology.orchestra.run.trial130.stdout:/usr/bin/ceph: stderr
2026-02-17T00:11:15.017+0000 7f2579445640 1 -- 10.20.193.130:0/3142174919 wait complete.
2026-02-17T00:11:15.069 INFO:teuthology.orchestra.run.trial130.stdout:You can access the Ceph CLI as following in case of multi-cluster or non-default config:
2026-02-17T00:11:15.069 INFO:teuthology.orchestra.run.trial130.stdout:
2026-02-17T00:11:15.069 INFO:teuthology.orchestra.run.trial130.stdout: sudo /home/ubuntu/cephtest/cephadm shell --fsid 16b2edb1-0b95-11f1-a5b5-d404e6e7d460 -c /etc/ceph/ceph.conf -k /etc/ceph/ceph.client.admin.keyring
2026-02-17T00:11:15.069 INFO:teuthology.orchestra.run.trial130.stdout:
2026-02-17T00:11:15.069 INFO:teuthology.orchestra.run.trial130.stdout:Or, if you are only running a single cluster on this host:
2026-02-17T00:11:15.069 INFO:teuthology.orchestra.run.trial130.stdout:
2026-02-17T00:11:15.069 INFO:teuthology.orchestra.run.trial130.stdout: sudo /home/ubuntu/cephtest/cephadm shell
2026-02-17T00:11:15.070 INFO:teuthology.orchestra.run.trial130.stdout:
2026-02-17T00:11:15.070 INFO:teuthology.orchestra.run.trial130.stdout:Please consider enabling telemetry to help improve Ceph:
2026-02-17T00:11:15.070 INFO:teuthology.orchestra.run.trial130.stdout:
2026-02-17T00:11:15.070 INFO:teuthology.orchestra.run.trial130.stdout: ceph telemetry on
2026-02-17T00:11:15.070 INFO:teuthology.orchestra.run.trial130.stdout:
2026-02-17T00:11:15.070 INFO:teuthology.orchestra.run.trial130.stdout:For more information see:
2026-02-17T00:11:15.070 INFO:teuthology.orchestra.run.trial130.stdout:
2026-02-17T00:11:15.070 INFO:teuthology.orchestra.run.trial130.stdout: https://docs.ceph.com/en/latest/mgr/telemetry/
2026-02-17T00:11:15.070 INFO:teuthology.orchestra.run.trial130.stdout:
2026-02-17T00:11:15.071 INFO:teuthology.orchestra.run.trial130.stdout:Bootstrap complete.
2026-02-17T00:11:15.086 INFO:tasks.cephadm:Fetching config...
2026-02-17T00:11:15.086 DEBUG:teuthology.orchestra.run.trial130:> set -ex
2026-02-17T00:11:15.087 DEBUG:teuthology.orchestra.run.trial130:> dd if=/etc/ceph/ceph.conf of=/dev/stdout
2026-02-17T00:11:15.092 INFO:tasks.cephadm:Fetching client.admin keyring...
2026-02-17T00:11:15.092 DEBUG:teuthology.orchestra.run.trial130:> set -ex
2026-02-17T00:11:15.092 DEBUG:teuthology.orchestra.run.trial130:> dd if=/etc/ceph/ceph.client.admin.keyring of=/dev/stdout
2026-02-17T00:11:15.142 INFO:tasks.cephadm:Fetching mon keyring...
2026-02-17T00:11:15.142 DEBUG:teuthology.orchestra.run.trial130:> set -ex
2026-02-17T00:11:15.143 DEBUG:teuthology.orchestra.run.trial130:> sudo dd if=/var/lib/ceph/16b2edb1-0b95-11f1-a5b5-d404e6e7d460/mon.a/keyring of=/dev/stdout
2026-02-17T00:11:15.195 INFO:tasks.cephadm:Fetching pub ssh key...
2026-02-17T00:11:15.195 DEBUG:teuthology.orchestra.run.trial130:> set -ex
2026-02-17T00:11:15.195 DEBUG:teuthology.orchestra.run.trial130:> dd if=/home/ubuntu/cephtest/ceph.pub of=/dev/stdout
2026-02-17T00:11:15.242 INFO:tasks.cephadm:Installing pub ssh key for root users...
2026-02-17T00:11:15.243 DEBUG:teuthology.orchestra.run.trial130:> sudo install -d -m 0700 /root/.ssh && echo 'ssh-ed25519 AAAAC3NzaC1lZDI1NTE5AAAAIHLJSkS6SZFfXCOhvc1rIw5cyheHQgieX3rF58dnzKi3 ceph-16b2edb1-0b95-11f1-a5b5-d404e6e7d460' | sudo tee -a /root/.ssh/authorized_keys && sudo chmod 0600 /root/.ssh/authorized_keys
2026-02-17T00:11:15.301 INFO:teuthology.orchestra.run.trial130.stdout:ssh-ed25519 AAAAC3NzaC1lZDI1NTE5AAAAIHLJSkS6SZFfXCOhvc1rIw5cyheHQgieX3rF58dnzKi3 ceph-16b2edb1-0b95-11f1-a5b5-d404e6e7d460
2026-02-17T00:11:15.307 DEBUG:teuthology.orchestra.run.trial130:> sudo /home/ubuntu/cephtest/cephadm --image quay.ceph.io/ceph-ci/ceph:05b55d192f002ad5df41409624b8d176527d0841 shell -c /etc/ceph/ceph.conf -k /etc/ceph/ceph.client.admin.keyring --fsid 16b2edb1-0b95-11f1-a5b5-d404e6e7d460 -- ceph config set mgr mgr/cephadm/allow_ptrace true
2026-02-17T00:11:16.152 INFO:journalctl@ceph.mon.a.trial130.stdout:Feb 17 00:11:15 trial130 bash[13260]: audit
2026-02-17T00:11:14.324616+0000 mgr.x (mgr.14150) 9 : audit [DBG] from='client.14164 -' entity='client.admin' cmd=[{"prefix": "dashboard ac-user-create", "username": "admin", "rolename": "administrator", "force_password": true, "pwd_update_required": true, "target": ["mon-mgr", ""]}]: dispatch
2026-02-17T00:11:16.153 INFO:journalctl@ceph.mon.a.trial130.stdout:Feb 17 00:11:15 trial130 bash[13260]: audit
2026-02-17T00:11:14.324616+0000 mgr.x (mgr.14150) 9 : audit [DBG] from='client.14164 -' entity='client.admin' cmd=[{"prefix": "dashboard ac-user-create", "username": "admin", "rolename": "administrator", "force_password": true, "pwd_update_required": true, "target": ["mon-mgr", ""]}]: dispatch
2026-02-17T00:11:16.153 INFO:journalctl@ceph.mon.a.trial130.stdout:Feb 17 00:11:15 trial130 bash[13260]: audit
2026-02-17T00:11:14.752064+0000 mon.a (mon.0) 89 : audit [DBG] from='client.? 10.20.193.130:0/2196787470' entity='client.admin' cmd=[{"prefix": "config get", "who": "mgr", "key": "mgr/dashboard/ssl_server_port"}]: dispatch
2026-02-17T00:11:16.153 INFO:journalctl@ceph.mon.a.trial130.stdout:Feb 17 00:11:15 trial130 bash[13260]: audit
2026-02-17T00:11:14.752064+0000 mon.a (mon.0) 89 : audit [DBG] from='client.? 10.20.193.130:0/2196787470' entity='client.admin' cmd=[{"prefix": "config get", "who": "mgr", "key": "mgr/dashboard/ssl_server_port"}]: dispatch
2026-02-17T00:11:16.153 INFO:journalctl@ceph.mon.a.trial130.stdout:Feb 17 00:11:15 trial130 bash[13260]: audit
2026-02-17T00:11:15.019860+0000 mon.a (mon.0) 90 : audit [INF] from='client.? 10.20.193.130:0/3142174919' entity='client.admin'
2026-02-17T00:11:16.153 INFO:journalctl@ceph.mon.a.trial130.stdout:Feb 17 00:11:15 trial130 bash[13260]: audit
2026-02-17T00:11:15.019860+0000 mon.a (mon.0) 90 : audit [INF] from='client.? 10.20.193.130:0/3142174919' entity='client.admin'
2026-02-17T00:11:17.152 INFO:journalctl@ceph.mon.a.trial130.stdout:Feb 17 00:11:16 trial130 bash[13260]: cluster
2026-02-17T00:11:15.698070+0000 mon.a (mon.0) 91 : cluster [DBG] mgrmap e11: x(active, since 3s)
2026-02-17T00:11:17.152 INFO:journalctl@ceph.mon.a.trial130.stdout:Feb 17 00:11:16 trial130 bash[13260]: cluster
2026-02-17T00:11:15.698070+0000 mon.a (mon.0) 91 : cluster [DBG] mgrmap e11: x(active, since 3s)
2026-02-17T00:11:19.152 INFO:journalctl@ceph.mon.a.trial130.stdout:Feb 17 00:11:18 trial130 bash[13260]: audit
2026-02-17T00:11:17.776787+0000 mon.a (mon.0) 92 : audit [INF] from='mgr.14150 10.20.193.130:0/3642005369' entity='mgr.x'
2026-02-17T00:11:19.153 INFO:journalctl@ceph.mon.a.trial130.stdout:Feb 17 00:11:18 trial130 bash[13260]: audit
2026-02-17T00:11:17.776787+0000 mon.a (mon.0) 92 : audit [INF] from='mgr.14150 10.20.193.130:0/3642005369' entity='mgr.x'
2026-02-17T00:11:19.153 INFO:journalctl@ceph.mon.a.trial130.stdout:Feb 17 00:11:18 trial130 bash[13260]: audit
2026-02-17T00:11:18.329492+0000 mon.a (mon.0) 93 : audit [INF] from='mgr.14150 10.20.193.130:0/3642005369' entity='mgr.x'
2026-02-17T00:11:19.153 INFO:journalctl@ceph.mon.a.trial130.stdout:Feb 17 00:11:18 trial130 bash[13260]: audit
2026-02-17T00:11:18.329492+0000 mon.a (mon.0) 93 : audit [INF] from='mgr.14150 10.20.193.130:0/3642005369' entity='mgr.x'
2026-02-17T00:11:19.654 INFO:teuthology.orchestra.run.trial130.stderr:Inferring config /var/lib/ceph/16b2edb1-0b95-11f1-a5b5-d404e6e7d460/mon.a/config
2026-02-17T00:11:19.843 INFO:teuthology.orchestra.run.trial130.stderr:2026-02-17T00:11:19.832+0000 7fbd634aa640 1 -- 10.20.193.130:0/1544992437 >> [v2:10.20.193.130:3300/0,v1:10.20.193.130:6789/0] conn(0x7fbd5c1045f0 msgr2=0x7fbd5c1049f0 secure :-1 s=STATE_CONNECTION_ESTABLISHED l=1).mark_down
2026-02-17T00:11:19.844 INFO:teuthology.orchestra.run.trial130.stderr:2026-02-17T00:11:19.832+0000 7fbd634aa640 1 --2- 10.20.193.130:0/1544992437 >> [v2:10.20.193.130:3300/0,v1:10.20.193.130:6789/0] conn(0x7fbd5c1045f0 0x7fbd5c1049f0 secure :-1 s=READY pgs=76 cs=0 l=1 rev1=1 crypto rx=0x7fbd4c0099b0 tx=0x7fbd4c02f2b0 comp rx=0 tx=0).stop
2026-02-17T00:11:19.844 INFO:teuthology.orchestra.run.trial130.stderr:2026-02-17T00:11:19.832+0000 7fbd634aa640 1 -- 10.20.193.130:0/1544992437 shutdown_connections
2026-02-17T00:11:19.844 INFO:teuthology.orchestra.run.trial130.stderr:2026-02-17T00:11:19.832+0000 7fbd634aa640 1 --2- 10.20.193.130:0/1544992437 >> [v2:10.20.193.130:3300/0,v1:10.20.193.130:6789/0] conn(0x7fbd5c1045f0 0x7fbd5c1049f0 unknown :-1 s=CLOSED pgs=76 cs=0 l=1 rev1=1 crypto rx=0 tx=0 comp rx=0 tx=0).stop
2026-02-17T00:11:19.844 INFO:teuthology.orchestra.run.trial130.stderr:2026-02-17T00:11:19.832+0000 7fbd634aa640 1 -- 10.20.193.130:0/1544992437 >> 10.20.193.130:0/1544992437 conn(0x7fbd5c0ffda0 msgr2=0x7fbd5c1021c0 unknown :-1 s=STATE_NONE l=0).mark_down
2026-02-17T00:11:19.844 INFO:teuthology.orchestra.run.trial130.stderr:2026-02-17T00:11:19.832+0000 7fbd634aa640 1 -- 10.20.193.130:0/1544992437 shutdown_connections
