2026-02-17T00:11:10.429+0000 7fcd0d8a5640 1 Processor -- start
2026-02-17T00:11:13.747 INFO:teuthology.orchestra.run.trial130.stdout:/usr/bin/ceph: stderr
2026-02-17T00:11:10.429+0000 7fcd0d8a5640 1 -- start start
2026-02-17T00:11:13.747 INFO:teuthology.orchestra.run.trial130.stdout:/usr/bin/ceph: stderr
2026-02-17T00:11:10.429+0000 7fcd0d8a5640 1 --2- >> [v2:10.20.193.130:3300/0,v1:10.20.193.130:6789/0] conn(0x7fcd08109880 0x7fcd08109c80 unknown :-1 s=NONE pgs=0 cs=0 l=0 rev1=0 crypto rx=0 tx=0 comp rx=0 tx=0).connect
2026-02-17T00:11:13.747 INFO:teuthology.orchestra.run.trial130.stdout:/usr/bin/ceph: stderr
2026-02-17T00:11:10.429+0000 7fcd0d8a5640 1 -- --> [v2:10.20.193.130:3300/0,v1:10.20.193.130:6789/0] -- mon_getmap magic: 0 -- 0x7fcd0810a250 con 0x7fcd08109880
2026-02-17T00:11:13.747 INFO:teuthology.orchestra.run.trial130.stdout:/usr/bin/ceph: stderr
2026-02-17T00:11:10.429+0000 7fcd06ffd640 1 --2- >> [v2:10.20.193.130:3300/0,v1:10.20.193.130:6789/0] conn(0x7fcd08109880 0x7fcd08109c80 unknown :-1 s=BANNER_CONNECTING pgs=0 cs=0 l=0 rev1=0 crypto rx=0 tx=0 comp rx=0 tx=0)._handle_peer_banner_payload supported=3 required=0
2026-02-17T00:11:13.748 INFO:teuthology.orchestra.run.trial130.stdout:/usr/bin/ceph: stderr
2026-02-17T00:11:10.429+0000 7fcd06ffd640 1 --2- >> [v2:10.20.193.130:3300/0,v1:10.20.193.130:6789/0] conn(0x7fcd08109880 0x7fcd08109c80 unknown :-1 s=HELLO_CONNECTING pgs=0 cs=0 l=0 rev1=1 crypto rx=0 tx=0 comp rx=0 tx=0).handle_hello peer v2:10.20.193.130:3300/0 says I am v2:10.20.193.130:53820/0 (socket says 10.20.193.130:53820)
2026-02-17T00:11:13.748 INFO:teuthology.orchestra.run.trial130.stdout:/usr/bin/ceph: stderr
2026-02-17T00:11:10.429+0000 7fcd06ffd640 1 -- 10.20.193.130:0/2485341420 learned_addr learned my addr 10.20.193.130:0/2485341420 (peer_addr_for_me v2:10.20.193.130:0/0)
2026-02-17T00:11:13.748 INFO:teuthology.orchestra.run.trial130.stdout:/usr/bin/ceph: stderr
2026-02-17T00:11:10.429+0000 7fcd06ffd640 1 -- 10.20.193.130:0/2485341420 --> [v2:10.20.193.130:3300/0,v1:10.20.193.130:6789/0] -- mon_subscribe({config=0+,monmap=0+}) -- 0x7fcd0810aa80 con 0x7fcd08109880
2026-02-17T00:11:13.748 INFO:teuthology.orchestra.run.trial130.stdout:/usr/bin/ceph: stderr
2026-02-17T00:11:10.429+0000 7fcd06ffd640 1 --2- 10.20.193.130:0/2485341420 >> [v2:10.20.193.130:3300/0,v1:10.20.193.130:6789/0] conn(0x7fcd08109880 0x7fcd08109c80 secure :-1 s=READY pgs=59 cs=0 l=1 rev1=1 crypto rx=0x7fccfc009920 tx=0x7fccfc02ef20 comp rx=0 tx=0).ready entity=mon.0 client_cookie=c45a311f693869db server_cookie=0 in_seq=0 out_seq=0
2026-02-17T00:11:13.748 INFO:teuthology.orchestra.run.trial130.stdout:/usr/bin/ceph: stderr
2026-02-17T00:11:10.429+0000 7fcd05ffb640 1 -- 10.20.193.130:0/2485341420 <== mon.0 v2:10.20.193.130:3300/0 1 ==== mon_map magic: 0 ==== 205+0+0 (secure 0 0 0) 0x7fccfc03c070 con 0x7fcd08109880
2026-02-17T00:11:13.748 INFO:teuthology.orchestra.run.trial130.stdout:/usr/bin/ceph: stderr
2026-02-17T00:11:10.429+0000 7fcd05ffb640 1 -- 10.20.193.130:0/2485341420 <== mon.0 v2:10.20.193.130:3300/0 2 ==== config(25 keys) ==== 1038+0+0 (secure 0 0 0) 0x7fccfc037440 con 0x7fcd08109880
2026-02-17T00:11:13.748 INFO:teuthology.orchestra.run.trial130.stdout:/usr/bin/ceph: stderr
2026-02-17T00:11:10.429+0000 7fcd05ffb640 1 -- 10.20.193.130:0/2485341420 <== mon.0 v2:10.20.193.130:3300/0 3 ==== mon_map magic: 0 ==== 205+0+0 (secure 0 0 0) 0x7fccfc0354d0 con 0x7fcd08109880
2026-02-17T00:11:13.748 INFO:teuthology.orchestra.run.trial130.stdout:/usr/bin/ceph: stderr
2026-02-17T00:11:10.429+0000 7fcd0d8a5640 1 -- 10.20.193.130:0/2485341420 >> [v2:10.20.193.130:3300/0,v1:10.20.193.130:6789/0] conn(0x7fcd08109880 msgr2=0x7fcd08109c80 secure :-1 s=STATE_CONNECTION_ESTABLISHED l=1).mark_down
2026-02-17T00:11:13.748 INFO:teuthology.orchestra.run.trial130.stdout:/usr/bin/ceph: stderr
2026-02-17T00:11:10.429+0000 7fcd0d8a5640 1 --2- 10.20.193.130:0/2485341420 >> [v2:10.20.193.130:3300/0,v1:10.20.193.130:6789/0] conn(0x7fcd08109880 0x7fcd08109c80 secure :-1 s=READY pgs=59 cs=0 l=1 rev1=1 crypto rx=0x7fccfc009920 tx=0x7fccfc02ef20 comp rx=0 tx=0).stop
2026-02-17T00:11:13.748 INFO:teuthology.orchestra.run.trial130.stdout:/usr/bin/ceph: stderr
2026-02-17T00:11:10.429+0000 7fcd0d8a5640 1 -- 10.20.193.130:0/2485341420 shutdown_connections
2026-02-17T00:11:13.748 INFO:teuthology.orchestra.run.trial130.stdout:/usr/bin/ceph: stderr
2026-02-17T00:11:10.429+0000 7fcd0d8a5640 1 --2- 10.20.193.130:0/2485341420 >> [v2:10.20.193.130:3300/0,v1:10.20.193.130:6789/0] conn(0x7fcd08109880 0x7fcd08109c80 unknown :-1 s=CLOSED pgs=59 cs=0 l=1 rev1=1 crypto rx=0 tx=0 comp rx=0 tx=0).stop
2026-02-17T00:11:13.748 INFO:teuthology.orchestra.run.trial130.stdout:/usr/bin/ceph: stderr
2026-02-17T00:11:10.429+0000 7fcd0d8a5640 1 -- 10.20.193.130:0/2485341420 >> 10.20.193.130:0/2485341420 conn(0x7fcd0807cf00 msgr2=0x7fcd0807d310 unknown :-1 s=STATE_NONE l=0).mark_down
2026-02-17T00:11:13.748 INFO:teuthology.orchestra.run.trial130.stdout:/usr/bin/ceph: stderr
2026-02-17T00:11:10.429+0000 7fcd0d8a5640 1 -- 10.20.193.130:0/2485341420 shutdown_connections
2026-02-17T00:11:13.748 INFO:teuthology.orchestra.run.trial130.stdout:/usr/bin/ceph: stderr
2026-02-17T00:11:10.429+0000 7fcd0d8a5640 1 -- 10.20.193.130:0/2485341420 wait complete.
2026-02-17T00:11:13.748 INFO:teuthology.orchestra.run.trial130.stdout:/usr/bin/ceph: stderr
2026-02-17T00:11:10.429+0000 7fcd0d8a5640 1 Processor -- start
2026-02-17T00:11:13.748 INFO:teuthology.orchestra.run.trial130.stdout:/usr/bin/ceph: stderr
2026-02-17T00:11:10.429+0000 7fcd0d8a5640 1 -- start start
2026-02-17T00:11:13.748 INFO:teuthology.orchestra.run.trial130.stdout:/usr/bin/ceph: stderr
2026-02-17T00:11:10.429+0000 7fcd0d8a5640 1 --2- >> [v2:10.20.193.130:3300/0,v1:10.20.193.130:6789/0] conn(0x7fcd08109880 0x7fcd0819f770 unknown :-1 s=NONE pgs=0 cs=0 l=1 rev1=0 crypto rx=0 tx=0 comp rx=0 tx=0).connect
2026-02-17T00:11:13.748 INFO:teuthology.orchestra.run.trial130.stdout:/usr/bin/ceph: stderr
2026-02-17T00:11:10.429+0000 7fcd0d8a5640 1 -- --> [v2:10.20.193.130:3300/0,v1:10.20.193.130:6789/0] -- mon_getmap magic: 0 -- 0x7fcd0810dcb0 con 0x7fcd08109880
2026-02-17T00:11:13.748 INFO:teuthology.orchestra.run.trial130.stdout:/usr/bin/ceph: stderr
2026-02-17T00:11:10.429+0000 7fcd06ffd640 1 --2- >> [v2:10.20.193.130:3300/0,v1:10.20.193.130:6789/0] conn(0x7fcd08109880 0x7fcd0819f770 unknown :-1 s=BANNER_CONNECTING pgs=0 cs=0 l=1 rev1=0 crypto rx=0 tx=0 comp rx=0 tx=0)._handle_peer_banner_payload supported=3 required=0
2026-02-17T00:11:13.748 INFO:teuthology.orchestra.run.trial130.stdout:/usr/bin/ceph: stderr
2026-02-17T00:11:10.429+0000 7fcd06ffd640 1 --2- >> [v2:10.20.193.130:3300/0,v1:10.20.193.130:6789/0] conn(0x7fcd08109880 0x7fcd0819f770 unknown :-1 s=HELLO_CONNECTING pgs=0 cs=0 l=1 rev1=1 crypto rx=0 tx=0 comp rx=0 tx=0).handle_hello peer v2:10.20.193.130:3300/0 says I am v2:10.20.193.130:53828/0 (socket says 10.20.193.130:53828)
2026-02-17T00:11:13.748 INFO:teuthology.orchestra.run.trial130.stdout:/usr/bin/ceph: stderr
2026-02-17T00:11:10.429+0000 7fcd06ffd640 1 -- 10.20.193.130:0/1959687831 learned_addr learned my addr 10.20.193.130:0/1959687831 (peer_addr_for_me v2:10.20.193.130:0/0)
2026-02-17T00:11:13.748 INFO:teuthology.orchestra.run.trial130.stdout:/usr/bin/ceph: stderr
2026-02-17T00:11:10.429+0000 7fcd06ffd640 1 -- 10.20.193.130:0/1959687831 --> [v2:10.20.193.130:3300/0,v1:10.20.193.130:6789/0] -- mon_subscribe({config=0+,monmap=0+}) -- 0x7fcd0819fcb0 con 0x7fcd08109880
2026-02-17T00:11:13.748 INFO:teuthology.orchestra.run.trial130.stdout:/usr/bin/ceph: stderr
2026-02-17T00:11:10.429+0000 7fcd06ffd640 1 --2- 10.20.193.130:0/1959687831 >> [v2:10.20.193.130:3300/0,v1:10.20.193.130:6789/0] conn(0x7fcd08109880 0x7fcd0819f770 secure :-1 s=READY pgs=60 cs=0 l=1 rev1=1 crypto rx=0x7fccfc037820 tx=0x7fccfc037850 comp rx=0 tx=0).ready entity=mon.0 client_cookie=0 server_cookie=0 in_seq=0 out_seq=0
2026-02-17T00:11:13.748 INFO:teuthology.orchestra.run.trial130.stdout:/usr/bin/ceph: stderr
2026-02-17T00:11:10.429+0000 7fcd0c8a3640 1 -- 10.20.193.130:0/1959687831 <== mon.0 v2:10.20.193.130:3300/0 1 ==== mon_map magic: 0 ==== 205+0+0 (secure 0 0 0) 0x7fccfc047070 con 0x7fcd08109880
2026-02-17T00:11:13.749 INFO:teuthology.orchestra.run.trial130.stdout:/usr/bin/ceph: stderr
2026-02-17T00:11:10.429+0000 7fcd0c8a3640 1 -- 10.20.193.130:0/1959687831 <== mon.0 v2:10.20.193.130:3300/0 2 ==== config(25 keys) ==== 1038+0+0 (secure 0 0 0) 0x7fccfc035d70 con 0x7fcd08109880
2026-02-17T00:11:13.749 INFO:teuthology.orchestra.run.trial130.stdout:/usr/bin/ceph: stderr
2026-02-17T00:11:10.429+0000 7fcd0d8a5640 1 -- 10.20.193.130:0/1959687831 --> [v2:10.20.193.130:3300/0,v1:10.20.193.130:6789/0] -- mon_subscribe({mgrmap=0+}) -- 0x7fcd0819ff40 con 0x7fcd08109880
2026-02-17T00:11:13.749 INFO:teuthology.orchestra.run.trial130.stdout:/usr/bin/ceph: stderr
2026-02-17T00:11:10.429+0000 7fcd0c8a3640 1 -- 10.20.193.130:0/1959687831 <== mon.0 v2:10.20.193.130:3300/0 3 ==== mon_map magic: 0 ==== 205+0+0 (secure 0 0 0) 0x7fccfc03c070 con 0x7fcd08109880
2026-02-17T00:11:13.749 INFO:teuthology.orchestra.run.trial130.stdout:/usr/bin/ceph: stderr
2026-02-17T00:11:10.433+0000 7fcd0d8a5640 1 -- 10.20.193.130:0/1959687831 --> [v2:10.20.193.130:3300/0,v1:10.20.193.130:6789/0] -- mon_subscribe({osdmap=0}) -- 0x7fcd081a2c30 con 0x7fcd08109880
2026-02-17T00:11:13.749 INFO:teuthology.orchestra.run.trial130.stdout:/usr/bin/ceph: stderr
2026-02-17T00:11:10.433+0000 7fcd0c8a3640 1 -- 10.20.193.130:0/1959687831 <== mon.0 v2:10.20.193.130:3300/0 4 ==== mgrmap(e 8) ==== 50338+0+0 (secure 0 0 0) 0x7fccfc0425d0 con 0x7fcd08109880
2026-02-17T00:11:13.749 INFO:teuthology.orchestra.run.trial130.stdout:/usr/bin/ceph: stderr
2026-02-17T00:11:10.433+0000 7fcd0c8a3640 1 --2- 10.20.193.130:0/1959687831 >> [v2:10.20.193.130:6800/396741200,v1:10.20.193.130:6801/396741200] conn(0x7fccdc03dde0 0x7fccdc0402a0 unknown :-1 s=NONE pgs=0 cs=0 l=1 rev1=0 crypto rx=0 tx=0 comp rx=0 tx=0).connect
2026-02-17T00:11:13.749 INFO:teuthology.orchestra.run.trial130.stdout:/usr/bin/ceph: stderr
2026-02-17T00:11:10.433+0000 7fcd0c8a3640 1 -- 10.20.193.130:0/1959687831 --> [v2:10.20.193.130:6800/396741200,v1:10.20.193.130:6801/396741200] -- command(tid 0: {"prefix": "get_command_descriptions"}) -- 0x7fccdc0409b0 con 0x7fccdc03dde0
2026-02-17T00:11:13.749 INFO:teuthology.orchestra.run.trial130.stdout:/usr/bin/ceph: stderr
2026-02-17T00:11:10.433+0000 7fcd0c8a3640 1 -- 10.20.193.130:0/1959687831 <== mon.0 v2:10.20.193.130:3300/0 5 ==== osd_map(2..2 src has 1..2) ==== 940+0+0 (secure 0 0 0) 0x7fccfc077090 con 0x7fcd08109880
2026-02-17T00:11:13.749 INFO:teuthology.orchestra.run.trial130.stdout:/usr/bin/ceph: stderr
2026-02-17T00:11:10.433+0000 7fcd067fc640 1 -- 10.20.193.130:0/1959687831 >> [v2:10.20.193.130:6800/396741200,v1:10.20.193.130:6801/396741200] conn(0x7fccdc03dde0 msgr2=0x7fccdc0402a0 unknown :-1 s=STATE_CONNECTING_RE l=1).process reconnect failed to v2:10.20.193.130:6800/396741200
2026-02-17T00:11:13.749 INFO:teuthology.orchestra.run.trial130.stdout:/usr/bin/ceph: stderr
2026-02-17T00:11:10.433+0000 7fcd067fc640 1 --2- 10.20.193.130:0/1959687831 >> [v2:10.20.193.130:6800/396741200,v1:10.20.193.130:6801/396741200] conn(0x7fccdc03dde0 0x7fccdc0402a0 unknown :-1 s=START_CONNECT pgs=0 cs=0 l=1 rev1=0 crypto rx=0 tx=0 comp rx=0 tx=0)._fault waiting 0.200000
2026-02-17T00:11:13.749 INFO:teuthology.orchestra.run.trial130.stdout:/usr/bin/ceph: stderr
2026-02-17T00:11:10.637+0000 7fcd067fc640 1 -- 10.20.193.130:0/1959687831 >> [v2:10.20.193.130:6800/396741200,v1:10.20.193.130:6801/396741200] conn(0x7fccdc03dde0 msgr2=0x7fccdc0402a0 unknown :-1 s=STATE_CONNECTING_RE l=1).process reconnect failed to v2:10.20.193.130:6800/396741200
2026-02-17T00:11:13.749 INFO:teuthology.orchestra.run.trial130.stdout:/usr/bin/ceph: stderr
2026-02-17T00:11:10.637+0000 7fcd067fc640 1 --2- 10.20.193.130:0/1959687831 >> [v2:10.20.193.130:6800/396741200,v1:10.20.193.130:6801/396741200] conn(0x7fccdc03dde0 0x7fccdc0402a0 unknown :-1 s=START_CONNECT pgs=0 cs=0 l=1 rev1=0 crypto rx=0 tx=0 comp rx=0 tx=0)._fault waiting 0.400000
2026-02-17T00:11:13.749 INFO:teuthology.orchestra.run.trial130.stdout:/usr/bin/ceph: stderr
2026-02-17T00:11:11.041+0000 7fcd067fc640 1 -- 10.20.193.130:0/1959687831 >> [v2:10.20.193.130:6800/396741200,v1:10.20.193.130:6801/396741200] conn(0x7fccdc03dde0 msgr2=0x7fccdc0402a0 unknown :-1 s=STATE_CONNECTING_RE l=1).process reconnect failed to v2:10.20.193.130:6800/396741200
2026-02-17T00:11:13.749 INFO:teuthology.orchestra.run.trial130.stdout:/usr/bin/ceph: stderr
2026-02-17T00:11:11.041+0000 7fcd067fc640 1 --2- 10.20.193.130:0/1959687831 >> [v2:10.20.193.130:6800/396741200,v1:10.20.193.130:6801/396741200] conn(0x7fccdc03dde0 0x7fccdc0402a0 unknown :-1 s=START_CONNECT pgs=0 cs=0 l=1 rev1=0 crypto rx=0 tx=0 comp rx=0 tx=0)._fault waiting 0.800000
2026-02-17T00:11:13.749 INFO:teuthology.orchestra.run.trial130.stdout:/usr/bin/ceph: stderr
2026-02-17T00:11:11.845+0000 7fcd067fc640 1 -- 10.20.193.130:0/1959687831 >> [v2:10.20.193.130:6800/396741200,v1:10.20.193.130:6801/396741200] conn(0x7fccdc03dde0 msgr2=0x7fccdc0402a0 unknown :-1 s=STATE_CONNECTING_RE l=1).process reconnect failed to v2:10.20.193.130:6800/396741200
2026-02-17T00:11:13.749 INFO:teuthology.orchestra.run.trial130.stdout:/usr/bin/ceph: stderr
2026-02-17T00:11:11.845+0000 7fcd067fc640 1 --2- 10.20.193.130:0/1959687831 >> [v2:10.20.193.130:6800/396741200,v1:10.20.193.130:6801/396741200] conn(0x7fccdc03dde0 0x7fccdc0402a0 unknown :-1 s=START_CONNECT pgs=0 cs=0 l=1 rev1=0 crypto rx=0 tx=0 comp rx=0 tx=0)._fault waiting 1.600000
2026-02-17T00:11:13.749 INFO:teuthology.orchestra.run.trial130.stdout:/usr/bin/ceph: stderr
2026-02-17T00:11:12.689+0000 7fcd0c8a3640 1 -- 10.20.193.130:0/1959687831 <== mon.0 v2:10.20.193.130:3300/0 6 ==== mgrmap(e 9) ==== 50105+0+0 (secure 0 0 0) 0x7fccfc075a80 con 0x7fcd08109880
2026-02-17T00:11:13.749 INFO:teuthology.orchestra.run.trial130.stdout:/usr/bin/ceph: stderr
2026-02-17T00:11:12.689+0000 7fcd0c8a3640 1 -- 10.20.193.130:0/1959687831 >> [v2:10.20.193.130:6800/396741200,v1:10.20.193.130:6801/396741200] conn(0x7fccdc03dde0 msgr2=0x7fccdc0402a0 unknown :-1 s=STATE_CONNECTING l=1).mark_down
2026-02-17T00:11:13.749 INFO:teuthology.orchestra.run.trial130.stdout:/usr/bin/ceph: stderr
2026-02-17T00:11:12.689+0000 7fcd0c8a3640 1 --2- 10.20.193.130:0/1959687831 >> [v2:10.20.193.130:6800/396741200,v1:10.20.193.130:6801/396741200] conn(0x7fccdc03dde0 0x7fccdc0402a0 unknown :-1 s=START_CONNECT pgs=0 cs=0 l=1 rev1=0 crypto rx=0 tx=0 comp rx=0 tx=0).stop
2026-02-17T00:11:13.749 INFO:teuthology.orchestra.run.trial130.stdout:/usr/bin/ceph: stderr
2026-02-17T00:11:13.693+0000 7fcd0c8a3640 1 -- 10.20.193.130:0/1959687831 <== mon.0 v2:10.20.193.130:3300/0 7 ==== mgrmap(e 10) ==== 50232+0+0 (secure 0 0 0) 0x7fccfc035900 con 0x7fcd08109880
2026-02-17T00:11:13.749 INFO:teuthology.orchestra.run.trial130.stdout:/usr/bin/ceph: stderr
2026-02-17T00:11:13.693+0000 7fcd0c8a3640 1 --2- 10.20.193.130:0/1959687831 >> [v2:10.20.193.130:6800/3222071354,v1:10.20.193.130:6801/3222071354] conn(0x7fccdc0418c0 0x7fccdc043cb0 unknown :-1 s=NONE pgs=0 cs=0 l=1 rev1=0 crypto rx=0 tx=0 comp rx=0 tx=0).connect
2026-02-17T00:11:13.749 INFO:teuthology.orchestra.run.trial130.stdout:/usr/bin/ceph: stderr
2026-02-17T00:11:13.693+0000 7fcd0c8a3640 1 -- 10.20.193.130:0/1959687831 --> [v2:10.20.193.130:6800/3222071354,v1:10.20.193.130:6801/3222071354] -- command(tid 0: {"prefix": "get_command_descriptions"}) -- 0x7fccdc0409b0 con 0x7fccdc0418c0
2026-02-17T00:11:13.749 INFO:teuthology.orchestra.run.trial130.stdout:/usr/bin/ceph: stderr
2026-02-17T00:11:13.693+0000 7fcd067fc640 1 --2- 10.20.193.130:0/1959687831 >> [v2:10.20.193.130:6800/3222071354,v1:10.20.193.130:6801/3222071354] conn(0x7fccdc0418c0 0x7fccdc043cb0 unknown :-1 s=BANNER_CONNECTING pgs=0 cs=0 l=1 rev1=0 crypto rx=0 tx=0 comp rx=0 tx=0)._handle_peer_banner_payload supported=3 required=0
2026-02-17T00:11:13.749 INFO:teuthology.orchestra.run.trial130.stdout:/usr/bin/ceph: stderr
2026-02-17T00:11:13.693+0000 7fcd067fc640 1 --2- 10.20.193.130:0/1959687831 >> [v2:10.20.193.130:6800/3222071354,v1:10.20.193.130:6801/3222071354] conn(0x7fccdc0418c0 0x7fccdc043cb0 secure :-1 s=READY pgs=1 cs=0 l=1 rev1=1 crypto rx=0x7fccf0003a80 tx=0x7fccf00092b0 comp rx=0 tx=0).ready entity=mgr.14150 client_cookie=0 server_cookie=0 in_seq=0 out_seq=0
2026-02-17T00:11:13.749 INFO:teuthology.orchestra.run.trial130.stdout:/usr/bin/ceph: stderr
2026-02-17T00:11:13.693+0000 7fcd0c8a3640 1 -- 10.20.193.130:0/1959687831 <== mgr.14150 v2:10.20.193.130:6800/3222071354 1 ==== command_reply(tid 0: 0 ) ==== 8+0+8901 (secure 0 0 0) 0x7fccdc0409b0 con 0x7fccdc0418c0
2026-02-17T00:11:13.750 INFO:teuthology.orchestra.run.trial130.stdout:/usr/bin/ceph: stderr
2026-02-17T00:11:13.697+0000 7fcd0d8a5640 1 -- 10.20.193.130:0/1959687831 --> [v2:10.20.193.130:6800/3222071354,v1:10.20.193.130:6801/3222071354] -- command(tid 1: {"prefix": "mgr_status"}) -- 0x7fcd08109d00 con 0x7fccdc0418c0
2026-02-17T00:11:13.750 INFO:teuthology.orchestra.run.trial130.stdout:/usr/bin/ceph: stderr
2026-02-17T00:11:13.697+0000 7fcd0c8a3640 1 -- 10.20.193.130:0/1959687831 <== mgr.14150 v2:10.20.193.130:6800/3222071354 2 ==== command_reply(tid 1: 0 ) ==== 8+0+52 (secure 0 0 0) 0x7fcd08109d00 con 0x7fccdc0418c0
2026-02-17T00:11:13.750 INFO:teuthology.orchestra.run.trial130.stdout:/usr/bin/ceph: stderr
2026-02-17T00:11:13.697+0000 7fcd0d8a5640 1 -- 10.20.193.130:0/1959687831 >> [v2:10.20.193.130:6800/3222071354,v1:10.20.193.130:6801/3222071354] conn(0x7fccdc0418c0 msgr2=0x7fccdc043cb0 secure :-1 s=STATE_CONNECTION_ESTABLISHED l=1).mark_down
2026-02-17T00:11:13.750 INFO:teuthology.orchestra.run.trial130.stdout:/usr/bin/ceph: stderr
2026-02-17T00:11:13.697+0000 7fcd0d8a5640 1 --2- 10.20.193.130:0/1959687831 >> [v2:10.20.193.130:6800/3222071354,v1:10.20.193.130:6801/3222071354] conn(0x7fccdc0418c0 0x7fccdc043cb0 secure :-1 s=READY pgs=1 cs=0 l=1 rev1=1 crypto rx=0x7fccf0003a80 tx=0x7fccf00092b0 comp rx=0 tx=0).stop
2026-02-17T00:11:13.750 INFO:teuthology.orchestra.run.trial130.stdout:/usr/bin/ceph: stderr
2026-02-17T00:11:13.697+0000 7fcd0d8a5640 1 -- 10.20.193.130:0/1959687831 >> [v2:10.20.193.130:3300/0,v1:10.20.193.130:6789/0] conn(0x7fcd08109880 msgr2=0x7fcd0819f770 secure :-1 s=STATE_CONNECTION_ESTABLISHED l=1).mark_down
2026-02-17T00:11:13.750 INFO:teuthology.orchestra.run.trial130.stdout:/usr/bin/ceph: stderr
2026-02-17T00:11:13.697+0000 7fcd0d8a5640 1 --2- 10.20.193.130:0/1959687831 >> [v2:10.20.193.130:3300/0,v1:10.20.193.130:6789/0] conn(0x7fcd08109880 0x7fcd0819f770 secure :-1 s=READY pgs=60 cs=0 l=1 rev1=1 crypto rx=0x7fccfc037820 tx=0x7fccfc037850 comp rx=0 tx=0).stop
2026-02-17T00:11:13.750 INFO:teuthology.orchestra.run.trial130.stdout:/usr/bin/ceph: stderr
2026-02-17T00:11:13.697+0000 7fcd0d8a5640 1 -- 10.20.193.130:0/1959687831 shutdown_connections
2026-02-17T00:11:13.750 INFO:teuthology.orchestra.run.trial130.stdout:/usr/bin/ceph: stderr
2026-02-17T00:11:13.697+0000 7fcd0d8a5640 1 --2- 10.20.193.130:0/1959687831 >> [v2:10.20.193.130:6800/3222071354,v1:10.20.193.130:6801/3222071354] conn(0x7fccdc0418c0 0x7fccdc043cb0 unknown :-1 s=CLOSED pgs=1 cs=0 l=1 rev1=1 crypto rx=0 tx=0 comp rx=0 tx=0).stop
2026-02-17T00:11:13.750 INFO:teuthology.orchestra.run.trial130.stdout:/usr/bin/ceph: stderr
2026-02-17T00:11:13.697+0000 7fcd0d8a5640 1 --2- 10.20.193.130:0/1959687831 >> [v2:10.20.193.130:6800/396741200,v1:10.20.193.130:6801/396741200] conn(0x7fccdc03dde0 0x7fccdc0402a0 unknown :-1 s=CLOSED pgs=0 cs=0 l=1 rev1=0 crypto rx=0 tx=0 comp rx=0 tx=0).stop
2026-02-17T00:11:13.750 INFO:teuthology.orchestra.run.trial130.stdout:/usr/bin/ceph: stderr
2026-02-17T00:11:13.697+0000 7fcd0d8a5640 1 --2- 10.20.193.130:0/1959687831 >> [v2:10.20.193.130:3300/0,v1:10.20.193.130:6789/0] conn(0x7fcd08109880 0x7fcd0819f770 unknown :-1 s=CLOSED pgs=60 cs=0 l=1 rev1=1 crypto rx=0 tx=0 comp rx=0 tx=0).stop
2026-02-17T00:11:13.750 INFO:teuthology.orchestra.run.trial130.stdout:/usr/bin/ceph: stderr
2026-02-17T00:11:13.697+0000 7fcd0d8a5640 1 -- 10.20.193.130:0/1959687831 >> 10.20.193.130:0/1959687831 conn(0x7fcd0807cf00 msgr2=0x7fcd08107040 unknown :-1 s=STATE_NONE l=0).mark_down
2026-02-17T00:11:13.750 INFO:teuthology.orchestra.run.trial130.stdout:/usr/bin/ceph: stderr
2026-02-17T00:11:13.697+0000 7fcd0d8a5640 1 -- 10.20.193.130:0/1959687831 shutdown_connections
2026-02-17T00:11:13.750 INFO:teuthology.orchestra.run.trial130.stdout:/usr/bin/ceph: stderr
2026-02-17T00:11:13.697+0000 7fcd0d8a5640 1 -- 10.20.193.130:0/1959687831 wait complete.
2026-02-17T00:11:13.750 INFO:teuthology.orchestra.run.trial130.stdout:mgr epoch 8 is available
2026-02-17T00:11:13.750 INFO:teuthology.orchestra.run.trial130.stdout:Generating a dashboard self-signed certificate...
2026-02-17T00:11:14.143 INFO:teuthology.orchestra.run.trial130.stdout:/usr/bin/ceph: stdout Self-signed certificate created
2026-02-17T00:11:14.144 INFO:teuthology.orchestra.run.trial130.stdout:/usr/bin/ceph: stderr
2026-02-17T00:11:13.869+0000 7f7864dc0640 1 Processor -- start
2026-02-17T00:11:14.144 INFO:teuthology.orchestra.run.trial130.stdout:/usr/bin/ceph: stderr
2026-02-17T00:11:13.869+0000 7f7864dc0640 1 -- start start
2026-02-17T00:11:14.144 INFO:teuthology.orchestra.run.trial130.stdout:/usr/bin/ceph: stderr
2026-02-17T00:11:13.873+0000 7f7864dc0640 1 --2- >> [v2:10.20.193.130:3300/0,v1:10.20.193.130:6789/0] conn(0x7f7860109880 0x7f7860109c80 unknown :-1 s=NONE pgs=0 cs=0 l=0 rev1=0 crypto rx=0 tx=0 comp rx=0 tx=0).connect
2026-02-17T00:11:14.144 INFO:teuthology.orchestra.run.trial130.stdout:/usr/bin/ceph: stderr
2026-02-17T00:11:13.873+0000 7f7864dc0640 1 -- --> [v2:10.20.193.130:3300/0,v1:10.20.193.130:6789/0] -- mon_getmap magic: 0 -- 0x7f786010a250 con 0x7f7860109880
2026-02-17T00:11:14.144 INFO:teuthology.orchestra.run.trial130.stdout:/usr/bin/ceph: stderr
2026-02-17T00:11:13.873+0000 7f785e575640 1 --2- >> [v2:10.20.193.130:3300/0,v1:10.20.193.130:6789/0] conn(0x7f7860109880 0x7f7860109c80 unknown :-1 s=BANNER_CONNECTING pgs=0 cs=0 l=0 rev1=0 crypto rx=0 tx=0 comp rx=0 tx=0)._handle_peer_banner_payload supported=3 required=0
2026-02-17T00:11:14.144 INFO:teuthology.orchestra.run.trial130.stdout:/usr/bin/ceph: stderr
2026-02-17T00:11:13.873+0000 7f785e575640 1 --2- >> [v2:10.20.193.130:3300/0,v1:10.20.193.130:6789/0] conn(0x7f7860109880 0x7f7860109c80 unknown :-1 s=HELLO_CONNECTING pgs=0 cs=0 l=0 rev1=1 crypto rx=0 tx=0 comp rx=0 tx=0).handle_hello peer v2:10.20.193.130:3300/0 says I am v2:10.20.193.130:41958/0 (socket says 10.20.193.130:41958)
2026-02-17T00:11:14.144 INFO:teuthology.orchestra.run.trial130.stdout:/usr/bin/ceph: stderr
2026-02-17T00:11:13.873+0000 7f785e575640 1 -- 10.20.193.130:0/2125656395 learned_addr learned my addr 10.20.193.130:0/2125656395 (peer_addr_for_me v2:10.20.193.130:0/0)
2026-02-17T00:11:14.144 INFO:teuthology.orchestra.run.trial130.stdout:/usr/bin/ceph: stderr
2026-02-17T00:11:13.873+0000 7f785e575640 1 -- 10.20.193.130:0/2125656395 --> [v2:10.20.193.130:3300/0,v1:10.20.193.130:6789/0] -- mon_subscribe({config=0+,monmap=0+}) -- 0x7f786010aa80 con 0x7f7860109880
2026-02-17T00:11:14.145 INFO:teuthology.orchestra.run.trial130.stdout:/usr/bin/ceph: stderr
2026-02-17T00:11:13.873+0000 7f785e575640 1 --2- 10.20.193.130:0/2125656395 >> [v2:10.20.193.130:3300/0,v1:10.20.193.130:6789/0] conn(0x7f7860109880 0x7f7860109c80 secure :-1 s=READY pgs=68 cs=0 l=1 rev1=1 crypto rx=0x7f7854009920 tx=0x7f785402ef20 comp rx=0 tx=0).ready entity=mon.0 client_cookie=7d8e7d163534750a server_cookie=0 in_seq=0 out_seq=0
2026-02-17T00:11:14.145 INFO:teuthology.orchestra.run.trial130.stdout:/usr/bin/ceph: stderr
2026-02-17T00:11:13.873+0000 7f785d573640 1 -- 10.20.193.130:0/2125656395 <== mon.0 v2:10.20.193.130:3300/0 1 ==== mon_map magic: 0 ==== 205+0+0 (secure 0 0 0) 0x7f785403c070 con 0x7f7860109880
2026-02-17T00:11:14.145 INFO:teuthology.orchestra.run.trial130.stdout:/usr/bin/ceph: stderr
2026-02-17T00:11:13.873+0000 7f785d573640 1 -- 10.20.193.130:0/2125656395 <== mon.0 v2:10.20.193.130:3300/0 2 ==== config(25 keys) ==== 1038+0+0 (secure 0 0 0) 0x7f7854037440 con 0x7f7860109880
2026-02-17T00:11:14.145 INFO:teuthology.orchestra.run.trial130.stdout:/usr/bin/ceph: stderr
2026-02-17T00:11:13.873+0000 7f785d573640 1 -- 10.20.193.130:0/2125656395 <== mon.0 v2:10.20.193.130:3300/0 3 ==== mon_map magic: 0 ==== 205+0+0 (secure 0 0 0) 0x7f78540354d0 con 0x7f7860109880
2026-02-17T00:11:14.145 INFO:teuthology.orchestra.run.trial130.stdout:/usr/bin/ceph: stderr
2026-02-17T00:11:13.873+0000 7f7864dc0640 1 -- 10.20.193.130:0/2125656395 >> [v2:10.20.193.130:3300/0,v1:10.20.193.130:6789/0] conn(0x7f7860109880 msgr2=0x7f7860109c80 secure :-1 s=STATE_CONNECTION_ESTABLISHED l=1).mark_down
2026-02-17T00:11:14.145 INFO:teuthology.orchestra.run.trial130.stdout:/usr/bin/ceph: stderr
2026-02-17T00:11:13.873+0000 7f7864dc0640 1 --2- 10.20.193.130:0/2125656395 >> [v2:10.20.193.130:3300/0,v1:10.20.193.130:6789/0] conn(0x7f7860109880 0x7f7860109c80 secure :-1 s=READY pgs=68 cs=0 l=1 rev1=1 crypto rx=0x7f7854009920 tx=0x7f785402ef20 comp rx=0 tx=0).stop
2026-02-17T00:11:14.145 INFO:teuthology.orchestra.run.trial130.stdout:/usr/bin/ceph: stderr
2026-02-17T00:11:13.873+0000 7f7864dc0640 1 -- 10.20.193.130:0/2125656395 shutdown_connections
2026-02-17T00:11:14.145 INFO:teuthology.orchestra.run.trial130.stdout:/usr/bin/ceph: stderr
2026-02-17T00:11:13.873+0000 7f7864dc0640 1 --2- 10.20.193.130:0/2125656395 >> [v2:10.20.193.130:3300/0,v1:10.20.193.130:6789/0] conn(0x7f7860109880 0x7f7860109c80 unknown :-1 s=CLOSED pgs=68 cs=0 l=1 rev1=1 crypto rx=0 tx=0 comp rx=0 tx=0).stop
2026-02-17T00:11:14.145 INFO:teuthology.orchestra.run.trial130.stdout:/usr/bin/ceph: stderr
2026-02-17T00:11:13.873+0000 7f7864dc0640 1 -- 10.20.193.130:0/2125656395 >> 10.20.193.130:0/2125656395 conn(0x7f786007ce10 msgr2=0x7f786007d220 unknown :-1 s=STATE_NONE l=0).mark_down
2026-02-17T00:11:14.145 INFO:teuthology.orchestra.run.trial130.stdout:/usr/bin/ceph: stderr
2026-02-17T00:11:13.873+0000 7f7864dc0640 1 -- 10.20.193.130:0/2125656395 shutdown_connections
2026-02-17T00:11:14.145 INFO:teuthology.orchestra.run.trial130.stdout:/usr/bin/ceph: stderr
2026-02-17T00:11:13.873+0000 7f7864dc0640 1 -- 10.20.193.130:0/2125656395 wait complete.
2026-02-17T00:11:14.145 INFO:teuthology.orchestra.run.trial130.stdout:/usr/bin/ceph: stderr
2026-02-17T00:11:13.873+0000 7f7864dc0640 1 Processor -- start
2026-02-17T00:11:14.146 INFO:teuthology.orchestra.run.trial130.stdout:/usr/bin/ceph: stderr
2026-02-17T00:11:13.873+0000 7f7864dc0640 1 -- start start
2026-02-17T00:11:14.146 INFO:teuthology.orchestra.run.trial130.stdout:/usr/bin/ceph: stderr
2026-02-17T00:11:13.873+0000 7f7864dc0640 1 --2- >> [v2:10.20.193.130:3300/0,v1:10.20.193.130:6789/0] conn(0x7f7860109880 0x7f786019f700 unknown :-1 s=NONE pgs=0 cs=0 l=1 rev1=0 crypto rx=0 tx=0 comp rx=0 tx=0).connect
2026-02-17T00:11:14.146 INFO:teuthology.orchestra.run.trial130.stdout:/usr/bin/ceph: stderr
2026-02-17T00:11:13.873+0000 7f7864dc0640 1 -- --> [v2:10.20.193.130:3300/0,v1:10.20.193.130:6789/0] -- mon_getmap magic: 0 -- 0x7f786010dcb0 con 0x7f7860109880
2026-02-17T00:11:14.146 INFO:teuthology.orchestra.run.trial130.stdout:/usr/bin/ceph: stderr
2026-02-17T00:11:13.873+0000 7f785e575640 1 --2- >> [v2:10.20.193.130:3300/0,v1:10.20.193.130:6789/0] conn(0x7f7860109880 0x7f786019f700 unknown :-1 s=BANNER_CONNECTING pgs=0 cs=0 l=1 rev1=0 crypto rx=0 tx=0 comp rx=0 tx=0)._handle_peer_banner_payload supported=3 required=0
2026-02-17T00:11:14.146 INFO:teuthology.orchestra.run.trial130.stdout:/usr/bin/ceph: stderr
2026-02-17T00:11:13.873+0000 7f785e575640 1 --2- >> [v2:10.20.193.130:3300/0,v1:10.20.193.130:6789/0] conn(0x7f7860109880 0x7f786019f700 unknown :-1 s=HELLO_CONNECTING pgs=0 cs=0 l=1 rev1=1 crypto rx=0 tx=0 comp rx=0 tx=0).handle_hello peer v2:10.20.193.130:3300/0 says I am v2:10.20.193.130:41962/0 (socket says 10.20.193.130:41962)
2026-02-17T00:11:14.146 INFO:teuthology.orchestra.run.trial130.stdout:/usr/bin/ceph: stderr
2026-02-17T00:11:13.873+0000 7f785e575640 1 -- 10.20.193.130:0/3669399245 learned_addr learned my addr 10.20.193.130:0/3669399245 (peer_addr_for_me v2:10.20.193.130:0/0)
2026-02-17T00:11:14.146 INFO:teuthology.orchestra.run.trial130.stdout:/usr/bin/ceph: stderr
2026-02-17T00:11:13.873+0000 7f785e575640 1 -- 10.20.193.130:0/3669399245 --> [v2:10.20.193.130:3300/0,v1:10.20.193.130:6789/0] -- mon_subscribe({config=0+,monmap=0+}) -- 0x7f786019fc40 con 0x7f7860109880
2026-02-17T00:11:14.146 INFO:teuthology.orchestra.run.trial130.stdout:/usr/bin/ceph: stderr
2026-02-17T00:11:13.873+0000 7f785e575640 1 --2- 10.20.193.130:0/3669399245 >> [v2:10.20.193.130:3300/0,v1:10.20.193.130:6789/0] conn(0x7f7860109880 0x7f786019f700 secure :-1 s=READY pgs=69 cs=0 l=1 rev1=1 crypto rx=0x7f7854037820 tx=0x7f7854037850 comp rx=0 tx=0).ready entity=mon.0 client_cookie=0 server_cookie=0 in_seq=0 out_seq=0
2026-02-17T00:11:14.146 INFO:teuthology.orchestra.run.trial130.stdout:/usr/bin/ceph: stderr
2026-02-17T00:11:13.873+0000 7f78477fe640 1 -- 10.20.193.130:0/3669399245 <== mon.0 v2:10.20.193.130:3300/0 1 ==== mon_map magic: 0 ==== 205+0+0 (secure 0 0 0) 0x7f7854047070 con 0x7f7860109880
2026-02-17T00:11:14.146 INFO:teuthology.orchestra.run.trial130.stdout:/usr/bin/ceph: stderr
2026-02-17T00:11:13.873+0000 7f7864dc0640 1 -- 10.20.193.130:0/3669399245 --> [v2:10.20.193.130:3300/0,v1:10.20.193.130:6789/0] -- mon_subscribe({mgrmap=0+}) -- 0x7f786019fed0 con 0x7f7860109880
2026-02-17T00:11:14.146 INFO:teuthology.orchestra.run.trial130.stdout:/usr/bin/ceph: stderr
2026-02-17T00:11:13.873+0000 7f78477fe640 1 -- 10.20.193.130:0/3669399245 <== mon.0 v2:10.20.193.130:3300/0 2 ==== config(25 keys) ==== 1038+0+0 (secure 0 0 0) 0x7f7854035d70 con 0x7f7860109880
2026-02-17T00:11:14.147 INFO:teuthology.orchestra.run.trial130.stdout:/usr/bin/ceph: stderr
2026-02-17T00:11:13.873+0000 7f78477fe640 1 -- 10.20.193.130:0/3669399245 <== mon.0 v2:10.20.193.130:3300/0 3 ==== mon_map magic: 0 ==== 205+0+0 (secure 0 0 0) 0x7f785403c070 con 0x7f7860109880
2026-02-17T00:11:14.147 INFO:teuthology.orchestra.run.trial130.stdout:/usr/bin/ceph: stderr
2026-02-17T00:11:13.873+0000 7f7864dc0640 1 -- 10.20.193.130:0/3669399245 --> [v2:10.20.193.130:3300/0,v1:10.20.193.130:6789/0] -- mon_subscribe({osdmap=0}) -- 0x7f78601a2bc0 con 0x7f7860109880
2026-02-17T00:11:14.147 INFO:teuthology.orchestra.run.trial130.stdout:/usr/bin/ceph: stderr
2026-02-17T00:11:13.873+0000 7f7864dc0640 1 -- 10.20.193.130:0/3669399245 --> [v2:10.20.193.130:3300/0,v1:10.20.193.130:6789/0] -- mon_command({"prefix": "get_command_descriptions"} v 0) -- 0x7f7860109d00 con 0x7f7860109880
2026-02-17T00:11:14.147 INFO:teuthology.orchestra.run.trial130.stdout:/usr/bin/ceph: stderr
2026-02-17T00:11:13.873+0000 7f78477fe640 1 -- 10.20.193.130:0/3669399245 <== mon.0 v2:10.20.193.130:3300/0 4 ==== mgrmap(e 10) ==== 50232+0+0 (secure 0 0 0) 0x7f785404c440 con 0x7f7860109880
2026-02-17T00:11:14.147 INFO:teuthology.orchestra.run.trial130.stdout:/usr/bin/ceph: stderr
2026-02-17T00:11:13.873+0000 7f78477fe640 1 --2- 10.20.193.130:0/3669399245 >> [v2:10.20.193.130:6800/3222071354,v1:10.20.193.130:6801/3222071354] conn(0x7f783803dc70 0x7f7838040130 unknown :-1 s=NONE pgs=0 cs=0 l=1 rev1=0 crypto rx=0 tx=0 comp rx=0 tx=0).connect
2026-02-17T00:11:14.147 INFO:teuthology.orchestra.run.trial130.stdout:/usr/bin/ceph: stderr
2026-02-17T00:11:13.873+0000 7f78477fe640 1 -- 10.20.193.130:0/3669399245 <== mon.0 v2:10.20.193.130:3300/0 5 ==== osd_map(3..3 src has 1..3) ==== 1155+0+0 (secure 0 0 0) 0x7f7854076f10 con 0x7f7860109880
2026-02-17T00:11:14.147 INFO:teuthology.orchestra.run.trial130.stdout:/usr/bin/ceph: stderr
2026-02-17T00:11:13.873+0000 7f785dd74640 1 --2- 10.20.193.130:0/3669399245 >> [v2:10.20.193.130:6800/3222071354,v1:10.20.193.130:6801/3222071354] conn(0x7f783803dc70 0x7f7838040130 unknown :-1 s=BANNER_CONNECTING pgs=0 cs=0 l=1 rev1=0 crypto rx=0 tx=0 comp rx=0 tx=0)._handle_peer_banner_payload supported=3 required=0
2026-02-17T00:11:14.147 INFO:teuthology.orchestra.run.trial130.stdout:/usr/bin/ceph: stderr
2026-02-17T00:11:13.873+0000 7f785dd74640 1 --2- 10.20.193.130:0/3669399245 >> [v2:10.20.193.130:6800/3222071354,v1:10.20.193.130:6801/3222071354] conn(0x7f783803dc70 0x7f7838040130 secure :-1 s=READY pgs=7 cs=0 l=1 rev1=1 crypto rx=0x7f78480099c0 tx=0x7f7848006eb0 comp rx=0 tx=0).ready entity=mgr.14150 client_cookie=0 server_cookie=0 in_seq=0 out_seq=0
2026-02-17T00:11:14.147 INFO:teuthology.orchestra.run.trial130.stdout:/usr/bin/ceph: stderr
2026-02-17T00:11:13.877+0000 7f78477fe640 1 -- 10.20.193.130:0/3669399245 <== mon.0 v2:10.20.193.130:3300/0 6 ==== mon_command_ack([{"prefix": "get_command_descriptions"}]=0 v0) ==== 72+0+195034 (secure 0 0 0) 0x7f785404c900 con 0x7f7860109880
2026-02-17T00:11:14.147 INFO:teuthology.orchestra.run.trial130.stdout:/usr/bin/ceph: stderr
2026-02-17T00:11:13.961+0000 7f7864dc0640 1 -- 10.20.193.130:0/3669399245 --> [v2:10.20.193.130:6800/3222071354,v1:10.20.193.130:6801/3222071354] -- mgr_command(tid 0: {"prefix": "dashboard create-self-signed-cert", "target": ["mon-mgr", ""]}) -- 0x7f78601076e0 con 0x7f783803dc70
2026-02-17T00:11:14.148 INFO:teuthology.orchestra.run.trial130.stdout:/usr/bin/ceph: stderr
2026-02-17T00:11:14.093+0000 7f78477fe640 1 -- 10.20.193.130:0/3669399245 <== mgr.14150 v2:10.20.193.130:6800/3222071354 1 ==== mgr_command_reply(tid 0: 0 ) ==== 8+0+32 (secure 0 0 0) 0x7f78601076e0 con 0x7f783803dc70
2026-02-17T00:11:14.148 INFO:teuthology.orchestra.run.trial130.stdout:/usr/bin/ceph: stderr
2026-02-17T00:11:14.093+0000 7f7864dc0640 1 -- 10.20.193.130:0/3669399245 >> [v2:10.20.193.130:6800/3222071354,v1:10.20.193.130:6801/3222071354] conn(0x7f783803dc70 msgr2=0x7f7838040130 secure :-1 s=STATE_CONNECTION_ESTABLISHED l=1).mark_down
2026-02-17T00:11:14.148 INFO:teuthology.orchestra.run.trial130.stdout:/usr/bin/ceph: stderr
2026-02-17T00:11:14.093+0000 7f7864dc0640 1 --2- 10.20.193.130:0/3669399245 >> [v2:10.20.193.130:6800/3222071354,v1:10.20.193.130:6801/3222071354] conn(0x7f783803dc70 0x7f7838040130 secure :-1 s=READY pgs=7 cs=0 l=1 rev1=1 crypto rx=0x7f78480099c0 tx=0x7f7848006eb0 comp rx=0 tx=0).stop
2026-02-17T00:11:14.148 INFO:teuthology.orchestra.run.trial130.stdout:/usr/bin/ceph: stderr
2026-02-17T00:11:14.093+0000 7f7864dc0640 1 -- 10.20.193.130:0/3669399245 >> [v2:10.20.193.130:3300/0,v1:10.20.193.130:6789/0] conn(0x7f7860109880 msgr2=0x7f786019f700 secure :-1 s=STATE_CONNECTION_ESTABLISHED l=1).mark_down
2026-02-17T00:11:14.148 INFO:teuthology.orchestra.run.trial130.stdout:/usr/bin/ceph: stderr
2026-02-17T00:11:14.093+0000 7f7864dc0640 1 --2- 10.20.193.130:0/3669399245 >> [v2:10.20.193.130:3300/0,v1:10.20.193.130:6789/0] conn(0x7f7860109880 0x7f786019f700 secure :-1 s=READY pgs=69 cs=0 l=1 rev1=1 crypto rx=0x7f7854037820 tx=0x7f7854037850 comp rx=0 tx=0).stop
2026-02-17T00:11:14.148 INFO:teuthology.orchestra.run.trial130.stdout:/usr/bin/ceph: stderr
2026-02-17T00:11:14.093+0000 7f7864dc0640 1 -- 10.20.193.130:0/3669399245 shutdown_connections
2026-02-17T00:11:14.148 INFO:teuthology.orchestra.run.trial130.stdout:/usr/bin/ceph: stderr
2026-02-17T00:11:14.093+0000 7f7864dc0640 1 --2- 10.20.193.130:0/3669399245 >> [v2:10.20.193.130:6800/3222071354,v1:10.20.193.130:6801/3222071354] conn(0x7f783803dc70 0x7f7838040130 unknown :-1 s=CLOSED pgs=7 cs=0 l=1 rev1=1 crypto rx=0 tx=0 comp rx=0 tx=0).stop
2026-02-17T00:11:14.148 INFO:teuthology.orchestra.run.trial130.stdout:/usr/bin/ceph: stderr
2026-02-17T00:11:14.093+0000 7f7864dc0640 1 --2- 10.20.193.130:0/3669399245 >> [v2:10.20.193.130:3300/0,v1:10.20.193.130:6789/0] conn(0x7f7860109880 0x7f786019f700 unknown :-1 s=CLOSED pgs=69 cs=0 l=1 rev1=1 crypto rx=0 tx=0 comp rx=0 tx=0).stop
2026-02-17T00:11:14.148 INFO:teuthology.orchestra.run.trial130.stdout:/usr/bin/ceph: stderr
2026-02-17T00:11:14.093+0000 7f7864dc0640 1 -- 10.20.193.130:0/3669399245 >> 10.20.193.130:0/3669399245 conn(0x7f786007ce10 msgr2=0x7f7860106fd0 unknown :-1 s=STATE_NONE l=0).mark_down
2026-02-17T00:11:14.148 INFO:teuthology.orchestra.run.trial130.stdout:/usr/bin/ceph: stderr
2026-02-17T00:11:14.093+0000 7f7864dc0640 1 -- 10.20.193.130:0/3669399245 shutdown_connections
2026-02-17T00:11:14.149 INFO:teuthology.orchestra.run.trial130.stdout:/usr/bin/ceph: stderr
2026-02-17T00:11:14.093+0000 7f7864dc0640 1 -- 10.20.193.130:0/3669399245 wait complete.
2026-02-17T00:11:14.149 INFO:teuthology.orchestra.run.trial130.stdout:Creating initial admin user...
2026-02-17T00:11:14.573 INFO:teuthology.orchestra.run.trial130.stdout:/usr/bin/ceph: stdout {"username": "admin", "password": "$2b$12$7kTiUUjEgiGXrhC5EDSLMuHsihNjDfkDDuJfL3.PP1k6bfB1D.5zC", "roles": ["administrator"], "name": null, "email": null, "lastUpdate": 1771287074, "enabled": true, "pwdExpirationDate": null, "pwdUpdateRequired": true}
2026-02-17T00:11:14.573 INFO:teuthology.orchestra.run.trial130.stdout:/usr/bin/ceph: stderr
2026-02-17T00:11:14.225+0000 7f6c3c0d1640 1 Processor -- start
2026-02-17T00:11:14.573 INFO:teuthology.orchestra.run.trial130.stdout:/usr/bin/ceph: stderr
2026-02-17T00:11:14.225+0000 7f6c3c0d1640 1 -- start start
2026-02-17T00:11:14.573 INFO:teuthology.orchestra.run.trial130.stdout:/usr/bin/ceph: stderr
2026-02-17T00:11:14.225+0000 7f6c3c0d1640 1 --2- >> [v2:10.20.193.130:3300/0,v1:10.20.193.130:6789/0] conn(0x7f6c34109880 0x7f6c34109c80 unknown :-1 s=NONE pgs=0 cs=0 l=0 rev1=0 crypto rx=0 tx=0 comp rx=0 tx=0).connect
2026-02-17T00:11:14.574 INFO:teuthology.orchestra.run.trial130.stdout:/usr/bin/ceph: stderr
2026-02-17T00:11:14.225+0000 7f6c3c0d1640 1 -- --> [v2:10.20.193.130:3300/0,v1:10.20.193.130:6789/0] -- mon_getmap magic: 0 -- 0x7f6c3410a250 con 0x7f6c34109880
2026-02-17T00:11:14.574 INFO:teuthology.orchestra.run.trial130.stdout:/usr/bin/ceph: stderr
2026-02-17T00:11:14.225+0000 7f6c39e46640 1 --2- >> [v2:10.20.193.130:3300/0,v1:10.20.193.130:6789/0] conn(0x7f6c34109880 0x7f6c34109c80 unknown :-1 s=BANNER_CONNECTING pgs=0 cs=0 l=0 rev1=0 crypto rx=0 tx=0 comp rx=0 tx=0)._handle_peer_banner_payload supported=3 required=0
2026-02-17T00:11:14.574 INFO:teuthology.orchestra.run.trial130.stdout:/usr/bin/ceph: stderr
2026-02-17T00:11:14.225+0000 7f6c39e46640 1 --2- >> [v2:10.20.193.130:3300/0,v1:10.20.193.130:6789/0] conn(0x7f6c34109880 0x7f6c34109c80 unknown :-1 s=HELLO_CONNECTING pgs=0 cs=0 l=0 rev1=1 crypto rx=0 tx=0 comp rx=0 tx=0).handle_hello peer v2:10.20.193.130:3300/0 says I am v2:10.20.193.130:41970/0 (socket says 10.20.193.130:41970)
2026-02-17T00:11:14.574 INFO:teuthology.orchestra.run.trial130.stdout:/usr/bin/ceph: stderr
2026-02-17T00:11:14.225+0000 7f6c39e46640 1 -- 10.20.193.130:0/1778373561 learned_addr learned my addr 10.20.193.130:0/1778373561 (peer_addr_for_me v2:10.20.193.130:0/0)
2026-02-17T00:11:14.574 INFO:teuthology.orchestra.run.trial130.stdout:/usr/bin/ceph: stderr
2026-02-17T00:11:14.225+0000 7f6c39e46640 1 -- 10.20.193.130:0/1778373561 --> [v2:10.20.193.130:3300/0,v1:10.20.193.130:6789/0] -- mon_subscribe({config=0+,monmap=0+}) -- 0x7f6c3410aa80 con 0x7f6c34109880
2026-02-17T00:11:14.574 INFO:teuthology.orchestra.run.trial130.stdout:/usr/bin/ceph: stderr
2026-02-17T00:11:14.225+0000 7f6c39e46640 1 --2- 10.20.193.130:0/1778373561 >> [v2:10.20.193.130:3300/0,v1:10.20.193.130:6789/0] conn(0x7f6c34109880 0x7f6c34109c80 secure :-1 s=READY pgs=70 cs=0 l=1 rev1=1 crypto rx=0x7f6c24009920 tx=0x7f6c2402ef20 comp rx=0 tx=0).ready entity=mon.0 client_cookie=8716bfc330b68d7a server_cookie=0 in_seq=0 out_seq=0
2026-02-17T00:11:14.574 INFO:teuthology.orchestra.run.trial130.stdout:/usr/bin/ceph: stderr
2026-02-17T00:11:14.229+0000 7f6c38e44640 1 -- 10.20.193.130:0/1778373561 <== mon.0 v2:10.20.193.130:3300/0 1 ==== mon_map magic: 0 ==== 205+0+0 (secure 0 0 0) 0x7f6c2403c070 con 0x7f6c34109880
2026-02-17T00:11:14.574 INFO:teuthology.orchestra.run.trial130.stdout:/usr/bin/ceph: stderr
2026-02-17T00:11:14.229+0000 7f6c38e44640 1 -- 10.20.193.130:0/1778373561 <== mon.0 v2:10.20.193.130:3300/0 2 ==== config(25 keys) ==== 1038+0+0 (secure 0 0 0) 0x7f6c24037440 con 0x7f6c34109880
2026-02-17T00:11:14.574 INFO:teuthology.orchestra.run.trial130.stdout:/usr/bin/ceph: stderr
2026-02-17T00:11:14.229+0000 7f6c38e44640 1 -- 10.20.193.130:0/1778373561 <== mon.0 v2:10.20.193.130:3300/0 3 ==== mon_map magic: 0 ==== 205+0+0 (secure 0 0 0) 0x7f6c240354d0 con 0x7f6c34109880
2026-02-17T00:11:14.574 INFO:teuthology.orchestra.run.trial130.stdout:/usr/bin/ceph: stderr
2026-02-17T00:11:14.229+0000 7f6c3c0d1640 1 -- 10.20.193.130:0/1778373561 >> [v2:10.20.193.130:3300/0,v1:10.20.193.130:6789/0] conn(0x7f6c34109880 msgr2=0x7f6c34109c80 secure :-1 s=STATE_CONNECTION_ESTABLISHED l=1).mark_down
2026-02-17T00:11:14.574 INFO:teuthology.orchestra.run.trial130.stdout:/usr/bin/ceph: stderr
2026-02-17T00:11:14.229+0000 7f6c3c0d1640 1 --2- 10.20.193.130:0/1778373561 >> [v2:10.20.193.130:3300/0,v1:10.20.193.130:6789/0] conn(0x7f6c34109880 0x7f6c34109c80 secure :-1 s=READY pgs=70 cs=0 l=1 rev1=1 crypto rx=0x7f6c24009920 tx=0x7f6c2402ef20 comp rx=0 tx=0).stop
2026-02-17T00:11:14.575 INFO:teuthology.orchestra.run.trial130.stdout:/usr/bin/ceph: stderr
2026-02-17T00:11:14.229+0000 7f6c3c0d1640 1 -- 10.20.193.130:0/1778373561 shutdown_connections
2026-02-17T00:11:14.575 INFO:teuthology.orchestra.run.trial130.stdout:/usr/bin/ceph: stderr
2026-02-17T00:11:14.229+0000 7f6c3c0d1640 1 --2- 10.20.193.130:0/1778373561 >> [v2:10.20.193.130:3300/0,v1:10.20.193.130:6789/0] conn(0x7f6c34109880 0x7f6c34109c80 unknown :-1 s=CLOSED pgs=70 cs=0 l=1 rev1=1 crypto rx=0 tx=0 comp rx=0 tx=0).stop
2026-02-17T00:11:14.575 INFO:teuthology.orchestra.run.trial130.stdout:/usr/bin/ceph: stderr
2026-02-17T00:11:14.229+0000 7f6c3c0d1640 1 -- 10.20.193.130:0/1778373561 >> 10.20.193.130:0/1778373561 conn(0x7f6c3407ce10 msgr2=0x7f6c3407d220 unknown :-1 s=STATE_NONE l=0).mark_down
2026-02-17T00:11:14.575 INFO:teuthology.orchestra.run.trial130.stdout:/usr/bin/ceph: stderr
2026-02-17T00:11:14.229+0000 7f6c3c0d1640 1 -- 10.20.193.130:0/1778373561 shutdown_connections
2026-02-17T00:11:14.575 INFO:teuthology.orchestra.run.trial130.stdout:/usr/bin/ceph: stderr
2026-02-17T00:11:14.229+0000 7f6c3c0d1640 1 -- 10.20.193.130:0/1778373561 wait complete.
2026-02-17T00:11:14.575 INFO:teuthology.orchestra.run.trial130.stdout:/usr/bin/ceph: stderr
2026-02-17T00:11:14.229+0000 7f6c3c0d1640 1 Processor -- start
2026-02-17T00:11:14.575 INFO:teuthology.orchestra.run.trial130.stdout:/usr/bin/ceph: stderr
2026-02-17T00:11:14.229+0000 7f6c3c0d1640 1 -- start start
2026-02-17T00:11:14.575 INFO:teuthology.orchestra.run.trial130.stdout:/usr/bin/ceph: stderr
2026-02-17T00:11:14.229+0000 7f6c3c0d1640 1 --2- >> [v2:10.20.193.130:3300/0,v1:10.20.193.130:6789/0] conn(0x7f6c34109880 0x7f6c3419f700 unknown :-1 s=NONE pgs=0 cs=0 l=1 rev1=0 crypto rx=0 tx=0 comp rx=0 tx=0).connect
2026-02-17T00:11:14.575 INFO:teuthology.orchestra.run.trial130.stdout:/usr/bin/ceph: stderr
2026-02-17T00:11:14.229+0000 7f6c3c0d1640 1 -- --> [v2:10.20.193.130:3300/0,v1:10.20.193.130:6789/0] -- mon_getmap magic: 0 -- 0x7f6c3410dcb0 con 0x7f6c34109880
2026-02-17T00:11:14.575 INFO:teuthology.orchestra.run.trial130.stdout:/usr/bin/ceph: stderr
2026-02-17T00:11:14.229+0000 7f6c39e46640 1 --2- >> [v2:10.20.193.130:3300/0,v1:10.20.193.130:6789/0] conn(0x7f6c34109880 0x7f6c3419f700 unknown :-1 s=BANNER_CONNECTING pgs=0 cs=0 l=1 rev1=0 crypto rx=0 tx=0 comp rx=0 tx=0)._handle_peer_banner_payload supported=3 required=0
2026-02-17T00:11:14.575 INFO:teuthology.orchestra.run.trial130.stdout:/usr/bin/ceph: stderr
2026-02-17T00:11:14.229+0000 7f6c39e46640 1 --2- >> [v2:10.20.193.130:3300/0,v1:10.20.193.130:6789/0] conn(0x7f6c34109880 0x7f6c3419f700 unknown :-1 s=HELLO_CONNECTING pgs=0 cs=0 l=1 rev1=1 crypto rx=0 tx=0 comp rx=0 tx=0).handle_hello peer v2:10.20.193.130:3300/0 says I am v2:10.20.193.130:41984/0 (socket says 10.20.193.130:41984)
2026-02-17T00:11:14.575 INFO:teuthology.orchestra.run.trial130.stdout:/usr/bin/ceph: stderr
2026-02-17T00:11:14.229+0000 7f6c39e46640 1 -- 10.20.193.130:0/2554009263 learned_addr learned my addr 10.20.193.130:0/2554009263 (peer_addr_for_me v2:10.20.193.130:0/0)
2026-02-17T00:11:14.576 INFO:teuthology.orchestra.run.trial130.stdout:/usr/bin/ceph: stderr
2026-02-17T00:11:14.229+0000 7f6c39e46640 1 -- 10.20.193.130:0/2554009263 --> [v2:10.20.193.130:3300/0,v1:10.20.193.130:6789/0] -- mon_subscribe({config=0+,monmap=0+}) -- 0x7f6c3419fc40 con 0x7f6c34109880
2026-02-17T00:11:14.576 INFO:teuthology.orchestra.run.trial130.stdout:/usr/bin/ceph: stderr
2026-02-17T00:11:14.229+0000 7f6c39e46640 1 --2- 10.20.193.130:0/2554009263 >> [v2:10.20.193.130:3300/0,v1:10.20.193.130:6789/0] conn(0x7f6c34109880 0x7f6c3419f700 secure :-1 s=READY pgs=71 cs=0 l=1 rev1=1 crypto rx=0x7f6c24037820 tx=0x7f6c24037850 comp rx=0 tx=0).ready entity=mon.0 client_cookie=0 server_cookie=0 in_seq=0 out_seq=0
2026-02-17T00:11:14.576 INFO:teuthology.orchestra.run.trial130.stdout:/usr/bin/ceph: stderr
2026-02-17T00:11:14.229+0000 7f6c22ffd640 1 -- 10.20.193.130:0/2554009263 <== mon.0 v2:10.20.193.130:3300/0 1 ==== mon_map magic: 0 ==== 205+0+0 (secure 0 0 0) 0x7f6c24047070 con 0x7f6c34109880
2026-02-17T00:11:14.576 INFO:teuthology.orchestra.run.trial130.stdout:/usr/bin/ceph: stderr
2026-02-17T00:11:14.229+0000 7f6c22ffd640 1 -- 10.20.193.130:0/2554009263 <== mon.0 v2:10.20.193.130:3300/0 2 ==== config(25 keys) ==== 1038+0+0 (secure 0 0 0) 0x7f6c24035d70 con 0x7f6c34109880
2026-02-17T00:11:14.576 INFO:teuthology.orchestra.run.trial130.stdout:/usr/bin/ceph: stderr
2026-02-17T00:11:14.229+0000 7f6c3c0d1640 1 -- 10.20.193.130:0/2554009263 --> [v2:10.20.193.130:3300/0,v1:10.20.193.130:6789/0] -- mon_subscribe({mgrmap=0+}) -- 0x7f6c3419fed0 con 0x7f6c34109880
2026-02-17T00:11:14.576 INFO:teuthology.orchestra.run.trial130.stdout:/usr/bin/ceph: stderr
2026-02-17T00:11:14.229+0000 7f6c22ffd640 1 -- 10.20.193.130:0/2554009263 <== mon.0 v2:10.20.193.130:3300/0 3 ==== mon_map magic: 0 ==== 205+0+0 (secure 0 0 0) 0x7f6c2403c070 con 0x7f6c34109880
2026-02-17T00:11:14.576 INFO:teuthology.orchestra.run.trial130.stdout:/usr/bin/ceph: stderr
2026-02-17T00:11:14.229+0000 7f6c3c0d1640 1 -- 10.20.193.130:0/2554009263 --> [v2:10.20.193.130:3300/0,v1:10.20.193.130:6789/0] -- mon_subscribe({osdmap=0}) -- 0x7f6c341a2bc0 con 0x7f6c34109880
2026-02-17T00:11:14.576 INFO:teuthology.orchestra.run.trial130.stdout:/usr/bin/ceph: stderr
2026-02-17T00:11:14.229+0000 7f6c3c0d1640 1 -- 10.20.193.130:0/2554009263 --> [v2:10.20.193.130:3300/0,v1:10.20.193.130:6789/0] -- mon_command({"prefix": "get_command_descriptions"} v 0) -- 0x7f6c341a03b0 con 0x7f6c34109880
2026-02-17T00:11:14.576 INFO:teuthology.orchestra.run.trial130.stdout:/usr/bin/ceph: stderr
2026-02-17T00:11:14.229+0000 7f6c22ffd640 1 -- 10.20.193.130:0/2554009263 <== mon.0 v2:10.20.193.130:3300/0 4 ==== mgrmap(e 10) ==== 50232+0+0 (secure 0 0 0) 0x7f6c24035900 con 0x7f6c34109880
2026-02-17T00:11:14.576 INFO:teuthology.orchestra.run.trial130.stdout:/usr/bin/ceph: stderr
2026-02-17T00:11:14.229+0000 7f6c22ffd640 1 --2- 10.20.193.130:0/2554009263 >> [v2:10.20.193.130:6800/3222071354,v1:10.20.193.130:6801/3222071354] conn(0x7f6c1003dcc0 0x7f6c10040180 unknown :-1 s=NONE pgs=0 cs=0 l=1 rev1=0 crypto rx=0 tx=0 comp rx=0 tx=0).connect
2026-02-17T00:11:14.576 INFO:teuthology.orchestra.run.trial130.stdout:/usr/bin/ceph: stderr
2026-02-17T00:11:14.229+0000 7f6c22ffd640 1 -- 10.20.193.130:0/2554009263 <== mon.0 v2:10.20.193.130:3300/0 5 ==== osd_map(3..3 src has 1..3) ==== 1155+0+0 (secure 0 0 0) 0x7f6c24076dc0 con 0x7f6c34109880
2026-02-17T00:11:14.576 INFO:teuthology.orchestra.run.trial130.stdout:/usr/bin/ceph: stderr
2026-02-17T00:11:14.229+0000 7f6c39645640 1 --2- 10.20.193.130:0/2554009263 >> [v2:10.20.193.130:6800/3222071354,v1:10.20.193.130:6801/3222071354] conn(0x7f6c1003dcc0 0x7f6c10040180 unknown :-1 s=BANNER_CONNECTING pgs=0 cs=0 l=1 rev1=0 crypto rx=0 tx=0 comp rx=0 tx=0)._handle_peer_banner_payload supported=3 required=0
2026-02-17T00:11:14.577 INFO:teuthology.orchestra.run.trial130.stdout:/usr/bin/ceph: stderr
2026-02-17T00:11:14.229+0000 7f6c39645640 1 --2- 10.20.193.130:0/2554009263 >> [v2:10.20.193.130:6800/3222071354,v1:10.20.193.130:6801/3222071354] conn(0x7f6c1003dcc0 0x7f6c10040180 secure :-1 s=READY pgs=8 cs=0 l=1 rev1=1 crypto rx=0x7f6c280099c0 tx=0x7f6c28006eb0 comp rx=0 tx=0).ready entity=mgr.14150 client_cookie=0 server_cookie=0 in_seq=0 out_seq=0
2026-02-17T00:11:14.577 INFO:teuthology.orchestra.run.trial130.stdout:/usr/bin/ceph: stderr
2026-02-17T00:11:14.233+0000 7f6c22ffd640 1 -- 10.20.193.130:0/2554009263 <== mon.0 v2:10.20.193.130:3300/0 6 ==== mon_command_ack([{"prefix": "get_command_descriptions"}]=0 v0) ==== 72+0+195034 (secure 0 0 0) 0x7f6c341a03b0 con 0x7f6c34109880
2026-02-17T00:11:14.577 INFO:teuthology.orchestra.run.trial130.stdout:/usr/bin/ceph: stderr
2026-02-17T00:11:14.321+0000 7f6c3c0d1640 1 -- 10.20.193.130:0/2554009263 --> [v2:10.20.193.130:6800/3222071354,v1:10.20.193.130:6801/3222071354] -- mgr_command(tid 0: {"prefix": "dashboard ac-user-create", "username": "admin", "rolename": "administrator", "force_password": true, "pwd_update_required": true, "target": ["mon-mgr", ""]}) -- 0x7f6c34109d00 con 0x7f6c1003dcc0
2026-02-17T00:11:14.577 INFO:teuthology.orchestra.run.trial130.stdout:/usr/bin/ceph: stderr
2026-02-17T00:11:14.525+0000 7f6c22ffd640 1 -- 10.20.193.130:0/2554009263 <== mgr.14150 v2:10.20.193.130:6800/3222071354 1 ==== mgr_command_reply(tid 0: 0 ) ==== 8+0+252 (secure 0 0 0) 0x7f6c34109d00 con 0x7f6c1003dcc0
2026-02-17T00:11:14.577 INFO:teuthology.orchestra.run.trial130.stdout:/usr/bin/ceph: stderr
2026-02-17T00:11:14.525+0000 7f6c3c0d1640 1 -- 10.20.193.130:0/2554009263 >> [v2:10.20.193.130:6800/3222071354,v1:10.20.193.130:6801/3222071354] conn(0x7f6c1003dcc0 msgr2=0x7f6c10040180 secure :-1 s=STATE_CONNECTION_ESTABLISHED l=1).mark_down
