2026-02-17T00:19:49.628+0000 7f6dba6b3640 1 --2- 10.20.193.30:0/2973406235 >> [v2:10.20.193.30:3300/0,v1:10.20.193.30:6789/0] conn(0x7f6db4108a60 0x7f6db4108e60 secure :-1 s=READY pgs=39 cs=0 l=1 rev1=1 crypto rx=0x7f6da0009920 tx=0x7f6da002ef20 comp rx=0 tx=0).stop
2026-02-17T00:19:49.769 INFO:teuthology.orchestra.run.trial030.stdout:/usr/bin/ceph: stderr
2026-02-17T00:19:49.628+0000 7f6dba6b3640 1 -- 10.20.193.30:0/2973406235 shutdown_connections
2026-02-17T00:19:49.769 INFO:teuthology.orchestra.run.trial030.stdout:/usr/bin/ceph: stderr
2026-02-17T00:19:49.628+0000 7f6dba6b3640 1 --2- 10.20.193.30:0/2973406235 >> [v2:10.20.193.30:3300/0,v1:10.20.193.30:6789/0] conn(0x7f6db4108a60 0x7f6db4108e60 unknown :-1 s=CLOSED pgs=39 cs=0 l=1 rev1=1 crypto rx=0 tx=0 comp rx=0 tx=0).stop
2026-02-17T00:19:49.770 INFO:teuthology.orchestra.run.trial030.stdout:/usr/bin/ceph: stderr
2026-02-17T00:19:49.628+0000 7f6dba6b3640 1 -- 10.20.193.30:0/2973406235 >> 10.20.193.30:0/2973406235 conn(0x7f6db407bf50 msgr2=0x7f6db407c380 unknown :-1 s=STATE_NONE l=0).mark_down
2026-02-17T00:19:49.770 INFO:teuthology.orchestra.run.trial030.stdout:/usr/bin/ceph: stderr
2026-02-17T00:19:49.628+0000 7f6dba6b3640 1 -- 10.20.193.30:0/2973406235 shutdown_connections
2026-02-17T00:19:49.770 INFO:teuthology.orchestra.run.trial030.stdout:/usr/bin/ceph: stderr
2026-02-17T00:19:49.628+0000 7f6dba6b3640 1 -- 10.20.193.30:0/2973406235 wait complete.
2026-02-17T00:19:49.770 INFO:teuthology.orchestra.run.trial030.stdout:/usr/bin/ceph: stderr
2026-02-17T00:19:49.628+0000 7f6dba6b3640 1 Processor -- start
2026-02-17T00:19:49.770 INFO:teuthology.orchestra.run.trial030.stdout:/usr/bin/ceph: stderr
2026-02-17T00:19:49.628+0000 7f6dba6b3640 1 -- start start
2026-02-17T00:19:49.770 INFO:teuthology.orchestra.run.trial030.stdout:/usr/bin/ceph: stderr
2026-02-17T00:19:49.629+0000 7f6dba6b3640 1 --2- >> [v2:10.20.193.30:3300/0,v1:10.20.193.30:6789/0] conn(0x7f6db4108a60 0x7f6db419e930 unknown :-1 s=NONE pgs=0 cs=0 l=1 rev1=0 crypto rx=0 tx=0 comp rx=0 tx=0).connect
2026-02-17T00:19:49.770 INFO:teuthology.orchestra.run.trial030.stdout:/usr/bin/ceph: stderr
2026-02-17T00:19:49.629+0000 7f6dba6b3640 1 -- --> [v2:10.20.193.30:3300/0,v1:10.20.193.30:6789/0] -- mon_getmap magic: 0 -- 0x7f6db410ce90 con 0x7f6db4108a60
2026-02-17T00:19:49.770 INFO:teuthology.orchestra.run.trial030.stdout:/usr/bin/ceph: stderr
2026-02-17T00:19:49.629+0000 7f6db3fff640 1 --2- >> [v2:10.20.193.30:3300/0,v1:10.20.193.30:6789/0] conn(0x7f6db4108a60 0x7f6db419e930 unknown :-1 s=BANNER_CONNECTING pgs=0 cs=0 l=1 rev1=0 crypto rx=0 tx=0 comp rx=0 tx=0)._handle_peer_banner_payload supported=3 required=0
2026-02-17T00:19:49.770 INFO:teuthology.orchestra.run.trial030.stdout:/usr/bin/ceph: stderr
2026-02-17T00:19:49.629+0000 7f6db3fff640 1 --2- >> [v2:10.20.193.30:3300/0,v1:10.20.193.30:6789/0] conn(0x7f6db4108a60 0x7f6db419e930 unknown :-1 s=HELLO_CONNECTING pgs=0 cs=0 l=1 rev1=1 crypto rx=0 tx=0 comp rx=0 tx=0).handle_hello peer v2:10.20.193.30:3300/0 says I am v2:10.20.193.30:38480/0 (socket says 10.20.193.30:38480)
2026-02-17T00:19:49.770 INFO:teuthology.orchestra.run.trial030.stdout:/usr/bin/ceph: stderr
2026-02-17T00:19:49.629+0000 7f6db3fff640 1 -- 10.20.193.30:0/705374950 learned_addr learned my addr 10.20.193.30:0/705374950 (peer_addr_for_me v2:10.20.193.30:0/0)
2026-02-17T00:19:49.770 INFO:teuthology.orchestra.run.trial030.stdout:/usr/bin/ceph: stderr
2026-02-17T00:19:49.629+0000 7f6db3fff640 1 -- 10.20.193.30:0/705374950 --> [v2:10.20.193.30:3300/0,v1:10.20.193.30:6789/0] -- mon_subscribe({config=0+,monmap=0+}) -- 0x7f6db419ee70 con 0x7f6db4108a60
2026-02-17T00:19:49.770 INFO:teuthology.orchestra.run.trial030.stdout:/usr/bin/ceph: stderr
2026-02-17T00:19:49.629+0000 7f6db3fff640 1 --2- 10.20.193.30:0/705374950 >> [v2:10.20.193.30:3300/0,v1:10.20.193.30:6789/0] conn(0x7f6db4108a60 0x7f6db419e930 secure :-1 s=READY pgs=40 cs=0 l=1 rev1=1 crypto rx=0x7f6da0006fd0 tx=0x7f6da0035b90 comp rx=0 tx=0).ready entity=mon.0 client_cookie=0 server_cookie=0 in_seq=0 out_seq=0
2026-02-17T00:19:49.771 INFO:teuthology.orchestra.run.trial030.stdout:/usr/bin/ceph: stderr
2026-02-17T00:19:49.629+0000 7f6db17fa640 1 -- 10.20.193.30:0/705374950 <== mon.0 v2:10.20.193.30:3300/0 1 ==== mon_map magic: 0 ==== 205+0+0 (secure 0 0 0) 0x7f6da0045070 con 0x7f6db4108a60
2026-02-17T00:19:49.771 INFO:teuthology.orchestra.run.trial030.stdout:/usr/bin/ceph: stderr
2026-02-17T00:19:49.629+0000 7f6dba6b3640 1 -- 10.20.193.30:0/705374950 --> [v2:10.20.193.30:3300/0,v1:10.20.193.30:6789/0] -- mon_subscribe({mgrmap=0+}) -- 0x7f6db419f100 con 0x7f6db4108a60
2026-02-17T00:19:49.771 INFO:teuthology.orchestra.run.trial030.stdout:/usr/bin/ceph: stderr
2026-02-17T00:19:49.629+0000 7f6db17fa640 1 -- 10.20.193.30:0/705374950 <== mon.0 v2:10.20.193.30:3300/0 2 ==== config(25 keys) ==== 998+0+0 (secure 0 0 0) 0x7f6da0040450 con 0x7f6db4108a60
2026-02-17T00:19:49.771 INFO:teuthology.orchestra.run.trial030.stdout:/usr/bin/ceph: stderr
2026-02-17T00:19:49.629+0000 7f6db17fa640 1 -- 10.20.193.30:0/705374950 <== mon.0 v2:10.20.193.30:3300/0 3 ==== mon_map magic: 0 ==== 205+0+0 (secure 0 0 0) 0x7f6da003c070 con 0x7f6db4108a60
2026-02-17T00:19:49.771 INFO:teuthology.orchestra.run.trial030.stdout:/usr/bin/ceph: stderr
2026-02-17T00:19:49.629+0000 7f6dba6b3640 1 -- 10.20.193.30:0/705374950 --> [v2:10.20.193.30:3300/0,v1:10.20.193.30:6789/0] -- mon_subscribe({osdmap=0}) -- 0x7f6db41a1df0 con 0x7f6db4108a60
2026-02-17T00:19:49.771 INFO:teuthology.orchestra.run.trial030.stdout:/usr/bin/ceph: stderr
2026-02-17T00:19:49.629+0000 7f6dba6b3640 1 -- 10.20.193.30:0/705374950 --> [v2:10.20.193.30:3300/0,v1:10.20.193.30:6789/0] -- mon_command({"prefix": "get_command_descriptions"} v 0) -- 0x7f6db4108ee0 con 0x7f6db4108a60
2026-02-17T00:19:49.771 INFO:teuthology.orchestra.run.trial030.stdout:/usr/bin/ceph: stderr
2026-02-17T00:19:49.630+0000 7f6db17fa640 1 -- 10.20.193.30:0/705374950 <== mon.0 v2:10.20.193.30:3300/0 4 ==== mgrmap(e 7) ==== 50184+0+0 (secure 0 0 0) 0x7f6da0040870 con 0x7f6db4108a60
2026-02-17T00:19:49.771 INFO:teuthology.orchestra.run.trial030.stdout:/usr/bin/ceph: stderr
2026-02-17T00:19:49.630+0000 7f6db17fa640 1 --2- 10.20.193.30:0/705374950 >> v2:10.20.193.30:6800/3178147410 conn(0x7f6d8803dbe0 0x7f6d880400a0 unknown :-1 s=NONE pgs=0 cs=0 l=1 rev1=0 crypto rx=0 tx=0 comp rx=0 tx=0).connect
2026-02-17T00:19:49.771 INFO:teuthology.orchestra.run.trial030.stdout:/usr/bin/ceph: stderr
2026-02-17T00:19:49.630+0000 7f6db17fa640 1 -- 10.20.193.30:0/705374950 <== mon.0 v2:10.20.193.30:3300/0 5 ==== osd_map(2..2 src has 1..2) ==== 897+0+0 (secure 0 0 0) 0x7f6da0076810 con 0x7f6db4108a60
2026-02-17T00:19:49.771 INFO:teuthology.orchestra.run.trial030.stdout:/usr/bin/ceph: stderr
2026-02-17T00:19:49.630+0000 7f6db37fe640 1 --2- 10.20.193.30:0/705374950 >> v2:10.20.193.30:6800/3178147410 conn(0x7f6d8803dbe0 0x7f6d880400a0 unknown :-1 s=BANNER_CONNECTING pgs=0 cs=0 l=1 rev1=0 crypto rx=0 tx=0 comp rx=0 tx=0)._handle_peer_banner_payload supported=3 required=0
2026-02-17T00:19:49.771 INFO:teuthology.orchestra.run.trial030.stdout:/usr/bin/ceph: stderr
2026-02-17T00:19:49.630+0000 7f6db37fe640 1 --2- 10.20.193.30:0/705374950 >> v2:10.20.193.30:6800/3178147410 conn(0x7f6d8803dbe0 0x7f6d880400a0 secure :-1 s=READY pgs=9 cs=0 l=1 rev1=1 crypto rx=0x7f6da40099c0 tx=0x7f6da4006eb0 comp rx=0 tx=0).ready entity=mgr.14118 client_cookie=0 server_cookie=0 in_seq=0 out_seq=0
2026-02-17T00:19:49.772 INFO:teuthology.orchestra.run.trial030.stdout:/usr/bin/ceph: stderr
2026-02-17T00:19:49.632+0000 7f6db17fa640 1 -- 10.20.193.30:0/705374950 <== mon.0 v2:10.20.193.30:3300/0 6 ==== mon_command_ack([{"prefix": "get_command_descriptions"}]=0 v0) ==== 72+0+195034 (secure 0 0 0) 0x7f6da0033200 con 0x7f6db4108a60
2026-02-17T00:19:49.772 INFO:teuthology.orchestra.run.trial030.stdout:/usr/bin/ceph: stderr
2026-02-17T00:19:49.717+0000 7f6dba6b3640 1 -- 10.20.193.30:0/705374950 --> v2:10.20.193.30:6800/3178147410 -- mgr_command(tid 0: {"prefix": "cephadm generate-key", "target": ["mon-mgr", ""]}) -- 0x7f6db4106730 con 0x7f6d8803dbe0
2026-02-17T00:19:49.772 INFO:teuthology.orchestra.run.trial030.stdout:/usr/bin/ceph: stderr
2026-02-17T00:19:49.736+0000 7f6db17fa640 1 -- 10.20.193.30:0/705374950 <== mgr.14118 v2:10.20.193.30:6800/3178147410 1 ==== mgr_command_reply(tid 0: 0 ) ==== 8+0+0 (secure 0 0 0) 0x7f6db4106730 con 0x7f6d8803dbe0
2026-02-17T00:19:49.772 INFO:teuthology.orchestra.run.trial030.stdout:/usr/bin/ceph: stderr
2026-02-17T00:19:49.738+0000 7f6dba6b3640 1 -- 10.20.193.30:0/705374950 >> v2:10.20.193.30:6800/3178147410 conn(0x7f6d8803dbe0 msgr2=0x7f6d880400a0 secure :-1 s=STATE_CONNECTION_ESTABLISHED l=1).mark_down
2026-02-17T00:19:49.772 INFO:teuthology.orchestra.run.trial030.stdout:/usr/bin/ceph: stderr
2026-02-17T00:19:49.738+0000 7f6dba6b3640 1 --2- 10.20.193.30:0/705374950 >> v2:10.20.193.30:6800/3178147410 conn(0x7f6d8803dbe0 0x7f6d880400a0 secure :-1 s=READY pgs=9 cs=0 l=1 rev1=1 crypto rx=0x7f6da40099c0 tx=0x7f6da4006eb0 comp rx=0 tx=0).stop
2026-02-17T00:19:49.772 INFO:teuthology.orchestra.run.trial030.stdout:/usr/bin/ceph: stderr
2026-02-17T00:19:49.738+0000 7f6dba6b3640 1 -- 10.20.193.30:0/705374950 >> [v2:10.20.193.30:3300/0,v1:10.20.193.30:6789/0] conn(0x7f6db4108a60 msgr2=0x7f6db419e930 secure :-1 s=STATE_CONNECTION_ESTABLISHED l=1).mark_down
2026-02-17T00:19:49.772 INFO:teuthology.orchestra.run.trial030.stdout:/usr/bin/ceph: stderr
2026-02-17T00:19:49.738+0000 7f6dba6b3640 1 --2- 10.20.193.30:0/705374950 >> [v2:10.20.193.30:3300/0,v1:10.20.193.30:6789/0] conn(0x7f6db4108a60 0x7f6db419e930 secure :-1 s=READY pgs=40 cs=0 l=1 rev1=1 crypto rx=0x7f6da0006fd0 tx=0x7f6da0035b90 comp rx=0 tx=0).stop
2026-02-17T00:19:49.772 INFO:teuthology.orchestra.run.trial030.stdout:/usr/bin/ceph: stderr
2026-02-17T00:19:49.738+0000 7f6dba6b3640 1 -- 10.20.193.30:0/705374950 shutdown_connections
2026-02-17T00:19:49.772 INFO:teuthology.orchestra.run.trial030.stdout:/usr/bin/ceph: stderr
2026-02-17T00:19:49.738+0000 7f6dba6b3640 1 --2- 10.20.193.30:0/705374950 >> v2:10.20.193.30:6800/3178147410 conn(0x7f6d8803dbe0 0x7f6d880400a0 unknown :-1 s=CLOSED pgs=9 cs=0 l=1 rev1=1 crypto rx=0 tx=0 comp rx=0 tx=0).stop
2026-02-17T00:19:49.772 INFO:teuthology.orchestra.run.trial030.stdout:/usr/bin/ceph: stderr
2026-02-17T00:19:49.738+0000 7f6dba6b3640 1 --2- 10.20.193.30:0/705374950 >> [v2:10.20.193.30:3300/0,v1:10.20.193.30:6789/0] conn(0x7f6db4108a60 0x7f6db419e930 unknown :-1 s=CLOSED pgs=40 cs=0 l=1 rev1=1 crypto rx=0 tx=0 comp rx=0 tx=0).stop
2026-02-17T00:19:49.772 INFO:teuthology.orchestra.run.trial030.stdout:/usr/bin/ceph: stderr
2026-02-17T00:19:49.738+0000 7f6dba6b3640 1 -- 10.20.193.30:0/705374950 >> 10.20.193.30:0/705374950 conn(0x7f6db407bf50 msgr2=0x7f6db4106020 unknown :-1 s=STATE_NONE l=0).mark_down
2026-02-17T00:19:49.773 INFO:teuthology.orchestra.run.trial030.stdout:/usr/bin/ceph: stderr
2026-02-17T00:19:49.738+0000 7f6dba6b3640 1 -- 10.20.193.30:0/705374950 shutdown_connections
2026-02-17T00:19:49.773 INFO:teuthology.orchestra.run.trial030.stdout:/usr/bin/ceph: stderr
2026-02-17T00:19:49.738+0000 7f6dba6b3640 1 -- 10.20.193.30:0/705374950 wait complete.
2026-02-17T00:19:49.855 INFO:journalctl@ceph.mgr.y.trial030.stdout:Feb 17 00:19:49 trial030 ceph-52392c4c-0b96-11f1-916d-d404e6e7d460-mgr-y[39930]: Generating public/private ed25519 key pair.
2026-02-17T00:19:49.855 INFO:journalctl@ceph.mgr.y.trial030.stdout:Feb 17 00:19:49 trial030 ceph-52392c4c-0b96-11f1-916d-d404e6e7d460-mgr-y[39930]: Your identification has been saved in /tmp/tmpxbpdtyjy/key
2026-02-17T00:19:49.855 INFO:journalctl@ceph.mgr.y.trial030.stdout:Feb 17 00:19:49 trial030 ceph-52392c4c-0b96-11f1-916d-d404e6e7d460-mgr-y[39930]: Your public key has been saved in /tmp/tmpxbpdtyjy/key.pub
2026-02-17T00:19:49.855 INFO:journalctl@ceph.mgr.y.trial030.stdout:Feb 17 00:19:49 trial030 ceph-52392c4c-0b96-11f1-916d-d404e6e7d460-mgr-y[39930]: The key fingerprint is:
2026-02-17T00:19:49.856 INFO:journalctl@ceph.mgr.y.trial030.stdout:Feb 17 00:19:49 trial030 ceph-52392c4c-0b96-11f1-916d-d404e6e7d460-mgr-y[39930]: SHA256:CDuYa59xuTqz3SkkrAJOp9mOXWQUbxVEdbNN/ivLVeY ceph-52392c4c-0b96-11f1-916d-d404e6e7d460
2026-02-17T00:19:49.856 INFO:journalctl@ceph.mgr.y.trial030.stdout:Feb 17 00:19:49 trial030 ceph-52392c4c-0b96-11f1-916d-d404e6e7d460-mgr-y[39930]: The key's randomart image is:
2026-02-17T00:19:49.856 INFO:journalctl@ceph.mgr.y.trial030.stdout:Feb 17 00:19:49 trial030 ceph-52392c4c-0b96-11f1-916d-d404e6e7d460-mgr-y[39930]: +--[ED25519 256]--+
2026-02-17T00:19:49.856 INFO:journalctl@ceph.mgr.y.trial030.stdout:Feb 17 00:19:49 trial030 ceph-52392c4c-0b96-11f1-916d-d404e6e7d460-mgr-y[39930]: | . o=o. o . |
2026-02-17T00:19:49.856 INFO:journalctl@ceph.mgr.y.trial030.stdout:Feb 17 00:19:49 trial030 ceph-52392c4c-0b96-11f1-916d-d404e6e7d460-mgr-y[39930]: | o . . * |
2026-02-17T00:19:49.856 INFO:journalctl@ceph.mgr.y.trial030.stdout:Feb 17 00:19:49 trial030 ceph-52392c4c-0b96-11f1-916d-d404e6e7d460-mgr-y[39930]: | .. o . o |
2026-02-17T00:19:49.856 INFO:journalctl@ceph.mgr.y.trial030.stdout:Feb 17 00:19:49 trial030 ceph-52392c4c-0b96-11f1-916d-d404e6e7d460-mgr-y[39930]: | o.o.. .|
2026-02-17T00:19:49.856 INFO:journalctl@ceph.mgr.y.trial030.stdout:Feb 17 00:19:49 trial030 ceph-52392c4c-0b96-11f1-916d-d404e6e7d460-mgr-y[39930]: | o.oo. S +|
2026-02-17T00:19:49.856 INFO:journalctl@ceph.mgr.y.trial030.stdout:Feb 17 00:19:49 trial030 ceph-52392c4c-0b96-11f1-916d-d404e6e7d460-mgr-y[39930]: |.. o=... oo|
2026-02-17T00:19:49.856 INFO:journalctl@ceph.mgr.y.trial030.stdout:Feb 17 00:19:49 trial030 ceph-52392c4c-0b96-11f1-916d-d404e6e7d460-mgr-y[39930]: |+ B..+o . oE|
2026-02-17T00:19:49.856 INFO:journalctl@ceph.mgr.y.trial030.stdout:Feb 17 00:19:49 trial030 ceph-52392c4c-0b96-11f1-916d-d404e6e7d460-mgr-y[39930]: |.=+o+=.o . . + |
2026-02-17T00:19:49.856 INFO:journalctl@ceph.mgr.y.trial030.stdout:Feb 17 00:19:49 trial030 ceph-52392c4c-0b96-11f1-916d-d404e6e7d460-mgr-y[39930]: | o.o==o.o o |
2026-02-17T00:19:49.856 INFO:journalctl@ceph.mgr.y.trial030.stdout:Feb 17 00:19:49 trial030 ceph-52392c4c-0b96-11f1-916d-d404e6e7d460-mgr-y[39930]: +----[SHA256]-----+
2026-02-17T00:19:49.970 INFO:teuthology.orchestra.run.trial030.stdout:/usr/bin/ceph: stdout ssh-ed25519 AAAAC3NzaC1lZDI1NTE5AAAAIJ7/RkGEOL5/kXUEvPOC9kD0Fg6dE+A1NkgTBAL58+df ceph-52392c4c-0b96-11f1-916d-d404e6e7d460
2026-02-17T00:19:49.970 INFO:teuthology.orchestra.run.trial030.stdout:/usr/bin/ceph: stderr
2026-02-17T00:19:49.849+0000 7f5caf22f640 1 Processor -- start
2026-02-17T00:19:49.970 INFO:teuthology.orchestra.run.trial030.stdout:/usr/bin/ceph: stderr
2026-02-17T00:19:49.849+0000 7f5caf22f640 1 -- start start
2026-02-17T00:19:49.970 INFO:teuthology.orchestra.run.trial030.stdout:/usr/bin/ceph: stderr
2026-02-17T00:19:49.850+0000 7f5caf22f640 1 --2- >> [v2:10.20.193.30:3300/0,v1:10.20.193.30:6789/0] conn(0x7f5ca8108a60 0x7f5ca8108e60 unknown :-1 s=NONE pgs=0 cs=0 l=0 rev1=0 crypto rx=0 tx=0 comp rx=0 tx=0).connect
2026-02-17T00:19:49.970 INFO:teuthology.orchestra.run.trial030.stdout:/usr/bin/ceph: stderr
2026-02-17T00:19:49.850+0000 7f5caf22f640 1 -- --> [v2:10.20.193.30:3300/0,v1:10.20.193.30:6789/0] -- mon_getmap magic: 0 -- 0x7f5ca8109430 con 0x7f5ca8108a60
2026-02-17T00:19:49.970 INFO:teuthology.orchestra.run.trial030.stdout:/usr/bin/ceph: stderr
2026-02-17T00:19:49.850+0000 7f5cacfa4640 1 --2- >> [v2:10.20.193.30:3300/0,v1:10.20.193.30:6789/0] conn(0x7f5ca8108a60 0x7f5ca8108e60 unknown :-1 s=BANNER_CONNECTING pgs=0 cs=0 l=0 rev1=0 crypto rx=0 tx=0 comp rx=0 tx=0)._handle_peer_banner_payload supported=3 required=0
2026-02-17T00:19:49.970 INFO:teuthology.orchestra.run.trial030.stdout:/usr/bin/ceph: stderr
2026-02-17T00:19:49.850+0000 7f5cacfa4640 1 --2- >> [v2:10.20.193.30:3300/0,v1:10.20.193.30:6789/0] conn(0x7f5ca8108a60 0x7f5ca8108e60 unknown :-1 s=HELLO_CONNECTING pgs=0 cs=0 l=0 rev1=1 crypto rx=0 tx=0 comp rx=0 tx=0).handle_hello peer v2:10.20.193.30:3300/0 says I am v2:10.20.193.30:38490/0 (socket says 10.20.193.30:38490)
2026-02-17T00:19:49.971 INFO:teuthology.orchestra.run.trial030.stdout:/usr/bin/ceph: stderr
2026-02-17T00:19:49.850+0000 7f5cacfa4640 1 -- 10.20.193.30:0/3459913984 learned_addr learned my addr 10.20.193.30:0/3459913984 (peer_addr_for_me v2:10.20.193.30:0/0)
2026-02-17T00:19:49.971 INFO:teuthology.orchestra.run.trial030.stdout:/usr/bin/ceph: stderr
2026-02-17T00:19:49.850+0000 7f5cacfa4640 1 -- 10.20.193.30:0/3459913984 --> [v2:10.20.193.30:3300/0,v1:10.20.193.30:6789/0] -- mon_subscribe({config=0+,monmap=0+}) -- 0x7f5ca8109c60 con 0x7f5ca8108a60
2026-02-17T00:19:49.971 INFO:teuthology.orchestra.run.trial030.stdout:/usr/bin/ceph: stderr
2026-02-17T00:19:49.850+0000 7f5cacfa4640 1 --2- 10.20.193.30:0/3459913984 >> [v2:10.20.193.30:3300/0,v1:10.20.193.30:6789/0] conn(0x7f5ca8108a60 0x7f5ca8108e60 secure :-1 s=READY pgs=41 cs=0 l=1 rev1=1 crypto rx=0x7f5c98009920 tx=0x7f5c9802ef20 comp rx=0 tx=0).ready entity=mon.0 client_cookie=6f98751945ffa096 server_cookie=0 in_seq=0 out_seq=0
2026-02-17T00:19:49.971 INFO:teuthology.orchestra.run.trial030.stdout:/usr/bin/ceph: stderr
2026-02-17T00:19:49.850+0000 7f5c9f7fe640 1 -- 10.20.193.30:0/3459913984 <== mon.0 v2:10.20.193.30:3300/0 1 ==== mon_map magic: 0 ==== 205+0+0 (secure 0 0 0) 0x7f5c9803c070 con 0x7f5ca8108a60
2026-02-17T00:19:49.971 INFO:teuthology.orchestra.run.trial030.stdout:/usr/bin/ceph: stderr
2026-02-17T00:19:49.850+0000 7f5c9f7fe640 1 -- 10.20.193.30:0/3459913984 <== mon.0 v2:10.20.193.30:3300/0 2 ==== config(25 keys) ==== 998+0+0 (secure 0 0 0) 0x7f5c98037440 con 0x7f5ca8108a60
2026-02-17T00:19:49.971 INFO:teuthology.orchestra.run.trial030.stdout:/usr/bin/ceph: stderr
2026-02-17T00:19:49.850+0000 7f5c9f7fe640 1 -- 10.20.193.30:0/3459913984 <== mon.0 v2:10.20.193.30:3300/0 3 ==== mon_map magic: 0 ==== 205+0+0 (secure 0 0 0) 0x7f5c980354d0 con 0x7f5ca8108a60
2026-02-17T00:19:49.971 INFO:teuthology.orchestra.run.trial030.stdout:/usr/bin/ceph: stderr
2026-02-17T00:19:49.851+0000 7f5caf22f640 1 -- 10.20.193.30:0/3459913984 >> [v2:10.20.193.30:3300/0,v1:10.20.193.30:6789/0] conn(0x7f5ca8108a60 msgr2=0x7f5ca8108e60 secure :-1 s=STATE_CONNECTION_ESTABLISHED l=1).mark_down
2026-02-17T00:19:49.971 INFO:teuthology.orchestra.run.trial030.stdout:/usr/bin/ceph: stderr
2026-02-17T00:19:49.851+0000 7f5caf22f640 1 --2- 10.20.193.30:0/3459913984 >> [v2:10.20.193.30:3300/0,v1:10.20.193.30:6789/0] conn(0x7f5ca8108a60 0x7f5ca8108e60 secure :-1 s=READY pgs=41 cs=0 l=1 rev1=1 crypto rx=0x7f5c98009920 tx=0x7f5c9802ef20 comp rx=0 tx=0).stop
2026-02-17T00:19:49.971 INFO:teuthology.orchestra.run.trial030.stdout:/usr/bin/ceph: stderr
2026-02-17T00:19:49.851+0000 7f5caf22f640 1 -- 10.20.193.30:0/3459913984 shutdown_connections
2026-02-17T00:19:49.971 INFO:teuthology.orchestra.run.trial030.stdout:/usr/bin/ceph: stderr
2026-02-17T00:19:49.851+0000 7f5caf22f640 1 --2- 10.20.193.30:0/3459913984 >> [v2:10.20.193.30:3300/0,v1:10.20.193.30:6789/0] conn(0x7f5ca8108a60 0x7f5ca8108e60 unknown :-1 s=CLOSED pgs=41 cs=0 l=1 rev1=1 crypto rx=0 tx=0 comp rx=0 tx=0).stop
2026-02-17T00:19:49.971 INFO:teuthology.orchestra.run.trial030.stdout:/usr/bin/ceph: stderr
2026-02-17T00:19:49.851+0000 7f5caf22f640 1 -- 10.20.193.30:0/3459913984 >> 10.20.193.30:0/3459913984 conn(0x7f5ca807bf50 msgr2=0x7f5ca807c380 unknown :-1 s=STATE_NONE l=0).mark_down
2026-02-17T00:19:49.971 INFO:teuthology.orchestra.run.trial030.stdout:/usr/bin/ceph: stderr
2026-02-17T00:19:49.851+0000 7f5caf22f640 1 -- 10.20.193.30:0/3459913984 shutdown_connections
2026-02-17T00:19:49.972 INFO:teuthology.orchestra.run.trial030.stdout:/usr/bin/ceph: stderr
2026-02-17T00:19:49.851+0000 7f5caf22f640 1 -- 10.20.193.30:0/3459913984 wait complete.
2026-02-17T00:19:49.972 INFO:teuthology.orchestra.run.trial030.stdout:/usr/bin/ceph: stderr
2026-02-17T00:19:49.851+0000 7f5caf22f640 1 Processor -- start
2026-02-17T00:19:49.972 INFO:teuthology.orchestra.run.trial030.stdout:/usr/bin/ceph: stderr
2026-02-17T00:19:49.851+0000 7f5caf22f640 1 -- start start
2026-02-17T00:19:49.972 INFO:teuthology.orchestra.run.trial030.stdout:/usr/bin/ceph: stderr
2026-02-17T00:19:49.851+0000 7f5caf22f640 1 --2- >> [v2:10.20.193.30:3300/0,v1:10.20.193.30:6789/0] conn(0x7f5ca8108a60 0x7f5ca819e930 unknown :-1 s=NONE pgs=0 cs=0 l=1 rev1=0 crypto rx=0 tx=0 comp rx=0 tx=0).connect
2026-02-17T00:19:49.972 INFO:teuthology.orchestra.run.trial030.stdout:/usr/bin/ceph: stderr
2026-02-17T00:19:49.851+0000 7f5caf22f640 1 -- --> [v2:10.20.193.30:3300/0,v1:10.20.193.30:6789/0] -- mon_getmap magic: 0 -- 0x7f5ca810ce90 con 0x7f5ca8108a60
2026-02-17T00:19:49.972 INFO:teuthology.orchestra.run.trial030.stdout:/usr/bin/ceph: stderr
2026-02-17T00:19:49.851+0000 7f5cacfa4640 1 --2- >> [v2:10.20.193.30:3300/0,v1:10.20.193.30:6789/0] conn(0x7f5ca8108a60 0x7f5ca819e930 unknown :-1 s=BANNER_CONNECTING pgs=0 cs=0 l=1 rev1=0 crypto rx=0 tx=0 comp rx=0 tx=0)._handle_peer_banner_payload supported=3 required=0
2026-02-17T00:19:49.972 INFO:teuthology.orchestra.run.trial030.stdout:/usr/bin/ceph: stderr
2026-02-17T00:19:49.851+0000 7f5cacfa4640 1 --2- >> [v2:10.20.193.30:3300/0,v1:10.20.193.30:6789/0] conn(0x7f5ca8108a60 0x7f5ca819e930 unknown :-1 s=HELLO_CONNECTING pgs=0 cs=0 l=1 rev1=1 crypto rx=0 tx=0 comp rx=0 tx=0).handle_hello peer v2:10.20.193.30:3300/0 says I am v2:10.20.193.30:38494/0 (socket says 10.20.193.30:38494)
2026-02-17T00:19:49.972 INFO:teuthology.orchestra.run.trial030.stdout:/usr/bin/ceph: stderr
2026-02-17T00:19:49.851+0000 7f5cacfa4640 1 -- 10.20.193.30:0/2295545194 learned_addr learned my addr 10.20.193.30:0/2295545194 (peer_addr_for_me v2:10.20.193.30:0/0)
2026-02-17T00:19:49.972 INFO:teuthology.orchestra.run.trial030.stdout:/usr/bin/ceph: stderr
2026-02-17T00:19:49.851+0000 7f5cacfa4640 1 -- 10.20.193.30:0/2295545194 --> [v2:10.20.193.30:3300/0,v1:10.20.193.30:6789/0] -- mon_subscribe({config=0+,monmap=0+}) -- 0x7f5ca819ee70 con 0x7f5ca8108a60
2026-02-17T00:19:49.972 INFO:teuthology.orchestra.run.trial030.stdout:/usr/bin/ceph: stderr
2026-02-17T00:19:49.852+0000 7f5cacfa4640 1 --2- 10.20.193.30:0/2295545194 >> [v2:10.20.193.30:3300/0,v1:10.20.193.30:6789/0] conn(0x7f5ca8108a60 0x7f5ca819e930 secure :-1 s=READY pgs=42 cs=0 l=1 rev1=1 crypto rx=0x7f5c98006fd0 tx=0x7f5c98035e10 comp rx=0 tx=0).ready entity=mon.0 client_cookie=0 server_cookie=0 in_seq=0 out_seq=0
2026-02-17T00:19:49.972 INFO:teuthology.orchestra.run.trial030.stdout:/usr/bin/ceph: stderr
2026-02-17T00:19:49.852+0000 7f5c9dffb640 1 -- 10.20.193.30:0/2295545194 <== mon.0 v2:10.20.193.30:3300/0 1 ==== mon_map magic: 0 ==== 205+0+0 (secure 0 0 0) 0x7f5c98045070 con 0x7f5ca8108a60
2026-02-17T00:19:49.972 INFO:teuthology.orchestra.run.trial030.stdout:/usr/bin/ceph: stderr
2026-02-17T00:19:49.852+0000 7f5caf22f640 1 -- 10.20.193.30:0/2295545194 --> [v2:10.20.193.30:3300/0,v1:10.20.193.30:6789/0] -- mon_subscribe({mgrmap=0+}) -- 0x7f5ca819f100 con 0x7f5ca8108a60
2026-02-17T00:19:49.973 INFO:teuthology.orchestra.run.trial030.stdout:/usr/bin/ceph: stderr
2026-02-17T00:19:49.852+0000 7f5c9dffb640 1 -- 10.20.193.30:0/2295545194 <== mon.0 v2:10.20.193.30:3300/0 2 ==== config(25 keys) ==== 998+0+0 (secure 0 0 0) 0x7f5c9802fbc0 con 0x7f5ca8108a60
2026-02-17T00:19:49.973 INFO:teuthology.orchestra.run.trial030.stdout:/usr/bin/ceph: stderr
2026-02-17T00:19:49.852+0000 7f5c9dffb640 1 -- 10.20.193.30:0/2295545194 <== mon.0 v2:10.20.193.30:3300/0 3 ==== mon_map magic: 0 ==== 205+0+0 (secure 0 0 0) 0x7f5c9803c070 con 0x7f5ca8108a60
2026-02-17T00:19:49.973 INFO:teuthology.orchestra.run.trial030.stdout:/usr/bin/ceph: stderr
2026-02-17T00:19:49.852+0000 7f5caf22f640 1 -- 10.20.193.30:0/2295545194 --> [v2:10.20.193.30:3300/0,v1:10.20.193.30:6789/0] -- mon_subscribe({osdmap=0}) -- 0x7f5ca81a1df0 con 0x7f5ca8108a60
2026-02-17T00:19:49.973 INFO:teuthology.orchestra.run.trial030.stdout:/usr/bin/ceph: stderr
2026-02-17T00:19:49.852+0000 7f5c9dffb640 1 -- 10.20.193.30:0/2295545194 <== mon.0 v2:10.20.193.30:3300/0 4 ==== mgrmap(e 7) ==== 50184+0+0 (secure 0 0 0) 0x7f5c98040450 con 0x7f5ca8108a60
2026-02-17T00:19:49.973 INFO:teuthology.orchestra.run.trial030.stdout:/usr/bin/ceph: stderr
2026-02-17T00:19:49.852+0000 7f5caf22f640 1 -- 10.20.193.30:0/2295545194 --> [v2:10.20.193.30:3300/0,v1:10.20.193.30:6789/0] -- mon_command({"prefix": "get_command_descriptions"} v 0) -- 0x7f5ca8108ee0 con 0x7f5ca8108a60
2026-02-17T00:19:49.973 INFO:teuthology.orchestra.run.trial030.stdout:/usr/bin/ceph: stderr
2026-02-17T00:19:49.853+0000 7f5c9dffb640 1 --2- 10.20.193.30:0/2295545194 >> v2:10.20.193.30:6800/3178147410 conn(0x7f5c8403dc30 0x7f5c840400f0 unknown :-1 s=NONE pgs=0 cs=0 l=1 rev1=0 crypto rx=0 tx=0 comp rx=0 tx=0).connect
2026-02-17T00:19:49.973 INFO:teuthology.orchestra.run.trial030.stdout:/usr/bin/ceph: stderr
2026-02-17T00:19:49.853+0000 7f5c9dffb640 1 -- 10.20.193.30:0/2295545194 <== mon.0 v2:10.20.193.30:3300/0 5 ==== osd_map(2..2 src has 1..2) ==== 897+0+0 (secure 0 0 0) 0x7f5c98076830 con 0x7f5ca8108a60
2026-02-17T00:19:49.973 INFO:teuthology.orchestra.run.trial030.stdout:/usr/bin/ceph: stderr
2026-02-17T00:19:49.853+0000 7f5c9ffff640 1 --2- 10.20.193.30:0/2295545194 >> v2:10.20.193.30:6800/3178147410 conn(0x7f5c8403dc30 0x7f5c840400f0 unknown :-1 s=BANNER_CONNECTING pgs=0 cs=0 l=1 rev1=0 crypto rx=0 tx=0 comp rx=0 tx=0)._handle_peer_banner_payload supported=3 required=0
2026-02-17T00:19:49.973 INFO:teuthology.orchestra.run.trial030.stdout:/usr/bin/ceph: stderr
2026-02-17T00:19:49.853+0000 7f5c9ffff640 1 --2- 10.20.193.30:0/2295545194 >> v2:10.20.193.30:6800/3178147410 conn(0x7f5c8403dc30 0x7f5c840400f0 secure :-1 s=READY pgs=10 cs=0 l=1 rev1=1 crypto rx=0x7f5c900099c0 tx=0x7f5c90006eb0 comp rx=0 tx=0).ready entity=mgr.14118 client_cookie=0 server_cookie=0 in_seq=0 out_seq=0
2026-02-17T00:19:49.973 INFO:teuthology.orchestra.run.trial030.stdout:/usr/bin/ceph: stderr
2026-02-17T00:19:49.855+0000 7f5c9dffb640 1 -- 10.20.193.30:0/2295545194 <== mon.0 v2:10.20.193.30:3300/0 6 ==== mon_command_ack([{"prefix": "get_command_descriptions"}]=0 v0) ==== 72+0+195034 (secure 0 0 0) 0x7f5c9803c210 con 0x7f5ca8108a60
2026-02-17T00:19:49.973 INFO:teuthology.orchestra.run.trial030.stdout:/usr/bin/ceph: stderr
2026-02-17T00:19:49.938+0000 7f5caf22f640 1 -- 10.20.193.30:0/2295545194 --> v2:10.20.193.30:6800/3178147410 -- mgr_command(tid 0: {"prefix": "cephadm get-pub-key", "target": ["mon-mgr", ""]}) -- 0x7f5ca8106730 con 0x7f5c8403dc30
2026-02-17T00:19:49.973 INFO:teuthology.orchestra.run.trial030.stdout:/usr/bin/ceph: stderr
2026-02-17T00:19:49.938+0000 7f5c9dffb640 1 -- 10.20.193.30:0/2295545194 <== mgr.14118 v2:10.20.193.30:6800/3178147410 1 ==== mgr_command_reply(tid 0: 0 ) ==== 8+0+123 (secure 0 0 0) 0x7f5ca8106730 con 0x7f5c8403dc30
2026-02-17T00:19:49.974 INFO:teuthology.orchestra.run.trial030.stdout:/usr/bin/ceph: stderr
2026-02-17T00:19:49.939+0000 7f5caf22f640 1 -- 10.20.193.30:0/2295545194 >> v2:10.20.193.30:6800/3178147410 conn(0x7f5c8403dc30 msgr2=0x7f5c840400f0 secure :-1 s=STATE_CONNECTION_ESTABLISHED l=1).mark_down
2026-02-17T00:19:49.974 INFO:teuthology.orchestra.run.trial030.stdout:/usr/bin/ceph: stderr
2026-02-17T00:19:49.939+0000 7f5caf22f640 1 --2- 10.20.193.30:0/2295545194 >> v2:10.20.193.30:6800/3178147410 conn(0x7f5c8403dc30 0x7f5c840400f0 secure :-1 s=READY pgs=10 cs=0 l=1 rev1=1 crypto rx=0x7f5c900099c0 tx=0x7f5c90006eb0 comp rx=0 tx=0).stop
2026-02-17T00:19:49.974 INFO:teuthology.orchestra.run.trial030.stdout:/usr/bin/ceph: stderr
2026-02-17T00:19:49.939+0000 7f5caf22f640 1 -- 10.20.193.30:0/2295545194 >> [v2:10.20.193.30:3300/0,v1:10.20.193.30:6789/0] conn(0x7f5ca8108a60 msgr2=0x7f5ca819e930 secure :-1 s=STATE_CONNECTION_ESTABLISHED l=1).mark_down
2026-02-17T00:19:49.974 INFO:teuthology.orchestra.run.trial030.stdout:/usr/bin/ceph: stderr
2026-02-17T00:19:49.939+0000 7f5caf22f640 1 --2- 10.20.193.30:0/2295545194 >> [v2:10.20.193.30:3300/0,v1:10.20.193.30:6789/0] conn(0x7f5ca8108a60 0x7f5ca819e930 secure :-1 s=READY pgs=42 cs=0 l=1 rev1=1 crypto rx=0x7f5c98006fd0 tx=0x7f5c98035e10 comp rx=0 tx=0).stop
2026-02-17T00:19:49.974 INFO:teuthology.orchestra.run.trial030.stdout:/usr/bin/ceph: stderr
2026-02-17T00:19:49.939+0000 7f5caf22f640 1 -- 10.20.193.30:0/2295545194 shutdown_connections
2026-02-17T00:19:49.974 INFO:teuthology.orchestra.run.trial030.stdout:/usr/bin/ceph: stderr
2026-02-17T00:19:49.939+0000 7f5caf22f640 1 --2- 10.20.193.30:0/2295545194 >> v2:10.20.193.30:6800/3178147410 conn(0x7f5c8403dc30 0x7f5c840400f0 unknown :-1 s=CLOSED pgs=10 cs=0 l=1 rev1=1 crypto rx=0 tx=0 comp rx=0 tx=0).stop
2026-02-17T00:19:49.974 INFO:teuthology.orchestra.run.trial030.stdout:/usr/bin/ceph: stderr
2026-02-17T00:19:49.939+0000 7f5caf22f640 1 --2- 10.20.193.30:0/2295545194 >> [v2:10.20.193.30:3300/0,v1:10.20.193.30:6789/0] conn(0x7f5ca8108a60 0x7f5ca819e930 unknown :-1 s=CLOSED pgs=42 cs=0 l=1 rev1=1 crypto rx=0 tx=0 comp rx=0 tx=0).stop
2026-02-17T00:19:49.974 INFO:teuthology.orchestra.run.trial030.stdout:/usr/bin/ceph: stderr
2026-02-17T00:19:49.939+0000 7f5caf22f640 1 -- 10.20.193.30:0/2295545194 >> 10.20.193.30:0/2295545194 conn(0x7f5ca807bf50 msgr2=0x7f5ca8106020 unknown :-1 s=STATE_NONE l=0).mark_down
2026-02-17T00:19:49.974 INFO:teuthology.orchestra.run.trial030.stdout:/usr/bin/ceph: stderr
2026-02-17T00:19:49.939+0000 7f5caf22f640 1 -- 10.20.193.30:0/2295545194 shutdown_connections
2026-02-17T00:19:49.974 INFO:teuthology.orchestra.run.trial030.stdout:/usr/bin/ceph: stderr
2026-02-17T00:19:49.939+0000 7f5caf22f640 1 -- 10.20.193.30:0/2295545194 wait complete.
2026-02-17T00:19:49.974 INFO:teuthology.orchestra.run.trial030.stdout:Wrote public SSH key to /home/ubuntu/cephtest/ceph.pub
2026-02-17T00:19:49.974 INFO:teuthology.orchestra.run.trial030.stdout:Adding key to root@localhost authorized_keys...
2026-02-17T00:19:49.974 INFO:teuthology.orchestra.run.trial030.stdout:Adding host trial030...
2026-02-17T00:19:50.445 INFO:journalctl@ceph.mon.a.trial030.stdout:Feb 17 00:19:50 trial030 ceph-mon[39682]: from='client.14122 -' entity='client.admin' cmd=[{"prefix": "get_command_descriptions"}]: dispatch
2026-02-17T00:19:50.445 INFO:journalctl@ceph.mon.a.trial030.stdout:Feb 17 00:19:50 trial030 ceph-mon[39682]: from='client.14122 -' entity='client.admin' cmd=[{"prefix": "mgr_status"}]: dispatch
2026-02-17T00:19:50.445 INFO:journalctl@ceph.mon.a.trial030.stdout:Feb 17 00:19:50 trial030 ceph-mon[39682]: from='client.14130 -' entity='client.admin' cmd=[{"prefix": "orch set backend", "module_name": "cephadm", "target": ["mon-mgr", ""]}]: dispatch
2026-02-17T00:19:50.445 INFO:journalctl@ceph.mon.a.trial030.stdout:Feb 17 00:19:50 trial030 ceph-mon[39682]: from='mgr.14118 10.20.193.30:0/1035480813' entity='mgr.y'
2026-02-17T00:19:50.445 INFO:journalctl@ceph.mon.a.trial030.stdout:Feb 17 00:19:50 trial030 ceph-mon[39682]: from='mgr.14118 10.20.193.30:0/1035480813' entity='mgr.y' cmd=[{"prefix": "config dump", "format": "json"}]: dispatch
2026-02-17T00:19:50.445 INFO:journalctl@ceph.mon.a.trial030.stdout:Feb 17 00:19:50 trial030 ceph-mon[39682]: from='mgr.14118 10.20.193.30:0/1035480813' entity='mgr.y'
2026-02-17T00:19:50.445 INFO:journalctl@ceph.mon.a.trial030.stdout:Feb 17 00:19:50 trial030 ceph-mon[39682]: from='mgr.14118 10.20.193.30:0/1035480813' entity='mgr.y'
2026-02-17T00:19:50.445 INFO:journalctl@ceph.mon.a.trial030.stdout:Feb 17 00:19:50 trial030 ceph-mon[39682]: from='mgr.14118 10.20.193.30:0/1035480813' entity='mgr.y' cmd=[{"prefix": "config dump", "format": "json"}]: dispatch
2026-02-17T00:19:51.559 INFO:journalctl@ceph.mon.a.trial030.stdout:Feb 17 00:19:51 trial030 ceph-mon[39682]: from='client.14132 -' entity='client.admin' cmd=[{"prefix": "cephadm set-user", "user": "root", "target": ["mon-mgr", ""]}]: dispatch
2026-02-17T00:19:51.560 INFO:journalctl@ceph.mon.a.trial030.stdout:Feb 17 00:19:51 trial030 ceph-mon[39682]: [17/Feb/2026:00:19:49] ENGINE Bus STARTING
2026-02-17T00:19:51.560 INFO:journalctl@ceph.mon.a.trial030.stdout:Feb 17 00:19:51 trial030 ceph-mon[39682]: [17/Feb/2026:00:19:49] ENGINE Serving on https://10.20.193.30:7150
2026-02-17T00:19:51.560 INFO:journalctl@ceph.mon.a.trial030.stdout:Feb 17 00:19:51 trial030 ceph-mon[39682]: [17/Feb/2026:00:19:49] ENGINE Client ('10.20.193.30', 56972) lost — peer dropped the TLS connection suddenly, during handshake: (6, 'TLS/SSL connection has been closed (EOF) (_ssl.c:1147)')
2026-02-17T00:19:51.560 INFO:journalctl@ceph.mon.a.trial030.stdout:Feb 17 00:19:51 trial030 ceph-mon[39682]: from='client.14134 -' entity='client.admin' cmd=[{"prefix": "cephadm generate-key", "target": ["mon-mgr", ""]}]: dispatch
2026-02-17T00:19:51.560 INFO:journalctl@ceph.mon.a.trial030.stdout:Feb 17 00:19:51 trial030 ceph-mon[39682]: Generating ssh key...
2026-02-17T00:19:51.560 INFO:journalctl@ceph.mon.a.trial030.stdout:Feb 17 00:19:51 trial030 ceph-mon[39682]: [17/Feb/2026:00:19:49] ENGINE Serving on http://10.20.193.30:8765
2026-02-17T00:19:51.560 INFO:journalctl@ceph.mon.a.trial030.stdout:Feb 17 00:19:51 trial030 ceph-mon[39682]: [17/Feb/2026:00:19:49] ENGINE Bus STARTED
2026-02-17T00:19:51.560 INFO:journalctl@ceph.mon.a.trial030.stdout:Feb 17 00:19:51 trial030 ceph-mon[39682]: from='client.14136 -' entity='client.admin' cmd=[{"prefix": "cephadm get-pub-key", "target": ["mon-mgr", ""]}]: dispatch
2026-02-17T00:19:51.560 INFO:journalctl@ceph.mon.a.trial030.stdout:Feb 17 00:19:51 trial030 ceph-mon[39682]: from='client.14138 -' entity='client.admin' cmd=[{"prefix": "orch host add", "hostname": "trial030", "addr": "10.20.193.30", "target": ["mon-mgr", ""]}]: dispatch
2026-02-17T00:19:51.561 INFO:journalctl@ceph.mon.a.trial030.stdout:Feb 17 00:19:51 trial030 ceph-mon[39682]: mgrmap e8: y(active, since 2s)
2026-02-17T00:19:51.608 INFO:teuthology.orchestra.run.trial030.stdout:/usr/bin/ceph: stdout Added host 'trial030' with addr '10.20.193.30'
2026-02-17T00:19:51.609 INFO:teuthology.orchestra.run.trial030.stdout:/usr/bin/ceph: stderr
2026-02-17T00:19:50.056+0000 7f3fc9392640 1 Processor -- start
2026-02-17T00:19:51.609 INFO:teuthology.orchestra.run.trial030.stdout:/usr/bin/ceph: stderr
2026-02-17T00:19:50.056+0000 7f3fc9392640 1 -- start start
2026-02-17T00:19:51.609 INFO:teuthology.orchestra.run.trial030.stdout:/usr/bin/ceph: stderr
2026-02-17T00:19:50.056+0000 7f3fc9392640 1 --2- >> [v2:10.20.193.30:3300/0,v1:10.20.193.30:6789/0] conn(0x7f3fc4108a30 0x7f3fc4108e30 unknown :-1 s=NONE pgs=0 cs=0 l=0 rev1=0 crypto rx=0 tx=0 comp rx=0 tx=0).connect
2026-02-17T00:19:51.609 INFO:teuthology.orchestra.run.trial030.stdout:/usr/bin/ceph: stderr
2026-02-17T00:19:50.056+0000 7f3fc9392640 1 -- --> [v2:10.20.193.30:3300/0,v1:10.20.193.30:6789/0] -- mon_getmap magic: 0 -- 0x7f3fc4109400 con 0x7f3fc4108a30
2026-02-17T00:19:51.609 INFO:teuthology.orchestra.run.trial030.stdout:/usr/bin/ceph: stderr
2026-02-17T00:19:50.056+0000 7f3fc2ffd640 1 --2- >> [v2:10.20.193.30:3300/0,v1:10.20.193.30:6789/0] conn(0x7f3fc4108a30 0x7f3fc4108e30 unknown :-1 s=BANNER_CONNECTING pgs=0 cs=0 l=0 rev1=0 crypto rx=0 tx=0 comp rx=0 tx=0)._handle_peer_banner_payload supported=3 required=0
2026-02-17T00:19:51.609 INFO:teuthology.orchestra.run.trial030.stdout:/usr/bin/ceph: stderr
2026-02-17T00:19:50.056+0000 7f3fc2ffd640 1 --2- >> [v2:10.20.193.30:3300/0,v1:10.20.193.30:6789/0] conn(0x7f3fc4108a30 0x7f3fc4108e30 unknown :-1 s=HELLO_CONNECTING pgs=0 cs=0 l=0 rev1=1 crypto rx=0 tx=0 comp rx=0 tx=0).handle_hello peer v2:10.20.193.30:3300/0 says I am v2:10.20.193.30:53016/0 (socket says 10.20.193.30:53016)
2026-02-17T00:19:51.609 INFO:teuthology.orchestra.run.trial030.stdout:/usr/bin/ceph: stderr
2026-02-17T00:19:50.056+0000 7f3fc2ffd640 1 -- 10.20.193.30:0/386528109 learned_addr learned my addr 10.20.193.30:0/386528109 (peer_addr_for_me v2:10.20.193.30:0/0)
2026-02-17T00:19:51.609 INFO:teuthology.orchestra.run.trial030.stdout:/usr/bin/ceph: stderr
2026-02-17T00:19:50.056+0000 7f3fc2ffd640 1 -- 10.20.193.30:0/386528109 --> [v2:10.20.193.30:3300/0,v1:10.20.193.30:6789/0] -- mon_subscribe({config=0+,monmap=0+}) -- 0x7f3fc4109c30 con 0x7f3fc4108a30
2026-02-17T00:19:51.609 INFO:teuthology.orchestra.run.trial030.stdout:/usr/bin/ceph: stderr
2026-02-17T00:19:50.057+0000 7f3fc2ffd640 1 --2- 10.20.193.30:0/386528109 >> [v2:10.20.193.30:3300/0,v1:10.20.193.30:6789/0] conn(0x7f3fc4108a30 0x7f3fc4108e30 secure :-1 s=READY pgs=43 cs=0 l=1 rev1=1 crypto rx=0x7f3fb8009920 tx=0x7f3fb802ef20 comp rx=0 tx=0).ready entity=mon.0 client_cookie=b05cd421fb6579ec server_cookie=0 in_seq=0 out_seq=0
2026-02-17T00:19:51.609 INFO:teuthology.orchestra.run.trial030.stdout:/usr/bin/ceph: stderr
2026-02-17T00:19:50.057+0000 7f3fc1ffb640 1 -- 10.20.193.30:0/386528109 <== mon.0 v2:10.20.193.30:3300/0 1 ==== mon_map magic: 0 ==== 205+0+0 (secure 0 0 0) 0x7f3fb803c070 con 0x7f3fc4108a30
2026-02-17T00:19:51.610 INFO:teuthology.orchestra.run.trial030.stdout:/usr/bin/ceph: stderr
2026-02-17T00:19:50.057+0000 7f3fc1ffb640 1 -- 10.20.193.30:0/386528109 <== mon.0 v2:10.20.193.30:3300/0 2 ==== config(25 keys) ==== 998+0+0 (secure 0 0 0) 0x7f3fb8037440 con 0x7f3fc4108a30
2026-02-17T00:19:51.610 INFO:teuthology.orchestra.run.trial030.stdout:/usr/bin/ceph: stderr
2026-02-17T00:19:50.057+0000 7f3fc1ffb640 1 -- 10.20.193.30:0/386528109 <== mon.0 v2:10.20.193.30:3300/0 3 ==== mon_map magic: 0 ==== 205+0+0 (secure 0 0 0) 0x7f3fb80354d0 con 0x7f3fc4108a30
2026-02-17T00:19:51.610 INFO:teuthology.orchestra.run.trial030.stdout:/usr/bin/ceph: stderr
2026-02-17T00:19:50.057+0000 7f3fc9392640 1 -- 10.20.193.30:0/386528109 >> [v2:10.20.193.30:3300/0,v1:10.20.193.30:6789/0] conn(0x7f3fc4108a30 msgr2=0x7f3fc4108e30 secure :-1 s=STATE_CONNECTION_ESTABLISHED l=1).mark_down
2026-02-17T00:19:51.610 INFO:teuthology.orchestra.run.trial030.stdout:/usr/bin/ceph: stderr
2026-02-17T00:19:50.057+0000 7f3fc9392640 1 --2- 10.20.193.30:0/386528109 >> [v2:10.20.193.30:3300/0,v1:10.20.193.30:6789/0] conn(0x7f3fc4108a30 0x7f3fc4108e30 secure :-1 s=READY pgs=43 cs=0 l=1 rev1=1 crypto rx=0x7f3fb8009920 tx=0x7f3fb802ef20 comp rx=0 tx=0).stop
2026-02-17T00:19:51.610 INFO:teuthology.orchestra.run.trial030.stdout:/usr/bin/ceph: stderr
2026-02-17T00:19:50.057+0000 7f3fc9392640 1 -- 10.20.193.30:0/386528109 shutdown_connections
2026-02-17T00:19:51.610 INFO:teuthology.orchestra.run.trial030.stdout:/usr/bin/ceph: stderr
2026-02-17T00:19:50.057+0000 7f3fc9392640 1 --2- 10.20.193.30:0/386528109 >> [v2:10.20.193.30:3300/0,v1:10.20.193.30:6789/0] conn(0x7f3fc4108a30 0x7f3fc4108e30 unknown :-1 s=CLOSED pgs=43 cs=0 l=1 rev1=1 crypto rx=0 tx=0 comp rx=0 tx=0).stop
2026-02-17T00:19:51.610 INFO:teuthology.orchestra.run.trial030.stdout:/usr/bin/ceph: stderr
2026-02-17T00:19:50.057+0000 7f3fc9392640 1 -- 10.20.193.30:0/386528109 >> 10.20.193.30:0/386528109 conn(0x7f3fc407bed0 msgr2=0x7f3fc407c320 unknown :-1 s=STATE_NONE l=0).mark_down
2026-02-17T00:19:51.610 INFO:teuthology.orchestra.run.trial030.stdout:/usr/bin/ceph: stderr
2026-02-17T00:19:50.057+0000 7f3fc9392640 1 -- 10.20.193.30:0/386528109 shutdown_connections
2026-02-17T00:19:51.610 INFO:teuthology.orchestra.run.trial030.stdout:/usr/bin/ceph: stderr
2026-02-17T00:19:50.057+0000 7f3fc9392640 1 -- 10.20.193.30:0/386528109 wait complete.
2026-02-17T00:19:51.610 INFO:teuthology.orchestra.run.trial030.stdout:/usr/bin/ceph: stderr
2026-02-17T00:19:50.057+0000 7f3fc9392640 1 Processor -- start
2026-02-17T00:19:51.610 INFO:teuthology.orchestra.run.trial030.stdout:/usr/bin/ceph: stderr
2026-02-17T00:19:50.058+0000 7f3fc9392640 1 -- start start
2026-02-17T00:19:51.611 INFO:teuthology.orchestra.run.trial030.stdout:/usr/bin/ceph: stderr
2026-02-17T00:19:50.058+0000 7f3fc9392640 1 --2- >> [v2:10.20.193.30:3300/0,v1:10.20.193.30:6789/0] conn(0x7f3fc4108a30 0x7f3fc419e960 unknown :-1 s=NONE pgs=0 cs=0 l=1 rev1=0 crypto rx=0 tx=0 comp rx=0 tx=0).connect
2026-02-17T00:19:51.611 INFO:teuthology.orchestra.run.trial030.stdout:/usr/bin/ceph: stderr
2026-02-17T00:19:50.058+0000 7f3fc9392640 1 -- --> [v2:10.20.193.30:3300/0,v1:10.20.193.30:6789/0] -- mon_getmap magic: 0 -- 0x7f3fc410ce60 con 0x7f3fc4108a30
2026-02-17T00:19:51.611 INFO:teuthology.orchestra.run.trial030.stdout:/usr/bin/ceph: stderr
2026-02-17T00:19:50.058+0000 7f3fc2ffd640 1 --2- >> [v2:10.20.193.30:3300/0,v1:10.20.193.30:6789/0] conn(0x7f3fc4108a30 0x7f3fc419e960 unknown :-1 s=BANNER_CONNECTING pgs=0 cs=0 l=1 rev1=0 crypto rx=0 tx=0 comp rx=0 tx=0)._handle_peer_banner_payload supported=3 required=0
2026-02-17T00:19:51.611 INFO:teuthology.orchestra.run.trial030.stdout:/usr/bin/ceph: stderr
2026-02-17T00:19:50.058+0000 7f3fc2ffd640 1 --2- >> [v2:10.20.193.30:3300/0,v1:10.20.193.30:6789/0] conn(0x7f3fc4108a30 0x7f3fc419e960 unknown :-1 s=HELLO_CONNECTING pgs=0 cs=0 l=1 rev1=1 crypto rx=0 tx=0 comp rx=0 tx=0).handle_hello peer v2:10.20.193.30:3300/0 says I am v2:10.20.193.30:53020/0 (socket says 10.20.193.30:53020)
2026-02-17T00:19:51.611 INFO:teuthology.orchestra.run.trial030.stdout:/usr/bin/ceph: stderr
2026-02-17T00:19:50.058+0000 7f3fc2ffd640 1 -- 10.20.193.30:0/153686729 learned_addr learned my addr 10.20.193.30:0/153686729 (peer_addr_for_me v2:10.20.193.30:0/0)
2026-02-17T00:19:51.611 INFO:teuthology.orchestra.run.trial030.stdout:/usr/bin/ceph: stderr
2026-02-17T00:19:50.058+0000 7f3fc2ffd640 1 -- 10.20.193.30:0/153686729 --> [v2:10.20.193.30:3300/0,v1:10.20.193.30:6789/0] -- mon_subscribe({config=0+,monmap=0+}) -- 0x7f3fc419eea0 con 0x7f3fc4108a30
2026-02-17T00:19:51.611 INFO:teuthology.orchestra.run.trial030.stdout:/usr/bin/ceph: stderr
2026-02-17T00:19:50.058+0000 7f3fc2ffd640 1 --2- 10.20.193.30:0/153686729 >> [v2:10.20.193.30:3300/0,v1:10.20.193.30:6789/0] conn(0x7f3fc4108a30 0x7f3fc419e960 secure :-1 s=READY pgs=44 cs=0 l=1 rev1=1 crypto rx=0x7f3fb8006fd0 tx=0x7f3fb8035e10 comp rx=0 tx=0).ready entity=mon.0 client_cookie=0 server_cookie=0 in_seq=0 out_seq=0
2026-02-17T00:19:51.611 INFO:teuthology.orchestra.run.trial030.stdout:/usr/bin/ceph: stderr
2026-02-17T00:19:50.058+0000 7f3fa3fff640 1 -- 10.20.193.30:0/153686729 <== mon.0 v2:10.20.193.30:3300/0 1 ==== mon_map magic: 0 ==== 205+0+0 (secure 0 0 0) 0x7f3fb8045070 con 0x7f3fc4108a30
2026-02-17T00:19:51.611 INFO:teuthology.orchestra.run.trial030.stdout:/usr/bin/ceph: stderr
2026-02-17T00:19:50.058+0000 7f3fa3fff640 1 -- 10.20.193.30:0/153686729 <== mon.0 v2:10.20.193.30:3300/0 2 ==== config(25 keys) ==== 998+0+0 (secure 0 0 0) 0x7f3fb802fbc0 con 0x7f3fc4108a30
2026-02-17T00:19:51.611 INFO:teuthology.orchestra.run.trial030.stdout:/usr/bin/ceph: stderr
2026-02-17T00:19:50.058+0000 7f3fa3fff640 1 -- 10.20.193.30:0/153686729 <== mon.0 v2:10.20.193.30:3300/0 3 ==== mon_map magic: 0 ==== 205+0+0 (secure 0 0 0) 0x7f3fb803c070 con 0x7f3fc4108a30
2026-02-17T00:19:51.611 INFO:teuthology.orchestra.run.trial030.stdout:/usr/bin/ceph: stderr
2026-02-17T00:19:50.058+0000 7f3fc9392640 1 -- 10.20.193.30:0/153686729 --> [v2:10.20.193.30:3300/0,v1:10.20.193.30:6789/0] -- mon_subscribe({mgrmap=0+}) -- 0x7f3fc419f130 con 0x7f3fc4108a30
2026-02-17T00:19:51.612 INFO:teuthology.orchestra.run.trial030.stdout:/usr/bin/ceph: stderr
2026-02-17T00:19:50.058+0000 7f3fc9392640 1 -- 10.20.193.30:0/153686729 --> [v2:10.20.193.30:3300/0,v1:10.20.193.30:6789/0] -- mon_subscribe({osdmap=0}) -- 0x7f3fc41a1e20 con 0x7f3fc4108a30
2026-02-17T00:19:51.612 INFO:teuthology.orchestra.run.trial030.stdout:/usr/bin/ceph: stderr
2026-02-17T00:19:50.058+0000 7f3fc9392640 1 -- 10.20.193.30:0/153686729 --> [v2:10.20.193.30:3300/0,v1:10.20.193.30:6789/0] -- mon_command({"prefix": "get_command_descriptions"} v 0) -- 0x7f3fc4108eb0 con 0x7f3fc4108a30
2026-02-17T00:19:51.612 INFO:teuthology.orchestra.run.trial030.stdout:/usr/bin/ceph: stderr
2026-02-17T00:19:50.059+0000 7f3fa3fff640 1 -- 10.20.193.30:0/153686729 <== mon.0 v2:10.20.193.30:3300/0 4 ==== mgrmap(e 7) ==== 50184+0+0 (secure 0 0 0) 0x7f3fb8040450 con 0x7f3fc4108a30
2026-02-17T00:19:51.612 INFO:teuthology.orchestra.run.trial030.stdout:/usr/bin/ceph: stderr
2026-02-17T00:19:50.059+0000 7f3fa3fff640 1 --2- 10.20.193.30:0/153686729 >> v2:10.20.193.30:6800/3178147410 conn(0x7f3f9803dc30 0x7f3f980400f0 unknown :-1 s=NONE pgs=0 cs=0 l=1 rev1=0 crypto rx=0 tx=0 comp rx=0 tx=0).connect
2026-02-17T00:19:51.612 INFO:teuthology.orchestra.run.trial030.stdout:/usr/bin/ceph: stderr
2026-02-17T00:19:50.059+0000 7f3fa3fff640 1 -- 10.20.193.30:0/153686729 <== mon.0 v2:10.20.193.30:3300/0 5 ==== osd_map(2..2 src has 1..2) ==== 897+0+0 (secure 0 0 0) 0x7f3fb8076950 con 0x7f3fc4108a30
2026-02-17T00:19:51.612 INFO:teuthology.orchestra.run.trial030.stdout:/usr/bin/ceph: stderr
2026-02-17T00:19:50.059+0000 7f3fc27fc640 1 --2- 10.20.193.30:0/153686729 >> v2:10.20.193.30:6800/3178147410 conn(0x7f3f9803dc30 0x7f3f980400f0 unknown :-1 s=BANNER_CONNECTING pgs=0 cs=0 l=1 rev1=0 crypto rx=0 tx=0 comp rx=0 tx=0)._handle_peer_banner_payload supported=3 required=0
2026-02-17T00:19:51.612 INFO:teuthology.orchestra.run.trial030.stdout:/usr/bin/ceph: stderr
2026-02-17T00:19:50.059+0000 7f3fc27fc640 1 --2- 10.20.193.30:0/153686729 >> v2:10.20.193.30:6800/3178147410 conn(0x7f3f9803dc30 0x7f3f980400f0 secure :-1 s=READY pgs=11 cs=0 l=1 rev1=1 crypto rx=0x7f3fac0099c0 tx=0x7f3fac006eb0 comp rx=0 tx=0).ready entity=mgr.14118 client_cookie=0 server_cookie=0 in_seq=0 out_seq=0
2026-02-17T00:19:51.612 INFO:teuthology.orchestra.run.trial030.stdout:/usr/bin/ceph: stderr
2026-02-17T00:19:50.061+0000 7f3fa3fff640 1 -- 10.20.193.30:0/153686729 <== mon.0 v2:10.20.193.30:3300/0 6 ==== mon_command_ack([{"prefix": "get_command_descriptions"}]=0 v0) ==== 72+0+195034 (secure 0 0 0) 0x7f3fb804a440 con 0x7f3fc4108a30
2026-02-17T00:19:51.612 INFO:teuthology.orchestra.run.trial030.stdout:/usr/bin/ceph: stderr
2026-02-17T00:19:50.147+0000 7f3fc9392640 1 -- 10.20.193.30:0/153686729 --> v2:10.20.193.30:6800/3178147410 -- mgr_command(tid 0: {"prefix": "orch host add", "hostname": "trial030", "addr": "10.20.193.30", "target": ["mon-mgr", ""]}) -- 0x7f3fc4106760 con 0x7f3f9803dc30
2026-02-17T00:19:51.612 INFO:teuthology.orchestra.run.trial030.stdout:/usr/bin/ceph: stderr
2026-02-17T00:19:50.737+0000 7f3fa3fff640 1 -- 10.20.193.30:0/153686729 <== mon.0 v2:10.20.193.30:3300/0 7 ==== mgrmap(e 8) ==== 50290+0+0 (secure 0 0 0) 0x7f3fb8045210 con 0x7f3fc4108a30
2026-02-17T00:19:51.613 INFO:teuthology.orchestra.run.trial030.stdout:/usr/bin/ceph: stderr
2026-02-17T00:19:51.554+0000 7f3fa3fff640 1 -- 10.20.193.30:0/153686729 <== mgr.14118 v2:10.20.193.30:6800/3178147410 1 ==== mgr_command_reply(tid 0: 0 ) ==== 8+0+47 (secure 0 0 0) 0x7f3fc4106760 con 0x7f3f9803dc30
2026-02-17T00:19:51.613 INFO:teuthology.orchestra.run.trial030.stdout:/usr/bin/ceph: stderr
2026-02-17T00:19:51.556+0000 7f3fc9392640 1 -- 10.20.193.30:0/153686729 >> v2:10.20.193.30:6800/3178147410 conn(0x7f3f9803dc30 msgr2=0x7f3f980400f0 secure :-1 s=STATE_CONNECTION_ESTABLISHED l=1).mark_down
2026-02-17T00:19:51.613 INFO:teuthology.orchestra.run.trial030.stdout:/usr/bin/ceph: stderr
2026-02-17T00:19:51.556+0000 7f3fc9392640 1 --2- 10.20.193.30:0/153686729 >> v2:10.20.193.30:6800/3178147410 conn(0x7f3f9803dc30 0x7f3f980400f0 secure :-1 s=READY pgs=11 cs=0 l=1 rev1=1 crypto rx=0x7f3fac0099c0 tx=0x7f3fac006eb0 comp rx=0 tx=0).stop
2026-02-17T00:19:51.613 INFO:teuthology.orchestra.run.trial030.stdout:/usr/bin/ceph: stderr
2026-02-17T00:19:51.556+0000 7f3fc9392640 1 -- 10.20.193.30:0/153686729 >> [v2:10.20.193.30:3300/0,v1:10.20.193.30:6789/0] conn(0x7f3fc4108a30 msgr2=0x7f3fc419e960 secure :-1 s=STATE_CONNECTION_ESTABLISHED l=1).mark_down
2026-02-17T00:19:51.613 INFO:teuthology.orchestra.run.trial030.stdout:/usr/bin/ceph: stderr
2026-02-17T00:19:51.556+0000 7f3fc9392640 1 --2- 10.20.193.30:0/153686729 >> [v2:10.20.193.30:3300/0,v1:10.20.193.30:6789/0] conn(0x7f3fc4108a30 0x7f3fc419e960 secure :-1 s=READY pgs=44 cs=0 l=1 rev1=1 crypto rx=0x7f3fb8006fd0 tx=0x7f3fb8035e10 comp rx=0 tx=0).stop
2026-02-17T00:19:51.613 INFO:teuthology.orchestra.run.trial030.stdout:/usr/bin/ceph: stderr
2026-02-17T00:19:51.556+0000 7f3fc9392640 1 -- 10.20.193.30:0/153686729 shutdown_connections
2026-02-17T00:19:51.613 INFO:teuthology.orchestra.run.trial030.stdout:/usr/bin/ceph: stderr
2026-02-17T00:19:51.556+0000 7f3fc9392640 1 --2- 10.20.193.30:0/153686729 >> v2:10.20.193.30:6800/3178147410 conn(0x7f3f9803dc30 0x7f3f980400f0 unknown :-1 s=CLOSED pgs=11 cs=0 l=1 rev1=1 crypto rx=0 tx=0 comp rx=0 tx=0).stop
2026-02-17T00:19:51.613 INFO:teuthology.orchestra.run.trial030.stdout:/usr/bin/ceph: stderr
2026-02-17T00:19:51.556+0000 7f3fc9392640 1 --2- 10.20.193.30:0/153686729 >> [v2:10.20.193.30:3300/0,v1:10.20.193.30:6789/0] conn(0x7f3fc4108a30 0x7f3fc419e960 unknown :-1 s=CLOSED pgs=44 cs=0 l=1 rev1=1 crypto rx=0 tx=0 comp rx=0 tx=0).stop
2026-02-17T00:19:51.613 INFO:teuthology.orchestra.run.trial030.stdout:/usr/bin/ceph: stderr
2026-02-17T00:19:51.556+0000 7f3fc9392640 1 -- 10.20.193.30:0/153686729 >> 10.20.193.30:0/153686729 conn(0x7f3fc407bed0 msgr2=0x7f3fc4106050 unknown :-1 s=STATE_NONE l=0).mark_down
2026-02-17T00:19:51.613 INFO:teuthology.orchestra.run.trial030.stdout:/usr/bin/ceph: stderr
2026-02-17T00:19:51.556+0000 7f3fc9392640 1 -- 10.20.193.30:0/153686729 shutdown_connections
2026-02-17T00:19:51.613 INFO:teuthology.orchestra.run.trial030.stdout:/usr/bin/ceph: stderr
2026-02-17T00:19:51.556+0000 7f3fc9392640 1 -- 10.20.193.30:0/153686729 wait complete.
2026-02-17T00:19:51.614 INFO:teuthology.orchestra.run.trial030.stdout:Deploying unmanaged mon service...
2026-02-17T00:19:51.830 INFO:teuthology.orchestra.run.trial030.stdout:/usr/bin/ceph: stdout Scheduled mon update...
2026-02-17T00:19:51.831 INFO:teuthology.orchestra.run.trial030.stdout:/usr/bin/ceph: stderr
2026-02-17T00:19:51.705+0000 7f1fa8749640 1 Processor -- start
2026-02-17T00:19:51.831 INFO:teuthology.orchestra.run.trial030.stdout:/usr/bin/ceph: stderr
2026-02-17T00:19:51.705+0000 7f1fa8749640 1 -- start start
2026-02-17T00:19:51.831 INFO:teuthology.orchestra.run.trial030.stdout:/usr/bin/ceph: stderr
