2026-02-17T00:19:45.786+0000 7fd7ae5c5640 1 -- 10.20.193.30:0/1662650911 shutdown_connections
2026-02-17T00:19:49.098 INFO:teuthology.orchestra.run.trial030.stdout:/usr/bin/ceph: stderr
2026-02-17T00:19:45.786+0000 7fd7ae5c5640 1 -- 10.20.193.30:0/1662650911 wait complete.
2026-02-17T00:19:49.098 INFO:teuthology.orchestra.run.trial030.stdout:/usr/bin/ceph: stderr
2026-02-17T00:19:45.786+0000 7fd7ae5c5640 1 Processor -- start
2026-02-17T00:19:49.098 INFO:teuthology.orchestra.run.trial030.stdout:/usr/bin/ceph: stderr
2026-02-17T00:19:45.786+0000 7fd7ae5c5640 1 -- start start
2026-02-17T00:19:49.099 INFO:teuthology.orchestra.run.trial030.stdout:/usr/bin/ceph: stderr
2026-02-17T00:19:45.787+0000 7fd7ae5c5640 1 --2- >> [v2:10.20.193.30:3300/0,v1:10.20.193.30:6789/0] conn(0x7fd7a81067e0 0x7fd7a807c460 unknown :-1 s=NONE pgs=0 cs=0 l=1 rev1=0 crypto rx=0 tx=0 comp rx=0 tx=0).connect
2026-02-17T00:19:49.099 INFO:teuthology.orchestra.run.trial030.stdout:/usr/bin/ceph: stderr
2026-02-17T00:19:45.787+0000 7fd7ae5c5640 1 -- --> [v2:10.20.193.30:3300/0,v1:10.20.193.30:6789/0] -- mon_getmap magic: 0 -- 0x7fd7a810ac10 con 0x7fd7a81067e0
2026-02-17T00:19:49.099 INFO:teuthology.orchestra.run.trial030.stdout:/usr/bin/ceph: stderr
2026-02-17T00:19:45.787+0000 7fd7a7fff640 1 --2- >> [v2:10.20.193.30:3300/0,v1:10.20.193.30:6789/0] conn(0x7fd7a81067e0 0x7fd7a807c460 unknown :-1 s=BANNER_CONNECTING pgs=0 cs=0 l=1 rev1=0 crypto rx=0 tx=0 comp rx=0 tx=0)._handle_peer_banner_payload supported=3 required=0
2026-02-17T00:19:49.099 INFO:teuthology.orchestra.run.trial030.stdout:/usr/bin/ceph: stderr
2026-02-17T00:19:45.787+0000 7fd7a7fff640 1 --2- >> [v2:10.20.193.30:3300/0,v1:10.20.193.30:6789/0] conn(0x7fd7a81067e0 0x7fd7a807c460 unknown :-1 s=HELLO_CONNECTING pgs=0 cs=0 l=1 rev1=1 crypto rx=0 tx=0 comp rx=0 tx=0).handle_hello peer v2:10.20.193.30:3300/0 says I am v2:10.20.193.30:38350/0 (socket says 10.20.193.30:38350)
2026-02-17T00:19:49.099 INFO:teuthology.orchestra.run.trial030.stdout:/usr/bin/ceph: stderr
2026-02-17T00:19:45.787+0000 7fd7a7fff640 1 -- 10.20.193.30:0/1943313319 learned_addr learned my addr 10.20.193.30:0/1943313319 (peer_addr_for_me v2:10.20.193.30:0/0)
2026-02-17T00:19:49.099 INFO:teuthology.orchestra.run.trial030.stdout:/usr/bin/ceph: stderr
2026-02-17T00:19:45.787+0000 7fd7a7fff640 1 -- 10.20.193.30:0/1943313319 --> [v2:10.20.193.30:3300/0,v1:10.20.193.30:6789/0] -- mon_subscribe({config=0+,monmap=0+}) -- 0x7fd7a807c9a0 con 0x7fd7a81067e0
2026-02-17T00:19:49.099 INFO:teuthology.orchestra.run.trial030.stdout:/usr/bin/ceph: stderr
2026-02-17T00:19:45.787+0000 7fd7a7fff640 1 --2- 10.20.193.30:0/1943313319 >> [v2:10.20.193.30:3300/0,v1:10.20.193.30:6789/0] conn(0x7fd7a81067e0 0x7fd7a807c460 secure :-1 s=READY pgs=27 cs=0 l=1 rev1=1 crypto rx=0x7fd794006fd0 tx=0x7fd794035e10 comp rx=0 tx=0).ready entity=mon.0 client_cookie=0 server_cookie=0 in_seq=0 out_seq=0
2026-02-17T00:19:49.099 INFO:teuthology.orchestra.run.trial030.stdout:/usr/bin/ceph: stderr
2026-02-17T00:19:45.787+0000 7fd7a57fa640 1 -- 10.20.193.30:0/1943313319 <== mon.0 v2:10.20.193.30:3300/0 1 ==== mon_map magic: 0 ==== 205+0+0 (secure 0 0 0) 0x7fd794045070 con 0x7fd7a81067e0
2026-02-17T00:19:49.099 INFO:teuthology.orchestra.run.trial030.stdout:/usr/bin/ceph: stderr
2026-02-17T00:19:45.787+0000 7fd7a57fa640 1 -- 10.20.193.30:0/1943313319 <== mon.0 v2:10.20.193.30:3300/0 2 ==== config(25 keys) ==== 998+0+0 (secure 0 0 0) 0x7fd79402fbc0 con 0x7fd7a81067e0
2026-02-17T00:19:49.099 INFO:teuthology.orchestra.run.trial030.stdout:/usr/bin/ceph: stderr
2026-02-17T00:19:45.787+0000 7fd7ae5c5640 1 -- 10.20.193.30:0/1943313319 --> [v2:10.20.193.30:3300/0,v1:10.20.193.30:6789/0] -- mon_subscribe({mgrmap=0+}) -- 0x7fd7a807ab90 con 0x7fd7a81067e0
2026-02-17T00:19:49.099 INFO:teuthology.orchestra.run.trial030.stdout:/usr/bin/ceph: stderr
2026-02-17T00:19:45.787+0000 7fd7a57fa640 1 -- 10.20.193.30:0/1943313319 <== mon.0 v2:10.20.193.30:3300/0 3 ==== mon_map magic: 0 ==== 205+0+0 (secure 0 0 0) 0x7fd79403c070 con 0x7fd7a81067e0
2026-02-17T00:19:49.099 INFO:teuthology.orchestra.run.trial030.stdout:/usr/bin/ceph: stderr
2026-02-17T00:19:45.787+0000 7fd7ae5c5640 1 -- 10.20.193.30:0/1943313319 --> [v2:10.20.193.30:3300/0,v1:10.20.193.30:6789/0] -- mon_subscribe({osdmap=0}) -- 0x7fd7a807b070 con 0x7fd7a81067e0
2026-02-17T00:19:49.099 INFO:teuthology.orchestra.run.trial030.stdout:/usr/bin/ceph: stderr
2026-02-17T00:19:45.788+0000 7fd7a57fa640 1 -- 10.20.193.30:0/1943313319 <== mon.0 v2:10.20.193.30:3300/0 4 ==== mgrmap(e 5) ==== 50290+0+0 (secure 0 0 0) 0x7fd794040450 con 0x7fd7a81067e0
2026-02-17T00:19:49.100 INFO:teuthology.orchestra.run.trial030.stdout:/usr/bin/ceph: stderr
2026-02-17T00:19:45.788+0000 7fd7a57fa640 1 --2- 10.20.193.30:0/1943313319 >> v2:10.20.193.30:6800/876295223 conn(0x7fd77c03dd50 0x7fd77c040210 unknown :-1 s=NONE pgs=0 cs=0 l=1 rev1=0 crypto rx=0 tx=0 comp rx=0 tx=0).connect
2026-02-17T00:19:49.100 INFO:teuthology.orchestra.run.trial030.stdout:/usr/bin/ceph: stderr
2026-02-17T00:19:45.788+0000 7fd7a57fa640 1 -- 10.20.193.30:0/1943313319 --> v2:10.20.193.30:6800/876295223 -- command(tid 0: {"prefix": "get_command_descriptions"}) -- 0x7fd77c0408e0 con 0x7fd77c03dd50
2026-02-17T00:19:49.100 INFO:teuthology.orchestra.run.trial030.stdout:/usr/bin/ceph: stderr
2026-02-17T00:19:45.788+0000 7fd7a77fe640 1 -- 10.20.193.30:0/1943313319 >> v2:10.20.193.30:6800/876295223 conn(0x7fd77c03dd50 msgr2=0x7fd77c040210 unknown :-1 s=STATE_CONNECTING_RE l=1).process reconnect failed to v2:10.20.193.30:6800/876295223
2026-02-17T00:19:49.100 INFO:teuthology.orchestra.run.trial030.stdout:/usr/bin/ceph: stderr
2026-02-17T00:19:45.788+0000 7fd7a57fa640 1 -- 10.20.193.30:0/1943313319 <== mon.0 v2:10.20.193.30:3300/0 5 ==== osd_map(1..1 src has 1..1) ==== 725+0+0 (secure 0 0 0) 0x7fd794076a80 con 0x7fd7a81067e0
2026-02-17T00:19:49.100 INFO:teuthology.orchestra.run.trial030.stdout:/usr/bin/ceph: stderr
2026-02-17T00:19:45.788+0000 7fd7a77fe640 1 --2- 10.20.193.30:0/1943313319 >> v2:10.20.193.30:6800/876295223 conn(0x7fd77c03dd50 0x7fd77c040210 unknown :-1 s=START_CONNECT pgs=0 cs=0 l=1 rev1=0 crypto rx=0 tx=0 comp rx=0 tx=0)._fault waiting 0.200000
2026-02-17T00:19:49.100 INFO:teuthology.orchestra.run.trial030.stdout:/usr/bin/ceph: stderr
2026-02-17T00:19:45.989+0000 7fd7a77fe640 1 -- 10.20.193.30:0/1943313319 >> v2:10.20.193.30:6800/876295223 conn(0x7fd77c03dd50 msgr2=0x7fd77c040210 unknown :-1 s=STATE_CONNECTING_RE l=1).process reconnect failed to v2:10.20.193.30:6800/876295223
2026-02-17T00:19:49.100 INFO:teuthology.orchestra.run.trial030.stdout:/usr/bin/ceph: stderr
2026-02-17T00:19:45.989+0000 7fd7a77fe640 1 --2- 10.20.193.30:0/1943313319 >> v2:10.20.193.30:6800/876295223 conn(0x7fd77c03dd50 0x7fd77c040210 unknown :-1 s=START_CONNECT pgs=0 cs=0 l=1 rev1=0 crypto rx=0 tx=0 comp rx=0 tx=0)._fault waiting 0.400000
2026-02-17T00:19:49.100 INFO:teuthology.orchestra.run.trial030.stdout:/usr/bin/ceph: stderr
2026-02-17T00:19:46.390+0000 7fd7a77fe640 1 -- 10.20.193.30:0/1943313319 >> v2:10.20.193.30:6800/876295223 conn(0x7fd77c03dd50 msgr2=0x7fd77c040210 unknown :-1 s=STATE_CONNECTING_RE l=1).process reconnect failed to v2:10.20.193.30:6800/876295223
2026-02-17T00:19:49.100 INFO:teuthology.orchestra.run.trial030.stdout:/usr/bin/ceph: stderr
2026-02-17T00:19:46.390+0000 7fd7a77fe640 1 --2- 10.20.193.30:0/1943313319 >> v2:10.20.193.30:6800/876295223 conn(0x7fd77c03dd50 0x7fd77c040210 unknown :-1 s=START_CONNECT pgs=0 cs=0 l=1 rev1=0 crypto rx=0 tx=0 comp rx=0 tx=0)._fault waiting 0.800000
2026-02-17T00:19:49.100 INFO:teuthology.orchestra.run.trial030.stdout:/usr/bin/ceph: stderr
2026-02-17T00:19:47.191+0000 7fd7a77fe640 1 -- 10.20.193.30:0/1943313319 >> v2:10.20.193.30:6800/876295223 conn(0x7fd77c03dd50 msgr2=0x7fd77c040210 unknown :-1 s=STATE_CONNECTING_RE l=1).process reconnect failed to v2:10.20.193.30:6800/876295223
2026-02-17T00:19:49.101 INFO:teuthology.orchestra.run.trial030.stdout:/usr/bin/ceph: stderr
2026-02-17T00:19:47.191+0000 7fd7a77fe640 1 --2- 10.20.193.30:0/1943313319 >> v2:10.20.193.30:6800/876295223 conn(0x7fd77c03dd50 0x7fd77c040210 unknown :-1 s=START_CONNECT pgs=0 cs=0 l=1 rev1=0 crypto rx=0 tx=0 comp rx=0 tx=0)._fault waiting 1.600000
2026-02-17T00:19:49.101 INFO:teuthology.orchestra.run.trial030.stdout:/usr/bin/ceph: stderr
2026-02-17T00:19:48.059+0000 7fd7a57fa640 1 -- 10.20.193.30:0/1943313319 <== mon.0 v2:10.20.193.30:3300/0 6 ==== mgrmap(e 6) ==== 50092+0+0 (secure 0 0 0) 0x7fd794075540 con 0x7fd7a81067e0
2026-02-17T00:19:49.101 INFO:teuthology.orchestra.run.trial030.stdout:/usr/bin/ceph: stderr
2026-02-17T00:19:48.059+0000 7fd7a57fa640 1 -- 10.20.193.30:0/1943313319 >> v2:10.20.193.30:6800/876295223 conn(0x7fd77c03dd50 msgr2=0x7fd77c040210 unknown :-1 s=STATE_CONNECTING l=1).mark_down
2026-02-17T00:19:49.101 INFO:teuthology.orchestra.run.trial030.stdout:/usr/bin/ceph: stderr
2026-02-17T00:19:48.059+0000 7fd7a57fa640 1 --2- 10.20.193.30:0/1943313319 >> v2:10.20.193.30:6800/876295223 conn(0x7fd77c03dd50 0x7fd77c040210 unknown :-1 s=START_CONNECT pgs=0 cs=0 l=1 rev1=0 crypto rx=0 tx=0 comp rx=0 tx=0).stop
2026-02-17T00:19:49.101 INFO:teuthology.orchestra.run.trial030.stdout:/usr/bin/ceph: stderr
2026-02-17T00:19:49.060+0000 7fd7a57fa640 1 -- 10.20.193.30:0/1943313319 <== mon.0 v2:10.20.193.30:3300/0 7 ==== mgrmap(e 7) ==== 50184+0+0 (secure 0 0 0) 0x7fd794075c40 con 0x7fd7a81067e0
2026-02-17T00:19:49.101 INFO:teuthology.orchestra.run.trial030.stdout:/usr/bin/ceph: stderr
2026-02-17T00:19:49.060+0000 7fd7a57fa640 1 --2- 10.20.193.30:0/1943313319 >> v2:10.20.193.30:6800/3178147410 conn(0x7fd77c041680 0x7fd77c043a70 unknown :-1 s=NONE pgs=0 cs=0 l=1 rev1=0 crypto rx=0 tx=0 comp rx=0 tx=0).connect
2026-02-17T00:19:49.101 INFO:teuthology.orchestra.run.trial030.stdout:/usr/bin/ceph: stderr
2026-02-17T00:19:49.060+0000 7fd7a57fa640 1 -- 10.20.193.30:0/1943313319 --> v2:10.20.193.30:6800/3178147410 -- command(tid 0: {"prefix": "get_command_descriptions"}) -- 0x7fd794039ec0 con 0x7fd77c041680
2026-02-17T00:19:49.101 INFO:teuthology.orchestra.run.trial030.stdout:/usr/bin/ceph: stderr
2026-02-17T00:19:49.060+0000 7fd7a77fe640 1 --2- 10.20.193.30:0/1943313319 >> v2:10.20.193.30:6800/3178147410 conn(0x7fd77c041680 0x7fd77c043a70 unknown :-1 s=BANNER_CONNECTING pgs=0 cs=0 l=1 rev1=0 crypto rx=0 tx=0 comp rx=0 tx=0)._handle_peer_banner_payload supported=3 required=0
2026-02-17T00:19:49.101 INFO:teuthology.orchestra.run.trial030.stdout:/usr/bin/ceph: stderr
2026-02-17T00:19:49.061+0000 7fd7a77fe640 1 --2- 10.20.193.30:0/1943313319 >> v2:10.20.193.30:6800/3178147410 conn(0x7fd77c041680 0x7fd77c043a70 secure :-1 s=READY pgs=3 cs=0 l=1 rev1=1 crypto rx=0x7fd798003a80 tx=0x7fd7980092b0 comp rx=0 tx=0).ready entity=mgr.14118 client_cookie=0 server_cookie=0 in_seq=0 out_seq=0
2026-02-17T00:19:49.101 INFO:teuthology.orchestra.run.trial030.stdout:/usr/bin/ceph: stderr
2026-02-17T00:19:49.061+0000 7fd7a57fa640 1 -- 10.20.193.30:0/1943313319 <== mgr.14118 v2:10.20.193.30:6800/3178147410 1 ==== command_reply(tid 0: 0 ) ==== 8+0+8901 (secure 0 0 0) 0x7fd794039ec0 con 0x7fd77c041680
2026-02-17T00:19:49.101 INFO:teuthology.orchestra.run.trial030.stdout:/usr/bin/ceph: stderr
2026-02-17T00:19:49.064+0000 7fd7ae5c5640 1 -- 10.20.193.30:0/1943313319 --> v2:10.20.193.30:6800/3178147410 -- command(tid 1: {"prefix": "mgr_status"}) -- 0x7fd7a8106c60 con 0x7fd77c041680
2026-02-17T00:19:49.101 INFO:teuthology.orchestra.run.trial030.stdout:/usr/bin/ceph: stderr
2026-02-17T00:19:49.065+0000 7fd7a57fa640 1 -- 10.20.193.30:0/1943313319 <== mgr.14118 v2:10.20.193.30:6800/3178147410 2 ==== command_reply(tid 1: 0 ) ==== 8+0+51 (secure 0 0 0) 0x7fd7a8106c60 con 0x7fd77c041680
2026-02-17T00:19:49.102 INFO:teuthology.orchestra.run.trial030.stdout:/usr/bin/ceph: stderr
2026-02-17T00:19:49.065+0000 7fd7ae5c5640 1 -- 10.20.193.30:0/1943313319 >> v2:10.20.193.30:6800/3178147410 conn(0x7fd77c041680 msgr2=0x7fd77c043a70 secure :-1 s=STATE_CONNECTION_ESTABLISHED l=1).mark_down
2026-02-17T00:19:49.102 INFO:teuthology.orchestra.run.trial030.stdout:/usr/bin/ceph: stderr
2026-02-17T00:19:49.065+0000 7fd7ae5c5640 1 --2- 10.20.193.30:0/1943313319 >> v2:10.20.193.30:6800/3178147410 conn(0x7fd77c041680 0x7fd77c043a70 secure :-1 s=READY pgs=3 cs=0 l=1 rev1=1 crypto rx=0x7fd798003a80 tx=0x7fd7980092b0 comp rx=0 tx=0).stop
2026-02-17T00:19:49.102 INFO:teuthology.orchestra.run.trial030.stdout:/usr/bin/ceph: stderr
2026-02-17T00:19:49.065+0000 7fd7ae5c5640 1 -- 10.20.193.30:0/1943313319 >> [v2:10.20.193.30:3300/0,v1:10.20.193.30:6789/0] conn(0x7fd7a81067e0 msgr2=0x7fd7a807c460 secure :-1 s=STATE_CONNECTION_ESTABLISHED l=1).mark_down
2026-02-17T00:19:49.102 INFO:teuthology.orchestra.run.trial030.stdout:/usr/bin/ceph: stderr
2026-02-17T00:19:49.065+0000 7fd7ae5c5640 1 --2- 10.20.193.30:0/1943313319 >> [v2:10.20.193.30:3300/0,v1:10.20.193.30:6789/0] conn(0x7fd7a81067e0 0x7fd7a807c460 secure :-1 s=READY pgs=27 cs=0 l=1 rev1=1 crypto rx=0x7fd794006fd0 tx=0x7fd794035e10 comp rx=0 tx=0).stop
2026-02-17T00:19:49.102 INFO:teuthology.orchestra.run.trial030.stdout:/usr/bin/ceph: stderr
2026-02-17T00:19:49.065+0000 7fd7ae5c5640 1 -- 10.20.193.30:0/1943313319 shutdown_connections
2026-02-17T00:19:49.102 INFO:teuthology.orchestra.run.trial030.stdout:/usr/bin/ceph: stderr
2026-02-17T00:19:49.065+0000 7fd7ae5c5640 1 --2- 10.20.193.30:0/1943313319 >> v2:10.20.193.30:6800/3178147410 conn(0x7fd77c041680 0x7fd77c043a70 unknown :-1 s=CLOSED pgs=3 cs=0 l=1 rev1=1 crypto rx=0 tx=0 comp rx=0 tx=0).stop
2026-02-17T00:19:49.102 INFO:teuthology.orchestra.run.trial030.stdout:/usr/bin/ceph: stderr
2026-02-17T00:19:49.065+0000 7fd7ae5c5640 1 --2- 10.20.193.30:0/1943313319 >> v2:10.20.193.30:6800/876295223 conn(0x7fd77c03dd50 0x7fd77c040210 unknown :-1 s=CLOSED pgs=0 cs=0 l=1 rev1=0 crypto rx=0 tx=0 comp rx=0 tx=0).stop
2026-02-17T00:19:49.102 INFO:teuthology.orchestra.run.trial030.stdout:/usr/bin/ceph: stderr
2026-02-17T00:19:49.065+0000 7fd7ae5c5640 1 --2- 10.20.193.30:0/1943313319 >> [v2:10.20.193.30:3300/0,v1:10.20.193.30:6789/0] conn(0x7fd7a81067e0 0x7fd7a807c460 unknown :-1 s=CLOSED pgs=27 cs=0 l=1 rev1=1 crypto rx=0 tx=0 comp rx=0 tx=0).stop
2026-02-17T00:19:49.102 INFO:teuthology.orchestra.run.trial030.stdout:/usr/bin/ceph: stderr
2026-02-17T00:19:49.065+0000 7fd7ae5c5640 1 -- 10.20.193.30:0/1943313319 >> 10.20.193.30:0/1943313319 conn(0x7fd7a8101f70 msgr2=0x7fd7a8102bc0 unknown :-1 s=STATE_NONE l=0).mark_down
2026-02-17T00:19:49.102 INFO:teuthology.orchestra.run.trial030.stdout:/usr/bin/ceph: stderr
2026-02-17T00:19:49.065+0000 7fd7ae5c5640 1 -- 10.20.193.30:0/1943313319 shutdown_connections
2026-02-17T00:19:49.102 INFO:teuthology.orchestra.run.trial030.stdout:/usr/bin/ceph: stderr
2026-02-17T00:19:49.065+0000 7fd7ae5c5640 1 -- 10.20.193.30:0/1943313319 wait complete.
2026-02-17T00:19:49.102 INFO:teuthology.orchestra.run.trial030.stdout:mgr epoch 5 is available
2026-02-17T00:19:49.103 INFO:teuthology.orchestra.run.trial030.stdout:Setting orchestrator backend to cephadm...
2026-02-17T00:19:49.318 INFO:teuthology.orchestra.run.trial030.stdout:/usr/bin/ceph: stderr
2026-02-17T00:19:49.182+0000 7f3f1c3f4640 1 Processor -- start
2026-02-17T00:19:49.318 INFO:teuthology.orchestra.run.trial030.stdout:/usr/bin/ceph: stderr
2026-02-17T00:19:49.182+0000 7f3f1c3f4640 1 -- start start
2026-02-17T00:19:49.319 INFO:teuthology.orchestra.run.trial030.stdout:/usr/bin/ceph: stderr
2026-02-17T00:19:49.182+0000 7f3f1c3f4640 1 --2- >> [v2:10.20.193.30:3300/0,v1:10.20.193.30:6789/0] conn(0x7f3f14108a60 0x7f3f14108e60 unknown :-1 s=NONE pgs=0 cs=0 l=0 rev1=0 crypto rx=0 tx=0 comp rx=0 tx=0).connect
2026-02-17T00:19:49.319 INFO:teuthology.orchestra.run.trial030.stdout:/usr/bin/ceph: stderr
2026-02-17T00:19:49.182+0000 7f3f1c3f4640 1 -- --> [v2:10.20.193.30:3300/0,v1:10.20.193.30:6789/0] -- mon_getmap magic: 0 -- 0x7f3f14109430 con 0x7f3f14108a60
2026-02-17T00:19:49.319 INFO:teuthology.orchestra.run.trial030.stdout:/usr/bin/ceph: stderr
2026-02-17T00:19:49.182+0000 7f3f1a169640 1 --2- >> [v2:10.20.193.30:3300/0,v1:10.20.193.30:6789/0] conn(0x7f3f14108a60 0x7f3f14108e60 unknown :-1 s=BANNER_CONNECTING pgs=0 cs=0 l=0 rev1=0 crypto rx=0 tx=0 comp rx=0 tx=0)._handle_peer_banner_payload supported=3 required=0
2026-02-17T00:19:49.319 INFO:teuthology.orchestra.run.trial030.stdout:/usr/bin/ceph: stderr
2026-02-17T00:19:49.182+0000 7f3f1a169640 1 --2- >> [v2:10.20.193.30:3300/0,v1:10.20.193.30:6789/0] conn(0x7f3f14108a60 0x7f3f14108e60 unknown :-1 s=HELLO_CONNECTING pgs=0 cs=0 l=0 rev1=1 crypto rx=0 tx=0 comp rx=0 tx=0).handle_hello peer v2:10.20.193.30:3300/0 says I am v2:10.20.193.30:38432/0 (socket says 10.20.193.30:38432)
2026-02-17T00:19:49.319 INFO:teuthology.orchestra.run.trial030.stdout:/usr/bin/ceph: stderr
2026-02-17T00:19:49.182+0000 7f3f1a169640 1 -- 10.20.193.30:0/97618653 learned_addr learned my addr 10.20.193.30:0/97618653 (peer_addr_for_me v2:10.20.193.30:0/0)
2026-02-17T00:19:49.319 INFO:teuthology.orchestra.run.trial030.stdout:/usr/bin/ceph: stderr
2026-02-17T00:19:49.182+0000 7f3f1a169640 1 -- 10.20.193.30:0/97618653 --> [v2:10.20.193.30:3300/0,v1:10.20.193.30:6789/0] -- mon_subscribe({config=0+,monmap=0+}) -- 0x7f3f14109c60 con 0x7f3f14108a60
2026-02-17T00:19:49.319 INFO:teuthology.orchestra.run.trial030.stdout:/usr/bin/ceph: stderr
2026-02-17T00:19:49.183+0000 7f3f1a169640 1 --2- 10.20.193.30:0/97618653 >> [v2:10.20.193.30:3300/0,v1:10.20.193.30:6789/0] conn(0x7f3f14108a60 0x7f3f14108e60 secure :-1 s=READY pgs=35 cs=0 l=1 rev1=1 crypto rx=0x7f3f04009920 tx=0x7f3f0402ef20 comp rx=0 tx=0).ready entity=mon.0 client_cookie=9563ba00b704ac12 server_cookie=0 in_seq=0 out_seq=0
2026-02-17T00:19:49.319 INFO:teuthology.orchestra.run.trial030.stdout:/usr/bin/ceph: stderr
2026-02-17T00:19:49.183+0000 7f3f19167640 1 -- 10.20.193.30:0/97618653 <== mon.0 v2:10.20.193.30:3300/0 1 ==== mon_map magic: 0 ==== 205+0+0 (secure 0 0 0) 0x7f3f0403c070 con 0x7f3f14108a60
2026-02-17T00:19:49.319 INFO:teuthology.orchestra.run.trial030.stdout:/usr/bin/ceph: stderr
2026-02-17T00:19:49.183+0000 7f3f19167640 1 -- 10.20.193.30:0/97618653 <== mon.0 v2:10.20.193.30:3300/0 2 ==== config(25 keys) ==== 998+0+0 (secure 0 0 0) 0x7f3f04037440 con 0x7f3f14108a60
2026-02-17T00:19:49.319 INFO:teuthology.orchestra.run.trial030.stdout:/usr/bin/ceph: stderr
2026-02-17T00:19:49.183+0000 7f3f19167640 1 -- 10.20.193.30:0/97618653 <== mon.0 v2:10.20.193.30:3300/0 3 ==== mon_map magic: 0 ==== 205+0+0 (secure 0 0 0) 0x7f3f040354d0 con 0x7f3f14108a60
2026-02-17T00:19:49.320 INFO:teuthology.orchestra.run.trial030.stdout:/usr/bin/ceph: stderr
2026-02-17T00:19:49.183+0000 7f3f1c3f4640 1 -- 10.20.193.30:0/97618653 >> [v2:10.20.193.30:3300/0,v1:10.20.193.30:6789/0] conn(0x7f3f14108a60 msgr2=0x7f3f14108e60 secure :-1 s=STATE_CONNECTION_ESTABLISHED l=1).mark_down
2026-02-17T00:19:49.320 INFO:teuthology.orchestra.run.trial030.stdout:/usr/bin/ceph: stderr
2026-02-17T00:19:49.183+0000 7f3f1c3f4640 1 --2- 10.20.193.30:0/97618653 >> [v2:10.20.193.30:3300/0,v1:10.20.193.30:6789/0] conn(0x7f3f14108a60 0x7f3f14108e60 secure :-1 s=READY pgs=35 cs=0 l=1 rev1=1 crypto rx=0x7f3f04009920 tx=0x7f3f0402ef20 comp rx=0 tx=0).stop
2026-02-17T00:19:49.320 INFO:teuthology.orchestra.run.trial030.stdout:/usr/bin/ceph: stderr
2026-02-17T00:19:49.183+0000 7f3f1c3f4640 1 -- 10.20.193.30:0/97618653 shutdown_connections
2026-02-17T00:19:49.320 INFO:teuthology.orchestra.run.trial030.stdout:/usr/bin/ceph: stderr
2026-02-17T00:19:49.183+0000 7f3f1c3f4640 1 --2- 10.20.193.30:0/97618653 >> [v2:10.20.193.30:3300/0,v1:10.20.193.30:6789/0] conn(0x7f3f14108a60 0x7f3f14108e60 unknown :-1 s=CLOSED pgs=35 cs=0 l=1 rev1=1 crypto rx=0 tx=0 comp rx=0 tx=0).stop
2026-02-17T00:19:49.320 INFO:teuthology.orchestra.run.trial030.stdout:/usr/bin/ceph: stderr
2026-02-17T00:19:49.183+0000 7f3f1c3f4640 1 -- 10.20.193.30:0/97618653 >> 10.20.193.30:0/97618653 conn(0x7f3f1407bf50 msgr2=0x7f3f1407c380 unknown :-1 s=STATE_NONE l=0).mark_down
2026-02-17T00:19:49.320 INFO:teuthology.orchestra.run.trial030.stdout:/usr/bin/ceph: stderr
2026-02-17T00:19:49.183+0000 7f3f1c3f4640 1 -- 10.20.193.30:0/97618653 shutdown_connections
2026-02-17T00:19:49.320 INFO:teuthology.orchestra.run.trial030.stdout:/usr/bin/ceph: stderr
2026-02-17T00:19:49.183+0000 7f3f1c3f4640 1 -- 10.20.193.30:0/97618653 wait complete.
2026-02-17T00:19:49.320 INFO:teuthology.orchestra.run.trial030.stdout:/usr/bin/ceph: stderr
2026-02-17T00:19:49.183+0000 7f3f1c3f4640 1 Processor -- start
2026-02-17T00:19:49.320 INFO:teuthology.orchestra.run.trial030.stdout:/usr/bin/ceph: stderr
2026-02-17T00:19:49.184+0000 7f3f1c3f4640 1 -- start start
2026-02-17T00:19:49.320 INFO:teuthology.orchestra.run.trial030.stdout:/usr/bin/ceph: stderr
2026-02-17T00:19:49.184+0000 7f3f1c3f4640 1 --2- >> [v2:10.20.193.30:3300/0,v1:10.20.193.30:6789/0] conn(0x7f3f14108a60 0x7f3f1419e950 unknown :-1 s=NONE pgs=0 cs=0 l=1 rev1=0 crypto rx=0 tx=0 comp rx=0 tx=0).connect
2026-02-17T00:19:49.320 INFO:teuthology.orchestra.run.trial030.stdout:/usr/bin/ceph: stderr
2026-02-17T00:19:49.184+0000 7f3f1c3f4640 1 -- --> [v2:10.20.193.30:3300/0,v1:10.20.193.30:6789/0] -- mon_getmap magic: 0 -- 0x7f3f1410ce90 con 0x7f3f14108a60
2026-02-17T00:19:49.320 INFO:teuthology.orchestra.run.trial030.stdout:/usr/bin/ceph: stderr
2026-02-17T00:19:49.184+0000 7f3f1a169640 1 --2- >> [v2:10.20.193.30:3300/0,v1:10.20.193.30:6789/0] conn(0x7f3f14108a60 0x7f3f1419e950 unknown :-1 s=BANNER_CONNECTING pgs=0 cs=0 l=1 rev1=0 crypto rx=0 tx=0 comp rx=0 tx=0)._handle_peer_banner_payload supported=3 required=0
2026-02-17T00:19:49.321 INFO:teuthology.orchestra.run.trial030.stdout:/usr/bin/ceph: stderr
2026-02-17T00:19:49.184+0000 7f3f1a169640 1 --2- >> [v2:10.20.193.30:3300/0,v1:10.20.193.30:6789/0] conn(0x7f3f14108a60 0x7f3f1419e950 unknown :-1 s=HELLO_CONNECTING pgs=0 cs=0 l=1 rev1=1 crypto rx=0 tx=0 comp rx=0 tx=0).handle_hello peer v2:10.20.193.30:3300/0 says I am v2:10.20.193.30:38444/0 (socket says 10.20.193.30:38444)
2026-02-17T00:19:49.321 INFO:teuthology.orchestra.run.trial030.stdout:/usr/bin/ceph: stderr
2026-02-17T00:19:49.184+0000 7f3f1a169640 1 -- 10.20.193.30:0/2092257975 learned_addr learned my addr 10.20.193.30:0/2092257975 (peer_addr_for_me v2:10.20.193.30:0/0)
2026-02-17T00:19:49.321 INFO:teuthology.orchestra.run.trial030.stdout:/usr/bin/ceph: stderr
2026-02-17T00:19:49.184+0000 7f3f1a169640 1 -- 10.20.193.30:0/2092257975 --> [v2:10.20.193.30:3300/0,v1:10.20.193.30:6789/0] -- mon_subscribe({config=0+,monmap=0+}) -- 0x7f3f1419ee90 con 0x7f3f14108a60
2026-02-17T00:19:49.321 INFO:teuthology.orchestra.run.trial030.stdout:/usr/bin/ceph: stderr
2026-02-17T00:19:49.184+0000 7f3f1a169640 1 --2- 10.20.193.30:0/2092257975 >> [v2:10.20.193.30:3300/0,v1:10.20.193.30:6789/0] conn(0x7f3f14108a60 0x7f3f1419e950 secure :-1 s=READY pgs=36 cs=0 l=1 rev1=1 crypto rx=0x7f3f04006fd0 tx=0x7f3f04035b90 comp rx=0 tx=0).ready entity=mon.0 client_cookie=0 server_cookie=0 in_seq=0 out_seq=0
2026-02-17T00:19:49.321 INFO:teuthology.orchestra.run.trial030.stdout:/usr/bin/ceph: stderr
2026-02-17T00:19:49.184+0000 7f3efb7fe640 1 -- 10.20.193.30:0/2092257975 <== mon.0 v2:10.20.193.30:3300/0 1 ==== mon_map magic: 0 ==== 205+0+0 (secure 0 0 0) 0x7f3f04045070 con 0x7f3f14108a60
2026-02-17T00:19:49.321 INFO:teuthology.orchestra.run.trial030.stdout:/usr/bin/ceph: stderr
2026-02-17T00:19:49.184+0000 7f3efb7fe640 1 -- 10.20.193.30:0/2092257975 <== mon.0 v2:10.20.193.30:3300/0 2 ==== config(25 keys) ==== 998+0+0 (secure 0 0 0) 0x7f3f04040450 con 0x7f3f14108a60
2026-02-17T00:19:49.321 INFO:teuthology.orchestra.run.trial030.stdout:/usr/bin/ceph: stderr
2026-02-17T00:19:49.184+0000 7f3f1c3f4640 1 -- 10.20.193.30:0/2092257975 --> [v2:10.20.193.30:3300/0,v1:10.20.193.30:6789/0] -- mon_subscribe({mgrmap=0+}) -- 0x7f3f1419f120 con 0x7f3f14108a60
2026-02-17T00:19:49.321 INFO:teuthology.orchestra.run.trial030.stdout:/usr/bin/ceph: stderr
2026-02-17T00:19:49.184+0000 7f3efb7fe640 1 -- 10.20.193.30:0/2092257975 <== mon.0 v2:10.20.193.30:3300/0 3 ==== mon_map magic: 0 ==== 205+0+0 (secure 0 0 0) 0x7f3f0403c070 con 0x7f3f14108a60
2026-02-17T00:19:49.321 INFO:teuthology.orchestra.run.trial030.stdout:/usr/bin/ceph: stderr
2026-02-17T00:19:49.184+0000 7f3f1c3f4640 1 -- 10.20.193.30:0/2092257975 --> [v2:10.20.193.30:3300/0,v1:10.20.193.30:6789/0] -- mon_subscribe({osdmap=0}) -- 0x7f3f141a1e10 con 0x7f3f14108a60
2026-02-17T00:19:49.321 INFO:teuthology.orchestra.run.trial030.stdout:/usr/bin/ceph: stderr
2026-02-17T00:19:49.184+0000 7f3f1c3f4640 1 -- 10.20.193.30:0/2092257975 --> [v2:10.20.193.30:3300/0,v1:10.20.193.30:6789/0] -- mon_command({"prefix": "get_command_descriptions"} v 0) -- 0x7f3f14108ee0 con 0x7f3f14108a60
2026-02-17T00:19:49.321 INFO:teuthology.orchestra.run.trial030.stdout:/usr/bin/ceph: stderr
2026-02-17T00:19:49.185+0000 7f3efb7fe640 1 -- 10.20.193.30:0/2092257975 <== mon.0 v2:10.20.193.30:3300/0 4 ==== mgrmap(e 7) ==== 50184+0+0 (secure 0 0 0) 0x7f3f04040870 con 0x7f3f14108a60
2026-02-17T00:19:49.321 INFO:teuthology.orchestra.run.trial030.stdout:/usr/bin/ceph: stderr
2026-02-17T00:19:49.185+0000 7f3efb7fe640 1 --2- 10.20.193.30:0/2092257975 >> v2:10.20.193.30:6800/3178147410 conn(0x7f3ef003dc30 0x7f3ef00400f0 unknown :-1 s=NONE pgs=0 cs=0 l=1 rev1=0 crypto rx=0 tx=0 comp rx=0 tx=0).connect
2026-02-17T00:19:49.321 INFO:teuthology.orchestra.run.trial030.stdout:/usr/bin/ceph: stderr
2026-02-17T00:19:49.185+0000 7f3efb7fe640 1 -- 10.20.193.30:0/2092257975 <== mon.0 v2:10.20.193.30:3300/0 5 ==== osd_map(2..2 src has 1..2) ==== 897+0+0 (secure 0 0 0) 0x7f3f040767e0 con 0x7f3f14108a60
2026-02-17T00:19:49.322 INFO:teuthology.orchestra.run.trial030.stdout:/usr/bin/ceph: stderr
2026-02-17T00:19:49.185+0000 7f3f19968640 1 --2- 10.20.193.30:0/2092257975 >> v2:10.20.193.30:6800/3178147410 conn(0x7f3ef003dc30 0x7f3ef00400f0 unknown :-1 s=BANNER_CONNECTING pgs=0 cs=0 l=1 rev1=0 crypto rx=0 tx=0 comp rx=0 tx=0)._handle_peer_banner_payload supported=3 required=0
2026-02-17T00:19:49.322 INFO:teuthology.orchestra.run.trial030.stdout:/usr/bin/ceph: stderr
2026-02-17T00:19:49.185+0000 7f3f19968640 1 --2- 10.20.193.30:0/2092257975 >> v2:10.20.193.30:6800/3178147410 conn(0x7f3ef003dc30 0x7f3ef00400f0 secure :-1 s=READY pgs=7 cs=0 l=1 rev1=1 crypto rx=0x7f3f080099c0 tx=0x7f3f08006eb0 comp rx=0 tx=0).ready entity=mgr.14118 client_cookie=0 server_cookie=0 in_seq=0 out_seq=0
2026-02-17T00:19:49.322 INFO:teuthology.orchestra.run.trial030.stdout:/usr/bin/ceph: stderr
2026-02-17T00:19:49.188+0000 7f3efb7fe640 1 -- 10.20.193.30:0/2092257975 <== mon.0 v2:10.20.193.30:3300/0 6 ==== mon_command_ack([{"prefix": "get_command_descriptions"}]=0 v0) ==== 72+0+195034 (secure 0 0 0) 0x7f3f0404d120 con 0x7f3f14108a60
2026-02-17T00:19:49.322 INFO:teuthology.orchestra.run.trial030.stdout:/usr/bin/ceph: stderr
2026-02-17T00:19:49.281+0000 7f3f1c3f4640 1 -- 10.20.193.30:0/2092257975 --> v2:10.20.193.30:6800/3178147410 -- mgr_command(tid 0: {"prefix": "orch set backend", "module_name": "cephadm", "target": ["mon-mgr", ""]}) -- 0x7f3f14106710 con 0x7f3ef003dc30
2026-02-17T00:19:49.322 INFO:teuthology.orchestra.run.trial030.stdout:/usr/bin/ceph: stderr
2026-02-17T00:19:49.284+0000 7f3efb7fe640 1 -- 10.20.193.30:0/2092257975 <== mgr.14118 v2:10.20.193.30:6800/3178147410 1 ==== mgr_command_reply(tid 0: 0 ) ==== 8+0+0 (secure 0 0 0) 0x7f3f14106710 con 0x7f3ef003dc30
2026-02-17T00:19:49.322 INFO:teuthology.orchestra.run.trial030.stdout:/usr/bin/ceph: stderr
2026-02-17T00:19:49.286+0000 7f3f1c3f4640 1 -- 10.20.193.30:0/2092257975 >> v2:10.20.193.30:6800/3178147410 conn(0x7f3ef003dc30 msgr2=0x7f3ef00400f0 secure :-1 s=STATE_CONNECTION_ESTABLISHED l=1).mark_down
2026-02-17T00:19:49.322 INFO:teuthology.orchestra.run.trial030.stdout:/usr/bin/ceph: stderr
2026-02-17T00:19:49.286+0000 7f3f1c3f4640 1 --2- 10.20.193.30:0/2092257975 >> v2:10.20.193.30:6800/3178147410 conn(0x7f3ef003dc30 0x7f3ef00400f0 secure :-1 s=READY pgs=7 cs=0 l=1 rev1=1 crypto rx=0x7f3f080099c0 tx=0x7f3f08006eb0 comp rx=0 tx=0).stop
2026-02-17T00:19:49.322 INFO:teuthology.orchestra.run.trial030.stdout:/usr/bin/ceph: stderr
2026-02-17T00:19:49.286+0000 7f3f1c3f4640 1 -- 10.20.193.30:0/2092257975 >> [v2:10.20.193.30:3300/0,v1:10.20.193.30:6789/0] conn(0x7f3f14108a60 msgr2=0x7f3f1419e950 secure :-1 s=STATE_CONNECTION_ESTABLISHED l=1).mark_down
2026-02-17T00:19:49.322 INFO:teuthology.orchestra.run.trial030.stdout:/usr/bin/ceph: stderr
2026-02-17T00:19:49.286+0000 7f3f1c3f4640 1 --2- 10.20.193.30:0/2092257975 >> [v2:10.20.193.30:3300/0,v1:10.20.193.30:6789/0] conn(0x7f3f14108a60 0x7f3f1419e950 secure :-1 s=READY pgs=36 cs=0 l=1 rev1=1 crypto rx=0x7f3f04006fd0 tx=0x7f3f04035b90 comp rx=0 tx=0).stop
2026-02-17T00:19:49.322 INFO:teuthology.orchestra.run.trial030.stdout:/usr/bin/ceph: stderr
2026-02-17T00:19:49.286+0000 7f3f1c3f4640 1 -- 10.20.193.30:0/2092257975 shutdown_connections
2026-02-17T00:19:49.322 INFO:teuthology.orchestra.run.trial030.stdout:/usr/bin/ceph: stderr
2026-02-17T00:19:49.286+0000 7f3f1c3f4640 1 --2- 10.20.193.30:0/2092257975 >> v2:10.20.193.30:6800/3178147410 conn(0x7f3ef003dc30 0x7f3ef00400f0 unknown :-1 s=CLOSED pgs=7 cs=0 l=1 rev1=1 crypto rx=0 tx=0 comp rx=0 tx=0).stop
2026-02-17T00:19:49.322 INFO:teuthology.orchestra.run.trial030.stdout:/usr/bin/ceph: stderr
2026-02-17T00:19:49.286+0000 7f3f1c3f4640 1 --2- 10.20.193.30:0/2092257975 >> [v2:10.20.193.30:3300/0,v1:10.20.193.30:6789/0] conn(0x7f3f14108a60 0x7f3f1419e950 unknown :-1 s=CLOSED pgs=36 cs=0 l=1 rev1=1 crypto rx=0 tx=0 comp rx=0 tx=0).stop
2026-02-17T00:19:49.323 INFO:teuthology.orchestra.run.trial030.stdout:/usr/bin/ceph: stderr
2026-02-17T00:19:49.286+0000 7f3f1c3f4640 1 -- 10.20.193.30:0/2092257975 >> 10.20.193.30:0/2092257975 conn(0x7f3f1407bf50 msgr2=0x7f3f14106000 unknown :-1 s=STATE_NONE l=0).mark_down
2026-02-17T00:19:49.323 INFO:teuthology.orchestra.run.trial030.stdout:/usr/bin/ceph: stderr
2026-02-17T00:19:49.286+0000 7f3f1c3f4640 1 -- 10.20.193.30:0/2092257975 shutdown_connections
2026-02-17T00:19:49.323 INFO:teuthology.orchestra.run.trial030.stdout:/usr/bin/ceph: stderr
2026-02-17T00:19:49.286+0000 7f3f1c3f4640 1 -- 10.20.193.30:0/2092257975 wait complete.
2026-02-17T00:19:49.336 INFO:journalctl@ceph.mon.a.trial030.stdout:Feb 17 00:19:49 trial030 ceph-mon[39682]: Found migration_current of "None". Setting to last migration.
2026-02-17T00:19:49.337 INFO:journalctl@ceph.mon.a.trial030.stdout:Feb 17 00:19:49 trial030 ceph-mon[39682]: from='mgr.14118 10.20.193.30:0/1035480813' entity='mgr.y'
2026-02-17T00:19:49.337 INFO:journalctl@ceph.mon.a.trial030.stdout:Feb 17 00:19:49 trial030 ceph-mon[39682]: from='mgr.14118 10.20.193.30:0/1035480813' entity='mgr.y'
2026-02-17T00:19:49.337 INFO:journalctl@ceph.mon.a.trial030.stdout:Feb 17 00:19:49 trial030 ceph-mon[39682]: mgrmap e7: y(active, since 1.00355s)
2026-02-17T00:19:49.538 INFO:teuthology.orchestra.run.trial030.stdout:/usr/bin/ceph: stdout value unchanged
2026-02-17T00:19:49.539 INFO:teuthology.orchestra.run.trial030.stdout:/usr/bin/ceph: stderr
2026-02-17T00:19:49.415+0000 7f333ff2d640 1 Processor -- start
2026-02-17T00:19:49.539 INFO:teuthology.orchestra.run.trial030.stdout:/usr/bin/ceph: stderr
2026-02-17T00:19:49.415+0000 7f333ff2d640 1 -- start start
2026-02-17T00:19:49.539 INFO:teuthology.orchestra.run.trial030.stdout:/usr/bin/ceph: stderr
2026-02-17T00:19:49.415+0000 7f333ff2d640 1 --2- >> [v2:10.20.193.30:3300/0,v1:10.20.193.30:6789/0] conn(0x7f33381067b0 0x7f3338106bb0 unknown :-1 s=NONE pgs=0 cs=0 l=0 rev1=0 crypto rx=0 tx=0 comp rx=0 tx=0).connect
2026-02-17T00:19:49.539 INFO:teuthology.orchestra.run.trial030.stdout:/usr/bin/ceph: stderr
2026-02-17T00:19:49.415+0000 7f333ff2d640 1 -- --> [v2:10.20.193.30:3300/0,v1:10.20.193.30:6789/0] -- mon_getmap magic: 0 -- 0x7f3338107180 con 0x7f33381067b0
2026-02-17T00:19:49.539 INFO:teuthology.orchestra.run.trial030.stdout:/usr/bin/ceph: stderr
2026-02-17T00:19:49.415+0000 7f333dca2640 1 --2- >> [v2:10.20.193.30:3300/0,v1:10.20.193.30:6789/0] conn(0x7f33381067b0 0x7f3338106bb0 unknown :-1 s=BANNER_CONNECTING pgs=0 cs=0 l=0 rev1=0 crypto rx=0 tx=0 comp rx=0 tx=0)._handle_peer_banner_payload supported=3 required=0
2026-02-17T00:19:49.539 INFO:teuthology.orchestra.run.trial030.stdout:/usr/bin/ceph: stderr
2026-02-17T00:19:49.415+0000 7f333dca2640 1 --2- >> [v2:10.20.193.30:3300/0,v1:10.20.193.30:6789/0] conn(0x7f33381067b0 0x7f3338106bb0 unknown :-1 s=HELLO_CONNECTING pgs=0 cs=0 l=0 rev1=1 crypto rx=0 tx=0 comp rx=0 tx=0).handle_hello peer v2:10.20.193.30:3300/0 says I am v2:10.20.193.30:38448/0 (socket says 10.20.193.30:38448)
2026-02-17T00:19:49.539 INFO:teuthology.orchestra.run.trial030.stdout:/usr/bin/ceph: stderr
2026-02-17T00:19:49.415+0000 7f333dca2640 1 -- 10.20.193.30:0/3168740204 learned_addr learned my addr 10.20.193.30:0/3168740204 (peer_addr_for_me v2:10.20.193.30:0/0)
2026-02-17T00:19:49.539 INFO:teuthology.orchestra.run.trial030.stdout:/usr/bin/ceph: stderr
2026-02-17T00:19:49.415+0000 7f333dca2640 1 -- 10.20.193.30:0/3168740204 --> [v2:10.20.193.30:3300/0,v1:10.20.193.30:6789/0] -- mon_subscribe({config=0+,monmap=0+}) -- 0x7f33381079b0 con 0x7f33381067b0
2026-02-17T00:19:49.540 INFO:teuthology.orchestra.run.trial030.stdout:/usr/bin/ceph: stderr
2026-02-17T00:19:49.416+0000 7f333dca2640 1 --2- 10.20.193.30:0/3168740204 >> [v2:10.20.193.30:3300/0,v1:10.20.193.30:6789/0] conn(0x7f33381067b0 0x7f3338106bb0 secure :-1 s=READY pgs=37 cs=0 l=1 rev1=1 crypto rx=0x7f3328009920 tx=0x7f332802ef20 comp rx=0 tx=0).ready entity=mon.0 client_cookie=396e871429148ff server_cookie=0 in_seq=0 out_seq=0
2026-02-17T00:19:49.540 INFO:teuthology.orchestra.run.trial030.stdout:/usr/bin/ceph: stderr
2026-02-17T00:19:49.416+0000 7f333cca0640 1 -- 10.20.193.30:0/3168740204 <== mon.0 v2:10.20.193.30:3300/0 1 ==== mon_map magic: 0 ==== 205+0+0 (secure 0 0 0) 0x7f332803c070 con 0x7f33381067b0
2026-02-17T00:19:49.540 INFO:teuthology.orchestra.run.trial030.stdout:/usr/bin/ceph: stderr
2026-02-17T00:19:49.416+0000 7f333cca0640 1 -- 10.20.193.30:0/3168740204 <== mon.0 v2:10.20.193.30:3300/0 2 ==== config(25 keys) ==== 998+0+0 (secure 0 0 0) 0x7f3328037440 con 0x7f33381067b0
2026-02-17T00:19:49.540 INFO:teuthology.orchestra.run.trial030.stdout:/usr/bin/ceph: stderr
2026-02-17T00:19:49.416+0000 7f333cca0640 1 -- 10.20.193.30:0/3168740204 <== mon.0 v2:10.20.193.30:3300/0 3 ==== mon_map magic: 0 ==== 205+0+0 (secure 0 0 0) 0x7f33280354d0 con 0x7f33381067b0
2026-02-17T00:19:49.540 INFO:teuthology.orchestra.run.trial030.stdout:/usr/bin/ceph: stderr
2026-02-17T00:19:49.416+0000 7f333ff2d640 1 -- 10.20.193.30:0/3168740204 >> [v2:10.20.193.30:3300/0,v1:10.20.193.30:6789/0] conn(0x7f33381067b0 msgr2=0x7f3338106bb0 secure :-1 s=STATE_CONNECTION_ESTABLISHED l=1).mark_down
2026-02-17T00:19:49.540 INFO:teuthology.orchestra.run.trial030.stdout:/usr/bin/ceph: stderr
2026-02-17T00:19:49.416+0000 7f333ff2d640 1 --2- 10.20.193.30:0/3168740204 >> [v2:10.20.193.30:3300/0,v1:10.20.193.30:6789/0] conn(0x7f33381067b0 0x7f3338106bb0 secure :-1 s=READY pgs=37 cs=0 l=1 rev1=1 crypto rx=0x7f3328009920 tx=0x7f332802ef20 comp rx=0 tx=0).stop
2026-02-17T00:19:49.540 INFO:teuthology.orchestra.run.trial030.stdout:/usr/bin/ceph: stderr
2026-02-17T00:19:49.416+0000 7f333ff2d640 1 -- 10.20.193.30:0/3168740204 shutdown_connections
2026-02-17T00:19:49.540 INFO:teuthology.orchestra.run.trial030.stdout:/usr/bin/ceph: stderr
2026-02-17T00:19:49.416+0000 7f333ff2d640 1 --2- 10.20.193.30:0/3168740204 >> [v2:10.20.193.30:3300/0,v1:10.20.193.30:6789/0] conn(0x7f33381067b0 0x7f3338106bb0 unknown :-1 s=CLOSED pgs=37 cs=0 l=1 rev1=1 crypto rx=0 tx=0 comp rx=0 tx=0).stop
2026-02-17T00:19:49.540 INFO:teuthology.orchestra.run.trial030.stdout:/usr/bin/ceph: stderr
2026-02-17T00:19:49.416+0000 7f333ff2d640 1 -- 10.20.193.30:0/3168740204 >> 10.20.193.30:0/3168740204 conn(0x7f3338101f60 msgr2=0x7f3338104380 unknown :-1 s=STATE_NONE l=0).mark_down
2026-02-17T00:19:49.540 INFO:teuthology.orchestra.run.trial030.stdout:/usr/bin/ceph: stderr
2026-02-17T00:19:49.416+0000 7f333ff2d640 1 -- 10.20.193.30:0/3168740204 shutdown_connections
2026-02-17T00:19:49.540 INFO:teuthology.orchestra.run.trial030.stdout:/usr/bin/ceph: stderr
2026-02-17T00:19:49.416+0000 7f333ff2d640 1 -- 10.20.193.30:0/3168740204 wait complete.
2026-02-17T00:19:49.540 INFO:teuthology.orchestra.run.trial030.stdout:/usr/bin/ceph: stderr
2026-02-17T00:19:49.417+0000 7f333ff2d640 1 Processor -- start
2026-02-17T00:19:49.541 INFO:teuthology.orchestra.run.trial030.stdout:/usr/bin/ceph: stderr
2026-02-17T00:19:49.417+0000 7f333ff2d640 1 -- start start
2026-02-17T00:19:49.541 INFO:teuthology.orchestra.run.trial030.stdout:/usr/bin/ceph: stderr
2026-02-17T00:19:49.417+0000 7f333ff2d640 1 --2- >> [v2:10.20.193.30:3300/0,v1:10.20.193.30:6789/0] conn(0x7f33381067b0 0x7f333819e940 unknown :-1 s=NONE pgs=0 cs=0 l=1 rev1=0 crypto rx=0 tx=0 comp rx=0 tx=0).connect
2026-02-17T00:19:49.541 INFO:teuthology.orchestra.run.trial030.stdout:/usr/bin/ceph: stderr
2026-02-17T00:19:49.417+0000 7f333ff2d640 1 -- --> [v2:10.20.193.30:3300/0,v1:10.20.193.30:6789/0] -- mon_getmap magic: 0 -- 0x7f333810abe0 con 0x7f33381067b0
2026-02-17T00:19:49.541 INFO:teuthology.orchestra.run.trial030.stdout:/usr/bin/ceph: stderr
2026-02-17T00:19:49.417+0000 7f333dca2640 1 --2- >> [v2:10.20.193.30:3300/0,v1:10.20.193.30:6789/0] conn(0x7f33381067b0 0x7f333819e940 unknown :-1 s=BANNER_CONNECTING pgs=0 cs=0 l=1 rev1=0 crypto rx=0 tx=0 comp rx=0 tx=0)._handle_peer_banner_payload supported=3 required=0
2026-02-17T00:19:49.541 INFO:teuthology.orchestra.run.trial030.stdout:/usr/bin/ceph: stderr
2026-02-17T00:19:49.417+0000 7f333dca2640 1 --2- >> [v2:10.20.193.30:3300/0,v1:10.20.193.30:6789/0] conn(0x7f33381067b0 0x7f333819e940 unknown :-1 s=HELLO_CONNECTING pgs=0 cs=0 l=1 rev1=1 crypto rx=0 tx=0 comp rx=0 tx=0).handle_hello peer v2:10.20.193.30:3300/0 says I am v2:10.20.193.30:38458/0 (socket says 10.20.193.30:38458)
2026-02-17T00:19:49.541 INFO:teuthology.orchestra.run.trial030.stdout:/usr/bin/ceph: stderr
2026-02-17T00:19:49.417+0000 7f333dca2640 1 -- 10.20.193.30:0/466649932 learned_addr learned my addr 10.20.193.30:0/466649932 (peer_addr_for_me v2:10.20.193.30:0/0)
2026-02-17T00:19:49.541 INFO:teuthology.orchestra.run.trial030.stdout:/usr/bin/ceph: stderr
2026-02-17T00:19:49.417+0000 7f333dca2640 1 -- 10.20.193.30:0/466649932 --> [v2:10.20.193.30:3300/0,v1:10.20.193.30:6789/0] -- mon_subscribe({config=0+,monmap=0+}) -- 0x7f333819ee80 con 0x7f33381067b0
2026-02-17T00:19:49.541 INFO:teuthology.orchestra.run.trial030.stdout:/usr/bin/ceph: stderr
2026-02-17T00:19:49.417+0000 7f333dca2640 1 --2- 10.20.193.30:0/466649932 >> [v2:10.20.193.30:3300/0,v1:10.20.193.30:6789/0] conn(0x7f33381067b0 0x7f333819e940 secure :-1 s=READY pgs=38 cs=0 l=1 rev1=1 crypto rx=0x7f3328006fd0 tx=0x7f3328035e10 comp rx=0 tx=0).ready entity=mon.0 client_cookie=0 server_cookie=0 in_seq=0 out_seq=0
2026-02-17T00:19:49.541 INFO:teuthology.orchestra.run.trial030.stdout:/usr/bin/ceph: stderr
2026-02-17T00:19:49.417+0000 7f3326ffd640 1 -- 10.20.193.30:0/466649932 <== mon.0 v2:10.20.193.30:3300/0 1 ==== mon_map magic: 0 ==== 205+0+0 (secure 0 0 0) 0x7f3328045070 con 0x7f33381067b0
2026-02-17T00:19:49.541 INFO:teuthology.orchestra.run.trial030.stdout:/usr/bin/ceph: stderr
2026-02-17T00:19:49.417+0000 7f3326ffd640 1 -- 10.20.193.30:0/466649932 <== mon.0 v2:10.20.193.30:3300/0 2 ==== config(25 keys) ==== 998+0+0 (secure 0 0 0) 0x7f332802fbc0 con 0x7f33381067b0
2026-02-17T00:19:49.541 INFO:teuthology.orchestra.run.trial030.stdout:/usr/bin/ceph: stderr
2026-02-17T00:19:49.417+0000 7f333ff2d640 1 -- 10.20.193.30:0/466649932 --> [v2:10.20.193.30:3300/0,v1:10.20.193.30:6789/0] -- mon_subscribe({mgrmap=0+}) -- 0x7f333819f110 con 0x7f33381067b0
2026-02-17T00:19:49.541 INFO:teuthology.orchestra.run.trial030.stdout:/usr/bin/ceph: stderr
2026-02-17T00:19:49.417+0000 7f3326ffd640 1 -- 10.20.193.30:0/466649932 <== mon.0 v2:10.20.193.30:3300/0 3 ==== mon_map magic: 0 ==== 205+0+0 (secure 0 0 0) 0x7f332803c070 con 0x7f33381067b0
2026-02-17T00:19:49.542 INFO:teuthology.orchestra.run.trial030.stdout:/usr/bin/ceph: stderr
2026-02-17T00:19:49.417+0000 7f333ff2d640 1 -- 10.20.193.30:0/466649932 --> [v2:10.20.193.30:3300/0,v1:10.20.193.30:6789/0] -- mon_subscribe({osdmap=0}) -- 0x7f33381a1e00 con 0x7f33381067b0
2026-02-17T00:19:49.542 INFO:teuthology.orchestra.run.trial030.stdout:/usr/bin/ceph: stderr
2026-02-17T00:19:49.418+0000 7f333ff2d640 1 -- 10.20.193.30:0/466649932 --> [v2:10.20.193.30:3300/0,v1:10.20.193.30:6789/0] -- mon_command({"prefix": "get_command_descriptions"} v 0) -- 0x7f3300005180 con 0x7f33381067b0
2026-02-17T00:19:49.542 INFO:teuthology.orchestra.run.trial030.stdout:/usr/bin/ceph: stderr
2026-02-17T00:19:49.418+0000 7f3326ffd640 1 -- 10.20.193.30:0/466649932 <== mon.0 v2:10.20.193.30:3300/0 4 ==== mgrmap(e 7) ==== 50184+0+0 (secure 0 0 0) 0x7f3328040450 con 0x7f33381067b0
2026-02-17T00:19:49.542 INFO:teuthology.orchestra.run.trial030.stdout:/usr/bin/ceph: stderr
2026-02-17T00:19:49.418+0000 7f3326ffd640 1 --2- 10.20.193.30:0/466649932 >> v2:10.20.193.30:6800/3178147410 conn(0x7f331403dc30 0x7f33140400f0 unknown :-1 s=NONE pgs=0 cs=0 l=1 rev1=0 crypto rx=0 tx=0 comp rx=0 tx=0).connect
2026-02-17T00:19:49.542 INFO:teuthology.orchestra.run.trial030.stdout:/usr/bin/ceph: stderr
2026-02-17T00:19:49.418+0000 7f3326ffd640 1 -- 10.20.193.30:0/466649932 <== mon.0 v2:10.20.193.30:3300/0 5 ==== osd_map(2..2 src has 1..2) ==== 897+0+0 (secure 0 0 0) 0x7f33280768e0 con 0x7f33381067b0
2026-02-17T00:19:49.542 INFO:teuthology.orchestra.run.trial030.stdout:/usr/bin/ceph: stderr
2026-02-17T00:19:49.418+0000 7f333d4a1640 1 --2- 10.20.193.30:0/466649932 >> v2:10.20.193.30:6800/3178147410 conn(0x7f331403dc30 0x7f33140400f0 unknown :-1 s=BANNER_CONNECTING pgs=0 cs=0 l=1 rev1=0 crypto rx=0 tx=0 comp rx=0 tx=0)._handle_peer_banner_payload supported=3 required=0
2026-02-17T00:19:49.542 INFO:teuthology.orchestra.run.trial030.stdout:/usr/bin/ceph: stderr
2026-02-17T00:19:49.418+0000 7f333d4a1640 1 --2- 10.20.193.30:0/466649932 >> v2:10.20.193.30:6800/3178147410 conn(0x7f331403dc30 0x7f33140400f0 secure :-1 s=READY pgs=8 cs=0 l=1 rev1=1 crypto rx=0x7f332c0099c0 tx=0x7f332c006eb0 comp rx=0 tx=0).ready entity=mgr.14118 client_cookie=0 server_cookie=0 in_seq=0 out_seq=0
2026-02-17T00:19:49.542 INFO:teuthology.orchestra.run.trial030.stdout:/usr/bin/ceph: stderr
2026-02-17T00:19:49.421+0000 7f3326ffd640 1 -- 10.20.193.30:0/466649932 <== mon.0 v2:10.20.193.30:3300/0 6 ==== mon_command_ack([{"prefix": "get_command_descriptions"}]=0 v0) ==== 72+0+195034 (secure 0 0 0) 0x7f3328049e00 con 0x7f33381067b0
2026-02-17T00:19:49.542 INFO:teuthology.orchestra.run.trial030.stdout:/usr/bin/ceph: stderr
2026-02-17T00:19:49.507+0000 7f333ff2d640 1 -- 10.20.193.30:0/466649932 --> v2:10.20.193.30:6800/3178147410 -- mgr_command(tid 0: {"prefix": "cephadm set-user", "user": "root", "target": ["mon-mgr", ""]}) -- 0x7f3300002bf0 con 0x7f331403dc30
2026-02-17T00:19:49.542 INFO:teuthology.orchestra.run.trial030.stdout:/usr/bin/ceph: stderr
2026-02-17T00:19:49.507+0000 7f3326ffd640 1 -- 10.20.193.30:0/466649932 <== mgr.14118 v2:10.20.193.30:6800/3178147410 1 ==== mgr_command_reply(tid 0: 0 ) ==== 8+0+16 (secure 0 0 0) 0x7f3300002bf0 con 0x7f331403dc30
2026-02-17T00:19:49.542 INFO:teuthology.orchestra.run.trial030.stdout:/usr/bin/ceph: stderr
2026-02-17T00:19:49.508+0000 7f333ff2d640 1 -- 10.20.193.30:0/466649932 >> v2:10.20.193.30:6800/3178147410 conn(0x7f331403dc30 msgr2=0x7f33140400f0 secure :-1 s=STATE_CONNECTION_ESTABLISHED l=1).mark_down
2026-02-17T00:19:49.542 INFO:teuthology.orchestra.run.trial030.stdout:/usr/bin/ceph: stderr
2026-02-17T00:19:49.508+0000 7f333ff2d640 1 --2- 10.20.193.30:0/466649932 >> v2:10.20.193.30:6800/3178147410 conn(0x7f331403dc30 0x7f33140400f0 secure :-1 s=READY pgs=8 cs=0 l=1 rev1=1 crypto rx=0x7f332c0099c0 tx=0x7f332c006eb0 comp rx=0 tx=0).stop
2026-02-17T00:19:49.543 INFO:teuthology.orchestra.run.trial030.stdout:/usr/bin/ceph: stderr
2026-02-17T00:19:49.508+0000 7f333ff2d640 1 -- 10.20.193.30:0/466649932 >> [v2:10.20.193.30:3300/0,v1:10.20.193.30:6789/0] conn(0x7f33381067b0 msgr2=0x7f333819e940 secure :-1 s=STATE_CONNECTION_ESTABLISHED l=1).mark_down
2026-02-17T00:19:49.543 INFO:teuthology.orchestra.run.trial030.stdout:/usr/bin/ceph: stderr
2026-02-17T00:19:49.508+0000 7f333ff2d640 1 --2- 10.20.193.30:0/466649932 >> [v2:10.20.193.30:3300/0,v1:10.20.193.30:6789/0] conn(0x7f33381067b0 0x7f333819e940 secure :-1 s=READY pgs=38 cs=0 l=1 rev1=1 crypto rx=0x7f3328006fd0 tx=0x7f3328035e10 comp rx=0 tx=0).stop
2026-02-17T00:19:49.543 INFO:teuthology.orchestra.run.trial030.stdout:/usr/bin/ceph: stderr
2026-02-17T00:19:49.508+0000 7f333ff2d640 1 -- 10.20.193.30:0/466649932 shutdown_connections
2026-02-17T00:19:49.543 INFO:teuthology.orchestra.run.trial030.stdout:/usr/bin/ceph: stderr
2026-02-17T00:19:49.508+0000 7f333ff2d640 1 --2- 10.20.193.30:0/466649932 >> v2:10.20.193.30:6800/3178147410 conn(0x7f331403dc30 0x7f33140400f0 unknown :-1 s=CLOSED pgs=8 cs=0 l=1 rev1=1 crypto rx=0 tx=0 comp rx=0 tx=0).stop
2026-02-17T00:19:49.543 INFO:teuthology.orchestra.run.trial030.stdout:/usr/bin/ceph: stderr
2026-02-17T00:19:49.508+0000 7f333ff2d640 1 --2- 10.20.193.30:0/466649932 >> [v2:10.20.193.30:3300/0,v1:10.20.193.30:6789/0] conn(0x7f33381067b0 0x7f333819e940 unknown :-1 s=CLOSED pgs=38 cs=0 l=1 rev1=1 crypto rx=0 tx=0 comp rx=0 tx=0).stop
2026-02-17T00:19:49.543 INFO:teuthology.orchestra.run.trial030.stdout:/usr/bin/ceph: stderr
2026-02-17T00:19:49.508+0000 7f333ff2d640 1 -- 10.20.193.30:0/466649932 >> 10.20.193.30:0/466649932 conn(0x7f3338101f60 msgr2=0x7f3338102b10 unknown :-1 s=STATE_NONE l=0).mark_down
2026-02-17T00:19:49.543 INFO:teuthology.orchestra.run.trial030.stdout:/usr/bin/ceph: stderr
2026-02-17T00:19:49.508+0000 7f333ff2d640 1 -- 10.20.193.30:0/466649932 shutdown_connections
2026-02-17T00:19:49.543 INFO:teuthology.orchestra.run.trial030.stdout:/usr/bin/ceph: stderr
2026-02-17T00:19:49.508+0000 7f333ff2d640 1 -- 10.20.193.30:0/466649932 wait complete.
2026-02-17T00:19:49.543 INFO:teuthology.orchestra.run.trial030.stdout:Generating ssh key...
2026-02-17T00:19:49.768 INFO:teuthology.orchestra.run.trial030.stdout:/usr/bin/ceph: stderr
2026-02-17T00:19:49.627+0000 7f6dba6b3640 1 Processor -- start
2026-02-17T00:19:49.768 INFO:teuthology.orchestra.run.trial030.stdout:/usr/bin/ceph: stderr
2026-02-17T00:19:49.627+0000 7f6dba6b3640 1 -- start start
2026-02-17T00:19:49.768 INFO:teuthology.orchestra.run.trial030.stdout:/usr/bin/ceph: stderr
2026-02-17T00:19:49.627+0000 7f6dba6b3640 1 --2- >> [v2:10.20.193.30:3300/0,v1:10.20.193.30:6789/0] conn(0x7f6db4108a60 0x7f6db4108e60 unknown :-1 s=NONE pgs=0 cs=0 l=0 rev1=0 crypto rx=0 tx=0 comp rx=0 tx=0).connect
2026-02-17T00:19:49.768 INFO:teuthology.orchestra.run.trial030.stdout:/usr/bin/ceph: stderr
2026-02-17T00:19:49.627+0000 7f6dba6b3640 1 -- --> [v2:10.20.193.30:3300/0,v1:10.20.193.30:6789/0] -- mon_getmap magic: 0 -- 0x7f6db4109430 con 0x7f6db4108a60
2026-02-17T00:19:49.768 INFO:teuthology.orchestra.run.trial030.stdout:/usr/bin/ceph: stderr
2026-02-17T00:19:49.627+0000 7f6db3fff640 1 --2- >> [v2:10.20.193.30:3300/0,v1:10.20.193.30:6789/0] conn(0x7f6db4108a60 0x7f6db4108e60 unknown :-1 s=BANNER_CONNECTING pgs=0 cs=0 l=0 rev1=0 crypto rx=0 tx=0 comp rx=0 tx=0)._handle_peer_banner_payload supported=3 required=0
2026-02-17T00:19:49.768 INFO:teuthology.orchestra.run.trial030.stdout:/usr/bin/ceph: stderr
2026-02-17T00:19:49.627+0000 7f6db3fff640 1 --2- >> [v2:10.20.193.30:3300/0,v1:10.20.193.30:6789/0] conn(0x7f6db4108a60 0x7f6db4108e60 unknown :-1 s=HELLO_CONNECTING pgs=0 cs=0 l=0 rev1=1 crypto rx=0 tx=0 comp rx=0 tx=0).handle_hello peer v2:10.20.193.30:3300/0 says I am v2:10.20.193.30:38470/0 (socket says 10.20.193.30:38470)
2026-02-17T00:19:49.769 INFO:teuthology.orchestra.run.trial030.stdout:/usr/bin/ceph: stderr
2026-02-17T00:19:49.627+0000 7f6db3fff640 1 -- 10.20.193.30:0/2973406235 learned_addr learned my addr 10.20.193.30:0/2973406235 (peer_addr_for_me v2:10.20.193.30:0/0)
2026-02-17T00:19:49.769 INFO:teuthology.orchestra.run.trial030.stdout:/usr/bin/ceph: stderr
2026-02-17T00:19:49.627+0000 7f6db3fff640 1 -- 10.20.193.30:0/2973406235 --> [v2:10.20.193.30:3300/0,v1:10.20.193.30:6789/0] -- mon_subscribe({config=0+,monmap=0+}) -- 0x7f6db4109c60 con 0x7f6db4108a60
2026-02-17T00:19:49.769 INFO:teuthology.orchestra.run.trial030.stdout:/usr/bin/ceph: stderr
2026-02-17T00:19:49.628+0000 7f6db3fff640 1 --2- 10.20.193.30:0/2973406235 >> [v2:10.20.193.30:3300/0,v1:10.20.193.30:6789/0] conn(0x7f6db4108a60 0x7f6db4108e60 secure :-1 s=READY pgs=39 cs=0 l=1 rev1=1 crypto rx=0x7f6da0009920 tx=0x7f6da002ef20 comp rx=0 tx=0).ready entity=mon.0 client_cookie=e3ec08df2ac86963 server_cookie=0 in_seq=0 out_seq=0
2026-02-17T00:19:49.769 INFO:teuthology.orchestra.run.trial030.stdout:/usr/bin/ceph: stderr
2026-02-17T00:19:49.628+0000 7f6db2ffd640 1 -- 10.20.193.30:0/2973406235 <== mon.0 v2:10.20.193.30:3300/0 1 ==== mon_map magic: 0 ==== 205+0+0 (secure 0 0 0) 0x7f6da003c070 con 0x7f6db4108a60
2026-02-17T00:19:49.769 INFO:teuthology.orchestra.run.trial030.stdout:/usr/bin/ceph: stderr
2026-02-17T00:19:49.628+0000 7f6db2ffd640 1 -- 10.20.193.30:0/2973406235 <== mon.0 v2:10.20.193.30:3300/0 2 ==== config(25 keys) ==== 998+0+0 (secure 0 0 0) 0x7f6da0037440 con 0x7f6db4108a60
2026-02-17T00:19:49.769 INFO:teuthology.orchestra.run.trial030.stdout:/usr/bin/ceph: stderr
2026-02-17T00:19:49.628+0000 7f6db2ffd640 1 -- 10.20.193.30:0/2973406235 <== mon.0 v2:10.20.193.30:3300/0 3 ==== mon_map magic: 0 ==== 205+0+0 (secure 0 0 0) 0x7f6da00354d0 con 0x7f6db4108a60
2026-02-17T00:19:49.769 INFO:teuthology.orchestra.run.trial030.stdout:/usr/bin/ceph: stderr
2026-02-17T00:19:49.628+0000 7f6dba6b3640 1 -- 10.20.193.30:0/2973406235 >> [v2:10.20.193.30:3300/0,v1:10.20.193.30:6789/0] conn(0x7f6db4108a60 msgr2=0x7f6db4108e60 secure :-1 s=STATE_CONNECTION_ESTABLISHED l=1).mark_down
2026-02-17T00:19:49.769 INFO:teuthology.orchestra.run.trial030.stdout:/usr/bin/ceph: stderr
