2026-02-12T00:20:46.057 INFO:teuthology.orchestra.run.trial131.stdout:/usr/bin/ceph: stderr
2026-02-12T00:20:45.848+0000 7f18ac6df640 1 -- --> [v2:10.20.193.131:3300/0,v1:10.20.193.131:6789/0] -- mon_getmap magic: 0 -- 0x7f18a4113cc0 con 0x7f18a41132e0
2026-02-12T00:20:46.057 INFO:teuthology.orchestra.run.trial131.stdout:/usr/bin/ceph: stderr
2026-02-12T00:20:45.848+0000 7f18aa454640 1 --2- >> [v2:10.20.193.131:3300/0,v1:10.20.193.131:6789/0] conn(0x7f18a41132e0 0x7f18a41136d0 unknown :-1 s=BANNER_CONNECTING pgs=0 gs=1 cs=0 l=0 c_cookie=0 s_cookie=0 reconnecting=0 rev1=0 crypto rx=0 tx=0 comp rx=0 tx=0)._handle_peer_banner_payload supported=3 required=0
2026-02-12T00:20:46.057 INFO:teuthology.orchestra.run.trial131.stdout:/usr/bin/ceph: stderr
2026-02-12T00:20:45.848+0000 7f18aa454640 1 --2- >> [v2:10.20.193.131:3300/0,v1:10.20.193.131:6789/0] conn(0x7f18a41132e0 0x7f18a41136d0 unknown :-1 s=HELLO_CONNECTING pgs=0 gs=1 cs=0 l=0 c_cookie=0 s_cookie=0 reconnecting=0 rev1=1 crypto rx=0 tx=0 comp rx=0 tx=0).handle_hello peer v2:10.20.193.131:3300/0 says I am v2:10.20.193.131:44814/0 (socket says 10.20.193.131:44814)
2026-02-12T00:20:46.057 INFO:teuthology.orchestra.run.trial131.stdout:/usr/bin/ceph: stderr
2026-02-12T00:20:45.848+0000 7f18aa454640 1 -- 10.20.193.131:0/876180455 learned_addr learned my addr 10.20.193.131:0/876180455 (peer_addr_for_me v2:10.20.193.131:0/0)
2026-02-12T00:20:46.057 INFO:teuthology.orchestra.run.trial131.stdout:/usr/bin/ceph: stderr
2026-02-12T00:20:45.848+0000 7f18aa454640 1 -- 10.20.193.131:0/876180455 --> [v2:10.20.193.131:3300/0,v1:10.20.193.131:6789/0] -- mon_subscribe({config=0+,monmap=0+}) -- 0x7f18a4113e00 con 0x7f18a41132e0
2026-02-12T00:20:46.057 INFO:teuthology.orchestra.run.trial131.stdout:/usr/bin/ceph: stderr
2026-02-12T00:20:45.848+0000 7f18aa454640 1 --2- 10.20.193.131:0/876180455 >> [v2:10.20.193.131:3300/0,v1:10.20.193.131:6789/0] conn(0x7f18a41132e0 0x7f18a41136d0 secure :-1 s=READY pgs=16 gs=1 cs=0 l=1 c_cookie=7937680961858737512 s_cookie=0 reconnecting=0 rev1=1 crypto rx=0x7f1894009850 tx=0x7f189402eeb0 comp rx=0 tx=0).ready entity=mon.0 client_cookie=6e284ec777f89568 server_cookie=0 in_seq=0 out_seq=0
2026-02-12T00:20:46.058 INFO:teuthology.orchestra.run.trial131.stdout:/usr/bin/ceph: stderr
2026-02-12T00:20:45.848+0000 7f18a9452640 1 -- 10.20.193.131:0/876180455 <== mon.0 v2:10.20.193.131:3300/0 1 ==== mon_map magic: 0 ==== 213+0+0 (secure 0 0 0) 0x7f189402f940 con 0x7f18a41132e0
2026-02-12T00:20:46.058 INFO:teuthology.orchestra.run.trial131.stdout:/usr/bin/ceph: stderr
2026-02-12T00:20:45.848+0000 7f18a9452640 1 -- 10.20.193.131:0/876180455 <== mon.0 v2:10.20.193.131:3300/0 2 ==== config(26 keys) ==== 1060+0+0 (secure 0 0 0) 0x7f1894037440 con 0x7f18a41132e0
2026-02-12T00:20:46.058 INFO:teuthology.orchestra.run.trial131.stdout:/usr/bin/ceph: stderr
2026-02-12T00:20:45.848+0000 7f18a9452640 1 -- 10.20.193.131:0/876180455 <== mon.0 v2:10.20.193.131:3300/0 3 ==== mon_map magic: 0 ==== 213+0+0 (secure 0 0 0) 0x7f18940354e0 con 0x7f18a41132e0
2026-02-12T00:20:46.058 INFO:teuthology.orchestra.run.trial131.stdout:/usr/bin/ceph: stderr
2026-02-12T00:20:45.852+0000 7f18ac6df640 1 -- 10.20.193.131:0/876180455 >> [v2:10.20.193.131:3300/0,v1:10.20.193.131:6789/0] conn(0x7f18a41132e0 msgr2=0x7f18a41136d0 secure :-1 s=STATE_CONNECTION_ESTABLISHED l=1).mark_down
2026-02-12T00:20:46.058 INFO:teuthology.orchestra.run.trial131.stdout:/usr/bin/ceph: stderr
2026-02-12T00:20:45.852+0000 7f18ac6df640 1 --2- 10.20.193.131:0/876180455 >> [v2:10.20.193.131:3300/0,v1:10.20.193.131:6789/0] conn(0x7f18a41132e0 0x7f18a41136d0 secure :-1 s=READY pgs=16 gs=1 cs=0 l=1 c_cookie=7937680961858737512 s_cookie=0 reconnecting=0 rev1=1 crypto rx=0x7f1894009850 tx=0x7f189402eeb0 comp rx=0 tx=0).stop
2026-02-12T00:20:46.058 INFO:teuthology.orchestra.run.trial131.stdout:/usr/bin/ceph: stderr
2026-02-12T00:20:45.852+0000 7f18ac6df640 1 -- 10.20.193.131:0/876180455 shutdown_connections
2026-02-12T00:20:46.058 INFO:teuthology.orchestra.run.trial131.stdout:/usr/bin/ceph: stderr
2026-02-12T00:20:45.852+0000 7f18ac6df640 1 --2- 10.20.193.131:0/876180455 >> [v2:10.20.193.131:3300/0,v1:10.20.193.131:6789/0] conn(0x7f18a41132e0 0x7f18a41136d0 unknown :-1 s=CLOSED pgs=16 gs=1 cs=0 l=1 c_cookie=7937680961858737512 s_cookie=0 reconnecting=0 rev1=1 crypto rx=0 tx=0 comp rx=0 tx=0).stop
2026-02-12T00:20:46.058 INFO:teuthology.orchestra.run.trial131.stdout:/usr/bin/ceph: stderr
2026-02-12T00:20:45.852+0000 7f18ac6df640 1 -- 10.20.193.131:0/876180455 >> 10.20.193.131:0/876180455 conn(0x7f18a4068760 msgr2=0x7f18a4110ee0 unknown :-1 s=STATE_NONE l=0).mark_down
2026-02-12T00:20:46.058 INFO:teuthology.orchestra.run.trial131.stdout:/usr/bin/ceph: stderr
2026-02-12T00:20:45.852+0000 7f18ac6df640 1 -- 10.20.193.131:0/876180455 shutdown_connections
2026-02-12T00:20:46.058 INFO:teuthology.orchestra.run.trial131.stdout:/usr/bin/ceph: stderr
2026-02-12T00:20:45.852+0000 7f18ac6df640 1 -- 10.20.193.131:0/876180455 wait complete.
2026-02-12T00:20:46.058 INFO:teuthology.orchestra.run.trial131.stdout:/usr/bin/ceph: stderr
2026-02-12T00:20:45.852+0000 7f18ac6df640 1 Processor -- start
2026-02-12T00:20:46.058 INFO:teuthology.orchestra.run.trial131.stdout:/usr/bin/ceph: stderr
2026-02-12T00:20:45.852+0000 7f18ac6df640 1 -- start start
2026-02-12T00:20:46.059 INFO:teuthology.orchestra.run.trial131.stdout:/usr/bin/ceph: stderr
2026-02-12T00:20:45.852+0000 7f18ac6df640 1 --2- >> [v2:10.20.193.131:3300/0,v1:10.20.193.131:6789/0] conn(0x7f18a41132e0 0x7f18a4122790 unknown :-1 s=NONE pgs=0 gs=0 cs=0 l=1 c_cookie=0 s_cookie=0 reconnecting=0 rev1=0 crypto rx=0 tx=0 comp rx=0 tx=0).connect
2026-02-12T00:20:46.059 INFO:teuthology.orchestra.run.trial131.stdout:/usr/bin/ceph: stderr
2026-02-12T00:20:45.852+0000 7f18ac6df640 1 -- --> [v2:10.20.193.131:3300/0,v1:10.20.193.131:6789/0] -- mon_getmap magic: 0 -- 0x7f18a4122cf0 con 0x7f18a41132e0
2026-02-12T00:20:46.059 INFO:teuthology.orchestra.run.trial131.stdout:/usr/bin/ceph: stderr
2026-02-12T00:20:45.852+0000 7f18aa454640 1 --2- >> [v2:10.20.193.131:3300/0,v1:10.20.193.131:6789/0] conn(0x7f18a41132e0 0x7f18a4122790 unknown :-1 s=BANNER_CONNECTING pgs=0 gs=1 cs=0 l=1 c_cookie=0 s_cookie=0 reconnecting=0 rev1=0 crypto rx=0 tx=0 comp rx=0 tx=0)._handle_peer_banner_payload supported=3 required=0
2026-02-12T00:20:46.059 INFO:teuthology.orchestra.run.trial131.stdout:/usr/bin/ceph: stderr
2026-02-12T00:20:45.852+0000 7f18aa454640 1 --2- >> [v2:10.20.193.131:3300/0,v1:10.20.193.131:6789/0] conn(0x7f18a41132e0 0x7f18a4122790 unknown :-1 s=HELLO_CONNECTING pgs=0 gs=1 cs=0 l=1 c_cookie=0 s_cookie=0 reconnecting=0 rev1=1 crypto rx=0 tx=0 comp rx=0 tx=0).handle_hello peer v2:10.20.193.131:3300/0 says I am v2:10.20.193.131:44826/0 (socket says 10.20.193.131:44826)
2026-02-12T00:20:46.059 INFO:teuthology.orchestra.run.trial131.stdout:/usr/bin/ceph: stderr
2026-02-12T00:20:45.852+0000 7f18aa454640 1 -- 10.20.193.131:0/527551898 learned_addr learned my addr 10.20.193.131:0/527551898 (peer_addr_for_me v2:10.20.193.131:0/0)
2026-02-12T00:20:46.059 INFO:teuthology.orchestra.run.trial131.stdout:/usr/bin/ceph: stderr
2026-02-12T00:20:45.852+0000 7f18aa454640 1 -- 10.20.193.131:0/527551898 --> [v2:10.20.193.131:3300/0,v1:10.20.193.131:6789/0] -- mon_subscribe({config=0+,monmap=0+}) -- 0x7f18940094f0 con 0x7f18a41132e0
2026-02-12T00:20:46.059 INFO:teuthology.orchestra.run.trial131.stdout:/usr/bin/ceph: stderr
2026-02-12T00:20:45.852+0000 7f18aa454640 1 --2- 10.20.193.131:0/527551898 >> [v2:10.20.193.131:3300/0,v1:10.20.193.131:6789/0] conn(0x7f18a41132e0 0x7f18a4122790 secure :-1 s=READY pgs=17 gs=1 cs=0 l=1 c_cookie=0 s_cookie=0 reconnecting=0 rev1=1 crypto rx=0x7f18940356d0 tx=0x7f1894037a30 comp rx=0 tx=0).ready entity=mon.0 client_cookie=0 server_cookie=0 in_seq=0 out_seq=0
2026-02-12T00:20:46.059 INFO:teuthology.orchestra.run.trial131.stdout:/usr/bin/ceph: stderr
2026-02-12T00:20:45.852+0000 7f188b7fe640 1 -- 10.20.193.131:0/527551898 <== mon.0 v2:10.20.193.131:3300/0 1 ==== mon_map magic: 0 ==== 213+0+0 (secure 0 0 0) 0x7f1894044070 con 0x7f18a41132e0
2026-02-12T00:20:46.059 INFO:teuthology.orchestra.run.trial131.stdout:/usr/bin/ceph: stderr
2026-02-12T00:20:45.852+0000 7f18ac6df640 1 -- 10.20.193.131:0/527551898 --> [v2:10.20.193.131:3300/0,v1:10.20.193.131:6789/0] -- mon_subscribe({mgrmap=0+}) -- 0x7f18a4122ef0 con 0x7f18a41132e0
2026-02-12T00:20:46.059 INFO:teuthology.orchestra.run.trial131.stdout:/usr/bin/ceph: stderr
2026-02-12T00:20:45.852+0000 7f188b7fe640 1 -- 10.20.193.131:0/527551898 <== mon.0 v2:10.20.193.131:3300/0 2 ==== config(26 keys) ==== 1060+0+0 (secure 0 0 0) 0x7f189402fdd0 con 0x7f18a41132e0
2026-02-12T00:20:46.059 INFO:teuthology.orchestra.run.trial131.stdout:/usr/bin/ceph: stderr
2026-02-12T00:20:45.852+0000 7f188b7fe640 1 -- 10.20.193.131:0/527551898 <== mon.0 v2:10.20.193.131:3300/0 3 ==== mon_map magic: 0 ==== 213+0+0 (secure 0 0 0) 0x7f1894003850 con 0x7f18a41132e0
2026-02-12T00:20:46.059 INFO:teuthology.orchestra.run.trial131.stdout:/usr/bin/ceph: stderr
2026-02-12T00:20:45.852+0000 7f18ac6df640 1 -- 10.20.193.131:0/527551898 --> [v2:10.20.193.131:3300/0,v1:10.20.193.131:6789/0] -- mon_subscribe({osdmap=0}) -- 0x7f18a41233a0 con 0x7f18a41132e0
2026-02-12T00:20:46.060 INFO:teuthology.orchestra.run.trial131.stdout:/usr/bin/ceph: stderr
2026-02-12T00:20:45.852+0000 7f188b7fe640 1 -- 10.20.193.131:0/527551898 <== mon.0 v2:10.20.193.131:3300/0 4 ==== mgrmap(e 3) ==== 52662+0+0 (secure 0 0 0) 0x7f1894003a70 con 0x7f18a41132e0
2026-02-12T00:20:46.060 INFO:teuthology.orchestra.run.trial131.stdout:/usr/bin/ceph: stderr
2026-02-12T00:20:45.852+0000 7f18ac6df640 1 -- 10.20.193.131:0/527551898 --> [v2:10.20.193.131:3300/0,v1:10.20.193.131:6789/0] -- mon_command({"prefix": "get_command_descriptions"} v 0) -- 0x7f18a41136b0 con 0x7f18a41132e0
2026-02-12T00:20:46.060 INFO:teuthology.orchestra.run.trial131.stdout:/usr/bin/ceph: stderr
2026-02-12T00:20:45.852+0000 7f188b7fe640 1 --2- 10.20.193.131:0/527551898 >> v2:10.20.193.131:6800/2220452550 conn(0x7f188003f620 0x7f188005fad0 unknown :-1 s=NONE pgs=0 gs=0 cs=0 l=1 c_cookie=0 s_cookie=0 reconnecting=0 rev1=0 crypto rx=0 tx=0 comp rx=0 tx=0).connect
2026-02-12T00:20:46.060 INFO:teuthology.orchestra.run.trial131.stdout:/usr/bin/ceph: stderr
2026-02-12T00:20:45.852+0000 7f188b7fe640 1 -- 10.20.193.131:0/527551898 <== mon.0 v2:10.20.193.131:3300/0 5 ==== osd_map(1..1 src has 1..1) ==== 720+0+0 (secure 0 0 0) 0x7f1894078b80 con 0x7f18a41132e0
2026-02-12T00:20:46.060 INFO:teuthology.orchestra.run.trial131.stdout:/usr/bin/ceph: stderr
2026-02-12T00:20:45.852+0000 7f18a9c53640 1 --2- 10.20.193.131:0/527551898 >> v2:10.20.193.131:6800/2220452550 conn(0x7f188003f620 0x7f188005fad0 unknown :-1 s=BANNER_CONNECTING pgs=0 gs=2 cs=0 l=1 c_cookie=0 s_cookie=0 reconnecting=0 rev1=0 crypto rx=0 tx=0 comp rx=0 tx=0)._handle_peer_banner_payload supported=3 required=0
2026-02-12T00:20:46.060 INFO:teuthology.orchestra.run.trial131.stdout:/usr/bin/ceph: stderr
2026-02-12T00:20:45.852+0000 7f18a9c53640 1 --2- 10.20.193.131:0/527551898 >> v2:10.20.193.131:6800/2220452550 conn(0x7f188003f620 0x7f188005fad0 secure :-1 s=READY pgs=6 gs=2 cs=0 l=1 c_cookie=0 s_cookie=0 reconnecting=0 rev1=1 crypto rx=0x7f1898006fd0 tx=0x7f1898006e60 comp rx=0 tx=0).ready entity=mgr.14100 client_cookie=0 server_cookie=0 in_seq=0 out_seq=0
2026-02-12T00:20:46.060 INFO:teuthology.orchestra.run.trial131.stdout:/usr/bin/ceph: stderr
2026-02-12T00:20:45.856+0000 7f188b7fe640 1 -- 10.20.193.131:0/527551898 <== mon.0 v2:10.20.193.131:3300/0 6 ==== mon_command_ack([{"prefix": "get_command_descriptions"}]=0 v0) ==== 72+0+230863 (secure 0 0 0) 0x7f1894036bf0 con 0x7f18a41132e0
2026-02-12T00:20:46.060 INFO:teuthology.orchestra.run.trial131.stdout:/usr/bin/ceph: stderr
2026-02-12T00:20:46.004+0000 7f18ac6df640 1 -- 10.20.193.131:0/527551898 --> [v2:10.20.193.131:3300/0,v1:10.20.193.131:6789/0] -- mon_command({"prefix": "status", "format": "json-pretty"} v 0) -- 0x7f18a4066110 con 0x7f18a41132e0
2026-02-12T00:20:46.060 INFO:teuthology.orchestra.run.trial131.stdout:/usr/bin/ceph: stderr
2026-02-12T00:20:46.004+0000 7f188b7fe640 1 -- 10.20.193.131:0/527551898 <== mon.0 v2:10.20.193.131:3300/0 7 ==== mon_command_ack([{"prefix": "status", "format": "json-pretty"}]=0 v0) ==== 79+0+1270 (secure 0 0 0) 0x7f189403c090 con 0x7f18a41132e0
2026-02-12T00:20:46.060 INFO:teuthology.orchestra.run.trial131.stdout:/usr/bin/ceph: stderr
2026-02-12T00:20:46.004+0000 7f18ac6df640 1 -- 10.20.193.131:0/527551898 >> v2:10.20.193.131:6800/2220452550 conn(0x7f188003f620 msgr2=0x7f188005fad0 secure :-1 s=STATE_CONNECTION_ESTABLISHED l=1).mark_down
2026-02-12T00:20:46.060 INFO:teuthology.orchestra.run.trial131.stdout:/usr/bin/ceph: stderr
2026-02-12T00:20:46.004+0000 7f18ac6df640 1 --2- 10.20.193.131:0/527551898 >> v2:10.20.193.131:6800/2220452550 conn(0x7f188003f620 0x7f188005fad0 secure :-1 s=READY pgs=6 gs=2 cs=0 l=1 c_cookie=0 s_cookie=0 reconnecting=0 rev1=1 crypto rx=0x7f1898006fd0 tx=0x7f1898006e60 comp rx=0 tx=0).stop
2026-02-12T00:20:46.060 INFO:teuthology.orchestra.run.trial131.stdout:/usr/bin/ceph: stderr
2026-02-12T00:20:46.004+0000 7f18ac6df640 1 -- 10.20.193.131:0/527551898 >> [v2:10.20.193.131:3300/0,v1:10.20.193.131:6789/0] conn(0x7f18a41132e0 msgr2=0x7f18a4122790 secure :-1 s=STATE_CONNECTION_ESTABLISHED l=1).mark_down
2026-02-12T00:20:46.061 INFO:teuthology.orchestra.run.trial131.stdout:/usr/bin/ceph: stderr
2026-02-12T00:20:46.004+0000 7f18ac6df640 1 --2- 10.20.193.131:0/527551898 >> [v2:10.20.193.131:3300/0,v1:10.20.193.131:6789/0] conn(0x7f18a41132e0 0x7f18a4122790 secure :-1 s=READY pgs=17 gs=1 cs=0 l=1 c_cookie=0 s_cookie=0 reconnecting=0 rev1=1 crypto rx=0x7f18940356d0 tx=0x7f1894037a30 comp rx=0 tx=0).stop
2026-02-12T00:20:46.061 INFO:teuthology.orchestra.run.trial131.stdout:/usr/bin/ceph: stderr
2026-02-12T00:20:46.004+0000 7f18ac6df640 1 -- 10.20.193.131:0/527551898 shutdown_connections
2026-02-12T00:20:46.061 INFO:teuthology.orchestra.run.trial131.stdout:/usr/bin/ceph: stderr
2026-02-12T00:20:46.004+0000 7f18ac6df640 1 --2- 10.20.193.131:0/527551898 >> v2:10.20.193.131:6800/2220452550 conn(0x7f188003f620 0x7f188005fad0 unknown :-1 s=CLOSED pgs=6 gs=2 cs=0 l=1 c_cookie=0 s_cookie=0 reconnecting=0 rev1=1 crypto rx=0 tx=0 comp rx=0 tx=0).stop
2026-02-12T00:20:46.061 INFO:teuthology.orchestra.run.trial131.stdout:/usr/bin/ceph: stderr
2026-02-12T00:20:46.004+0000 7f18ac6df640 1 --2- 10.20.193.131:0/527551898 >> [v2:10.20.193.131:3300/0,v1:10.20.193.131:6789/0] conn(0x7f18a41132e0 0x7f18a4122790 unknown :-1 s=CLOSED pgs=17 gs=1 cs=0 l=1 c_cookie=0 s_cookie=0 reconnecting=0 rev1=1 crypto rx=0 tx=0 comp rx=0 tx=0).stop
2026-02-12T00:20:46.061 INFO:teuthology.orchestra.run.trial131.stdout:/usr/bin/ceph: stderr
2026-02-12T00:20:46.004+0000 7f18ac6df640 1 -- 10.20.193.131:0/527551898 >> 10.20.193.131:0/527551898 conn(0x7f18a4068760 msgr2=0x7f18a4110ee0 unknown :-1 s=STATE_NONE l=0).mark_down
2026-02-12T00:20:46.061 INFO:teuthology.orchestra.run.trial131.stdout:/usr/bin/ceph: stderr
2026-02-12T00:20:46.004+0000 7f18ac6df640 1 -- 10.20.193.131:0/527551898 shutdown_connections
2026-02-12T00:20:46.061 INFO:teuthology.orchestra.run.trial131.stdout:/usr/bin/ceph: stderr
2026-02-12T00:20:46.004+0000 7f18ac6df640 1 -- 10.20.193.131:0/527551898 wait complete.
2026-02-12T00:20:46.061 INFO:teuthology.orchestra.run.trial131.stdout:mgr is available
2026-02-12T00:20:46.288 INFO:teuthology.orchestra.run.trial131.stdout:/usr/bin/ceph: stdout
2026-02-12T00:20:46.288 INFO:teuthology.orchestra.run.trial131.stdout:/usr/bin/ceph: stdout [global]
2026-02-12T00:20:46.288 INFO:teuthology.orchestra.run.trial131.stdout:/usr/bin/ceph: stdout fsid = 9ddc4222-07a8-11f1-86f2-d404e6e7d460
2026-02-12T00:20:46.289 INFO:teuthology.orchestra.run.trial131.stdout:/usr/bin/ceph: stdout mon_cluster_log_file_level = debug
2026-02-12T00:20:46.289 INFO:teuthology.orchestra.run.trial131.stdout:/usr/bin/ceph: stdout mon_host = [v2:10.20.193.131:3300,v1:10.20.193.131:6789]
2026-02-12T00:20:46.289 INFO:teuthology.orchestra.run.trial131.stdout:/usr/bin/ceph: stdout mon_osd_allow_pg_remap = true
2026-02-12T00:20:46.289 INFO:teuthology.orchestra.run.trial131.stdout:/usr/bin/ceph: stdout mon_osd_allow_primary_affinity = true
2026-02-12T00:20:46.289 INFO:teuthology.orchestra.run.trial131.stdout:/usr/bin/ceph: stdout mon_warn_on_no_sortbitwise = false
2026-02-12T00:20:46.289 INFO:teuthology.orchestra.run.trial131.stdout:/usr/bin/ceph: stdout osd_crush_chooseleaf_type = 0
2026-02-12T00:20:46.289 INFO:teuthology.orchestra.run.trial131.stdout:/usr/bin/ceph: stdout
2026-02-12T00:20:46.289 INFO:teuthology.orchestra.run.trial131.stdout:/usr/bin/ceph: stdout [mgr]
2026-02-12T00:20:46.289 INFO:teuthology.orchestra.run.trial131.stdout:/usr/bin/ceph: stdout mgr/telemetry/nag = false
2026-02-12T00:20:46.289 INFO:teuthology.orchestra.run.trial131.stdout:/usr/bin/ceph: stdout
2026-02-12T00:20:46.289 INFO:teuthology.orchestra.run.trial131.stdout:/usr/bin/ceph: stdout [osd]
2026-02-12T00:20:46.289 INFO:teuthology.orchestra.run.trial131.stdout:/usr/bin/ceph: stdout osd_map_max_advance = 10
2026-02-12T00:20:46.290 INFO:teuthology.orchestra.run.trial131.stdout:/usr/bin/ceph: stdout osd_sloppy_crc = true
2026-02-12T00:20:46.290 INFO:teuthology.orchestra.run.trial131.stdout:/usr/bin/ceph: stderr
2026-02-12T00:20:46.132+0000 7f653eba6640 1 Processor -- start
2026-02-12T00:20:46.290 INFO:teuthology.orchestra.run.trial131.stdout:/usr/bin/ceph: stderr
2026-02-12T00:20:46.132+0000 7f653eba6640 1 -- start start
2026-02-12T00:20:46.290 INFO:teuthology.orchestra.run.trial131.stdout:/usr/bin/ceph: stderr
2026-02-12T00:20:46.132+0000 7f653eba6640 1 --2- >> [v2:10.20.193.131:3300/0,v1:10.20.193.131:6789/0] conn(0x7f6538068450 0x7f6538066b70 unknown :-1 s=NONE pgs=0 gs=0 cs=0 l=0 c_cookie=0 s_cookie=0 reconnecting=0 rev1=0 crypto rx=0 tx=0 comp rx=0 tx=0).connect
2026-02-12T00:20:46.290 INFO:teuthology.orchestra.run.trial131.stdout:/usr/bin/ceph: stderr
2026-02-12T00:20:46.132+0000 7f653eba6640 1 -- --> [v2:10.20.193.131:3300/0,v1:10.20.193.131:6789/0] -- mon_getmap magic: 0 -- 0x7f65380688f0 con 0x7f6538068450
2026-02-12T00:20:46.290 INFO:teuthology.orchestra.run.trial131.stdout:/usr/bin/ceph: stderr
2026-02-12T00:20:46.132+0000 7f653c91b640 1 --2- >> [v2:10.20.193.131:3300/0,v1:10.20.193.131:6789/0] conn(0x7f6538068450 0x7f6538066b70 unknown :-1 s=BANNER_CONNECTING pgs=0 gs=1 cs=0 l=0 c_cookie=0 s_cookie=0 reconnecting=0 rev1=0 crypto rx=0 tx=0 comp rx=0 tx=0)._handle_peer_banner_payload supported=3 required=0
2026-02-12T00:20:46.290 INFO:teuthology.orchestra.run.trial131.stdout:/usr/bin/ceph: stderr
2026-02-12T00:20:46.132+0000 7f653c91b640 1 --2- >> [v2:10.20.193.131:3300/0,v1:10.20.193.131:6789/0] conn(0x7f6538068450 0x7f6538066b70 unknown :-1 s=HELLO_CONNECTING pgs=0 gs=1 cs=0 l=0 c_cookie=0 s_cookie=0 reconnecting=0 rev1=1 crypto rx=0 tx=0 comp rx=0 tx=0).handle_hello peer v2:10.20.193.131:3300/0 says I am v2:10.20.193.131:44830/0 (socket says 10.20.193.131:44830)
2026-02-12T00:20:46.290 INFO:teuthology.orchestra.run.trial131.stdout:/usr/bin/ceph: stderr
2026-02-12T00:20:46.132+0000 7f653c91b640 1 -- 10.20.193.131:0/265789093 learned_addr learned my addr 10.20.193.131:0/265789093 (peer_addr_for_me v2:10.20.193.131:0/0)
2026-02-12T00:20:46.290 INFO:teuthology.orchestra.run.trial131.stdout:/usr/bin/ceph: stderr
2026-02-12T00:20:46.136+0000 7f653c91b640 1 -- 10.20.193.131:0/265789093 --> [v2:10.20.193.131:3300/0,v1:10.20.193.131:6789/0] -- mon_subscribe({config=0+,monmap=0+}) -- 0x7f6538068a30 con 0x7f6538068450
2026-02-12T00:20:46.290 INFO:teuthology.orchestra.run.trial131.stdout:/usr/bin/ceph: stderr
2026-02-12T00:20:46.136+0000 7f653c91b640 1 --2- 10.20.193.131:0/265789093 >> [v2:10.20.193.131:3300/0,v1:10.20.193.131:6789/0] conn(0x7f6538068450 0x7f6538066b70 secure :-1 s=READY pgs=18 gs=1 cs=0 l=1 c_cookie=8565936546635786047 s_cookie=0 reconnecting=0 rev1=1 crypto rx=0x7f6528009850 tx=0x7f652802eeb0 comp rx=0 tx=0).ready entity=mon.0 client_cookie=76e051e7a6c3273f server_cookie=0 in_seq=0 out_seq=0
2026-02-12T00:20:46.290 INFO:teuthology.orchestra.run.trial131.stdout:/usr/bin/ceph: stderr
2026-02-12T00:20:46.136+0000 7f652f7fe640 1 -- 10.20.193.131:0/265789093 <== mon.0 v2:10.20.193.131:3300/0 1 ==== mon_map magic: 0 ==== 213+0+0 (secure 0 0 0) 0x7f652802f940 con 0x7f6538068450
2026-02-12T00:20:46.291 INFO:teuthology.orchestra.run.trial131.stdout:/usr/bin/ceph: stderr
2026-02-12T00:20:46.136+0000 7f652f7fe640 1 -- 10.20.193.131:0/265789093 <== mon.0 v2:10.20.193.131:3300/0 2 ==== config(26 keys) ==== 1060+0+0 (secure 0 0 0) 0x7f6528037440 con 0x7f6538068450
2026-02-12T00:20:46.291 INFO:teuthology.orchestra.run.trial131.stdout:/usr/bin/ceph: stderr
2026-02-12T00:20:46.136+0000 7f652f7fe640 1 -- 10.20.193.131:0/265789093 <== mon.0 v2:10.20.193.131:3300/0 3 ==== mon_map magic: 0 ==== 213+0+0 (secure 0 0 0) 0x7f65280354e0 con 0x7f6538068450
2026-02-12T00:20:46.291 INFO:teuthology.orchestra.run.trial131.stdout:/usr/bin/ceph: stderr
2026-02-12T00:20:46.136+0000 7f653eba6640 1 -- 10.20.193.131:0/265789093 >> [v2:10.20.193.131:3300/0,v1:10.20.193.131:6789/0] conn(0x7f6538068450 msgr2=0x7f6538066b70 secure :-1 s=STATE_CONNECTION_ESTABLISHED l=1).mark_down
2026-02-12T00:20:46.291 INFO:teuthology.orchestra.run.trial131.stdout:/usr/bin/ceph: stderr
2026-02-12T00:20:46.136+0000 7f653eba6640 1 --2- 10.20.193.131:0/265789093 >> [v2:10.20.193.131:3300/0,v1:10.20.193.131:6789/0] conn(0x7f6538068450 0x7f6538066b70 secure :-1 s=READY pgs=18 gs=1 cs=0 l=1 c_cookie=8565936546635786047 s_cookie=0 reconnecting=0 rev1=1 crypto rx=0x7f6528009850 tx=0x7f652802eeb0 comp rx=0 tx=0).stop
2026-02-12T00:20:46.291 INFO:teuthology.orchestra.run.trial131.stdout:/usr/bin/ceph: stderr
2026-02-12T00:20:46.136+0000 7f653eba6640 1 -- 10.20.193.131:0/265789093 shutdown_connections
2026-02-12T00:20:46.291 INFO:teuthology.orchestra.run.trial131.stdout:/usr/bin/ceph: stderr
2026-02-12T00:20:46.136+0000 7f653eba6640 1 --2- 10.20.193.131:0/265789093 >> [v2:10.20.193.131:3300/0,v1:10.20.193.131:6789/0] conn(0x7f6538068450 0x7f6538066b70 unknown :-1 s=CLOSED pgs=18 gs=1 cs=0 l=1 c_cookie=8565936546635786047 s_cookie=0 reconnecting=0 rev1=1 crypto rx=0 tx=0 comp rx=0 tx=0).stop
2026-02-12T00:20:46.291 INFO:teuthology.orchestra.run.trial131.stdout:/usr/bin/ceph: stderr
2026-02-12T00:20:46.136+0000 7f653eba6640 1 -- 10.20.193.131:0/265789093 >> 10.20.193.131:0/265789093 conn(0x7f65380ee7c0 msgr2=0x7f653810ebd0 unknown :-1 s=STATE_NONE l=0).mark_down
2026-02-12T00:20:46.291 INFO:teuthology.orchestra.run.trial131.stdout:/usr/bin/ceph: stderr
2026-02-12T00:20:46.136+0000 7f653eba6640 1 -- 10.20.193.131:0/265789093 shutdown_connections
2026-02-12T00:20:46.291 INFO:teuthology.orchestra.run.trial131.stdout:/usr/bin/ceph: stderr
2026-02-12T00:20:46.136+0000 7f653eba6640 1 -- 10.20.193.131:0/265789093 wait complete.
2026-02-12T00:20:46.291 INFO:teuthology.orchestra.run.trial131.stdout:/usr/bin/ceph: stderr
2026-02-12T00:20:46.136+0000 7f653eba6640 1 Processor -- start
2026-02-12T00:20:46.291 INFO:teuthology.orchestra.run.trial131.stdout:/usr/bin/ceph: stderr
2026-02-12T00:20:46.136+0000 7f653eba6640 1 -- start start
2026-02-12T00:20:46.291 INFO:teuthology.orchestra.run.trial131.stdout:/usr/bin/ceph: stderr
2026-02-12T00:20:46.136+0000 7f653eba6640 1 --2- >> [v2:10.20.193.131:3300/0,v1:10.20.193.131:6789/0] conn(0x7f6538068450 0x7f6538122200 unknown :-1 s=NONE pgs=0 gs=0 cs=0 l=1 c_cookie=0 s_cookie=0 reconnecting=0 rev1=0 crypto rx=0 tx=0 comp rx=0 tx=0).connect
2026-02-12T00:20:46.292 INFO:teuthology.orchestra.run.trial131.stdout:/usr/bin/ceph: stderr
2026-02-12T00:20:46.136+0000 7f653eba6640 1 -- --> [v2:10.20.193.131:3300/0,v1:10.20.193.131:6789/0] -- mon_getmap magic: 0 -- 0x7f6538122760 con 0x7f6538068450
2026-02-12T00:20:46.292 INFO:teuthology.orchestra.run.trial131.stdout:/usr/bin/ceph: stderr
2026-02-12T00:20:46.136+0000 7f653c91b640 1 --2- >> [v2:10.20.193.131:3300/0,v1:10.20.193.131:6789/0] conn(0x7f6538068450 0x7f6538122200 unknown :-1 s=BANNER_CONNECTING pgs=0 gs=1 cs=0 l=1 c_cookie=0 s_cookie=0 reconnecting=0 rev1=0 crypto rx=0 tx=0 comp rx=0 tx=0)._handle_peer_banner_payload supported=3 required=0
2026-02-12T00:20:46.292 INFO:teuthology.orchestra.run.trial131.stdout:/usr/bin/ceph: stderr
2026-02-12T00:20:46.136+0000 7f653c91b640 1 --2- >> [v2:10.20.193.131:3300/0,v1:10.20.193.131:6789/0] conn(0x7f6538068450 0x7f6538122200 unknown :-1 s=HELLO_CONNECTING pgs=0 gs=1 cs=0 l=1 c_cookie=0 s_cookie=0 reconnecting=0 rev1=1 crypto rx=0 tx=0 comp rx=0 tx=0).handle_hello peer v2:10.20.193.131:3300/0 says I am v2:10.20.193.131:44834/0 (socket says 10.20.193.131:44834)
2026-02-12T00:20:46.292 INFO:teuthology.orchestra.run.trial131.stdout:/usr/bin/ceph: stderr
2026-02-12T00:20:46.136+0000 7f653c91b640 1 -- 10.20.193.131:0/3117593819 learned_addr learned my addr 10.20.193.131:0/3117593819 (peer_addr_for_me v2:10.20.193.131:0/0)
2026-02-12T00:20:46.292 INFO:teuthology.orchestra.run.trial131.stdout:/usr/bin/ceph: stderr
2026-02-12T00:20:46.136+0000 7f653c91b640 1 -- 10.20.193.131:0/3117593819 --> [v2:10.20.193.131:3300/0,v1:10.20.193.131:6789/0] -- mon_subscribe({config=0+,monmap=0+}) -- 0x7f65280094f0 con 0x7f6538068450
2026-02-12T00:20:46.292 INFO:teuthology.orchestra.run.trial131.stdout:/usr/bin/ceph: stderr
2026-02-12T00:20:46.136+0000 7f653c91b640 1 --2- 10.20.193.131:0/3117593819 >> [v2:10.20.193.131:3300/0,v1:10.20.193.131:6789/0] conn(0x7f6538068450 0x7f6538122200 secure :-1 s=READY pgs=19 gs=1 cs=0 l=1 c_cookie=0 s_cookie=0 reconnecting=0 rev1=1 crypto rx=0x7f6528037a50 tx=0x7f6528035fc0 comp rx=0 tx=0).ready entity=mon.0 client_cookie=0 server_cookie=0 in_seq=0 out_seq=0
2026-02-12T00:20:46.292 INFO:teuthology.orchestra.run.trial131.stdout:/usr/bin/ceph: stderr
2026-02-12T00:20:46.136+0000 7f652dffb640 1 -- 10.20.193.131:0/3117593819 <== mon.0 v2:10.20.193.131:3300/0 1 ==== mon_map magic: 0 ==== 213+0+0 (secure 0 0 0) 0x7f6528044070 con 0x7f6538068450
2026-02-12T00:20:46.292 INFO:teuthology.orchestra.run.trial131.stdout:/usr/bin/ceph: stderr
2026-02-12T00:20:46.136+0000 7f652dffb640 1 -- 10.20.193.131:0/3117593819 <== mon.0 v2:10.20.193.131:3300/0 2 ==== config(26 keys) ==== 1060+0+0 (secure 0 0 0) 0x7f6528037b30 con 0x7f6538068450
2026-02-12T00:20:46.292 INFO:teuthology.orchestra.run.trial131.stdout:/usr/bin/ceph: stderr
2026-02-12T00:20:46.136+0000 7f653eba6640 1 -- 10.20.193.131:0/3117593819 --> [v2:10.20.193.131:3300/0,v1:10.20.193.131:6789/0] -- mon_subscribe({mgrmap=0+}) -- 0x7f6538122960 con 0x7f6538068450
2026-02-12T00:20:46.292 INFO:teuthology.orchestra.run.trial131.stdout:/usr/bin/ceph: stderr
2026-02-12T00:20:46.136+0000 7f652dffb640 1 -- 10.20.193.131:0/3117593819 <== mon.0 v2:10.20.193.131:3300/0 3 ==== mon_map magic: 0 ==== 213+0+0 (secure 0 0 0) 0x7f65280036d0 con 0x7f6538068450
2026-02-12T00:20:46.292 INFO:teuthology.orchestra.run.trial131.stdout:/usr/bin/ceph: stderr
2026-02-12T00:20:46.136+0000 7f653eba6640 1 -- 10.20.193.131:0/3117593819 --> [v2:10.20.193.131:3300/0,v1:10.20.193.131:6789/0] -- mon_subscribe({osdmap=0}) -- 0x7f65381233e0 con 0x7f6538068450
2026-02-12T00:20:46.293 INFO:teuthology.orchestra.run.trial131.stdout:/usr/bin/ceph: stderr
2026-02-12T00:20:46.136+0000 7f653eba6640 1 -- 10.20.193.131:0/3117593819 --> [v2:10.20.193.131:3300/0,v1:10.20.193.131:6789/0] -- mon_command({"prefix": "get_command_descriptions"} v 0) -- 0x7f6538122e70 con 0x7f6538068450
2026-02-12T00:20:46.293 INFO:teuthology.orchestra.run.trial131.stdout:/usr/bin/ceph: stderr
2026-02-12T00:20:46.136+0000 7f652dffb640 1 -- 10.20.193.131:0/3117593819 <== mon.0 v2:10.20.193.131:3300/0 4 ==== mgrmap(e 3) ==== 52662+0+0 (secure 0 0 0) 0x7f6528003920 con 0x7f6538068450
2026-02-12T00:20:46.293 INFO:teuthology.orchestra.run.trial131.stdout:/usr/bin/ceph: stderr
2026-02-12T00:20:46.136+0000 7f652dffb640 1 --2- 10.20.193.131:0/3117593819 >> v2:10.20.193.131:6800/2220452550 conn(0x7f651403f620 0x7f651405fad0 unknown :-1 s=NONE pgs=0 gs=0 cs=0 l=1 c_cookie=0 s_cookie=0 reconnecting=0 rev1=0 crypto rx=0 tx=0 comp rx=0 tx=0).connect
2026-02-12T00:20:46.293 INFO:teuthology.orchestra.run.trial131.stdout:/usr/bin/ceph: stderr
2026-02-12T00:20:46.136+0000 7f652dffb640 1 -- 10.20.193.131:0/3117593819 <== mon.0 v2:10.20.193.131:3300/0 5 ==== osd_map(1..1 src has 1..1) ==== 720+0+0 (secure 0 0 0) 0x7f6528078c90 con 0x7f6538068450
2026-02-12T00:20:46.293 INFO:teuthology.orchestra.run.trial131.stdout:/usr/bin/ceph: stderr
2026-02-12T00:20:46.136+0000 7f652ffff640 1 --2- 10.20.193.131:0/3117593819 >> v2:10.20.193.131:6800/2220452550 conn(0x7f651403f620 0x7f651405fad0 unknown :-1 s=BANNER_CONNECTING pgs=0 gs=2 cs=0 l=1 c_cookie=0 s_cookie=0 reconnecting=0 rev1=0 crypto rx=0 tx=0 comp rx=0 tx=0)._handle_peer_banner_payload supported=3 required=0
2026-02-12T00:20:46.293 INFO:teuthology.orchestra.run.trial131.stdout:/usr/bin/ceph: stderr
2026-02-12T00:20:46.136+0000 7f652ffff640 1 --2- 10.20.193.131:0/3117593819 >> v2:10.20.193.131:6800/2220452550 conn(0x7f651403f620 0x7f651405fad0 secure :-1 s=READY pgs=7 gs=2 cs=0 l=1 c_cookie=0 s_cookie=0 reconnecting=0 rev1=1 crypto rx=0x7f6520006fd0 tx=0x7f6520006e60 comp rx=0 tx=0).ready entity=mgr.14100 client_cookie=0 server_cookie=0 in_seq=0 out_seq=0
2026-02-12T00:20:46.293 INFO:teuthology.orchestra.run.trial131.stdout:/usr/bin/ceph: stderr
2026-02-12T00:20:46.140+0000 7f652dffb640 1 -- 10.20.193.131:0/3117593819 <== mon.0 v2:10.20.193.131:3300/0 6 ==== mon_command_ack([{"prefix": "get_command_descriptions"}]=0 v0) ==== 72+0+230863 (secure 0 0 0) 0x7f6528036bf0 con 0x7f6538068450
2026-02-12T00:20:46.293 INFO:teuthology.orchestra.run.trial131.stdout:/usr/bin/ceph: stderr
2026-02-12T00:20:46.244+0000 7f653eba6640 1 -- 10.20.193.131:0/3117593819 --> [v2:10.20.193.131:3300/0,v1:10.20.193.131:6789/0] -- mon_command({"prefix": "config assimilate-conf"} v 0) -- 0x7f6538066b70 con 0x7f6538068450
2026-02-12T00:20:46.293 INFO:teuthology.orchestra.run.trial131.stdout:/usr/bin/ceph: stderr
2026-02-12T00:20:46.244+0000 7f652dffb640 1 -- 10.20.193.131:0/3117593819 <== mon.0 v2:10.20.193.131:3300/0 7 ==== mon_command_ack([{"prefix": "config assimilate-conf"}]=0 v3) ==== 70+0+376 (secure 0 0 0) 0x7f652803c030 con 0x7f6538068450
2026-02-12T00:20:46.293 INFO:teuthology.orchestra.run.trial131.stdout:/usr/bin/ceph: stderr
2026-02-12T00:20:46.244+0000 7f653eba6640 1 -- 10.20.193.131:0/3117593819 >> v2:10.20.193.131:6800/2220452550 conn(0x7f651403f620 msgr2=0x7f651405fad0 secure :-1 s=STATE_CONNECTION_ESTABLISHED l=1).mark_down
2026-02-12T00:20:46.293 INFO:teuthology.orchestra.run.trial131.stdout:/usr/bin/ceph: stderr
2026-02-12T00:20:46.244+0000 7f653eba6640 1 --2- 10.20.193.131:0/3117593819 >> v2:10.20.193.131:6800/2220452550 conn(0x7f651403f620 0x7f651405fad0 secure :-1 s=READY pgs=7 gs=2 cs=0 l=1 c_cookie=0 s_cookie=0 reconnecting=0 rev1=1 crypto rx=0x7f6520006fd0 tx=0x7f6520006e60 comp rx=0 tx=0).stop
2026-02-12T00:20:46.293 INFO:teuthology.orchestra.run.trial131.stdout:/usr/bin/ceph: stderr
2026-02-12T00:20:46.244+0000 7f653eba6640 1 -- 10.20.193.131:0/3117593819 >> [v2:10.20.193.131:3300/0,v1:10.20.193.131:6789/0] conn(0x7f6538068450 msgr2=0x7f6538122200 secure :-1 s=STATE_CONNECTION_ESTABLISHED l=1).mark_down
2026-02-12T00:20:46.294 INFO:teuthology.orchestra.run.trial131.stdout:/usr/bin/ceph: stderr
2026-02-12T00:20:46.244+0000 7f653eba6640 1 --2- 10.20.193.131:0/3117593819 >> [v2:10.20.193.131:3300/0,v1:10.20.193.131:6789/0] conn(0x7f6538068450 0x7f6538122200 secure :-1 s=READY pgs=19 gs=1 cs=0 l=1 c_cookie=0 s_cookie=0 reconnecting=0 rev1=1 crypto rx=0x7f6528037a50 tx=0x7f6528035fc0 comp rx=0 tx=0).stop
2026-02-12T00:20:46.294 INFO:teuthology.orchestra.run.trial131.stdout:/usr/bin/ceph: stderr
2026-02-12T00:20:46.244+0000 7f653eba6640 1 -- 10.20.193.131:0/3117593819 shutdown_connections
2026-02-12T00:20:46.294 INFO:teuthology.orchestra.run.trial131.stdout:/usr/bin/ceph: stderr
2026-02-12T00:20:46.244+0000 7f653eba6640 1 --2- 10.20.193.131:0/3117593819 >> v2:10.20.193.131:6800/2220452550 conn(0x7f651403f620 0x7f651405fad0 unknown :-1 s=CLOSED pgs=7 gs=2 cs=0 l=1 c_cookie=0 s_cookie=0 reconnecting=0 rev1=1 crypto rx=0 tx=0 comp rx=0 tx=0).stop
2026-02-12T00:20:46.294 INFO:teuthology.orchestra.run.trial131.stdout:/usr/bin/ceph: stderr
2026-02-12T00:20:46.244+0000 7f653eba6640 1 --2- 10.20.193.131:0/3117593819 >> [v2:10.20.193.131:3300/0,v1:10.20.193.131:6789/0] conn(0x7f6538068450 0x7f6538122200 unknown :-1 s=CLOSED pgs=19 gs=1 cs=0 l=1 c_cookie=0 s_cookie=0 reconnecting=0 rev1=1 crypto rx=0 tx=0 comp rx=0 tx=0).stop
2026-02-12T00:20:46.294 INFO:teuthology.orchestra.run.trial131.stdout:/usr/bin/ceph: stderr
2026-02-12T00:20:46.244+0000 7f653eba6640 1 -- 10.20.193.131:0/3117593819 >> 10.20.193.131:0/3117593819 conn(0x7f65380ee7c0 msgr2=0x7f653810eba0 unknown :-1 s=STATE_NONE l=0).mark_down
2026-02-12T00:20:46.294 INFO:teuthology.orchestra.run.trial131.stdout:/usr/bin/ceph: stderr
2026-02-12T00:20:46.248+0000 7f653eba6640 1 -- 10.20.193.131:0/3117593819 shutdown_connections
2026-02-12T00:20:46.294 INFO:teuthology.orchestra.run.trial131.stdout:/usr/bin/ceph: stderr
2026-02-12T00:20:46.248+0000 7f653eba6640 1 -- 10.20.193.131:0/3117593819 wait complete.
2026-02-12T00:20:46.294 INFO:teuthology.orchestra.run.trial131.stdout:Enabling cephadm module...
2026-02-12T00:20:46.315 INFO:journalctl@ceph.mon.a.trial131.stdout:Feb 12 00:20:46 trial131 bash[8983]: cluster
2026-02-12T00:20:45.227689+0000 mon.a (mon.0) 28 : cluster [DBG] mgrmap e3: y(active, since 1.00631s)
2026-02-12T00:20:46.315 INFO:journalctl@ceph.mon.a.trial131.stdout:Feb 12 00:20:46 trial131 bash[8983]: cluster
2026-02-12T00:20:45.227689+0000 mon.a (mon.0) 28 : cluster [DBG] mgrmap e3: y(active, since 1.00631s)
2026-02-12T00:20:46.315 INFO:journalctl@ceph.mon.a.trial131.stdout:Feb 12 00:20:46 trial131 bash[8983]: audit
2026-02-12T00:20:46.009581+0000 mon.a (mon.0) 29 : audit [DBG] from='client.? 10.20.193.131:0/527551898' entity='client.admin' cmd={"prefix": "status", "format": "json-pretty"} : dispatch
2026-02-12T00:20:46.315 INFO:journalctl@ceph.mon.a.trial131.stdout:Feb 12 00:20:46 trial131 bash[8983]: audit
2026-02-12T00:20:46.009581+0000 mon.a (mon.0) 29 : audit [DBG] from='client.? 10.20.193.131:0/527551898' entity='client.admin' cmd={"prefix": "status", "format": "json-pretty"} : dispatch
2026-02-12T00:20:47.272 INFO:teuthology.orchestra.run.trial131.stdout:/usr/bin/ceph: stderr
2026-02-12T00:20:46.372+0000 7fcc99384640 1 Processor -- start
2026-02-12T00:20:47.272 INFO:teuthology.orchestra.run.trial131.stdout:/usr/bin/ceph: stderr
2026-02-12T00:20:46.372+0000 7fcc99384640 1 -- start start
2026-02-12T00:20:47.272 INFO:teuthology.orchestra.run.trial131.stdout:/usr/bin/ceph: stderr
2026-02-12T00:20:46.372+0000 7fcc99384640 1 --2- >> [v2:10.20.193.131:3300/0,v1:10.20.193.131:6789/0] conn(0x7fcc94066440 0x7fcc9410f980 unknown :-1 s=NONE pgs=0 gs=0 cs=0 l=0 c_cookie=0 s_cookie=0 reconnecting=0 rev1=0 crypto rx=0 tx=0 comp rx=0 tx=0).connect
2026-02-12T00:20:47.273 INFO:teuthology.orchestra.run.trial131.stdout:/usr/bin/ceph: stderr
2026-02-12T00:20:46.372+0000 7fcc99384640 1 -- --> [v2:10.20.193.131:3300/0,v1:10.20.193.131:6789/0] -- mon_getmap magic: 0 -- 0x7fcc9410fec0 con 0x7fcc94066440
2026-02-12T00:20:47.273 INFO:teuthology.orchestra.run.trial131.stdout:/usr/bin/ceph: stderr
2026-02-12T00:20:46.372+0000 7fcc92ffd640 1 --2- >> [v2:10.20.193.131:3300/0,v1:10.20.193.131:6789/0] conn(0x7fcc94066440 0x7fcc9410f980 unknown :-1 s=BANNER_CONNECTING pgs=0 gs=1 cs=0 l=0 c_cookie=0 s_cookie=0 reconnecting=0 rev1=0 crypto rx=0 tx=0 comp rx=0 tx=0)._handle_peer_banner_payload supported=3 required=0
2026-02-12T00:20:47.273 INFO:teuthology.orchestra.run.trial131.stdout:/usr/bin/ceph: stderr
2026-02-12T00:20:46.372+0000 7fcc92ffd640 1 --2- >> [v2:10.20.193.131:3300/0,v1:10.20.193.131:6789/0] conn(0x7fcc94066440 0x7fcc9410f980 unknown :-1 s=HELLO_CONNECTING pgs=0 gs=1 cs=0 l=0 c_cookie=0 s_cookie=0 reconnecting=0 rev1=1 crypto rx=0 tx=0 comp rx=0 tx=0).handle_hello peer v2:10.20.193.131:3300/0 says I am v2:10.20.193.131:44838/0 (socket says 10.20.193.131:44838)
2026-02-12T00:20:47.273 INFO:teuthology.orchestra.run.trial131.stdout:/usr/bin/ceph: stderr
2026-02-12T00:20:46.372+0000 7fcc92ffd640 1 -- 10.20.193.131:0/1243435639 learned_addr learned my addr 10.20.193.131:0/1243435639 (peer_addr_for_me v2:10.20.193.131:0/0)
2026-02-12T00:20:47.273 INFO:teuthology.orchestra.run.trial131.stdout:/usr/bin/ceph: stderr
2026-02-12T00:20:46.372+0000 7fcc92ffd640 1 -- 10.20.193.131:0/1243435639 --> [v2:10.20.193.131:3300/0,v1:10.20.193.131:6789/0] -- mon_subscribe({config=0+,monmap=0+}) -- 0x7fcc94110000 con 0x7fcc94066440
2026-02-12T00:20:47.273 INFO:teuthology.orchestra.run.trial131.stdout:/usr/bin/ceph: stderr
2026-02-12T00:20:46.372+0000 7fcc92ffd640 1 --2- 10.20.193.131:0/1243435639 >> [v2:10.20.193.131:3300/0,v1:10.20.193.131:6789/0] conn(0x7fcc94066440 0x7fcc9410f980 secure :-1 s=READY pgs=20 gs=1 cs=0 l=1 c_cookie=4836215398549100609 s_cookie=0 reconnecting=0 rev1=1 crypto rx=0x7fcc88009850 tx=0x7fcc8802eeb0 comp rx=0 tx=0).ready entity=mon.0 client_cookie=431db04817cb1841 server_cookie=0 in_seq=0 out_seq=0
2026-02-12T00:20:47.273 INFO:teuthology.orchestra.run.trial131.stdout:/usr/bin/ceph: stderr
2026-02-12T00:20:46.376+0000 7fcc91ffb640 1 -- 10.20.193.131:0/1243435639 <== mon.0 v2:10.20.193.131:3300/0 1 ==== mon_map magic: 0 ==== 213+0+0 (secure 0 0 0) 0x7fcc8802f940 con 0x7fcc94066440
2026-02-12T00:20:47.273 INFO:teuthology.orchestra.run.trial131.stdout:/usr/bin/ceph: stderr
2026-02-12T00:20:46.376+0000 7fcc91ffb640 1 -- 10.20.193.131:0/1243435639 <== mon.0 v2:10.20.193.131:3300/0 2 ==== config(26 keys) ==== 1060+0+0 (secure 0 0 0) 0x7fcc88037440 con 0x7fcc94066440
2026-02-12T00:20:47.273 INFO:teuthology.orchestra.run.trial131.stdout:/usr/bin/ceph: stderr
2026-02-12T00:20:46.376+0000 7fcc91ffb640 1 -- 10.20.193.131:0/1243435639 <== mon.0 v2:10.20.193.131:3300/0 3 ==== mon_map magic: 0 ==== 213+0+0 (secure 0 0 0) 0x7fcc880354e0 con 0x7fcc94066440
2026-02-12T00:20:47.273 INFO:teuthology.orchestra.run.trial131.stdout:/usr/bin/ceph: stderr
2026-02-12T00:20:46.376+0000 7fcc99384640 1 -- 10.20.193.131:0/1243435639 >> [v2:10.20.193.131:3300/0,v1:10.20.193.131:6789/0] conn(0x7fcc94066440 msgr2=0x7fcc9410f980 secure :-1 s=STATE_CONNECTION_ESTABLISHED l=1).mark_down
2026-02-12T00:20:47.274 INFO:teuthology.orchestra.run.trial131.stdout:/usr/bin/ceph: stderr
2026-02-12T00:20:46.376+0000 7fcc99384640 1 --2- 10.20.193.131:0/1243435639 >> [v2:10.20.193.131:3300/0,v1:10.20.193.131:6789/0] conn(0x7fcc94066440 0x7fcc9410f980 secure :-1 s=READY pgs=20 gs=1 cs=0 l=1 c_cookie=4836215398549100609 s_cookie=0 reconnecting=0 rev1=1 crypto rx=0x7fcc88009850 tx=0x7fcc8802eeb0 comp rx=0 tx=0).stop
2026-02-12T00:20:47.274 INFO:teuthology.orchestra.run.trial131.stdout:/usr/bin/ceph: stderr
2026-02-12T00:20:46.376+0000 7fcc99384640 1 -- 10.20.193.131:0/1243435639 shutdown_connections
2026-02-12T00:20:47.274 INFO:teuthology.orchestra.run.trial131.stdout:/usr/bin/ceph: stderr
2026-02-12T00:20:46.376+0000 7fcc99384640 1 --2- 10.20.193.131:0/1243435639 >> [v2:10.20.193.131:3300/0,v1:10.20.193.131:6789/0] conn(0x7fcc94066440 0x7fcc9410f980 unknown :-1 s=CLOSED pgs=20 gs=1 cs=0 l=1 c_cookie=4836215398549100609 s_cookie=0 reconnecting=0 rev1=1 crypto rx=0 tx=0 comp rx=0 tx=0).stop
2026-02-12T00:20:47.274 INFO:teuthology.orchestra.run.trial131.stdout:/usr/bin/ceph: stderr
2026-02-12T00:20:46.376+0000 7fcc99384640 1 -- 10.20.193.131:0/1243435639 >> 10.20.193.131:0/1243435639 conn(0x7fcc940ed5e0 msgr2=0x7fcc9410da10 unknown :-1 s=STATE_NONE l=0).mark_down
2026-02-12T00:20:47.274 INFO:teuthology.orchestra.run.trial131.stdout:/usr/bin/ceph: stderr
2026-02-12T00:20:46.376+0000 7fcc99384640 1 -- 10.20.193.131:0/1243435639 shutdown_connections
2026-02-12T00:20:47.274 INFO:teuthology.orchestra.run.trial131.stdout:/usr/bin/ceph: stderr
2026-02-12T00:20:46.376+0000 7fcc99384640 1 -- 10.20.193.131:0/1243435639 wait complete.
2026-02-12T00:20:47.274 INFO:teuthology.orchestra.run.trial131.stdout:/usr/bin/ceph: stderr
2026-02-12T00:20:46.376+0000 7fcc99384640 1 Processor -- start
2026-02-12T00:20:47.274 INFO:teuthology.orchestra.run.trial131.stdout:/usr/bin/ceph: stderr
2026-02-12T00:20:46.376+0000 7fcc99384640 1 -- start start
2026-02-12T00:20:47.274 INFO:teuthology.orchestra.run.trial131.stdout:/usr/bin/ceph: stderr
2026-02-12T00:20:46.376+0000 7fcc99384640 1 --2- >> [v2:10.20.193.131:3300/0,v1:10.20.193.131:6789/0] conn(0x7fcc94066440 0x7fcc941ae220 unknown :-1 s=NONE pgs=0 gs=0 cs=0 l=1 c_cookie=0 s_cookie=0 reconnecting=0 rev1=0 crypto rx=0 tx=0 comp rx=0 tx=0).connect
2026-02-12T00:20:47.274 INFO:teuthology.orchestra.run.trial131.stdout:/usr/bin/ceph: stderr
2026-02-12T00:20:46.376+0000 7fcc99384640 1 -- --> [v2:10.20.193.131:3300/0,v1:10.20.193.131:6789/0] -- mon_getmap magic: 0 -- 0x7fcc941ae780 con 0x7fcc94066440
2026-02-12T00:20:47.274 INFO:teuthology.orchestra.run.trial131.stdout:/usr/bin/ceph: stderr
2026-02-12T00:20:46.376+0000 7fcc92ffd640 1 --2- >> [v2:10.20.193.131:3300/0,v1:10.20.193.131:6789/0] conn(0x7fcc94066440 0x7fcc941ae220 unknown :-1 s=BANNER_CONNECTING pgs=0 gs=1 cs=0 l=1 c_cookie=0 s_cookie=0 reconnecting=0 rev1=0 crypto rx=0 tx=0 comp rx=0 tx=0)._handle_peer_banner_payload supported=3 required=0
2026-02-12T00:20:47.274 INFO:teuthology.orchestra.run.trial131.stdout:/usr/bin/ceph: stderr
2026-02-12T00:20:46.376+0000 7fcc92ffd640 1 --2- >> [v2:10.20.193.131:3300/0,v1:10.20.193.131:6789/0] conn(0x7fcc94066440 0x7fcc941ae220 unknown :-1 s=HELLO_CONNECTING pgs=0 gs=1 cs=0 l=1 c_cookie=0 s_cookie=0 reconnecting=0 rev1=1 crypto rx=0 tx=0 comp rx=0 tx=0).handle_hello peer v2:10.20.193.131:3300/0 says I am v2:10.20.193.131:44844/0 (socket says 10.20.193.131:44844)
2026-02-12T00:20:47.275 INFO:teuthology.orchestra.run.trial131.stdout:/usr/bin/ceph: stderr
2026-02-12T00:20:46.376+0000 7fcc92ffd640 1 -- 10.20.193.131:0/2269691610 learned_addr learned my addr 10.20.193.131:0/2269691610 (peer_addr_for_me v2:10.20.193.131:0/0)
2026-02-12T00:20:47.275 INFO:teuthology.orchestra.run.trial131.stdout:/usr/bin/ceph: stderr
2026-02-12T00:20:46.376+0000 7fcc92ffd640 1 -- 10.20.193.131:0/2269691610 --> [v2:10.20.193.131:3300/0,v1:10.20.193.131:6789/0] -- mon_subscribe({config=0+,monmap=0+}) -- 0x7fcc880094f0 con 0x7fcc94066440
2026-02-12T00:20:47.275 INFO:teuthology.orchestra.run.trial131.stdout:/usr/bin/ceph: stderr
2026-02-12T00:20:46.376+0000 7fcc92ffd640 1 --2- 10.20.193.131:0/2269691610 >> [v2:10.20.193.131:3300/0,v1:10.20.193.131:6789/0] conn(0x7fcc94066440 0x7fcc941ae220 secure :-1 s=READY pgs=21 gs=1 cs=0 l=1 c_cookie=0 s_cookie=0 reconnecting=0 rev1=1 crypto rx=0x7fcc88037a50 tx=0x7fcc88035fc0 comp rx=0 tx=0).ready entity=mon.0 client_cookie=0 server_cookie=0 in_seq=0 out_seq=0
2026-02-12T00:20:47.275 INFO:teuthology.orchestra.run.trial131.stdout:/usr/bin/ceph: stderr
2026-02-12T00:20:46.376+0000 7fcc73fff640 1 -- 10.20.193.131:0/2269691610 <== mon.0 v2:10.20.193.131:3300/0 1 ==== mon_map magic: 0 ==== 213+0+0 (secure 0 0 0) 0x7fcc88044070 con 0x7fcc94066440
2026-02-12T00:20:47.275 INFO:teuthology.orchestra.run.trial131.stdout:/usr/bin/ceph: stderr
2026-02-12T00:20:46.376+0000 7fcc73fff640 1 -- 10.20.193.131:0/2269691610 <== mon.0 v2:10.20.193.131:3300/0 2 ==== config(26 keys) ==== 1060+0+0 (secure 0 0 0) 0x7fcc88037b30 con 0x7fcc94066440
2026-02-12T00:20:47.275 INFO:teuthology.orchestra.run.trial131.stdout:/usr/bin/ceph: stderr
2026-02-12T00:20:46.376+0000 7fcc99384640 1 -- 10.20.193.131:0/2269691610 --> [v2:10.20.193.131:3300/0,v1:10.20.193.131:6789/0] -- mon_subscribe({mgrmap=0+}) -- 0x7fcc941ae980 con 0x7fcc94066440
2026-02-12T00:20:47.275 INFO:teuthology.orchestra.run.trial131.stdout:/usr/bin/ceph: stderr
2026-02-12T00:20:46.376+0000 7fcc73fff640 1 -- 10.20.193.131:0/2269691610 <== mon.0 v2:10.20.193.131:3300/0 3 ==== mon_map magic: 0 ==== 213+0+0 (secure 0 0 0) 0x7fcc880036d0 con 0x7fcc94066440
2026-02-12T00:20:47.275 INFO:teuthology.orchestra.run.trial131.stdout:/usr/bin/ceph: stderr
2026-02-12T00:20:46.376+0000 7fcc99384640 1 -- 10.20.193.131:0/2269691610 --> [v2:10.20.193.131:3300/0,v1:10.20.193.131:6789/0] -- mon_subscribe({osdmap=0}) -- 0x7fcc941af400 con 0x7fcc94066440
2026-02-12T00:20:47.275 INFO:teuthology.orchestra.run.trial131.stdout:/usr/bin/ceph: stderr
2026-02-12T00:20:46.376+0000 7fcc99384640 1 -- 10.20.193.131:0/2269691610 --> [v2:10.20.193.131:3300/0,v1:10.20.193.131:6789/0] -- mon_command({"prefix": "get_command_descriptions"} v 0) -- 0x7fcc94067c10 con 0x7fcc94066440
2026-02-12T00:20:47.275 INFO:teuthology.orchestra.run.trial131.stdout:/usr/bin/ceph: stderr
2026-02-12T00:20:46.376+0000 7fcc73fff640 1 -- 10.20.193.131:0/2269691610 <== mon.0 v2:10.20.193.131:3300/0 4 ==== mgrmap(e 3) ==== 52662+0+0 (secure 0 0 0) 0x7fcc8802f940 con 0x7fcc94066440
2026-02-12T00:20:47.275 INFO:teuthology.orchestra.run.trial131.stdout:/usr/bin/ceph: stderr
2026-02-12T00:20:46.376+0000 7fcc73fff640 1 --2- 10.20.193.131:0/2269691610 >> v2:10.20.193.131:6800/2220452550 conn(0x7fcc6803f620 0x7fcc6805fad0 unknown :-1 s=NONE pgs=0 gs=0 cs=0 l=1 c_cookie=0 s_cookie=0 reconnecting=0 rev1=0 crypto rx=0 tx=0 comp rx=0 tx=0).connect
2026-02-12T00:20:47.276 INFO:teuthology.orchestra.run.trial131.stdout:/usr/bin/ceph: stderr
2026-02-12T00:20:46.376+0000 7fcc73fff640 1 -- 10.20.193.131:0/2269691610 <== mon.0 v2:10.20.193.131:3300/0 5 ==== osd_map(1..1 src has 1..1) ==== 720+0+0 (secure 0 0 0) 0x7fcc88078b70 con 0x7fcc94066440
2026-02-12T00:20:47.276 INFO:teuthology.orchestra.run.trial131.stdout:/usr/bin/ceph: stderr
2026-02-12T00:20:46.376+0000 7fcc927fc640 1 --2- 10.20.193.131:0/2269691610 >> v2:10.20.193.131:6800/2220452550 conn(0x7fcc6803f620 0x7fcc6805fad0 unknown :-1 s=BANNER_CONNECTING pgs=0 gs=2 cs=0 l=1 c_cookie=0 s_cookie=0 reconnecting=0 rev1=0 crypto rx=0 tx=0 comp rx=0 tx=0)._handle_peer_banner_payload supported=3 required=0
2026-02-12T00:20:47.276 INFO:teuthology.orchestra.run.trial131.stdout:/usr/bin/ceph: stderr
2026-02-12T00:20:46.376+0000 7fcc927fc640 1 --2- 10.20.193.131:0/2269691610 >> v2:10.20.193.131:6800/2220452550 conn(0x7fcc6803f620 0x7fcc6805fad0 secure :-1 s=READY pgs=8 gs=2 cs=0 l=1 c_cookie=0 s_cookie=0 reconnecting=0 rev1=1 crypto rx=0x7fcc7c006fd0 tx=0x7fcc7c006e60 comp rx=0 tx=0).ready entity=mgr.14100 client_cookie=0 server_cookie=0 in_seq=0 out_seq=0
2026-02-12T00:20:47.276 INFO:teuthology.orchestra.run.trial131.stdout:/usr/bin/ceph: stderr
2026-02-12T00:20:46.380+0000 7fcc73fff640 1 -- 10.20.193.131:0/2269691610 <== mon.0 v2:10.20.193.131:3300/0 6 ==== mon_command_ack([{"prefix": "get_command_descriptions"}]=0 v0) ==== 72+0+230863 (secure 0 0 0) 0x7fcc94067c10 con 0x7fcc94066440
2026-02-12T00:20:47.276 INFO:teuthology.orchestra.run.trial131.stdout:/usr/bin/ceph: stderr
2026-02-12T00:20:46.512+0000 7fcc99384640 1 -- 10.20.193.131:0/2269691610 --> [v2:10.20.193.131:3300/0,v1:10.20.193.131:6789/0] -- mon_command({"prefix": "mgr module enable", "module": "cephadm"} v 0) -- 0x7fcc941117f0 con 0x7fcc94066440
2026-02-12T00:20:47.276 INFO:teuthology.orchestra.run.trial131.stdout:/usr/bin/ceph: stderr
2026-02-12T00:20:47.224+0000 7fcc73fff640 1 -- 10.20.193.131:0/2269691610 <== mon.0 v2:10.20.193.131:3300/0 7 ==== mon_command_ack([{"prefix": "mgr module enable", "module": "cephadm"}]=0 v4) ==== 86+0+0 (secure 0 0 0) 0x7fcc8803c030 con 0x7fcc94066440
2026-02-12T00:20:47.276 INFO:teuthology.orchestra.run.trial131.stdout:/usr/bin/ceph: stderr
2026-02-12T00:20:47.224+0000 7fcc73fff640 1 -- 10.20.193.131:0/2269691610 <== mon.0 v2:10.20.193.131:3300/0 8 ==== mgrmap(e 4) ==== 52779+0+0 (secure 0 0 0) 0x7fcc880038d0 con 0x7fcc94066440
2026-02-12T00:20:47.276 INFO:teuthology.orchestra.run.trial131.stdout:/usr/bin/ceph: stderr
2026-02-12T00:20:47.224+0000 7fcc99384640 1 -- 10.20.193.131:0/2269691610 >> v2:10.20.193.131:6800/2220452550 conn(0x7fcc6803f620 msgr2=0x7fcc6805fad0 secure :-1 s=STATE_CONNECTION_ESTABLISHED l=1).mark_down
2026-02-12T00:20:47.276 INFO:teuthology.orchestra.run.trial131.stdout:/usr/bin/ceph: stderr
2026-02-12T00:20:47.224+0000 7fcc99384640 1 --2- 10.20.193.131:0/2269691610 >> v2:10.20.193.131:6800/2220452550 conn(0x7fcc6803f620 0x7fcc6805fad0 secure :-1 s=READY pgs=8 gs=2 cs=0 l=1 c_cookie=0 s_cookie=0 reconnecting=0 rev1=1 crypto rx=0x7fcc7c006fd0 tx=0x7fcc7c006e60 comp rx=0 tx=0).stop
2026-02-12T00:20:47.276 INFO:teuthology.orchestra.run.trial131.stdout:/usr/bin/ceph: stderr
2026-02-12T00:20:47.224+0000 7fcc99384640 1 -- 10.20.193.131:0/2269691610 >> [v2:10.20.193.131:3300/0,v1:10.20.193.131:6789/0] conn(0x7fcc94066440 msgr2=0x7fcc941ae220 secure :-1 s=STATE_CONNECTION_ESTABLISHED l=1).mark_down
2026-02-12T00:20:47.276 INFO:teuthology.orchestra.run.trial131.stdout:/usr/bin/ceph: stderr
2026-02-12T00:20:47.224+0000 7fcc99384640 1 --2- 10.20.193.131:0/2269691610 >> [v2:10.20.193.131:3300/0,v1:10.20.193.131:6789/0] conn(0x7fcc94066440 0x7fcc941ae220 secure :-1 s=READY pgs=21 gs=1 cs=0 l=1 c_cookie=0 s_cookie=0 reconnecting=0 rev1=1 crypto rx=0x7fcc88037a50 tx=0x7fcc88035fc0 comp rx=0 tx=0).stop
2026-02-12T00:20:47.276 INFO:teuthology.orchestra.run.trial131.stdout:/usr/bin/ceph: stderr
2026-02-12T00:20:47.224+0000 7fcc99384640 1 -- 10.20.193.131:0/2269691610 shutdown_connections
2026-02-12T00:20:47.277 INFO:teuthology.orchestra.run.trial131.stdout:/usr/bin/ceph: stderr
2026-02-12T00:20:47.224+0000 7fcc99384640 1 --2- 10.20.193.131:0/2269691610 >> v2:10.20.193.131:6800/2220452550 conn(0x7fcc6803f620 0x7fcc6805fad0 unknown :-1 s=CLOSED pgs=8 gs=2 cs=0 l=1 c_cookie=0 s_cookie=0 reconnecting=0 rev1=1 crypto rx=0 tx=0 comp rx=0 tx=0).stop
2026-02-12T00:20:47.277 INFO:teuthology.orchestra.run.trial131.stdout:/usr/bin/ceph: stderr
