2026-02-12T00:20:52.400+0000 7f9f107c3640 1 -- 10.20.193.131:0/3371527683 --> [v2:10.20.193.131:3300/0,v1:10.20.193.131:6789/0] -- mon_subscribe({mgrmap=0+}) -- 0x7f9f08122f00 con 0x7f9f081132f0
2026-02-12T00:20:52.559 INFO:teuthology.orchestra.run.trial131.stdout:/usr/bin/ceph: stderr
2026-02-12T00:20:52.400+0000 7f9eef7fe640 1 -- 10.20.193.131:0/3371527683 <== mon.0 v2:10.20.193.131:3300/0 3 ==== mon_map magic: 0 ==== 213+0+0 (secure 0 0 0) 0x7f9ef80036d0 con 0x7f9f081132f0
2026-02-12T00:20:52.559 INFO:teuthology.orchestra.run.trial131.stdout:/usr/bin/ceph: stderr
2026-02-12T00:20:52.400+0000 7f9f107c3640 1 -- 10.20.193.131:0/3371527683 --> [v2:10.20.193.131:3300/0,v1:10.20.193.131:6789/0] -- mon_subscribe({osdmap=0}) -- 0x7f9f08123980 con 0x7f9f081132f0
2026-02-12T00:20:52.559 INFO:teuthology.orchestra.run.trial131.stdout:/usr/bin/ceph: stderr
2026-02-12T00:20:52.404+0000 7f9f107c3640 1 -- 10.20.193.131:0/3371527683 --> [v2:10.20.193.131:3300/0,v1:10.20.193.131:6789/0] -- mon_command({"prefix": "get_command_descriptions"} v 0) -- 0x7f9f08123410 con 0x7f9f081132f0
2026-02-12T00:20:52.559 INFO:teuthology.orchestra.run.trial131.stdout:/usr/bin/ceph: stderr
2026-02-12T00:20:52.404+0000 7f9eef7fe640 1 -- 10.20.193.131:0/3371527683 <== mon.0 v2:10.20.193.131:3300/0 4 ==== mgrmap(e 7) ==== 52673+0+0 (secure 0 0 0) 0x7f9ef802f940 con 0x7f9f081132f0
2026-02-12T00:20:52.559 INFO:teuthology.orchestra.run.trial131.stdout:/usr/bin/ceph: stderr
2026-02-12T00:20:52.404+0000 7f9eef7fe640 1 --2- 10.20.193.131:0/3371527683 >> v2:10.20.193.131:6800/2113160717 conn(0x7f9ee403f670 0x7f9ee405fb20 unknown :-1 s=NONE pgs=0 gs=0 cs=0 l=1 c_cookie=0 s_cookie=0 reconnecting=0 rev1=0 crypto rx=0 tx=0 comp rx=0 tx=0).connect
2026-02-12T00:20:52.559 INFO:teuthology.orchestra.run.trial131.stdout:/usr/bin/ceph: stderr
2026-02-12T00:20:52.404+0000 7f9eef7fe640 1 -- 10.20.193.131:0/3371527683 <== mon.0 v2:10.20.193.131:3300/0 5 ==== osd_map(2..2 src has 1..2) ==== 892+0+0 (secure 0 0 0) 0x7f9ef8078c60 con 0x7f9f081132f0
2026-02-12T00:20:52.560 INFO:teuthology.orchestra.run.trial131.stdout:/usr/bin/ceph: stderr
2026-02-12T00:20:52.404+0000 7f9f0dd37640 1 --2- 10.20.193.131:0/3371527683 >> v2:10.20.193.131:6800/2113160717 conn(0x7f9ee403f670 0x7f9ee405fb20 unknown :-1 s=BANNER_CONNECTING pgs=0 gs=2 cs=0 l=1 c_cookie=0 s_cookie=0 reconnecting=0 rev1=0 crypto rx=0 tx=0 comp rx=0 tx=0)._handle_peer_banner_payload supported=3 required=0
2026-02-12T00:20:52.560 INFO:teuthology.orchestra.run.trial131.stdout:/usr/bin/ceph: stderr
2026-02-12T00:20:52.404+0000 7f9f0dd37640 1 --2- 10.20.193.131:0/3371527683 >> v2:10.20.193.131:6800/2113160717 conn(0x7f9ee403f670 0x7f9ee405fb20 secure :-1 s=READY pgs=9 gs=2 cs=0 l=1 c_cookie=0 s_cookie=0 reconnecting=0 rev1=1 crypto rx=0x7f9efc006fd0 tx=0x7f9efc006e60 comp rx=0 tx=0).ready entity=mgr.14118 client_cookie=0 server_cookie=0 in_seq=0 out_seq=0
2026-02-12T00:20:52.560 INFO:teuthology.orchestra.run.trial131.stdout:/usr/bin/ceph: stderr
2026-02-12T00:20:52.404+0000 7f9eef7fe640 1 -- 10.20.193.131:0/3371527683 <== mon.0 v2:10.20.193.131:3300/0 6 ==== mon_command_ack([{"prefix": "get_command_descriptions"}]=0 v0) ==== 72+0+230863 (secure 0 0 0) 0x7f9ef8036bd0 con 0x7f9f081132f0
2026-02-12T00:20:52.560 INFO:teuthology.orchestra.run.trial131.stdout:/usr/bin/ceph: stderr
2026-02-12T00:20:52.512+0000 7f9f107c3640 1 -- 10.20.193.131:0/3371527683 --> v2:10.20.193.131:6800/2113160717 -- mgr_command(tid 0: {"prefix": "cephadm set-user", "user": "root", "target": ["mon-mgr", ""]}) -- 0x7f9f08066010 con 0x7f9ee403f670
2026-02-12T00:20:52.560 INFO:teuthology.orchestra.run.trial131.stdout:/usr/bin/ceph: stderr
2026-02-12T00:20:52.512+0000 7f9eef7fe640 1 -- 10.20.193.131:0/3371527683 <== mgr.14118 v2:10.20.193.131:6800/2113160717 1 ==== mgr_command_reply(tid 0: 0 ) ==== 8+0+16 (secure 0 0 0) 0x7f9f08066010 con 0x7f9ee403f670
2026-02-12T00:20:52.560 INFO:teuthology.orchestra.run.trial131.stdout:/usr/bin/ceph: stderr
2026-02-12T00:20:52.516+0000 7f9f107c3640 1 -- 10.20.193.131:0/3371527683 >> v2:10.20.193.131:6800/2113160717 conn(0x7f9ee403f670 msgr2=0x7f9ee405fb20 secure :-1 s=STATE_CONNECTION_ESTABLISHED l=1).mark_down
2026-02-12T00:20:52.560 INFO:teuthology.orchestra.run.trial131.stdout:/usr/bin/ceph: stderr
2026-02-12T00:20:52.516+0000 7f9f107c3640 1 --2- 10.20.193.131:0/3371527683 >> v2:10.20.193.131:6800/2113160717 conn(0x7f9ee403f670 0x7f9ee405fb20 secure :-1 s=READY pgs=9 gs=2 cs=0 l=1 c_cookie=0 s_cookie=0 reconnecting=0 rev1=1 crypto rx=0x7f9efc006fd0 tx=0x7f9efc006e60 comp rx=0 tx=0).stop
2026-02-12T00:20:52.560 INFO:teuthology.orchestra.run.trial131.stdout:/usr/bin/ceph: stderr
2026-02-12T00:20:52.516+0000 7f9f107c3640 1 -- 10.20.193.131:0/3371527683 >> [v2:10.20.193.131:3300/0,v1:10.20.193.131:6789/0] conn(0x7f9f081132f0 msgr2=0x7f9f081227a0 secure :-1 s=STATE_CONNECTION_ESTABLISHED l=1).mark_down
2026-02-12T00:20:52.560 INFO:teuthology.orchestra.run.trial131.stdout:/usr/bin/ceph: stderr
2026-02-12T00:20:52.516+0000 7f9f107c3640 1 --2- 10.20.193.131:0/3371527683 >> [v2:10.20.193.131:3300/0,v1:10.20.193.131:6789/0] conn(0x7f9f081132f0 0x7f9f081227a0 secure :-1 s=READY pgs=40 gs=1 cs=0 l=1 c_cookie=0 s_cookie=0 reconnecting=0 rev1=1 crypto rx=0x7f9ef802f430 tx=0x7f9ef8035fc0 comp rx=0 tx=0).stop
2026-02-12T00:20:52.560 INFO:teuthology.orchestra.run.trial131.stdout:/usr/bin/ceph: stderr
2026-02-12T00:20:52.516+0000 7f9f107c3640 1 -- 10.20.193.131:0/3371527683 shutdown_connections
2026-02-12T00:20:52.560 INFO:teuthology.orchestra.run.trial131.stdout:/usr/bin/ceph: stderr
2026-02-12T00:20:52.516+0000 7f9f107c3640 1 --2- 10.20.193.131:0/3371527683 >> v2:10.20.193.131:6800/2113160717 conn(0x7f9ee403f670 0x7f9ee405fb20 unknown :-1 s=CLOSED pgs=9 gs=2 cs=0 l=1 c_cookie=0 s_cookie=0 reconnecting=0 rev1=1 crypto rx=0 tx=0 comp rx=0 tx=0).stop
2026-02-12T00:20:52.560 INFO:teuthology.orchestra.run.trial131.stdout:/usr/bin/ceph: stderr
2026-02-12T00:20:52.516+0000 7f9f107c3640 1 --2- 10.20.193.131:0/3371527683 >> [v2:10.20.193.131:3300/0,v1:10.20.193.131:6789/0] conn(0x7f9f081132f0 0x7f9f081227a0 unknown :-1 s=CLOSED pgs=40 gs=1 cs=0 l=1 c_cookie=0 s_cookie=0 reconnecting=0 rev1=1 crypto rx=0 tx=0 comp rx=0 tx=0).stop
2026-02-12T00:20:52.560 INFO:teuthology.orchestra.run.trial131.stdout:/usr/bin/ceph: stderr
2026-02-12T00:20:52.516+0000 7f9f107c3640 1 -- 10.20.193.131:0/3371527683 >> 10.20.193.131:0/3371527683 conn(0x7f9f08068770 msgr2=0x7f9f08110ee0 unknown :-1 s=STATE_NONE l=0).mark_down
2026-02-12T00:20:52.561 INFO:teuthology.orchestra.run.trial131.stdout:/usr/bin/ceph: stderr
2026-02-12T00:20:52.516+0000 7f9f107c3640 1 -- 10.20.193.131:0/3371527683 shutdown_connections
2026-02-12T00:20:52.561 INFO:teuthology.orchestra.run.trial131.stdout:/usr/bin/ceph: stderr
2026-02-12T00:20:52.516+0000 7f9f107c3640 1 -- 10.20.193.131:0/3371527683 wait complete.
2026-02-12T00:20:52.561 INFO:teuthology.orchestra.run.trial131.stdout:Generating ssh key...
2026-02-12T00:20:52.816 INFO:teuthology.orchestra.run.trial131.stdout:/usr/bin/ceph: stderr
2026-02-12T00:20:52.640+0000 7fd761de1640 1 Processor -- start
2026-02-12T00:20:52.816 INFO:teuthology.orchestra.run.trial131.stdout:/usr/bin/ceph: stderr
2026-02-12T00:20:52.640+0000 7fd761de1640 1 -- start start
2026-02-12T00:20:52.816 INFO:teuthology.orchestra.run.trial131.stdout:/usr/bin/ceph: stderr
2026-02-12T00:20:52.640+0000 7fd761de1640 1 --2- >> [v2:10.20.193.131:3300/0,v1:10.20.193.131:6789/0] conn(0x7fd75c1132f0 0x7fd75c1136e0 unknown :-1 s=NONE pgs=0 gs=0 cs=0 l=0 c_cookie=0 s_cookie=0 reconnecting=0 rev1=0 crypto rx=0 tx=0 comp rx=0 tx=0).connect
2026-02-12T00:20:52.816 INFO:teuthology.orchestra.run.trial131.stdout:/usr/bin/ceph: stderr
2026-02-12T00:20:52.640+0000 7fd761de1640 1 -- --> [v2:10.20.193.131:3300/0,v1:10.20.193.131:6789/0] -- mon_getmap magic: 0 -- 0x7fd75c113cd0 con 0x7fd75c1132f0
2026-02-12T00:20:52.816 INFO:teuthology.orchestra.run.trial131.stdout:/usr/bin/ceph: stderr
2026-02-12T00:20:52.640+0000 7fd75b7fe640 1 --2- >> [v2:10.20.193.131:3300/0,v1:10.20.193.131:6789/0] conn(0x7fd75c1132f0 0x7fd75c1136e0 unknown :-1 s=BANNER_CONNECTING pgs=0 gs=1 cs=0 l=0 c_cookie=0 s_cookie=0 reconnecting=0 rev1=0 crypto rx=0 tx=0 comp rx=0 tx=0)._handle_peer_banner_payload supported=3 required=0
2026-02-12T00:20:52.817 INFO:teuthology.orchestra.run.trial131.stdout:/usr/bin/ceph: stderr
2026-02-12T00:20:52.640+0000 7fd75b7fe640 1 --2- >> [v2:10.20.193.131:3300/0,v1:10.20.193.131:6789/0] conn(0x7fd75c1132f0 0x7fd75c1136e0 unknown :-1 s=HELLO_CONNECTING pgs=0 gs=1 cs=0 l=0 c_cookie=0 s_cookie=0 reconnecting=0 rev1=1 crypto rx=0 tx=0 comp rx=0 tx=0).handle_hello peer v2:10.20.193.131:3300/0 says I am v2:10.20.193.131:51654/0 (socket says 10.20.193.131:51654)
2026-02-12T00:20:52.817 INFO:teuthology.orchestra.run.trial131.stdout:/usr/bin/ceph: stderr
2026-02-12T00:20:52.640+0000 7fd75b7fe640 1 -- 10.20.193.131:0/1324372433 learned_addr learned my addr 10.20.193.131:0/1324372433 (peer_addr_for_me v2:10.20.193.131:0/0)
2026-02-12T00:20:52.817 INFO:teuthology.orchestra.run.trial131.stdout:/usr/bin/ceph: stderr
2026-02-12T00:20:52.640+0000 7fd75b7fe640 1 -- 10.20.193.131:0/1324372433 --> [v2:10.20.193.131:3300/0,v1:10.20.193.131:6789/0] -- mon_subscribe({config=0+,monmap=0+}) -- 0x7fd75c113e10 con 0x7fd75c1132f0
2026-02-12T00:20:52.817 INFO:teuthology.orchestra.run.trial131.stdout:/usr/bin/ceph: stderr
2026-02-12T00:20:52.640+0000 7fd75b7fe640 1 --2- 10.20.193.131:0/1324372433 >> [v2:10.20.193.131:3300/0,v1:10.20.193.131:6789/0] conn(0x7fd75c1132f0 0x7fd75c1136e0 secure :-1 s=READY pgs=41 gs=1 cs=0 l=1 c_cookie=14777049312823956526 s_cookie=0 reconnecting=0 rev1=1 crypto rx=0x7fd748009850 tx=0x7fd74802eeb0 comp rx=0 tx=0).ready entity=mon.0 client_cookie=cd12a00ecf4d542e server_cookie=0 in_seq=0 out_seq=0
2026-02-12T00:20:52.817 INFO:teuthology.orchestra.run.trial131.stdout:/usr/bin/ceph: stderr
2026-02-12T00:20:52.640+0000 7fd75a7fc640 1 -- 10.20.193.131:0/1324372433 <== mon.0 v2:10.20.193.131:3300/0 1 ==== mon_map magic: 0 ==== 213+0+0 (secure 0 0 0) 0x7fd74802f940 con 0x7fd75c1132f0
2026-02-12T00:20:52.817 INFO:teuthology.orchestra.run.trial131.stdout:/usr/bin/ceph: stderr
2026-02-12T00:20:52.640+0000 7fd75a7fc640 1 -- 10.20.193.131:0/1324372433 <== mon.0 v2:10.20.193.131:3300/0 2 ==== config(26 keys) ==== 1060+0+0 (secure 0 0 0) 0x7fd748037440 con 0x7fd75c1132f0
2026-02-12T00:20:52.817 INFO:teuthology.orchestra.run.trial131.stdout:/usr/bin/ceph: stderr
2026-02-12T00:20:52.640+0000 7fd75a7fc640 1 -- 10.20.193.131:0/1324372433 <== mon.0 v2:10.20.193.131:3300/0 3 ==== mon_map magic: 0 ==== 213+0+0 (secure 0 0 0) 0x7fd7480354e0 con 0x7fd75c1132f0
2026-02-12T00:20:52.817 INFO:teuthology.orchestra.run.trial131.stdout:/usr/bin/ceph: stderr
2026-02-12T00:20:52.644+0000 7fd761de1640 1 -- 10.20.193.131:0/1324372433 >> [v2:10.20.193.131:3300/0,v1:10.20.193.131:6789/0] conn(0x7fd75c1132f0 msgr2=0x7fd75c1136e0 secure :-1 s=STATE_CONNECTION_ESTABLISHED l=1).mark_down
2026-02-12T00:20:52.817 INFO:teuthology.orchestra.run.trial131.stdout:/usr/bin/ceph: stderr
2026-02-12T00:20:52.644+0000 7fd761de1640 1 --2- 10.20.193.131:0/1324372433 >> [v2:10.20.193.131:3300/0,v1:10.20.193.131:6789/0] conn(0x7fd75c1132f0 0x7fd75c1136e0 secure :-1 s=READY pgs=41 gs=1 cs=0 l=1 c_cookie=14777049312823956526 s_cookie=0 reconnecting=0 rev1=1 crypto rx=0x7fd748009850 tx=0x7fd74802eeb0 comp rx=0 tx=0).stop
2026-02-12T00:20:52.817 INFO:teuthology.orchestra.run.trial131.stdout:/usr/bin/ceph: stderr
2026-02-12T00:20:52.644+0000 7fd761de1640 1 -- 10.20.193.131:0/1324372433 shutdown_connections
2026-02-12T00:20:52.818 INFO:teuthology.orchestra.run.trial131.stdout:/usr/bin/ceph: stderr
2026-02-12T00:20:52.644+0000 7fd761de1640 1 --2- 10.20.193.131:0/1324372433 >> [v2:10.20.193.131:3300/0,v1:10.20.193.131:6789/0] conn(0x7fd75c1132f0 0x7fd75c1136e0 unknown :-1 s=CLOSED pgs=41 gs=1 cs=0 l=1 c_cookie=14777049312823956526 s_cookie=0 reconnecting=0 rev1=1 crypto rx=0 tx=0 comp rx=0 tx=0).stop
2026-02-12T00:20:52.818 INFO:teuthology.orchestra.run.trial131.stdout:/usr/bin/ceph: stderr
2026-02-12T00:20:52.644+0000 7fd761de1640 1 -- 10.20.193.131:0/1324372433 >> 10.20.193.131:0/1324372433 conn(0x7fd75c068770 msgr2=0x7fd75c110ee0 unknown :-1 s=STATE_NONE l=0).mark_down
2026-02-12T00:20:52.818 INFO:teuthology.orchestra.run.trial131.stdout:/usr/bin/ceph: stderr
2026-02-12T00:20:52.644+0000 7fd761de1640 1 -- 10.20.193.131:0/1324372433 shutdown_connections
2026-02-12T00:20:52.818 INFO:teuthology.orchestra.run.trial131.stdout:/usr/bin/ceph: stderr
2026-02-12T00:20:52.644+0000 7fd761de1640 1 -- 10.20.193.131:0/1324372433 wait complete.
2026-02-12T00:20:52.818 INFO:teuthology.orchestra.run.trial131.stdout:/usr/bin/ceph: stderr
2026-02-12T00:20:52.644+0000 7fd761de1640 1 Processor -- start
2026-02-12T00:20:52.818 INFO:teuthology.orchestra.run.trial131.stdout:/usr/bin/ceph: stderr
2026-02-12T00:20:52.644+0000 7fd761de1640 1 -- start start
2026-02-12T00:20:52.818 INFO:teuthology.orchestra.run.trial131.stdout:/usr/bin/ceph: stderr
2026-02-12T00:20:52.644+0000 7fd761de1640 1 --2- >> [v2:10.20.193.131:3300/0,v1:10.20.193.131:6789/0] conn(0x7fd75c1132f0 0x7fd75c1227a0 unknown :-1 s=NONE pgs=0 gs=0 cs=0 l=1 c_cookie=0 s_cookie=0 reconnecting=0 rev1=0 crypto rx=0 tx=0 comp rx=0 tx=0).connect
2026-02-12T00:20:52.818 INFO:teuthology.orchestra.run.trial131.stdout:/usr/bin/ceph: stderr
2026-02-12T00:20:52.644+0000 7fd761de1640 1 -- --> [v2:10.20.193.131:3300/0,v1:10.20.193.131:6789/0] -- mon_getmap magic: 0 -- 0x7fd75c122d00 con 0x7fd75c1132f0
2026-02-12T00:20:52.818 INFO:teuthology.orchestra.run.trial131.stdout:/usr/bin/ceph: stderr
2026-02-12T00:20:52.644+0000 7fd75b7fe640 1 --2- >> [v2:10.20.193.131:3300/0,v1:10.20.193.131:6789/0] conn(0x7fd75c1132f0 0x7fd75c1227a0 unknown :-1 s=BANNER_CONNECTING pgs=0 gs=1 cs=0 l=1 c_cookie=0 s_cookie=0 reconnecting=0 rev1=0 crypto rx=0 tx=0 comp rx=0 tx=0)._handle_peer_banner_payload supported=3 required=0
2026-02-12T00:20:52.818 INFO:teuthology.orchestra.run.trial131.stdout:/usr/bin/ceph: stderr
2026-02-12T00:20:52.644+0000 7fd75b7fe640 1 --2- >> [v2:10.20.193.131:3300/0,v1:10.20.193.131:6789/0] conn(0x7fd75c1132f0 0x7fd75c1227a0 unknown :-1 s=HELLO_CONNECTING pgs=0 gs=1 cs=0 l=1 c_cookie=0 s_cookie=0 reconnecting=0 rev1=1 crypto rx=0 tx=0 comp rx=0 tx=0).handle_hello peer v2:10.20.193.131:3300/0 says I am v2:10.20.193.131:51660/0 (socket says 10.20.193.131:51660)
2026-02-12T00:20:52.819 INFO:teuthology.orchestra.run.trial131.stdout:/usr/bin/ceph: stderr
2026-02-12T00:20:52.644+0000 7fd75b7fe640 1 -- 10.20.193.131:0/831359291 learned_addr learned my addr 10.20.193.131:0/831359291 (peer_addr_for_me v2:10.20.193.131:0/0)
2026-02-12T00:20:52.819 INFO:teuthology.orchestra.run.trial131.stdout:/usr/bin/ceph: stderr
2026-02-12T00:20:52.644+0000 7fd75b7fe640 1 -- 10.20.193.131:0/831359291 --> [v2:10.20.193.131:3300/0,v1:10.20.193.131:6789/0] -- mon_subscribe({config=0+,monmap=0+}) -- 0x7fd7480094f0 con 0x7fd75c1132f0
2026-02-12T00:20:52.819 INFO:teuthology.orchestra.run.trial131.stdout:/usr/bin/ceph: stderr
2026-02-12T00:20:52.644+0000 7fd75b7fe640 1 --2- 10.20.193.131:0/831359291 >> [v2:10.20.193.131:3300/0,v1:10.20.193.131:6789/0] conn(0x7fd75c1132f0 0x7fd75c1227a0 secure :-1 s=READY pgs=42 gs=1 cs=0 l=1 c_cookie=0 s_cookie=0 reconnecting=0 rev1=1 crypto rx=0x7fd74802f430 tx=0x7fd748035fc0 comp rx=0 tx=0).ready entity=mon.0 client_cookie=0 server_cookie=0 in_seq=0 out_seq=0
2026-02-12T00:20:52.819 INFO:teuthology.orchestra.run.trial131.stdout:/usr/bin/ceph: stderr
2026-02-12T00:20:52.644+0000 7fd758ff9640 1 -- 10.20.193.131:0/831359291 <== mon.0 v2:10.20.193.131:3300/0 1 ==== mon_map magic: 0 ==== 213+0+0 (secure 0 0 0) 0x7fd748044070 con 0x7fd75c1132f0
2026-02-12T00:20:52.819 INFO:teuthology.orchestra.run.trial131.stdout:/usr/bin/ceph: stderr
2026-02-12T00:20:52.644+0000 7fd758ff9640 1 -- 10.20.193.131:0/831359291 <== mon.0 v2:10.20.193.131:3300/0 2 ==== config(26 keys) ==== 1060+0+0 (secure 0 0 0) 0x7fd748037b30 con 0x7fd75c1132f0
2026-02-12T00:20:52.819 INFO:teuthology.orchestra.run.trial131.stdout:/usr/bin/ceph: stderr
2026-02-12T00:20:52.644+0000 7fd761de1640 1 -- 10.20.193.131:0/831359291 --> [v2:10.20.193.131:3300/0,v1:10.20.193.131:6789/0] -- mon_subscribe({mgrmap=0+}) -- 0x7fd75c122f00 con 0x7fd75c1132f0
2026-02-12T00:20:52.819 INFO:teuthology.orchestra.run.trial131.stdout:/usr/bin/ceph: stderr
2026-02-12T00:20:52.644+0000 7fd758ff9640 1 -- 10.20.193.131:0/831359291 <== mon.0 v2:10.20.193.131:3300/0 3 ==== mon_map magic: 0 ==== 213+0+0 (secure 0 0 0) 0x7fd748003870 con 0x7fd75c1132f0
2026-02-12T00:20:52.819 INFO:teuthology.orchestra.run.trial131.stdout:/usr/bin/ceph: stderr
2026-02-12T00:20:52.644+0000 7fd761de1640 1 -- 10.20.193.131:0/831359291 --> [v2:10.20.193.131:3300/0,v1:10.20.193.131:6789/0] -- mon_subscribe({osdmap=0}) -- 0x7fd75c123980 con 0x7fd75c1132f0
2026-02-12T00:20:52.819 INFO:teuthology.orchestra.run.trial131.stdout:/usr/bin/ceph: stderr
2026-02-12T00:20:52.644+0000 7fd761de1640 1 -- 10.20.193.131:0/831359291 --> [v2:10.20.193.131:3300/0,v1:10.20.193.131:6789/0] -- mon_command({"prefix": "get_command_descriptions"} v 0) -- 0x7fd75c123410 con 0x7fd75c1132f0
2026-02-12T00:20:52.819 INFO:teuthology.orchestra.run.trial131.stdout:/usr/bin/ceph: stderr
2026-02-12T00:20:52.644+0000 7fd758ff9640 1 -- 10.20.193.131:0/831359291 <== mon.0 v2:10.20.193.131:3300/0 4 ==== mgrmap(e 7) ==== 52673+0+0 (secure 0 0 0) 0x7fd74802f940 con 0x7fd75c1132f0
2026-02-12T00:20:52.820 INFO:teuthology.orchestra.run.trial131.stdout:/usr/bin/ceph: stderr
2026-02-12T00:20:52.644+0000 7fd758ff9640 1 --2- 10.20.193.131:0/831359291 >> v2:10.20.193.131:6800/2113160717 conn(0x7fd73003f620 0x7fd73005fad0 unknown :-1 s=NONE pgs=0 gs=0 cs=0 l=1 c_cookie=0 s_cookie=0 reconnecting=0 rev1=0 crypto rx=0 tx=0 comp rx=0 tx=0).connect
2026-02-12T00:20:52.820 INFO:teuthology.orchestra.run.trial131.stdout:/usr/bin/ceph: stderr
2026-02-12T00:20:52.644+0000 7fd758ff9640 1 -- 10.20.193.131:0/831359291 <== mon.0 v2:10.20.193.131:3300/0 5 ==== osd_map(2..2 src has 1..2) ==== 892+0+0 (secure 0 0 0) 0x7fd748078d60 con 0x7fd75c1132f0
2026-02-12T00:20:52.820 INFO:teuthology.orchestra.run.trial131.stdout:/usr/bin/ceph: stderr
2026-02-12T00:20:52.644+0000 7fd75affd640 1 --2- 10.20.193.131:0/831359291 >> v2:10.20.193.131:6800/2113160717 conn(0x7fd73003f620 0x7fd73005fad0 unknown :-1 s=BANNER_CONNECTING pgs=0 gs=2 cs=0 l=1 c_cookie=0 s_cookie=0 reconnecting=0 rev1=0 crypto rx=0 tx=0 comp rx=0 tx=0)._handle_peer_banner_payload supported=3 required=0
2026-02-12T00:20:52.820 INFO:teuthology.orchestra.run.trial131.stdout:/usr/bin/ceph: stderr
2026-02-12T00:20:52.644+0000 7fd75affd640 1 --2- 10.20.193.131:0/831359291 >> v2:10.20.193.131:6800/2113160717 conn(0x7fd73003f620 0x7fd73005fad0 secure :-1 s=READY pgs=10 gs=2 cs=0 l=1 c_cookie=0 s_cookie=0 reconnecting=0 rev1=1 crypto rx=0x7fd74c006fd0 tx=0x7fd74c006e60 comp rx=0 tx=0).ready entity=mgr.14118 client_cookie=0 server_cookie=0 in_seq=0 out_seq=0
2026-02-12T00:20:52.820 INFO:teuthology.orchestra.run.trial131.stdout:/usr/bin/ceph: stderr
2026-02-12T00:20:52.648+0000 7fd758ff9640 1 -- 10.20.193.131:0/831359291 <== mon.0 v2:10.20.193.131:3300/0 6 ==== mon_command_ack([{"prefix": "get_command_descriptions"}]=0 v0) ==== 72+0+230863 (secure 0 0 0) 0x7fd748004210 con 0x7fd75c1132f0
2026-02-12T00:20:52.820 INFO:teuthology.orchestra.run.trial131.stdout:/usr/bin/ceph: stderr
2026-02-12T00:20:52.752+0000 7fd761de1640 1 -- 10.20.193.131:0/831359291 --> v2:10.20.193.131:6800/2113160717 -- mgr_command(tid 0: {"prefix": "cephadm generate-key", "target": ["mon-mgr", ""]}) -- 0x7fd75c066010 con 0x7fd73003f620
2026-02-12T00:20:52.820 INFO:teuthology.orchestra.run.trial131.stdout:/usr/bin/ceph: stderr
2026-02-12T00:20:52.772+0000 7fd758ff9640 1 -- 10.20.193.131:0/831359291 <== mgr.14118 v2:10.20.193.131:6800/2113160717 1 ==== mgr_command_reply(tid 0: 0 ) ==== 8+0+0 (secure 0 0 0) 0x7fd75c066010 con 0x7fd73003f620
2026-02-12T00:20:52.820 INFO:teuthology.orchestra.run.trial131.stdout:/usr/bin/ceph: stderr
2026-02-12T00:20:52.772+0000 7fd761de1640 1 -- 10.20.193.131:0/831359291 >> v2:10.20.193.131:6800/2113160717 conn(0x7fd73003f620 msgr2=0x7fd73005fad0 secure :-1 s=STATE_CONNECTION_ESTABLISHED l=1).mark_down
2026-02-12T00:20:52.820 INFO:teuthology.orchestra.run.trial131.stdout:/usr/bin/ceph: stderr
2026-02-12T00:20:52.772+0000 7fd761de1640 1 --2- 10.20.193.131:0/831359291 >> v2:10.20.193.131:6800/2113160717 conn(0x7fd73003f620 0x7fd73005fad0 secure :-1 s=READY pgs=10 gs=2 cs=0 l=1 c_cookie=0 s_cookie=0 reconnecting=0 rev1=1 crypto rx=0x7fd74c006fd0 tx=0x7fd74c006e60 comp rx=0 tx=0).stop
2026-02-12T00:20:52.820 INFO:teuthology.orchestra.run.trial131.stdout:/usr/bin/ceph: stderr
2026-02-12T00:20:52.772+0000 7fd761de1640 1 -- 10.20.193.131:0/831359291 >> [v2:10.20.193.131:3300/0,v1:10.20.193.131:6789/0] conn(0x7fd75c1132f0 msgr2=0x7fd75c1227a0 secure :-1 s=STATE_CONNECTION_ESTABLISHED l=1).mark_down
2026-02-12T00:20:52.821 INFO:teuthology.orchestra.run.trial131.stdout:/usr/bin/ceph: stderr
2026-02-12T00:20:52.772+0000 7fd761de1640 1 --2- 10.20.193.131:0/831359291 >> [v2:10.20.193.131:3300/0,v1:10.20.193.131:6789/0] conn(0x7fd75c1132f0 0x7fd75c1227a0 secure :-1 s=READY pgs=42 gs=1 cs=0 l=1 c_cookie=0 s_cookie=0 reconnecting=0 rev1=1 crypto rx=0x7fd74802f430 tx=0x7fd748035fc0 comp rx=0 tx=0).stop
2026-02-12T00:20:52.821 INFO:teuthology.orchestra.run.trial131.stdout:/usr/bin/ceph: stderr
2026-02-12T00:20:52.772+0000 7fd761de1640 1 -- 10.20.193.131:0/831359291 shutdown_connections
2026-02-12T00:20:52.821 INFO:teuthology.orchestra.run.trial131.stdout:/usr/bin/ceph: stderr
2026-02-12T00:20:52.772+0000 7fd761de1640 1 --2- 10.20.193.131:0/831359291 >> v2:10.20.193.131:6800/2113160717 conn(0x7fd73003f620 0x7fd73005fad0 unknown :-1 s=CLOSED pgs=10 gs=2 cs=0 l=1 c_cookie=0 s_cookie=0 reconnecting=0 rev1=1 crypto rx=0 tx=0 comp rx=0 tx=0).stop
2026-02-12T00:20:52.821 INFO:teuthology.orchestra.run.trial131.stdout:/usr/bin/ceph: stderr
2026-02-12T00:20:52.772+0000 7fd761de1640 1 --2- 10.20.193.131:0/831359291 >> [v2:10.20.193.131:3300/0,v1:10.20.193.131:6789/0] conn(0x7fd75c1132f0 0x7fd75c1227a0 unknown :-1 s=CLOSED pgs=42 gs=1 cs=0 l=1 c_cookie=0 s_cookie=0 reconnecting=0 rev1=1 crypto rx=0 tx=0 comp rx=0 tx=0).stop
2026-02-12T00:20:52.821 INFO:teuthology.orchestra.run.trial131.stdout:/usr/bin/ceph: stderr
2026-02-12T00:20:52.772+0000 7fd761de1640 1 -- 10.20.193.131:0/831359291 >> 10.20.193.131:0/831359291 conn(0x7fd75c068770 msgr2=0x7fd75c110ee0 unknown :-1 s=STATE_NONE l=0).mark_down
2026-02-12T00:20:52.821 INFO:teuthology.orchestra.run.trial131.stdout:/usr/bin/ceph: stderr
2026-02-12T00:20:52.772+0000 7fd761de1640 1 -- 10.20.193.131:0/831359291 shutdown_connections
2026-02-12T00:20:52.821 INFO:teuthology.orchestra.run.trial131.stdout:/usr/bin/ceph: stderr
2026-02-12T00:20:52.772+0000 7fd761de1640 1 -- 10.20.193.131:0/831359291 wait complete.
2026-02-12T00:20:52.844 INFO:journalctl@ceph.mgr.y.trial131.stdout:Feb 12 00:20:52 trial131 bash[9250]: Generating public/private ed25519 key pair.
2026-02-12T00:20:52.844 INFO:journalctl@ceph.mgr.y.trial131.stdout:Feb 12 00:20:52 trial131 bash[9250]: Your identification has been saved in /tmp/tmps4uzy6ls/key
2026-02-12T00:20:52.844 INFO:journalctl@ceph.mgr.y.trial131.stdout:Feb 12 00:20:52 trial131 bash[9250]: Your public key has been saved in /tmp/tmps4uzy6ls/key.pub
2026-02-12T00:20:52.844 INFO:journalctl@ceph.mgr.y.trial131.stdout:Feb 12 00:20:52 trial131 bash[9250]: The key fingerprint is:
2026-02-12T00:20:52.844 INFO:journalctl@ceph.mgr.y.trial131.stdout:Feb 12 00:20:52 trial131 bash[9250]: SHA256:XcsFCeRiEF12qpBODksm0phMBrNI1RLpX1A7Odh1rX8 ceph-9ddc4222-07a8-11f1-86f2-d404e6e7d460
2026-02-12T00:20:52.844 INFO:journalctl@ceph.mgr.y.trial131.stdout:Feb 12 00:20:52 trial131 bash[9250]: The key's randomart image is:
2026-02-12T00:20:52.844 INFO:journalctl@ceph.mgr.y.trial131.stdout:Feb 12 00:20:52 trial131 bash[9250]: +--[ED25519 256]--+
2026-02-12T00:20:52.844 INFO:journalctl@ceph.mgr.y.trial131.stdout:Feb 12 00:20:52 trial131 bash[9250]: |++.o+ ++ +=o+. |
2026-02-12T00:20:52.844 INFO:journalctl@ceph.mgr.y.trial131.stdout:Feb 12 00:20:52 trial131 bash[9250]: |** o ooo=o.o.o |
2026-02-12T00:20:52.845 INFO:journalctl@ceph.mgr.y.trial131.stdout:Feb 12 00:20:52 trial131 bash[9250]: |*.+ =.=*o o o . |
2026-02-12T00:20:52.845 INFO:journalctl@ceph.mgr.y.trial131.stdout:Feb 12 00:20:52 trial131 bash[9250]: | . = * +o+ + o |
2026-02-12T00:20:52.845 INFO:journalctl@ceph.mgr.y.trial131.stdout:Feb 12 00:20:52 trial131 bash[9250]: | o + S . + |
2026-02-12T00:20:52.845 INFO:journalctl@ceph.mgr.y.trial131.stdout:Feb 12 00:20:52 trial131 bash[9250]: | . . E |
2026-02-12T00:20:52.845 INFO:journalctl@ceph.mgr.y.trial131.stdout:Feb 12 00:20:52 trial131 bash[9250]: | . |
2026-02-12T00:20:52.845 INFO:journalctl@ceph.mgr.y.trial131.stdout:Feb 12 00:20:52 trial131 bash[9250]: | |
2026-02-12T00:20:52.845 INFO:journalctl@ceph.mgr.y.trial131.stdout:Feb 12 00:20:52 trial131 bash[9250]: | |
2026-02-12T00:20:52.845 INFO:journalctl@ceph.mgr.y.trial131.stdout:Feb 12 00:20:52 trial131 bash[9250]: +----[SHA256]-----+
2026-02-12T00:20:53.055 INFO:teuthology.orchestra.run.trial131.stdout:/usr/bin/ceph: stdout ssh-ed25519 AAAAC3NzaC1lZDI1NTE5AAAAINA4exysoEdyT8o4eUpDICnzPfcullOt+U4K6t5JF37R ceph-9ddc4222-07a8-11f1-86f2-d404e6e7d460
2026-02-12T00:20:53.055 INFO:teuthology.orchestra.run.trial131.stdout:/usr/bin/ceph: stderr
2026-02-12T00:20:52.900+0000 7f8245f0d640 1 Processor -- start
2026-02-12T00:20:53.056 INFO:teuthology.orchestra.run.trial131.stdout:/usr/bin/ceph: stderr
2026-02-12T00:20:52.900+0000 7f8245f0d640 1 -- start start
2026-02-12T00:20:53.056 INFO:teuthology.orchestra.run.trial131.stdout:/usr/bin/ceph: stderr
2026-02-12T00:20:52.900+0000 7f8245f0d640 1 --2- >> [v2:10.20.193.131:3300/0,v1:10.20.193.131:6789/0] conn(0x7f82401132f0 0x7f82401136e0 unknown :-1 s=NONE pgs=0 gs=0 cs=0 l=0 c_cookie=0 s_cookie=0 reconnecting=0 rev1=0 crypto rx=0 tx=0 comp rx=0 tx=0).connect
2026-02-12T00:20:53.056 INFO:teuthology.orchestra.run.trial131.stdout:/usr/bin/ceph: stderr
2026-02-12T00:20:52.900+0000 7f8245f0d640 1 -- --> [v2:10.20.193.131:3300/0,v1:10.20.193.131:6789/0] -- mon_getmap magic: 0 -- 0x7f8240113cd0 con 0x7f82401132f0
2026-02-12T00:20:53.056 INFO:teuthology.orchestra.run.trial131.stdout:/usr/bin/ceph: stderr
2026-02-12T00:20:52.900+0000 7f823f7fe640 1 --2- >> [v2:10.20.193.131:3300/0,v1:10.20.193.131:6789/0] conn(0x7f82401132f0 0x7f82401136e0 unknown :-1 s=BANNER_CONNECTING pgs=0 gs=1 cs=0 l=0 c_cookie=0 s_cookie=0 reconnecting=0 rev1=0 crypto rx=0 tx=0 comp rx=0 tx=0)._handle_peer_banner_payload supported=3 required=0
2026-02-12T00:20:53.056 INFO:teuthology.orchestra.run.trial131.stdout:/usr/bin/ceph: stderr
2026-02-12T00:20:52.900+0000 7f823f7fe640 1 --2- >> [v2:10.20.193.131:3300/0,v1:10.20.193.131:6789/0] conn(0x7f82401132f0 0x7f82401136e0 unknown :-1 s=HELLO_CONNECTING pgs=0 gs=1 cs=0 l=0 c_cookie=0 s_cookie=0 reconnecting=0 rev1=1 crypto rx=0 tx=0 comp rx=0 tx=0).handle_hello peer v2:10.20.193.131:3300/0 says I am v2:10.20.193.131:51676/0 (socket says 10.20.193.131:51676)
2026-02-12T00:20:53.056 INFO:teuthology.orchestra.run.trial131.stdout:/usr/bin/ceph: stderr
2026-02-12T00:20:52.900+0000 7f823f7fe640 1 -- 10.20.193.131:0/1742807029 learned_addr learned my addr 10.20.193.131:0/1742807029 (peer_addr_for_me v2:10.20.193.131:0/0)
2026-02-12T00:20:53.056 INFO:teuthology.orchestra.run.trial131.stdout:/usr/bin/ceph: stderr
2026-02-12T00:20:52.900+0000 7f823f7fe640 1 -- 10.20.193.131:0/1742807029 --> [v2:10.20.193.131:3300/0,v1:10.20.193.131:6789/0] -- mon_subscribe({config=0+,monmap=0+}) -- 0x7f8240113e10 con 0x7f82401132f0
2026-02-12T00:20:53.056 INFO:teuthology.orchestra.run.trial131.stdout:/usr/bin/ceph: stderr
2026-02-12T00:20:52.900+0000 7f823f7fe640 1 --2- 10.20.193.131:0/1742807029 >> [v2:10.20.193.131:3300/0,v1:10.20.193.131:6789/0] conn(0x7f82401132f0 0x7f82401136e0 secure :-1 s=READY pgs=43 gs=1 cs=0 l=1 c_cookie=4264993566748896874 s_cookie=0 reconnecting=0 rev1=1 crypto rx=0x7f822c009850 tx=0x7f822c02eeb0 comp rx=0 tx=0).ready entity=mon.0 client_cookie=3b304d0d5364ee6a server_cookie=0 in_seq=0 out_seq=0
2026-02-12T00:20:53.056 INFO:teuthology.orchestra.run.trial131.stdout:/usr/bin/ceph: stderr
2026-02-12T00:20:52.904+0000 7f823e7fc640 1 -- 10.20.193.131:0/1742807029 <== mon.0 v2:10.20.193.131:3300/0 1 ==== mon_map magic: 0 ==== 213+0+0 (secure 0 0 0) 0x7f822c02f940 con 0x7f82401132f0
2026-02-12T00:20:53.056 INFO:teuthology.orchestra.run.trial131.stdout:/usr/bin/ceph: stderr
2026-02-12T00:20:52.904+0000 7f823e7fc640 1 -- 10.20.193.131:0/1742807029 <== mon.0 v2:10.20.193.131:3300/0 2 ==== config(26 keys) ==== 1060+0+0 (secure 0 0 0) 0x7f822c037440 con 0x7f82401132f0
2026-02-12T00:20:53.057 INFO:teuthology.orchestra.run.trial131.stdout:/usr/bin/ceph: stderr
2026-02-12T00:20:52.904+0000 7f823e7fc640 1 -- 10.20.193.131:0/1742807029 <== mon.0 v2:10.20.193.131:3300/0 3 ==== mon_map magic: 0 ==== 213+0+0 (secure 0 0 0) 0x7f822c0354e0 con 0x7f82401132f0
2026-02-12T00:20:53.057 INFO:teuthology.orchestra.run.trial131.stdout:/usr/bin/ceph: stderr
2026-02-12T00:20:52.904+0000 7f8245f0d640 1 -- 10.20.193.131:0/1742807029 >> [v2:10.20.193.131:3300/0,v1:10.20.193.131:6789/0] conn(0x7f82401132f0 msgr2=0x7f82401136e0 secure :-1 s=STATE_CONNECTION_ESTABLISHED l=1).mark_down
2026-02-12T00:20:53.057 INFO:teuthology.orchestra.run.trial131.stdout:/usr/bin/ceph: stderr
2026-02-12T00:20:52.904+0000 7f8245f0d640 1 --2- 10.20.193.131:0/1742807029 >> [v2:10.20.193.131:3300/0,v1:10.20.193.131:6789/0] conn(0x7f82401132f0 0x7f82401136e0 secure :-1 s=READY pgs=43 gs=1 cs=0 l=1 c_cookie=4264993566748896874 s_cookie=0 reconnecting=0 rev1=1 crypto rx=0x7f822c009850 tx=0x7f822c02eeb0 comp rx=0 tx=0).stop
2026-02-12T00:20:53.057 INFO:teuthology.orchestra.run.trial131.stdout:/usr/bin/ceph: stderr
2026-02-12T00:20:52.904+0000 7f8245f0d640 1 -- 10.20.193.131:0/1742807029 shutdown_connections
2026-02-12T00:20:53.057 INFO:teuthology.orchestra.run.trial131.stdout:/usr/bin/ceph: stderr
2026-02-12T00:20:52.904+0000 7f8245f0d640 1 --2- 10.20.193.131:0/1742807029 >> [v2:10.20.193.131:3300/0,v1:10.20.193.131:6789/0] conn(0x7f82401132f0 0x7f82401136e0 unknown :-1 s=CLOSED pgs=43 gs=1 cs=0 l=1 c_cookie=4264993566748896874 s_cookie=0 reconnecting=0 rev1=1 crypto rx=0 tx=0 comp rx=0 tx=0).stop
2026-02-12T00:20:53.057 INFO:teuthology.orchestra.run.trial131.stdout:/usr/bin/ceph: stderr
2026-02-12T00:20:52.904+0000 7f8245f0d640 1 -- 10.20.193.131:0/1742807029 >> 10.20.193.131:0/1742807029 conn(0x7f8240068770 msgr2=0x7f8240110ee0 unknown :-1 s=STATE_NONE l=0).mark_down
2026-02-12T00:20:53.057 INFO:teuthology.orchestra.run.trial131.stdout:/usr/bin/ceph: stderr
2026-02-12T00:20:52.904+0000 7f8245f0d640 1 -- 10.20.193.131:0/1742807029 shutdown_connections
2026-02-12T00:20:53.057 INFO:teuthology.orchestra.run.trial131.stdout:/usr/bin/ceph: stderr
2026-02-12T00:20:52.904+0000 7f8245f0d640 1 -- 10.20.193.131:0/1742807029 wait complete.
2026-02-12T00:20:53.057 INFO:teuthology.orchestra.run.trial131.stdout:/usr/bin/ceph: stderr
2026-02-12T00:20:52.904+0000 7f8245f0d640 1 Processor -- start
2026-02-12T00:20:53.057 INFO:teuthology.orchestra.run.trial131.stdout:/usr/bin/ceph: stderr
2026-02-12T00:20:52.904+0000 7f8245f0d640 1 -- start start
2026-02-12T00:20:53.057 INFO:teuthology.orchestra.run.trial131.stdout:/usr/bin/ceph: stderr
2026-02-12T00:20:52.904+0000 7f8245f0d640 1 --2- >> [v2:10.20.193.131:3300/0,v1:10.20.193.131:6789/0] conn(0x7f82401132f0 0x7f82401227a0 unknown :-1 s=NONE pgs=0 gs=0 cs=0 l=1 c_cookie=0 s_cookie=0 reconnecting=0 rev1=0 crypto rx=0 tx=0 comp rx=0 tx=0).connect
2026-02-12T00:20:53.057 INFO:teuthology.orchestra.run.trial131.stdout:/usr/bin/ceph: stderr
2026-02-12T00:20:52.904+0000 7f8245f0d640 1 -- --> [v2:10.20.193.131:3300/0,v1:10.20.193.131:6789/0] -- mon_getmap magic: 0 -- 0x7f8240122d00 con 0x7f82401132f0
2026-02-12T00:20:53.058 INFO:teuthology.orchestra.run.trial131.stdout:/usr/bin/ceph: stderr
2026-02-12T00:20:52.904+0000 7f823f7fe640 1 --2- >> [v2:10.20.193.131:3300/0,v1:10.20.193.131:6789/0] conn(0x7f82401132f0 0x7f82401227a0 unknown :-1 s=BANNER_CONNECTING pgs=0 gs=1 cs=0 l=1 c_cookie=0 s_cookie=0 reconnecting=0 rev1=0 crypto rx=0 tx=0 comp rx=0 tx=0)._handle_peer_banner_payload supported=3 required=0
2026-02-12T00:20:53.058 INFO:teuthology.orchestra.run.trial131.stdout:/usr/bin/ceph: stderr
2026-02-12T00:20:52.904+0000 7f823f7fe640 1 --2- >> [v2:10.20.193.131:3300/0,v1:10.20.193.131:6789/0] conn(0x7f82401132f0 0x7f82401227a0 unknown :-1 s=HELLO_CONNECTING pgs=0 gs=1 cs=0 l=1 c_cookie=0 s_cookie=0 reconnecting=0 rev1=1 crypto rx=0 tx=0 comp rx=0 tx=0).handle_hello peer v2:10.20.193.131:3300/0 says I am v2:10.20.193.131:51682/0 (socket says 10.20.193.131:51682)
2026-02-12T00:20:53.058 INFO:teuthology.orchestra.run.trial131.stdout:/usr/bin/ceph: stderr
2026-02-12T00:20:52.904+0000 7f823f7fe640 1 -- 10.20.193.131:0/2346854124 learned_addr learned my addr 10.20.193.131:0/2346854124 (peer_addr_for_me v2:10.20.193.131:0/0)
2026-02-12T00:20:53.058 INFO:teuthology.orchestra.run.trial131.stdout:/usr/bin/ceph: stderr
2026-02-12T00:20:52.904+0000 7f823f7fe640 1 -- 10.20.193.131:0/2346854124 --> [v2:10.20.193.131:3300/0,v1:10.20.193.131:6789/0] -- mon_subscribe({config=0+,monmap=0+}) -- 0x7f822c0094f0 con 0x7f82401132f0
2026-02-12T00:20:53.058 INFO:teuthology.orchestra.run.trial131.stdout:/usr/bin/ceph: stderr
2026-02-12T00:20:52.904+0000 7f823f7fe640 1 --2- 10.20.193.131:0/2346854124 >> [v2:10.20.193.131:3300/0,v1:10.20.193.131:6789/0] conn(0x7f82401132f0 0x7f82401227a0 secure :-1 s=READY pgs=44 gs=1 cs=0 l=1 c_cookie=0 s_cookie=0 reconnecting=0 rev1=1 crypto rx=0x7f822c0356d0 tx=0x7f822c037a30 comp rx=0 tx=0).ready entity=mon.0 client_cookie=0 server_cookie=0 in_seq=0 out_seq=0
2026-02-12T00:20:53.058 INFO:teuthology.orchestra.run.trial131.stdout:/usr/bin/ceph: stderr
2026-02-12T00:20:52.904+0000 7f823cff9640 1 -- 10.20.193.131:0/2346854124 <== mon.0 v2:10.20.193.131:3300/0 1 ==== mon_map magic: 0 ==== 213+0+0 (secure 0 0 0) 0x7f822c044070 con 0x7f82401132f0
2026-02-12T00:20:53.058 INFO:teuthology.orchestra.run.trial131.stdout:/usr/bin/ceph: stderr
2026-02-12T00:20:52.904+0000 7f823cff9640 1 -- 10.20.193.131:0/2346854124 <== mon.0 v2:10.20.193.131:3300/0 2 ==== config(26 keys) ==== 1060+0+0 (secure 0 0 0) 0x7f822c02fdd0 con 0x7f82401132f0
2026-02-12T00:20:53.058 INFO:teuthology.orchestra.run.trial131.stdout:/usr/bin/ceph: stderr
2026-02-12T00:20:52.904+0000 7f8245f0d640 1 -- 10.20.193.131:0/2346854124 --> [v2:10.20.193.131:3300/0,v1:10.20.193.131:6789/0] -- mon_subscribe({mgrmap=0+}) -- 0x7f8240122f00 con 0x7f82401132f0
2026-02-12T00:20:53.058 INFO:teuthology.orchestra.run.trial131.stdout:/usr/bin/ceph: stderr
2026-02-12T00:20:52.904+0000 7f823cff9640 1 -- 10.20.193.131:0/2346854124 <== mon.0 v2:10.20.193.131:3300/0 3 ==== mon_map magic: 0 ==== 213+0+0 (secure 0 0 0) 0x7f822c003850 con 0x7f82401132f0
2026-02-12T00:20:53.058 INFO:teuthology.orchestra.run.trial131.stdout:/usr/bin/ceph: stderr
2026-02-12T00:20:52.904+0000 7f8245f0d640 1 -- 10.20.193.131:0/2346854124 --> [v2:10.20.193.131:3300/0,v1:10.20.193.131:6789/0] -- mon_subscribe({osdmap=0}) -- 0x7f82401233b0 con 0x7f82401132f0
2026-02-12T00:20:53.058 INFO:teuthology.orchestra.run.trial131.stdout:/usr/bin/ceph: stderr
2026-02-12T00:20:52.904+0000 7f8245f0d640 1 -- 10.20.193.131:0/2346854124 --> [v2:10.20.193.131:3300/0,v1:10.20.193.131:6789/0] -- mon_command({"prefix": "get_command_descriptions"} v 0) -- 0x7f82401136c0 con 0x7f82401132f0
2026-02-12T00:20:53.058 INFO:teuthology.orchestra.run.trial131.stdout:/usr/bin/ceph: stderr
2026-02-12T00:20:52.904+0000 7f823cff9640 1 -- 10.20.193.131:0/2346854124 <== mon.0 v2:10.20.193.131:3300/0 4 ==== mgrmap(e 7) ==== 52673+0+0 (secure 0 0 0) 0x7f822c02f940 con 0x7f82401132f0
2026-02-12T00:20:53.059 INFO:teuthology.orchestra.run.trial131.stdout:/usr/bin/ceph: stderr
2026-02-12T00:20:52.904+0000 7f823cff9640 1 --2- 10.20.193.131:0/2346854124 >> v2:10.20.193.131:6800/2113160717 conn(0x7f821403f670 0x7f821405fb20 unknown :-1 s=NONE pgs=0 gs=0 cs=0 l=1 c_cookie=0 s_cookie=0 reconnecting=0 rev1=0 crypto rx=0 tx=0 comp rx=0 tx=0).connect
2026-02-12T00:20:53.059 INFO:teuthology.orchestra.run.trial131.stdout:/usr/bin/ceph: stderr
2026-02-12T00:20:52.904+0000 7f823cff9640 1 -- 10.20.193.131:0/2346854124 <== mon.0 v2:10.20.193.131:3300/0 5 ==== osd_map(2..2 src has 1..2) ==== 892+0+0 (secure 0 0 0) 0x7f822c078c70 con 0x7f82401132f0
2026-02-12T00:20:53.059 INFO:teuthology.orchestra.run.trial131.stdout:/usr/bin/ceph: stderr
2026-02-12T00:20:52.904+0000 7f823effd640 1 --2- 10.20.193.131:0/2346854124 >> v2:10.20.193.131:6800/2113160717 conn(0x7f821403f670 0x7f821405fb20 unknown :-1 s=BANNER_CONNECTING pgs=0 gs=2 cs=0 l=1 c_cookie=0 s_cookie=0 reconnecting=0 rev1=0 crypto rx=0 tx=0 comp rx=0 tx=0)._handle_peer_banner_payload supported=3 required=0
2026-02-12T00:20:53.059 INFO:teuthology.orchestra.run.trial131.stdout:/usr/bin/ceph: stderr
2026-02-12T00:20:52.904+0000 7f823effd640 1 --2- 10.20.193.131:0/2346854124 >> v2:10.20.193.131:6800/2113160717 conn(0x7f821403f670 0x7f821405fb20 secure :-1 s=READY pgs=11 gs=2 cs=0 l=1 c_cookie=0 s_cookie=0 reconnecting=0 rev1=1 crypto rx=0x7f8230006fd0 tx=0x7f8230006e60 comp rx=0 tx=0).ready entity=mgr.14118 client_cookie=0 server_cookie=0 in_seq=0 out_seq=0
2026-02-12T00:20:53.059 INFO:teuthology.orchestra.run.trial131.stdout:/usr/bin/ceph: stderr
2026-02-12T00:20:52.908+0000 7f823cff9640 1 -- 10.20.193.131:0/2346854124 <== mon.0 v2:10.20.193.131:3300/0 6 ==== mon_command_ack([{"prefix": "get_command_descriptions"}]=0 v0) ==== 72+0+230863 (secure 0 0 0) 0x7f822c003a70 con 0x7f82401132f0
2026-02-12T00:20:53.059 INFO:teuthology.orchestra.run.trial131.stdout:/usr/bin/ceph: stderr
2026-02-12T00:20:53.012+0000 7f8245f0d640 1 -- 10.20.193.131:0/2346854124 --> v2:10.20.193.131:6800/2113160717 -- mgr_command(tid 0: {"prefix": "cephadm get-pub-key", "target": ["mon-mgr", ""]}) -- 0x7f82401136c0 con 0x7f821403f670
2026-02-12T00:20:53.059 INFO:teuthology.orchestra.run.trial131.stdout:/usr/bin/ceph: stderr
2026-02-12T00:20:53.012+0000 7f823cff9640 1 -- 10.20.193.131:0/2346854124 <== mgr.14118 v2:10.20.193.131:6800/2113160717 1 ==== mgr_command_reply(tid 0: 0 ) ==== 8+0+123 (secure 0 0 0) 0x7f82401136c0 con 0x7f821403f670
2026-02-12T00:20:53.059 INFO:teuthology.orchestra.run.trial131.stdout:/usr/bin/ceph: stderr
2026-02-12T00:20:53.012+0000 7f8245f0d640 1 -- 10.20.193.131:0/2346854124 >> v2:10.20.193.131:6800/2113160717 conn(0x7f821403f670 msgr2=0x7f821405fb20 secure :-1 s=STATE_CONNECTION_ESTABLISHED l=1).mark_down
2026-02-12T00:20:53.059 INFO:teuthology.orchestra.run.trial131.stdout:/usr/bin/ceph: stderr
2026-02-12T00:20:53.012+0000 7f8245f0d640 1 --2- 10.20.193.131:0/2346854124 >> v2:10.20.193.131:6800/2113160717 conn(0x7f821403f670 0x7f821405fb20 secure :-1 s=READY pgs=11 gs=2 cs=0 l=1 c_cookie=0 s_cookie=0 reconnecting=0 rev1=1 crypto rx=0x7f8230006fd0 tx=0x7f8230006e60 comp rx=0 tx=0).stop
2026-02-12T00:20:53.059 INFO:teuthology.orchestra.run.trial131.stdout:/usr/bin/ceph: stderr
2026-02-12T00:20:53.012+0000 7f8245f0d640 1 -- 10.20.193.131:0/2346854124 >> [v2:10.20.193.131:3300/0,v1:10.20.193.131:6789/0] conn(0x7f82401132f0 msgr2=0x7f82401227a0 secure :-1 s=STATE_CONNECTION_ESTABLISHED l=1).mark_down
2026-02-12T00:20:53.059 INFO:teuthology.orchestra.run.trial131.stdout:/usr/bin/ceph: stderr
2026-02-12T00:20:53.012+0000 7f8245f0d640 1 --2- 10.20.193.131:0/2346854124 >> [v2:10.20.193.131:3300/0,v1:10.20.193.131:6789/0] conn(0x7f82401132f0 0x7f82401227a0 secure :-1 s=READY pgs=44 gs=1 cs=0 l=1 c_cookie=0 s_cookie=0 reconnecting=0 rev1=1 crypto rx=0x7f822c0356d0 tx=0x7f822c037a30 comp rx=0 tx=0).stop
2026-02-12T00:20:53.059 INFO:teuthology.orchestra.run.trial131.stdout:/usr/bin/ceph: stderr
2026-02-12T00:20:53.012+0000 7f8245f0d640 1 -- 10.20.193.131:0/2346854124 shutdown_connections
2026-02-12T00:20:53.060 INFO:teuthology.orchestra.run.trial131.stdout:/usr/bin/ceph: stderr
2026-02-12T00:20:53.012+0000 7f8245f0d640 1 --2- 10.20.193.131:0/2346854124 >> v2:10.20.193.131:6800/2113160717 conn(0x7f821403f670 0x7f821405fb20 unknown :-1 s=CLOSED pgs=11 gs=2 cs=0 l=1 c_cookie=0 s_cookie=0 reconnecting=0 rev1=1 crypto rx=0 tx=0 comp rx=0 tx=0).stop
2026-02-12T00:20:53.060 INFO:teuthology.orchestra.run.trial131.stdout:/usr/bin/ceph: stderr
2026-02-12T00:20:53.012+0000 7f8245f0d640 1 --2- 10.20.193.131:0/2346854124 >> [v2:10.20.193.131:3300/0,v1:10.20.193.131:6789/0] conn(0x7f82401132f0 0x7f82401227a0 unknown :-1 s=CLOSED pgs=44 gs=1 cs=0 l=1 c_cookie=0 s_cookie=0 reconnecting=0 rev1=1 crypto rx=0 tx=0 comp rx=0 tx=0).stop
2026-02-12T00:20:53.060 INFO:teuthology.orchestra.run.trial131.stdout:/usr/bin/ceph: stderr
2026-02-12T00:20:53.012+0000 7f8245f0d640 1 -- 10.20.193.131:0/2346854124 >> 10.20.193.131:0/2346854124 conn(0x7f8240068770 msgr2=0x7f8240110ee0 unknown :-1 s=STATE_NONE l=0).mark_down
2026-02-12T00:20:53.060 INFO:teuthology.orchestra.run.trial131.stdout:/usr/bin/ceph: stderr
2026-02-12T00:20:53.012+0000 7f8245f0d640 1 -- 10.20.193.131:0/2346854124 shutdown_connections
2026-02-12T00:20:53.060 INFO:teuthology.orchestra.run.trial131.stdout:/usr/bin/ceph: stderr
2026-02-12T00:20:53.012+0000 7f8245f0d640 1 -- 10.20.193.131:0/2346854124 wait complete.
2026-02-12T00:20:53.060 INFO:teuthology.orchestra.run.trial131.stdout:Wrote public SSH key to /home/ubuntu/cephtest/ceph.pub
2026-02-12T00:20:53.060 INFO:teuthology.orchestra.run.trial131.stdout:Adding key to root@localhost authorized_keys...
2026-02-12T00:20:53.060 INFO:teuthology.orchestra.run.trial131.stdout:Adding host trial131...
2026-02-12T00:20:53.218 INFO:journalctl@ceph.mon.a.trial131.stdout:Feb 12 00:20:53 trial131 bash[8983]: cephadm
2026-02-12T00:20:51.298336+0000 mgr.y (mgr.14118) 5 : cephadm [INF] [12/Feb/2026:00:20:51] ENGINE Serving on http://10.20.193.131:8765
2026-02-12T00:20:53.218 INFO:journalctl@ceph.mon.a.trial131.stdout:Feb 12 00:20:53 trial131 bash[8983]: cephadm
2026-02-12T00:20:51.298336+0000 mgr.y (mgr.14118) 5 : cephadm [INF] [12/Feb/2026:00:20:51] ENGINE Serving on http://10.20.193.131:8765
2026-02-12T00:20:53.218 INFO:journalctl@ceph.mon.a.trial131.stdout:Feb 12 00:20:53 trial131 bash[8983]: cephadm
2026-02-12T00:20:51.406284+0000 mgr.y (mgr.14118) 6 : cephadm [INF] [12/Feb/2026:00:20:51] ENGINE Serving on https://10.20.193.131:7150
2026-02-12T00:20:53.218 INFO:journalctl@ceph.mon.a.trial131.stdout:Feb 12 00:20:53 trial131 bash[8983]: cephadm
2026-02-12T00:20:51.406284+0000 mgr.y (mgr.14118) 6 : cephadm [INF] [12/Feb/2026:00:20:51] ENGINE Serving on https://10.20.193.131:7150
2026-02-12T00:20:53.218 INFO:journalctl@ceph.mon.a.trial131.stdout:Feb 12 00:20:53 trial131 bash[8983]: cephadm
2026-02-12T00:20:51.406346+0000 mgr.y (mgr.14118) 7 : cephadm [INF] [12/Feb/2026:00:20:51] ENGINE Bus STARTED
2026-02-12T00:20:53.218 INFO:journalctl@ceph.mon.a.trial131.stdout:Feb 12 00:20:53 trial131 bash[8983]: cephadm
2026-02-12T00:20:51.406346+0000 mgr.y (mgr.14118) 7 : cephadm [INF] [12/Feb/2026:00:20:51] ENGINE Bus STARTED
2026-02-12T00:20:53.218 INFO:journalctl@ceph.mon.a.trial131.stdout:Feb 12 00:20:53 trial131 bash[8983]: cephadm
2026-02-12T00:20:51.406875+0000 mgr.y (mgr.14118) 8 : cephadm [INF] [12/Feb/2026:00:20:51] ENGINE Client ('10.20.193.131', 57024) lost — peer dropped the TLS connection suddenly, during handshake: (6, 'TLS/SSL connection has been closed (EOF) (_ssl.c:1147)')
2026-02-12T00:20:53.218 INFO:journalctl@ceph.mon.a.trial131.stdout:Feb 12 00:20:53 trial131 bash[8983]: cephadm
2026-02-12T00:20:51.406875+0000 mgr.y (mgr.14118) 8 : cephadm [INF] [12/Feb/2026:00:20:51] ENGINE Client ('10.20.193.131', 57024) lost — peer dropped the TLS connection suddenly, during handshake: (6, 'TLS/SSL connection has been closed (EOF) (_ssl.c:1147)')
2026-02-12T00:20:53.218 INFO:journalctl@ceph.mon.a.trial131.stdout:Feb 12 00:20:53 trial131 bash[8983]: audit
2026-02-12T00:20:52.020056+0000 mon.a (mon.0) 60 : audit [INF] from='client.? 10.20.193.131:0/779365658' entity='client.admin' cmd='[{"prefix": "mgr module enable", "module": "orchestrator"}]': finished
2026-02-12T00:20:53.219 INFO:journalctl@ceph.mon.a.trial131.stdout:Feb 12 00:20:53 trial131 bash[8983]: audit
2026-02-12T00:20:52.020056+0000 mon.a (mon.0) 60 : audit [INF] from='client.? 10.20.193.131:0/779365658' entity='client.admin' cmd='[{"prefix": "mgr module enable", "module": "orchestrator"}]': finished
2026-02-12T00:20:53.219 INFO:journalctl@ceph.mon.a.trial131.stdout:Feb 12 00:20:53 trial131 bash[8983]: cluster
2026-02-12T00:20:52.022458+0000 mon.a (mon.0) 61 : cluster [DBG] mgrmap e7: y(active, since 2s)
2026-02-12T00:20:53.219 INFO:journalctl@ceph.mon.a.trial131.stdout:Feb 12 00:20:53 trial131 bash[8983]: cluster
2026-02-12T00:20:52.022458+0000 mon.a (mon.0) 61 : cluster [DBG] mgrmap e7: y(active, since 2s)
2026-02-12T00:20:53.219 INFO:journalctl@ceph.mon.a.trial131.stdout:Feb 12 00:20:53 trial131 bash[8983]: audit
2026-02-12T00:20:52.268056+0000 mgr.y (mgr.14118) 9 : audit [DBG] from='client.14132 -' entity='client.admin' cmd=[{"prefix": "orch set backend", "module_name": "cephadm", "target": ["mon-mgr", ""]}]: dispatch
2026-02-12T00:20:53.219 INFO:journalctl@ceph.mon.a.trial131.stdout:Feb 12 00:20:53 trial131 bash[8983]: audit
2026-02-12T00:20:52.268056+0000 mgr.y (mgr.14118) 9 : audit [DBG] from='client.14132 -' entity='client.admin' cmd=[{"prefix": "orch set backend", "module_name": "cephadm", "target": ["mon-mgr", ""]}]: dispatch
2026-02-12T00:20:53.219 INFO:journalctl@ceph.mon.a.trial131.stdout:Feb 12 00:20:53 trial131 bash[8983]: audit
2026-02-12T00:20:52.271399+0000 mon.a (mon.0) 62 : audit [INF] from='mgr.14118 10.20.193.131:0/4022347562' entity='mgr.y'
2026-02-12T00:20:53.219 INFO:journalctl@ceph.mon.a.trial131.stdout:Feb 12 00:20:53 trial131 bash[8983]: audit
2026-02-12T00:20:52.271399+0000 mon.a (mon.0) 62 : audit [INF] from='mgr.14118 10.20.193.131:0/4022347562' entity='mgr.y'
2026-02-12T00:20:53.219 INFO:journalctl@ceph.mon.a.trial131.stdout:Feb 12 00:20:53 trial131 bash[8983]: audit
2026-02-12T00:20:52.278829+0000 mon.a (mon.0) 63 : audit [DBG] from='mgr.14118 10.20.193.131:0/4022347562' entity='mgr.y' cmd={"prefix": "config dump", "format": "json"} : dispatch
2026-02-12T00:20:53.219 INFO:journalctl@ceph.mon.a.trial131.stdout:Feb 12 00:20:53 trial131 bash[8983]: audit
2026-02-12T00:20:52.278829+0000 mon.a (mon.0) 63 : audit [DBG] from='mgr.14118 10.20.193.131:0/4022347562' entity='mgr.y' cmd={"prefix": "config dump", "format": "json"} : dispatch
2026-02-12T00:20:53.219 INFO:journalctl@ceph.mon.a.trial131.stdout:Feb 12 00:20:53 trial131 bash[8983]: audit
2026-02-12T00:20:52.774824+0000 mon.a (mon.0) 64 : audit [INF] from='mgr.14118 10.20.193.131:0/4022347562' entity='mgr.y'
2026-02-12T00:20:53.219 INFO:journalctl@ceph.mon.a.trial131.stdout:Feb 12 00:20:53 trial131 bash[8983]: audit
2026-02-12T00:20:52.774824+0000 mon.a (mon.0) 64 : audit [INF] from='mgr.14118 10.20.193.131:0/4022347562' entity='mgr.y'
2026-02-12T00:20:53.219 INFO:journalctl@ceph.mon.a.trial131.stdout:Feb 12 00:20:53 trial131 bash[8983]: audit
2026-02-12T00:20:52.776595+0000 mon.a (mon.0) 65 : audit [INF] from='mgr.14118 10.20.193.131:0/4022347562' entity='mgr.y'
2026-02-12T00:20:53.219 INFO:journalctl@ceph.mon.a.trial131.stdout:Feb 12 00:20:53 trial131 bash[8983]: audit
2026-02-12T00:20:52.776595+0000 mon.a (mon.0) 65 : audit [INF] from='mgr.14118 10.20.193.131:0/4022347562' entity='mgr.y'
2026-02-12T00:20:54.113 INFO:journalctl@ceph.mon.a.trial131.stdout:Feb 12 00:20:54 trial131 bash[8983]: audit
2026-02-12T00:20:52.519733+0000 mgr.y (mgr.14118) 10 : audit [DBG] from='client.14134 -' entity='client.admin' cmd=[{"prefix": "cephadm set-user", "user": "root", "target": ["mon-mgr", ""]}]: dispatch
2026-02-12T00:20:54.113 INFO:journalctl@ceph.mon.a.trial131.stdout:Feb 12 00:20:54 trial131 bash[8983]: audit
2026-02-12T00:20:52.519733+0000 mgr.y (mgr.14118) 10 : audit [DBG] from='client.14134 -' entity='client.admin' cmd=[{"prefix": "cephadm set-user", "user": "root", "target": ["mon-mgr", ""]}]: dispatch
2026-02-12T00:20:54.113 INFO:journalctl@ceph.mon.a.trial131.stdout:Feb 12 00:20:54 trial131 bash[8983]: audit
2026-02-12T00:20:52.757926+0000 mgr.y (mgr.14118) 11 : audit [DBG] from='client.14136 -' entity='client.admin' cmd=[{"prefix": "cephadm generate-key", "target": ["mon-mgr", ""]}]: dispatch
2026-02-12T00:20:54.113 INFO:journalctl@ceph.mon.a.trial131.stdout:Feb 12 00:20:54 trial131 bash[8983]: audit
2026-02-12T00:20:52.757926+0000 mgr.y (mgr.14118) 11 : audit [DBG] from='client.14136 -' entity='client.admin' cmd=[{"prefix": "cephadm generate-key", "target": ["mon-mgr", ""]}]: dispatch
2026-02-12T00:20:54.113 INFO:journalctl@ceph.mon.a.trial131.stdout:Feb 12 00:20:54 trial131 bash[8983]: cephadm
2026-02-12T00:20:52.758137+0000 mgr.y (mgr.14118) 12 : cephadm [INF] Generating ssh key...
2026-02-12T00:20:54.114 INFO:journalctl@ceph.mon.a.trial131.stdout:Feb 12 00:20:54 trial131 bash[8983]: cephadm
2026-02-12T00:20:52.758137+0000 mgr.y (mgr.14118) 12 : cephadm [INF] Generating ssh key...
2026-02-12T00:20:54.114 INFO:journalctl@ceph.mon.a.trial131.stdout:Feb 12 00:20:54 trial131 bash[8983]: audit
2026-02-12T00:20:53.018129+0000 mgr.y (mgr.14118) 13 : audit [DBG] from='client.14138 -' entity='client.admin' cmd=[{"prefix": "cephadm get-pub-key", "target": ["mon-mgr", ""]}]: dispatch
2026-02-12T00:20:54.114 INFO:journalctl@ceph.mon.a.trial131.stdout:Feb 12 00:20:54 trial131 bash[8983]: audit
2026-02-12T00:20:53.018129+0000 mgr.y (mgr.14118) 13 : audit [DBG] from='client.14138 -' entity='client.admin' cmd=[{"prefix": "cephadm get-pub-key", "target": ["mon-mgr", ""]}]: dispatch
2026-02-12T00:20:54.114 INFO:journalctl@ceph.mon.a.trial131.stdout:Feb 12 00:20:54 trial131 bash[8983]: cluster
2026-02-12T00:20:53.022598+0000 mon.a (mon.0) 66 : cluster [DBG] mgrmap e8: y(active, since 3s)
