2026-02-19T10:50:17.137+0000 7efc8e3ac640 1 --2- 10.20.193.36:0/1329010271 >> [v2:10.20.193.36:6800/2079309754,v1:10.20.193.36:6801/2079309754] conn(0x7efc5c03f780 0x7efc5c05fc30 unknown :-1 s=CLOSED pgs=11 gs=2 cs=0 l=1 c_cookie=0 s_cookie=0 reconnecting=0 rev1=1 crypto rx=0 tx=0 comp rx=0 tx=0).stop
2026-02-19T10:50:17.337 INFO:teuthology.orchestra.run.trial036.stdout:/usr/bin/ceph: stderr
2026-02-19T10:50:17.137+0000 7efc8e3ac640 1 --2- 10.20.193.36:0/1329010271 >> [v2:10.20.193.36:3300/0,v1:10.20.193.36:6789/0] conn(0x7efc88113010 0x7efc88122580 unknown :-1 s=CLOSED pgs=44 gs=1 cs=0 l=1 c_cookie=0 s_cookie=0 reconnecting=0 rev1=1 crypto rx=0 tx=0 comp rx=0 tx=0).stop
2026-02-19T10:50:17.337 INFO:teuthology.orchestra.run.trial036.stdout:/usr/bin/ceph: stderr
2026-02-19T10:50:17.137+0000 7efc8e3ac640 1 -- 10.20.193.36:0/1329010271 >> 10.20.193.36:0/1329010271 conn(0x7efc880f07e0 msgr2=0x7efc88110bc0 unknown :-1 s=STATE_NONE l=0).mark_down
2026-02-19T10:50:17.337 INFO:teuthology.orchestra.run.trial036.stdout:/usr/bin/ceph: stderr
2026-02-19T10:50:17.137+0000 7efc8e3ac640 1 -- 10.20.193.36:0/1329010271 shutdown_connections
2026-02-19T10:50:17.337 INFO:teuthology.orchestra.run.trial036.stdout:/usr/bin/ceph: stderr
2026-02-19T10:50:17.137+0000 7efc8e3ac640 1 -- 10.20.193.36:0/1329010271 wait complete.
2026-02-19T10:50:17.337 INFO:teuthology.orchestra.run.trial036.stdout:Wrote public SSH key to /home/ubuntu/cephtest/ceph.pub
2026-02-19T10:50:17.337 INFO:teuthology.orchestra.run.trial036.stdout:Adding key to root@localhost authorized_keys...
2026-02-19T10:50:17.337 INFO:teuthology.orchestra.run.trial036.stdout:Adding host trial036...
2026-02-19T10:50:17.850 INFO:journalctl@ceph.mon.a.trial036.stdout:Feb 19 10:50:17 trial036 ceph-mon[22306]: from='client.14132 -' entity='client.admin' cmd=[{"prefix": "orch set backend", "module_name": "cephadm", "target": ["mon-mgr", ""]}]: dispatch
2026-02-19T10:50:17.850 INFO:journalctl@ceph.mon.a.trial036.stdout:Feb 19 10:50:17 trial036 ceph-mon[22306]: from='client.14134 -' entity='client.admin' cmd=[{"prefix": "cephadm set-user", "user": "root", "target": ["mon-mgr", ""]}]: dispatch
2026-02-19T10:50:17.850 INFO:journalctl@ceph.mon.a.trial036.stdout:Feb 19 10:50:17 trial036 ceph-mon[22306]: from='client.14136 -' entity='client.admin' cmd=[{"prefix": "cephadm generate-key", "target": ["mon-mgr", ""]}]: dispatch
2026-02-19T10:50:17.850 INFO:journalctl@ceph.mon.a.trial036.stdout:Feb 19 10:50:17 trial036 ceph-mon[22306]: Generating ssh key...
2026-02-19T10:50:17.850 INFO:journalctl@ceph.mon.a.trial036.stdout:Feb 19 10:50:17 trial036 ceph-mon[22306]: from='mgr.14118 10.20.193.36:0/1304509244' entity='mgr.y'
2026-02-19T10:50:17.850 INFO:journalctl@ceph.mon.a.trial036.stdout:Feb 19 10:50:17 trial036 ceph-mon[22306]: from='mgr.14118 10.20.193.36:0/1304509244' entity='mgr.y'
2026-02-19T10:50:19.090 INFO:journalctl@ceph.mon.a.trial036.stdout:Feb 19 10:50:18 trial036 ceph-mon[22306]: from='client.14138 -' entity='client.admin' cmd=[{"prefix": "cephadm get-pub-key", "target": ["mon-mgr", ""]}]: dispatch
2026-02-19T10:50:19.091 INFO:journalctl@ceph.mon.a.trial036.stdout:Feb 19 10:50:18 trial036 ceph-mon[22306]: from='client.14140 -' entity='client.admin' cmd=[{"prefix": "orch host add", "hostname": "trial036", "addr": "10.20.193.36", "target": ["mon-mgr", ""]}]: dispatch
2026-02-19T10:50:19.091 INFO:journalctl@ceph.mon.a.trial036.stdout:Feb 19 10:50:18 trial036 ceph-mon[22306]: Deploying cephadm binary to trial036
2026-02-19T10:50:19.238 INFO:teuthology.orchestra.run.trial036.stdout:/usr/bin/ceph: stdout Added host 'trial036' with addr '10.20.193.36'
2026-02-19T10:50:19.238 INFO:teuthology.orchestra.run.trial036.stdout:/usr/bin/ceph: stderr
2026-02-19T10:50:17.454+0000 7f58c4c99640 1 Processor -- start
2026-02-19T10:50:19.238 INFO:teuthology.orchestra.run.trial036.stdout:/usr/bin/ceph: stderr
2026-02-19T10:50:17.454+0000 7f58c4c99640 1 -- start start
2026-02-19T10:50:19.238 INFO:teuthology.orchestra.run.trial036.stdout:/usr/bin/ceph: stderr
2026-02-19T10:50:17.454+0000 7f58c4c99640 1 --2- >> [v2:10.20.193.36:3300/0,v1:10.20.193.36:6789/0] conn(0x7f58c0110d70 0x7f58c0111160 unknown :-1 s=NONE pgs=0 gs=0 cs=0 l=0 c_cookie=0 s_cookie=0 reconnecting=0 rev1=0 crypto rx=0 tx=0 comp rx=0 tx=0).connect
2026-02-19T10:50:19.238 INFO:teuthology.orchestra.run.trial036.stdout:/usr/bin/ceph: stderr
2026-02-19T10:50:17.454+0000 7f58c4c99640 1 -- --> [v2:10.20.193.36:3300/0,v1:10.20.193.36:6789/0] -- mon_getmap magic: 0 -- 0x7f58c0111750 con 0x7f58c0110d70
2026-02-19T10:50:19.238 INFO:teuthology.orchestra.run.trial036.stdout:/usr/bin/ceph: stderr
2026-02-19T10:50:17.455+0000 7f58be575640 1 --2- >> [v2:10.20.193.36:3300/0,v1:10.20.193.36:6789/0] conn(0x7f58c0110d70 0x7f58c0111160 unknown :-1 s=BANNER_CONNECTING pgs=0 gs=1 cs=0 l=0 c_cookie=0 s_cookie=0 reconnecting=0 rev1=0 crypto rx=0 tx=0 comp rx=0 tx=0)._handle_peer_banner_payload supported=3 required=0
2026-02-19T10:50:19.238 INFO:teuthology.orchestra.run.trial036.stdout:/usr/bin/ceph: stderr
2026-02-19T10:50:17.455+0000 7f58be575640 1 --2- >> [v2:10.20.193.36:3300/0,v1:10.20.193.36:6789/0] conn(0x7f58c0110d70 0x7f58c0111160 unknown :-1 s=HELLO_CONNECTING pgs=0 gs=1 cs=0 l=0 c_cookie=0 s_cookie=0 reconnecting=0 rev1=1 crypto rx=0 tx=0 comp rx=0 tx=0).handle_hello peer v2:10.20.193.36:3300/0 says I am v2:10.20.193.36:57078/0 (socket says 10.20.193.36:57078)
2026-02-19T10:50:19.239 INFO:teuthology.orchestra.run.trial036.stdout:/usr/bin/ceph: stderr
2026-02-19T10:50:17.455+0000 7f58be575640 1 -- 10.20.193.36:0/354915932 learned_addr learned my addr 10.20.193.36:0/354915932 (peer_addr_for_me v2:10.20.193.36:0/0)
2026-02-19T10:50:19.239 INFO:teuthology.orchestra.run.trial036.stdout:/usr/bin/ceph: stderr
2026-02-19T10:50:17.455+0000 7f58be575640 1 -- 10.20.193.36:0/354915932 --> [v2:10.20.193.36:3300/0,v1:10.20.193.36:6789/0] -- mon_subscribe({config=0+,monmap=0+}) -- 0x7f58c0111890 con 0x7f58c0110d70
2026-02-19T10:50:19.239 INFO:teuthology.orchestra.run.trial036.stdout:/usr/bin/ceph: stderr
2026-02-19T10:50:17.455+0000 7f58be575640 1 --2- 10.20.193.36:0/354915932 >> [v2:10.20.193.36:3300/0,v1:10.20.193.36:6789/0] conn(0x7f58c0110d70 0x7f58c0111160 secure :-1 s=READY pgs=45 gs=1 cs=0 l=1 c_cookie=10194745477201262854 s_cookie=0 reconnecting=0 rev1=1 crypto rx=0x7f58b4009850 tx=0x7f58b402eeb0 comp rx=0 tx=0).ready entity=mon.0 client_cookie=8d7b02ff5819f906 server_cookie=0 in_seq=0 out_seq=0
2026-02-19T10:50:19.239 INFO:teuthology.orchestra.run.trial036.stdout:/usr/bin/ceph: stderr
2026-02-19T10:50:17.455+0000 7f58bd573640 1 -- 10.20.193.36:0/354915932 <== mon.0 v2:10.20.193.36:3300/0 1 ==== mon_map magic: 0 ==== 213+0+0 (secure 0 0 0) 0x7f58b402f940 con 0x7f58c0110d70
2026-02-19T10:50:19.239 INFO:teuthology.orchestra.run.trial036.stdout:/usr/bin/ceph: stderr
2026-02-19T10:50:17.455+0000 7f58bd573640 1 -- 10.20.193.36:0/354915932 <== mon.0 v2:10.20.193.36:3300/0 2 ==== config(24 keys) ==== 978+0+0 (secure 0 0 0) 0x7f58b4037440 con 0x7f58c0110d70
2026-02-19T10:50:19.239 INFO:teuthology.orchestra.run.trial036.stdout:/usr/bin/ceph: stderr
2026-02-19T10:50:17.455+0000 7f58bd573640 1 -- 10.20.193.36:0/354915932 <== mon.0 v2:10.20.193.36:3300/0 3 ==== mon_map magic: 0 ==== 213+0+0 (secure 0 0 0) 0x7f58b4035340 con 0x7f58c0110d70
2026-02-19T10:50:19.239 INFO:teuthology.orchestra.run.trial036.stdout:/usr/bin/ceph: stderr
2026-02-19T10:50:17.455+0000 7f58c4c99640 1 -- 10.20.193.36:0/354915932 >> [v2:10.20.193.36:3300/0,v1:10.20.193.36:6789/0] conn(0x7f58c0110d70 msgr2=0x7f58c0111160 secure :-1 s=STATE_CONNECTION_ESTABLISHED l=1).mark_down
2026-02-19T10:50:19.239 INFO:teuthology.orchestra.run.trial036.stdout:/usr/bin/ceph: stderr
2026-02-19T10:50:17.455+0000 7f58c4c99640 1 --2- 10.20.193.36:0/354915932 >> [v2:10.20.193.36:3300/0,v1:10.20.193.36:6789/0] conn(0x7f58c0110d70 0x7f58c0111160 secure :-1 s=READY pgs=45 gs=1 cs=0 l=1 c_cookie=10194745477201262854 s_cookie=0 reconnecting=0 rev1=1 crypto rx=0x7f58b4009850 tx=0x7f58b402eeb0 comp rx=0 tx=0).stop
2026-02-19T10:50:19.239 INFO:teuthology.orchestra.run.trial036.stdout:/usr/bin/ceph: stderr
2026-02-19T10:50:17.456+0000 7f58c4c99640 1 -- 10.20.193.36:0/354915932 shutdown_connections
2026-02-19T10:50:19.239 INFO:teuthology.orchestra.run.trial036.stdout:/usr/bin/ceph: stderr
2026-02-19T10:50:17.456+0000 7f58c4c99640 1 --2- 10.20.193.36:0/354915932 >> [v2:10.20.193.36:3300/0,v1:10.20.193.36:6789/0] conn(0x7f58c0110d70 0x7f58c0111160 unknown :-1 s=CLOSED pgs=45 gs=1 cs=0 l=1 c_cookie=10194745477201262854 s_cookie=0 reconnecting=0 rev1=1 crypto rx=0 tx=0 comp rx=0 tx=0).stop
2026-02-19T10:50:19.239 INFO:teuthology.orchestra.run.trial036.stdout:/usr/bin/ceph: stderr
2026-02-19T10:50:17.456+0000 7f58c4c99640 1 -- 10.20.193.36:0/354915932 >> 10.20.193.36:0/354915932 conn(0x7f58c00ee540 msgr2=0x7f58c010e950 unknown :-1 s=STATE_NONE l=0).mark_down
2026-02-19T10:50:19.239 INFO:teuthology.orchestra.run.trial036.stdout:/usr/bin/ceph: stderr
2026-02-19T10:50:17.456+0000 7f58c4c99640 1 -- 10.20.193.36:0/354915932 shutdown_connections
2026-02-19T10:50:19.240 INFO:teuthology.orchestra.run.trial036.stdout:/usr/bin/ceph: stderr
2026-02-19T10:50:17.456+0000 7f58c4c99640 1 -- 10.20.193.36:0/354915932 wait complete.
2026-02-19T10:50:19.240 INFO:teuthology.orchestra.run.trial036.stdout:/usr/bin/ceph: stderr
2026-02-19T10:50:17.456+0000 7f58c4c99640 1 Processor -- start
2026-02-19T10:50:19.240 INFO:teuthology.orchestra.run.trial036.stdout:/usr/bin/ceph: stderr
2026-02-19T10:50:17.456+0000 7f58c4c99640 1 -- start start
2026-02-19T10:50:19.240 INFO:teuthology.orchestra.run.trial036.stdout:/usr/bin/ceph: stderr
2026-02-19T10:50:17.456+0000 7f58c4c99640 1 --2- >> [v2:10.20.193.36:3300/0,v1:10.20.193.36:6789/0] conn(0x7f58c0110d70 0x7f58c0120200 unknown :-1 s=NONE pgs=0 gs=0 cs=0 l=1 c_cookie=0 s_cookie=0 reconnecting=0 rev1=0 crypto rx=0 tx=0 comp rx=0 tx=0).connect
2026-02-19T10:50:19.240 INFO:teuthology.orchestra.run.trial036.stdout:/usr/bin/ceph: stderr
2026-02-19T10:50:17.456+0000 7f58c4c99640 1 -- --> [v2:10.20.193.36:3300/0,v1:10.20.193.36:6789/0] -- mon_getmap magic: 0 -- 0x7f58c0120760 con 0x7f58c0110d70
2026-02-19T10:50:19.240 INFO:teuthology.orchestra.run.trial036.stdout:/usr/bin/ceph: stderr
2026-02-19T10:50:17.456+0000 7f58be575640 1 --2- >> [v2:10.20.193.36:3300/0,v1:10.20.193.36:6789/0] conn(0x7f58c0110d70 0x7f58c0120200 unknown :-1 s=BANNER_CONNECTING pgs=0 gs=1 cs=0 l=1 c_cookie=0 s_cookie=0 reconnecting=0 rev1=0 crypto rx=0 tx=0 comp rx=0 tx=0)._handle_peer_banner_payload supported=3 required=0
2026-02-19T10:50:19.240 INFO:teuthology.orchestra.run.trial036.stdout:/usr/bin/ceph: stderr
2026-02-19T10:50:17.456+0000 7f58be575640 1 --2- >> [v2:10.20.193.36:3300/0,v1:10.20.193.36:6789/0] conn(0x7f58c0110d70 0x7f58c0120200 unknown :-1 s=HELLO_CONNECTING pgs=0 gs=1 cs=0 l=1 c_cookie=0 s_cookie=0 reconnecting=0 rev1=1 crypto rx=0 tx=0 comp rx=0 tx=0).handle_hello peer v2:10.20.193.36:3300/0 says I am v2:10.20.193.36:57094/0 (socket says 10.20.193.36:57094)
2026-02-19T10:50:19.240 INFO:teuthology.orchestra.run.trial036.stdout:/usr/bin/ceph: stderr
2026-02-19T10:50:17.456+0000 7f58be575640 1 -- 10.20.193.36:0/1229511693 learned_addr learned my addr 10.20.193.36:0/1229511693 (peer_addr_for_me v2:10.20.193.36:0/0)
2026-02-19T10:50:19.240 INFO:teuthology.orchestra.run.trial036.stdout:/usr/bin/ceph: stderr
2026-02-19T10:50:17.456+0000 7f58be575640 1 -- 10.20.193.36:0/1229511693 --> [v2:10.20.193.36:3300/0,v1:10.20.193.36:6789/0] -- mon_subscribe({config=0+,monmap=0+}) -- 0x7f58b40094f0 con 0x7f58c0110d70
2026-02-19T10:50:19.240 INFO:teuthology.orchestra.run.trial036.stdout:/usr/bin/ceph: stderr
2026-02-19T10:50:17.456+0000 7f58be575640 1 --2- 10.20.193.36:0/1229511693 >> [v2:10.20.193.36:3300/0,v1:10.20.193.36:6789/0] conn(0x7f58c0110d70 0x7f58c0120200 secure :-1 s=READY pgs=46 gs=1 cs=0 l=1 c_cookie=0 s_cookie=0 reconnecting=0 rev1=1 crypto rx=0x7f58b402f460 tx=0x7f58b4035ea0 comp rx=0 tx=0).ready entity=mon.0 client_cookie=0 server_cookie=0 in_seq=0 out_seq=0
2026-02-19T10:50:19.240 INFO:teuthology.orchestra.run.trial036.stdout:/usr/bin/ceph: stderr
2026-02-19T10:50:17.456+0000 7f58a77fe640 1 -- 10.20.193.36:0/1229511693 <== mon.0 v2:10.20.193.36:3300/0 1 ==== mon_map magic: 0 ==== 213+0+0 (secure 0 0 0) 0x7f58b4037e50 con 0x7f58c0110d70
2026-02-19T10:50:19.240 INFO:teuthology.orchestra.run.trial036.stdout:/usr/bin/ceph: stderr
2026-02-19T10:50:17.456+0000 7f58c4c99640 1 -- 10.20.193.36:0/1229511693 --> [v2:10.20.193.36:3300/0,v1:10.20.193.36:6789/0] -- mon_subscribe({mgrmap=0+}) -- 0x7f58c0120960 con 0x7f58c0110d70
2026-02-19T10:50:19.241 INFO:teuthology.orchestra.run.trial036.stdout:/usr/bin/ceph: stderr
2026-02-19T10:50:17.456+0000 7f58a77fe640 1 -- 10.20.193.36:0/1229511693 <== mon.0 v2:10.20.193.36:3300/0 2 ==== config(24 keys) ==== 978+0+0 (secure 0 0 0) 0x7f58b402fd80 con 0x7f58c0110d70
2026-02-19T10:50:19.241 INFO:teuthology.orchestra.run.trial036.stdout:/usr/bin/ceph: stderr
2026-02-19T10:50:17.456+0000 7f58a77fe640 1 -- 10.20.193.36:0/1229511693 <== mon.0 v2:10.20.193.36:3300/0 3 ==== mon_map magic: 0 ==== 213+0+0 (secure 0 0 0) 0x7f58b40036d0 con 0x7f58c0110d70
2026-02-19T10:50:19.241 INFO:teuthology.orchestra.run.trial036.stdout:/usr/bin/ceph: stderr
2026-02-19T10:50:17.456+0000 7f58c4c99640 1 -- 10.20.193.36:0/1229511693 --> [v2:10.20.193.36:3300/0,v1:10.20.193.36:6789/0] -- mon_subscribe({osdmap=0}) -- 0x7f58c01213e0 con 0x7f58c0110d70
2026-02-19T10:50:19.241 INFO:teuthology.orchestra.run.trial036.stdout:/usr/bin/ceph: stderr
2026-02-19T10:50:17.457+0000 7f58c4c99640 1 -- 10.20.193.36:0/1229511693 --> [v2:10.20.193.36:3300/0,v1:10.20.193.36:6789/0] -- mon_command({"prefix": "get_command_descriptions"} v 0) -- 0x7f58c0120e70 con 0x7f58c0110d70
2026-02-19T10:50:19.241 INFO:teuthology.orchestra.run.trial036.stdout:/usr/bin/ceph: stderr
2026-02-19T10:50:17.457+0000 7f58a77fe640 1 -- 10.20.193.36:0/1229511693 <== mon.0 v2:10.20.193.36:3300/0 4 ==== mgrmap(e 8) ==== 52814+0+0 (secure 0 0 0) 0x7f58b403e070 con 0x7f58c0110d70
2026-02-19T10:50:19.241 INFO:teuthology.orchestra.run.trial036.stdout:/usr/bin/ceph: stderr
2026-02-19T10:50:17.457+0000 7f58a77fe640 1 --2- 10.20.193.36:0/1229511693 >> [v2:10.20.193.36:6800/2079309754,v1:10.20.193.36:6801/2079309754] conn(0x7f589803f780 0x7f589805fc30 unknown :-1 s=NONE pgs=0 gs=0 cs=0 l=1 c_cookie=0 s_cookie=0 reconnecting=0 rev1=0 crypto rx=0 tx=0 comp rx=0 tx=0).connect
2026-02-19T10:50:19.241 INFO:teuthology.orchestra.run.trial036.stdout:/usr/bin/ceph: stderr
2026-02-19T10:50:17.457+0000 7f58a77fe640 1 -- 10.20.193.36:0/1229511693 <== mon.0 v2:10.20.193.36:3300/0 5 ==== osd_map(2..2 src has 1..2) ==== 935+0+0 (secure 0 0 0) 0x7f58b4078460 con 0x7f58c0110d70
2026-02-19T10:50:19.241 INFO:teuthology.orchestra.run.trial036.stdout:/usr/bin/ceph: stderr
2026-02-19T10:50:17.457+0000 7f58bdd74640 1 --2- 10.20.193.36:0/1229511693 >> [v2:10.20.193.36:6800/2079309754,v1:10.20.193.36:6801/2079309754] conn(0x7f589803f780 0x7f589805fc30 unknown :-1 s=BANNER_CONNECTING pgs=0 gs=2 cs=0 l=1 c_cookie=0 s_cookie=0 reconnecting=0 rev1=0 crypto rx=0 tx=0 comp rx=0 tx=0)._handle_peer_banner_payload supported=3 required=0
2026-02-19T10:50:19.241 INFO:teuthology.orchestra.run.trial036.stdout:/usr/bin/ceph: stderr
2026-02-19T10:50:17.458+0000 7f58bdd74640 1 --2- 10.20.193.36:0/1229511693 >> [v2:10.20.193.36:6800/2079309754,v1:10.20.193.36:6801/2079309754] conn(0x7f589803f780 0x7f589805fc30 secure :-1 s=READY pgs=12 gs=2 cs=0 l=1 c_cookie=0 s_cookie=0 reconnecting=0 rev1=1 crypto rx=0x7f58a8006fd0 tx=0x7f58a8006e60 comp rx=0 tx=0).ready entity=mgr.14118 client_cookie=0 server_cookie=0 in_seq=0 out_seq=0
2026-02-19T10:50:19.241 INFO:teuthology.orchestra.run.trial036.stdout:/usr/bin/ceph: stderr
2026-02-19T10:50:17.459+0000 7f58a77fe640 1 -- 10.20.193.36:0/1229511693 <== mon.0 v2:10.20.193.36:3300/0 6 ==== mon_command_ack([{"prefix": "get_command_descriptions"}]=0 v0) ==== 72+0+230863 (secure 0 0 0) 0x7f58b4036a50 con 0x7f58c0110d70
2026-02-19T10:50:19.241 INFO:teuthology.orchestra.run.trial036.stdout:/usr/bin/ceph: stderr
2026-02-19T10:50:17.569+0000 7f58c4c99640 1 -- 10.20.193.36:0/1229511693 --> [v2:10.20.193.36:6800/2079309754,v1:10.20.193.36:6801/2079309754] -- mgr_command(tid 0: {"prefix": "orch host add", "hostname": "trial036", "addr": "10.20.193.36", "target": ["mon-mgr", ""]}) -- 0x7f58c0069480 con 0x7f589803f780
2026-02-19T10:50:19.242 INFO:teuthology.orchestra.run.trial036.stdout:/usr/bin/ceph: stderr
2026-02-19T10:50:19.097+0000 7f58a77fe640 1 -- 10.20.193.36:0/1229511693 <== mgr.14118 v2:10.20.193.36:6800/2079309754 1 ==== mgr_command_reply(tid 0: 0 ) ==== 8+0+47 (secure 0 0 0) 0x7f58c0069480 con 0x7f589803f780
2026-02-19T10:50:19.242 INFO:teuthology.orchestra.run.trial036.stdout:/usr/bin/ceph: stderr
2026-02-19T10:50:19.100+0000 7f58c4c99640 1 -- 10.20.193.36:0/1229511693 >> [v2:10.20.193.36:6800/2079309754,v1:10.20.193.36:6801/2079309754] conn(0x7f589803f780 msgr2=0x7f589805fc30 secure :-1 s=STATE_CONNECTION_ESTABLISHED l=1).mark_down
2026-02-19T10:50:19.242 INFO:teuthology.orchestra.run.trial036.stdout:/usr/bin/ceph: stderr
2026-02-19T10:50:19.100+0000 7f58c4c99640 1 --2- 10.20.193.36:0/1229511693 >> [v2:10.20.193.36:6800/2079309754,v1:10.20.193.36:6801/2079309754] conn(0x7f589803f780 0x7f589805fc30 secure :-1 s=READY pgs=12 gs=2 cs=0 l=1 c_cookie=0 s_cookie=0 reconnecting=0 rev1=1 crypto rx=0x7f58a8006fd0 tx=0x7f58a8006e60 comp rx=0 tx=0).stop
2026-02-19T10:50:19.242 INFO:teuthology.orchestra.run.trial036.stdout:/usr/bin/ceph: stderr
2026-02-19T10:50:19.100+0000 7f58c4c99640 1 -- 10.20.193.36:0/1229511693 >> [v2:10.20.193.36:3300/0,v1:10.20.193.36:6789/0] conn(0x7f58c0110d70 msgr2=0x7f58c0120200 secure :-1 s=STATE_CONNECTION_ESTABLISHED l=1).mark_down
2026-02-19T10:50:19.242 INFO:teuthology.orchestra.run.trial036.stdout:/usr/bin/ceph: stderr
2026-02-19T10:50:19.100+0000 7f58c4c99640 1 --2- 10.20.193.36:0/1229511693 >> [v2:10.20.193.36:3300/0,v1:10.20.193.36:6789/0] conn(0x7f58c0110d70 0x7f58c0120200 secure :-1 s=READY pgs=46 gs=1 cs=0 l=1 c_cookie=0 s_cookie=0 reconnecting=0 rev1=1 crypto rx=0x7f58b402f460 tx=0x7f58b4035ea0 comp rx=0 tx=0).stop
2026-02-19T10:50:19.242 INFO:teuthology.orchestra.run.trial036.stdout:/usr/bin/ceph: stderr
2026-02-19T10:50:19.100+0000 7f58c4c99640 1 -- 10.20.193.36:0/1229511693 shutdown_connections
2026-02-19T10:50:19.242 INFO:teuthology.orchestra.run.trial036.stdout:/usr/bin/ceph: stderr
2026-02-19T10:50:19.100+0000 7f58c4c99640 1 --2- 10.20.193.36:0/1229511693 >> [v2:10.20.193.36:6800/2079309754,v1:10.20.193.36:6801/2079309754] conn(0x7f589803f780 0x7f589805fc30 unknown :-1 s=CLOSED pgs=12 gs=2 cs=0 l=1 c_cookie=0 s_cookie=0 reconnecting=0 rev1=1 crypto rx=0 tx=0 comp rx=0 tx=0).stop
2026-02-19T10:50:19.242 INFO:teuthology.orchestra.run.trial036.stdout:/usr/bin/ceph: stderr
2026-02-19T10:50:19.100+0000 7f58c4c99640 1 --2- 10.20.193.36:0/1229511693 >> [v2:10.20.193.36:3300/0,v1:10.20.193.36:6789/0] conn(0x7f58c0110d70 0x7f58c0120200 unknown :-1 s=CLOSED pgs=46 gs=1 cs=0 l=1 c_cookie=0 s_cookie=0 reconnecting=0 rev1=1 crypto rx=0 tx=0 comp rx=0 tx=0).stop
2026-02-19T10:50:19.242 INFO:teuthology.orchestra.run.trial036.stdout:/usr/bin/ceph: stderr
2026-02-19T10:50:19.100+0000 7f58c4c99640 1 -- 10.20.193.36:0/1229511693 >> 10.20.193.36:0/1229511693 conn(0x7f58c00ee540 msgr2=0x7f58c010e920 unknown :-1 s=STATE_NONE l=0).mark_down
2026-02-19T10:50:19.242 INFO:teuthology.orchestra.run.trial036.stdout:/usr/bin/ceph: stderr
2026-02-19T10:50:19.100+0000 7f58c4c99640 1 -- 10.20.193.36:0/1229511693 shutdown_connections
2026-02-19T10:50:19.242 INFO:teuthology.orchestra.run.trial036.stdout:/usr/bin/ceph: stderr
2026-02-19T10:50:19.100+0000 7f58c4c99640 1 -- 10.20.193.36:0/1229511693 wait complete.
2026-02-19T10:50:19.242 INFO:teuthology.orchestra.run.trial036.stdout:Deploying unmanaged mon service...
2026-02-19T10:50:19.607 INFO:teuthology.orchestra.run.trial036.stdout:/usr/bin/ceph: stdout Scheduled mon update...
2026-02-19T10:50:19.607 INFO:teuthology.orchestra.run.trial036.stdout:/usr/bin/ceph: stderr
2026-02-19T10:50:19.364+0000 7f42017bf640 1 Processor -- start
2026-02-19T10:50:19.607 INFO:teuthology.orchestra.run.trial036.stdout:/usr/bin/ceph: stderr
2026-02-19T10:50:19.364+0000 7f42017bf640 1 -- start start
2026-02-19T10:50:19.607 INFO:teuthology.orchestra.run.trial036.stdout:/usr/bin/ceph: stderr
2026-02-19T10:50:19.364+0000 7f42017bf640 1 --2- >> [v2:10.20.193.36:3300/0,v1:10.20.193.36:6789/0] conn(0x7f41fc112fe0 0x7f41fc1133d0 unknown :-1 s=NONE pgs=0 gs=0 cs=0 l=0 c_cookie=0 s_cookie=0 reconnecting=0 rev1=0 crypto rx=0 tx=0 comp rx=0 tx=0).connect
2026-02-19T10:50:19.607 INFO:teuthology.orchestra.run.trial036.stdout:/usr/bin/ceph: stderr
2026-02-19T10:50:19.364+0000 7f42017bf640 1 -- --> [v2:10.20.193.36:3300/0,v1:10.20.193.36:6789/0] -- mon_getmap magic: 0 -- 0x7f41fc1139c0 con 0x7f41fc112fe0
2026-02-19T10:50:19.607 INFO:teuthology.orchestra.run.trial036.stdout:/usr/bin/ceph: stderr
2026-02-19T10:50:19.364+0000 7f41faffd640 1 --2- >> [v2:10.20.193.36:3300/0,v1:10.20.193.36:6789/0] conn(0x7f41fc112fe0 0x7f41fc1133d0 unknown :-1 s=BANNER_CONNECTING pgs=0 gs=1 cs=0 l=0 c_cookie=0 s_cookie=0 reconnecting=0 rev1=0 crypto rx=0 tx=0 comp rx=0 tx=0)._handle_peer_banner_payload supported=3 required=0
2026-02-19T10:50:19.607 INFO:teuthology.orchestra.run.trial036.stdout:/usr/bin/ceph: stderr
2026-02-19T10:50:19.364+0000 7f41faffd640 1 --2- >> [v2:10.20.193.36:3300/0,v1:10.20.193.36:6789/0] conn(0x7f41fc112fe0 0x7f41fc1133d0 unknown :-1 s=HELLO_CONNECTING pgs=0 gs=1 cs=0 l=0 c_cookie=0 s_cookie=0 reconnecting=0 rev1=1 crypto rx=0 tx=0 comp rx=0 tx=0).handle_hello peer v2:10.20.193.36:3300/0 says I am v2:10.20.193.36:36886/0 (socket says 10.20.193.36:36886)
2026-02-19T10:50:19.607 INFO:teuthology.orchestra.run.trial036.stdout:/usr/bin/ceph: stderr
2026-02-19T10:50:19.364+0000 7f41faffd640 1 -- 10.20.193.36:0/2535941627 learned_addr learned my addr 10.20.193.36:0/2535941627 (peer_addr_for_me v2:10.20.193.36:0/0)
2026-02-19T10:50:19.607 INFO:teuthology.orchestra.run.trial036.stdout:/usr/bin/ceph: stderr
2026-02-19T10:50:19.365+0000 7f41faffd640 1 -- 10.20.193.36:0/2535941627 --> [v2:10.20.193.36:3300/0,v1:10.20.193.36:6789/0] -- mon_subscribe({config=0+,monmap=0+}) -- 0x7f41fc113b00 con 0x7f41fc112fe0
2026-02-19T10:50:19.607 INFO:teuthology.orchestra.run.trial036.stdout:/usr/bin/ceph: stderr
2026-02-19T10:50:19.365+0000 7f41faffd640 1 --2- 10.20.193.36:0/2535941627 >> [v2:10.20.193.36:3300/0,v1:10.20.193.36:6789/0] conn(0x7f41fc112fe0 0x7f41fc1133d0 secure :-1 s=READY pgs=47 gs=1 cs=0 l=1 c_cookie=1174014546654460566 s_cookie=0 reconnecting=0 rev1=1 crypto rx=0x7f41f0009850 tx=0x7f41f002eeb0 comp rx=0 tx=0).ready entity=mon.0 client_cookie=104af0028e7afa96 server_cookie=0 in_seq=0 out_seq=0
2026-02-19T10:50:19.607 INFO:teuthology.orchestra.run.trial036.stdout:/usr/bin/ceph: stderr
2026-02-19T10:50:19.365+0000 7f41f9ffb640 1 -- 10.20.193.36:0/2535941627 <== mon.0 v2:10.20.193.36:3300/0 1 ==== mon_map magic: 0 ==== 213+0+0 (secure 0 0 0) 0x7f41f002f940 con 0x7f41fc112fe0
2026-02-19T10:50:19.607 INFO:teuthology.orchestra.run.trial036.stdout:/usr/bin/ceph: stderr
2026-02-19T10:50:19.365+0000 7f41f9ffb640 1 -- 10.20.193.36:0/2535941627 <== mon.0 v2:10.20.193.36:3300/0 2 ==== config(24 keys) ==== 978+0+0 (secure 0 0 0) 0x7f41f0037440 con 0x7f41fc112fe0
2026-02-19T10:50:19.607 INFO:teuthology.orchestra.run.trial036.stdout:/usr/bin/ceph: stderr
2026-02-19T10:50:19.365+0000 7f41f9ffb640 1 -- 10.20.193.36:0/2535941627 <== mon.0 v2:10.20.193.36:3300/0 3 ==== mon_map magic: 0 ==== 213+0+0 (secure 0 0 0) 0x7f41f0035340 con 0x7f41fc112fe0
2026-02-19T10:50:19.607 INFO:teuthology.orchestra.run.trial036.stdout:/usr/bin/ceph: stderr
2026-02-19T10:50:19.366+0000 7f42017bf640 1 -- 10.20.193.36:0/2535941627 >> [v2:10.20.193.36:3300/0,v1:10.20.193.36:6789/0] conn(0x7f41fc112fe0 msgr2=0x7f41fc1133d0 secure :-1 s=STATE_CONNECTION_ESTABLISHED l=1).mark_down
2026-02-19T10:50:19.607 INFO:teuthology.orchestra.run.trial036.stdout:/usr/bin/ceph: stderr
2026-02-19T10:50:19.366+0000 7f42017bf640 1 --2- 10.20.193.36:0/2535941627 >> [v2:10.20.193.36:3300/0,v1:10.20.193.36:6789/0] conn(0x7f41fc112fe0 0x7f41fc1133d0 secure :-1 s=READY pgs=47 gs=1 cs=0 l=1 c_cookie=1174014546654460566 s_cookie=0 reconnecting=0 rev1=1 crypto rx=0x7f41f0009850 tx=0x7f41f002eeb0 comp rx=0 tx=0).stop
2026-02-19T10:50:19.607 INFO:teuthology.orchestra.run.trial036.stdout:/usr/bin/ceph: stderr
2026-02-19T10:50:19.366+0000 7f42017bf640 1 -- 10.20.193.36:0/2535941627 shutdown_connections
2026-02-19T10:50:19.607 INFO:teuthology.orchestra.run.trial036.stdout:/usr/bin/ceph: stderr
2026-02-19T10:50:19.366+0000 7f42017bf640 1 --2- 10.20.193.36:0/2535941627 >> [v2:10.20.193.36:3300/0,v1:10.20.193.36:6789/0] conn(0x7f41fc112fe0 0x7f41fc1133d0 unknown :-1 s=CLOSED pgs=47 gs=1 cs=0 l=1 c_cookie=1174014546654460566 s_cookie=0 reconnecting=0 rev1=1 crypto rx=0 tx=0 comp rx=0 tx=0).stop
2026-02-19T10:50:19.607 INFO:teuthology.orchestra.run.trial036.stdout:/usr/bin/ceph: stderr
2026-02-19T10:50:19.366+0000 7f42017bf640 1 -- 10.20.193.36:0/2535941627 >> 10.20.193.36:0/2535941627 conn(0x7f41fc0f07e0 msgr2=0x7f41fc110bc0 unknown :-1 s=STATE_NONE l=0).mark_down
2026-02-19T10:50:19.607 INFO:teuthology.orchestra.run.trial036.stdout:/usr/bin/ceph: stderr
2026-02-19T10:50:19.366+0000 7f42017bf640 1 -- 10.20.193.36:0/2535941627 shutdown_connections
2026-02-19T10:50:19.608 INFO:teuthology.orchestra.run.trial036.stdout:/usr/bin/ceph: stderr
2026-02-19T10:50:19.366+0000 7f42017bf640 1 -- 10.20.193.36:0/2535941627 wait complete.
2026-02-19T10:50:19.608 INFO:teuthology.orchestra.run.trial036.stdout:/usr/bin/ceph: stderr
2026-02-19T10:50:19.366+0000 7f42017bf640 1 Processor -- start
2026-02-19T10:50:19.608 INFO:teuthology.orchestra.run.trial036.stdout:/usr/bin/ceph: stderr
2026-02-19T10:50:19.366+0000 7f42017bf640 1 -- start start
2026-02-19T10:50:19.608 INFO:teuthology.orchestra.run.trial036.stdout:/usr/bin/ceph: stderr
2026-02-19T10:50:19.366+0000 7f42017bf640 1 --2- >> [v2:10.20.193.36:3300/0,v1:10.20.193.36:6789/0] conn(0x7f41fc112fe0 0x7f41fc122590 unknown :-1 s=NONE pgs=0 gs=0 cs=0 l=1 c_cookie=0 s_cookie=0 reconnecting=0 rev1=0 crypto rx=0 tx=0 comp rx=0 tx=0).connect
2026-02-19T10:50:19.608 INFO:teuthology.orchestra.run.trial036.stdout:/usr/bin/ceph: stderr
2026-02-19T10:50:19.366+0000 7f42017bf640 1 -- --> [v2:10.20.193.36:3300/0,v1:10.20.193.36:6789/0] -- mon_getmap magic: 0 -- 0x7f41fc122af0 con 0x7f41fc112fe0
2026-02-19T10:50:19.608 INFO:teuthology.orchestra.run.trial036.stdout:/usr/bin/ceph: stderr
2026-02-19T10:50:19.366+0000 7f41faffd640 1 --2- >> [v2:10.20.193.36:3300/0,v1:10.20.193.36:6789/0] conn(0x7f41fc112fe0 0x7f41fc122590 unknown :-1 s=BANNER_CONNECTING pgs=0 gs=1 cs=0 l=1 c_cookie=0 s_cookie=0 reconnecting=0 rev1=0 crypto rx=0 tx=0 comp rx=0 tx=0)._handle_peer_banner_payload supported=3 required=0
2026-02-19T10:50:19.608 INFO:teuthology.orchestra.run.trial036.stdout:/usr/bin/ceph: stderr
2026-02-19T10:50:19.366+0000 7f41faffd640 1 --2- >> [v2:10.20.193.36:3300/0,v1:10.20.193.36:6789/0] conn(0x7f41fc112fe0 0x7f41fc122590 unknown :-1 s=HELLO_CONNECTING pgs=0 gs=1 cs=0 l=1 c_cookie=0 s_cookie=0 reconnecting=0 rev1=1 crypto rx=0 tx=0 comp rx=0 tx=0).handle_hello peer v2:10.20.193.36:3300/0 says I am v2:10.20.193.36:36892/0 (socket says 10.20.193.36:36892)
2026-02-19T10:50:19.608 INFO:teuthology.orchestra.run.trial036.stdout:/usr/bin/ceph: stderr
2026-02-19T10:50:19.366+0000 7f41faffd640 1 -- 10.20.193.36:0/1247856696 learned_addr learned my addr 10.20.193.36:0/1247856696 (peer_addr_for_me v2:10.20.193.36:0/0)
2026-02-19T10:50:19.608 INFO:teuthology.orchestra.run.trial036.stdout:/usr/bin/ceph: stderr
2026-02-19T10:50:19.366+0000 7f41faffd640 1 -- 10.20.193.36:0/1247856696 --> [v2:10.20.193.36:3300/0,v1:10.20.193.36:6789/0] -- mon_subscribe({config=0+,monmap=0+}) -- 0x7f41f00094f0 con 0x7f41fc112fe0
2026-02-19T10:50:19.608 INFO:teuthology.orchestra.run.trial036.stdout:/usr/bin/ceph: stderr
2026-02-19T10:50:19.366+0000 7f41faffd640 1 --2- 10.20.193.36:0/1247856696 >> [v2:10.20.193.36:3300/0,v1:10.20.193.36:6789/0] conn(0x7f41fc112fe0 0x7f41fc122590 secure :-1 s=READY pgs=48 gs=1 cs=0 l=1 c_cookie=0 s_cookie=0 reconnecting=0 rev1=1 crypto rx=0x7f41f0009290 tx=0x7f41f0035ef0 comp rx=0 tx=0).ready entity=mon.0 client_cookie=0 server_cookie=0 in_seq=0 out_seq=0
2026-02-19T10:50:19.608 INFO:teuthology.orchestra.run.trial036.stdout:/usr/bin/ceph: stderr
2026-02-19T10:50:19.367+0000 7f41dbfff640 1 -- 10.20.193.36:0/1247856696 <== mon.0 v2:10.20.193.36:3300/0 1 ==== mon_map magic: 0 ==== 213+0+0 (secure 0 0 0) 0x7f41f0043070 con 0x7f41fc112fe0
2026-02-19T10:50:19.608 INFO:teuthology.orchestra.run.trial036.stdout:/usr/bin/ceph: stderr
2026-02-19T10:50:19.367+0000 7f42017bf640 1 -- 10.20.193.36:0/1247856696 --> [v2:10.20.193.36:3300/0,v1:10.20.193.36:6789/0] -- mon_subscribe({mgrmap=0+}) -- 0x7f41fc122cf0 con 0x7f41fc112fe0
2026-02-19T10:50:19.608 INFO:teuthology.orchestra.run.trial036.stdout:/usr/bin/ceph: stderr
2026-02-19T10:50:19.367+0000 7f41dbfff640 1 -- 10.20.193.36:0/1247856696 <== mon.0 v2:10.20.193.36:3300/0 2 ==== config(24 keys) ==== 978+0+0 (secure 0 0 0) 0x7f41f0037e50 con 0x7f41fc112fe0
2026-02-19T10:50:19.608 INFO:teuthology.orchestra.run.trial036.stdout:/usr/bin/ceph: stderr
2026-02-19T10:50:19.367+0000 7f41dbfff640 1 -- 10.20.193.36:0/1247856696 <== mon.0 v2:10.20.193.36:3300/0 3 ==== mon_map magic: 0 ==== 213+0+0 (secure 0 0 0) 0x7f41f0004540 con 0x7f41fc112fe0
2026-02-19T10:50:19.608 INFO:teuthology.orchestra.run.trial036.stdout:/usr/bin/ceph: stderr
2026-02-19T10:50:19.367+0000 7f42017bf640 1 -- 10.20.193.36:0/1247856696 --> [v2:10.20.193.36:3300/0,v1:10.20.193.36:6789/0] -- mon_subscribe({osdmap=0}) -- 0x7f41fc123770 con 0x7f41fc112fe0
2026-02-19T10:50:19.608 INFO:teuthology.orchestra.run.trial036.stdout:/usr/bin/ceph: stderr
2026-02-19T10:50:19.367+0000 7f42017bf640 1 -- 10.20.193.36:0/1247856696 --> [v2:10.20.193.36:3300/0,v1:10.20.193.36:6789/0] -- mon_command({"prefix": "get_command_descriptions"} v 0) -- 0x7f41fc123200 con 0x7f41fc112fe0
2026-02-19T10:50:19.608 INFO:teuthology.orchestra.run.trial036.stdout:/usr/bin/ceph: stderr
2026-02-19T10:50:19.367+0000 7f41dbfff640 1 -- 10.20.193.36:0/1247856696 <== mon.0 v2:10.20.193.36:3300/0 4 ==== mgrmap(e 8) ==== 52814+0+0 (secure 0 0 0) 0x7f41f003e070 con 0x7f41fc112fe0
2026-02-19T10:50:19.608 INFO:teuthology.orchestra.run.trial036.stdout:/usr/bin/ceph: stderr
2026-02-19T10:50:19.367+0000 7f41dbfff640 1 --2- 10.20.193.36:0/1247856696 >> [v2:10.20.193.36:6800/2079309754,v1:10.20.193.36:6801/2079309754] conn(0x7f41d003f7d0 0x7f41d005fc80 unknown :-1 s=NONE pgs=0 gs=0 cs=0 l=1 c_cookie=0 s_cookie=0 reconnecting=0 rev1=0 crypto rx=0 tx=0 comp rx=0 tx=0).connect
2026-02-19T10:50:19.608 INFO:teuthology.orchestra.run.trial036.stdout:/usr/bin/ceph: stderr
2026-02-19T10:50:19.367+0000 7f41dbfff640 1 -- 10.20.193.36:0/1247856696 <== mon.0 v2:10.20.193.36:3300/0 5 ==== osd_map(2..2 src has 1..2) ==== 935+0+0 (secure 0 0 0) 0x7f41f00786c0 con 0x7f41fc112fe0
2026-02-19T10:50:19.608 INFO:teuthology.orchestra.run.trial036.stdout:/usr/bin/ceph: stderr
2026-02-19T10:50:19.367+0000 7f41fa7fc640 1 --2- 10.20.193.36:0/1247856696 >> [v2:10.20.193.36:6800/2079309754,v1:10.20.193.36:6801/2079309754] conn(0x7f41d003f7d0 0x7f41d005fc80 unknown :-1 s=BANNER_CONNECTING pgs=0 gs=2 cs=0 l=1 c_cookie=0 s_cookie=0 reconnecting=0 rev1=0 crypto rx=0 tx=0 comp rx=0 tx=0)._handle_peer_banner_payload supported=3 required=0
2026-02-19T10:50:19.608 INFO:teuthology.orchestra.run.trial036.stdout:/usr/bin/ceph: stderr
2026-02-19T10:50:19.368+0000 7f41fa7fc640 1 --2- 10.20.193.36:0/1247856696 >> [v2:10.20.193.36:6800/2079309754,v1:10.20.193.36:6801/2079309754] conn(0x7f41d003f7d0 0x7f41d005fc80 secure :-1 s=READY pgs=13 gs=2 cs=0 l=1 c_cookie=0 s_cookie=0 reconnecting=0 rev1=1 crypto rx=0x7f41e4006fd0 tx=0x7f41e4006e60 comp rx=0 tx=0).ready entity=mgr.14118 client_cookie=0 server_cookie=0 in_seq=0 out_seq=0
2026-02-19T10:50:19.608 INFO:teuthology.orchestra.run.trial036.stdout:/usr/bin/ceph: stderr
2026-02-19T10:50:19.369+0000 7f41dbfff640 1 -- 10.20.193.36:0/1247856696 <== mon.0 v2:10.20.193.36:3300/0 6 ==== mon_command_ack([{"prefix": "get_command_descriptions"}]=0 v0) ==== 72+0+230863 (secure 0 0 0) 0x7f41f0046770 con 0x7f41fc112fe0
2026-02-19T10:50:19.608 INFO:teuthology.orchestra.run.trial036.stdout:/usr/bin/ceph: stderr
2026-02-19T10:50:19.485+0000 7f42017bf640 1 -- 10.20.193.36:0/1247856696 --> [v2:10.20.193.36:6800/2079309754,v1:10.20.193.36:6801/2079309754] -- mgr_command(tid 0: {"prefix": "orch apply", "service_type": "mon", "unmanaged": true, "target": ["mon-mgr", ""]}) -- 0x7f41fc066010 con 0x7f41d003f7d0
2026-02-19T10:50:19.608 INFO:teuthology.orchestra.run.trial036.stdout:/usr/bin/ceph: stderr
2026-02-19T10:50:19.488+0000 7f41dbfff640 1 -- 10.20.193.36:0/1247856696 <== mgr.14118 v2:10.20.193.36:6800/2079309754 1 ==== mgr_command_reply(tid 0: 0 ) ==== 8+0+24 (secure 0 0 0) 0x7f41fc066010 con 0x7f41d003f7d0
2026-02-19T10:50:19.608 INFO:teuthology.orchestra.run.trial036.stdout:/usr/bin/ceph: stderr
2026-02-19T10:50:19.491+0000 7f42017bf640 1 -- 10.20.193.36:0/1247856696 >> [v2:10.20.193.36:6800/2079309754,v1:10.20.193.36:6801/2079309754] conn(0x7f41d003f7d0 msgr2=0x7f41d005fc80 secure :-1 s=STATE_CONNECTION_ESTABLISHED l=1).mark_down
2026-02-19T10:50:19.608 INFO:teuthology.orchestra.run.trial036.stdout:/usr/bin/ceph: stderr
2026-02-19T10:50:19.491+0000 7f42017bf640 1 --2- 10.20.193.36:0/1247856696 >> [v2:10.20.193.36:6800/2079309754,v1:10.20.193.36:6801/2079309754] conn(0x7f41d003f7d0 0x7f41d005fc80 secure :-1 s=READY pgs=13 gs=2 cs=0 l=1 c_cookie=0 s_cookie=0 reconnecting=0 rev1=1 crypto rx=0x7f41e4006fd0 tx=0x7f41e4006e60 comp rx=0 tx=0).stop
2026-02-19T10:50:19.608 INFO:teuthology.orchestra.run.trial036.stdout:/usr/bin/ceph: stderr
2026-02-19T10:50:19.491+0000 7f42017bf640 1 -- 10.20.193.36:0/1247856696 >> [v2:10.20.193.36:3300/0,v1:10.20.193.36:6789/0] conn(0x7f41fc112fe0 msgr2=0x7f41fc122590 secure :-1 s=STATE_CONNECTION_ESTABLISHED l=1).mark_down
2026-02-19T10:50:19.608 INFO:teuthology.orchestra.run.trial036.stdout:/usr/bin/ceph: stderr
2026-02-19T10:50:19.491+0000 7f42017bf640 1 --2- 10.20.193.36:0/1247856696 >> [v2:10.20.193.36:3300/0,v1:10.20.193.36:6789/0] conn(0x7f41fc112fe0 0x7f41fc122590 secure :-1 s=READY pgs=48 gs=1 cs=0 l=1 c_cookie=0 s_cookie=0 reconnecting=0 rev1=1 crypto rx=0x7f41f0009290 tx=0x7f41f0035ef0 comp rx=0 tx=0).stop
2026-02-19T10:50:19.608 INFO:teuthology.orchestra.run.trial036.stdout:/usr/bin/ceph: stderr
2026-02-19T10:50:19.491+0000 7f42017bf640 1 -- 10.20.193.36:0/1247856696 shutdown_connections
2026-02-19T10:50:19.608 INFO:teuthology.orchestra.run.trial036.stdout:/usr/bin/ceph: stderr
2026-02-19T10:50:19.491+0000 7f42017bf640 1 --2- 10.20.193.36:0/1247856696 >> [v2:10.20.193.36:6800/2079309754,v1:10.20.193.36:6801/2079309754] conn(0x7f41d003f7d0 0x7f41d005fc80 unknown :-1 s=CLOSED pgs=13 gs=2 cs=0 l=1 c_cookie=0 s_cookie=0 reconnecting=0 rev1=1 crypto rx=0 tx=0 comp rx=0 tx=0).stop
2026-02-19T10:50:19.608 INFO:teuthology.orchestra.run.trial036.stdout:/usr/bin/ceph: stderr
2026-02-19T10:50:19.491+0000 7f42017bf640 1 --2- 10.20.193.36:0/1247856696 >> [v2:10.20.193.36:3300/0,v1:10.20.193.36:6789/0] conn(0x7f41fc112fe0 0x7f41fc122590 unknown :-1 s=CLOSED pgs=48 gs=1 cs=0 l=1 c_cookie=0 s_cookie=0 reconnecting=0 rev1=1 crypto rx=0 tx=0 comp rx=0 tx=0).stop
2026-02-19T10:50:19.608 INFO:teuthology.orchestra.run.trial036.stdout:/usr/bin/ceph: stderr
2026-02-19T10:50:19.491+0000 7f42017bf640 1 -- 10.20.193.36:0/1247856696 >> 10.20.193.36:0/1247856696 conn(0x7f41fc0f07e0 msgr2=0x7f41fc110bc0 unknown :-1 s=STATE_NONE l=0).mark_down
2026-02-19T10:50:19.608 INFO:teuthology.orchestra.run.trial036.stdout:/usr/bin/ceph: stderr
2026-02-19T10:50:19.491+0000 7f42017bf640 1 -- 10.20.193.36:0/1247856696 shutdown_connections
2026-02-19T10:50:19.608 INFO:teuthology.orchestra.run.trial036.stdout:/usr/bin/ceph: stderr
2026-02-19T10:50:19.491+0000 7f42017bf640 1 -- 10.20.193.36:0/1247856696 wait complete.
2026-02-19T10:50:19.608 INFO:teuthology.orchestra.run.trial036.stdout:Deploying unmanaged mgr service...
2026-02-19T10:50:19.975 INFO:teuthology.orchestra.run.trial036.stdout:/usr/bin/ceph: stdout Scheduled mgr update...
2026-02-19T10:50:19.975 INFO:teuthology.orchestra.run.trial036.stdout:/usr/bin/ceph: stderr
2026-02-19T10:50:19.734+0000 7f4cbcd3a640 1 Processor -- start
2026-02-19T10:50:19.976 INFO:teuthology.orchestra.run.trial036.stdout:/usr/bin/ceph: stderr
2026-02-19T10:50:19.734+0000 7f4cbcd3a640 1 -- start start
2026-02-19T10:50:19.976 INFO:teuthology.orchestra.run.trial036.stdout:/usr/bin/ceph: stderr
2026-02-19T10:50:19.734+0000 7f4cbcd3a640 1 --2- >> [v2:10.20.193.36:3300/0,v1:10.20.193.36:6789/0] conn(0x7f4cb8112fc0 0x7f4cb81133b0 unknown :-1 s=NONE pgs=0 gs=0 cs=0 l=0 c_cookie=0 s_cookie=0 reconnecting=0 rev1=0 crypto rx=0 tx=0 comp rx=0 tx=0).connect
2026-02-19T10:50:19.976 INFO:teuthology.orchestra.run.trial036.stdout:/usr/bin/ceph: stderr
2026-02-19T10:50:19.734+0000 7f4cbcd3a640 1 -- --> [v2:10.20.193.36:3300/0,v1:10.20.193.36:6789/0] -- mon_getmap magic: 0 -- 0x7f4cb81139a0 con 0x7f4cb8112fc0
2026-02-19T10:50:19.976 INFO:teuthology.orchestra.run.trial036.stdout:/usr/bin/ceph: stderr
2026-02-19T10:50:19.734+0000 7f4cb6575640 1 --2- >> [v2:10.20.193.36:3300/0,v1:10.20.193.36:6789/0] conn(0x7f4cb8112fc0 0x7f4cb81133b0 unknown :-1 s=BANNER_CONNECTING pgs=0 gs=1 cs=0 l=0 c_cookie=0 s_cookie=0 reconnecting=0 rev1=0 crypto rx=0 tx=0 comp rx=0 tx=0)._handle_peer_banner_payload supported=3 required=0
2026-02-19T10:50:19.976 INFO:teuthology.orchestra.run.trial036.stdout:/usr/bin/ceph: stderr
2026-02-19T10:50:19.734+0000 7f4cb6575640 1 --2- >> [v2:10.20.193.36:3300/0,v1:10.20.193.36:6789/0] conn(0x7f4cb8112fc0 0x7f4cb81133b0 unknown :-1 s=HELLO_CONNECTING pgs=0 gs=1 cs=0 l=0 c_cookie=0 s_cookie=0 reconnecting=0 rev1=1 crypto rx=0 tx=0 comp rx=0 tx=0).handle_hello peer v2:10.20.193.36:3300/0 says I am v2:10.20.193.36:36894/0 (socket says 10.20.193.36:36894)
2026-02-19T10:50:19.976 INFO:teuthology.orchestra.run.trial036.stdout:/usr/bin/ceph: stderr
2026-02-19T10:50:19.734+0000 7f4cb6575640 1 -- 10.20.193.36:0/3502822173 learned_addr learned my addr 10.20.193.36:0/3502822173 (peer_addr_for_me v2:10.20.193.36:0/0)
2026-02-19T10:50:19.976 INFO:teuthology.orchestra.run.trial036.stdout:/usr/bin/ceph: stderr
2026-02-19T10:50:19.734+0000 7f4cb6575640 1 -- 10.20.193.36:0/3502822173 --> [v2:10.20.193.36:3300/0,v1:10.20.193.36:6789/0] -- mon_subscribe({config=0+,monmap=0+}) -- 0x7f4cb8113ae0 con 0x7f4cb8112fc0
2026-02-19T10:50:19.976 INFO:teuthology.orchestra.run.trial036.stdout:/usr/bin/ceph: stderr
2026-02-19T10:50:19.735+0000 7f4cb6575640 1 --2- 10.20.193.36:0/3502822173 >> [v2:10.20.193.36:3300/0,v1:10.20.193.36:6789/0] conn(0x7f4cb8112fc0 0x7f4cb81133b0 secure :-1 s=READY pgs=49 gs=1 cs=0 l=1 c_cookie=1280778545302106916 s_cookie=0 reconnecting=0 rev1=1 crypto rx=0x7f4cac009850 tx=0x7f4cac02eeb0 comp rx=0 tx=0).ready entity=mon.0 client_cookie=11c63d4d14ac7324 server_cookie=0 in_seq=0 out_seq=0
2026-02-19T10:50:19.976 INFO:teuthology.orchestra.run.trial036.stdout:/usr/bin/ceph: stderr
2026-02-19T10:50:19.735+0000 7f4cb5573640 1 -- 10.20.193.36:0/3502822173 <== mon.0 v2:10.20.193.36:3300/0 1 ==== mon_map magic: 0 ==== 213+0+0 (secure 0 0 0) 0x7f4cac02f940 con 0x7f4cb8112fc0
2026-02-19T10:50:19.976 INFO:teuthology.orchestra.run.trial036.stdout:/usr/bin/ceph: stderr
2026-02-19T10:50:19.735+0000 7f4cb5573640 1 -- 10.20.193.36:0/3502822173 <== mon.0 v2:10.20.193.36:3300/0 2 ==== config(24 keys) ==== 1009+0+0 (secure 0 0 0) 0x7f4cac037440 con 0x7f4cb8112fc0
2026-02-19T10:50:19.977 INFO:teuthology.orchestra.run.trial036.stdout:/usr/bin/ceph: stderr
2026-02-19T10:50:19.735+0000 7f4cb5573640 1 -- 10.20.193.36:0/3502822173 <== mon.0 v2:10.20.193.36:3300/0 3 ==== mon_map magic: 0 ==== 213+0+0 (secure 0 0 0) 0x7f4cac035340 con 0x7f4cb8112fc0
2026-02-19T10:50:19.977 INFO:teuthology.orchestra.run.trial036.stdout:/usr/bin/ceph: stderr
2026-02-19T10:50:19.735+0000 7f4cbcd3a640 1 -- 10.20.193.36:0/3502822173 >> [v2:10.20.193.36:3300/0,v1:10.20.193.36:6789/0] conn(0x7f4cb8112fc0 msgr2=0x7f4cb81133b0 secure :-1 s=STATE_CONNECTION_ESTABLISHED l=1).mark_down
2026-02-19T10:50:19.977 INFO:teuthology.orchestra.run.trial036.stdout:/usr/bin/ceph: stderr
2026-02-19T10:50:19.735+0000 7f4cbcd3a640 1 --2- 10.20.193.36:0/3502822173 >> [v2:10.20.193.36:3300/0,v1:10.20.193.36:6789/0] conn(0x7f4cb8112fc0 0x7f4cb81133b0 secure :-1 s=READY pgs=49 gs=1 cs=0 l=1 c_cookie=1280778545302106916 s_cookie=0 reconnecting=0 rev1=1 crypto rx=0x7f4cac009850 tx=0x7f4cac02eeb0 comp rx=0 tx=0).stop
2026-02-19T10:50:19.977 INFO:teuthology.orchestra.run.trial036.stdout:/usr/bin/ceph: stderr
2026-02-19T10:50:19.735+0000 7f4cbcd3a640 1 -- 10.20.193.36:0/3502822173 shutdown_connections
2026-02-19T10:50:19.977 INFO:teuthology.orchestra.run.trial036.stdout:/usr/bin/ceph: stderr
2026-02-19T10:50:19.735+0000 7f4cbcd3a640 1 --2- 10.20.193.36:0/3502822173 >> [v2:10.20.193.36:3300/0,v1:10.20.193.36:6789/0] conn(0x7f4cb8112fc0 0x7f4cb81133b0 unknown :-1 s=CLOSED pgs=49 gs=1 cs=0 l=1 c_cookie=1280778545302106916 s_cookie=0 reconnecting=0 rev1=1 crypto rx=0 tx=0 comp rx=0 tx=0).stop
2026-02-19T10:50:19.977 INFO:teuthology.orchestra.run.trial036.stdout:/usr/bin/ceph: stderr
2026-02-19T10:50:19.735+0000 7f4cbcd3a640 1 -- 10.20.193.36:0/3502822173 >> 10.20.193.36:0/3502822173 conn(0x7f4cb80f07e0 msgr2=0x7f4cb8110bc0 unknown :-1 s=STATE_NONE l=0).mark_down
2026-02-19T10:50:19.977 INFO:teuthology.orchestra.run.trial036.stdout:/usr/bin/ceph: stderr
2026-02-19T10:50:19.735+0000 7f4cbcd3a640 1 -- 10.20.193.36:0/3502822173 shutdown_connections
2026-02-19T10:50:19.977 INFO:teuthology.orchestra.run.trial036.stdout:/usr/bin/ceph: stderr
2026-02-19T10:50:19.735+0000 7f4cbcd3a640 1 -- 10.20.193.36:0/3502822173 wait complete.
2026-02-19T10:50:19.977 INFO:teuthology.orchestra.run.trial036.stdout:/usr/bin/ceph: stderr
2026-02-19T10:50:19.736+0000 7f4cbcd3a640 1 Processor -- start
2026-02-19T10:50:19.977 INFO:teuthology.orchestra.run.trial036.stdout:/usr/bin/ceph: stderr
2026-02-19T10:50:19.736+0000 7f4cbcd3a640 1 -- start start
2026-02-19T10:50:19.978 INFO:teuthology.orchestra.run.trial036.stdout:/usr/bin/ceph: stderr
2026-02-19T10:50:19.736+0000 7f4cbcd3a640 1 --2- >> [v2:10.20.193.36:3300/0,v1:10.20.193.36:6789/0] conn(0x7f4cb8112fc0 0x7f4cb8122580 unknown :-1 s=NONE pgs=0 gs=0 cs=0 l=1 c_cookie=0 s_cookie=0 reconnecting=0 rev1=0 crypto rx=0 tx=0 comp rx=0 tx=0).connect
2026-02-19T10:50:19.978 INFO:teuthology.orchestra.run.trial036.stdout:/usr/bin/ceph: stderr
2026-02-19T10:50:19.736+0000 7f4cbcd3a640 1 -- --> [v2:10.20.193.36:3300/0,v1:10.20.193.36:6789/0] -- mon_getmap magic: 0 -- 0x7f4cb8122ae0 con 0x7f4cb8112fc0
2026-02-19T10:50:19.978 INFO:teuthology.orchestra.run.trial036.stdout:/usr/bin/ceph: stderr
2026-02-19T10:50:19.736+0000 7f4cb6575640 1 --2- >> [v2:10.20.193.36:3300/0,v1:10.20.193.36:6789/0] conn(0x7f4cb8112fc0 0x7f4cb8122580 unknown :-1 s=BANNER_CONNECTING pgs=0 gs=1 cs=0 l=1 c_cookie=0 s_cookie=0 reconnecting=0 rev1=0 crypto rx=0 tx=0 comp rx=0 tx=0)._handle_peer_banner_payload supported=3 required=0
2026-02-19T10:50:19.978 INFO:teuthology.orchestra.run.trial036.stdout:/usr/bin/ceph: stderr
2026-02-19T10:50:19.736+0000 7f4cb6575640 1 --2- >> [v2:10.20.193.36:3300/0,v1:10.20.193.36:6789/0] conn(0x7f4cb8112fc0 0x7f4cb8122580 unknown :-1 s=HELLO_CONNECTING pgs=0 gs=1 cs=0 l=1 c_cookie=0 s_cookie=0 reconnecting=0 rev1=1 crypto rx=0 tx=0 comp rx=0 tx=0).handle_hello peer v2:10.20.193.36:3300/0 says I am v2:10.20.193.36:36910/0 (socket says 10.20.193.36:36910)
2026-02-19T10:50:19.978 INFO:teuthology.orchestra.run.trial036.stdout:/usr/bin/ceph: stderr
2026-02-19T10:50:19.736+0000 7f4cb6575640 1 -- 10.20.193.36:0/2384481611 learned_addr learned my addr 10.20.193.36:0/2384481611 (peer_addr_for_me v2:10.20.193.36:0/0)
2026-02-19T10:50:19.978 INFO:teuthology.orchestra.run.trial036.stdout:/usr/bin/ceph: stderr
2026-02-19T10:50:19.736+0000 7f4cb6575640 1 -- 10.20.193.36:0/2384481611 --> [v2:10.20.193.36:3300/0,v1:10.20.193.36:6789/0] -- mon_subscribe({config=0+,monmap=0+}) -- 0x7f4cac0094f0 con 0x7f4cb8112fc0
2026-02-19T10:50:19.978 INFO:teuthology.orchestra.run.trial036.stdout:/usr/bin/ceph: stderr
2026-02-19T10:50:19.736+0000 7f4cb6575640 1 --2- 10.20.193.36:0/2384481611 >> [v2:10.20.193.36:3300/0,v1:10.20.193.36:6789/0] conn(0x7f4cb8112fc0 0x7f4cb8122580 secure :-1 s=READY pgs=50 gs=1 cs=0 l=1 c_cookie=0 s_cookie=0 reconnecting=0 rev1=1 crypto rx=0x7f4cac037b20 tx=0x7f4cac004720 comp rx=0 tx=0).ready entity=mon.0 client_cookie=0 server_cookie=0 in_seq=0 out_seq=0
2026-02-19T10:50:19.978 INFO:teuthology.orchestra.run.trial036.stdout:/usr/bin/ceph: stderr
2026-02-19T10:50:19.736+0000 7f4c9f7fe640 1 -- 10.20.193.36:0/2384481611 <== mon.0 v2:10.20.193.36:3300/0 1 ==== mon_map magic: 0 ==== 213+0+0 (secure 0 0 0) 0x7f4cac043070 con 0x7f4cb8112fc0
2026-02-19T10:50:19.978 INFO:teuthology.orchestra.run.trial036.stdout:/usr/bin/ceph: stderr
2026-02-19T10:50:19.736+0000 7f4cbcd3a640 1 -- 10.20.193.36:0/2384481611 --> [v2:10.20.193.36:3300/0,v1:10.20.193.36:6789/0] -- mon_subscribe({mgrmap=0+}) -- 0x7f4cb8122ce0 con 0x7f4cb8112fc0
2026-02-19T10:50:19.978 INFO:teuthology.orchestra.run.trial036.stdout:/usr/bin/ceph: stderr
2026-02-19T10:50:19.736+0000 7f4c9f7fe640 1 -- 10.20.193.36:0/2384481611 <== mon.0 v2:10.20.193.36:3300/0 2 ==== config(24 keys) ==== 1009+0+0 (secure 0 0 0) 0x7f4cac035e90 con 0x7f4cb8112fc0
2026-02-19T10:50:19.978 INFO:teuthology.orchestra.run.trial036.stdout:/usr/bin/ceph: stderr
2026-02-19T10:50:19.736+0000 7f4c9f7fe640 1 -- 10.20.193.36:0/2384481611 <== mon.0 v2:10.20.193.36:3300/0 3 ==== mon_map magic: 0 ==== 213+0+0 (secure 0 0 0) 0x7f4cac004520 con 0x7f4cb8112fc0
2026-02-19T10:50:19.979 INFO:teuthology.orchestra.run.trial036.stdout:/usr/bin/ceph: stderr
2026-02-19T10:50:19.736+0000 7f4cbcd3a640 1 -- 10.20.193.36:0/2384481611 --> [v2:10.20.193.36:3300/0,v1:10.20.193.36:6789/0] -- mon_subscribe({osdmap=0}) -- 0x7f4cb8123760 con 0x7f4cb8112fc0
2026-02-19T10:50:19.979 INFO:teuthology.orchestra.run.trial036.stdout:/usr/bin/ceph: stderr
2026-02-19T10:50:19.737+0000 7f4cbcd3a640 1 -- 10.20.193.36:0/2384481611 --> [v2:10.20.193.36:3300/0,v1:10.20.193.36:6789/0] -- mon_command({"prefix": "get_command_descriptions"} v 0) -- 0x7f4cb81231f0 con 0x7f4cb8112fc0
2026-02-19T10:50:19.979 INFO:teuthology.orchestra.run.trial036.stdout:/usr/bin/ceph: stderr
2026-02-19T10:50:19.737+0000 7f4c9f7fe640 1 -- 10.20.193.36:0/2384481611 <== mon.0 v2:10.20.193.36:3300/0 4 ==== mgrmap(e 8) ==== 52814+0+0 (secure 0 0 0) 0x7f4cac03e070 con 0x7f4cb8112fc0
2026-02-19T10:50:19.979 INFO:teuthology.orchestra.run.trial036.stdout:/usr/bin/ceph: stderr
2026-02-19T10:50:19.737+0000 7f4c9f7fe640 1 --2- 10.20.193.36:0/2384481611 >> [v2:10.20.193.36:6800/2079309754,v1:10.20.193.36:6801/2079309754] conn(0x7f4c9003f7d0 0x7f4c9005fc80 unknown :-1 s=NONE pgs=0 gs=0 cs=0 l=1 c_cookie=0 s_cookie=0 reconnecting=0 rev1=0 crypto rx=0 tx=0 comp rx=0 tx=0).connect
2026-02-19T10:50:19.979 INFO:teuthology.orchestra.run.trial036.stdout:/usr/bin/ceph: stderr
2026-02-19T10:50:19.737+0000 7f4c9f7fe640 1 -- 10.20.193.36:0/2384481611 <== mon.0 v2:10.20.193.36:3300/0 5 ==== osd_map(2..2 src has 1..2) ==== 935+0+0 (secure 0 0 0) 0x7f4cac0787d0 con 0x7f4cb8112fc0
2026-02-19T10:50:19.979 INFO:teuthology.orchestra.run.trial036.stdout:/usr/bin/ceph: stderr
2026-02-19T10:50:19.737+0000 7f4cb5d74640 1 --2- 10.20.193.36:0/2384481611 >> [v2:10.20.193.36:6800/2079309754,v1:10.20.193.36:6801/2079309754] conn(0x7f4c9003f7d0 0x7f4c9005fc80 unknown :-1 s=BANNER_CONNECTING pgs=0 gs=2 cs=0 l=1 c_cookie=0 s_cookie=0 reconnecting=0 rev1=0 crypto rx=0 tx=0 comp rx=0 tx=0)._handle_peer_banner_payload supported=3 required=0
2026-02-19T10:50:19.979 INFO:teuthology.orchestra.run.trial036.stdout:/usr/bin/ceph: stderr
2026-02-19T10:50:19.737+0000 7f4cb5d74640 1 --2- 10.20.193.36:0/2384481611 >> [v2:10.20.193.36:6800/2079309754,v1:10.20.193.36:6801/2079309754] conn(0x7f4c9003f7d0 0x7f4c9005fc80 secure :-1 s=READY pgs=14 gs=2 cs=0 l=1 c_cookie=0 s_cookie=0 reconnecting=0 rev1=1 crypto rx=0x7f4ca0006fd0 tx=0x7f4ca0006e60 comp rx=0 tx=0).ready entity=mgr.14118 client_cookie=0 server_cookie=0 in_seq=0 out_seq=0
2026-02-19T10:50:19.979 INFO:teuthology.orchestra.run.trial036.stdout:/usr/bin/ceph: stderr
2026-02-19T10:50:19.739+0000 7f4c9f7fe640 1 -- 10.20.193.36:0/2384481611 <== mon.0 v2:10.20.193.36:3300/0 6 ==== mon_command_ack([{"prefix": "get_command_descriptions"}]=0 v0) ==== 72+0+230863 (secure 0 0 0) 0x7f4cac0469c0 con 0x7f4cb8112fc0
2026-02-19T10:50:19.979 INFO:teuthology.orchestra.run.trial036.stdout:/usr/bin/ceph: stderr
2026-02-19T10:50:19.850+0000 7f4cbcd3a640 1 -- 10.20.193.36:0/2384481611 --> [v2:10.20.193.36:6800/2079309754,v1:10.20.193.36:6801/2079309754] -- mgr_command(tid 0: {"prefix": "orch apply", "service_type": "mgr", "unmanaged": true, "target": ["mon-mgr", ""]}) -- 0x7f4cb8066080 con 0x7f4c9003f7d0
2026-02-19T10:50:19.979 INFO:teuthology.orchestra.run.trial036.stdout:/usr/bin/ceph: stderr
2026-02-19T10:50:19.854+0000 7f4c9f7fe640 1 -- 10.20.193.36:0/2384481611 <== mgr.14118 v2:10.20.193.36:6800/2079309754 1 ==== mgr_command_reply(tid 0: 0 ) ==== 8+0+24 (secure 0 0 0) 0x7f4cb8066080 con 0x7f4c9003f7d0
2026-02-19T10:50:19.979 INFO:teuthology.orchestra.run.trial036.stdout:/usr/bin/ceph: stderr
2026-02-19T10:50:19.856+0000 7f4cbcd3a640 1 -- 10.20.193.36:0/2384481611 >> [v2:10.20.193.36:6800/2079309754,v1:10.20.193.36:6801/2079309754] conn(0x7f4c9003f7d0 msgr2=0x7f4c9005fc80 secure :-1 s=STATE_CONNECTION_ESTABLISHED l=1).mark_down
2026-02-19T10:50:19.979 INFO:teuthology.orchestra.run.trial036.stdout:/usr/bin/ceph: stderr
