2026-02-19T10:50:07.626+0000 7f72a7fff640 1 --2- >> [v2:10.20.193.36:3300/0,v1:10.20.193.36:6789/0] conn(0x7f72a8112fe0 0x7f72a8122510 unknown :-1 s=HELLO_CONNECTING pgs=0 gs=1 cs=0 l=1 c_cookie=0 s_cookie=0 reconnecting=0 rev1=1 crypto rx=0 tx=0 comp rx=0 tx=0).handle_hello peer v2:10.20.193.36:3300/0 says I am v2:10.20.193.36:51320/0 (socket says 10.20.193.36:51320)
2026-02-19T10:50:07.788 INFO:teuthology.orchestra.run.trial036.stdout:/usr/bin/ceph: stderr
2026-02-19T10:50:07.626+0000 7f72a7fff640 1 -- 10.20.193.36:0/1735765892 learned_addr learned my addr 10.20.193.36:0/1735765892 (peer_addr_for_me v2:10.20.193.36:0/0)
2026-02-19T10:50:07.789 INFO:teuthology.orchestra.run.trial036.stdout:/usr/bin/ceph: stderr
2026-02-19T10:50:07.627+0000 7f72a7fff640 1 -- 10.20.193.36:0/1735765892 --> [v2:10.20.193.36:3300/0,v1:10.20.193.36:6789/0] -- mon_subscribe({config=0+,monmap=0+}) -- 0x7f72940094f0 con 0x7f72a8112fe0
2026-02-19T10:50:07.789 INFO:teuthology.orchestra.run.trial036.stdout:/usr/bin/ceph: stderr
2026-02-19T10:50:07.627+0000 7f72a7fff640 1 --2- 10.20.193.36:0/1735765892 >> [v2:10.20.193.36:3300/0,v1:10.20.193.36:6789/0] conn(0x7f72a8112fe0 0x7f72a8122510 secure :-1 s=READY pgs=8 gs=1 cs=0 l=1 c_cookie=0 s_cookie=0 reconnecting=0 rev1=1 crypto rx=0x7f729402f430 tx=0x7f72940375b0 comp rx=0 tx=0).ready entity=mon.0 client_cookie=0 server_cookie=0 in_seq=0 out_seq=0
2026-02-19T10:50:07.789 INFO:teuthology.orchestra.run.trial036.stdout:/usr/bin/ceph: stderr
2026-02-19T10:50:07.627+0000 7f72a57fa640 1 -- 10.20.193.36:0/1735765892 <== mon.0 v2:10.20.193.36:3300/0 1 ==== mon_map magic: 0 ==== 213+0+0 (secure 0 0 0) 0x7f7294043070 con 0x7f72a8112fe0
2026-02-19T10:50:07.789 INFO:teuthology.orchestra.run.trial036.stdout:/usr/bin/ceph: stderr
2026-02-19T10:50:07.627+0000 7f72a57fa640 1 -- 10.20.193.36:0/1735765892 <== mon.0 v2:10.20.193.36:3300/0 2 ==== config(24 keys) ==== 978+0+0 (secure 0 0 0) 0x7f7294035340 con 0x7f72a8112fe0
2026-02-19T10:50:07.789 INFO:teuthology.orchestra.run.trial036.stdout:/usr/bin/ceph: stderr
2026-02-19T10:50:07.627+0000 7f72ae2a0640 1 -- 10.20.193.36:0/1735765892 --> [v2:10.20.193.36:3300/0,v1:10.20.193.36:6789/0] -- mon_subscribe({mgrmap=0+}) -- 0x7f72a8122c70 con 0x7f72a8112fe0
2026-02-19T10:50:07.789 INFO:teuthology.orchestra.run.trial036.stdout:/usr/bin/ceph: stderr
2026-02-19T10:50:07.627+0000 7f72a57fa640 1 -- 10.20.193.36:0/1735765892 <== mon.0 v2:10.20.193.36:3300/0 3 ==== mon_map magic: 0 ==== 213+0+0 (secure 0 0 0) 0x7f72940036d0 con 0x7f72a8112fe0
2026-02-19T10:50:07.789 INFO:teuthology.orchestra.run.trial036.stdout:/usr/bin/ceph: stderr
2026-02-19T10:50:07.627+0000 7f72ae2a0640 1 -- 10.20.193.36:0/1735765892 --> [v2:10.20.193.36:3300/0,v1:10.20.193.36:6789/0] -- mon_subscribe({osdmap=0}) -- 0x7f72a81236f0 con 0x7f72a8112fe0
2026-02-19T10:50:07.789 INFO:teuthology.orchestra.run.trial036.stdout:/usr/bin/ceph: stderr
2026-02-19T10:50:07.627+0000 7f72a57fa640 1 -- 10.20.193.36:0/1735765892 <== mon.0 v2:10.20.193.36:3300/0 4 ==== mgrmap(e 1) ==== 939+0+0 (secure 0 0 0) 0x7f729403e070 con 0x7f72a8112fe0
2026-02-19T10:50:07.789 INFO:teuthology.orchestra.run.trial036.stdout:/usr/bin/ceph: stderr
2026-02-19T10:50:07.627+0000 7f72a57fa640 1 -- 10.20.193.36:0/1735765892 <== mon.0 v2:10.20.193.36:3300/0 5 ==== osd_map(1..1 src has 1..1) ==== 720+0+0 (secure 0 0 0) 0x7f729403f8b0 con 0x7f72a8112fe0
2026-02-19T10:50:07.789 INFO:teuthology.orchestra.run.trial036.stdout:/usr/bin/ceph: stderr
2026-02-19T10:50:07.627+0000 7f72ae2a0640 1 -- 10.20.193.36:0/1735765892 --> [v2:10.20.193.36:3300/0,v1:10.20.193.36:6789/0] -- mon_command({"prefix": "get_command_descriptions"} v 0) -- 0x7f72a8123180 con 0x7f72a8112fe0
2026-02-19T10:50:07.789 INFO:teuthology.orchestra.run.trial036.stdout:/usr/bin/ceph: stderr
2026-02-19T10:50:07.628+0000 7f72a57fa640 1 -- 10.20.193.36:0/1735765892 <== mon.0 v2:10.20.193.36:3300/0 6 ==== mon_command_ack([{"prefix": "get_command_descriptions"}]=0 v0) ==== 72+0+77541 (secure 0 0 0) 0x7f729403c070 con 0x7f72a8112fe0
2026-02-19T10:50:07.789 INFO:teuthology.orchestra.run.trial036.stdout:/usr/bin/ceph: stderr
2026-02-19T10:50:07.657+0000 7f72ae2a0640 1 -- 10.20.193.36:0/1735765892 --> [v2:10.20.193.36:3300/0,v1:10.20.193.36:6789/0] -- mon_command({"prefix": "status", "format": "json-pretty"} v 0) -- 0x7f72a8114e20 con 0x7f72a8112fe0
2026-02-19T10:50:07.789 INFO:teuthology.orchestra.run.trial036.stdout:/usr/bin/ceph: stderr
2026-02-19T10:50:07.658+0000 7f72a57fa640 1 -- 10.20.193.36:0/1735765892 <== mon.0 v2:10.20.193.36:3300/0 7 ==== mon_command_ack([{"prefix": "status", "format": "json-pretty"}]=0 v0) ==== 79+0+1271 (secure 0 0 0) 0x7f7294057090 con 0x7f72a8112fe0
2026-02-19T10:50:07.790 INFO:teuthology.orchestra.run.trial036.stdout:/usr/bin/ceph: stderr
2026-02-19T10:50:07.658+0000 7f72ae2a0640 1 -- 10.20.193.36:0/1735765892 >> [v2:10.20.193.36:3300/0,v1:10.20.193.36:6789/0] conn(0x7f72a8112fe0 msgr2=0x7f72a8122510 secure :-1 s=STATE_CONNECTION_ESTABLISHED l=1).mark_down
2026-02-19T10:50:07.790 INFO:teuthology.orchestra.run.trial036.stdout:/usr/bin/ceph: stderr
2026-02-19T10:50:07.658+0000 7f72ae2a0640 1 --2- 10.20.193.36:0/1735765892 >> [v2:10.20.193.36:3300/0,v1:10.20.193.36:6789/0] conn(0x7f72a8112fe0 0x7f72a8122510 secure :-1 s=READY pgs=8 gs=1 cs=0 l=1 c_cookie=0 s_cookie=0 reconnecting=0 rev1=1 crypto rx=0x7f729402f430 tx=0x7f72940375b0 comp rx=0 tx=0).stop
2026-02-19T10:50:07.790 INFO:teuthology.orchestra.run.trial036.stdout:/usr/bin/ceph: stderr
2026-02-19T10:50:07.658+0000 7f72ae2a0640 1 -- 10.20.193.36:0/1735765892 shutdown_connections
2026-02-19T10:50:07.790 INFO:teuthology.orchestra.run.trial036.stdout:/usr/bin/ceph: stderr
2026-02-19T10:50:07.658+0000 7f72ae2a0640 1 --2- 10.20.193.36:0/1735765892 >> [v2:10.20.193.36:3300/0,v1:10.20.193.36:6789/0] conn(0x7f72a8112fe0 0x7f72a8122510 unknown :-1 s=CLOSED pgs=8 gs=1 cs=0 l=1 c_cookie=0 s_cookie=0 reconnecting=0 rev1=1 crypto rx=0 tx=0 comp rx=0 tx=0).stop
2026-02-19T10:50:07.790 INFO:teuthology.orchestra.run.trial036.stdout:/usr/bin/ceph: stderr
2026-02-19T10:50:07.658+0000 7f72ae2a0640 1 -- 10.20.193.36:0/1735765892 >> 10.20.193.36:0/1735765892 conn(0x7f72a8068490 msgr2=0x7f72a8110f00 unknown :-1 s=STATE_NONE l=0).mark_down
2026-02-19T10:50:07.790 INFO:teuthology.orchestra.run.trial036.stdout:/usr/bin/ceph: stderr
2026-02-19T10:50:07.658+0000 7f72ae2a0640 1 -- 10.20.193.36:0/1735765892 shutdown_connections
2026-02-19T10:50:07.790 INFO:teuthology.orchestra.run.trial036.stdout:/usr/bin/ceph: stderr
2026-02-19T10:50:07.658+0000 7f72ae2a0640 1 -- 10.20.193.36:0/1735765892 wait complete.
2026-02-19T10:50:07.790 INFO:teuthology.orchestra.run.trial036.stdout:mgr not available, waiting (2/15)...
2026-02-19T10:50:07.850 INFO:journalctl@ceph.mon.a.trial036.stdout:Feb 19 10:50:07 trial036 ceph-mon[22306]: from='client.? 10.20.193.36:0/1735765892' entity='client.admin' cmd={"prefix": "status", "format": "json-pretty"} : dispatch
2026-02-19T10:50:09.100 INFO:journalctl@ceph.mon.a.trial036.stdout:Feb 19 10:50:08 trial036 ceph-mon[22306]: Activating manager daemon y
2026-02-19T10:50:09.100 INFO:journalctl@ceph.mon.a.trial036.stdout:Feb 19 10:50:08 trial036 ceph-mon[22306]: mgrmap e2: y(active, starting, since 0.00275177s)
2026-02-19T10:50:09.100 INFO:journalctl@ceph.mon.a.trial036.stdout:Feb 19 10:50:08 trial036 ceph-mon[22306]: from='mgr.14100 10.20.193.36:0/580877377' entity='mgr.y' cmd={"prefix": "mds metadata"} : dispatch
2026-02-19T10:50:09.100 INFO:journalctl@ceph.mon.a.trial036.stdout:Feb 19 10:50:08 trial036 ceph-mon[22306]: from='mgr.14100 10.20.193.36:0/580877377' entity='mgr.y' cmd={"prefix": "osd metadata"} : dispatch
2026-02-19T10:50:09.100 INFO:journalctl@ceph.mon.a.trial036.stdout:Feb 19 10:50:08 trial036 ceph-mon[22306]: from='mgr.14100 10.20.193.36:0/580877377' entity='mgr.y' cmd={"prefix": "mon metadata"} : dispatch
2026-02-19T10:50:09.100 INFO:journalctl@ceph.mon.a.trial036.stdout:Feb 19 10:50:08 trial036 ceph-mon[22306]: from='mgr.14100 10.20.193.36:0/580877377' entity='mgr.y' cmd={"prefix": "mon metadata", "id": "a"} : dispatch
2026-02-19T10:50:09.100 INFO:journalctl@ceph.mon.a.trial036.stdout:Feb 19 10:50:08 trial036 ceph-mon[22306]: from='mgr.14100 10.20.193.36:0/580877377' entity='mgr.y' cmd={"prefix": "mgr metadata", "who": "y", "id": "y"} : dispatch
2026-02-19T10:50:09.100 INFO:journalctl@ceph.mon.a.trial036.stdout:Feb 19 10:50:08 trial036 ceph-mon[22306]: Manager daemon y is now available
2026-02-19T10:50:09.100 INFO:journalctl@ceph.mon.a.trial036.stdout:Feb 19 10:50:08 trial036 ceph-mon[22306]: from='mgr.14100 10.20.193.36:0/580877377' entity='mgr.y' cmd={"prefix":"config rm","who":"mgr","name":"mgr/rbd_support/y/mirror_snapshot_schedule"} : dispatch
2026-02-19T10:50:09.100 INFO:journalctl@ceph.mon.a.trial036.stdout:Feb 19 10:50:08 trial036 ceph-mon[22306]: from='mgr.14100 10.20.193.36:0/580877377' entity='mgr.y'
2026-02-19T10:50:09.100 INFO:journalctl@ceph.mon.a.trial036.stdout:Feb 19 10:50:08 trial036 ceph-mon[22306]: from='mgr.14100 10.20.193.36:0/580877377' entity='mgr.y' cmd={"prefix":"config rm","who":"mgr","name":"mgr/rbd_support/y/trash_purge_schedule"} : dispatch
2026-02-19T10:50:09.100 INFO:journalctl@ceph.mon.a.trial036.stdout:Feb 19 10:50:08 trial036 ceph-mon[22306]: from='mgr.14100 10.20.193.36:0/580877377' entity='mgr.y'
2026-02-19T10:50:09.100 INFO:journalctl@ceph.mon.a.trial036.stdout:Feb 19 10:50:08 trial036 ceph-mon[22306]: from='mgr.14100 10.20.193.36:0/580877377' entity='mgr.y'
2026-02-19T10:50:10.100 INFO:journalctl@ceph.mon.a.trial036.stdout:Feb 19 10:50:09 trial036 ceph-mon[22306]: mgrmap e3: y(active, since 1.00524s)
2026-02-19T10:50:10.167 INFO:teuthology.orchestra.run.trial036.stdout:/usr/bin/ceph: stdout
2026-02-19T10:50:10.167 INFO:teuthology.orchestra.run.trial036.stdout:/usr/bin/ceph: stdout {
2026-02-19T10:50:10.167 INFO:teuthology.orchestra.run.trial036.stdout:/usr/bin/ceph: stdout "fsid": "b6678349-0d80-11f1-8643-d404e6e7d460",
2026-02-19T10:50:10.167 INFO:teuthology.orchestra.run.trial036.stdout:/usr/bin/ceph: stdout "health": {
2026-02-19T10:50:10.167 INFO:teuthology.orchestra.run.trial036.stdout:/usr/bin/ceph: stdout "status": "HEALTH_OK",
2026-02-19T10:50:10.167 INFO:teuthology.orchestra.run.trial036.stdout:/usr/bin/ceph: stdout "checks": {},
2026-02-19T10:50:10.167 INFO:teuthology.orchestra.run.trial036.stdout:/usr/bin/ceph: stdout "mutes": []
2026-02-19T10:50:10.167 INFO:teuthology.orchestra.run.trial036.stdout:/usr/bin/ceph: stdout },
2026-02-19T10:50:10.167 INFO:teuthology.orchestra.run.trial036.stdout:/usr/bin/ceph: stdout "election_epoch": 5,
2026-02-19T10:50:10.167 INFO:teuthology.orchestra.run.trial036.stdout:/usr/bin/ceph: stdout "quorum": [
2026-02-19T10:50:10.167 INFO:teuthology.orchestra.run.trial036.stdout:/usr/bin/ceph: stdout 0
2026-02-19T10:50:10.167 INFO:teuthology.orchestra.run.trial036.stdout:/usr/bin/ceph: stdout ],
2026-02-19T10:50:10.167 INFO:teuthology.orchestra.run.trial036.stdout:/usr/bin/ceph: stdout "quorum_names": [
2026-02-19T10:50:10.167 INFO:teuthology.orchestra.run.trial036.stdout:/usr/bin/ceph: stdout "a"
2026-02-19T10:50:10.167 INFO:teuthology.orchestra.run.trial036.stdout:/usr/bin/ceph: stdout ],
2026-02-19T10:50:10.167 INFO:teuthology.orchestra.run.trial036.stdout:/usr/bin/ceph: stdout "quorum_age": 5,
2026-02-19T10:50:10.167 INFO:teuthology.orchestra.run.trial036.stdout:/usr/bin/ceph: stdout "monmap": {
2026-02-19T10:50:10.167 INFO:teuthology.orchestra.run.trial036.stdout:/usr/bin/ceph: stdout "epoch": 1,
2026-02-19T10:50:10.167 INFO:teuthology.orchestra.run.trial036.stdout:/usr/bin/ceph: stdout "min_mon_release_name": "tentacle",
2026-02-19T10:50:10.167 INFO:teuthology.orchestra.run.trial036.stdout:/usr/bin/ceph: stdout "num_mons": 1
2026-02-19T10:50:10.167 INFO:teuthology.orchestra.run.trial036.stdout:/usr/bin/ceph: stdout },
2026-02-19T10:50:10.167 INFO:teuthology.orchestra.run.trial036.stdout:/usr/bin/ceph: stdout "osdmap": {
2026-02-19T10:50:10.167 INFO:teuthology.orchestra.run.trial036.stdout:/usr/bin/ceph: stdout "epoch": 1,
2026-02-19T10:50:10.167 INFO:teuthology.orchestra.run.trial036.stdout:/usr/bin/ceph: stdout "num_osds": 0,
2026-02-19T10:50:10.168 INFO:teuthology.orchestra.run.trial036.stdout:/usr/bin/ceph: stdout "num_up_osds": 0,
2026-02-19T10:50:10.168 INFO:teuthology.orchestra.run.trial036.stdout:/usr/bin/ceph: stdout "osd_up_since": 0,
2026-02-19T10:50:10.168 INFO:teuthology.orchestra.run.trial036.stdout:/usr/bin/ceph: stdout "num_in_osds": 0,
2026-02-19T10:50:10.168 INFO:teuthology.orchestra.run.trial036.stdout:/usr/bin/ceph: stdout "osd_in_since": 0,
2026-02-19T10:50:10.168 INFO:teuthology.orchestra.run.trial036.stdout:/usr/bin/ceph: stdout "num_remapped_pgs": 0
2026-02-19T10:50:10.170 INFO:teuthology.orchestra.run.trial036.stdout:/usr/bin/ceph: stdout },
2026-02-19T10:50:10.170 INFO:teuthology.orchestra.run.trial036.stdout:/usr/bin/ceph: stdout "pgmap": {
2026-02-19T10:50:10.170 INFO:teuthology.orchestra.run.trial036.stdout:/usr/bin/ceph: stdout "pgs_by_state": [],
2026-02-19T10:50:10.170 INFO:teuthology.orchestra.run.trial036.stdout:/usr/bin/ceph: stdout "num_pgs": 0,
2026-02-19T10:50:10.170 INFO:teuthology.orchestra.run.trial036.stdout:/usr/bin/ceph: stdout "num_pools": 0,
2026-02-19T10:50:10.170 INFO:teuthology.orchestra.run.trial036.stdout:/usr/bin/ceph: stdout "num_objects": 0,
2026-02-19T10:50:10.170 INFO:teuthology.orchestra.run.trial036.stdout:/usr/bin/ceph: stdout "data_bytes": 0,
2026-02-19T10:50:10.170 INFO:teuthology.orchestra.run.trial036.stdout:/usr/bin/ceph: stdout "bytes_used": 0,
2026-02-19T10:50:10.170 INFO:teuthology.orchestra.run.trial036.stdout:/usr/bin/ceph: stdout "bytes_avail": 0,
2026-02-19T10:50:10.170 INFO:teuthology.orchestra.run.trial036.stdout:/usr/bin/ceph: stdout "bytes_total": 0
2026-02-19T10:50:10.170 INFO:teuthology.orchestra.run.trial036.stdout:/usr/bin/ceph: stdout },
2026-02-19T10:50:10.170 INFO:teuthology.orchestra.run.trial036.stdout:/usr/bin/ceph: stdout "fsmap": {
2026-02-19T10:50:10.170 INFO:teuthology.orchestra.run.trial036.stdout:/usr/bin/ceph: stdout "epoch": 1,
2026-02-19T10:50:10.170 INFO:teuthology.orchestra.run.trial036.stdout:/usr/bin/ceph: stdout "btime": "2026-02-19T10:50:03:088021+0000",
2026-02-19T10:50:10.170 INFO:teuthology.orchestra.run.trial036.stdout:/usr/bin/ceph: stdout "by_rank": [],
2026-02-19T10:50:10.170 INFO:teuthology.orchestra.run.trial036.stdout:/usr/bin/ceph: stdout "up:standby": 0
2026-02-19T10:50:10.170 INFO:teuthology.orchestra.run.trial036.stdout:/usr/bin/ceph: stdout },
2026-02-19T10:50:10.170 INFO:teuthology.orchestra.run.trial036.stdout:/usr/bin/ceph: stdout "mgrmap": {
2026-02-19T10:50:10.170 INFO:teuthology.orchestra.run.trial036.stdout:/usr/bin/ceph: stdout "available": true,
2026-02-19T10:50:10.170 INFO:teuthology.orchestra.run.trial036.stdout:/usr/bin/ceph: stdout "num_standbys": 0,
2026-02-19T10:50:10.170 INFO:teuthology.orchestra.run.trial036.stdout:/usr/bin/ceph: stdout "modules": [
2026-02-19T10:50:10.170 INFO:teuthology.orchestra.run.trial036.stdout:/usr/bin/ceph: stdout "iostat",
2026-02-19T10:50:10.170 INFO:teuthology.orchestra.run.trial036.stdout:/usr/bin/ceph: stdout "nfs"
2026-02-19T10:50:10.170 INFO:teuthology.orchestra.run.trial036.stdout:/usr/bin/ceph: stdout ],
2026-02-19T10:50:10.170 INFO:teuthology.orchestra.run.trial036.stdout:/usr/bin/ceph: stdout "services": {}
2026-02-19T10:50:10.170 INFO:teuthology.orchestra.run.trial036.stdout:/usr/bin/ceph: stdout },
2026-02-19T10:50:10.170 INFO:teuthology.orchestra.run.trial036.stdout:/usr/bin/ceph: stdout "servicemap": {
2026-02-19T10:50:10.171 INFO:teuthology.orchestra.run.trial036.stdout:/usr/bin/ceph: stdout "epoch": 1,
2026-02-19T10:50:10.171 INFO:teuthology.orchestra.run.trial036.stdout:/usr/bin/ceph: stdout "modified": "2026-02-19T10:50:03.088431+0000",
2026-02-19T10:50:10.171 INFO:teuthology.orchestra.run.trial036.stdout:/usr/bin/ceph: stdout "services": {}
2026-02-19T10:50:10.171 INFO:teuthology.orchestra.run.trial036.stdout:/usr/bin/ceph: stdout },
2026-02-19T10:50:10.171 INFO:teuthology.orchestra.run.trial036.stdout:/usr/bin/ceph: stdout "progress_events": {}
2026-02-19T10:50:10.171 INFO:teuthology.orchestra.run.trial036.stdout:/usr/bin/ceph: stdout }
2026-02-19T10:50:10.171 INFO:teuthology.orchestra.run.trial036.stdout:/usr/bin/ceph: stderr
2026-02-19T10:50:09.900+0000 7f3ebd613640 1 Processor -- start
2026-02-19T10:50:10.171 INFO:teuthology.orchestra.run.trial036.stdout:/usr/bin/ceph: stderr
2026-02-19T10:50:09.900+0000 7f3ebd613640 1 -- start start
2026-02-19T10:50:10.171 INFO:teuthology.orchestra.run.trial036.stdout:/usr/bin/ceph: stderr
2026-02-19T10:50:09.900+0000 7f3ebd613640 1 --2- >> [v2:10.20.193.36:3300/0,v1:10.20.193.36:6789/0] conn(0x7f3eb8112fe0 0x7f3eb81133d0 unknown :-1 s=NONE pgs=0 gs=0 cs=0 l=0 c_cookie=0 s_cookie=0 reconnecting=0 rev1=0 crypto rx=0 tx=0 comp rx=0 tx=0).connect
2026-02-19T10:50:10.171 INFO:teuthology.orchestra.run.trial036.stdout:/usr/bin/ceph: stderr
2026-02-19T10:50:09.900+0000 7f3ebd613640 1 -- --> [v2:10.20.193.36:3300/0,v1:10.20.193.36:6789/0] -- mon_getmap magic: 0 -- 0x7f3eb81139c0 con 0x7f3eb8112fe0
2026-02-19T10:50:10.171 INFO:teuthology.orchestra.run.trial036.stdout:/usr/bin/ceph: stderr
2026-02-19T10:50:09.900+0000 7f3eb6ffd640 1 --2- >> [v2:10.20.193.36:3300/0,v1:10.20.193.36:6789/0] conn(0x7f3eb8112fe0 0x7f3eb81133d0 unknown :-1 s=BANNER_CONNECTING pgs=0 gs=1 cs=0 l=0 c_cookie=0 s_cookie=0 reconnecting=0 rev1=0 crypto rx=0 tx=0 comp rx=0 tx=0)._handle_peer_banner_payload supported=3 required=0
2026-02-19T10:50:10.171 INFO:teuthology.orchestra.run.trial036.stdout:/usr/bin/ceph: stderr
2026-02-19T10:50:09.900+0000 7f3eb6ffd640 1 --2- >> [v2:10.20.193.36:3300/0,v1:10.20.193.36:6789/0] conn(0x7f3eb8112fe0 0x7f3eb81133d0 unknown :-1 s=HELLO_CONNECTING pgs=0 gs=1 cs=0 l=0 c_cookie=0 s_cookie=0 reconnecting=0 rev1=1 crypto rx=0 tx=0 comp rx=0 tx=0).handle_hello peer v2:10.20.193.36:3300/0 says I am v2:10.20.193.36:56860/0 (socket says 10.20.193.36:56860)
2026-02-19T10:50:10.171 INFO:teuthology.orchestra.run.trial036.stdout:/usr/bin/ceph: stderr
2026-02-19T10:50:09.900+0000 7f3eb6ffd640 1 -- 10.20.193.36:0/92713953 learned_addr learned my addr 10.20.193.36:0/92713953 (peer_addr_for_me v2:10.20.193.36:0/0)
2026-02-19T10:50:10.171 INFO:teuthology.orchestra.run.trial036.stdout:/usr/bin/ceph: stderr
2026-02-19T10:50:09.901+0000 7f3eb6ffd640 1 -- 10.20.193.36:0/92713953 --> [v2:10.20.193.36:3300/0,v1:10.20.193.36:6789/0] -- mon_subscribe({config=0+,monmap=0+}) -- 0x7f3eb8113b00 con 0x7f3eb8112fe0
2026-02-19T10:50:10.171 INFO:teuthology.orchestra.run.trial036.stdout:/usr/bin/ceph: stderr
2026-02-19T10:50:09.901+0000 7f3eb6ffd640 1 --2- 10.20.193.36:0/92713953 >> [v2:10.20.193.36:3300/0,v1:10.20.193.36:6789/0] conn(0x7f3eb8112fe0 0x7f3eb81133d0 secure :-1 s=READY pgs=16 gs=1 cs=0 l=1 c_cookie=9671833680302193243 s_cookie=0 reconnecting=0 rev1=1 crypto rx=0x7f3eac009850 tx=0x7f3eac02eeb0 comp rx=0 tx=0).ready entity=mon.0 client_cookie=8639417d19123a5b server_cookie=0 in_seq=0 out_seq=0
2026-02-19T10:50:10.171 INFO:teuthology.orchestra.run.trial036.stdout:/usr/bin/ceph: stderr
2026-02-19T10:50:09.901+0000 7f3eb5ffb640 1 -- 10.20.193.36:0/92713953 <== mon.0 v2:10.20.193.36:3300/0 1 ==== mon_map magic: 0 ==== 213+0+0 (secure 0 0 0) 0x7f3eac02f940 con 0x7f3eb8112fe0
2026-02-19T10:50:10.171 INFO:teuthology.orchestra.run.trial036.stdout:/usr/bin/ceph: stderr
2026-02-19T10:50:09.901+0000 7f3eb5ffb640 1 -- 10.20.193.36:0/92713953 <== mon.0 v2:10.20.193.36:3300/0 2 ==== config(24 keys) ==== 978+0+0 (secure 0 0 0) 0x7f3eac037440 con 0x7f3eb8112fe0
2026-02-19T10:50:10.171 INFO:teuthology.orchestra.run.trial036.stdout:/usr/bin/ceph: stderr
2026-02-19T10:50:09.901+0000 7f3eb5ffb640 1 -- 10.20.193.36:0/92713953 <== mon.0 v2:10.20.193.36:3300/0 3 ==== mon_map magic: 0 ==== 213+0+0 (secure 0 0 0) 0x7f3eac035340 con 0x7f3eb8112fe0
2026-02-19T10:50:10.171 INFO:teuthology.orchestra.run.trial036.stdout:/usr/bin/ceph: stderr
2026-02-19T10:50:09.901+0000 7f3ebd613640 1 -- 10.20.193.36:0/92713953 >> [v2:10.20.193.36:3300/0,v1:10.20.193.36:6789/0] conn(0x7f3eb8112fe0 msgr2=0x7f3eb81133d0 secure :-1 s=STATE_CONNECTION_ESTABLISHED l=1).mark_down
2026-02-19T10:50:10.171 INFO:teuthology.orchestra.run.trial036.stdout:/usr/bin/ceph: stderr
2026-02-19T10:50:09.901+0000 7f3ebd613640 1 --2- 10.20.193.36:0/92713953 >> [v2:10.20.193.36:3300/0,v1:10.20.193.36:6789/0] conn(0x7f3eb8112fe0 0x7f3eb81133d0 secure :-1 s=READY pgs=16 gs=1 cs=0 l=1 c_cookie=9671833680302193243 s_cookie=0 reconnecting=0 rev1=1 crypto rx=0x7f3eac009850 tx=0x7f3eac02eeb0 comp rx=0 tx=0).stop
2026-02-19T10:50:10.171 INFO:teuthology.orchestra.run.trial036.stdout:/usr/bin/ceph: stderr
2026-02-19T10:50:09.901+0000 7f3ebd613640 1 -- 10.20.193.36:0/92713953 shutdown_connections
2026-02-19T10:50:10.171 INFO:teuthology.orchestra.run.trial036.stdout:/usr/bin/ceph: stderr
2026-02-19T10:50:09.901+0000 7f3ebd613640 1 --2- 10.20.193.36:0/92713953 >> [v2:10.20.193.36:3300/0,v1:10.20.193.36:6789/0] conn(0x7f3eb8112fe0 0x7f3eb81133d0 unknown :-1 s=CLOSED pgs=16 gs=1 cs=0 l=1 c_cookie=9671833680302193243 s_cookie=0 reconnecting=0 rev1=1 crypto rx=0 tx=0 comp rx=0 tx=0).stop
2026-02-19T10:50:10.171 INFO:teuthology.orchestra.run.trial036.stdout:/usr/bin/ceph: stderr
2026-02-19T10:50:09.901+0000 7f3ebd613640 1 -- 10.20.193.36:0/92713953 >> 10.20.193.36:0/92713953 conn(0x7f3eb8068490 msgr2=0x7f3eb8110f00 unknown :-1 s=STATE_NONE l=0).mark_down
2026-02-19T10:50:10.171 INFO:teuthology.orchestra.run.trial036.stdout:/usr/bin/ceph: stderr
2026-02-19T10:50:09.901+0000 7f3ebd613640 1 -- 10.20.193.36:0/92713953 shutdown_connections
2026-02-19T10:50:10.171 INFO:teuthology.orchestra.run.trial036.stdout:/usr/bin/ceph: stderr
2026-02-19T10:50:09.901+0000 7f3ebd613640 1 -- 10.20.193.36:0/92713953 wait complete.
2026-02-19T10:50:10.171 INFO:teuthology.orchestra.run.trial036.stdout:/usr/bin/ceph: stderr
2026-02-19T10:50:09.902+0000 7f3ebd613640 1 Processor -- start
2026-02-19T10:50:10.171 INFO:teuthology.orchestra.run.trial036.stdout:/usr/bin/ceph: stderr
2026-02-19T10:50:09.902+0000 7f3ebd613640 1 -- start start
2026-02-19T10:50:10.171 INFO:teuthology.orchestra.run.trial036.stdout:/usr/bin/ceph: stderr
2026-02-19T10:50:09.902+0000 7f3ebd613640 1 --2- >> [v2:10.20.193.36:3300/0,v1:10.20.193.36:6789/0] conn(0x7f3eb8112fe0 0x7f3eb8122510 unknown :-1 s=NONE pgs=0 gs=0 cs=0 l=1 c_cookie=0 s_cookie=0 reconnecting=0 rev1=0 crypto rx=0 tx=0 comp rx=0 tx=0).connect
2026-02-19T10:50:10.171 INFO:teuthology.orchestra.run.trial036.stdout:/usr/bin/ceph: stderr
2026-02-19T10:50:09.902+0000 7f3ebd613640 1 -- --> [v2:10.20.193.36:3300/0,v1:10.20.193.36:6789/0] -- mon_getmap magic: 0 -- 0x7f3eb8122a70 con 0x7f3eb8112fe0
2026-02-19T10:50:10.171 INFO:teuthology.orchestra.run.trial036.stdout:/usr/bin/ceph: stderr
2026-02-19T10:50:09.902+0000 7f3eb6ffd640 1 --2- >> [v2:10.20.193.36:3300/0,v1:10.20.193.36:6789/0] conn(0x7f3eb8112fe0 0x7f3eb8122510 unknown :-1 s=BANNER_CONNECTING pgs=0 gs=1 cs=0 l=1 c_cookie=0 s_cookie=0 reconnecting=0 rev1=0 crypto rx=0 tx=0 comp rx=0 tx=0)._handle_peer_banner_payload supported=3 required=0
2026-02-19T10:50:10.171 INFO:teuthology.orchestra.run.trial036.stdout:/usr/bin/ceph: stderr
2026-02-19T10:50:09.902+0000 7f3eb6ffd640 1 --2- >> [v2:10.20.193.36:3300/0,v1:10.20.193.36:6789/0] conn(0x7f3eb8112fe0 0x7f3eb8122510 unknown :-1 s=HELLO_CONNECTING pgs=0 gs=1 cs=0 l=1 c_cookie=0 s_cookie=0 reconnecting=0 rev1=1 crypto rx=0 tx=0 comp rx=0 tx=0).handle_hello peer v2:10.20.193.36:3300/0 says I am v2:10.20.193.36:56870/0 (socket says 10.20.193.36:56870)
2026-02-19T10:50:10.171 INFO:teuthology.orchestra.run.trial036.stdout:/usr/bin/ceph: stderr
2026-02-19T10:50:09.902+0000 7f3eb6ffd640 1 -- 10.20.193.36:0/3902685442 learned_addr learned my addr 10.20.193.36:0/3902685442 (peer_addr_for_me v2:10.20.193.36:0/0)
2026-02-19T10:50:10.171 INFO:teuthology.orchestra.run.trial036.stdout:/usr/bin/ceph: stderr
2026-02-19T10:50:09.902+0000 7f3eb6ffd640 1 -- 10.20.193.36:0/3902685442 --> [v2:10.20.193.36:3300/0,v1:10.20.193.36:6789/0] -- mon_subscribe({config=0+,monmap=0+}) -- 0x7f3eac0094f0 con 0x7f3eb8112fe0
2026-02-19T10:50:10.171 INFO:teuthology.orchestra.run.trial036.stdout:/usr/bin/ceph: stderr
2026-02-19T10:50:09.902+0000 7f3eb6ffd640 1 --2- 10.20.193.36:0/3902685442 >> [v2:10.20.193.36:3300/0,v1:10.20.193.36:6789/0] conn(0x7f3eb8112fe0 0x7f3eb8122510 secure :-1 s=READY pgs=17 gs=1 cs=0 l=1 c_cookie=0 s_cookie=0 reconnecting=0 rev1=1 crypto rx=0x7f3eac037d80 tx=0x7f3eac035e80 comp rx=0 tx=0).ready entity=mon.0 client_cookie=0 server_cookie=0 in_seq=0 out_seq=0
2026-02-19T10:50:10.171 INFO:teuthology.orchestra.run.trial036.stdout:/usr/bin/ceph: stderr
2026-02-19T10:50:09.902+0000 7f3e97fff640 1 -- 10.20.193.36:0/3902685442 <== mon.0 v2:10.20.193.36:3300/0 1 ==== mon_map magic: 0 ==== 213+0+0 (secure 0 0 0) 0x7f3eac043070 con 0x7f3eb8112fe0
2026-02-19T10:50:10.171 INFO:teuthology.orchestra.run.trial036.stdout:/usr/bin/ceph: stderr
2026-02-19T10:50:09.902+0000 7f3ebd613640 1 -- 10.20.193.36:0/3902685442 --> [v2:10.20.193.36:3300/0,v1:10.20.193.36:6789/0] -- mon_subscribe({mgrmap=0+}) -- 0x7f3eb8122c70 con 0x7f3eb8112fe0
2026-02-19T10:50:10.171 INFO:teuthology.orchestra.run.trial036.stdout:/usr/bin/ceph: stderr
2026-02-19T10:50:09.902+0000 7f3e97fff640 1 -- 10.20.193.36:0/3902685442 <== mon.0 v2:10.20.193.36:3300/0 2 ==== config(24 keys) ==== 978+0+0 (secure 0 0 0) 0x7f3eac037e50 con 0x7f3eb8112fe0
2026-02-19T10:50:10.171 INFO:teuthology.orchestra.run.trial036.stdout:/usr/bin/ceph: stderr
2026-02-19T10:50:09.902+0000 7f3e97fff640 1 -- 10.20.193.36:0/3902685442 <== mon.0 v2:10.20.193.36:3300/0 3 ==== mon_map magic: 0 ==== 213+0+0 (secure 0 0 0) 0x7f3eac0045c0 con 0x7f3eb8112fe0
2026-02-19T10:50:10.171 INFO:teuthology.orchestra.run.trial036.stdout:/usr/bin/ceph: stderr
2026-02-19T10:50:09.902+0000 7f3ebd613640 1 -- 10.20.193.36:0/3902685442 --> [v2:10.20.193.36:3300/0,v1:10.20.193.36:6789/0] -- mon_subscribe({osdmap=0}) -- 0x7f3eb81236f0 con 0x7f3eb8112fe0
2026-02-19T10:50:10.171 INFO:teuthology.orchestra.run.trial036.stdout:/usr/bin/ceph: stderr
2026-02-19T10:50:09.903+0000 7f3ebd613640 1 -- 10.20.193.36:0/3902685442 --> [v2:10.20.193.36:3300/0,v1:10.20.193.36:6789/0] -- mon_command({"prefix": "get_command_descriptions"} v 0) -- 0x7f3eb8123180 con 0x7f3eb8112fe0
2026-02-19T10:50:10.171 INFO:teuthology.orchestra.run.trial036.stdout:/usr/bin/ceph: stderr
2026-02-19T10:50:09.903+0000 7f3e97fff640 1 -- 10.20.193.36:0/3902685442 <== mon.0 v2:10.20.193.36:3300/0 4 ==== mgrmap(e 3) ==== 52697+0+0 (secure 0 0 0) 0x7f3eac03e070 con 0x7f3eb8112fe0
2026-02-19T10:50:10.171 INFO:teuthology.orchestra.run.trial036.stdout:/usr/bin/ceph: stderr
2026-02-19T10:50:09.903+0000 7f3e97fff640 1 --2- 10.20.193.36:0/3902685442 >> [v2:10.20.193.36:6800/3888770784,v1:10.20.193.36:6801/3888770784] conn(0x7f3e8c03f610 0x7f3e8c05fac0 unknown :-1 s=NONE pgs=0 gs=0 cs=0 l=1 c_cookie=0 s_cookie=0 reconnecting=0 rev1=0 crypto rx=0 tx=0 comp rx=0 tx=0).connect
2026-02-19T10:50:10.172 INFO:teuthology.orchestra.run.trial036.stdout:/usr/bin/ceph: stderr
2026-02-19T10:50:09.903+0000 7f3e97fff640 1 -- 10.20.193.36:0/3902685442 <== mon.0 v2:10.20.193.36:3300/0 5 ==== osd_map(1..1 src has 1..1) ==== 720+0+0 (secure 0 0 0) 0x7f3eac078770 con 0x7f3eb8112fe0
2026-02-19T10:50:10.172 INFO:teuthology.orchestra.run.trial036.stdout:/usr/bin/ceph: stderr
2026-02-19T10:50:09.903+0000 7f3eb67fc640 1 --2- 10.20.193.36:0/3902685442 >> [v2:10.20.193.36:6800/3888770784,v1:10.20.193.36:6801/3888770784] conn(0x7f3e8c03f610 0x7f3e8c05fac0 unknown :-1 s=BANNER_CONNECTING pgs=0 gs=2 cs=0 l=1 c_cookie=0 s_cookie=0 reconnecting=0 rev1=0 crypto rx=0 tx=0 comp rx=0 tx=0)._handle_peer_banner_payload supported=3 required=0
2026-02-19T10:50:10.172 INFO:teuthology.orchestra.run.trial036.stdout:/usr/bin/ceph: stderr
2026-02-19T10:50:09.903+0000 7f3eb67fc640 1 --2- 10.20.193.36:0/3902685442 >> [v2:10.20.193.36:6800/3888770784,v1:10.20.193.36:6801/3888770784] conn(0x7f3e8c03f610 0x7f3e8c05fac0 secure :-1 s=READY pgs=6 gs=2 cs=0 l=1 c_cookie=0 s_cookie=0 reconnecting=0 rev1=1 crypto rx=0x7f3ea0006fd0 tx=0x7f3ea0006e60 comp rx=0 tx=0).ready entity=mgr.14100 client_cookie=0 server_cookie=0 in_seq=0 out_seq=0
2026-02-19T10:50:10.172 INFO:teuthology.orchestra.run.trial036.stdout:/usr/bin/ceph: stderr
2026-02-19T10:50:09.905+0000 7f3e97fff640 1 -- 10.20.193.36:0/3902685442 <== mon.0 v2:10.20.193.36:3300/0 6 ==== mon_command_ack([{"prefix": "get_command_descriptions"}]=0 v0) ==== 72+0+230863 (secure 0 0 0) 0x7f3eac036de0 con 0x7f3eb8112fe0
2026-02-19T10:50:10.172 INFO:teuthology.orchestra.run.trial036.stdout:/usr/bin/ceph: stderr
2026-02-19T10:50:09.951+0000 7f3e97fff640 1 -- 10.20.193.36:0/3902685442 <== mon.0 v2:10.20.193.36:3300/0 7 ==== mgrmap(e 4) ==== 52803+0+0 (secure 0 0 0) 0x7f3eac048410 con 0x7f3eb8112fe0
2026-02-19T10:50:10.172 INFO:teuthology.orchestra.run.trial036.stdout:/usr/bin/ceph: stderr
2026-02-19T10:50:10.050+0000 7f3ebd613640 1 -- 10.20.193.36:0/3902685442 --> [v2:10.20.193.36:3300/0,v1:10.20.193.36:6789/0] -- mon_command({"prefix": "status", "format": "json-pretty"} v 0) -- 0x7f3eb8066010 con 0x7f3eb8112fe0
2026-02-19T10:50:10.172 INFO:teuthology.orchestra.run.trial036.stdout:/usr/bin/ceph: stderr
2026-02-19T10:50:10.051+0000 7f3e97fff640 1 -- 10.20.193.36:0/3902685442 <== mon.0 v2:10.20.193.36:3300/0 8 ==== mon_command_ack([{"prefix": "status", "format": "json-pretty"}]=0 v0) ==== 79+0+1270 (secure 0 0 0) 0x7f3eac046bc0 con 0x7f3eb8112fe0
2026-02-19T10:50:10.172 INFO:teuthology.orchestra.run.trial036.stdout:/usr/bin/ceph: stderr
2026-02-19T10:50:10.052+0000 7f3ebd613640 1 -- 10.20.193.36:0/3902685442 >> [v2:10.20.193.36:6800/3888770784,v1:10.20.193.36:6801/3888770784] conn(0x7f3e8c03f610 msgr2=0x7f3e8c05fac0 secure :-1 s=STATE_CONNECTION_ESTABLISHED l=1).mark_down
2026-02-19T10:50:10.172 INFO:teuthology.orchestra.run.trial036.stdout:/usr/bin/ceph: stderr
2026-02-19T10:50:10.052+0000 7f3ebd613640 1 --2- 10.20.193.36:0/3902685442 >> [v2:10.20.193.36:6800/3888770784,v1:10.20.193.36:6801/3888770784] conn(0x7f3e8c03f610 0x7f3e8c05fac0 secure :-1 s=READY pgs=6 gs=2 cs=0 l=1 c_cookie=0 s_cookie=0 reconnecting=0 rev1=1 crypto rx=0x7f3ea0006fd0 tx=0x7f3ea0006e60 comp rx=0 tx=0).stop
2026-02-19T10:50:10.172 INFO:teuthology.orchestra.run.trial036.stdout:/usr/bin/ceph: stderr
2026-02-19T10:50:10.052+0000 7f3ebd613640 1 -- 10.20.193.36:0/3902685442 >> [v2:10.20.193.36:3300/0,v1:10.20.193.36:6789/0] conn(0x7f3eb8112fe0 msgr2=0x7f3eb8122510 secure :-1 s=STATE_CONNECTION_ESTABLISHED l=1).mark_down
2026-02-19T10:50:10.172 INFO:teuthology.orchestra.run.trial036.stdout:/usr/bin/ceph: stderr
2026-02-19T10:50:10.052+0000 7f3ebd613640 1 --2- 10.20.193.36:0/3902685442 >> [v2:10.20.193.36:3300/0,v1:10.20.193.36:6789/0] conn(0x7f3eb8112fe0 0x7f3eb8122510 secure :-1 s=READY pgs=17 gs=1 cs=0 l=1 c_cookie=0 s_cookie=0 reconnecting=0 rev1=1 crypto rx=0x7f3eac037d80 tx=0x7f3eac035e80 comp rx=0 tx=0).stop
2026-02-19T10:50:10.172 INFO:teuthology.orchestra.run.trial036.stdout:/usr/bin/ceph: stderr
2026-02-19T10:50:10.052+0000 7f3ebd613640 1 -- 10.20.193.36:0/3902685442 shutdown_connections
2026-02-19T10:50:10.172 INFO:teuthology.orchestra.run.trial036.stdout:/usr/bin/ceph: stderr
2026-02-19T10:50:10.052+0000 7f3ebd613640 1 --2- 10.20.193.36:0/3902685442 >> [v2:10.20.193.36:6800/3888770784,v1:10.20.193.36:6801/3888770784] conn(0x7f3e8c03f610 0x7f3e8c05fac0 unknown :-1 s=CLOSED pgs=6 gs=2 cs=0 l=1 c_cookie=0 s_cookie=0 reconnecting=0 rev1=1 crypto rx=0 tx=0 comp rx=0 tx=0).stop
2026-02-19T10:50:10.172 INFO:teuthology.orchestra.run.trial036.stdout:/usr/bin/ceph: stderr
2026-02-19T10:50:10.052+0000 7f3ebd613640 1 --2- 10.20.193.36:0/3902685442 >> [v2:10.20.193.36:3300/0,v1:10.20.193.36:6789/0] conn(0x7f3eb8112fe0 0x7f3eb8122510 unknown :-1 s=CLOSED pgs=17 gs=1 cs=0 l=1 c_cookie=0 s_cookie=0 reconnecting=0 rev1=1 crypto rx=0 tx=0 comp rx=0 tx=0).stop
2026-02-19T10:50:10.172 INFO:teuthology.orchestra.run.trial036.stdout:/usr/bin/ceph: stderr
2026-02-19T10:50:10.052+0000 7f3ebd613640 1 -- 10.20.193.36:0/3902685442 >> 10.20.193.36:0/3902685442 conn(0x7f3eb8068490 msgr2=0x7f3eb8110f00 unknown :-1 s=STATE_NONE l=0).mark_down
2026-02-19T10:50:10.172 INFO:teuthology.orchestra.run.trial036.stdout:/usr/bin/ceph: stderr
2026-02-19T10:50:10.052+0000 7f3ebd613640 1 -- 10.20.193.36:0/3902685442 shutdown_connections
2026-02-19T10:50:10.172 INFO:teuthology.orchestra.run.trial036.stdout:/usr/bin/ceph: stderr
2026-02-19T10:50:10.052+0000 7f3ebd613640 1 -- 10.20.193.36:0/3902685442 wait complete.
2026-02-19T10:50:10.172 INFO:teuthology.orchestra.run.trial036.stdout:mgr is available
2026-02-19T10:50:10.520 INFO:teuthology.orchestra.run.trial036.stdout:/usr/bin/ceph: stdout
2026-02-19T10:50:10.520 INFO:teuthology.orchestra.run.trial036.stdout:/usr/bin/ceph: stdout [global]
2026-02-19T10:50:10.520 INFO:teuthology.orchestra.run.trial036.stdout:/usr/bin/ceph: stdout fsid = b6678349-0d80-11f1-8643-d404e6e7d460
2026-02-19T10:50:10.520 INFO:teuthology.orchestra.run.trial036.stdout:/usr/bin/ceph: stdout mon_cluster_log_file_level = debug
2026-02-19T10:50:10.520 INFO:teuthology.orchestra.run.trial036.stdout:/usr/bin/ceph: stdout mon_host = [v2:10.20.193.36:3300,v1:10.20.193.36:6789]
2026-02-19T10:50:10.520 INFO:teuthology.orchestra.run.trial036.stdout:/usr/bin/ceph: stdout mon_osd_allow_pg_remap = true
2026-02-19T10:50:10.520 INFO:teuthology.orchestra.run.trial036.stdout:/usr/bin/ceph: stdout mon_osd_allow_primary_affinity = true
2026-02-19T10:50:10.520 INFO:teuthology.orchestra.run.trial036.stdout:/usr/bin/ceph: stdout mon_warn_on_no_sortbitwise = false
2026-02-19T10:50:10.521 INFO:teuthology.orchestra.run.trial036.stdout:/usr/bin/ceph: stdout osd_crush_chooseleaf_type = 0
2026-02-19T10:50:10.521 INFO:teuthology.orchestra.run.trial036.stdout:/usr/bin/ceph: stdout
2026-02-19T10:50:10.521 INFO:teuthology.orchestra.run.trial036.stdout:/usr/bin/ceph: stdout [mgr]
2026-02-19T10:50:10.521 INFO:teuthology.orchestra.run.trial036.stdout:/usr/bin/ceph: stdout mgr/telemetry/nag = false
2026-02-19T10:50:10.521 INFO:teuthology.orchestra.run.trial036.stdout:/usr/bin/ceph: stdout
2026-02-19T10:50:10.521 INFO:teuthology.orchestra.run.trial036.stdout:/usr/bin/ceph: stdout [osd]
2026-02-19T10:50:10.521 INFO:teuthology.orchestra.run.trial036.stdout:/usr/bin/ceph: stdout osd_map_max_advance = 10
2026-02-19T10:50:10.521 INFO:teuthology.orchestra.run.trial036.stdout:/usr/bin/ceph: stdout osd_sloppy_crc = true
2026-02-19T10:50:10.521 INFO:teuthology.orchestra.run.trial036.stdout:/usr/bin/ceph: stderr
2026-02-19T10:50:10.291+0000 7f4d989cd640 1 Processor -- start
2026-02-19T10:50:10.521 INFO:teuthology.orchestra.run.trial036.stdout:/usr/bin/ceph: stderr
2026-02-19T10:50:10.291+0000 7f4d989cd640 1 -- start start
2026-02-19T10:50:10.521 INFO:teuthology.orchestra.run.trial036.stdout:/usr/bin/ceph: stderr
2026-02-19T10:50:10.291+0000 7f4d989cd640 1 --2- >> [v2:10.20.193.36:3300/0,v1:10.20.193.36:6789/0] conn(0x7f4d90112fe0 0x7f4d901133d0 unknown :-1 s=NONE pgs=0 gs=0 cs=0 l=0 c_cookie=0 s_cookie=0 reconnecting=0 rev1=0 crypto rx=0 tx=0 comp rx=0 tx=0).connect
2026-02-19T10:50:10.521 INFO:teuthology.orchestra.run.trial036.stdout:/usr/bin/ceph: stderr
2026-02-19T10:50:10.291+0000 7f4d989cd640 1 -- --> [v2:10.20.193.36:3300/0,v1:10.20.193.36:6789/0] -- mon_getmap magic: 0 -- 0x7f4d901139c0 con 0x7f4d90112fe0
2026-02-19T10:50:10.521 INFO:teuthology.orchestra.run.trial036.stdout:/usr/bin/ceph: stderr
2026-02-19T10:50:10.292+0000 7f4d96742640 1 --2- >> [v2:10.20.193.36:3300/0,v1:10.20.193.36:6789/0] conn(0x7f4d90112fe0 0x7f4d901133d0 unknown :-1 s=BANNER_CONNECTING pgs=0 gs=1 cs=0 l=0 c_cookie=0 s_cookie=0 reconnecting=0 rev1=0 crypto rx=0 tx=0 comp rx=0 tx=0)._handle_peer_banner_payload supported=3 required=0
2026-02-19T10:50:10.521 INFO:teuthology.orchestra.run.trial036.stdout:/usr/bin/ceph: stderr
2026-02-19T10:50:10.292+0000 7f4d96742640 1 --2- >> [v2:10.20.193.36:3300/0,v1:10.20.193.36:6789/0] conn(0x7f4d90112fe0 0x7f4d901133d0 unknown :-1 s=HELLO_CONNECTING pgs=0 gs=1 cs=0 l=0 c_cookie=0 s_cookie=0 reconnecting=0 rev1=1 crypto rx=0 tx=0 comp rx=0 tx=0).handle_hello peer v2:10.20.193.36:3300/0 says I am v2:10.20.193.36:56882/0 (socket says 10.20.193.36:56882)
2026-02-19T10:50:10.521 INFO:teuthology.orchestra.run.trial036.stdout:/usr/bin/ceph: stderr
2026-02-19T10:50:10.292+0000 7f4d96742640 1 -- 10.20.193.36:0/2061333451 learned_addr learned my addr 10.20.193.36:0/2061333451 (peer_addr_for_me v2:10.20.193.36:0/0)
2026-02-19T10:50:10.521 INFO:teuthology.orchestra.run.trial036.stdout:/usr/bin/ceph: stderr
2026-02-19T10:50:10.292+0000 7f4d96742640 1 -- 10.20.193.36:0/2061333451 --> [v2:10.20.193.36:3300/0,v1:10.20.193.36:6789/0] -- mon_subscribe({config=0+,monmap=0+}) -- 0x7f4d90113b00 con 0x7f4d90112fe0
2026-02-19T10:50:10.521 INFO:teuthology.orchestra.run.trial036.stdout:/usr/bin/ceph: stderr
2026-02-19T10:50:10.292+0000 7f4d96742640 1 --2- 10.20.193.36:0/2061333451 >> [v2:10.20.193.36:3300/0,v1:10.20.193.36:6789/0] conn(0x7f4d90112fe0 0x7f4d901133d0 secure :-1 s=READY pgs=18 gs=1 cs=0 l=1 c_cookie=11449807646594602774 s_cookie=0 reconnecting=0 rev1=1 crypto rx=0x7f4d88009850 tx=0x7f4d8802eeb0 comp rx=0 tx=0).ready entity=mon.0 client_cookie=9ee5e36411d29716 server_cookie=0 in_seq=0 out_seq=0
2026-02-19T10:50:10.521 INFO:teuthology.orchestra.run.trial036.stdout:/usr/bin/ceph: stderr
2026-02-19T10:50:10.293+0000 7f4d95740640 1 -- 10.20.193.36:0/2061333451 <== mon.0 v2:10.20.193.36:3300/0 1 ==== mon_map magic: 0 ==== 213+0+0 (secure 0 0 0) 0x7f4d8802f940 con 0x7f4d90112fe0
2026-02-19T10:50:10.521 INFO:teuthology.orchestra.run.trial036.stdout:/usr/bin/ceph: stderr
2026-02-19T10:50:10.293+0000 7f4d95740640 1 -- 10.20.193.36:0/2061333451 <== mon.0 v2:10.20.193.36:3300/0 2 ==== config(24 keys) ==== 978+0+0 (secure 0 0 0) 0x7f4d88037440 con 0x7f4d90112fe0
2026-02-19T10:50:10.521 INFO:teuthology.orchestra.run.trial036.stdout:/usr/bin/ceph: stderr
2026-02-19T10:50:10.293+0000 7f4d95740640 1 -- 10.20.193.36:0/2061333451 <== mon.0 v2:10.20.193.36:3300/0 3 ==== mon_map magic: 0 ==== 213+0+0 (secure 0 0 0) 0x7f4d88035340 con 0x7f4d90112fe0
2026-02-19T10:50:10.521 INFO:teuthology.orchestra.run.trial036.stdout:/usr/bin/ceph: stderr
2026-02-19T10:50:10.293+0000 7f4d989cd640 1 -- 10.20.193.36:0/2061333451 >> [v2:10.20.193.36:3300/0,v1:10.20.193.36:6789/0] conn(0x7f4d90112fe0 msgr2=0x7f4d901133d0 secure :-1 s=STATE_CONNECTION_ESTABLISHED l=1).mark_down
2026-02-19T10:50:10.521 INFO:teuthology.orchestra.run.trial036.stdout:/usr/bin/ceph: stderr
2026-02-19T10:50:10.293+0000 7f4d989cd640 1 --2- 10.20.193.36:0/2061333451 >> [v2:10.20.193.36:3300/0,v1:10.20.193.36:6789/0] conn(0x7f4d90112fe0 0x7f4d901133d0 secure :-1 s=READY pgs=18 gs=1 cs=0 l=1 c_cookie=11449807646594602774 s_cookie=0 reconnecting=0 rev1=1 crypto rx=0x7f4d88009850 tx=0x7f4d8802eeb0 comp rx=0 tx=0).stop
2026-02-19T10:50:10.521 INFO:teuthology.orchestra.run.trial036.stdout:/usr/bin/ceph: stderr
2026-02-19T10:50:10.293+0000 7f4d989cd640 1 -- 10.20.193.36:0/2061333451 shutdown_connections
2026-02-19T10:50:10.521 INFO:teuthology.orchestra.run.trial036.stdout:/usr/bin/ceph: stderr
2026-02-19T10:50:10.293+0000 7f4d989cd640 1 --2- 10.20.193.36:0/2061333451 >> [v2:10.20.193.36:3300/0,v1:10.20.193.36:6789/0] conn(0x7f4d90112fe0 0x7f4d901133d0 unknown :-1 s=CLOSED pgs=18 gs=1 cs=0 l=1 c_cookie=11449807646594602774 s_cookie=0 reconnecting=0 rev1=1 crypto rx=0 tx=0 comp rx=0 tx=0).stop
2026-02-19T10:50:10.521 INFO:teuthology.orchestra.run.trial036.stdout:/usr/bin/ceph: stderr
2026-02-19T10:50:10.293+0000 7f4d989cd640 1 -- 10.20.193.36:0/2061333451 >> 10.20.193.36:0/2061333451 conn(0x7f4d90068470 msgr2=0x7f4d90110f00 unknown :-1 s=STATE_NONE l=0).mark_down
2026-02-19T10:50:10.521 INFO:teuthology.orchestra.run.trial036.stdout:/usr/bin/ceph: stderr
2026-02-19T10:50:10.293+0000 7f4d989cd640 1 -- 10.20.193.36:0/2061333451 shutdown_connections
2026-02-19T10:50:10.521 INFO:teuthology.orchestra.run.trial036.stdout:/usr/bin/ceph: stderr
2026-02-19T10:50:10.293+0000 7f4d989cd640 1 -- 10.20.193.36:0/2061333451 wait complete.
2026-02-19T10:50:10.521 INFO:teuthology.orchestra.run.trial036.stdout:/usr/bin/ceph: stderr
2026-02-19T10:50:10.293+0000 7f4d989cd640 1 Processor -- start
2026-02-19T10:50:10.521 INFO:teuthology.orchestra.run.trial036.stdout:/usr/bin/ceph: stderr
2026-02-19T10:50:10.293+0000 7f4d989cd640 1 -- start start
2026-02-19T10:50:10.521 INFO:teuthology.orchestra.run.trial036.stdout:/usr/bin/ceph: stderr
2026-02-19T10:50:10.293+0000 7f4d989cd640 1 --2- >> [v2:10.20.193.36:3300/0,v1:10.20.193.36:6789/0] conn(0x7f4d90112fe0 0x7f4d90122530 unknown :-1 s=NONE pgs=0 gs=0 cs=0 l=1 c_cookie=0 s_cookie=0 reconnecting=0 rev1=0 crypto rx=0 tx=0 comp rx=0 tx=0).connect
2026-02-19T10:50:10.521 INFO:teuthology.orchestra.run.trial036.stdout:/usr/bin/ceph: stderr
2026-02-19T10:50:10.293+0000 7f4d989cd640 1 -- --> [v2:10.20.193.36:3300/0,v1:10.20.193.36:6789/0] -- mon_getmap magic: 0 -- 0x7f4d90122a90 con 0x7f4d90112fe0
2026-02-19T10:50:10.521 INFO:teuthology.orchestra.run.trial036.stdout:/usr/bin/ceph: stderr
2026-02-19T10:50:10.293+0000 7f4d96742640 1 --2- >> [v2:10.20.193.36:3300/0,v1:10.20.193.36:6789/0] conn(0x7f4d90112fe0 0x7f4d90122530 unknown :-1 s=BANNER_CONNECTING pgs=0 gs=1 cs=0 l=1 c_cookie=0 s_cookie=0 reconnecting=0 rev1=0 crypto rx=0 tx=0 comp rx=0 tx=0)._handle_peer_banner_payload supported=3 required=0
2026-02-19T10:50:10.521 INFO:teuthology.orchestra.run.trial036.stdout:/usr/bin/ceph: stderr
2026-02-19T10:50:10.293+0000 7f4d96742640 1 --2- >> [v2:10.20.193.36:3300/0,v1:10.20.193.36:6789/0] conn(0x7f4d90112fe0 0x7f4d90122530 unknown :-1 s=HELLO_CONNECTING pgs=0 gs=1 cs=0 l=1 c_cookie=0 s_cookie=0 reconnecting=0 rev1=1 crypto rx=0 tx=0 comp rx=0 tx=0).handle_hello peer v2:10.20.193.36:3300/0 says I am v2:10.20.193.36:56890/0 (socket says 10.20.193.36:56890)
2026-02-19T10:50:10.521 INFO:teuthology.orchestra.run.trial036.stdout:/usr/bin/ceph: stderr
2026-02-19T10:50:10.293+0000 7f4d96742640 1 -- 10.20.193.36:0/1848173409 learned_addr learned my addr 10.20.193.36:0/1848173409 (peer_addr_for_me v2:10.20.193.36:0/0)
2026-02-19T10:50:10.521 INFO:teuthology.orchestra.run.trial036.stdout:/usr/bin/ceph: stderr
2026-02-19T10:50:10.293+0000 7f4d96742640 1 -- 10.20.193.36:0/1848173409 --> [v2:10.20.193.36:3300/0,v1:10.20.193.36:6789/0] -- mon_subscribe({config=0+,monmap=0+}) -- 0x7f4d880094f0 con 0x7f4d90112fe0
2026-02-19T10:50:10.521 INFO:teuthology.orchestra.run.trial036.stdout:/usr/bin/ceph: stderr
2026-02-19T10:50:10.294+0000 7f4d96742640 1 --2- 10.20.193.36:0/1848173409 >> [v2:10.20.193.36:3300/0,v1:10.20.193.36:6789/0] conn(0x7f4d90112fe0 0x7f4d90122530 secure :-1 s=READY pgs=19 gs=1 cs=0 l=1 c_cookie=0 s_cookie=0 reconnecting=0 rev1=1 crypto rx=0x7f4d88037d80 tx=0x7f4d88035e80 comp rx=0 tx=0).ready entity=mon.0 client_cookie=0 server_cookie=0 in_seq=0 out_seq=0
2026-02-19T10:50:10.521 INFO:teuthology.orchestra.run.trial036.stdout:/usr/bin/ceph: stderr
2026-02-19T10:50:10.294+0000 7f4d7b7fe640 1 -- 10.20.193.36:0/1848173409 <== mon.0 v2:10.20.193.36:3300/0 1 ==== mon_map magic: 0 ==== 213+0+0 (secure 0 0 0) 0x7f4d88043070 con 0x7f4d90112fe0
2026-02-19T10:50:10.521 INFO:teuthology.orchestra.run.trial036.stdout:/usr/bin/ceph: stderr
2026-02-19T10:50:10.294+0000 7f4d989cd640 1 -- 10.20.193.36:0/1848173409 --> [v2:10.20.193.36:3300/0,v1:10.20.193.36:6789/0] -- mon_subscribe({mgrmap=0+}) -- 0x7f4d90122c90 con 0x7f4d90112fe0
2026-02-19T10:50:10.521 INFO:teuthology.orchestra.run.trial036.stdout:/usr/bin/ceph: stderr
2026-02-19T10:50:10.294+0000 7f4d7b7fe640 1 -- 10.20.193.36:0/1848173409 <== mon.0 v2:10.20.193.36:3300/0 2 ==== config(24 keys) ==== 978+0+0 (secure 0 0 0) 0x7f4d88037e50 con 0x7f4d90112fe0
2026-02-19T10:50:10.521 INFO:teuthology.orchestra.run.trial036.stdout:/usr/bin/ceph: stderr
2026-02-19T10:50:10.294+0000 7f4d7b7fe640 1 -- 10.20.193.36:0/1848173409 <== mon.0 v2:10.20.193.36:3300/0 3 ==== mon_map magic: 0 ==== 213+0+0 (secure 0 0 0) 0x7f4d880045c0 con 0x7f4d90112fe0
2026-02-19T10:50:10.521 INFO:teuthology.orchestra.run.trial036.stdout:/usr/bin/ceph: stderr
2026-02-19T10:50:10.294+0000 7f4d989cd640 1 -- 10.20.193.36:0/1848173409 --> [v2:10.20.193.36:3300/0,v1:10.20.193.36:6789/0] -- mon_subscribe({osdmap=0}) -- 0x7f4d90123710 con 0x7f4d90112fe0
2026-02-19T10:50:10.521 INFO:teuthology.orchestra.run.trial036.stdout:/usr/bin/ceph: stderr
2026-02-19T10:50:10.294+0000 7f4d7b7fe640 1 -- 10.20.193.36:0/1848173409 <== mon.0 v2:10.20.193.36:3300/0 4 ==== mgrmap(e 4) ==== 52803+0+0 (secure 0 0 0) 0x7f4d8803e070 con 0x7f4d90112fe0
2026-02-19T10:50:10.522 INFO:teuthology.orchestra.run.trial036.stdout:/usr/bin/ceph: stderr
2026-02-19T10:50:10.294+0000 7f4d989cd640 1 -- 10.20.193.36:0/1848173409 --> [v2:10.20.193.36:3300/0,v1:10.20.193.36:6789/0] -- mon_command({"prefix": "get_command_descriptions"} v 0) -- 0x7f4d901231a0 con 0x7f4d90112fe0
2026-02-19T10:50:10.522 INFO:teuthology.orchestra.run.trial036.stdout:/usr/bin/ceph: stderr
2026-02-19T10:50:10.294+0000 7f4d7b7fe640 1 --2- 10.20.193.36:0/1848173409 >> [v2:10.20.193.36:6800/3888770784,v1:10.20.193.36:6801/3888770784] conn(0x7f4d6c03f730 0x7f4d6c05fbe0 unknown :-1 s=NONE pgs=0 gs=0 cs=0 l=1 c_cookie=0 s_cookie=0 reconnecting=0 rev1=0 crypto rx=0 tx=0 comp rx=0 tx=0).connect
2026-02-19T10:50:10.522 INFO:teuthology.orchestra.run.trial036.stdout:/usr/bin/ceph: stderr
2026-02-19T10:50:10.294+0000 7f4d7b7fe640 1 -- 10.20.193.36:0/1848173409 <== mon.0 v2:10.20.193.36:3300/0 5 ==== osd_map(1..1 src has 1..1) ==== 720+0+0 (secure 0 0 0) 0x7f4d88078870 con 0x7f4d90112fe0
2026-02-19T10:50:10.522 INFO:teuthology.orchestra.run.trial036.stdout:/usr/bin/ceph: stderr
2026-02-19T10:50:10.294+0000 7f4d95f41640 1 --2- 10.20.193.36:0/1848173409 >> [v2:10.20.193.36:6800/3888770784,v1:10.20.193.36:6801/3888770784] conn(0x7f4d6c03f730 0x7f4d6c05fbe0 unknown :-1 s=BANNER_CONNECTING pgs=0 gs=2 cs=0 l=1 c_cookie=0 s_cookie=0 reconnecting=0 rev1=0 crypto rx=0 tx=0 comp rx=0 tx=0)._handle_peer_banner_payload supported=3 required=0
2026-02-19T10:50:10.522 INFO:teuthology.orchestra.run.trial036.stdout:/usr/bin/ceph: stderr
2026-02-19T10:50:10.295+0000 7f4d95f41640 1 --2- 10.20.193.36:0/1848173409 >> [v2:10.20.193.36:6800/3888770784,v1:10.20.193.36:6801/3888770784] conn(0x7f4d6c03f730 0x7f4d6c05fbe0 secure :-1 s=READY pgs=7 gs=2 cs=0 l=1 c_cookie=0 s_cookie=0 reconnecting=0 rev1=1 crypto rx=0x7f4d7c006fd0 tx=0x7f4d7c006e60 comp rx=0 tx=0).ready entity=mgr.14100 client_cookie=0 server_cookie=0 in_seq=0 out_seq=0
2026-02-19T10:50:10.522 INFO:teuthology.orchestra.run.trial036.stdout:/usr/bin/ceph: stderr
2026-02-19T10:50:10.297+0000 7f4d7b7fe640 1 -- 10.20.193.36:0/1848173409 <== mon.0 v2:10.20.193.36:3300/0 6 ==== mon_command_ack([{"prefix": "get_command_descriptions"}]=0 v0) ==== 72+0+230863 (secure 0 0 0) 0x7f4d8802fe10 con 0x7f4d90112fe0
2026-02-19T10:50:10.522 INFO:teuthology.orchestra.run.trial036.stdout:/usr/bin/ceph: stderr
2026-02-19T10:50:10.402+0000 7f4d989cd640 1 -- 10.20.193.36:0/1848173409 --> [v2:10.20.193.36:3300/0,v1:10.20.193.36:6789/0] -- mon_command({"prefix": "config assimilate-conf"} v 0) -- 0x7f4d90066010 con 0x7f4d90112fe0
2026-02-19T10:50:10.522 INFO:teuthology.orchestra.run.trial036.stdout:/usr/bin/ceph: stderr
2026-02-19T10:50:10.403+0000 7f4d7b7fe640 1 -- 10.20.193.36:0/1848173409 <== mon.0 v2:10.20.193.36:3300/0 7 ==== mon_command_ack([{"prefix": "config assimilate-conf"}]=0 v3) ==== 70+0+374 (secure 0 0 0) 0x7f4d8803c020 con 0x7f4d90112fe0
2026-02-19T10:50:10.522 INFO:teuthology.orchestra.run.trial036.stdout:/usr/bin/ceph: stderr
2026-02-19T10:50:10.404+0000 7f4d989cd640 1 -- 10.20.193.36:0/1848173409 >> [v2:10.20.193.36:6800/3888770784,v1:10.20.193.36:6801/3888770784] conn(0x7f4d6c03f730 msgr2=0x7f4d6c05fbe0 secure :-1 s=STATE_CONNECTION_ESTABLISHED l=1).mark_down
2026-02-19T10:50:10.522 INFO:teuthology.orchestra.run.trial036.stdout:/usr/bin/ceph: stderr
2026-02-19T10:50:10.404+0000 7f4d989cd640 1 --2- 10.20.193.36:0/1848173409 >> [v2:10.20.193.36:6800/3888770784,v1:10.20.193.36:6801/3888770784] conn(0x7f4d6c03f730 0x7f4d6c05fbe0 secure :-1 s=READY pgs=7 gs=2 cs=0 l=1 c_cookie=0 s_cookie=0 reconnecting=0 rev1=1 crypto rx=0x7f4d7c006fd0 tx=0x7f4d7c006e60 comp rx=0 tx=0).stop
2026-02-19T10:50:10.522 INFO:teuthology.orchestra.run.trial036.stdout:/usr/bin/ceph: stderr
2026-02-19T10:50:10.404+0000 7f4d989cd640 1 -- 10.20.193.36:0/1848173409 >> [v2:10.20.193.36:3300/0,v1:10.20.193.36:6789/0] conn(0x7f4d90112fe0 msgr2=0x7f4d90122530 secure :-1 s=STATE_CONNECTION_ESTABLISHED l=1).mark_down
2026-02-19T10:50:10.522 INFO:teuthology.orchestra.run.trial036.stdout:/usr/bin/ceph: stderr
2026-02-19T10:50:10.404+0000 7f4d989cd640 1 --2- 10.20.193.36:0/1848173409 >> [v2:10.20.193.36:3300/0,v1:10.20.193.36:6789/0] conn(0x7f4d90112fe0 0x7f4d90122530 secure :-1 s=READY pgs=19 gs=1 cs=0 l=1 c_cookie=0 s_cookie=0 reconnecting=0 rev1=1 crypto rx=0x7f4d88037d80 tx=0x7f4d88035e80 comp rx=0 tx=0).stop
2026-02-19T10:50:10.522 INFO:teuthology.orchestra.run.trial036.stdout:/usr/bin/ceph: stderr
2026-02-19T10:50:10.404+0000 7f4d989cd640 1 -- 10.20.193.36:0/1848173409 shutdown_connections
2026-02-19T10:50:10.522 INFO:teuthology.orchestra.run.trial036.stdout:/usr/bin/ceph: stderr
2026-02-19T10:50:10.404+0000 7f4d989cd640 1 --2- 10.20.193.36:0/1848173409 >> [v2:10.20.193.36:6800/3888770784,v1:10.20.193.36:6801/3888770784] conn(0x7f4d6c03f730 0x7f4d6c05fbe0 unknown :-1 s=CLOSED pgs=7 gs=2 cs=0 l=1 c_cookie=0 s_cookie=0 reconnecting=0 rev1=1 crypto rx=0 tx=0 comp rx=0 tx=0).stop
2026-02-19T10:50:10.522 INFO:teuthology.orchestra.run.trial036.stdout:/usr/bin/ceph: stderr
2026-02-19T10:50:10.404+0000 7f4d989cd640 1 --2- 10.20.193.36:0/1848173409 >> [v2:10.20.193.36:3300/0,v1:10.20.193.36:6789/0] conn(0x7f4d90112fe0 0x7f4d90122530 unknown :-1 s=CLOSED pgs=19 gs=1 cs=0 l=1 c_cookie=0 s_cookie=0 reconnecting=0 rev1=1 crypto rx=0 tx=0 comp rx=0 tx=0).stop
