2026-02-19T10:50:26.851 INFO:journalctl@ceph.mon.a.trial036.stdout:Feb 19 10:50:26 trial036 ceph-mon[22306]: from='client.14156 -' entity='client.admin' cmd=[{"prefix": "mgr_status"}]: dispatch
2026-02-19T10:50:27.047 INFO:teuthology.orchestra.run.trial036.stdout:/usr/bin/ceph: stdout {"cert": "-----BEGIN CERTIFICATE-----\nMIIFHzCCAwegAwIBAgIUOMkAvid31MJysPlKP1g+W3XA+PAwDQYJKoZIhvcNAQEL\nBQAwPDE6MDgGA1UEAwwxY2VwaGFkbS1yb290LWI2Njc4MzQ5LTBkODAtMTFmMS04\nNjQzLWQ0MDRlNmU3ZDQ2MDAeFw0yNjAyMTkxMDUwMjZaFw0yOTAyMTgxMDUwMjZa\nMBcxFTATBgNVBAMMDDEwLjIwLjE5My4zNjCCAiIwDQYJKoZIhvcNAQEBBQADggIP\nADCCAgoCggIBALUVwPEuQWQmr5kmRMFOBAq90TQRaDrEe+zbgga+y9aiGHxG8n8m\nSLtakRNS8qSuoAiMZsn3pLCQw9Et4ypKrwDq7h5pmgPE20tUAuzXP56DBXGyhAEN\n5IEOvGUT8IVNPPBNQtgEHp5wBFIp3PSfqpYtVKRfeSt9sjEa+a6++tyoX4MgIpEr\ny92yQli38CK5JM2HtsYFkCVLFi1vHiPe6UVts79D3w61gT15Af2uIgzcdquRFGyR\ntPGVX0h5hAytiXq/3hdUIvZV9GzIa20hjnD4oPubesWvA8HaGFPfTRyw2DS5Odu3\nakyZWathFkzW6EpuKOBAixyQKVKgcI+DJHMsWp0B1OBsuacqIwYJQ1MPNUdFVP9Z\nqX9eqfYoqbhABzZnf7oA4ZJiRIDFc8UydsKvnfEJSdaUCTEKIs4LHiVwUtDpo00g\n7WFIwb9Z+2G0+HqGuYmSXCbog/OvejITGaA8QF5MNAz3mTQweUpdar4dEPvQt3IE\nFF71WZiOoxMFL/dVCIlAwBtQwmTXt45q9ceDv9CcB3XxjjRlBfzJQW8AiWyS+IRH\n6XaRVwV8aLve8riVoc63Yh01MUTaNZh5c4qU1HasmOUXiBpKie6/axsm/sA9Wl9Z\n2bj3yKcKcWd7/1xvM1p7wc9xWrseJCkPzmEqVnmKGYEcSGnRqzasOlHfAgMBAAGj\nPjA8MCwGA1UdEQQlMCOCCHRyaWFsMDM2ghFkYXNoYm9hcmRfc2VydmVyc4cEChTB\nJDAMBgNVHRMBAf8EAjAAMA0GCSqGSIb3DQEBCwUAA4ICAQCbTjVM4D8rrOSKL36f\nU4hciobuwDi6BiW/GGKpdCzPrK9sp9Qu23DIgUa19IUByvjhHRVYnO1tIRFbYqRT\nkCTIMIjwxF6+A9csaFAWXgrWc/yvdvHkwkhVcco5i0Z4N6/KWBQX0o46w7PLM6Ok\nVFGmem4M8y7QS9jEg7wCjSKLO4XuF1jQ2ouCmQRkF+Jagyk3mtlLEoh7IAlsk2HM\nM4/tJ5CY9JxU1aaDLolUF4Rv5zIs2RoLKQuHdhmPkQ7n30EGvP+JQEEukQ5AjId+\noWzS/AWuXKhyKkGXPteZyRFg9+fPWbWDIcdOr64Ii8KnTcr0QqH1qcPFrdvx+jnB\nxTCDqQ+9qLMMBxGuzl+XQylQbbd9zI/zbhrUY5hi5W7N4kT/RnWXAbcpOEwxzc9T\nqbLsyBif4HqTGHeXB+RYR1sh1eo6BhHNm589VcicF786hAdp0rHQjzwzVZRPf3DX\nyG88l1SyyMLi1W0fLghOzkEGqJImm/VbiJjeCgWsmbg4HPEcYN9nqnqxu3/K/Oe8\nDZQU8LrYI0F78iEJIIy+e1KZdeQ67Ix3NYVfMysdObOD4Hf4aVLuwj0QV+IUyccm\ntoK98dxZ2Nm+6Ui0DxqqopaBgKRCB7Rt9dN4++UrZWX9CeDlzztMCIFVW6NTJEtB\nJm8F4M4XAaJOaNmqLNiwLjO1Sw==\n-----END CERTIFICATE-----\n", "key": "-----BEGIN RSA PRIVATE KEY-----\nMIIJKQIBAAKCAgEAtRXA8S5BZCavmSZEwU4ECr3RNBFoOsR77NuCBr7L1qIYfEby\nfyZIu1qRE1LypK6gCIxmyfeksJDD0S3jKkqvAOruHmmaA8TbS1QC7Nc/noMFcbKE\nAQ3kgQ68ZRPwhU088E1C2AQennAEUinc9J+qli1UpF95K32yMRr5rr763KhfgyAi\nkSvL3bJCWLfwIrkkzYe2xgWQJUsWLW8eI97pRW2zv0PfDrWBPXkB/a4iDNx2q5EU\nbJG08ZVfSHmEDK2Jer/eF1Qi9lX0bMhrbSGOcPig+5t6xa8DwdoYU99NHLDYNLk5\n27dqTJlZq2EWTNboSm4o4ECLHJApUqBwj4MkcyxanQHU4Gy5pyojBglDUw81R0VU\n/1mpf16p9iipuEAHNmd/ugDhkmJEgMVzxTJ2wq+d8QlJ1pQJMQoizgseJXBS0Omj\nTSDtYUjBv1n7YbT4eoa5iZJcJuiD8696MhMZoDxAXkw0DPeZNDB5Sl1qvh0Q+9C3\ncgQUXvVZmI6jEwUv91UIiUDAG1DCZNe3jmr1x4O/0JwHdfGONGUF/MlBbwCJbJL4\nhEfpdpFXBXxou97yuJWhzrdiHTUxRNo1mHlzipTUdqyY5ReIGkqJ7r9rGyb+wD1a\nX1nZuPfIpwpxZ3v/XG8zWnvBz3Faux4kKQ/OYSpWeYoZgRxIadGrNqw6Ud8CAwEA\nAQKCAgAFTSgX0KBbCFF6c7AlLp2YGzIWgaViKn1sStLaeGo0SugjCGz7KBv8R5pr\nQ+ieM3trNKY0S1ZcUc04pUzEKdcjnarUPz8P+eYwybp+xCB05OYSHiC7WJkhwdR4\nRoHO6K0uZc7vzwnscM3Ob/wHOaNtEj+rC/jIX8/k5WvrKPbkK5YFZF48an3lWd2T\nhlebVKIfjNWoEb4Ng7wqaDS+eIZlWAV7xaJCnVYjWcujMow77ygWhsC7P4h+qBnF\nhHnHRGGgV9gTKXsPH0vMGFrYxdfvyFHmxPZuiQE38Lb5L1aazsgEeWpPbeX/kV+/\nB1UcKFmmveVM4tSPxN4bHqgKqmWQYLUjXBXjArG08Hh2k3MHgmYGBI+wIu5PiDcD\nCJLzkcA4V+zLlOPYTfl64liAAZt85AhNvbLOZdSqDdvha44GQ8FwDp1bazqr7WFB\nMpm7Am/Pwn/AEz8rJU9n3fe4UQ7oh18Xeq9yoBR5IEJfkXy0oHkKqhVozS2kY/vA\nym+szEYb1pwEMLwP9oPI95uUs63vCSil8B1kVQUcrp+zAaMCXuvt27Ot525kdnb4\nYUaRWC1huOq4QWPOSz5IJKU4fEVBdLXGQhjjTXJ+NW8C+lE0UQJiRZypUBXUKMdV\nkqmAbqtVp8OD+qjQWUG1MdWzTjg2z0pliIJVzpzlMIdZ0ukScQKCAQEA5T01ctl0\nTaKWppaxqnnBgMIxhlFU7WzWQFTJtMLNWRcjLKfgq8m9GvVqxrWkGKbQcRjTN9tI\n4xNKgCwX3AhDJpgKyp3XQZCddMdbP4Q6h8RBAVcq5kaHLedRweTkpK2hA01o+J36\n92PtDgzG18oFmjQQDCJEGAdQonL//VWTTsDXlJquBGjb/h3n/kp7RXrnBXHOfSde\nCXKgniFdjWMjbuLn/Udro39Ep+tgVA/vcoF/VmnbR3o2J4ZkjO8IUrvJ1Scwqpxf\nmkEGyO6rkSiptKm9vjjU6YlaN+wznhQ8861iz5gTI5/OWTBANlU179PjF2bRXrQy\nkUm3+f+/sCP1DwKCAQEAyjl2h57IO5/IDGt4uM7zBoLP3cySY9QbHpWMRVtaKc25\nVmMR/tA2tG8PiZ5ChQgemzApru87SnrWo41rSE+KC6FQcMa51TW0+2t4WyY5WRtE\nPVT9Ef2cnYSLVDcwQmOqSXpegbu7URmLitTDR+jaDdCeJ0pQLqYAo+kJjjgqt22c\n3kAi8EqcsVy0vcCiq5hE3cRHa5Sx3YbYXYoGvQijbkVr5vaZEhdGOK0JL525+ldL\nfJft206URieKlZU/tvChLblTBkjFCE7VEmmtYiN6yWBceZy5PSnmmkOU55MMfQxP\npvD7qt3UyXlmRpWpdHbS9kASEQOAEhKrIjF5cmT2MQKCAQEAhUr4+CX/HWFLzePT\nvLd9T3wbRemmw0NEtTVX77ZRptrwRff7iIgOYE2RX6egmgDtNMXlkxX7pKXD7RE2\ncmePfDJuG/B5iJMpKwz8PsuJKQZxcfEYbbtWwNc/T8njNOoMtJnfTqi1lAHThhbh\ny/mZFlfteNC33WzrcvoBZXHL7L/u2mayhrfeKz2CdvciBH15NU4+bcFlSYMQZ8Io\n3pxlrwVbNYfAy9mltyoC4f4+EcvAmiOFMGOcd5EKiHQ417p/mmRmRN4WLOBgrJcy\nxX3qZ7VHMgNjscN+5QN/5AwKgPoxeVoIzu8OEggfXjhf22rOIf5UAYgv2xENW91c\nvXO6+wKCAQEAnVy15bcjbXJaw39mA7nW13w3sQsd510IdXY+H0KFGP6jeJvDRxxT\nVXkPCDIE5Wx6FJ0X8q7q3nxURhUoJK7wZzhyVi/uMAGJAhSRJazK95IGOgvGmpdV\npiWcHj6L6T2RJ3h3zlB95RARzEjgZTbHZ/Ss/ToQxxwaZ3JSIz+FzhMX/MK/7WjC\nIipX40jhzNHC1SeFxCuDdTUXbUKZF8R/GLIg0yuV1cQSusu72DfOnwYLEbtQNlYh\nf64JY3kuiXcalXAfMUazPFHL8HYXm8SsKcQ4cdIJO5U9g1GPr9x33V8VJH1l+YKB\nsP4tHkQcByrn4wPciyzEHkw0q3kAXoo+IQKCAQA9cyRtS9zifwj3ajQtv2funbM/\n4ArVaDLFibqQfQLpJYUgnJkIDQbJ2DwHQ9NWrpNJkIyyQxWd+oPtgT+5TytgQXrY\ngRpfkvUTfrEGrX02eYWou97ds2dFwcUFcORBUxzcqTjecFfNRYmbAAHuIjY3XCFJ\nj67RfDBHVLELX71cO6cSlIQA+4hjKKR7I0UyCkXsDrDioW8G/kb3qQT9IjO2dQ6M\nvQS8neWHqkZMSCXF0vCbeUr0+OmojeEHYgrMdnhcsXqO3qmkYbWYozTZVgSVSoZA\nzCrCADONEmzF0wBcR8M4LdDrXB1N/SuAoSrjnXhz62wH3Em69W4u3o9NwjzI\n-----END RSA PRIVATE KEY-----\n"}
2026-02-19T10:50:27.047 INFO:teuthology.orchestra.run.trial036.stdout:/usr/bin/ceph: stderr
2026-02-19T10:50:25.717+0000 7f62a6fd9640 1 Processor -- start
2026-02-19T10:50:27.048 INFO:teuthology.orchestra.run.trial036.stdout:/usr/bin/ceph: stderr
2026-02-19T10:50:25.717+0000 7f62a6fd9640 1 -- start start
2026-02-19T10:50:27.048 INFO:teuthology.orchestra.run.trial036.stdout:/usr/bin/ceph: stderr
2026-02-19T10:50:25.717+0000 7f62a6fd9640 1 --2- >> [v2:10.20.193.36:3300/0,v1:10.20.193.36:6789/0] conn(0x7f62a0067ba0 0x7f62a00662c0 unknown :-1 s=NONE pgs=0 gs=0 cs=0 l=0 c_cookie=0 s_cookie=0 reconnecting=0 rev1=0 crypto rx=0 tx=0 comp rx=0 tx=0).connect
2026-02-19T10:50:27.048 INFO:teuthology.orchestra.run.trial036.stdout:/usr/bin/ceph: stderr
2026-02-19T10:50:25.717+0000 7f62a6fd9640 1 -- --> [v2:10.20.193.36:3300/0,v1:10.20.193.36:6789/0] -- mon_getmap magic: 0 -- 0x7f62a0068040 con 0x7f62a0067ba0
2026-02-19T10:50:27.048 INFO:teuthology.orchestra.run.trial036.stdout:/usr/bin/ceph: stderr
2026-02-19T10:50:25.718+0000 7f62a4d4e640 1 --2- >> [v2:10.20.193.36:3300/0,v1:10.20.193.36:6789/0] conn(0x7f62a0067ba0 0x7f62a00662c0 unknown :-1 s=BANNER_CONNECTING pgs=0 gs=1 cs=0 l=0 c_cookie=0 s_cookie=0 reconnecting=0 rev1=0 crypto rx=0 tx=0 comp rx=0 tx=0)._handle_peer_banner_payload supported=3 required=0
2026-02-19T10:50:27.048 INFO:teuthology.orchestra.run.trial036.stdout:/usr/bin/ceph: stderr
2026-02-19T10:50:25.718+0000 7f62a4d4e640 1 --2- >> [v2:10.20.193.36:3300/0,v1:10.20.193.36:6789/0] conn(0x7f62a0067ba0 0x7f62a00662c0 unknown :-1 s=HELLO_CONNECTING pgs=0 gs=1 cs=0 l=0 c_cookie=0 s_cookie=0 reconnecting=0 rev1=1 crypto rx=0 tx=0 comp rx=0 tx=0).handle_hello peer v2:10.20.193.36:3300/0 says I am v2:10.20.193.36:37114/0 (socket says 10.20.193.36:37114)
2026-02-19T10:50:27.048 INFO:teuthology.orchestra.run.trial036.stdout:/usr/bin/ceph: stderr
2026-02-19T10:50:25.718+0000 7f62a4d4e640 1 -- 10.20.193.36:0/2828717453 learned_addr learned my addr 10.20.193.36:0/2828717453 (peer_addr_for_me v2:10.20.193.36:0/0)
2026-02-19T10:50:27.048 INFO:teuthology.orchestra.run.trial036.stdout:/usr/bin/ceph: stderr
2026-02-19T10:50:25.718+0000 7f62a4d4e640 1 -- 10.20.193.36:0/2828717453 --> [v2:10.20.193.36:3300/0,v1:10.20.193.36:6789/0] -- mon_subscribe({config=0+,monmap=0+}) -- 0x7f62a0068180 con 0x7f62a0067ba0
2026-02-19T10:50:27.048 INFO:teuthology.orchestra.run.trial036.stdout:/usr/bin/ceph: stderr
2026-02-19T10:50:25.718+0000 7f62a4d4e640 1 --2- 10.20.193.36:0/2828717453 >> [v2:10.20.193.36:3300/0,v1:10.20.193.36:6789/0] conn(0x7f62a0067ba0 0x7f62a00662c0 secure :-1 s=READY pgs=70 gs=1 cs=0 l=1 c_cookie=14296435322657397580 s_cookie=0 reconnecting=0 rev1=1 crypto rx=0x7f6290009850 tx=0x7f629002eeb0 comp rx=0 tx=0).ready entity=mon.0 client_cookie=c667242e21575b4c server_cookie=0 in_seq=0 out_seq=0
2026-02-19T10:50:27.048 INFO:teuthology.orchestra.run.trial036.stdout:/usr/bin/ceph: stderr
2026-02-19T10:50:25.718+0000 7f62977fe640 1 -- 10.20.193.36:0/2828717453 <== mon.0 v2:10.20.193.36:3300/0 1 ==== mon_map magic: 0 ==== 213+0+0 (secure 0 0 0) 0x7f629002f940 con 0x7f62a0067ba0
2026-02-19T10:50:27.048 INFO:teuthology.orchestra.run.trial036.stdout:/usr/bin/ceph: stderr
2026-02-19T10:50:25.718+0000 7f62977fe640 1 -- 10.20.193.36:0/2828717453 <== mon.0 v2:10.20.193.36:3300/0 2 ==== config(24 keys) ==== 1009+0+0 (secure 0 0 0) 0x7f6290037440 con 0x7f62a0067ba0
2026-02-19T10:50:27.049 INFO:teuthology.orchestra.run.trial036.stdout:/usr/bin/ceph: stderr
2026-02-19T10:50:25.718+0000 7f62977fe640 1 -- 10.20.193.36:0/2828717453 <== mon.0 v2:10.20.193.36:3300/0 3 ==== mon_map magic: 0 ==== 213+0+0 (secure 0 0 0) 0x7f6290035340 con 0x7f62a0067ba0
2026-02-19T10:50:27.049 INFO:teuthology.orchestra.run.trial036.stdout:/usr/bin/ceph: stderr
2026-02-19T10:50:25.719+0000 7f62a6fd9640 1 -- 10.20.193.36:0/2828717453 >> [v2:10.20.193.36:3300/0,v1:10.20.193.36:6789/0] conn(0x7f62a0067ba0 msgr2=0x7f62a00662c0 secure :-1 s=STATE_CONNECTION_ESTABLISHED l=1).mark_down
2026-02-19T10:50:27.049 INFO:teuthology.orchestra.run.trial036.stdout:/usr/bin/ceph: stderr
2026-02-19T10:50:25.719+0000 7f62a6fd9640 1 --2- 10.20.193.36:0/2828717453 >> [v2:10.20.193.36:3300/0,v1:10.20.193.36:6789/0] conn(0x7f62a0067ba0 0x7f62a00662c0 secure :-1 s=READY pgs=70 gs=1 cs=0 l=1 c_cookie=14296435322657397580 s_cookie=0 reconnecting=0 rev1=1 crypto rx=0x7f6290009850 tx=0x7f629002eeb0 comp rx=0 tx=0).stop
2026-02-19T10:50:27.049 INFO:teuthology.orchestra.run.trial036.stdout:/usr/bin/ceph: stderr
2026-02-19T10:50:25.719+0000 7f62a6fd9640 1 -- 10.20.193.36:0/2828717453 shutdown_connections
2026-02-19T10:50:27.049 INFO:teuthology.orchestra.run.trial036.stdout:/usr/bin/ceph: stderr
2026-02-19T10:50:25.719+0000 7f62a6fd9640 1 --2- 10.20.193.36:0/2828717453 >> [v2:10.20.193.36:3300/0,v1:10.20.193.36:6789/0] conn(0x7f62a0067ba0 0x7f62a00662c0 unknown :-1 s=CLOSED pgs=70 gs=1 cs=0 l=1 c_cookie=14296435322657397580 s_cookie=0 reconnecting=0 rev1=1 crypto rx=0 tx=0 comp rx=0 tx=0).stop
2026-02-19T10:50:27.049 INFO:teuthology.orchestra.run.trial036.stdout:/usr/bin/ceph: stderr
2026-02-19T10:50:25.719+0000 7f62a6fd9640 1 -- 10.20.193.36:0/2828717453 >> 10.20.193.36:0/2828717453 conn(0x7f62a00ee540 msgr2=0x7f62a010e950 unknown :-1 s=STATE_NONE l=0).mark_down
2026-02-19T10:50:27.049 INFO:teuthology.orchestra.run.trial036.stdout:/usr/bin/ceph: stderr
2026-02-19T10:50:25.719+0000 7f62a6fd9640 1 -- 10.20.193.36:0/2828717453 shutdown_connections
2026-02-19T10:50:27.049 INFO:teuthology.orchestra.run.trial036.stdout:/usr/bin/ceph: stderr
2026-02-19T10:50:25.719+0000 7f62a6fd9640 1 -- 10.20.193.36:0/2828717453 wait complete.
2026-02-19T10:50:27.049 INFO:teuthology.orchestra.run.trial036.stdout:/usr/bin/ceph: stderr
2026-02-19T10:50:25.719+0000 7f62a6fd9640 1 Processor -- start
2026-02-19T10:50:27.049 INFO:teuthology.orchestra.run.trial036.stdout:/usr/bin/ceph: stderr
2026-02-19T10:50:25.719+0000 7f62a6fd9640 1 -- start start
2026-02-19T10:50:27.049 INFO:teuthology.orchestra.run.trial036.stdout:/usr/bin/ceph: stderr
2026-02-19T10:50:25.719+0000 7f62a6fd9640 1 --2- >> [v2:10.20.193.36:3300/0,v1:10.20.193.36:6789/0] conn(0x7f62a0067ba0 0x7f62a0121eb0 unknown :-1 s=NONE pgs=0 gs=0 cs=0 l=1 c_cookie=0 s_cookie=0 reconnecting=0 rev1=0 crypto rx=0 tx=0 comp rx=0 tx=0).connect
2026-02-19T10:50:27.050 INFO:teuthology.orchestra.run.trial036.stdout:/usr/bin/ceph: stderr
2026-02-19T10:50:25.719+0000 7f62a6fd9640 1 -- --> [v2:10.20.193.36:3300/0,v1:10.20.193.36:6789/0] -- mon_getmap magic: 0 -- 0x7f62a0122410 con 0x7f62a0067ba0
2026-02-19T10:50:27.050 INFO:teuthology.orchestra.run.trial036.stdout:/usr/bin/ceph: stderr
2026-02-19T10:50:25.719+0000 7f62a4d4e640 1 --2- >> [v2:10.20.193.36:3300/0,v1:10.20.193.36:6789/0] conn(0x7f62a0067ba0 0x7f62a0121eb0 unknown :-1 s=BANNER_CONNECTING pgs=0 gs=1 cs=0 l=1 c_cookie=0 s_cookie=0 reconnecting=0 rev1=0 crypto rx=0 tx=0 comp rx=0 tx=0)._handle_peer_banner_payload supported=3 required=0
2026-02-19T10:50:27.050 INFO:teuthology.orchestra.run.trial036.stdout:/usr/bin/ceph: stderr
2026-02-19T10:50:25.719+0000 7f62a4d4e640 1 --2- >> [v2:10.20.193.36:3300/0,v1:10.20.193.36:6789/0] conn(0x7f62a0067ba0 0x7f62a0121eb0 unknown :-1 s=HELLO_CONNECTING pgs=0 gs=1 cs=0 l=1 c_cookie=0 s_cookie=0 reconnecting=0 rev1=1 crypto rx=0 tx=0 comp rx=0 tx=0).handle_hello peer v2:10.20.193.36:3300/0 says I am v2:10.20.193.36:37126/0 (socket says 10.20.193.36:37126)
2026-02-19T10:50:27.050 INFO:teuthology.orchestra.run.trial036.stdout:/usr/bin/ceph: stderr
2026-02-19T10:50:25.719+0000 7f62a4d4e640 1 -- 10.20.193.36:0/1968653112 learned_addr learned my addr 10.20.193.36:0/1968653112 (peer_addr_for_me v2:10.20.193.36:0/0)
2026-02-19T10:50:27.050 INFO:teuthology.orchestra.run.trial036.stdout:/usr/bin/ceph: stderr
2026-02-19T10:50:25.719+0000 7f62a4d4e640 1 -- 10.20.193.36:0/1968653112 --> [v2:10.20.193.36:3300/0,v1:10.20.193.36:6789/0] -- mon_subscribe({config=0+,monmap=0+}) -- 0x7f62900094f0 con 0x7f62a0067ba0
2026-02-19T10:50:27.050 INFO:teuthology.orchestra.run.trial036.stdout:/usr/bin/ceph: stderr
2026-02-19T10:50:25.719+0000 7f62a4d4e640 1 --2- 10.20.193.36:0/1968653112 >> [v2:10.20.193.36:3300/0,v1:10.20.193.36:6789/0] conn(0x7f62a0067ba0 0x7f62a0121eb0 secure :-1 s=READY pgs=71 gs=1 cs=0 l=1 c_cookie=0 s_cookie=0 reconnecting=0 rev1=1 crypto rx=0x7f6290009260 tx=0x7f6290004760 comp rx=0 tx=0).ready entity=mon.0 client_cookie=0 server_cookie=0 in_seq=0 out_seq=0
2026-02-19T10:50:27.050 INFO:teuthology.orchestra.run.trial036.stdout:/usr/bin/ceph: stderr
2026-02-19T10:50:25.719+0000 7f6295ffb640 1 -- 10.20.193.36:0/1968653112 <== mon.0 v2:10.20.193.36:3300/0 1 ==== mon_map magic: 0 ==== 213+0+0 (secure 0 0 0) 0x7f629002f940 con 0x7f62a0067ba0
2026-02-19T10:50:27.050 INFO:teuthology.orchestra.run.trial036.stdout:/usr/bin/ceph: stderr
2026-02-19T10:50:25.719+0000 7f62a6fd9640 1 -- 10.20.193.36:0/1968653112 --> [v2:10.20.193.36:3300/0,v1:10.20.193.36:6789/0] -- mon_subscribe({mgrmap=0+}) -- 0x7f62a0122610 con 0x7f62a0067ba0
2026-02-19T10:50:27.050 INFO:teuthology.orchestra.run.trial036.stdout:/usr/bin/ceph: stderr
2026-02-19T10:50:25.719+0000 7f6295ffb640 1 -- 10.20.193.36:0/1968653112 <== mon.0 v2:10.20.193.36:3300/0 2 ==== config(24 keys) ==== 1009+0+0 (secure 0 0 0) 0x7f6290004030 con 0x7f62a0067ba0
2026-02-19T10:50:27.050 INFO:teuthology.orchestra.run.trial036.stdout:/usr/bin/ceph: stderr
2026-02-19T10:50:25.720+0000 7f6295ffb640 1 -- 10.20.193.36:0/1968653112 <== mon.0 v2:10.20.193.36:3300/0 3 ==== mon_map magic: 0 ==== 213+0+0 (secure 0 0 0) 0x7f6290003780 con 0x7f62a0067ba0
2026-02-19T10:50:27.050 INFO:teuthology.orchestra.run.trial036.stdout:/usr/bin/ceph: stderr
2026-02-19T10:50:25.720+0000 7f62a6fd9640 1 -- 10.20.193.36:0/1968653112 --> [v2:10.20.193.36:3300/0,v1:10.20.193.36:6789/0] -- mon_subscribe({osdmap=0}) -- 0x7f62a0123090 con 0x7f62a0067ba0
2026-02-19T10:50:27.050 INFO:teuthology.orchestra.run.trial036.stdout:/usr/bin/ceph: stderr
2026-02-19T10:50:25.720+0000 7f62a6fd9640 1 -- 10.20.193.36:0/1968653112 --> [v2:10.20.193.36:3300/0,v1:10.20.193.36:6789/0] -- mon_command({"prefix": "get_command_descriptions"} v 0) -- 0x7f62a0122b20 con 0x7f62a0067ba0
2026-02-19T10:50:27.051 INFO:teuthology.orchestra.run.trial036.stdout:/usr/bin/ceph: stderr
2026-02-19T10:50:25.720+0000 7f6295ffb640 1 -- 10.20.193.36:0/1968653112 <== mon.0 v2:10.20.193.36:3300/0 4 ==== mgrmap(e 11) ==== 52721+0+0 (secure 0 0 0) 0x7f629003e070 con 0x7f62a0067ba0
2026-02-19T10:50:27.051 INFO:teuthology.orchestra.run.trial036.stdout:/usr/bin/ceph: stderr
2026-02-19T10:50:25.720+0000 7f6295ffb640 1 --2- 10.20.193.36:0/1968653112 >> [v2:10.20.193.36:6800/1899653190,v1:10.20.193.36:6801/1899653190] conn(0x7f627c03f6b0 0x7f627c05fb60 unknown :-1 s=NONE pgs=0 gs=0 cs=0 l=1 c_cookie=0 s_cookie=0 reconnecting=0 rev1=0 crypto rx=0 tx=0 comp rx=0 tx=0).connect
2026-02-19T10:50:27.051 INFO:teuthology.orchestra.run.trial036.stdout:/usr/bin/ceph: stderr
2026-02-19T10:50:25.720+0000 7f6295ffb640 1 -- 10.20.193.36:0/1968653112 <== mon.0 v2:10.20.193.36:3300/0 5 ==== osd_map(3..3 src has 1..3) ==== 1150+0+0 (secure 0 0 0) 0x7f6290078370 con 0x7f62a0067ba0
2026-02-19T10:50:27.051 INFO:teuthology.orchestra.run.trial036.stdout:/usr/bin/ceph: stderr
2026-02-19T10:50:25.720+0000 7f6297fff640 1 --2- 10.20.193.36:0/1968653112 >> [v2:10.20.193.36:6800/1899653190,v1:10.20.193.36:6801/1899653190] conn(0x7f627c03f6b0 0x7f627c05fb60 unknown :-1 s=BANNER_CONNECTING pgs=0 gs=2 cs=0 l=1 c_cookie=0 s_cookie=0 reconnecting=0 rev1=0 crypto rx=0 tx=0 comp rx=0 tx=0)._handle_peer_banner_payload supported=3 required=0
2026-02-19T10:50:27.051 INFO:teuthology.orchestra.run.trial036.stdout:/usr/bin/ceph: stderr
2026-02-19T10:50:25.721+0000 7f6297fff640 1 --2- 10.20.193.36:0/1968653112 >> [v2:10.20.193.36:6800/1899653190,v1:10.20.193.36:6801/1899653190] conn(0x7f627c03f6b0 0x7f627c05fb60 secure :-1 s=READY pgs=7 gs=2 cs=0 l=1 c_cookie=0 s_cookie=0 reconnecting=0 rev1=1 crypto rx=0x7f6288006fd0 tx=0x7f6288006e60 comp rx=0 tx=0).ready entity=mgr.14152 client_cookie=0 server_cookie=0 in_seq=0 out_seq=0
2026-02-19T10:50:27.051 INFO:teuthology.orchestra.run.trial036.stdout:/usr/bin/ceph: stderr
2026-02-19T10:50:25.723+0000 7f6295ffb640 1 -- 10.20.193.36:0/1968653112 <== mon.0 v2:10.20.193.36:3300/0 6 ==== mon_command_ack([{"prefix": "get_command_descriptions"}]=0 v0) ==== 72+0+230863 (secure 0 0 0) 0x7f62900368b0 con 0x7f62a0067ba0
2026-02-19T10:50:27.051 INFO:teuthology.orchestra.run.trial036.stdout:/usr/bin/ceph: stderr
2026-02-19T10:50:25.836+0000 7f62a6fd9640 1 -- 10.20.193.36:0/1968653112 --> [v2:10.20.193.36:6800/1899653190,v1:10.20.193.36:6801/1899653190] -- mgr_command(tid 0: {"prefix": "orch certmgr generate-certificates", "module_name": "dashboard", "target": ["mon-mgr", ""]}) -- 0x7f62a01350e0 con 0x7f627c03f6b0
2026-02-19T10:50:27.051 INFO:teuthology.orchestra.run.trial036.stdout:/usr/bin/ceph: stderr
2026-02-19T10:50:26.463+0000 7f6295ffb640 1 -- 10.20.193.36:0/1968653112 <== mon.0 v2:10.20.193.36:3300/0 7 ==== mgrmap(e 12) ==== 52827+0+0 (secure 0 0 0) 0x7f6290004240 con 0x7f62a0067ba0
2026-02-19T10:50:27.051 INFO:teuthology.orchestra.run.trial036.stdout:/usr/bin/ceph: stderr
2026-02-19T10:50:26.925+0000 7f6295ffb640 1 -- 10.20.193.36:0/1968653112 <== mgr.14152 v2:10.20.193.36:6800/1899653190 1 ==== mgr_command_reply(tid 0: 0 ) ==== 8+0+5186 (secure 0 0 0) 0x7f62a01350e0 con 0x7f627c03f6b0
2026-02-19T10:50:27.051 INFO:teuthology.orchestra.run.trial036.stdout:/usr/bin/ceph: stderr
2026-02-19T10:50:26.927+0000 7f62a6fd9640 1 -- 10.20.193.36:0/1968653112 >> [v2:10.20.193.36:6800/1899653190,v1:10.20.193.36:6801/1899653190] conn(0x7f627c03f6b0 msgr2=0x7f627c05fb60 secure :-1 s=STATE_CONNECTION_ESTABLISHED l=1).mark_down
2026-02-19T10:50:27.051 INFO:teuthology.orchestra.run.trial036.stdout:/usr/bin/ceph: stderr
2026-02-19T10:50:26.927+0000 7f62a6fd9640 1 --2- 10.20.193.36:0/1968653112 >> [v2:10.20.193.36:6800/1899653190,v1:10.20.193.36:6801/1899653190] conn(0x7f627c03f6b0 0x7f627c05fb60 secure :-1 s=READY pgs=7 gs=2 cs=0 l=1 c_cookie=0 s_cookie=0 reconnecting=0 rev1=1 crypto rx=0x7f6288006fd0 tx=0x7f6288006e60 comp rx=0 tx=0).stop
2026-02-19T10:50:27.051 INFO:teuthology.orchestra.run.trial036.stdout:/usr/bin/ceph: stderr
2026-02-19T10:50:26.927+0000 7f62a6fd9640 1 -- 10.20.193.36:0/1968653112 >> [v2:10.20.193.36:3300/0,v1:10.20.193.36:6789/0] conn(0x7f62a0067ba0 msgr2=0x7f62a0121eb0 secure :-1 s=STATE_CONNECTION_ESTABLISHED l=1).mark_down
2026-02-19T10:50:27.052 INFO:teuthology.orchestra.run.trial036.stdout:/usr/bin/ceph: stderr
2026-02-19T10:50:26.927+0000 7f62a6fd9640 1 --2- 10.20.193.36:0/1968653112 >> [v2:10.20.193.36:3300/0,v1:10.20.193.36:6789/0] conn(0x7f62a0067ba0 0x7f62a0121eb0 secure :-1 s=READY pgs=71 gs=1 cs=0 l=1 c_cookie=0 s_cookie=0 reconnecting=0 rev1=1 crypto rx=0x7f6290009260 tx=0x7f6290004760 comp rx=0 tx=0).stop
2026-02-19T10:50:27.052 INFO:teuthology.orchestra.run.trial036.stdout:/usr/bin/ceph: stderr
2026-02-19T10:50:26.927+0000 7f62a6fd9640 1 -- 10.20.193.36:0/1968653112 shutdown_connections
2026-02-19T10:50:27.052 INFO:teuthology.orchestra.run.trial036.stdout:/usr/bin/ceph: stderr
2026-02-19T10:50:26.927+0000 7f62a6fd9640 1 --2- 10.20.193.36:0/1968653112 >> [v2:10.20.193.36:6800/1899653190,v1:10.20.193.36:6801/1899653190] conn(0x7f627c03f6b0 0x7f627c05fb60 unknown :-1 s=CLOSED pgs=7 gs=2 cs=0 l=1 c_cookie=0 s_cookie=0 reconnecting=0 rev1=1 crypto rx=0 tx=0 comp rx=0 tx=0).stop
2026-02-19T10:50:27.052 INFO:teuthology.orchestra.run.trial036.stdout:/usr/bin/ceph: stderr
2026-02-19T10:50:26.927+0000 7f62a6fd9640 1 --2- 10.20.193.36:0/1968653112 >> [v2:10.20.193.36:3300/0,v1:10.20.193.36:6789/0] conn(0x7f62a0067ba0 0x7f62a0121eb0 unknown :-1 s=CLOSED pgs=71 gs=1 cs=0 l=1 c_cookie=0 s_cookie=0 reconnecting=0 rev1=1 crypto rx=0 tx=0 comp rx=0 tx=0).stop
2026-02-19T10:50:27.052 INFO:teuthology.orchestra.run.trial036.stdout:/usr/bin/ceph: stderr
2026-02-19T10:50:26.927+0000 7f62a6fd9640 1 -- 10.20.193.36:0/1968653112 >> 10.20.193.36:0/1968653112 conn(0x7f62a00ee540 msgr2=0x7f62a010e920 unknown :-1 s=STATE_NONE l=0).mark_down
2026-02-19T10:50:27.052 INFO:teuthology.orchestra.run.trial036.stdout:/usr/bin/ceph: stderr
2026-02-19T10:50:26.927+0000 7f62a6fd9640 1 -- 10.20.193.36:0/1968653112 shutdown_connections
2026-02-19T10:50:27.052 INFO:teuthology.orchestra.run.trial036.stdout:/usr/bin/ceph: stderr
2026-02-19T10:50:26.927+0000 7f62a6fd9640 1 -- 10.20.193.36:0/1968653112 wait complete.
2026-02-19T10:50:27.410 INFO:teuthology.orchestra.run.trial036.stdout:/usr/bin/ceph: stdout SSL certificate updated
2026-02-19T10:50:27.410 INFO:teuthology.orchestra.run.trial036.stdout:/usr/bin/ceph: stderr
2026-02-19T10:50:27.172+0000 7fc2b6937640 1 Processor -- start
2026-02-19T10:50:27.410 INFO:teuthology.orchestra.run.trial036.stdout:/usr/bin/ceph: stderr
2026-02-19T10:50:27.172+0000 7fc2b6937640 1 -- start start
2026-02-19T10:50:27.410 INFO:teuthology.orchestra.run.trial036.stdout:/usr/bin/ceph: stderr
2026-02-19T10:50:27.173+0000 7fc2b6937640 1 --2- >> [v2:10.20.193.36:3300/0,v1:10.20.193.36:6789/0] conn(0x7fc2b0112fe0 0x7fc2b01133d0 unknown :-1 s=NONE pgs=0 gs=0 cs=0 l=0 c_cookie=0 s_cookie=0 reconnecting=0 rev1=0 crypto rx=0 tx=0 comp rx=0 tx=0).connect
2026-02-19T10:50:27.410 INFO:teuthology.orchestra.run.trial036.stdout:/usr/bin/ceph: stderr
2026-02-19T10:50:27.173+0000 7fc2b6937640 1 -- --> [v2:10.20.193.36:3300/0,v1:10.20.193.36:6789/0] -- mon_getmap magic: 0 -- 0x7fc2b01139c0 con 0x7fc2b0112fe0
2026-02-19T10:50:27.410 INFO:teuthology.orchestra.run.trial036.stdout:/usr/bin/ceph: stderr
2026-02-19T10:50:27.173+0000 7fc2affff640 1 --2- >> [v2:10.20.193.36:3300/0,v1:10.20.193.36:6789/0] conn(0x7fc2b0112fe0 0x7fc2b01133d0 unknown :-1 s=BANNER_CONNECTING pgs=0 gs=1 cs=0 l=0 c_cookie=0 s_cookie=0 reconnecting=0 rev1=0 crypto rx=0 tx=0 comp rx=0 tx=0)._handle_peer_banner_payload supported=3 required=0
2026-02-19T10:50:27.410 INFO:teuthology.orchestra.run.trial036.stdout:/usr/bin/ceph: stderr
2026-02-19T10:50:27.173+0000 7fc2affff640 1 --2- >> [v2:10.20.193.36:3300/0,v1:10.20.193.36:6789/0] conn(0x7fc2b0112fe0 0x7fc2b01133d0 unknown :-1 s=HELLO_CONNECTING pgs=0 gs=1 cs=0 l=0 c_cookie=0 s_cookie=0 reconnecting=0 rev1=1 crypto rx=0 tx=0 comp rx=0 tx=0).handle_hello peer v2:10.20.193.36:3300/0 says I am v2:10.20.193.36:37128/0 (socket says 10.20.193.36:37128)
2026-02-19T10:50:27.410 INFO:teuthology.orchestra.run.trial036.stdout:/usr/bin/ceph: stderr
2026-02-19T10:50:27.173+0000 7fc2affff640 1 -- 10.20.193.36:0/2877747604 learned_addr learned my addr 10.20.193.36:0/2877747604 (peer_addr_for_me v2:10.20.193.36:0/0)
2026-02-19T10:50:27.410 INFO:teuthology.orchestra.run.trial036.stdout:/usr/bin/ceph: stderr
2026-02-19T10:50:27.173+0000 7fc2affff640 1 -- 10.20.193.36:0/2877747604 --> [v2:10.20.193.36:3300/0,v1:10.20.193.36:6789/0] -- mon_subscribe({config=0+,monmap=0+}) -- 0x7fc2b0113b00 con 0x7fc2b0112fe0
2026-02-19T10:50:27.410 INFO:teuthology.orchestra.run.trial036.stdout:/usr/bin/ceph: stderr
2026-02-19T10:50:27.174+0000 7fc2affff640 1 --2- 10.20.193.36:0/2877747604 >> [v2:10.20.193.36:3300/0,v1:10.20.193.36:6789/0] conn(0x7fc2b0112fe0 0x7fc2b01133d0 secure :-1 s=READY pgs=72 gs=1 cs=0 l=1 c_cookie=1750040790090889779 s_cookie=0 reconnecting=0 rev1=1 crypto rx=0x7fc29c009850 tx=0x7fc29c02eeb0 comp rx=0 tx=0).ready entity=mon.0 client_cookie=184964d393cfba33 server_cookie=0 in_seq=0 out_seq=0
2026-02-19T10:50:27.410 INFO:teuthology.orchestra.run.trial036.stdout:/usr/bin/ceph: stderr
2026-02-19T10:50:27.174+0000 7fc2aeffd640 1 -- 10.20.193.36:0/2877747604 <== mon.0 v2:10.20.193.36:3300/0 1 ==== mon_map magic: 0 ==== 213+0+0 (secure 0 0 0) 0x7fc29c02f940 con 0x7fc2b0112fe0
2026-02-19T10:50:27.410 INFO:teuthology.orchestra.run.trial036.stdout:/usr/bin/ceph: stderr
2026-02-19T10:50:27.174+0000 7fc2aeffd640 1 -- 10.20.193.36:0/2877747604 <== mon.0 v2:10.20.193.36:3300/0 2 ==== config(24 keys) ==== 1009+0+0 (secure 0 0 0) 0x7fc29c037440 con 0x7fc2b0112fe0
2026-02-19T10:50:27.410 INFO:teuthology.orchestra.run.trial036.stdout:/usr/bin/ceph: stderr
2026-02-19T10:50:27.174+0000 7fc2aeffd640 1 -- 10.20.193.36:0/2877747604 <== mon.0 v2:10.20.193.36:3300/0 3 ==== mon_map magic: 0 ==== 213+0+0 (secure 0 0 0) 0x7fc29c035340 con 0x7fc2b0112fe0
2026-02-19T10:50:27.410 INFO:teuthology.orchestra.run.trial036.stdout:/usr/bin/ceph: stderr
2026-02-19T10:50:27.174+0000 7fc2b6937640 1 -- 10.20.193.36:0/2877747604 >> [v2:10.20.193.36:3300/0,v1:10.20.193.36:6789/0] conn(0x7fc2b0112fe0 msgr2=0x7fc2b01133d0 secure :-1 s=STATE_CONNECTION_ESTABLISHED l=1).mark_down
2026-02-19T10:50:27.411 INFO:teuthology.orchestra.run.trial036.stdout:/usr/bin/ceph: stderr
2026-02-19T10:50:27.174+0000 7fc2b6937640 1 --2- 10.20.193.36:0/2877747604 >> [v2:10.20.193.36:3300/0,v1:10.20.193.36:6789/0] conn(0x7fc2b0112fe0 0x7fc2b01133d0 secure :-1 s=READY pgs=72 gs=1 cs=0 l=1 c_cookie=1750040790090889779 s_cookie=0 reconnecting=0 rev1=1 crypto rx=0x7fc29c009850 tx=0x7fc29c02eeb0 comp rx=0 tx=0).stop
2026-02-19T10:50:27.411 INFO:teuthology.orchestra.run.trial036.stdout:/usr/bin/ceph: stderr
2026-02-19T10:50:27.174+0000 7fc2b6937640 1 -- 10.20.193.36:0/2877747604 shutdown_connections
2026-02-19T10:50:27.411 INFO:teuthology.orchestra.run.trial036.stdout:/usr/bin/ceph: stderr
2026-02-19T10:50:27.174+0000 7fc2b6937640 1 --2- 10.20.193.36:0/2877747604 >> [v2:10.20.193.36:3300/0,v1:10.20.193.36:6789/0] conn(0x7fc2b0112fe0 0x7fc2b01133d0 unknown :-1 s=CLOSED pgs=72 gs=1 cs=0 l=1 c_cookie=1750040790090889779 s_cookie=0 reconnecting=0 rev1=1 crypto rx=0 tx=0 comp rx=0 tx=0).stop
2026-02-19T10:50:27.411 INFO:teuthology.orchestra.run.trial036.stdout:/usr/bin/ceph: stderr
2026-02-19T10:50:27.174+0000 7fc2b6937640 1 -- 10.20.193.36:0/2877747604 >> 10.20.193.36:0/2877747604 conn(0x7fc2b0068470 msgr2=0x7fc2b0110f00 unknown :-1 s=STATE_NONE l=0).mark_down
2026-02-19T10:50:27.411 INFO:teuthology.orchestra.run.trial036.stdout:/usr/bin/ceph: stderr
2026-02-19T10:50:27.174+0000 7fc2b6937640 1 -- 10.20.193.36:0/2877747604 shutdown_connections
2026-02-19T10:50:27.411 INFO:teuthology.orchestra.run.trial036.stdout:/usr/bin/ceph: stderr
2026-02-19T10:50:27.174+0000 7fc2b6937640 1 -- 10.20.193.36:0/2877747604 wait complete.
2026-02-19T10:50:27.411 INFO:teuthology.orchestra.run.trial036.stdout:/usr/bin/ceph: stderr
2026-02-19T10:50:27.174+0000 7fc2b6937640 1 Processor -- start
2026-02-19T10:50:27.411 INFO:teuthology.orchestra.run.trial036.stdout:/usr/bin/ceph: stderr
2026-02-19T10:50:27.174+0000 7fc2b6937640 1 -- start start
2026-02-19T10:50:27.411 INFO:teuthology.orchestra.run.trial036.stdout:/usr/bin/ceph: stderr
2026-02-19T10:50:27.175+0000 7fc2b6937640 1 --2- >> [v2:10.20.193.36:3300/0,v1:10.20.193.36:6789/0] conn(0x7fc2b0112fe0 0x7fc2b0122560 unknown :-1 s=NONE pgs=0 gs=0 cs=0 l=1 c_cookie=0 s_cookie=0 reconnecting=0 rev1=0 crypto rx=0 tx=0 comp rx=0 tx=0).connect
2026-02-19T10:50:27.411 INFO:teuthology.orchestra.run.trial036.stdout:/usr/bin/ceph: stderr
2026-02-19T10:50:27.175+0000 7fc2b6937640 1 -- --> [v2:10.20.193.36:3300/0,v1:10.20.193.36:6789/0] -- mon_getmap magic: 0 -- 0x7fc2b0122ac0 con 0x7fc2b0112fe0
2026-02-19T10:50:27.411 INFO:teuthology.orchestra.run.trial036.stdout:/usr/bin/ceph: stderr
2026-02-19T10:50:27.175+0000 7fc2affff640 1 --2- >> [v2:10.20.193.36:3300/0,v1:10.20.193.36:6789/0] conn(0x7fc2b0112fe0 0x7fc2b0122560 unknown :-1 s=BANNER_CONNECTING pgs=0 gs=1 cs=0 l=1 c_cookie=0 s_cookie=0 reconnecting=0 rev1=0 crypto rx=0 tx=0 comp rx=0 tx=0)._handle_peer_banner_payload supported=3 required=0
2026-02-19T10:50:27.411 INFO:teuthology.orchestra.run.trial036.stdout:/usr/bin/ceph: stderr
2026-02-19T10:50:27.175+0000 7fc2affff640 1 --2- >> [v2:10.20.193.36:3300/0,v1:10.20.193.36:6789/0] conn(0x7fc2b0112fe0 0x7fc2b0122560 unknown :-1 s=HELLO_CONNECTING pgs=0 gs=1 cs=0 l=1 c_cookie=0 s_cookie=0 reconnecting=0 rev1=1 crypto rx=0 tx=0 comp rx=0 tx=0).handle_hello peer v2:10.20.193.36:3300/0 says I am v2:10.20.193.36:37144/0 (socket says 10.20.193.36:37144)
2026-02-19T10:50:27.411 INFO:teuthology.orchestra.run.trial036.stdout:/usr/bin/ceph: stderr
2026-02-19T10:50:27.175+0000 7fc2affff640 1 -- 10.20.193.36:0/4257972513 learned_addr learned my addr 10.20.193.36:0/4257972513 (peer_addr_for_me v2:10.20.193.36:0/0)
2026-02-19T10:50:27.411 INFO:teuthology.orchestra.run.trial036.stdout:/usr/bin/ceph: stderr
2026-02-19T10:50:27.175+0000 7fc2affff640 1 -- 10.20.193.36:0/4257972513 --> [v2:10.20.193.36:3300/0,v1:10.20.193.36:6789/0] -- mon_subscribe({config=0+,monmap=0+}) -- 0x7fc29c0094f0 con 0x7fc2b0112fe0
2026-02-19T10:50:27.411 INFO:teuthology.orchestra.run.trial036.stdout:/usr/bin/ceph: stderr
2026-02-19T10:50:27.175+0000 7fc2affff640 1 --2- 10.20.193.36:0/4257972513 >> [v2:10.20.193.36:3300/0,v1:10.20.193.36:6789/0] conn(0x7fc2b0112fe0 0x7fc2b0122560 secure :-1 s=READY pgs=73 gs=1 cs=0 l=1 c_cookie=0 s_cookie=0 reconnecting=0 rev1=1 crypto rx=0x7fc29c037b20 tx=0x7fc29c004720 comp rx=0 tx=0).ready entity=mon.0 client_cookie=0 server_cookie=0 in_seq=0 out_seq=0
2026-02-19T10:50:27.411 INFO:teuthology.orchestra.run.trial036.stdout:/usr/bin/ceph: stderr
2026-02-19T10:50:27.175+0000 7fc2ad7fa640 1 -- 10.20.193.36:0/4257972513 <== mon.0 v2:10.20.193.36:3300/0 1 ==== mon_map magic: 0 ==== 213+0+0 (secure 0 0 0) 0x7fc29c043070 con 0x7fc2b0112fe0
2026-02-19T10:50:27.411 INFO:teuthology.orchestra.run.trial036.stdout:/usr/bin/ceph: stderr
2026-02-19T10:50:27.175+0000 7fc2ad7fa640 1 -- 10.20.193.36:0/4257972513 <== mon.0 v2:10.20.193.36:3300/0 2 ==== config(24 keys) ==== 1009+0+0 (secure 0 0 0) 0x7fc29c035e90 con 0x7fc2b0112fe0
2026-02-19T10:50:27.411 INFO:teuthology.orchestra.run.trial036.stdout:/usr/bin/ceph: stderr
2026-02-19T10:50:27.175+0000 7fc2b6937640 1 -- 10.20.193.36:0/4257972513 --> [v2:10.20.193.36:3300/0,v1:10.20.193.36:6789/0] -- mon_subscribe({mgrmap=0+}) -- 0x7fc2b0122cc0 con 0x7fc2b0112fe0
2026-02-19T10:50:27.411 INFO:teuthology.orchestra.run.trial036.stdout:/usr/bin/ceph: stderr
2026-02-19T10:50:27.175+0000 7fc2ad7fa640 1 -- 10.20.193.36:0/4257972513 <== mon.0 v2:10.20.193.36:3300/0 3 ==== mon_map magic: 0 ==== 213+0+0 (secure 0 0 0) 0x7fc29c0045b0 con 0x7fc2b0112fe0
2026-02-19T10:50:27.411 INFO:teuthology.orchestra.run.trial036.stdout:/usr/bin/ceph: stderr
2026-02-19T10:50:27.175+0000 7fc2b6937640 1 -- 10.20.193.36:0/4257972513 --> [v2:10.20.193.36:3300/0,v1:10.20.193.36:6789/0] -- mon_subscribe({osdmap=0}) -- 0x7fc2b0123740 con 0x7fc2b0112fe0
2026-02-19T10:50:27.411 INFO:teuthology.orchestra.run.trial036.stdout:/usr/bin/ceph: stderr
2026-02-19T10:50:27.175+0000 7fc2b6937640 1 -- 10.20.193.36:0/4257972513 --> [v2:10.20.193.36:3300/0,v1:10.20.193.36:6789/0] -- mon_command({"prefix": "get_command_descriptions"} v 0) -- 0x7fc2b01231d0 con 0x7fc2b0112fe0
2026-02-19T10:50:27.411 INFO:teuthology.orchestra.run.trial036.stdout:/usr/bin/ceph: stderr
2026-02-19T10:50:27.175+0000 7fc2ad7fa640 1 -- 10.20.193.36:0/4257972513 <== mon.0 v2:10.20.193.36:3300/0 4 ==== mgrmap(e 12) ==== 52827+0+0 (secure 0 0 0) 0x7fc29c03e070 con 0x7fc2b0112fe0
2026-02-19T10:50:27.412 INFO:teuthology.orchestra.run.trial036.stdout:/usr/bin/ceph: stderr
2026-02-19T10:50:27.176+0000 7fc2ad7fa640 1 --2- 10.20.193.36:0/4257972513 >> [v2:10.20.193.36:6800/1899653190,v1:10.20.193.36:6801/1899653190] conn(0x7fc28403f7c0 0x7fc28405fc70 unknown :-1 s=NONE pgs=0 gs=0 cs=0 l=1 c_cookie=0 s_cookie=0 reconnecting=0 rev1=0 crypto rx=0 tx=0 comp rx=0 tx=0).connect
2026-02-19T10:50:27.412 INFO:teuthology.orchestra.run.trial036.stdout:/usr/bin/ceph: stderr
2026-02-19T10:50:27.176+0000 7fc2ad7fa640 1 -- 10.20.193.36:0/4257972513 <== mon.0 v2:10.20.193.36:3300/0 5 ==== osd_map(3..3 src has 1..3) ==== 1150+0+0 (secure 0 0 0) 0x7fc29c078910 con 0x7fc2b0112fe0
2026-02-19T10:50:27.412 INFO:teuthology.orchestra.run.trial036.stdout:/usr/bin/ceph: stderr
2026-02-19T10:50:27.176+0000 7fc2af7fe640 1 --2- 10.20.193.36:0/4257972513 >> [v2:10.20.193.36:6800/1899653190,v1:10.20.193.36:6801/1899653190] conn(0x7fc28403f7c0 0x7fc28405fc70 unknown :-1 s=BANNER_CONNECTING pgs=0 gs=2 cs=0 l=1 c_cookie=0 s_cookie=0 reconnecting=0 rev1=0 crypto rx=0 tx=0 comp rx=0 tx=0)._handle_peer_banner_payload supported=3 required=0
2026-02-19T10:50:27.412 INFO:teuthology.orchestra.run.trial036.stdout:/usr/bin/ceph: stderr
2026-02-19T10:50:27.176+0000 7fc2af7fe640 1 --2- 10.20.193.36:0/4257972513 >> [v2:10.20.193.36:6800/1899653190,v1:10.20.193.36:6801/1899653190] conn(0x7fc28403f7c0 0x7fc28405fc70 secure :-1 s=READY pgs=8 gs=2 cs=0 l=1 c_cookie=0 s_cookie=0 reconnecting=0 rev1=1 crypto rx=0x7fc2a0006fd0 tx=0x7fc2a0006e60 comp rx=0 tx=0).ready entity=mgr.14152 client_cookie=0 server_cookie=0 in_seq=0 out_seq=0
2026-02-19T10:50:27.412 INFO:teuthology.orchestra.run.trial036.stdout:/usr/bin/ceph: stderr
2026-02-19T10:50:27.178+0000 7fc2ad7fa640 1 -- 10.20.193.36:0/4257972513 <== mon.0 v2:10.20.193.36:3300/0 6 ==== mon_command_ack([{"prefix": "get_command_descriptions"}]=0 v0) ==== 72+0+230863 (secure 0 0 0) 0x7fc29c0375b0 con 0x7fc2b0112fe0
2026-02-19T10:50:27.412 INFO:teuthology.orchestra.run.trial036.stdout:/usr/bin/ceph: stderr
2026-02-19T10:50:27.288+0000 7fc2b6937640 1 -- 10.20.193.36:0/4257972513 --> [v2:10.20.193.36:6800/1899653190,v1:10.20.193.36:6801/1899653190] -- mgr_command(tid 0: {"prefix": "dashboard set-ssl-certificate", "target": ["mon-mgr", ""]}) -- 0x7fc2b004da10 con 0x7fc28403f7c0
2026-02-19T10:50:27.412 INFO:teuthology.orchestra.run.trial036.stdout:/usr/bin/ceph: stderr
2026-02-19T10:50:27.290+0000 7fc2ad7fa640 1 -- 10.20.193.36:0/4257972513 <== mgr.14152 v2:10.20.193.36:6800/1899653190 1 ==== mgr_command_reply(tid 0: 0 ) ==== 8+0+24 (secure 0 0 0) 0x7fc2b004da10 con 0x7fc28403f7c0
2026-02-19T10:50:27.412 INFO:teuthology.orchestra.run.trial036.stdout:/usr/bin/ceph: stderr
2026-02-19T10:50:27.292+0000 7fc2b6937640 1 -- 10.20.193.36:0/4257972513 >> [v2:10.20.193.36:6800/1899653190,v1:10.20.193.36:6801/1899653190] conn(0x7fc28403f7c0 msgr2=0x7fc28405fc70 secure :-1 s=STATE_CONNECTION_ESTABLISHED l=1).mark_down
2026-02-19T10:50:27.412 INFO:teuthology.orchestra.run.trial036.stdout:/usr/bin/ceph: stderr
2026-02-19T10:50:27.292+0000 7fc2b6937640 1 --2- 10.20.193.36:0/4257972513 >> [v2:10.20.193.36:6800/1899653190,v1:10.20.193.36:6801/1899653190] conn(0x7fc28403f7c0 0x7fc28405fc70 secure :-1 s=READY pgs=8 gs=2 cs=0 l=1 c_cookie=0 s_cookie=0 reconnecting=0 rev1=1 crypto rx=0x7fc2a0006fd0 tx=0x7fc2a0006e60 comp rx=0 tx=0).stop
2026-02-19T10:50:27.412 INFO:teuthology.orchestra.run.trial036.stdout:/usr/bin/ceph: stderr
2026-02-19T10:50:27.292+0000 7fc2b6937640 1 -- 10.20.193.36:0/4257972513 >> [v2:10.20.193.36:3300/0,v1:10.20.193.36:6789/0] conn(0x7fc2b0112fe0 msgr2=0x7fc2b0122560 secure :-1 s=STATE_CONNECTION_ESTABLISHED l=1).mark_down
2026-02-19T10:50:27.412 INFO:teuthology.orchestra.run.trial036.stdout:/usr/bin/ceph: stderr
2026-02-19T10:50:27.292+0000 7fc2b6937640 1 --2- 10.20.193.36:0/4257972513 >> [v2:10.20.193.36:3300/0,v1:10.20.193.36:6789/0] conn(0x7fc2b0112fe0 0x7fc2b0122560 secure :-1 s=READY pgs=73 gs=1 cs=0 l=1 c_cookie=0 s_cookie=0 reconnecting=0 rev1=1 crypto rx=0x7fc29c037b20 tx=0x7fc29c004720 comp rx=0 tx=0).stop
2026-02-19T10:50:27.412 INFO:teuthology.orchestra.run.trial036.stdout:/usr/bin/ceph: stderr
2026-02-19T10:50:27.292+0000 7fc2b6937640 1 -- 10.20.193.36:0/4257972513 shutdown_connections
2026-02-19T10:50:27.412 INFO:teuthology.orchestra.run.trial036.stdout:/usr/bin/ceph: stderr
2026-02-19T10:50:27.292+0000 7fc2b6937640 1 --2- 10.20.193.36:0/4257972513 >> [v2:10.20.193.36:6800/1899653190,v1:10.20.193.36:6801/1899653190] conn(0x7fc28403f7c0 0x7fc28405fc70 unknown :-1 s=CLOSED pgs=8 gs=2 cs=0 l=1 c_cookie=0 s_cookie=0 reconnecting=0 rev1=1 crypto rx=0 tx=0 comp rx=0 tx=0).stop
2026-02-19T10:50:27.412 INFO:teuthology.orchestra.run.trial036.stdout:/usr/bin/ceph: stderr
2026-02-19T10:50:27.292+0000 7fc2b6937640 1 --2- 10.20.193.36:0/4257972513 >> [v2:10.20.193.36:3300/0,v1:10.20.193.36:6789/0] conn(0x7fc2b0112fe0 0x7fc2b0122560 unknown :-1 s=CLOSED pgs=73 gs=1 cs=0 l=1 c_cookie=0 s_cookie=0 reconnecting=0 rev1=1 crypto rx=0 tx=0 comp rx=0 tx=0).stop
2026-02-19T10:50:27.412 INFO:teuthology.orchestra.run.trial036.stdout:/usr/bin/ceph: stderr
2026-02-19T10:50:27.292+0000 7fc2b6937640 1 -- 10.20.193.36:0/4257972513 >> 10.20.193.36:0/4257972513 conn(0x7fc2b0068470 msgr2=0x7fc2b0110f00 unknown :-1 s=STATE_NONE l=0).mark_down
2026-02-19T10:50:27.412 INFO:teuthology.orchestra.run.trial036.stdout:/usr/bin/ceph: stderr
2026-02-19T10:50:27.292+0000 7fc2b6937640 1 -- 10.20.193.36:0/4257972513 shutdown_connections
2026-02-19T10:50:27.412 INFO:teuthology.orchestra.run.trial036.stdout:/usr/bin/ceph: stderr
2026-02-19T10:50:27.292+0000 7fc2b6937640 1 -- 10.20.193.36:0/4257972513 wait complete.
2026-02-19T10:50:27.760 INFO:journalctl@ceph.mon.a.trial036.stdout:Feb 19 10:50:27 trial036 ceph-mon[22306]: from='client.14164 -' entity='client.admin' cmd=[{"prefix": "orch certmgr generate-certificates", "module_name": "dashboard", "target": ["mon-mgr", ""]}]: dispatch
2026-02-19T10:50:27.760 INFO:journalctl@ceph.mon.a.trial036.stdout:Feb 19 10:50:27 trial036 ceph-mon[22306]: mgrmap e12: y(active, since 2s)
2026-02-19T10:50:27.760 INFO:journalctl@ceph.mon.a.trial036.stdout:Feb 19 10:50:27 trial036 ceph-mon[22306]: from='mgr.14152 10.20.193.36:0/1625262755' entity='mgr.y'
2026-02-19T10:50:27.768 INFO:teuthology.orchestra.run.trial036.stdout:/usr/bin/ceph: stdout SSL certificate key updated
2026-02-19T10:50:27.768 INFO:teuthology.orchestra.run.trial036.stdout:/usr/bin/ceph: stderr
2026-02-19T10:50:27.532+0000 7f34c655a640 1 Processor -- start
2026-02-19T10:50:27.768 INFO:teuthology.orchestra.run.trial036.stdout:/usr/bin/ceph: stderr
2026-02-19T10:50:27.532+0000 7f34c655a640 1 -- start start
2026-02-19T10:50:27.768 INFO:teuthology.orchestra.run.trial036.stdout:/usr/bin/ceph: stderr
2026-02-19T10:50:27.532+0000 7f34c655a640 1 --2- >> [v2:10.20.193.36:3300/0,v1:10.20.193.36:6789/0] conn(0x7f34c0110da0 0x7f34c0111190 unknown :-1 s=NONE pgs=0 gs=0 cs=0 l=0 c_cookie=0 s_cookie=0 reconnecting=0 rev1=0 crypto rx=0 tx=0 comp rx=0 tx=0).connect
2026-02-19T10:50:27.768 INFO:teuthology.orchestra.run.trial036.stdout:/usr/bin/ceph: stderr
2026-02-19T10:50:27.532+0000 7f34c655a640 1 -- --> [v2:10.20.193.36:3300/0,v1:10.20.193.36:6789/0] -- mon_getmap magic: 0 -- 0x7f34c0111780 con 0x7f34c0110da0
2026-02-19T10:50:27.768 INFO:teuthology.orchestra.run.trial036.stdout:/usr/bin/ceph: stderr
2026-02-19T10:50:27.532+0000 7f34bffff640 1 --2- >> [v2:10.20.193.36:3300/0,v1:10.20.193.36:6789/0] conn(0x7f34c0110da0 0x7f34c0111190 unknown :-1 s=BANNER_CONNECTING pgs=0 gs=1 cs=0 l=0 c_cookie=0 s_cookie=0 reconnecting=0 rev1=0 crypto rx=0 tx=0 comp rx=0 tx=0)._handle_peer_banner_payload supported=3 required=0
2026-02-19T10:50:27.768 INFO:teuthology.orchestra.run.trial036.stdout:/usr/bin/ceph: stderr
2026-02-19T10:50:27.532+0000 7f34bffff640 1 --2- >> [v2:10.20.193.36:3300/0,v1:10.20.193.36:6789/0] conn(0x7f34c0110da0 0x7f34c0111190 unknown :-1 s=HELLO_CONNECTING pgs=0 gs=1 cs=0 l=0 c_cookie=0 s_cookie=0 reconnecting=0 rev1=1 crypto rx=0 tx=0 comp rx=0 tx=0).handle_hello peer v2:10.20.193.36:3300/0 says I am v2:10.20.193.36:37154/0 (socket says 10.20.193.36:37154)
2026-02-19T10:50:27.768 INFO:teuthology.orchestra.run.trial036.stdout:/usr/bin/ceph: stderr
2026-02-19T10:50:27.532+0000 7f34bffff640 1 -- 10.20.193.36:0/359721666 learned_addr learned my addr 10.20.193.36:0/359721666 (peer_addr_for_me v2:10.20.193.36:0/0)
2026-02-19T10:50:27.768 INFO:teuthology.orchestra.run.trial036.stdout:/usr/bin/ceph: stderr
2026-02-19T10:50:27.532+0000 7f34bffff640 1 -- 10.20.193.36:0/359721666 --> [v2:10.20.193.36:3300/0,v1:10.20.193.36:6789/0] -- mon_subscribe({config=0+,monmap=0+}) -- 0x7f34c01118c0 con 0x7f34c0110da0
2026-02-19T10:50:27.768 INFO:teuthology.orchestra.run.trial036.stdout:/usr/bin/ceph: stderr
2026-02-19T10:50:27.533+0000 7f34bffff640 1 --2- 10.20.193.36:0/359721666 >> [v2:10.20.193.36:3300/0,v1:10.20.193.36:6789/0] conn(0x7f34c0110da0 0x7f34c0111190 secure :-1 s=READY pgs=74 gs=1 cs=0 l=1 c_cookie=13383923978518683471 s_cookie=0 reconnecting=0 rev1=1 crypto rx=0x7f34ac009850 tx=0x7f34ac02eeb0 comp rx=0 tx=0).ready entity=mon.0 client_cookie=b9bd3ff288705f4f server_cookie=0 in_seq=0 out_seq=0
2026-02-19T10:50:27.769 INFO:teuthology.orchestra.run.trial036.stdout:/usr/bin/ceph: stderr
2026-02-19T10:50:27.533+0000 7f34beffd640 1 -- 10.20.193.36:0/359721666 <== mon.0 v2:10.20.193.36:3300/0 1 ==== mon_map magic: 0 ==== 213+0+0 (secure 0 0 0) 0x7f34ac02f940 con 0x7f34c0110da0
2026-02-19T10:50:27.769 INFO:teuthology.orchestra.run.trial036.stdout:/usr/bin/ceph: stderr
2026-02-19T10:50:27.533+0000 7f34beffd640 1 -- 10.20.193.36:0/359721666 <== mon.0 v2:10.20.193.36:3300/0 2 ==== config(24 keys) ==== 1009+0+0 (secure 0 0 0) 0x7f34ac037440 con 0x7f34c0110da0
2026-02-19T10:50:27.769 INFO:teuthology.orchestra.run.trial036.stdout:/usr/bin/ceph: stderr
2026-02-19T10:50:27.533+0000 7f34beffd640 1 -- 10.20.193.36:0/359721666 <== mon.0 v2:10.20.193.36:3300/0 3 ==== mon_map magic: 0 ==== 213+0+0 (secure 0 0 0) 0x7f34ac035340 con 0x7f34c0110da0
2026-02-19T10:50:27.769 INFO:teuthology.orchestra.run.trial036.stdout:/usr/bin/ceph: stderr
2026-02-19T10:50:27.533+0000 7f34c655a640 1 -- 10.20.193.36:0/359721666 >> [v2:10.20.193.36:3300/0,v1:10.20.193.36:6789/0] conn(0x7f34c0110da0 msgr2=0x7f34c0111190 secure :-1 s=STATE_CONNECTION_ESTABLISHED l=1).mark_down
2026-02-19T10:50:27.769 INFO:teuthology.orchestra.run.trial036.stdout:/usr/bin/ceph: stderr
2026-02-19T10:50:27.533+0000 7f34c655a640 1 --2- 10.20.193.36:0/359721666 >> [v2:10.20.193.36:3300/0,v1:10.20.193.36:6789/0] conn(0x7f34c0110da0 0x7f34c0111190 secure :-1 s=READY pgs=74 gs=1 cs=0 l=1 c_cookie=13383923978518683471 s_cookie=0 reconnecting=0 rev1=1 crypto rx=0x7f34ac009850 tx=0x7f34ac02eeb0 comp rx=0 tx=0).stop
2026-02-19T10:50:27.769 INFO:teuthology.orchestra.run.trial036.stdout:/usr/bin/ceph: stderr
2026-02-19T10:50:27.533+0000 7f34c655a640 1 -- 10.20.193.36:0/359721666 shutdown_connections
2026-02-19T10:50:27.769 INFO:teuthology.orchestra.run.trial036.stdout:/usr/bin/ceph: stderr
2026-02-19T10:50:27.533+0000 7f34c655a640 1 --2- 10.20.193.36:0/359721666 >> [v2:10.20.193.36:3300/0,v1:10.20.193.36:6789/0] conn(0x7f34c0110da0 0x7f34c0111190 unknown :-1 s=CLOSED pgs=74 gs=1 cs=0 l=1 c_cookie=13383923978518683471 s_cookie=0 reconnecting=0 rev1=1 crypto rx=0 tx=0 comp rx=0 tx=0).stop
2026-02-19T10:50:27.769 INFO:teuthology.orchestra.run.trial036.stdout:/usr/bin/ceph: stderr
2026-02-19T10:50:27.533+0000 7f34c655a640 1 -- 10.20.193.36:0/359721666 >> 10.20.193.36:0/359721666 conn(0x7f34c00ee570 msgr2=0x7f34c010e980 unknown :-1 s=STATE_NONE l=0).mark_down
2026-02-19T10:50:27.769 INFO:teuthology.orchestra.run.trial036.stdout:/usr/bin/ceph: stderr
2026-02-19T10:50:27.533+0000 7f34c655a640 1 -- 10.20.193.36:0/359721666 shutdown_connections
2026-02-19T10:50:27.769 INFO:teuthology.orchestra.run.trial036.stdout:/usr/bin/ceph: stderr
2026-02-19T10:50:27.533+0000 7f34c655a640 1 -- 10.20.193.36:0/359721666 wait complete.
2026-02-19T10:50:27.769 INFO:teuthology.orchestra.run.trial036.stdout:/usr/bin/ceph: stderr
2026-02-19T10:50:27.534+0000 7f34c655a640 1 Processor -- start
2026-02-19T10:50:27.769 INFO:teuthology.orchestra.run.trial036.stdout:/usr/bin/ceph: stderr
2026-02-19T10:50:27.534+0000 7f34c655a640 1 -- start start
2026-02-19T10:50:27.769 INFO:teuthology.orchestra.run.trial036.stdout:/usr/bin/ceph: stderr
2026-02-19T10:50:27.534+0000 7f34c655a640 1 --2- >> [v2:10.20.193.36:3300/0,v1:10.20.193.36:6789/0] conn(0x7f34c0110da0 0x7f34c0122550 unknown :-1 s=NONE pgs=0 gs=0 cs=0 l=1 c_cookie=0 s_cookie=0 reconnecting=0 rev1=0 crypto rx=0 tx=0 comp rx=0 tx=0).connect
2026-02-19T10:50:27.769 INFO:teuthology.orchestra.run.trial036.stdout:/usr/bin/ceph: stderr
2026-02-19T10:50:27.534+0000 7f34c655a640 1 -- --> [v2:10.20.193.36:3300/0,v1:10.20.193.36:6789/0] -- mon_getmap magic: 0 -- 0x7f34c0122ab0 con 0x7f34c0110da0
2026-02-19T10:50:27.769 INFO:teuthology.orchestra.run.trial036.stdout:/usr/bin/ceph: stderr
2026-02-19T10:50:27.534+0000 7f34bffff640 1 --2- >> [v2:10.20.193.36:3300/0,v1:10.20.193.36:6789/0] conn(0x7f34c0110da0 0x7f34c0122550 unknown :-1 s=BANNER_CONNECTING pgs=0 gs=1 cs=0 l=1 c_cookie=0 s_cookie=0 reconnecting=0 rev1=0 crypto rx=0 tx=0 comp rx=0 tx=0)._handle_peer_banner_payload supported=3 required=0
2026-02-19T10:50:27.769 INFO:teuthology.orchestra.run.trial036.stdout:/usr/bin/ceph: stderr
2026-02-19T10:50:27.534+0000 7f34bffff640 1 --2- >> [v2:10.20.193.36:3300/0,v1:10.20.193.36:6789/0] conn(0x7f34c0110da0 0x7f34c0122550 unknown :-1 s=HELLO_CONNECTING pgs=0 gs=1 cs=0 l=1 c_cookie=0 s_cookie=0 reconnecting=0 rev1=1 crypto rx=0 tx=0 comp rx=0 tx=0).handle_hello peer v2:10.20.193.36:3300/0 says I am v2:10.20.193.36:37170/0 (socket says 10.20.193.36:37170)
2026-02-19T10:50:27.769 INFO:teuthology.orchestra.run.trial036.stdout:/usr/bin/ceph: stderr
2026-02-19T10:50:27.534+0000 7f34bffff640 1 -- 10.20.193.36:0/3302864710 learned_addr learned my addr 10.20.193.36:0/3302864710 (peer_addr_for_me v2:10.20.193.36:0/0)
2026-02-19T10:50:27.769 INFO:teuthology.orchestra.run.trial036.stdout:/usr/bin/ceph: stderr
2026-02-19T10:50:27.534+0000 7f34bffff640 1 -- 10.20.193.36:0/3302864710 --> [v2:10.20.193.36:3300/0,v1:10.20.193.36:6789/0] -- mon_subscribe({config=0+,monmap=0+}) -- 0x7f34ac0094f0 con 0x7f34c0110da0
2026-02-19T10:50:27.769 INFO:teuthology.orchestra.run.trial036.stdout:/usr/bin/ceph: stderr
2026-02-19T10:50:27.534+0000 7f34bffff640 1 --2- 10.20.193.36:0/3302864710 >> [v2:10.20.193.36:3300/0,v1:10.20.193.36:6789/0] conn(0x7f34c0110da0 0x7f34c0122550 secure :-1 s=READY pgs=75 gs=1 cs=0 l=1 c_cookie=0 s_cookie=0 reconnecting=0 rev1=1 crypto rx=0x7f34ac037b20 tx=0x7f34ac004720 comp rx=0 tx=0).ready entity=mon.0 client_cookie=0 server_cookie=0 in_seq=0 out_seq=0
2026-02-19T10:50:27.769 INFO:teuthology.orchestra.run.trial036.stdout:/usr/bin/ceph: stderr
2026-02-19T10:50:27.534+0000 7f34bd7fa640 1 -- 10.20.193.36:0/3302864710 <== mon.0 v2:10.20.193.36:3300/0 1 ==== mon_map magic: 0 ==== 213+0+0 (secure 0 0 0) 0x7f34ac043070 con 0x7f34c0110da0
2026-02-19T10:50:27.769 INFO:teuthology.orchestra.run.trial036.stdout:/usr/bin/ceph: stderr
2026-02-19T10:50:27.534+0000 7f34bd7fa640 1 -- 10.20.193.36:0/3302864710 <== mon.0 v2:10.20.193.36:3300/0 2 ==== config(24 keys) ==== 1009+0+0 (secure 0 0 0) 0x7f34ac035e90 con 0x7f34c0110da0
2026-02-19T10:50:27.769 INFO:teuthology.orchestra.run.trial036.stdout:/usr/bin/ceph: stderr
2026-02-19T10:50:27.534+0000 7f34c655a640 1 -- 10.20.193.36:0/3302864710 --> [v2:10.20.193.36:3300/0,v1:10.20.193.36:6789/0] -- mon_subscribe({mgrmap=0+}) -- 0x7f34c0122cb0 con 0x7f34c0110da0
2026-02-19T10:50:27.769 INFO:teuthology.orchestra.run.trial036.stdout:/usr/bin/ceph: stderr
2026-02-19T10:50:27.534+0000 7f34bd7fa640 1 -- 10.20.193.36:0/3302864710 <== mon.0 v2:10.20.193.36:3300/0 3 ==== mon_map magic: 0 ==== 213+0+0 (secure 0 0 0) 0x7f34ac004520 con 0x7f34c0110da0
2026-02-19T10:50:27.769 INFO:teuthology.orchestra.run.trial036.stdout:/usr/bin/ceph: stderr
2026-02-19T10:50:27.534+0000 7f34c655a640 1 -- 10.20.193.36:0/3302864710 --> [v2:10.20.193.36:3300/0,v1:10.20.193.36:6789/0] -- mon_subscribe({osdmap=0}) -- 0x7f34c0123730 con 0x7f34c0110da0
2026-02-19T10:50:27.769 INFO:teuthology.orchestra.run.trial036.stdout:/usr/bin/ceph: stderr
2026-02-19T10:50:27.535+0000 7f34c655a640 1 -- 10.20.193.36:0/3302864710 --> [v2:10.20.193.36:3300/0,v1:10.20.193.36:6789/0] -- mon_command({"prefix": "get_command_descriptions"} v 0) -- 0x7f34c01231c0 con 0x7f34c0110da0
2026-02-19T10:50:27.769 INFO:teuthology.orchestra.run.trial036.stdout:/usr/bin/ceph: stderr
2026-02-19T10:50:27.535+0000 7f34bd7fa640 1 -- 10.20.193.36:0/3302864710 <== mon.0 v2:10.20.193.36:3300/0 4 ==== mgrmap(e 12) ==== 52827+0+0 (secure 0 0 0) 0x7f34ac03e070 con 0x7f34c0110da0
2026-02-19T10:50:27.769 INFO:teuthology.orchestra.run.trial036.stdout:/usr/bin/ceph: stderr
2026-02-19T10:50:27.535+0000 7f34bd7fa640 1 --2- 10.20.193.36:0/3302864710 >> [v2:10.20.193.36:6800/1899653190,v1:10.20.193.36:6801/1899653190] conn(0x7f349403f820 0x7f349405fcd0 unknown :-1 s=NONE pgs=0 gs=0 cs=0 l=1 c_cookie=0 s_cookie=0 reconnecting=0 rev1=0 crypto rx=0 tx=0 comp rx=0 tx=0).connect
2026-02-19T10:50:27.769 INFO:teuthology.orchestra.run.trial036.stdout:/usr/bin/ceph: stderr
