2026-02-19T10:56:20.339+0000 7f9d163ac640 1 --2- >> [v2:10.20.193.165:3300/0,v1:10.20.193.165:6789/0] conn(0x7f9d10113270 0x7f9d10122710 unknown :-1 s=NONE pgs=0 gs=0 cs=0 l=1 c_cookie=0 s_cookie=0 reconnecting=0 rev1=0 crypto rx=0 tx=0 comp rx=0 tx=0).connect
2026-02-19T10:56:21.007 INFO:teuthology.orchestra.run.trial165.stdout:/usr/bin/ceph: stderr
2026-02-19T10:56:20.339+0000 7f9d163ac640 1 -- --> [v2:10.20.193.165:3300/0,v1:10.20.193.165:6789/0] -- mon_getmap magic: 0 -- 0x7f9d10122c70 con 0x7f9d10113270
2026-02-19T10:56:21.007 INFO:teuthology.orchestra.run.trial165.stdout:/usr/bin/ceph: stderr
2026-02-19T10:56:20.339+0000 7f9d0ffff640 1 --2- >> [v2:10.20.193.165:3300/0,v1:10.20.193.165:6789/0] conn(0x7f9d10113270 0x7f9d10122710 unknown :-1 s=BANNER_CONNECTING pgs=0 gs=1 cs=0 l=1 c_cookie=0 s_cookie=0 reconnecting=0 rev1=0 crypto rx=0 tx=0 comp rx=0 tx=0)._handle_peer_banner_payload supported=3 required=0
2026-02-19T10:56:21.008 INFO:teuthology.orchestra.run.trial165.stdout:/usr/bin/ceph: stderr
2026-02-19T10:56:20.339+0000 7f9d0ffff640 1 --2- >> [v2:10.20.193.165:3300/0,v1:10.20.193.165:6789/0] conn(0x7f9d10113270 0x7f9d10122710 unknown :-1 s=HELLO_CONNECTING pgs=0 gs=1 cs=0 l=1 c_cookie=0 s_cookie=0 reconnecting=0 rev1=1 crypto rx=0 tx=0 comp rx=0 tx=0).handle_hello peer v2:10.20.193.165:3300/0 says I am v2:10.20.193.165:47720/0 (socket says 10.20.193.165:47720)
2026-02-19T10:56:21.008 INFO:teuthology.orchestra.run.trial165.stdout:/usr/bin/ceph: stderr
2026-02-19T10:56:20.339+0000 7f9d0ffff640 1 -- 10.20.193.165:0/4248102186 learned_addr learned my addr 10.20.193.165:0/4248102186 (peer_addr_for_me v2:10.20.193.165:0/0)
2026-02-19T10:56:21.008 INFO:teuthology.orchestra.run.trial165.stdout:/usr/bin/ceph: stderr
2026-02-19T10:56:20.339+0000 7f9d0ffff640 1 -- 10.20.193.165:0/4248102186 --> [v2:10.20.193.165:3300/0,v1:10.20.193.165:6789/0] -- mon_subscribe({config=0+,monmap=0+}) -- 0x7f9cfc0094f0 con 0x7f9d10113270
2026-02-19T10:56:21.008 INFO:teuthology.orchestra.run.trial165.stdout:/usr/bin/ceph: stderr
2026-02-19T10:56:20.339+0000 7f9d0ffff640 1 --2- 10.20.193.165:0/4248102186 >> [v2:10.20.193.165:3300/0,v1:10.20.193.165:6789/0] conn(0x7f9d10113270 0x7f9d10122710 secure :-1 s=READY pgs=71 gs=1 cs=0 l=1 c_cookie=0 s_cookie=0 reconnecting=0 rev1=1 crypto rx=0x7f9cfc009260 tx=0x7f9cfc035fa0 comp rx=0 tx=0).ready entity=mon.0 client_cookie=0 server_cookie=0 in_seq=0 out_seq=0
2026-02-19T10:56:21.008 INFO:teuthology.orchestra.run.trial165.stdout:/usr/bin/ceph: stderr
2026-02-19T10:56:20.339+0000 7f9d0d7fa640 1 -- 10.20.193.165:0/4248102186 <== mon.0 v2:10.20.193.165:3300/0 1 ==== mon_map magic: 0 ==== 213+0+0 (secure 0 0 0) 0x7f9cfc037ba0 con 0x7f9d10113270
2026-02-19T10:56:21.008 INFO:teuthology.orchestra.run.trial165.stdout:/usr/bin/ceph: stderr
2026-02-19T10:56:20.339+0000 7f9d0d7fa640 1 -- 10.20.193.165:0/4248102186 <== mon.0 v2:10.20.193.165:3300/0 2 ==== config(26 keys) ==== 1060+0+0 (secure 0 0 0) 0x7f9cfc02fdd0 con 0x7f9d10113270
2026-02-19T10:56:21.008 INFO:teuthology.orchestra.run.trial165.stdout:/usr/bin/ceph: stderr
2026-02-19T10:56:20.339+0000 7f9d163ac640 1 -- 10.20.193.165:0/4248102186 --> [v2:10.20.193.165:3300/0,v1:10.20.193.165:6789/0] -- mon_subscribe({mgrmap=0+}) -- 0x7f9d10122e70 con 0x7f9d10113270
2026-02-19T10:56:21.008 INFO:teuthology.orchestra.run.trial165.stdout:/usr/bin/ceph: stderr
2026-02-19T10:56:20.339+0000 7f9d0d7fa640 1 -- 10.20.193.165:0/4248102186 <== mon.0 v2:10.20.193.165:3300/0 3 ==== mon_map magic: 0 ==== 213+0+0 (secure 0 0 0) 0x7f9cfc003850 con 0x7f9d10113270
2026-02-19T10:56:21.008 INFO:teuthology.orchestra.run.trial165.stdout:/usr/bin/ceph: stderr
2026-02-19T10:56:20.339+0000 7f9d163ac640 1 -- 10.20.193.165:0/4248102186 --> [v2:10.20.193.165:3300/0,v1:10.20.193.165:6789/0] -- mon_subscribe({osdmap=0}) -- 0x7f9d101238f0 con 0x7f9d10113270
2026-02-19T10:56:21.008 INFO:teuthology.orchestra.run.trial165.stdout:/usr/bin/ceph: stderr
2026-02-19T10:56:20.340+0000 7f9d163ac640 1 -- 10.20.193.165:0/4248102186 --> [v2:10.20.193.165:3300/0,v1:10.20.193.165:6789/0] -- mon_command({"prefix": "get_command_descriptions"} v 0) -- 0x7f9d10123380 con 0x7f9d10113270
2026-02-19T10:56:21.008 INFO:teuthology.orchestra.run.trial165.stdout:/usr/bin/ceph: stderr
2026-02-19T10:56:20.340+0000 7f9d0d7fa640 1 -- 10.20.193.165:0/4248102186 <== mon.0 v2:10.20.193.165:3300/0 4 ==== mgrmap(e 11) ==== 52686+0+0 (secure 0 0 0) 0x7f9cfc03e070 con 0x7f9d10113270
2026-02-19T10:56:21.008 INFO:teuthology.orchestra.run.trial165.stdout:/usr/bin/ceph: stderr
2026-02-19T10:56:20.340+0000 7f9d0d7fa640 1 --2- 10.20.193.165:0/4248102186 >> v2:10.20.193.165:6800/3701272862 conn(0x7f9ce403f6c0 0x7f9ce405fb70 unknown :-1 s=NONE pgs=0 gs=0 cs=0 l=1 c_cookie=0 s_cookie=0 reconnecting=0 rev1=0 crypto rx=0 tx=0 comp rx=0 tx=0).connect
2026-02-19T10:56:21.009 INFO:teuthology.orchestra.run.trial165.stdout:/usr/bin/ceph: stderr
2026-02-19T10:56:20.340+0000 7f9d0d7fa640 1 -- 10.20.193.165:0/4248102186 <== mon.0 v2:10.20.193.165:3300/0 5 ==== osd_map(3..3 src has 1..3) ==== 1064+0+0 (secure 0 0 0) 0x7f9cfc078350 con 0x7f9d10113270
2026-02-19T10:56:21.009 INFO:teuthology.orchestra.run.trial165.stdout:/usr/bin/ceph: stderr
2026-02-19T10:56:20.340+0000 7f9d0f7fe640 1 --2- 10.20.193.165:0/4248102186 >> v2:10.20.193.165:6800/3701272862 conn(0x7f9ce403f6c0 0x7f9ce405fb70 unknown :-1 s=BANNER_CONNECTING pgs=0 gs=2 cs=0 l=1 c_cookie=0 s_cookie=0 reconnecting=0 rev1=0 crypto rx=0 tx=0 comp rx=0 tx=0)._handle_peer_banner_payload supported=3 required=0
2026-02-19T10:56:21.009 INFO:teuthology.orchestra.run.trial165.stdout:/usr/bin/ceph: stderr
2026-02-19T10:56:20.340+0000 7f9d0f7fe640 1 --2- 10.20.193.165:0/4248102186 >> v2:10.20.193.165:6800/3701272862 conn(0x7f9ce403f6c0 0x7f9ce405fb70 secure :-1 s=READY pgs=7 gs=2 cs=0 l=1 c_cookie=0 s_cookie=0 reconnecting=0 rev1=1 crypto rx=0x7f9d00006fd0 tx=0x7f9d00006e60 comp rx=0 tx=0).ready entity=mgr.14152 client_cookie=0 server_cookie=0 in_seq=0 out_seq=0
2026-02-19T10:56:21.009 INFO:teuthology.orchestra.run.trial165.stdout:/usr/bin/ceph: stderr
2026-02-19T10:56:20.342+0000 7f9d0d7fa640 1 -- 10.20.193.165:0/4248102186 <== mon.0 v2:10.20.193.165:3300/0 6 ==== mon_command_ack([{"prefix": "get_command_descriptions"}]=0 v0) ==== 72+0+230863 (secure 0 0 0) 0x7f9cfc036a90 con 0x7f9d10113270
2026-02-19T10:56:21.009 INFO:teuthology.orchestra.run.trial165.stdout:/usr/bin/ceph: stderr
2026-02-19T10:56:20.455+0000 7f9d163ac640 1 -- 10.20.193.165:0/4248102186 --> v2:10.20.193.165:6800/3701272862 -- mgr_command(tid 0: {"prefix": "orch certmgr generate-certificates", "module_name": "dashboard", "target": ["mon-mgr", ""]}) -- 0x7f9d10066180 con 0x7f9ce403f6c0
2026-02-19T10:56:21.009 INFO:teuthology.orchestra.run.trial165.stdout:/usr/bin/ceph: stderr
2026-02-19T10:56:20.877+0000 7f9d0d7fa640 1 -- 10.20.193.165:0/4248102186 <== mgr.14152 v2:10.20.193.165:6800/3701272862 1 ==== mgr_command_reply(tid 0: 0 ) ==== 8+0+5186 (secure 0 0 0) 0x7f9d10066180 con 0x7f9ce403f6c0
2026-02-19T10:56:21.009 INFO:teuthology.orchestra.run.trial165.stdout:/usr/bin/ceph: stderr
2026-02-19T10:56:20.878+0000 7f9d163ac640 1 -- 10.20.193.165:0/4248102186 >> v2:10.20.193.165:6800/3701272862 conn(0x7f9ce403f6c0 msgr2=0x7f9ce405fb70 secure :-1 s=STATE_CONNECTION_ESTABLISHED l=1).mark_down
2026-02-19T10:56:21.009 INFO:teuthology.orchestra.run.trial165.stdout:/usr/bin/ceph: stderr
2026-02-19T10:56:20.878+0000 7f9d163ac640 1 --2- 10.20.193.165:0/4248102186 >> v2:10.20.193.165:6800/3701272862 conn(0x7f9ce403f6c0 0x7f9ce405fb70 secure :-1 s=READY pgs=7 gs=2 cs=0 l=1 c_cookie=0 s_cookie=0 reconnecting=0 rev1=1 crypto rx=0x7f9d00006fd0 tx=0x7f9d00006e60 comp rx=0 tx=0).stop
2026-02-19T10:56:21.009 INFO:teuthology.orchestra.run.trial165.stdout:/usr/bin/ceph: stderr
2026-02-19T10:56:20.878+0000 7f9d163ac640 1 -- 10.20.193.165:0/4248102186 >> [v2:10.20.193.165:3300/0,v1:10.20.193.165:6789/0] conn(0x7f9d10113270 msgr2=0x7f9d10122710 secure :-1 s=STATE_CONNECTION_ESTABLISHED l=1).mark_down
2026-02-19T10:56:21.009 INFO:teuthology.orchestra.run.trial165.stdout:/usr/bin/ceph: stderr
2026-02-19T10:56:20.878+0000 7f9d163ac640 1 --2- 10.20.193.165:0/4248102186 >> [v2:10.20.193.165:3300/0,v1:10.20.193.165:6789/0] conn(0x7f9d10113270 0x7f9d10122710 secure :-1 s=READY pgs=71 gs=1 cs=0 l=1 c_cookie=0 s_cookie=0 reconnecting=0 rev1=1 crypto rx=0x7f9cfc009260 tx=0x7f9cfc035fa0 comp rx=0 tx=0).stop
2026-02-19T10:56:21.009 INFO:teuthology.orchestra.run.trial165.stdout:/usr/bin/ceph: stderr
2026-02-19T10:56:20.878+0000 7f9d163ac640 1 -- 10.20.193.165:0/4248102186 shutdown_connections
2026-02-19T10:56:21.010 INFO:teuthology.orchestra.run.trial165.stdout:/usr/bin/ceph: stderr
2026-02-19T10:56:20.878+0000 7f9d163ac640 1 --2- 10.20.193.165:0/4248102186 >> v2:10.20.193.165:6800/3701272862 conn(0x7f9ce403f6c0 0x7f9ce405fb70 unknown :-1 s=CLOSED pgs=7 gs=2 cs=0 l=1 c_cookie=0 s_cookie=0 reconnecting=0 rev1=1 crypto rx=0 tx=0 comp rx=0 tx=0).stop
2026-02-19T10:56:21.010 INFO:teuthology.orchestra.run.trial165.stdout:/usr/bin/ceph: stderr
2026-02-19T10:56:20.878+0000 7f9d163ac640 1 --2- 10.20.193.165:0/4248102186 >> [v2:10.20.193.165:3300/0,v1:10.20.193.165:6789/0] conn(0x7f9d10113270 0x7f9d10122710 unknown :-1 s=CLOSED pgs=71 gs=1 cs=0 l=1 c_cookie=0 s_cookie=0 reconnecting=0 rev1=1 crypto rx=0 tx=0 comp rx=0 tx=0).stop
2026-02-19T10:56:21.010 INFO:teuthology.orchestra.run.trial165.stdout:/usr/bin/ceph: stderr
2026-02-19T10:56:20.878+0000 7f9d163ac640 1 -- 10.20.193.165:0/4248102186 >> 10.20.193.165:0/4248102186 conn(0x7f9d100686d0 msgr2=0x7f9d10110ee0 unknown :-1 s=STATE_NONE l=0).mark_down
2026-02-19T10:56:21.010 INFO:teuthology.orchestra.run.trial165.stdout:/usr/bin/ceph: stderr
2026-02-19T10:56:20.879+0000 7f9d163ac640 1 -- 10.20.193.165:0/4248102186 shutdown_connections
2026-02-19T10:56:21.010 INFO:teuthology.orchestra.run.trial165.stdout:/usr/bin/ceph: stderr
2026-02-19T10:56:20.879+0000 7f9d163ac640 1 -- 10.20.193.165:0/4248102186 wait complete.
2026-02-19T10:56:21.362 INFO:teuthology.orchestra.run.trial165.stdout:/usr/bin/ceph: stdout SSL certificate updated
2026-02-19T10:56:21.365 INFO:teuthology.orchestra.run.trial165.stdout:/usr/bin/ceph: stderr
2026-02-19T10:56:21.119+0000 7f7c90a37640 1 Processor -- start
2026-02-19T10:56:21.365 INFO:teuthology.orchestra.run.trial165.stdout:/usr/bin/ceph: stderr
2026-02-19T10:56:21.119+0000 7f7c90a37640 1 -- start start
2026-02-19T10:56:21.365 INFO:teuthology.orchestra.run.trial165.stdout:/usr/bin/ceph: stderr
2026-02-19T10:56:21.120+0000 7f7c90a37640 1 --2- >> [v2:10.20.193.165:3300/0,v1:10.20.193.165:6789/0] conn(0x7f7c8c1132f0 0x7f7c8c1136e0 unknown :-1 s=NONE pgs=0 gs=0 cs=0 l=0 c_cookie=0 s_cookie=0 reconnecting=0 rev1=0 crypto rx=0 tx=0 comp rx=0 tx=0).connect
2026-02-19T10:56:21.365 INFO:teuthology.orchestra.run.trial165.stdout:/usr/bin/ceph: stderr
2026-02-19T10:56:21.120+0000 7f7c90a37640 1 -- --> [v2:10.20.193.165:3300/0,v1:10.20.193.165:6789/0] -- mon_getmap magic: 0 -- 0x7f7c8c113cd0 con 0x7f7c8c1132f0
2026-02-19T10:56:21.365 INFO:teuthology.orchestra.run.trial165.stdout:/usr/bin/ceph: stderr
2026-02-19T10:56:21.120+0000 7f7c8a575640 1 --2- >> [v2:10.20.193.165:3300/0,v1:10.20.193.165:6789/0] conn(0x7f7c8c1132f0 0x7f7c8c1136e0 unknown :-1 s=BANNER_CONNECTING pgs=0 gs=1 cs=0 l=0 c_cookie=0 s_cookie=0 reconnecting=0 rev1=0 crypto rx=0 tx=0 comp rx=0 tx=0)._handle_peer_banner_payload supported=3 required=0
2026-02-19T10:56:21.365 INFO:teuthology.orchestra.run.trial165.stdout:/usr/bin/ceph: stderr
2026-02-19T10:56:21.120+0000 7f7c8a575640 1 --2- >> [v2:10.20.193.165:3300/0,v1:10.20.193.165:6789/0] conn(0x7f7c8c1132f0 0x7f7c8c1136e0 unknown :-1 s=HELLO_CONNECTING pgs=0 gs=1 cs=0 l=0 c_cookie=0 s_cookie=0 reconnecting=0 rev1=1 crypto rx=0 tx=0 comp rx=0 tx=0).handle_hello peer v2:10.20.193.165:3300/0 says I am v2:10.20.193.165:47726/0 (socket says 10.20.193.165:47726)
2026-02-19T10:56:21.365 INFO:teuthology.orchestra.run.trial165.stdout:/usr/bin/ceph: stderr
2026-02-19T10:56:21.120+0000 7f7c8a575640 1 -- 10.20.193.165:0/3640428355 learned_addr learned my addr 10.20.193.165:0/3640428355 (peer_addr_for_me v2:10.20.193.165:0/0)
2026-02-19T10:56:21.365 INFO:teuthology.orchestra.run.trial165.stdout:/usr/bin/ceph: stderr
2026-02-19T10:56:21.120+0000 7f7c8a575640 1 -- 10.20.193.165:0/3640428355 --> [v2:10.20.193.165:3300/0,v1:10.20.193.165:6789/0] -- mon_subscribe({config=0+,monmap=0+}) -- 0x7f7c8c113e10 con 0x7f7c8c1132f0
2026-02-19T10:56:21.365 INFO:teuthology.orchestra.run.trial165.stdout:/usr/bin/ceph: stderr
2026-02-19T10:56:21.120+0000 7f7c8a575640 1 --2- 10.20.193.165:0/3640428355 >> [v2:10.20.193.165:3300/0,v1:10.20.193.165:6789/0] conn(0x7f7c8c1132f0 0x7f7c8c1136e0 secure :-1 s=READY pgs=72 gs=1 cs=0 l=1 c_cookie=14137047162563330599 s_cookie=0 reconnecting=0 rev1=1 crypto rx=0x7f7c80009850 tx=0x7f7c8002eeb0 comp rx=0 tx=0).ready entity=mon.0 client_cookie=c430e17e39880227 server_cookie=0 in_seq=0 out_seq=0
2026-02-19T10:56:21.365 INFO:teuthology.orchestra.run.trial165.stdout:/usr/bin/ceph: stderr
2026-02-19T10:56:21.120+0000 7f7c89573640 1 -- 10.20.193.165:0/3640428355 <== mon.0 v2:10.20.193.165:3300/0 1 ==== mon_map magic: 0 ==== 213+0+0 (secure 0 0 0) 0x7f7c8002f940 con 0x7f7c8c1132f0
2026-02-19T10:56:21.365 INFO:teuthology.orchestra.run.trial165.stdout:/usr/bin/ceph: stderr
2026-02-19T10:56:21.120+0000 7f7c89573640 1 -- 10.20.193.165:0/3640428355 <== mon.0 v2:10.20.193.165:3300/0 2 ==== config(26 keys) ==== 1060+0+0 (secure 0 0 0) 0x7f7c80037440 con 0x7f7c8c1132f0
2026-02-19T10:56:21.365 INFO:teuthology.orchestra.run.trial165.stdout:/usr/bin/ceph: stderr
2026-02-19T10:56:21.120+0000 7f7c89573640 1 -- 10.20.193.165:0/3640428355 <== mon.0 v2:10.20.193.165:3300/0 3 ==== mon_map magic: 0 ==== 213+0+0 (secure 0 0 0) 0x7f7c800354e0 con 0x7f7c8c1132f0
2026-02-19T10:56:21.365 INFO:teuthology.orchestra.run.trial165.stdout:/usr/bin/ceph: stderr
2026-02-19T10:56:21.121+0000 7f7c90a37640 1 -- 10.20.193.165:0/3640428355 >> [v2:10.20.193.165:3300/0,v1:10.20.193.165:6789/0] conn(0x7f7c8c1132f0 msgr2=0x7f7c8c1136e0 secure :-1 s=STATE_CONNECTION_ESTABLISHED l=1).mark_down
2026-02-19T10:56:21.366 INFO:teuthology.orchestra.run.trial165.stdout:/usr/bin/ceph: stderr
2026-02-19T10:56:21.121+0000 7f7c90a37640 1 --2- 10.20.193.165:0/3640428355 >> [v2:10.20.193.165:3300/0,v1:10.20.193.165:6789/0] conn(0x7f7c8c1132f0 0x7f7c8c1136e0 secure :-1 s=READY pgs=72 gs=1 cs=0 l=1 c_cookie=14137047162563330599 s_cookie=0 reconnecting=0 rev1=1 crypto rx=0x7f7c80009850 tx=0x7f7c8002eeb0 comp rx=0 tx=0).stop
2026-02-19T10:56:21.366 INFO:teuthology.orchestra.run.trial165.stdout:/usr/bin/ceph: stderr
2026-02-19T10:56:21.121+0000 7f7c90a37640 1 -- 10.20.193.165:0/3640428355 shutdown_connections
2026-02-19T10:56:21.366 INFO:teuthology.orchestra.run.trial165.stdout:/usr/bin/ceph: stderr
2026-02-19T10:56:21.121+0000 7f7c90a37640 1 --2- 10.20.193.165:0/3640428355 >> [v2:10.20.193.165:3300/0,v1:10.20.193.165:6789/0] conn(0x7f7c8c1132f0 0x7f7c8c1136e0 unknown :-1 s=CLOSED pgs=72 gs=1 cs=0 l=1 c_cookie=14137047162563330599 s_cookie=0 reconnecting=0 rev1=1 crypto rx=0 tx=0 comp rx=0 tx=0).stop
2026-02-19T10:56:21.366 INFO:teuthology.orchestra.run.trial165.stdout:/usr/bin/ceph: stderr
2026-02-19T10:56:21.121+0000 7f7c90a37640 1 -- 10.20.193.165:0/3640428355 >> 10.20.193.165:0/3640428355 conn(0x7f7c8c068770 msgr2=0x7f7c8c110ee0 unknown :-1 s=STATE_NONE l=0).mark_down
2026-02-19T10:56:21.366 INFO:teuthology.orchestra.run.trial165.stdout:/usr/bin/ceph: stderr
2026-02-19T10:56:21.121+0000 7f7c90a37640 1 -- 10.20.193.165:0/3640428355 shutdown_connections
2026-02-19T10:56:21.366 INFO:teuthology.orchestra.run.trial165.stdout:/usr/bin/ceph: stderr
2026-02-19T10:56:21.121+0000 7f7c90a37640 1 -- 10.20.193.165:0/3640428355 wait complete.
2026-02-19T10:56:21.366 INFO:teuthology.orchestra.run.trial165.stdout:/usr/bin/ceph: stderr
2026-02-19T10:56:21.121+0000 7f7c90a37640 1 Processor -- start
2026-02-19T10:56:21.366 INFO:teuthology.orchestra.run.trial165.stdout:/usr/bin/ceph: stderr
2026-02-19T10:56:21.121+0000 7f7c90a37640 1 -- start start
2026-02-19T10:56:21.366 INFO:teuthology.orchestra.run.trial165.stdout:/usr/bin/ceph: stderr
2026-02-19T10:56:21.121+0000 7f7c90a37640 1 --2- >> [v2:10.20.193.165:3300/0,v1:10.20.193.165:6789/0] conn(0x7f7c8c1132f0 0x7f7c8c1227a0 unknown :-1 s=NONE pgs=0 gs=0 cs=0 l=1 c_cookie=0 s_cookie=0 reconnecting=0 rev1=0 crypto rx=0 tx=0 comp rx=0 tx=0).connect
2026-02-19T10:56:21.366 INFO:teuthology.orchestra.run.trial165.stdout:/usr/bin/ceph: stderr
2026-02-19T10:56:21.121+0000 7f7c90a37640 1 -- --> [v2:10.20.193.165:3300/0,v1:10.20.193.165:6789/0] -- mon_getmap magic: 0 -- 0x7f7c8c122d00 con 0x7f7c8c1132f0
2026-02-19T10:56:21.366 INFO:teuthology.orchestra.run.trial165.stdout:/usr/bin/ceph: stderr
2026-02-19T10:56:21.121+0000 7f7c8a575640 1 --2- >> [v2:10.20.193.165:3300/0,v1:10.20.193.165:6789/0] conn(0x7f7c8c1132f0 0x7f7c8c1227a0 unknown :-1 s=BANNER_CONNECTING pgs=0 gs=1 cs=0 l=1 c_cookie=0 s_cookie=0 reconnecting=0 rev1=0 crypto rx=0 tx=0 comp rx=0 tx=0)._handle_peer_banner_payload supported=3 required=0
2026-02-19T10:56:21.366 INFO:teuthology.orchestra.run.trial165.stdout:/usr/bin/ceph: stderr
2026-02-19T10:56:21.121+0000 7f7c8a575640 1 --2- >> [v2:10.20.193.165:3300/0,v1:10.20.193.165:6789/0] conn(0x7f7c8c1132f0 0x7f7c8c1227a0 unknown :-1 s=HELLO_CONNECTING pgs=0 gs=1 cs=0 l=1 c_cookie=0 s_cookie=0 reconnecting=0 rev1=1 crypto rx=0 tx=0 comp rx=0 tx=0).handle_hello peer v2:10.20.193.165:3300/0 says I am v2:10.20.193.165:47740/0 (socket says 10.20.193.165:47740)
2026-02-19T10:56:21.366 INFO:teuthology.orchestra.run.trial165.stdout:/usr/bin/ceph: stderr
2026-02-19T10:56:21.121+0000 7f7c8a575640 1 -- 10.20.193.165:0/2282489986 learned_addr learned my addr 10.20.193.165:0/2282489986 (peer_addr_for_me v2:10.20.193.165:0/0)
2026-02-19T10:56:21.366 INFO:teuthology.orchestra.run.trial165.stdout:/usr/bin/ceph: stderr
2026-02-19T10:56:21.121+0000 7f7c8a575640 1 -- 10.20.193.165:0/2282489986 --> [v2:10.20.193.165:3300/0,v1:10.20.193.165:6789/0] -- mon_subscribe({config=0+,monmap=0+}) -- 0x7f7c800094f0 con 0x7f7c8c1132f0
2026-02-19T10:56:21.366 INFO:teuthology.orchestra.run.trial165.stdout:/usr/bin/ceph: stderr
2026-02-19T10:56:21.122+0000 7f7c8a575640 1 --2- 10.20.193.165:0/2282489986 >> [v2:10.20.193.165:3300/0,v1:10.20.193.165:6789/0] conn(0x7f7c8c1132f0 0x7f7c8c1227a0 secure :-1 s=READY pgs=73 gs=1 cs=0 l=1 c_cookie=0 s_cookie=0 reconnecting=0 rev1=1 crypto rx=0x7f7c80009260 tx=0x7f7c80035fa0 comp rx=0 tx=0).ready entity=mon.0 client_cookie=0 server_cookie=0 in_seq=0 out_seq=0
2026-02-19T10:56:21.366 INFO:teuthology.orchestra.run.trial165.stdout:/usr/bin/ceph: stderr
2026-02-19T10:56:21.122+0000 7f7c737fe640 1 -- 10.20.193.165:0/2282489986 <== mon.0 v2:10.20.193.165:3300/0 1 ==== mon_map magic: 0 ==== 213+0+0 (secure 0 0 0) 0x7f7c80037ba0 con 0x7f7c8c1132f0
2026-02-19T10:56:21.366 INFO:teuthology.orchestra.run.trial165.stdout:/usr/bin/ceph: stderr
2026-02-19T10:56:21.122+0000 7f7c737fe640 1 -- 10.20.193.165:0/2282489986 <== mon.0 v2:10.20.193.165:3300/0 2 ==== config(26 keys) ==== 1060+0+0 (secure 0 0 0) 0x7f7c8002fdd0 con 0x7f7c8c1132f0
2026-02-19T10:56:21.366 INFO:teuthology.orchestra.run.trial165.stdout:/usr/bin/ceph: stderr
2026-02-19T10:56:21.122+0000 7f7c737fe640 1 -- 10.20.193.165:0/2282489986 <== mon.0 v2:10.20.193.165:3300/0 3 ==== mon_map magic: 0 ==== 213+0+0 (secure 0 0 0) 0x7f7c80003850 con 0x7f7c8c1132f0
2026-02-19T10:56:21.366 INFO:teuthology.orchestra.run.trial165.stdout:/usr/bin/ceph: stderr
2026-02-19T10:56:21.122+0000 7f7c90a37640 1 -- 10.20.193.165:0/2282489986 --> [v2:10.20.193.165:3300/0,v1:10.20.193.165:6789/0] -- mon_subscribe({mgrmap=0+}) -- 0x7f7c8c122f00 con 0x7f7c8c1132f0
2026-02-19T10:56:21.366 INFO:teuthology.orchestra.run.trial165.stdout:/usr/bin/ceph: stderr
2026-02-19T10:56:21.122+0000 7f7c90a37640 1 -- 10.20.193.165:0/2282489986 --> [v2:10.20.193.165:3300/0,v1:10.20.193.165:6789/0] -- mon_subscribe({osdmap=0}) -- 0x7f7c8c123980 con 0x7f7c8c1132f0
2026-02-19T10:56:21.366 INFO:teuthology.orchestra.run.trial165.stdout:/usr/bin/ceph: stderr
2026-02-19T10:56:21.122+0000 7f7c90a37640 1 -- 10.20.193.165:0/2282489986 --> [v2:10.20.193.165:3300/0,v1:10.20.193.165:6789/0] -- mon_command({"prefix": "get_command_descriptions"} v 0) -- 0x7f7c8c123410 con 0x7f7c8c1132f0
2026-02-19T10:56:21.366 INFO:teuthology.orchestra.run.trial165.stdout:/usr/bin/ceph: stderr
2026-02-19T10:56:21.122+0000 7f7c737fe640 1 -- 10.20.193.165:0/2282489986 <== mon.0 v2:10.20.193.165:3300/0 4 ==== mgrmap(e 11) ==== 52686+0+0 (secure 0 0 0) 0x7f7c8003e070 con 0x7f7c8c1132f0
2026-02-19T10:56:21.367 INFO:teuthology.orchestra.run.trial165.stdout:/usr/bin/ceph: stderr
2026-02-19T10:56:21.123+0000 7f7c737fe640 1 --2- 10.20.193.165:0/2282489986 >> v2:10.20.193.165:6800/3701272862 conn(0x7f7c6403f6c0 0x7f7c6405fb70 unknown :-1 s=NONE pgs=0 gs=0 cs=0 l=1 c_cookie=0 s_cookie=0 reconnecting=0 rev1=0 crypto rx=0 tx=0 comp rx=0 tx=0).connect
2026-02-19T10:56:21.367 INFO:teuthology.orchestra.run.trial165.stdout:/usr/bin/ceph: stderr
2026-02-19T10:56:21.123+0000 7f7c737fe640 1 -- 10.20.193.165:0/2282489986 <== mon.0 v2:10.20.193.165:3300/0 5 ==== osd_map(3..3 src has 1..3) ==== 1064+0+0 (secure 0 0 0) 0x7f7c800781c0 con 0x7f7c8c1132f0
2026-02-19T10:56:21.367 INFO:teuthology.orchestra.run.trial165.stdout:/usr/bin/ceph: stderr
2026-02-19T10:56:21.123+0000 7f7c89d74640 1 --2- 10.20.193.165:0/2282489986 >> v2:10.20.193.165:6800/3701272862 conn(0x7f7c6403f6c0 0x7f7c6405fb70 unknown :-1 s=BANNER_CONNECTING pgs=0 gs=2 cs=0 l=1 c_cookie=0 s_cookie=0 reconnecting=0 rev1=0 crypto rx=0 tx=0 comp rx=0 tx=0)._handle_peer_banner_payload supported=3 required=0
2026-02-19T10:56:21.367 INFO:teuthology.orchestra.run.trial165.stdout:/usr/bin/ceph: stderr
2026-02-19T10:56:21.123+0000 7f7c89d74640 1 --2- 10.20.193.165:0/2282489986 >> v2:10.20.193.165:6800/3701272862 conn(0x7f7c6403f6c0 0x7f7c6405fb70 secure :-1 s=READY pgs=8 gs=2 cs=0 l=1 c_cookie=0 s_cookie=0 reconnecting=0 rev1=1 crypto rx=0x7f7c74006fd0 tx=0x7f7c74006e60 comp rx=0 tx=0).ready entity=mgr.14152 client_cookie=0 server_cookie=0 in_seq=0 out_seq=0
2026-02-19T10:56:21.367 INFO:teuthology.orchestra.run.trial165.stdout:/usr/bin/ceph: stderr
2026-02-19T10:56:21.125+0000 7f7c737fe640 1 -- 10.20.193.165:0/2282489986 <== mon.0 v2:10.20.193.165:3300/0 6 ==== mon_command_ack([{"prefix": "get_command_descriptions"}]=0 v0) ==== 72+0+230863 (secure 0 0 0) 0x7f7c80036c30 con 0x7f7c8c1132f0
2026-02-19T10:56:21.367 INFO:teuthology.orchestra.run.trial165.stdout:/usr/bin/ceph: stderr
2026-02-19T10:56:21.148+0000 7f7c737fe640 1 -- 10.20.193.165:0/2282489986 <== mon.0 v2:10.20.193.165:3300/0 7 ==== mgrmap(e 12) ==== 52792+0+0 (secure 0 0 0) 0x7f7c80004030 con 0x7f7c8c1132f0
2026-02-19T10:56:21.367 INFO:teuthology.orchestra.run.trial165.stdout:/usr/bin/ceph: stderr
2026-02-19T10:56:21.238+0000 7f7c90a37640 1 -- 10.20.193.165:0/2282489986 --> v2:10.20.193.165:6800/3701272862 -- mgr_command(tid 0: {"prefix": "dashboard set-ssl-certificate", "target": ["mon-mgr", ""]}) -- 0x7f7c8c04da10 con 0x7f7c6403f6c0
2026-02-19T10:56:21.367 INFO:teuthology.orchestra.run.trial165.stdout:/usr/bin/ceph: stderr
2026-02-19T10:56:21.240+0000 7f7c737fe640 1 -- 10.20.193.165:0/2282489986 <== mgr.14152 v2:10.20.193.165:6800/3701272862 1 ==== mgr_command_reply(tid 0: 0 ) ==== 8+0+24 (secure 0 0 0) 0x7f7c8c04da10 con 0x7f7c6403f6c0
2026-02-19T10:56:21.367 INFO:teuthology.orchestra.run.trial165.stdout:/usr/bin/ceph: stderr
2026-02-19T10:56:21.242+0000 7f7c90a37640 1 -- 10.20.193.165:0/2282489986 >> v2:10.20.193.165:6800/3701272862 conn(0x7f7c6403f6c0 msgr2=0x7f7c6405fb70 secure :-1 s=STATE_CONNECTION_ESTABLISHED l=1).mark_down
2026-02-19T10:56:21.367 INFO:teuthology.orchestra.run.trial165.stdout:/usr/bin/ceph: stderr
2026-02-19T10:56:21.242+0000 7f7c90a37640 1 --2- 10.20.193.165:0/2282489986 >> v2:10.20.193.165:6800/3701272862 conn(0x7f7c6403f6c0 0x7f7c6405fb70 secure :-1 s=READY pgs=8 gs=2 cs=0 l=1 c_cookie=0 s_cookie=0 reconnecting=0 rev1=1 crypto rx=0x7f7c74006fd0 tx=0x7f7c74006e60 comp rx=0 tx=0).stop
2026-02-19T10:56:21.367 INFO:teuthology.orchestra.run.trial165.stdout:/usr/bin/ceph: stderr
2026-02-19T10:56:21.242+0000 7f7c90a37640 1 -- 10.20.193.165:0/2282489986 >> [v2:10.20.193.165:3300/0,v1:10.20.193.165:6789/0] conn(0x7f7c8c1132f0 msgr2=0x7f7c8c1227a0 secure :-1 s=STATE_CONNECTION_ESTABLISHED l=1).mark_down
2026-02-19T10:56:21.367 INFO:teuthology.orchestra.run.trial165.stdout:/usr/bin/ceph: stderr
2026-02-19T10:56:21.242+0000 7f7c90a37640 1 --2- 10.20.193.165:0/2282489986 >> [v2:10.20.193.165:3300/0,v1:10.20.193.165:6789/0] conn(0x7f7c8c1132f0 0x7f7c8c1227a0 secure :-1 s=READY pgs=73 gs=1 cs=0 l=1 c_cookie=0 s_cookie=0 reconnecting=0 rev1=1 crypto rx=0x7f7c80009260 tx=0x7f7c80035fa0 comp rx=0 tx=0).stop
2026-02-19T10:56:21.367 INFO:teuthology.orchestra.run.trial165.stdout:/usr/bin/ceph: stderr
2026-02-19T10:56:21.242+0000 7f7c90a37640 1 -- 10.20.193.165:0/2282489986 shutdown_connections
2026-02-19T10:56:21.367 INFO:teuthology.orchestra.run.trial165.stdout:/usr/bin/ceph: stderr
2026-02-19T10:56:21.242+0000 7f7c90a37640 1 --2- 10.20.193.165:0/2282489986 >> v2:10.20.193.165:6800/3701272862 conn(0x7f7c6403f6c0 0x7f7c6405fb70 unknown :-1 s=CLOSED pgs=8 gs=2 cs=0 l=1 c_cookie=0 s_cookie=0 reconnecting=0 rev1=1 crypto rx=0 tx=0 comp rx=0 tx=0).stop
2026-02-19T10:56:21.367 INFO:teuthology.orchestra.run.trial165.stdout:/usr/bin/ceph: stderr
2026-02-19T10:56:21.242+0000 7f7c90a37640 1 --2- 10.20.193.165:0/2282489986 >> [v2:10.20.193.165:3300/0,v1:10.20.193.165:6789/0] conn(0x7f7c8c1132f0 0x7f7c8c1227a0 unknown :-1 s=CLOSED pgs=73 gs=1 cs=0 l=1 c_cookie=0 s_cookie=0 reconnecting=0 rev1=1 crypto rx=0 tx=0 comp rx=0 tx=0).stop
2026-02-19T10:56:21.367 INFO:teuthology.orchestra.run.trial165.stdout:/usr/bin/ceph: stderr
2026-02-19T10:56:21.242+0000 7f7c90a37640 1 -- 10.20.193.165:0/2282489986 >> 10.20.193.165:0/2282489986 conn(0x7f7c8c068770 msgr2=0x7f7c8c110ee0 unknown :-1 s=STATE_NONE l=0).mark_down
2026-02-19T10:56:21.367 INFO:teuthology.orchestra.run.trial165.stdout:/usr/bin/ceph: stderr
2026-02-19T10:56:21.242+0000 7f7c90a37640 1 -- 10.20.193.165:0/2282489986 shutdown_connections
2026-02-19T10:56:21.367 INFO:teuthology.orchestra.run.trial165.stdout:/usr/bin/ceph: stderr
2026-02-19T10:56:21.242+0000 7f7c90a37640 1 -- 10.20.193.165:0/2282489986 wait complete.
2026-02-19T10:56:21.404 INFO:journalctl@ceph.mon.a.trial165.stdout:Feb 19 10:56:21 trial165 ceph-mon[22032]: [19/Feb/2026:10:56:19] ENGINE Bus STARTING
2026-02-19T10:56:21.404 INFO:journalctl@ceph.mon.a.trial165.stdout:Feb 19 10:56:21 trial165 ceph-mon[22032]: [19/Feb/2026:10:56:19] ENGINE Serving on https://10.20.193.165:7150
2026-02-19T10:56:21.405 INFO:journalctl@ceph.mon.a.trial165.stdout:Feb 19 10:56:21 trial165 ceph-mon[22032]: [19/Feb/2026:10:56:19] ENGINE Client ('10.20.193.165', 59870) lost — peer dropped the TLS connection suddenly, during handshake: (6, 'TLS/SSL connection has been closed (EOF) (_ssl.c:1147)')
2026-02-19T10:56:21.405 INFO:journalctl@ceph.mon.a.trial165.stdout:Feb 19 10:56:21 trial165 ceph-mon[22032]: [19/Feb/2026:10:56:19] ENGINE Serving on http://10.20.193.165:8765
2026-02-19T10:56:21.405 INFO:journalctl@ceph.mon.a.trial165.stdout:Feb 19 10:56:21 trial165 ceph-mon[22032]: [19/Feb/2026:10:56:19] ENGINE Bus STARTED
2026-02-19T10:56:21.405 INFO:journalctl@ceph.mon.a.trial165.stdout:Feb 19 10:56:21 trial165 ceph-mon[22032]: from='client.14156 -' entity='client.admin' cmd=[{"prefix": "get_command_descriptions"}]: dispatch
2026-02-19T10:56:21.405 INFO:journalctl@ceph.mon.a.trial165.stdout:Feb 19 10:56:21 trial165 ceph-mon[22032]: from='client.14156 -' entity='client.admin' cmd=[{"prefix": "mgr_status"}]: dispatch
2026-02-19T10:56:21.727 INFO:teuthology.orchestra.run.trial165.stdout:/usr/bin/ceph: stdout SSL certificate key updated
2026-02-19T10:56:21.727 INFO:teuthology.orchestra.run.trial165.stdout:/usr/bin/ceph: stderr
2026-02-19T10:56:21.482+0000 7fccf8f0a640 1 Processor -- start
2026-02-19T10:56:21.728 INFO:teuthology.orchestra.run.trial165.stdout:/usr/bin/ceph: stderr
2026-02-19T10:56:21.482+0000 7fccf8f0a640 1 -- start start
2026-02-19T10:56:21.728 INFO:teuthology.orchestra.run.trial165.stdout:/usr/bin/ceph: stderr
2026-02-19T10:56:21.482+0000 7fccf8f0a640 1 --2- >> [v2:10.20.193.165:3300/0,v1:10.20.193.165:6789/0] conn(0x7fccf41132f0 0x7fccf41136e0 unknown :-1 s=NONE pgs=0 gs=0 cs=0 l=0 c_cookie=0 s_cookie=0 reconnecting=0 rev1=0 crypto rx=0 tx=0 comp rx=0 tx=0).connect
2026-02-19T10:56:21.728 INFO:teuthology.orchestra.run.trial165.stdout:/usr/bin/ceph: stderr
2026-02-19T10:56:21.482+0000 7fccf8f0a640 1 -- --> [v2:10.20.193.165:3300/0,v1:10.20.193.165:6789/0] -- mon_getmap magic: 0 -- 0x7fccf4113cd0 con 0x7fccf41132f0
2026-02-19T10:56:21.728 INFO:teuthology.orchestra.run.trial165.stdout:/usr/bin/ceph: stderr
2026-02-19T10:56:21.482+0000 7fccf2575640 1 --2- >> [v2:10.20.193.165:3300/0,v1:10.20.193.165:6789/0] conn(0x7fccf41132f0 0x7fccf41136e0 unknown :-1 s=BANNER_CONNECTING pgs=0 gs=1 cs=0 l=0 c_cookie=0 s_cookie=0 reconnecting=0 rev1=0 crypto rx=0 tx=0 comp rx=0 tx=0)._handle_peer_banner_payload supported=3 required=0
2026-02-19T10:56:21.728 INFO:teuthology.orchestra.run.trial165.stdout:/usr/bin/ceph: stderr
2026-02-19T10:56:21.482+0000 7fccf2575640 1 --2- >> [v2:10.20.193.165:3300/0,v1:10.20.193.165:6789/0] conn(0x7fccf41132f0 0x7fccf41136e0 unknown :-1 s=HELLO_CONNECTING pgs=0 gs=1 cs=0 l=0 c_cookie=0 s_cookie=0 reconnecting=0 rev1=1 crypto rx=0 tx=0 comp rx=0 tx=0).handle_hello peer v2:10.20.193.165:3300/0 says I am v2:10.20.193.165:47750/0 (socket says 10.20.193.165:47750)
2026-02-19T10:56:21.728 INFO:teuthology.orchestra.run.trial165.stdout:/usr/bin/ceph: stderr
2026-02-19T10:56:21.482+0000 7fccf2575640 1 -- 10.20.193.165:0/1240898891 learned_addr learned my addr 10.20.193.165:0/1240898891 (peer_addr_for_me v2:10.20.193.165:0/0)
2026-02-19T10:56:21.728 INFO:teuthology.orchestra.run.trial165.stdout:/usr/bin/ceph: stderr
2026-02-19T10:56:21.482+0000 7fccf2575640 1 -- 10.20.193.165:0/1240898891 --> [v2:10.20.193.165:3300/0,v1:10.20.193.165:6789/0] -- mon_subscribe({config=0+,monmap=0+}) -- 0x7fccf4113e10 con 0x7fccf41132f0
2026-02-19T10:56:21.728 INFO:teuthology.orchestra.run.trial165.stdout:/usr/bin/ceph: stderr
2026-02-19T10:56:21.483+0000 7fccf2575640 1 --2- 10.20.193.165:0/1240898891 >> [v2:10.20.193.165:3300/0,v1:10.20.193.165:6789/0] conn(0x7fccf41132f0 0x7fccf41136e0 secure :-1 s=READY pgs=74 gs=1 cs=0 l=1 c_cookie=10269696028323638433 s_cookie=0 reconnecting=0 rev1=1 crypto rx=0x7fcce8009850 tx=0x7fcce802eeb0 comp rx=0 tx=0).ready entity=mon.0 client_cookie=8e854a2067786ca1 server_cookie=0 in_seq=0 out_seq=0
2026-02-19T10:56:21.728 INFO:teuthology.orchestra.run.trial165.stdout:/usr/bin/ceph: stderr
2026-02-19T10:56:21.483+0000 7fccf1573640 1 -- 10.20.193.165:0/1240898891 <== mon.0 v2:10.20.193.165:3300/0 1 ==== mon_map magic: 0 ==== 213+0+0 (secure 0 0 0) 0x7fcce802f940 con 0x7fccf41132f0
2026-02-19T10:56:21.728 INFO:teuthology.orchestra.run.trial165.stdout:/usr/bin/ceph: stderr
2026-02-19T10:56:21.483+0000 7fccf1573640 1 -- 10.20.193.165:0/1240898891 <== mon.0 v2:10.20.193.165:3300/0 2 ==== config(26 keys) ==== 1060+0+0 (secure 0 0 0) 0x7fcce8037440 con 0x7fccf41132f0
2026-02-19T10:56:21.729 INFO:teuthology.orchestra.run.trial165.stdout:/usr/bin/ceph: stderr
2026-02-19T10:56:21.483+0000 7fccf1573640 1 -- 10.20.193.165:0/1240898891 <== mon.0 v2:10.20.193.165:3300/0 3 ==== mon_map magic: 0 ==== 213+0+0 (secure 0 0 0) 0x7fcce80354e0 con 0x7fccf41132f0
2026-02-19T10:56:21.729 INFO:teuthology.orchestra.run.trial165.stdout:/usr/bin/ceph: stderr
2026-02-19T10:56:21.483+0000 7fccf8f0a640 1 -- 10.20.193.165:0/1240898891 >> [v2:10.20.193.165:3300/0,v1:10.20.193.165:6789/0] conn(0x7fccf41132f0 msgr2=0x7fccf41136e0 secure :-1 s=STATE_CONNECTION_ESTABLISHED l=1).mark_down
2026-02-19T10:56:21.729 INFO:teuthology.orchestra.run.trial165.stdout:/usr/bin/ceph: stderr
2026-02-19T10:56:21.483+0000 7fccf8f0a640 1 --2- 10.20.193.165:0/1240898891 >> [v2:10.20.193.165:3300/0,v1:10.20.193.165:6789/0] conn(0x7fccf41132f0 0x7fccf41136e0 secure :-1 s=READY pgs=74 gs=1 cs=0 l=1 c_cookie=10269696028323638433 s_cookie=0 reconnecting=0 rev1=1 crypto rx=0x7fcce8009850 tx=0x7fcce802eeb0 comp rx=0 tx=0).stop
2026-02-19T10:56:21.729 INFO:teuthology.orchestra.run.trial165.stdout:/usr/bin/ceph: stderr
2026-02-19T10:56:21.483+0000 7fccf8f0a640 1 -- 10.20.193.165:0/1240898891 shutdown_connections
2026-02-19T10:56:21.729 INFO:teuthology.orchestra.run.trial165.stdout:/usr/bin/ceph: stderr
2026-02-19T10:56:21.483+0000 7fccf8f0a640 1 --2- 10.20.193.165:0/1240898891 >> [v2:10.20.193.165:3300/0,v1:10.20.193.165:6789/0] conn(0x7fccf41132f0 0x7fccf41136e0 unknown :-1 s=CLOSED pgs=74 gs=1 cs=0 l=1 c_cookie=10269696028323638433 s_cookie=0 reconnecting=0 rev1=1 crypto rx=0 tx=0 comp rx=0 tx=0).stop
2026-02-19T10:56:21.729 INFO:teuthology.orchestra.run.trial165.stdout:/usr/bin/ceph: stderr
2026-02-19T10:56:21.483+0000 7fccf8f0a640 1 -- 10.20.193.165:0/1240898891 >> 10.20.193.165:0/1240898891 conn(0x7fccf4068770 msgr2=0x7fccf4110ee0 unknown :-1 s=STATE_NONE l=0).mark_down
2026-02-19T10:56:21.729 INFO:teuthology.orchestra.run.trial165.stdout:/usr/bin/ceph: stderr
2026-02-19T10:56:21.483+0000 7fccf8f0a640 1 -- 10.20.193.165:0/1240898891 shutdown_connections
2026-02-19T10:56:21.729 INFO:teuthology.orchestra.run.trial165.stdout:/usr/bin/ceph: stderr
2026-02-19T10:56:21.483+0000 7fccf8f0a640 1 -- 10.20.193.165:0/1240898891 wait complete.
2026-02-19T10:56:21.729 INFO:teuthology.orchestra.run.trial165.stdout:/usr/bin/ceph: stderr
2026-02-19T10:56:21.483+0000 7fccf8f0a640 1 Processor -- start
2026-02-19T10:56:21.729 INFO:teuthology.orchestra.run.trial165.stdout:/usr/bin/ceph: stderr
2026-02-19T10:56:21.483+0000 7fccf8f0a640 1 -- start start
2026-02-19T10:56:21.730 INFO:teuthology.orchestra.run.trial165.stdout:/usr/bin/ceph: stderr
2026-02-19T10:56:21.483+0000 7fccf8f0a640 1 --2- >> [v2:10.20.193.165:3300/0,v1:10.20.193.165:6789/0] conn(0x7fccf41132f0 0x7fccf41227a0 unknown :-1 s=NONE pgs=0 gs=0 cs=0 l=1 c_cookie=0 s_cookie=0 reconnecting=0 rev1=0 crypto rx=0 tx=0 comp rx=0 tx=0).connect
2026-02-19T10:56:21.730 INFO:teuthology.orchestra.run.trial165.stdout:/usr/bin/ceph: stderr
2026-02-19T10:56:21.484+0000 7fccf8f0a640 1 -- --> [v2:10.20.193.165:3300/0,v1:10.20.193.165:6789/0] -- mon_getmap magic: 0 -- 0x7fccf4122d00 con 0x7fccf41132f0
2026-02-19T10:56:21.730 INFO:teuthology.orchestra.run.trial165.stdout:/usr/bin/ceph: stderr
2026-02-19T10:56:21.484+0000 7fccf2575640 1 --2- >> [v2:10.20.193.165:3300/0,v1:10.20.193.165:6789/0] conn(0x7fccf41132f0 0x7fccf41227a0 unknown :-1 s=BANNER_CONNECTING pgs=0 gs=1 cs=0 l=1 c_cookie=0 s_cookie=0 reconnecting=0 rev1=0 crypto rx=0 tx=0 comp rx=0 tx=0)._handle_peer_banner_payload supported=3 required=0
2026-02-19T10:56:21.730 INFO:teuthology.orchestra.run.trial165.stdout:/usr/bin/ceph: stderr
2026-02-19T10:56:21.484+0000 7fccf2575640 1 --2- >> [v2:10.20.193.165:3300/0,v1:10.20.193.165:6789/0] conn(0x7fccf41132f0 0x7fccf41227a0 unknown :-1 s=HELLO_CONNECTING pgs=0 gs=1 cs=0 l=1 c_cookie=0 s_cookie=0 reconnecting=0 rev1=1 crypto rx=0 tx=0 comp rx=0 tx=0).handle_hello peer v2:10.20.193.165:3300/0 says I am v2:10.20.193.165:47754/0 (socket says 10.20.193.165:47754)
2026-02-19T10:56:21.730 INFO:teuthology.orchestra.run.trial165.stdout:/usr/bin/ceph: stderr
2026-02-19T10:56:21.484+0000 7fccf2575640 1 -- 10.20.193.165:0/3890988017 learned_addr learned my addr 10.20.193.165:0/3890988017 (peer_addr_for_me v2:10.20.193.165:0/0)
2026-02-19T10:56:21.730 INFO:teuthology.orchestra.run.trial165.stdout:/usr/bin/ceph: stderr
2026-02-19T10:56:21.484+0000 7fccf2575640 1 -- 10.20.193.165:0/3890988017 --> [v2:10.20.193.165:3300/0,v1:10.20.193.165:6789/0] -- mon_subscribe({config=0+,monmap=0+}) -- 0x7fcce80094f0 con 0x7fccf41132f0
2026-02-19T10:56:21.730 INFO:teuthology.orchestra.run.trial165.stdout:/usr/bin/ceph: stderr
2026-02-19T10:56:21.484+0000 7fccf2575640 1 --2- 10.20.193.165:0/3890988017 >> [v2:10.20.193.165:3300/0,v1:10.20.193.165:6789/0] conn(0x7fccf41132f0 0x7fccf41227a0 secure :-1 s=READY pgs=75 gs=1 cs=0 l=1 c_cookie=0 s_cookie=0 reconnecting=0 rev1=1 crypto rx=0x7fcce8009260 tx=0x7fcce8035fa0 comp rx=0 tx=0).ready entity=mon.0 client_cookie=0 server_cookie=0 in_seq=0 out_seq=0
2026-02-19T10:56:21.730 INFO:teuthology.orchestra.run.trial165.stdout:/usr/bin/ceph: stderr
2026-02-19T10:56:21.484+0000 7fccdb7fe640 1 -- 10.20.193.165:0/3890988017 <== mon.0 v2:10.20.193.165:3300/0 1 ==== mon_map magic: 0 ==== 213+0+0 (secure 0 0 0) 0x7fcce8037ba0 con 0x7fccf41132f0
2026-02-19T10:56:21.730 INFO:teuthology.orchestra.run.trial165.stdout:/usr/bin/ceph: stderr
2026-02-19T10:56:21.484+0000 7fccdb7fe640 1 -- 10.20.193.165:0/3890988017 <== mon.0 v2:10.20.193.165:3300/0 2 ==== config(26 keys) ==== 1060+0+0 (secure 0 0 0) 0x7fcce802fdd0 con 0x7fccf41132f0
2026-02-19T10:56:21.730 INFO:teuthology.orchestra.run.trial165.stdout:/usr/bin/ceph: stderr
2026-02-19T10:56:21.484+0000 7fccf8f0a640 1 -- 10.20.193.165:0/3890988017 --> [v2:10.20.193.165:3300/0,v1:10.20.193.165:6789/0] -- mon_subscribe({mgrmap=0+}) -- 0x7fccf4122f00 con 0x7fccf41132f0
2026-02-19T10:56:21.730 INFO:teuthology.orchestra.run.trial165.stdout:/usr/bin/ceph: stderr
2026-02-19T10:56:21.484+0000 7fccdb7fe640 1 -- 10.20.193.165:0/3890988017 <== mon.0 v2:10.20.193.165:3300/0 3 ==== mon_map magic: 0 ==== 213+0+0 (secure 0 0 0) 0x7fcce8003850 con 0x7fccf41132f0
2026-02-19T10:56:21.731 INFO:teuthology.orchestra.run.trial165.stdout:/usr/bin/ceph: stderr
2026-02-19T10:56:21.484+0000 7fccf8f0a640 1 -- 10.20.193.165:0/3890988017 --> [v2:10.20.193.165:3300/0,v1:10.20.193.165:6789/0] -- mon_subscribe({osdmap=0}) -- 0x7fccf4123980 con 0x7fccf41132f0
2026-02-19T10:56:21.731 INFO:teuthology.orchestra.run.trial165.stdout:/usr/bin/ceph: stderr
2026-02-19T10:56:21.485+0000 7fccdb7fe640 1 -- 10.20.193.165:0/3890988017 <== mon.0 v2:10.20.193.165:3300/0 4 ==== mgrmap(e 12) ==== 52792+0+0 (secure 0 0 0) 0x7fcce803e070 con 0x7fccf41132f0
2026-02-19T10:56:21.731 INFO:teuthology.orchestra.run.trial165.stdout:/usr/bin/ceph: stderr
2026-02-19T10:56:21.485+0000 7fccf8f0a640 1 -- 10.20.193.165:0/3890988017 --> [v2:10.20.193.165:3300/0,v1:10.20.193.165:6789/0] -- mon_command({"prefix": "get_command_descriptions"} v 0) -- 0x7fccf4123410 con 0x7fccf41132f0
2026-02-19T10:56:21.731 INFO:teuthology.orchestra.run.trial165.stdout:/usr/bin/ceph: stderr
2026-02-19T10:56:21.485+0000 7fccdb7fe640 1 --2- 10.20.193.165:0/3890988017 >> v2:10.20.193.165:6800/3701272862 conn(0x7fcccc03f7e0 0x7fcccc05fc90 unknown :-1 s=NONE pgs=0 gs=0 cs=0 l=1 c_cookie=0 s_cookie=0 reconnecting=0 rev1=0 crypto rx=0 tx=0 comp rx=0 tx=0).connect
2026-02-19T10:56:21.731 INFO:teuthology.orchestra.run.trial165.stdout:/usr/bin/ceph: stderr
2026-02-19T10:56:21.485+0000 7fccdb7fe640 1 -- 10.20.193.165:0/3890988017 <== mon.0 v2:10.20.193.165:3300/0 5 ==== osd_map(3..3 src has 1..3) ==== 1064+0+0 (secure 0 0 0) 0x7fcce80785c0 con 0x7fccf41132f0
2026-02-19T10:56:21.731 INFO:teuthology.orchestra.run.trial165.stdout:/usr/bin/ceph: stderr
2026-02-19T10:56:21.485+0000 7fccf1d74640 1 --2- 10.20.193.165:0/3890988017 >> v2:10.20.193.165:6800/3701272862 conn(0x7fcccc03f7e0 0x7fcccc05fc90 unknown :-1 s=BANNER_CONNECTING pgs=0 gs=2 cs=0 l=1 c_cookie=0 s_cookie=0 reconnecting=0 rev1=0 crypto rx=0 tx=0 comp rx=0 tx=0)._handle_peer_banner_payload supported=3 required=0
2026-02-19T10:56:21.731 INFO:teuthology.orchestra.run.trial165.stdout:/usr/bin/ceph: stderr
2026-02-19T10:56:21.485+0000 7fccf1d74640 1 --2- 10.20.193.165:0/3890988017 >> v2:10.20.193.165:6800/3701272862 conn(0x7fcccc03f7e0 0x7fcccc05fc90 secure :-1 s=READY pgs=9 gs=2 cs=0 l=1 c_cookie=0 s_cookie=0 reconnecting=0 rev1=1 crypto rx=0x7fccdc006fd0 tx=0x7fccdc006e60 comp rx=0 tx=0).ready entity=mgr.14152 client_cookie=0 server_cookie=0 in_seq=0 out_seq=0
2026-02-19T10:56:21.731 INFO:teuthology.orchestra.run.trial165.stdout:/usr/bin/ceph: stderr
2026-02-19T10:56:21.487+0000 7fccdb7fe640 1 -- 10.20.193.165:0/3890988017 <== mon.0 v2:10.20.193.165:3300/0 6 ==== mon_command_ack([{"prefix": "get_command_descriptions"}]=0 v0) ==== 72+0+230863 (secure 0 0 0) 0x7fcce8036a90 con 0x7fccf41132f0
2026-02-19T10:56:21.731 INFO:teuthology.orchestra.run.trial165.stdout:/usr/bin/ceph: stderr
2026-02-19T10:56:21.599+0000 7fccf8f0a640 1 -- 10.20.193.165:0/3890988017 --> v2:10.20.193.165:6800/3701272862 -- mgr_command(tid 0: {"prefix": "dashboard set-ssl-certificate-key", "target": ["mon-mgr", ""]}) -- 0x7fccf41136c0 con 0x7fcccc03f7e0
2026-02-19T10:56:21.731 INFO:teuthology.orchestra.run.trial165.stdout:/usr/bin/ceph: stderr
2026-02-19T10:56:21.602+0000 7fccdb7fe640 1 -- 10.20.193.165:0/3890988017 <== mgr.14152 v2:10.20.193.165:6800/3701272862 1 ==== mgr_command_reply(tid 0: 0 ) ==== 8+0+28 (secure 0 0 0) 0x7fccf41136c0 con 0x7fcccc03f7e0
2026-02-19T10:56:21.731 INFO:teuthology.orchestra.run.trial165.stdout:/usr/bin/ceph: stderr
2026-02-19T10:56:21.604+0000 7fccf8f0a640 1 -- 10.20.193.165:0/3890988017 >> v2:10.20.193.165:6800/3701272862 conn(0x7fcccc03f7e0 msgr2=0x7fcccc05fc90 secure :-1 s=STATE_CONNECTION_ESTABLISHED l=1).mark_down
2026-02-19T10:56:21.732 INFO:teuthology.orchestra.run.trial165.stdout:/usr/bin/ceph: stderr
2026-02-19T10:56:21.604+0000 7fccf8f0a640 1 --2- 10.20.193.165:0/3890988017 >> v2:10.20.193.165:6800/3701272862 conn(0x7fcccc03f7e0 0x7fcccc05fc90 secure :-1 s=READY pgs=9 gs=2 cs=0 l=1 c_cookie=0 s_cookie=0 reconnecting=0 rev1=1 crypto rx=0x7fccdc006fd0 tx=0x7fccdc006e60 comp rx=0 tx=0).stop
2026-02-19T10:56:21.732 INFO:teuthology.orchestra.run.trial165.stdout:/usr/bin/ceph: stderr
2026-02-19T10:56:21.604+0000 7fccf8f0a640 1 -- 10.20.193.165:0/3890988017 >> [v2:10.20.193.165:3300/0,v1:10.20.193.165:6789/0] conn(0x7fccf41132f0 msgr2=0x7fccf41227a0 secure :-1 s=STATE_CONNECTION_ESTABLISHED l=1).mark_down
2026-02-19T10:56:21.732 INFO:teuthology.orchestra.run.trial165.stdout:/usr/bin/ceph: stderr
2026-02-19T10:56:21.604+0000 7fccf8f0a640 1 --2- 10.20.193.165:0/3890988017 >> [v2:10.20.193.165:3300/0,v1:10.20.193.165:6789/0] conn(0x7fccf41132f0 0x7fccf41227a0 secure :-1 s=READY pgs=75 gs=1 cs=0 l=1 c_cookie=0 s_cookie=0 reconnecting=0 rev1=1 crypto rx=0x7fcce8009260 tx=0x7fcce8035fa0 comp rx=0 tx=0).stop
2026-02-19T10:56:21.732 INFO:teuthology.orchestra.run.trial165.stdout:/usr/bin/ceph: stderr
2026-02-19T10:56:21.604+0000 7fccf8f0a640 1 -- 10.20.193.165:0/3890988017 shutdown_connections
2026-02-19T10:56:21.732 INFO:teuthology.orchestra.run.trial165.stdout:/usr/bin/ceph: stderr
2026-02-19T10:56:21.604+0000 7fccf8f0a640 1 --2- 10.20.193.165:0/3890988017 >> v2:10.20.193.165:6800/3701272862 conn(0x7fcccc03f7e0 0x7fcccc05fc90 unknown :-1 s=CLOSED pgs=9 gs=2 cs=0 l=1 c_cookie=0 s_cookie=0 reconnecting=0 rev1=1 crypto rx=0 tx=0 comp rx=0 tx=0).stop
2026-02-19T10:56:21.732 INFO:teuthology.orchestra.run.trial165.stdout:/usr/bin/ceph: stderr
2026-02-19T10:56:21.604+0000 7fccf8f0a640 1 --2- 10.20.193.165:0/3890988017 >> [v2:10.20.193.165:3300/0,v1:10.20.193.165:6789/0] conn(0x7fccf41132f0 0x7fccf41227a0 unknown :-1 s=CLOSED pgs=75 gs=1 cs=0 l=1 c_cookie=0 s_cookie=0 reconnecting=0 rev1=1 crypto rx=0 tx=0 comp rx=0 tx=0).stop
2026-02-19T10:56:21.732 INFO:teuthology.orchestra.run.trial165.stdout:/usr/bin/ceph: stderr
2026-02-19T10:56:21.604+0000 7fccf8f0a640 1 -- 10.20.193.165:0/3890988017 >> 10.20.193.165:0/3890988017 conn(0x7fccf4068770 msgr2=0x7fccf4110ee0 unknown :-1 s=STATE_NONE l=0).mark_down
2026-02-19T10:56:21.732 INFO:teuthology.orchestra.run.trial165.stdout:/usr/bin/ceph: stderr
2026-02-19T10:56:21.604+0000 7fccf8f0a640 1 -- 10.20.193.165:0/3890988017 shutdown_connections
2026-02-19T10:56:21.732 INFO:teuthology.orchestra.run.trial165.stdout:/usr/bin/ceph: stderr
2026-02-19T10:56:21.604+0000 7fccf8f0a640 1 -- 10.20.193.165:0/3890988017 wait complete.
2026-02-19T10:56:21.732 INFO:teuthology.orchestra.run.trial165.stdout:Creating initial admin user...
2026-02-19T10:56:22.290 INFO:teuthology.orchestra.run.trial165.stdout:/usr/bin/ceph: stdout {"username": "admin", "password": "$2b$12$HlE/1doi/qDWpGg3y/mAWeW7ferhhc8FVHbPeiOkRSZqZZAlbQmlu", "roles": ["administrator"], "name": null, "email": null, "lastUpdate": 1771498582, "enabled": true, "pwdExpirationDate": null, "pwdUpdateRequired": true}
2026-02-19T10:56:22.291 INFO:teuthology.orchestra.run.trial165.stdout:/usr/bin/ceph: stderr
2026-02-19T10:56:21.846+0000 7f2e5f036640 1 Processor -- start
2026-02-19T10:56:22.291 INFO:teuthology.orchestra.run.trial165.stdout:/usr/bin/ceph: stderr
2026-02-19T10:56:21.846+0000 7f2e5f036640 1 -- start start
2026-02-19T10:56:22.291 INFO:teuthology.orchestra.run.trial165.stdout:/usr/bin/ceph: stderr
2026-02-19T10:56:21.846+0000 7f2e5f036640 1 --2- >> [v2:10.20.193.165:3300/0,v1:10.20.193.165:6789/0] conn(0x7f2e581132e0 0x7f2e581136d0 unknown :-1 s=NONE pgs=0 gs=0 cs=0 l=0 c_cookie=0 s_cookie=0 reconnecting=0 rev1=0 crypto rx=0 tx=0 comp rx=0 tx=0).connect
2026-02-19T10:56:22.291 INFO:teuthology.orchestra.run.trial165.stdout:/usr/bin/ceph: stderr
2026-02-19T10:56:21.846+0000 7f2e5f036640 1 -- --> [v2:10.20.193.165:3300/0,v1:10.20.193.165:6789/0] -- mon_getmap magic: 0 -- 0x7f2e58113cc0 con 0x7f2e581132e0
2026-02-19T10:56:22.291 INFO:teuthology.orchestra.run.trial165.stdout:/usr/bin/ceph: stderr
2026-02-19T10:56:21.846+0000 7f2e5cdab640 1 --2- >> [v2:10.20.193.165:3300/0,v1:10.20.193.165:6789/0] conn(0x7f2e581132e0 0x7f2e581136d0 unknown :-1 s=BANNER_CONNECTING pgs=0 gs=1 cs=0 l=0 c_cookie=0 s_cookie=0 reconnecting=0 rev1=0 crypto rx=0 tx=0 comp rx=0 tx=0)._handle_peer_banner_payload supported=3 required=0
2026-02-19T10:56:22.291 INFO:teuthology.orchestra.run.trial165.stdout:/usr/bin/ceph: stderr
2026-02-19T10:56:21.846+0000 7f2e5cdab640 1 --2- >> [v2:10.20.193.165:3300/0,v1:10.20.193.165:6789/0] conn(0x7f2e581132e0 0x7f2e581136d0 unknown :-1 s=HELLO_CONNECTING pgs=0 gs=1 cs=0 l=0 c_cookie=0 s_cookie=0 reconnecting=0 rev1=1 crypto rx=0 tx=0 comp rx=0 tx=0).handle_hello peer v2:10.20.193.165:3300/0 says I am v2:10.20.193.165:47760/0 (socket says 10.20.193.165:47760)
2026-02-19T10:56:22.291 INFO:teuthology.orchestra.run.trial165.stdout:/usr/bin/ceph: stderr
2026-02-19T10:56:21.846+0000 7f2e5cdab640 1 -- 10.20.193.165:0/2269898368 learned_addr learned my addr 10.20.193.165:0/2269898368 (peer_addr_for_me v2:10.20.193.165:0/0)
2026-02-19T10:56:22.291 INFO:teuthology.orchestra.run.trial165.stdout:/usr/bin/ceph: stderr
2026-02-19T10:56:21.846+0000 7f2e5cdab640 1 -- 10.20.193.165:0/2269898368 --> [v2:10.20.193.165:3300/0,v1:10.20.193.165:6789/0] -- mon_subscribe({config=0+,monmap=0+}) -- 0x7f2e58113e00 con 0x7f2e581132e0
2026-02-19T10:56:22.291 INFO:teuthology.orchestra.run.trial165.stdout:/usr/bin/ceph: stderr
2026-02-19T10:56:21.847+0000 7f2e5cdab640 1 --2- 10.20.193.165:0/2269898368 >> [v2:10.20.193.165:3300/0,v1:10.20.193.165:6789/0] conn(0x7f2e581132e0 0x7f2e581136d0 secure :-1 s=READY pgs=76 gs=1 cs=0 l=1 c_cookie=9512430863517534537 s_cookie=0 reconnecting=0 rev1=1 crypto rx=0x7f2e48009850 tx=0x7f2e4802eeb0 comp rx=0 tx=0).ready entity=mon.0 client_cookie=8402f178aa6cc949 server_cookie=0 in_seq=0 out_seq=0
2026-02-19T10:56:22.292 INFO:teuthology.orchestra.run.trial165.stdout:/usr/bin/ceph: stderr
2026-02-19T10:56:21.847+0000 7f2e4f7fe640 1 -- 10.20.193.165:0/2269898368 <== mon.0 v2:10.20.193.165:3300/0 1 ==== mon_map magic: 0 ==== 213+0+0 (secure 0 0 0) 0x7f2e4802f940 con 0x7f2e581132e0
2026-02-19T10:56:22.292 INFO:teuthology.orchestra.run.trial165.stdout:/usr/bin/ceph: stderr
2026-02-19T10:56:21.847+0000 7f2e4f7fe640 1 -- 10.20.193.165:0/2269898368 <== mon.0 v2:10.20.193.165:3300/0 2 ==== config(26 keys) ==== 1060+0+0 (secure 0 0 0) 0x7f2e48037440 con 0x7f2e581132e0
2026-02-19T10:56:22.292 INFO:teuthology.orchestra.run.trial165.stdout:/usr/bin/ceph: stderr
2026-02-19T10:56:21.847+0000 7f2e4f7fe640 1 -- 10.20.193.165:0/2269898368 <== mon.0 v2:10.20.193.165:3300/0 3 ==== mon_map magic: 0 ==== 213+0+0 (secure 0 0 0) 0x7f2e480354e0 con 0x7f2e581132e0
2026-02-19T10:56:22.292 INFO:teuthology.orchestra.run.trial165.stdout:/usr/bin/ceph: stderr
2026-02-19T10:56:21.847+0000 7f2e5f036640 1 -- 10.20.193.165:0/2269898368 >> [v2:10.20.193.165:3300/0,v1:10.20.193.165:6789/0] conn(0x7f2e581132e0 msgr2=0x7f2e581136d0 secure :-1 s=STATE_CONNECTION_ESTABLISHED l=1).mark_down
2026-02-19T10:56:22.292 INFO:teuthology.orchestra.run.trial165.stdout:/usr/bin/ceph: stderr
2026-02-19T10:56:21.847+0000 7f2e5f036640 1 --2- 10.20.193.165:0/2269898368 >> [v2:10.20.193.165:3300/0,v1:10.20.193.165:6789/0] conn(0x7f2e581132e0 0x7f2e581136d0 secure :-1 s=READY pgs=76 gs=1 cs=0 l=1 c_cookie=9512430863517534537 s_cookie=0 reconnecting=0 rev1=1 crypto rx=0x7f2e48009850 tx=0x7f2e4802eeb0 comp rx=0 tx=0).stop
2026-02-19T10:56:22.292 INFO:teuthology.orchestra.run.trial165.stdout:/usr/bin/ceph: stderr
2026-02-19T10:56:21.847+0000 7f2e5f036640 1 -- 10.20.193.165:0/2269898368 shutdown_connections
2026-02-19T10:56:22.292 INFO:teuthology.orchestra.run.trial165.stdout:/usr/bin/ceph: stderr
2026-02-19T10:56:21.847+0000 7f2e5f036640 1 --2- 10.20.193.165:0/2269898368 >> [v2:10.20.193.165:3300/0,v1:10.20.193.165:6789/0] conn(0x7f2e581132e0 0x7f2e581136d0 unknown :-1 s=CLOSED pgs=76 gs=1 cs=0 l=1 c_cookie=9512430863517534537 s_cookie=0 reconnecting=0 rev1=1 crypto rx=0 tx=0 comp rx=0 tx=0).stop
2026-02-19T10:56:22.292 INFO:teuthology.orchestra.run.trial165.stdout:/usr/bin/ceph: stderr
2026-02-19T10:56:21.847+0000 7f2e5f036640 1 -- 10.20.193.165:0/2269898368 >> 10.20.193.165:0/2269898368 conn(0x7f2e58068760 msgr2=0x7f2e58110ee0 unknown :-1 s=STATE_NONE l=0).mark_down
2026-02-19T10:56:22.292 INFO:teuthology.orchestra.run.trial165.stdout:/usr/bin/ceph: stderr
2026-02-19T10:56:21.847+0000 7f2e5f036640 1 -- 10.20.193.165:0/2269898368 shutdown_connections
2026-02-19T10:56:22.292 INFO:teuthology.orchestra.run.trial165.stdout:/usr/bin/ceph: stderr
