2026-02-19T10:56:12.057+0000 7fc5d9cde640 1 -- 10.20.193.165:0/1449905370 shutdown_connections
2026-02-19T10:56:13.851 INFO:teuthology.orchestra.run.trial165.stdout:/usr/bin/ceph: stderr
2026-02-19T10:56:12.057+0000 7fc5d9cde640 1 -- 10.20.193.165:0/1449905370 wait complete.
2026-02-19T10:56:13.852 INFO:teuthology.orchestra.run.trial165.stdout:/usr/bin/ceph: stderr
2026-02-19T10:56:12.057+0000 7fc5d9cde640 1 Processor -- start
2026-02-19T10:56:13.852 INFO:teuthology.orchestra.run.trial165.stdout:/usr/bin/ceph: stderr
2026-02-19T10:56:12.057+0000 7fc5d9cde640 1 -- start start
2026-02-19T10:56:13.852 INFO:teuthology.orchestra.run.trial165.stdout:/usr/bin/ceph: stderr
2026-02-19T10:56:12.057+0000 7fc5d9cde640 1 --2- >> [v2:10.20.193.165:3300/0,v1:10.20.193.165:6789/0] conn(0x7fc5d4065a80 0x7fc5d40faed0 unknown :-1 s=NONE pgs=0 gs=0 cs=0 l=1 c_cookie=0 s_cookie=0 reconnecting=0 rev1=0 crypto rx=0 tx=0 comp rx=0 tx=0).connect
2026-02-19T10:56:13.852 INFO:teuthology.orchestra.run.trial165.stdout:/usr/bin/ceph: stderr
2026-02-19T10:56:12.057+0000 7fc5d9cde640 1 -- --> [v2:10.20.193.165:3300/0,v1:10.20.193.165:6789/0] -- mon_getmap magic: 0 -- 0x7fc5d40fb430 con 0x7fc5d4065a80
2026-02-19T10:56:13.852 INFO:teuthology.orchestra.run.trial165.stdout:/usr/bin/ceph: stderr
2026-02-19T10:56:12.057+0000 7fc5d37fe640 1 --2- >> [v2:10.20.193.165:3300/0,v1:10.20.193.165:6789/0] conn(0x7fc5d4065a80 0x7fc5d40faed0 unknown :-1 s=BANNER_CONNECTING pgs=0 gs=1 cs=0 l=1 c_cookie=0 s_cookie=0 reconnecting=0 rev1=0 crypto rx=0 tx=0 comp rx=0 tx=0)._handle_peer_banner_payload supported=3 required=0
2026-02-19T10:56:13.852 INFO:teuthology.orchestra.run.trial165.stdout:/usr/bin/ceph: stderr
2026-02-19T10:56:12.057+0000 7fc5d37fe640 1 --2- >> [v2:10.20.193.165:3300/0,v1:10.20.193.165:6789/0] conn(0x7fc5d4065a80 0x7fc5d40faed0 unknown :-1 s=HELLO_CONNECTING pgs=0 gs=1 cs=0 l=1 c_cookie=0 s_cookie=0 reconnecting=0 rev1=1 crypto rx=0 tx=0 comp rx=0 tx=0).handle_hello peer v2:10.20.193.165:3300/0 says I am v2:10.20.193.165:58678/0 (socket says 10.20.193.165:58678)
2026-02-19T10:56:13.852 INFO:teuthology.orchestra.run.trial165.stdout:/usr/bin/ceph: stderr
2026-02-19T10:56:12.057+0000 7fc5d37fe640 1 -- 10.20.193.165:0/3640211657 learned_addr learned my addr 10.20.193.165:0/3640211657 (peer_addr_for_me v2:10.20.193.165:0/0)
2026-02-19T10:56:13.852 INFO:teuthology.orchestra.run.trial165.stdout:/usr/bin/ceph: stderr
2026-02-19T10:56:12.057+0000 7fc5d37fe640 1 -- 10.20.193.165:0/3640211657 --> [v2:10.20.193.165:3300/0,v1:10.20.193.165:6789/0] -- mon_subscribe({config=0+,monmap=0+}) -- 0x7fc5c00094f0 con 0x7fc5d4065a80
2026-02-19T10:56:13.852 INFO:teuthology.orchestra.run.trial165.stdout:/usr/bin/ceph: stderr
2026-02-19T10:56:12.057+0000 7fc5d37fe640 1 --2- 10.20.193.165:0/3640211657 >> [v2:10.20.193.165:3300/0,v1:10.20.193.165:6789/0] conn(0x7fc5d4065a80 0x7fc5d40faed0 secure :-1 s=READY pgs=46 gs=1 cs=0 l=1 c_cookie=0 s_cookie=0 reconnecting=0 rev1=1 crypto rx=0x7fc5c0006bc0 tx=0x7fc5c0004740 comp rx=0 tx=0).ready entity=mon.0 client_cookie=0 server_cookie=0 in_seq=0 out_seq=0
2026-02-19T10:56:13.852 INFO:teuthology.orchestra.run.trial165.stdout:/usr/bin/ceph: stderr
2026-02-19T10:56:12.058+0000 7fc5d0ff9640 1 -- 10.20.193.165:0/3640211657 <== mon.0 v2:10.20.193.165:3300/0 1 ==== mon_map magic: 0 ==== 213+0+0 (secure 0 0 0) 0x7fc5c0043070 con 0x7fc5d4065a80
2026-02-19T10:56:13.852 INFO:teuthology.orchestra.run.trial165.stdout:/usr/bin/ceph: stderr
2026-02-19T10:56:12.058+0000 7fc5d0ff9640 1 -- 10.20.193.165:0/3640211657 <== mon.0 v2:10.20.193.165:3300/0 2 ==== config(26 keys) ==== 1029+0+0 (secure 0 0 0) 0x7fc5c0037b30 con 0x7fc5d4065a80
2026-02-19T10:56:13.852 INFO:teuthology.orchestra.run.trial165.stdout:/usr/bin/ceph: stderr
2026-02-19T10:56:12.058+0000 7fc5d9cde640 1 -- 10.20.193.165:0/3640211657 --> [v2:10.20.193.165:3300/0,v1:10.20.193.165:6789/0] -- mon_subscribe({mgrmap=0+}) -- 0x7fc5d40fb630 con 0x7fc5d4065a80
2026-02-19T10:56:13.852 INFO:teuthology.orchestra.run.trial165.stdout:/usr/bin/ceph: stderr
2026-02-19T10:56:12.058+0000 7fc5d0ff9640 1 -- 10.20.193.165:0/3640211657 <== mon.0 v2:10.20.193.165:3300/0 3 ==== mon_map magic: 0 ==== 213+0+0 (secure 0 0 0) 0x7fc5c00036d0 con 0x7fc5d4065a80
2026-02-19T10:56:13.852 INFO:teuthology.orchestra.run.trial165.stdout:/usr/bin/ceph: stderr
2026-02-19T10:56:12.058+0000 7fc5d9cde640 1 -- 10.20.193.165:0/3640211657 --> [v2:10.20.193.165:3300/0,v1:10.20.193.165:6789/0] -- mon_subscribe({osdmap=0}) -- 0x7fc5d40fc0b0 con 0x7fc5d4065a80
2026-02-19T10:56:13.852 INFO:teuthology.orchestra.run.trial165.stdout:/usr/bin/ceph: stderr
2026-02-19T10:56:12.058+0000 7fc5d9cde640 1 -- 10.20.193.165:0/3640211657 --> [v2:10.20.193.165:3300/0,v1:10.20.193.165:6789/0] -- mon_command({"prefix": "get_command_descriptions"} v 0) -- 0x7fc5d40fbb40 con 0x7fc5d4065a80
2026-02-19T10:56:13.852 INFO:teuthology.orchestra.run.trial165.stdout:/usr/bin/ceph: stderr
2026-02-19T10:56:12.058+0000 7fc5d0ff9640 1 -- 10.20.193.165:0/3640211657 <== mon.0 v2:10.20.193.165:3300/0 4 ==== mgrmap(e 8) ==== 52779+0+0 (secure 0 0 0) 0x7fc5c003e070 con 0x7fc5d4065a80
2026-02-19T10:56:13.852 INFO:teuthology.orchestra.run.trial165.stdout:/usr/bin/ceph: stderr
2026-02-19T10:56:12.058+0000 7fc5d0ff9640 1 --2- 10.20.193.165:0/3640211657 >> v2:10.20.193.165:6800/549739689 conn(0x7fc5a803f790 0x7fc5a805fc40 unknown :-1 s=NONE pgs=0 gs=0 cs=0 l=1 c_cookie=0 s_cookie=0 reconnecting=0 rev1=0 crypto rx=0 tx=0 comp rx=0 tx=0).connect
2026-02-19T10:56:13.852 INFO:teuthology.orchestra.run.trial165.stdout:/usr/bin/ceph: stderr
2026-02-19T10:56:12.059+0000 7fc5d0ff9640 1 -- 10.20.193.165:0/3640211657 <== mon.0 v2:10.20.193.165:3300/0 5 ==== osd_map(2..2 src has 1..2) ==== 892+0+0 (secure 0 0 0) 0x7fc5c0078890 con 0x7fc5d4065a80
2026-02-19T10:56:13.853 INFO:teuthology.orchestra.run.trial165.stdout:/usr/bin/ceph: stderr
2026-02-19T10:56:12.059+0000 7fc5d2ffd640 1 --2- 10.20.193.165:0/3640211657 >> v2:10.20.193.165:6800/549739689 conn(0x7fc5a803f790 0x7fc5a805fc40 unknown :-1 s=BANNER_CONNECTING pgs=0 gs=2 cs=0 l=1 c_cookie=0 s_cookie=0 reconnecting=0 rev1=0 crypto rx=0 tx=0 comp rx=0 tx=0)._handle_peer_banner_payload supported=3 required=0
2026-02-19T10:56:13.853 INFO:teuthology.orchestra.run.trial165.stdout:/usr/bin/ceph: stderr
2026-02-19T10:56:12.059+0000 7fc5d2ffd640 1 --2- 10.20.193.165:0/3640211657 >> v2:10.20.193.165:6800/549739689 conn(0x7fc5a803f790 0x7fc5a805fc40 secure :-1 s=READY pgs=12 gs=2 cs=0 l=1 c_cookie=0 s_cookie=0 reconnecting=0 rev1=1 crypto rx=0x7fc5c4006fd0 tx=0x7fc5c4006e60 comp rx=0 tx=0).ready entity=mgr.14118 client_cookie=0 server_cookie=0 in_seq=0 out_seq=0
2026-02-19T10:56:13.853 INFO:teuthology.orchestra.run.trial165.stdout:/usr/bin/ceph: stderr
2026-02-19T10:56:12.061+0000 7fc5d0ff9640 1 -- 10.20.193.165:0/3640211657 <== mon.0 v2:10.20.193.165:3300/0 6 ==== mon_command_ack([{"prefix": "get_command_descriptions"}]=0 v0) ==== 72+0+230863 (secure 0 0 0) 0x7fc5c0048410 con 0x7fc5d4065a80
2026-02-19T10:56:13.853 INFO:teuthology.orchestra.run.trial165.stdout:/usr/bin/ceph: stderr
2026-02-19T10:56:12.167+0000 7fc5d9cde640 1 -- 10.20.193.165:0/3640211657 --> v2:10.20.193.165:6800/549739689 -- mgr_command(tid 0: {"prefix": "orch host add", "hostname": "trial165", "addr": "10.20.193.165", "target": ["mon-mgr", ""]}) -- 0x7fc5d4110dd0 con 0x7fc5a803f790
2026-02-19T10:56:13.853 INFO:teuthology.orchestra.run.trial165.stdout:/usr/bin/ceph: stderr
2026-02-19T10:56:13.703+0000 7fc5d0ff9640 1 -- 10.20.193.165:0/3640211657 <== mgr.14118 v2:10.20.193.165:6800/549739689 1 ==== mgr_command_reply(tid 0: 0 ) ==== 8+0+48 (secure 0 0 0) 0x7fc5d4110dd0 con 0x7fc5a803f790
2026-02-19T10:56:13.853 INFO:teuthology.orchestra.run.trial165.stdout:/usr/bin/ceph: stderr
2026-02-19T10:56:13.706+0000 7fc5d9cde640 1 -- 10.20.193.165:0/3640211657 >> v2:10.20.193.165:6800/549739689 conn(0x7fc5a803f790 msgr2=0x7fc5a805fc40 secure :-1 s=STATE_CONNECTION_ESTABLISHED l=1).mark_down
2026-02-19T10:56:13.853 INFO:teuthology.orchestra.run.trial165.stdout:/usr/bin/ceph: stderr
2026-02-19T10:56:13.706+0000 7fc5d9cde640 1 --2- 10.20.193.165:0/3640211657 >> v2:10.20.193.165:6800/549739689 conn(0x7fc5a803f790 0x7fc5a805fc40 secure :-1 s=READY pgs=12 gs=2 cs=0 l=1 c_cookie=0 s_cookie=0 reconnecting=0 rev1=1 crypto rx=0x7fc5c4006fd0 tx=0x7fc5c4006e60 comp rx=0 tx=0).stop
2026-02-19T10:56:13.853 INFO:teuthology.orchestra.run.trial165.stdout:/usr/bin/ceph: stderr
2026-02-19T10:56:13.706+0000 7fc5d9cde640 1 -- 10.20.193.165:0/3640211657 >> [v2:10.20.193.165:3300/0,v1:10.20.193.165:6789/0] conn(0x7fc5d4065a80 msgr2=0x7fc5d40faed0 secure :-1 s=STATE_CONNECTION_ESTABLISHED l=1).mark_down
2026-02-19T10:56:13.853 INFO:teuthology.orchestra.run.trial165.stdout:/usr/bin/ceph: stderr
2026-02-19T10:56:13.706+0000 7fc5d9cde640 1 --2- 10.20.193.165:0/3640211657 >> [v2:10.20.193.165:3300/0,v1:10.20.193.165:6789/0] conn(0x7fc5d4065a80 0x7fc5d40faed0 secure :-1 s=READY pgs=46 gs=1 cs=0 l=1 c_cookie=0 s_cookie=0 reconnecting=0 rev1=1 crypto rx=0x7fc5c0006bc0 tx=0x7fc5c0004740 comp rx=0 tx=0).stop
2026-02-19T10:56:13.853 INFO:teuthology.orchestra.run.trial165.stdout:/usr/bin/ceph: stderr
2026-02-19T10:56:13.706+0000 7fc5d9cde640 1 -- 10.20.193.165:0/3640211657 shutdown_connections
2026-02-19T10:56:13.853 INFO:teuthology.orchestra.run.trial165.stdout:/usr/bin/ceph: stderr
2026-02-19T10:56:13.706+0000 7fc5d9cde640 1 --2- 10.20.193.165:0/3640211657 >> v2:10.20.193.165:6800/549739689 conn(0x7fc5a803f790 0x7fc5a805fc40 unknown :-1 s=CLOSED pgs=12 gs=2 cs=0 l=1 c_cookie=0 s_cookie=0 reconnecting=0 rev1=1 crypto rx=0 tx=0 comp rx=0 tx=0).stop
2026-02-19T10:56:13.853 INFO:teuthology.orchestra.run.trial165.stdout:/usr/bin/ceph: stderr
2026-02-19T10:56:13.706+0000 7fc5d9cde640 1 --2- 10.20.193.165:0/3640211657 >> [v2:10.20.193.165:3300/0,v1:10.20.193.165:6789/0] conn(0x7fc5d4065a80 0x7fc5d40faed0 unknown :-1 s=CLOSED pgs=46 gs=1 cs=0 l=1 c_cookie=0 s_cookie=0 reconnecting=0 rev1=1 crypto rx=0 tx=0 comp rx=0 tx=0).stop
2026-02-19T10:56:13.853 INFO:teuthology.orchestra.run.trial165.stdout:/usr/bin/ceph: stderr
2026-02-19T10:56:13.706+0000 7fc5d9cde640 1 -- 10.20.193.165:0/3640211657 >> 10.20.193.165:0/3640211657 conn(0x7fc5d40ed640 msgr2=0x7fc5d40f15b0 unknown :-1 s=STATE_NONE l=0).mark_down
2026-02-19T10:56:13.853 INFO:teuthology.orchestra.run.trial165.stdout:/usr/bin/ceph: stderr
2026-02-19T10:56:13.706+0000 7fc5d9cde640 1 -- 10.20.193.165:0/3640211657 shutdown_connections
2026-02-19T10:56:13.853 INFO:teuthology.orchestra.run.trial165.stdout:/usr/bin/ceph: stderr
2026-02-19T10:56:13.706+0000 7fc5d9cde640 1 -- 10.20.193.165:0/3640211657 wait complete.
2026-02-19T10:56:13.853 INFO:teuthology.orchestra.run.trial165.stdout:Deploying unmanaged mon service...
2026-02-19T10:56:14.220 INFO:teuthology.orchestra.run.trial165.stdout:/usr/bin/ceph: stdout Scheduled mon update...
2026-02-19T10:56:14.221 INFO:teuthology.orchestra.run.trial165.stdout:/usr/bin/ceph: stderr
2026-02-19T10:56:13.970+0000 7fba2a3d8640 1 Processor -- start
2026-02-19T10:56:14.221 INFO:teuthology.orchestra.run.trial165.stdout:/usr/bin/ceph: stderr
2026-02-19T10:56:13.970+0000 7fba2a3d8640 1 -- start start
2026-02-19T10:56:14.221 INFO:teuthology.orchestra.run.trial165.stdout:/usr/bin/ceph: stderr
2026-02-19T10:56:13.971+0000 7fba2a3d8640 1 --2- >> [v2:10.20.193.165:3300/0,v1:10.20.193.165:6789/0] conn(0x7fba24113270 0x7fba24113660 unknown :-1 s=NONE pgs=0 gs=0 cs=0 l=0 c_cookie=0 s_cookie=0 reconnecting=0 rev1=0 crypto rx=0 tx=0 comp rx=0 tx=0).connect
2026-02-19T10:56:14.221 INFO:teuthology.orchestra.run.trial165.stdout:/usr/bin/ceph: stderr
2026-02-19T10:56:13.971+0000 7fba2a3d8640 1 -- --> [v2:10.20.193.165:3300/0,v1:10.20.193.165:6789/0] -- mon_getmap magic: 0 -- 0x7fba24113c50 con 0x7fba24113270
2026-02-19T10:56:14.221 INFO:teuthology.orchestra.run.trial165.stdout:/usr/bin/ceph: stderr
2026-02-19T10:56:13.971+0000 7fba23fff640 1 --2- >> [v2:10.20.193.165:3300/0,v1:10.20.193.165:6789/0] conn(0x7fba24113270 0x7fba24113660 unknown :-1 s=BANNER_CONNECTING pgs=0 gs=1 cs=0 l=0 c_cookie=0 s_cookie=0 reconnecting=0 rev1=0 crypto rx=0 tx=0 comp rx=0 tx=0)._handle_peer_banner_payload supported=3 required=0
2026-02-19T10:56:14.221 INFO:teuthology.orchestra.run.trial165.stdout:/usr/bin/ceph: stderr
2026-02-19T10:56:13.971+0000 7fba23fff640 1 --2- >> [v2:10.20.193.165:3300/0,v1:10.20.193.165:6789/0] conn(0x7fba24113270 0x7fba24113660 unknown :-1 s=HELLO_CONNECTING pgs=0 gs=1 cs=0 l=0 c_cookie=0 s_cookie=0 reconnecting=0 rev1=1 crypto rx=0 tx=0 comp rx=0 tx=0).handle_hello peer v2:10.20.193.165:3300/0 says I am v2:10.20.193.165:58684/0 (socket says 10.20.193.165:58684)
2026-02-19T10:56:14.221 INFO:teuthology.orchestra.run.trial165.stdout:/usr/bin/ceph: stderr
2026-02-19T10:56:13.971+0000 7fba23fff640 1 -- 10.20.193.165:0/885636549 learned_addr learned my addr 10.20.193.165:0/885636549 (peer_addr_for_me v2:10.20.193.165:0/0)
2026-02-19T10:56:14.221 INFO:teuthology.orchestra.run.trial165.stdout:/usr/bin/ceph: stderr
2026-02-19T10:56:13.971+0000 7fba23fff640 1 -- 10.20.193.165:0/885636549 --> [v2:10.20.193.165:3300/0,v1:10.20.193.165:6789/0] -- mon_subscribe({config=0+,monmap=0+}) -- 0x7fba24113d90 con 0x7fba24113270
2026-02-19T10:56:14.221 INFO:teuthology.orchestra.run.trial165.stdout:/usr/bin/ceph: stderr
2026-02-19T10:56:13.971+0000 7fba23fff640 1 --2- 10.20.193.165:0/885636549 >> [v2:10.20.193.165:3300/0,v1:10.20.193.165:6789/0] conn(0x7fba24113270 0x7fba24113660 secure :-1 s=READY pgs=47 gs=1 cs=0 l=1 c_cookie=5958005416411457025 s_cookie=0 reconnecting=0 rev1=1 crypto rx=0x7fba10009850 tx=0x7fba1002eeb0 comp rx=0 tx=0).ready entity=mon.0 client_cookie=52af165bff0ee601 server_cookie=0 in_seq=0 out_seq=0
2026-02-19T10:56:14.221 INFO:teuthology.orchestra.run.trial165.stdout:/usr/bin/ceph: stderr
2026-02-19T10:56:13.972+0000 7fba22ffd640 1 -- 10.20.193.165:0/885636549 <== mon.0 v2:10.20.193.165:3300/0 1 ==== mon_map magic: 0 ==== 213+0+0 (secure 0 0 0) 0x7fba1002f940 con 0x7fba24113270
2026-02-19T10:56:14.222 INFO:teuthology.orchestra.run.trial165.stdout:/usr/bin/ceph: stderr
2026-02-19T10:56:13.972+0000 7fba22ffd640 1 -- 10.20.193.165:0/885636549 <== mon.0 v2:10.20.193.165:3300/0 2 ==== config(26 keys) ==== 1029+0+0 (secure 0 0 0) 0x7fba10037440 con 0x7fba24113270
2026-02-19T10:56:14.222 INFO:teuthology.orchestra.run.trial165.stdout:/usr/bin/ceph: stderr
2026-02-19T10:56:13.972+0000 7fba22ffd640 1 -- 10.20.193.165:0/885636549 <== mon.0 v2:10.20.193.165:3300/0 3 ==== mon_map magic: 0 ==== 213+0+0 (secure 0 0 0) 0x7fba100354e0 con 0x7fba24113270
2026-02-19T10:56:14.222 INFO:teuthology.orchestra.run.trial165.stdout:/usr/bin/ceph: stderr
2026-02-19T10:56:13.972+0000 7fba2a3d8640 1 -- 10.20.193.165:0/885636549 >> [v2:10.20.193.165:3300/0,v1:10.20.193.165:6789/0] conn(0x7fba24113270 msgr2=0x7fba24113660 secure :-1 s=STATE_CONNECTION_ESTABLISHED l=1).mark_down
2026-02-19T10:56:14.222 INFO:teuthology.orchestra.run.trial165.stdout:/usr/bin/ceph: stderr
2026-02-19T10:56:13.972+0000 7fba2a3d8640 1 --2- 10.20.193.165:0/885636549 >> [v2:10.20.193.165:3300/0,v1:10.20.193.165:6789/0] conn(0x7fba24113270 0x7fba24113660 secure :-1 s=READY pgs=47 gs=1 cs=0 l=1 c_cookie=5958005416411457025 s_cookie=0 reconnecting=0 rev1=1 crypto rx=0x7fba10009850 tx=0x7fba1002eeb0 comp rx=0 tx=0).stop
2026-02-19T10:56:14.222 INFO:teuthology.orchestra.run.trial165.stdout:/usr/bin/ceph: stderr
2026-02-19T10:56:13.972+0000 7fba2a3d8640 1 -- 10.20.193.165:0/885636549 shutdown_connections
2026-02-19T10:56:14.222 INFO:teuthology.orchestra.run.trial165.stdout:/usr/bin/ceph: stderr
2026-02-19T10:56:13.972+0000 7fba2a3d8640 1 --2- 10.20.193.165:0/885636549 >> [v2:10.20.193.165:3300/0,v1:10.20.193.165:6789/0] conn(0x7fba24113270 0x7fba24113660 unknown :-1 s=CLOSED pgs=47 gs=1 cs=0 l=1 c_cookie=5958005416411457025 s_cookie=0 reconnecting=0 rev1=1 crypto rx=0 tx=0 comp rx=0 tx=0).stop
2026-02-19T10:56:14.222 INFO:teuthology.orchestra.run.trial165.stdout:/usr/bin/ceph: stderr
2026-02-19T10:56:13.972+0000 7fba2a3d8640 1 -- 10.20.193.165:0/885636549 >> 10.20.193.165:0/885636549 conn(0x7fba240686d0 msgr2=0x7fba24110ee0 unknown :-1 s=STATE_NONE l=0).mark_down
2026-02-19T10:56:14.222 INFO:teuthology.orchestra.run.trial165.stdout:/usr/bin/ceph: stderr
2026-02-19T10:56:13.972+0000 7fba2a3d8640 1 -- 10.20.193.165:0/885636549 shutdown_connections
2026-02-19T10:56:14.222 INFO:teuthology.orchestra.run.trial165.stdout:/usr/bin/ceph: stderr
2026-02-19T10:56:13.972+0000 7fba2a3d8640 1 -- 10.20.193.165:0/885636549 wait complete.
2026-02-19T10:56:14.223 INFO:teuthology.orchestra.run.trial165.stdout:/usr/bin/ceph: stderr
2026-02-19T10:56:13.972+0000 7fba2a3d8640 1 Processor -- start
2026-02-19T10:56:14.223 INFO:teuthology.orchestra.run.trial165.stdout:/usr/bin/ceph: stderr
2026-02-19T10:56:13.972+0000 7fba2a3d8640 1 -- start start
2026-02-19T10:56:14.223 INFO:teuthology.orchestra.run.trial165.stdout:/usr/bin/ceph: stderr
2026-02-19T10:56:13.972+0000 7fba2a3d8640 1 --2- >> [v2:10.20.193.165:3300/0,v1:10.20.193.165:6789/0] conn(0x7fba24113270 0x7fba24122710 unknown :-1 s=NONE pgs=0 gs=0 cs=0 l=1 c_cookie=0 s_cookie=0 reconnecting=0 rev1=0 crypto rx=0 tx=0 comp rx=0 tx=0).connect
2026-02-19T10:56:14.223 INFO:teuthology.orchestra.run.trial165.stdout:/usr/bin/ceph: stderr
2026-02-19T10:56:13.972+0000 7fba2a3d8640 1 -- --> [v2:10.20.193.165:3300/0,v1:10.20.193.165:6789/0] -- mon_getmap magic: 0 -- 0x7fba24122c70 con 0x7fba24113270
2026-02-19T10:56:14.223 INFO:teuthology.orchestra.run.trial165.stdout:/usr/bin/ceph: stderr
2026-02-19T10:56:13.973+0000 7fba23fff640 1 --2- >> [v2:10.20.193.165:3300/0,v1:10.20.193.165:6789/0] conn(0x7fba24113270 0x7fba24122710 unknown :-1 s=BANNER_CONNECTING pgs=0 gs=1 cs=0 l=1 c_cookie=0 s_cookie=0 reconnecting=0 rev1=0 crypto rx=0 tx=0 comp rx=0 tx=0)._handle_peer_banner_payload supported=3 required=0
2026-02-19T10:56:14.223 INFO:teuthology.orchestra.run.trial165.stdout:/usr/bin/ceph: stderr
2026-02-19T10:56:13.973+0000 7fba23fff640 1 --2- >> [v2:10.20.193.165:3300/0,v1:10.20.193.165:6789/0] conn(0x7fba24113270 0x7fba24122710 unknown :-1 s=HELLO_CONNECTING pgs=0 gs=1 cs=0 l=1 c_cookie=0 s_cookie=0 reconnecting=0 rev1=1 crypto rx=0 tx=0 comp rx=0 tx=0).handle_hello peer v2:10.20.193.165:3300/0 says I am v2:10.20.193.165:58690/0 (socket says 10.20.193.165:58690)
2026-02-19T10:56:14.223 INFO:teuthology.orchestra.run.trial165.stdout:/usr/bin/ceph: stderr
2026-02-19T10:56:13.973+0000 7fba23fff640 1 -- 10.20.193.165:0/904542458 learned_addr learned my addr 10.20.193.165:0/904542458 (peer_addr_for_me v2:10.20.193.165:0/0)
2026-02-19T10:56:14.223 INFO:teuthology.orchestra.run.trial165.stdout:/usr/bin/ceph: stderr
2026-02-19T10:56:13.973+0000 7fba23fff640 1 -- 10.20.193.165:0/904542458 --> [v2:10.20.193.165:3300/0,v1:10.20.193.165:6789/0] -- mon_subscribe({config=0+,monmap=0+}) -- 0x7fba100094f0 con 0x7fba24113270
2026-02-19T10:56:14.223 INFO:teuthology.orchestra.run.trial165.stdout:/usr/bin/ceph: stderr
2026-02-19T10:56:13.973+0000 7fba23fff640 1 --2- 10.20.193.165:0/904542458 >> [v2:10.20.193.165:3300/0,v1:10.20.193.165:6789/0] conn(0x7fba24113270 0x7fba24122710 secure :-1 s=READY pgs=48 gs=1 cs=0 l=1 c_cookie=0 s_cookie=0 reconnecting=0 rev1=1 crypto rx=0x7fba100023d0 tx=0x7fba10004740 comp rx=0 tx=0).ready entity=mon.0 client_cookie=0 server_cookie=0 in_seq=0 out_seq=0
2026-02-19T10:56:14.223 INFO:teuthology.orchestra.run.trial165.stdout:/usr/bin/ceph: stderr
2026-02-19T10:56:13.973+0000 7fba217fa640 1 -- 10.20.193.165:0/904542458 <== mon.0 v2:10.20.193.165:3300/0 1 ==== mon_map magic: 0 ==== 213+0+0 (secure 0 0 0) 0x7fba10043070 con 0x7fba24113270
2026-02-19T10:56:14.223 INFO:teuthology.orchestra.run.trial165.stdout:/usr/bin/ceph: stderr
2026-02-19T10:56:13.973+0000 7fba2a3d8640 1 -- 10.20.193.165:0/904542458 --> [v2:10.20.193.165:3300/0,v1:10.20.193.165:6789/0] -- mon_subscribe({mgrmap=0+}) -- 0x7fba24122e70 con 0x7fba24113270
2026-02-19T10:56:14.223 INFO:teuthology.orchestra.run.trial165.stdout:/usr/bin/ceph: stderr
2026-02-19T10:56:13.973+0000 7fba217fa640 1 -- 10.20.193.165:0/904542458 <== mon.0 v2:10.20.193.165:3300/0 2 ==== config(26 keys) ==== 1029+0+0 (secure 0 0 0) 0x7fba1002fdb0 con 0x7fba24113270
2026-02-19T10:56:14.224 INFO:teuthology.orchestra.run.trial165.stdout:/usr/bin/ceph: stderr
2026-02-19T10:56:13.973+0000 7fba217fa640 1 -- 10.20.193.165:0/904542458 <== mon.0 v2:10.20.193.165:3300/0 3 ==== mon_map magic: 0 ==== 213+0+0 (secure 0 0 0) 0x7fba100036d0 con 0x7fba24113270
2026-02-19T10:56:14.224 INFO:teuthology.orchestra.run.trial165.stdout:/usr/bin/ceph: stderr
2026-02-19T10:56:13.973+0000 7fba2a3d8640 1 -- 10.20.193.165:0/904542458 --> [v2:10.20.193.165:3300/0,v1:10.20.193.165:6789/0] -- mon_subscribe({osdmap=0}) -- 0x7fba241238f0 con 0x7fba24113270
2026-02-19T10:56:14.224 INFO:teuthology.orchestra.run.trial165.stdout:/usr/bin/ceph: stderr
2026-02-19T10:56:13.973+0000 7fba2a3d8640 1 -- 10.20.193.165:0/904542458 --> [v2:10.20.193.165:3300/0,v1:10.20.193.165:6789/0] -- mon_command({"prefix": "get_command_descriptions"} v 0) -- 0x7fba24123380 con 0x7fba24113270
2026-02-19T10:56:14.224 INFO:teuthology.orchestra.run.trial165.stdout:/usr/bin/ceph: stderr
2026-02-19T10:56:13.974+0000 7fba217fa640 1 -- 10.20.193.165:0/904542458 <== mon.0 v2:10.20.193.165:3300/0 4 ==== mgrmap(e 8) ==== 52779+0+0 (secure 0 0 0) 0x7fba1003e070 con 0x7fba24113270
2026-02-19T10:56:14.224 INFO:teuthology.orchestra.run.trial165.stdout:/usr/bin/ceph: stderr
2026-02-19T10:56:13.974+0000 7fba217fa640 1 --2- 10.20.193.165:0/904542458 >> v2:10.20.193.165:6800/549739689 conn(0x7fb9f803f740 0x7fb9f805fbf0 unknown :-1 s=NONE pgs=0 gs=0 cs=0 l=1 c_cookie=0 s_cookie=0 reconnecting=0 rev1=0 crypto rx=0 tx=0 comp rx=0 tx=0).connect
2026-02-19T10:56:14.224 INFO:teuthology.orchestra.run.trial165.stdout:/usr/bin/ceph: stderr
2026-02-19T10:56:13.974+0000 7fba217fa640 1 -- 10.20.193.165:0/904542458 <== mon.0 v2:10.20.193.165:3300/0 5 ==== osd_map(2..2 src has 1..2) ==== 892+0+0 (secure 0 0 0) 0x7fba10078a70 con 0x7fba24113270
2026-02-19T10:56:14.224 INFO:teuthology.orchestra.run.trial165.stdout:/usr/bin/ceph: stderr
2026-02-19T10:56:13.976+0000 7fba217fa640 1 -- 10.20.193.165:0/904542458 <== mon.0 v2:10.20.193.165:3300/0 6 ==== mon_command_ack([{"prefix": "get_command_descriptions"}]=0 v0) ==== 72+0+230863 (secure 0 0 0) 0x7fba10003c90 con 0x7fba24113270
2026-02-19T10:56:14.224 INFO:teuthology.orchestra.run.trial165.stdout:/usr/bin/ceph: stderr
2026-02-19T10:56:13.999+0000 7fba237fe640 1 --2- 10.20.193.165:0/904542458 >> v2:10.20.193.165:6800/549739689 conn(0x7fb9f803f740 0x7fb9f805fbf0 unknown :-1 s=BANNER_CONNECTING pgs=0 gs=2 cs=0 l=1 c_cookie=0 s_cookie=0 reconnecting=0 rev1=0 crypto rx=0 tx=0 comp rx=0 tx=0)._handle_peer_banner_payload supported=3 required=0
2026-02-19T10:56:14.224 INFO:teuthology.orchestra.run.trial165.stdout:/usr/bin/ceph: stderr
2026-02-19T10:56:13.999+0000 7fba237fe640 1 --2- 10.20.193.165:0/904542458 >> v2:10.20.193.165:6800/549739689 conn(0x7fb9f803f740 0x7fb9f805fbf0 secure :-1 s=READY pgs=13 gs=2 cs=0 l=1 c_cookie=0 s_cookie=0 reconnecting=0 rev1=1 crypto rx=0x7fba14006fd0 tx=0x7fba14006e60 comp rx=0 tx=0).ready entity=mgr.14118 client_cookie=0 server_cookie=0 in_seq=0 out_seq=0
2026-02-19T10:56:14.224 INFO:teuthology.orchestra.run.trial165.stdout:/usr/bin/ceph: stderr
2026-02-19T10:56:14.089+0000 7fba2a3d8640 1 -- 10.20.193.165:0/904542458 --> v2:10.20.193.165:6800/549739689 -- mgr_command(tid 0: {"prefix": "orch apply", "service_type": "mon", "unmanaged": true, "target": ["mon-mgr", ""]}) -- 0x7fba240661c0 con 0x7fb9f803f740
2026-02-19T10:56:14.224 INFO:teuthology.orchestra.run.trial165.stdout:/usr/bin/ceph: stderr
2026-02-19T10:56:14.092+0000 7fba217fa640 1 -- 10.20.193.165:0/904542458 <== mgr.14118 v2:10.20.193.165:6800/549739689 1 ==== mgr_command_reply(tid 0: 0 ) ==== 8+0+24 (secure 0 0 0) 0x7fba240661c0 con 0x7fb9f803f740
2026-02-19T10:56:14.225 INFO:teuthology.orchestra.run.trial165.stdout:/usr/bin/ceph: stderr
2026-02-19T10:56:14.094+0000 7fba2a3d8640 1 -- 10.20.193.165:0/904542458 >> v2:10.20.193.165:6800/549739689 conn(0x7fb9f803f740 msgr2=0x7fb9f805fbf0 secure :-1 s=STATE_CONNECTION_ESTABLISHED l=1).mark_down
2026-02-19T10:56:14.225 INFO:teuthology.orchestra.run.trial165.stdout:/usr/bin/ceph: stderr
2026-02-19T10:56:14.094+0000 7fba2a3d8640 1 --2- 10.20.193.165:0/904542458 >> v2:10.20.193.165:6800/549739689 conn(0x7fb9f803f740 0x7fb9f805fbf0 secure :-1 s=READY pgs=13 gs=2 cs=0 l=1 c_cookie=0 s_cookie=0 reconnecting=0 rev1=1 crypto rx=0x7fba14006fd0 tx=0x7fba14006e60 comp rx=0 tx=0).stop
2026-02-19T10:56:14.225 INFO:teuthology.orchestra.run.trial165.stdout:/usr/bin/ceph: stderr
2026-02-19T10:56:14.094+0000 7fba2a3d8640 1 -- 10.20.193.165:0/904542458 >> [v2:10.20.193.165:3300/0,v1:10.20.193.165:6789/0] conn(0x7fba24113270 msgr2=0x7fba24122710 secure :-1 s=STATE_CONNECTION_ESTABLISHED l=1).mark_down
2026-02-19T10:56:14.225 INFO:teuthology.orchestra.run.trial165.stdout:/usr/bin/ceph: stderr
2026-02-19T10:56:14.094+0000 7fba2a3d8640 1 --2- 10.20.193.165:0/904542458 >> [v2:10.20.193.165:3300/0,v1:10.20.193.165:6789/0] conn(0x7fba24113270 0x7fba24122710 secure :-1 s=READY pgs=48 gs=1 cs=0 l=1 c_cookie=0 s_cookie=0 reconnecting=0 rev1=1 crypto rx=0x7fba100023d0 tx=0x7fba10004740 comp rx=0 tx=0).stop
2026-02-19T10:56:14.225 INFO:teuthology.orchestra.run.trial165.stdout:/usr/bin/ceph: stderr
2026-02-19T10:56:14.094+0000 7fba2a3d8640 1 -- 10.20.193.165:0/904542458 shutdown_connections
2026-02-19T10:56:14.225 INFO:teuthology.orchestra.run.trial165.stdout:/usr/bin/ceph: stderr
2026-02-19T10:56:14.094+0000 7fba2a3d8640 1 --2- 10.20.193.165:0/904542458 >> v2:10.20.193.165:6800/549739689 conn(0x7fb9f803f740 0x7fb9f805fbf0 unknown :-1 s=CLOSED pgs=13 gs=2 cs=0 l=1 c_cookie=0 s_cookie=0 reconnecting=0 rev1=1 crypto rx=0 tx=0 comp rx=0 tx=0).stop
2026-02-19T10:56:14.225 INFO:teuthology.orchestra.run.trial165.stdout:/usr/bin/ceph: stderr
2026-02-19T10:56:14.094+0000 7fba2a3d8640 1 --2- 10.20.193.165:0/904542458 >> [v2:10.20.193.165:3300/0,v1:10.20.193.165:6789/0] conn(0x7fba24113270 0x7fba24122710 unknown :-1 s=CLOSED pgs=48 gs=1 cs=0 l=1 c_cookie=0 s_cookie=0 reconnecting=0 rev1=1 crypto rx=0 tx=0 comp rx=0 tx=0).stop
2026-02-19T10:56:14.225 INFO:teuthology.orchestra.run.trial165.stdout:/usr/bin/ceph: stderr
2026-02-19T10:56:14.094+0000 7fba2a3d8640 1 -- 10.20.193.165:0/904542458 >> 10.20.193.165:0/904542458 conn(0x7fba240686d0 msgr2=0x7fba24110ee0 unknown :-1 s=STATE_NONE l=0).mark_down
2026-02-19T10:56:14.225 INFO:teuthology.orchestra.run.trial165.stdout:/usr/bin/ceph: stderr
2026-02-19T10:56:14.094+0000 7fba2a3d8640 1 -- 10.20.193.165:0/904542458 shutdown_connections
2026-02-19T10:56:14.225 INFO:teuthology.orchestra.run.trial165.stdout:/usr/bin/ceph: stderr
2026-02-19T10:56:14.094+0000 7fba2a3d8640 1 -- 10.20.193.165:0/904542458 wait complete.
2026-02-19T10:56:14.225 INFO:teuthology.orchestra.run.trial165.stdout:Deploying unmanaged mgr service...
2026-02-19T10:56:14.587 INFO:teuthology.orchestra.run.trial165.stdout:/usr/bin/ceph: stdout Scheduled mgr update...
2026-02-19T10:56:14.587 INFO:teuthology.orchestra.run.trial165.stdout:/usr/bin/ceph: stderr
2026-02-19T10:56:14.334+0000 7f2c69fe8640 1 Processor -- start
2026-02-19T10:56:14.588 INFO:teuthology.orchestra.run.trial165.stdout:/usr/bin/ceph: stderr
2026-02-19T10:56:14.334+0000 7f2c69fe8640 1 -- start start
2026-02-19T10:56:14.588 INFO:teuthology.orchestra.run.trial165.stdout:/usr/bin/ceph: stderr
2026-02-19T10:56:14.335+0000 7f2c69fe8640 1 --2- >> [v2:10.20.193.165:3300/0,v1:10.20.193.165:6789/0] conn(0x7f2c64113270 0x7f2c64113660 unknown :-1 s=NONE pgs=0 gs=0 cs=0 l=0 c_cookie=0 s_cookie=0 reconnecting=0 rev1=0 crypto rx=0 tx=0 comp rx=0 tx=0).connect
2026-02-19T10:56:14.588 INFO:teuthology.orchestra.run.trial165.stdout:/usr/bin/ceph: stderr
2026-02-19T10:56:14.335+0000 7f2c69fe8640 1 -- --> [v2:10.20.193.165:3300/0,v1:10.20.193.165:6789/0] -- mon_getmap magic: 0 -- 0x7f2c64113c50 con 0x7f2c64113270
2026-02-19T10:56:14.588 INFO:teuthology.orchestra.run.trial165.stdout:/usr/bin/ceph: stderr
2026-02-19T10:56:14.335+0000 7f2c637fe640 1 --2- >> [v2:10.20.193.165:3300/0,v1:10.20.193.165:6789/0] conn(0x7f2c64113270 0x7f2c64113660 unknown :-1 s=BANNER_CONNECTING pgs=0 gs=1 cs=0 l=0 c_cookie=0 s_cookie=0 reconnecting=0 rev1=0 crypto rx=0 tx=0 comp rx=0 tx=0)._handle_peer_banner_payload supported=3 required=0
2026-02-19T10:56:14.588 INFO:teuthology.orchestra.run.trial165.stdout:/usr/bin/ceph: stderr
2026-02-19T10:56:14.335+0000 7f2c637fe640 1 --2- >> [v2:10.20.193.165:3300/0,v1:10.20.193.165:6789/0] conn(0x7f2c64113270 0x7f2c64113660 unknown :-1 s=HELLO_CONNECTING pgs=0 gs=1 cs=0 l=0 c_cookie=0 s_cookie=0 reconnecting=0 rev1=1 crypto rx=0 tx=0 comp rx=0 tx=0).handle_hello peer v2:10.20.193.165:3300/0 says I am v2:10.20.193.165:58706/0 (socket says 10.20.193.165:58706)
2026-02-19T10:56:14.588 INFO:teuthology.orchestra.run.trial165.stdout:/usr/bin/ceph: stderr
2026-02-19T10:56:14.335+0000 7f2c637fe640 1 -- 10.20.193.165:0/1053620523 learned_addr learned my addr 10.20.193.165:0/1053620523 (peer_addr_for_me v2:10.20.193.165:0/0)
2026-02-19T10:56:14.588 INFO:teuthology.orchestra.run.trial165.stdout:/usr/bin/ceph: stderr
2026-02-19T10:56:14.335+0000 7f2c637fe640 1 -- 10.20.193.165:0/1053620523 --> [v2:10.20.193.165:3300/0,v1:10.20.193.165:6789/0] -- mon_subscribe({config=0+,monmap=0+}) -- 0x7f2c64113d90 con 0x7f2c64113270
2026-02-19T10:56:14.588 INFO:teuthology.orchestra.run.trial165.stdout:/usr/bin/ceph: stderr
2026-02-19T10:56:14.336+0000 7f2c637fe640 1 --2- 10.20.193.165:0/1053620523 >> [v2:10.20.193.165:3300/0,v1:10.20.193.165:6789/0] conn(0x7f2c64113270 0x7f2c64113660 secure :-1 s=READY pgs=49 gs=1 cs=0 l=1 c_cookie=9632624365771362984 s_cookie=0 reconnecting=0 rev1=1 crypto rx=0x7f2c50009850 tx=0x7f2c5002eeb0 comp rx=0 tx=0).ready entity=mon.0 client_cookie=85adf4d3289312a8 server_cookie=0 in_seq=0 out_seq=0
2026-02-19T10:56:14.588 INFO:teuthology.orchestra.run.trial165.stdout:/usr/bin/ceph: stderr
2026-02-19T10:56:14.336+0000 7f2c627fc640 1 -- 10.20.193.165:0/1053620523 <== mon.0 v2:10.20.193.165:3300/0 1 ==== mon_map magic: 0 ==== 213+0+0 (secure 0 0 0) 0x7f2c5002f940 con 0x7f2c64113270
2026-02-19T10:56:14.588 INFO:teuthology.orchestra.run.trial165.stdout:/usr/bin/ceph: stderr
2026-02-19T10:56:14.336+0000 7f2c627fc640 1 -- 10.20.193.165:0/1053620523 <== mon.0 v2:10.20.193.165:3300/0 2 ==== config(26 keys) ==== 1029+0+0 (secure 0 0 0) 0x7f2c50037440 con 0x7f2c64113270
2026-02-19T10:56:14.588 INFO:teuthology.orchestra.run.trial165.stdout:/usr/bin/ceph: stderr
2026-02-19T10:56:14.336+0000 7f2c627fc640 1 -- 10.20.193.165:0/1053620523 <== mon.0 v2:10.20.193.165:3300/0 3 ==== mon_map magic: 0 ==== 213+0+0 (secure 0 0 0) 0x7f2c500354e0 con 0x7f2c64113270
2026-02-19T10:56:14.589 INFO:teuthology.orchestra.run.trial165.stdout:/usr/bin/ceph: stderr
2026-02-19T10:56:14.336+0000 7f2c69fe8640 1 -- 10.20.193.165:0/1053620523 >> [v2:10.20.193.165:3300/0,v1:10.20.193.165:6789/0] conn(0x7f2c64113270 msgr2=0x7f2c64113660 secure :-1 s=STATE_CONNECTION_ESTABLISHED l=1).mark_down
2026-02-19T10:56:14.589 INFO:teuthology.orchestra.run.trial165.stdout:/usr/bin/ceph: stderr
2026-02-19T10:56:14.336+0000 7f2c69fe8640 1 --2- 10.20.193.165:0/1053620523 >> [v2:10.20.193.165:3300/0,v1:10.20.193.165:6789/0] conn(0x7f2c64113270 0x7f2c64113660 secure :-1 s=READY pgs=49 gs=1 cs=0 l=1 c_cookie=9632624365771362984 s_cookie=0 reconnecting=0 rev1=1 crypto rx=0x7f2c50009850 tx=0x7f2c5002eeb0 comp rx=0 tx=0).stop
2026-02-19T10:56:14.589 INFO:teuthology.orchestra.run.trial165.stdout:/usr/bin/ceph: stderr
2026-02-19T10:56:14.336+0000 7f2c69fe8640 1 -- 10.20.193.165:0/1053620523 shutdown_connections
2026-02-19T10:56:14.589 INFO:teuthology.orchestra.run.trial165.stdout:/usr/bin/ceph: stderr
2026-02-19T10:56:14.336+0000 7f2c69fe8640 1 --2- 10.20.193.165:0/1053620523 >> [v2:10.20.193.165:3300/0,v1:10.20.193.165:6789/0] conn(0x7f2c64113270 0x7f2c64113660 unknown :-1 s=CLOSED pgs=49 gs=1 cs=0 l=1 c_cookie=9632624365771362984 s_cookie=0 reconnecting=0 rev1=1 crypto rx=0 tx=0 comp rx=0 tx=0).stop
2026-02-19T10:56:14.589 INFO:teuthology.orchestra.run.trial165.stdout:/usr/bin/ceph: stderr
2026-02-19T10:56:14.336+0000 7f2c69fe8640 1 -- 10.20.193.165:0/1053620523 >> 10.20.193.165:0/1053620523 conn(0x7f2c640f09c0 msgr2=0x7f2c64110dd0 unknown :-1 s=STATE_NONE l=0).mark_down
2026-02-19T10:56:14.589 INFO:teuthology.orchestra.run.trial165.stdout:/usr/bin/ceph: stderr
2026-02-19T10:56:14.336+0000 7f2c69fe8640 1 -- 10.20.193.165:0/1053620523 shutdown_connections
2026-02-19T10:56:14.589 INFO:teuthology.orchestra.run.trial165.stdout:/usr/bin/ceph: stderr
2026-02-19T10:56:14.336+0000 7f2c69fe8640 1 -- 10.20.193.165:0/1053620523 wait complete.
2026-02-19T10:56:14.589 INFO:teuthology.orchestra.run.trial165.stdout:/usr/bin/ceph: stderr
2026-02-19T10:56:14.337+0000 7f2c69fe8640 1 Processor -- start
2026-02-19T10:56:14.589 INFO:teuthology.orchestra.run.trial165.stdout:/usr/bin/ceph: stderr
2026-02-19T10:56:14.337+0000 7f2c69fe8640 1 -- start start
2026-02-19T10:56:14.589 INFO:teuthology.orchestra.run.trial165.stdout:/usr/bin/ceph: stderr
2026-02-19T10:56:14.337+0000 7f2c69fe8640 1 --2- >> [v2:10.20.193.165:3300/0,v1:10.20.193.165:6789/0] conn(0x7f2c64113270 0x7f2c64122700 unknown :-1 s=NONE pgs=0 gs=0 cs=0 l=1 c_cookie=0 s_cookie=0 reconnecting=0 rev1=0 crypto rx=0 tx=0 comp rx=0 tx=0).connect
2026-02-19T10:56:14.589 INFO:teuthology.orchestra.run.trial165.stdout:/usr/bin/ceph: stderr
2026-02-19T10:56:14.337+0000 7f2c69fe8640 1 -- --> [v2:10.20.193.165:3300/0,v1:10.20.193.165:6789/0] -- mon_getmap magic: 0 -- 0x7f2c64122c60 con 0x7f2c64113270
2026-02-19T10:56:14.589 INFO:teuthology.orchestra.run.trial165.stdout:/usr/bin/ceph: stderr
2026-02-19T10:56:14.337+0000 7f2c637fe640 1 --2- >> [v2:10.20.193.165:3300/0,v1:10.20.193.165:6789/0] conn(0x7f2c64113270 0x7f2c64122700 unknown :-1 s=BANNER_CONNECTING pgs=0 gs=1 cs=0 l=1 c_cookie=0 s_cookie=0 reconnecting=0 rev1=0 crypto rx=0 tx=0 comp rx=0 tx=0)._handle_peer_banner_payload supported=3 required=0
2026-02-19T10:56:14.590 INFO:teuthology.orchestra.run.trial165.stdout:/usr/bin/ceph: stderr
2026-02-19T10:56:14.337+0000 7f2c637fe640 1 --2- >> [v2:10.20.193.165:3300/0,v1:10.20.193.165:6789/0] conn(0x7f2c64113270 0x7f2c64122700 unknown :-1 s=HELLO_CONNECTING pgs=0 gs=1 cs=0 l=1 c_cookie=0 s_cookie=0 reconnecting=0 rev1=1 crypto rx=0 tx=0 comp rx=0 tx=0).handle_hello peer v2:10.20.193.165:3300/0 says I am v2:10.20.193.165:58712/0 (socket says 10.20.193.165:58712)
2026-02-19T10:56:14.590 INFO:teuthology.orchestra.run.trial165.stdout:/usr/bin/ceph: stderr
2026-02-19T10:56:14.337+0000 7f2c637fe640 1 -- 10.20.193.165:0/3142793283 learned_addr learned my addr 10.20.193.165:0/3142793283 (peer_addr_for_me v2:10.20.193.165:0/0)
2026-02-19T10:56:14.590 INFO:teuthology.orchestra.run.trial165.stdout:/usr/bin/ceph: stderr
2026-02-19T10:56:14.337+0000 7f2c637fe640 1 -- 10.20.193.165:0/3142793283 --> [v2:10.20.193.165:3300/0,v1:10.20.193.165:6789/0] -- mon_subscribe({config=0+,monmap=0+}) -- 0x7f2c500094f0 con 0x7f2c64113270
2026-02-19T10:56:14.590 INFO:teuthology.orchestra.run.trial165.stdout:/usr/bin/ceph: stderr
2026-02-19T10:56:14.337+0000 7f2c637fe640 1 --2- 10.20.193.165:0/3142793283 >> [v2:10.20.193.165:3300/0,v1:10.20.193.165:6789/0] conn(0x7f2c64113270 0x7f2c64122700 secure :-1 s=READY pgs=50 gs=1 cs=0 l=1 c_cookie=0 s_cookie=0 reconnecting=0 rev1=1 crypto rx=0x7f2c50006bc0 tx=0x7f2c50004740 comp rx=0 tx=0).ready entity=mon.0 client_cookie=0 server_cookie=0 in_seq=0 out_seq=0
2026-02-19T10:56:14.590 INFO:teuthology.orchestra.run.trial165.stdout:/usr/bin/ceph: stderr
2026-02-19T10:56:14.337+0000 7f2c60ff9640 1 -- 10.20.193.165:0/3142793283 <== mon.0 v2:10.20.193.165:3300/0 1 ==== mon_map magic: 0 ==== 213+0+0 (secure 0 0 0) 0x7f2c50043070 con 0x7f2c64113270
2026-02-19T10:56:14.590 INFO:teuthology.orchestra.run.trial165.stdout:/usr/bin/ceph: stderr
2026-02-19T10:56:14.337+0000 7f2c69fe8640 1 -- 10.20.193.165:0/3142793283 --> [v2:10.20.193.165:3300/0,v1:10.20.193.165:6789/0] -- mon_subscribe({mgrmap=0+}) -- 0x7f2c64122e60 con 0x7f2c64113270
2026-02-19T10:56:14.590 INFO:teuthology.orchestra.run.trial165.stdout:/usr/bin/ceph: stderr
2026-02-19T10:56:14.337+0000 7f2c60ff9640 1 -- 10.20.193.165:0/3142793283 <== mon.0 v2:10.20.193.165:3300/0 2 ==== config(26 keys) ==== 1029+0+0 (secure 0 0 0) 0x7f2c50037b30 con 0x7f2c64113270
2026-02-19T10:56:14.590 INFO:teuthology.orchestra.run.trial165.stdout:/usr/bin/ceph: stderr
2026-02-19T10:56:14.337+0000 7f2c60ff9640 1 -- 10.20.193.165:0/3142793283 <== mon.0 v2:10.20.193.165:3300/0 3 ==== mon_map magic: 0 ==== 213+0+0 (secure 0 0 0) 0x7f2c500036d0 con 0x7f2c64113270
2026-02-19T10:56:14.590 INFO:teuthology.orchestra.run.trial165.stdout:/usr/bin/ceph: stderr
2026-02-19T10:56:14.337+0000 7f2c69fe8640 1 -- 10.20.193.165:0/3142793283 --> [v2:10.20.193.165:3300/0,v1:10.20.193.165:6789/0] -- mon_subscribe({osdmap=0}) -- 0x7f2c641238e0 con 0x7f2c64113270
2026-02-19T10:56:14.590 INFO:teuthology.orchestra.run.trial165.stdout:/usr/bin/ceph: stderr
2026-02-19T10:56:14.338+0000 7f2c69fe8640 1 -- 10.20.193.165:0/3142793283 --> [v2:10.20.193.165:3300/0,v1:10.20.193.165:6789/0] -- mon_command({"prefix": "get_command_descriptions"} v 0) -- 0x7f2c64123370 con 0x7f2c64113270
2026-02-19T10:56:14.590 INFO:teuthology.orchestra.run.trial165.stdout:/usr/bin/ceph: stderr
2026-02-19T10:56:14.338+0000 7f2c60ff9640 1 -- 10.20.193.165:0/3142793283 <== mon.0 v2:10.20.193.165:3300/0 4 ==== mgrmap(e 8) ==== 52779+0+0 (secure 0 0 0) 0x7f2c5003e070 con 0x7f2c64113270
2026-02-19T10:56:14.590 INFO:teuthology.orchestra.run.trial165.stdout:/usr/bin/ceph: stderr
2026-02-19T10:56:14.338+0000 7f2c60ff9640 1 --2- 10.20.193.165:0/3142793283 >> v2:10.20.193.165:6800/549739689 conn(0x7f2c3803f790 0x7f2c3805fc40 unknown :-1 s=NONE pgs=0 gs=0 cs=0 l=1 c_cookie=0 s_cookie=0 reconnecting=0 rev1=0 crypto rx=0 tx=0 comp rx=0 tx=0).connect
2026-02-19T10:56:14.591 INFO:teuthology.orchestra.run.trial165.stdout:/usr/bin/ceph: stderr
2026-02-19T10:56:14.338+0000 7f2c60ff9640 1 -- 10.20.193.165:0/3142793283 <== mon.0 v2:10.20.193.165:3300/0 5 ==== osd_map(2..2 src has 1..2) ==== 892+0+0 (secure 0 0 0) 0x7f2c50078890 con 0x7f2c64113270
2026-02-19T10:56:14.591 INFO:teuthology.orchestra.run.trial165.stdout:/usr/bin/ceph: stderr
2026-02-19T10:56:14.338+0000 7f2c62ffd640 1 --2- 10.20.193.165:0/3142793283 >> v2:10.20.193.165:6800/549739689 conn(0x7f2c3803f790 0x7f2c3805fc40 unknown :-1 s=BANNER_CONNECTING pgs=0 gs=2 cs=0 l=1 c_cookie=0 s_cookie=0 reconnecting=0 rev1=0 crypto rx=0 tx=0 comp rx=0 tx=0)._handle_peer_banner_payload supported=3 required=0
2026-02-19T10:56:14.591 INFO:teuthology.orchestra.run.trial165.stdout:/usr/bin/ceph: stderr
2026-02-19T10:56:14.338+0000 7f2c62ffd640 1 --2- 10.20.193.165:0/3142793283 >> v2:10.20.193.165:6800/549739689 conn(0x7f2c3803f790 0x7f2c3805fc40 secure :-1 s=READY pgs=14 gs=2 cs=0 l=1 c_cookie=0 s_cookie=0 reconnecting=0 rev1=1 crypto rx=0x7f2c54006fd0 tx=0x7f2c54006e60 comp rx=0 tx=0).ready entity=mgr.14118 client_cookie=0 server_cookie=0 in_seq=0 out_seq=0
2026-02-19T10:56:14.591 INFO:teuthology.orchestra.run.trial165.stdout:/usr/bin/ceph: stderr
2026-02-19T10:56:14.340+0000 7f2c60ff9640 1 -- 10.20.193.165:0/3142793283 <== mon.0 v2:10.20.193.165:3300/0 6 ==== mon_command_ack([{"prefix": "get_command_descriptions"}]=0 v0) ==== 72+0+230863 (secure 0 0 0) 0x7f2c50048410 con 0x7f2c64113270
2026-02-19T10:56:14.591 INFO:teuthology.orchestra.run.trial165.stdout:/usr/bin/ceph: stderr
2026-02-19T10:56:14.357+0000 7f2c60ff9640 1 -- 10.20.193.165:0/3142793283 <== mon.0 v2:10.20.193.165:3300/0 7 ==== config(26 keys) ==== 1060+0+0 (secure 0 0 0) 0x7f2c50078290 con 0x7f2c64113270
2026-02-19T10:56:14.591 INFO:teuthology.orchestra.run.trial165.stdout:/usr/bin/ceph: stderr
2026-02-19T10:56:14.454+0000 7f2c69fe8640 1 -- 10.20.193.165:0/3142793283 --> v2:10.20.193.165:6800/549739689 -- mgr_command(tid 0: {"prefix": "orch apply", "service_type": "mgr", "unmanaged": true, "target": ["mon-mgr", ""]}) -- 0x7f2c640661c0 con 0x7f2c3803f790
2026-02-19T10:56:14.591 INFO:teuthology.orchestra.run.trial165.stdout:/usr/bin/ceph: stderr
2026-02-19T10:56:14.457+0000 7f2c60ff9640 1 -- 10.20.193.165:0/3142793283 <== mgr.14118 v2:10.20.193.165:6800/549739689 1 ==== mgr_command_reply(tid 0: 0 ) ==== 8+0+24 (secure 0 0 0) 0x7f2c640661c0 con 0x7f2c3803f790
2026-02-19T10:56:14.591 INFO:teuthology.orchestra.run.trial165.stdout:/usr/bin/ceph: stderr
2026-02-19T10:56:14.460+0000 7f2c69fe8640 1 -- 10.20.193.165:0/3142793283 >> v2:10.20.193.165:6800/549739689 conn(0x7f2c3803f790 msgr2=0x7f2c3805fc40 secure :-1 s=STATE_CONNECTION_ESTABLISHED l=1).mark_down
2026-02-19T10:56:14.591 INFO:teuthology.orchestra.run.trial165.stdout:/usr/bin/ceph: stderr
2026-02-19T10:56:14.460+0000 7f2c69fe8640 1 --2- 10.20.193.165:0/3142793283 >> v2:10.20.193.165:6800/549739689 conn(0x7f2c3803f790 0x7f2c3805fc40 secure :-1 s=READY pgs=14 gs=2 cs=0 l=1 c_cookie=0 s_cookie=0 reconnecting=0 rev1=1 crypto rx=0x7f2c54006fd0 tx=0x7f2c54006e60 comp rx=0 tx=0).stop
2026-02-19T10:56:14.591 INFO:teuthology.orchestra.run.trial165.stdout:/usr/bin/ceph: stderr
2026-02-19T10:56:14.460+0000 7f2c69fe8640 1 -- 10.20.193.165:0/3142793283 >> [v2:10.20.193.165:3300/0,v1:10.20.193.165:6789/0] conn(0x7f2c64113270 msgr2=0x7f2c64122700 secure :-1 s=STATE_CONNECTION_ESTABLISHED l=1).mark_down
2026-02-19T10:56:14.591 INFO:teuthology.orchestra.run.trial165.stdout:/usr/bin/ceph: stderr
2026-02-19T10:56:14.460+0000 7f2c69fe8640 1 --2- 10.20.193.165:0/3142793283 >> [v2:10.20.193.165:3300/0,v1:10.20.193.165:6789/0] conn(0x7f2c64113270 0x7f2c64122700 secure :-1 s=READY pgs=50 gs=1 cs=0 l=1 c_cookie=0 s_cookie=0 reconnecting=0 rev1=1 crypto rx=0x7f2c50006bc0 tx=0x7f2c50004740 comp rx=0 tx=0).stop
2026-02-19T10:56:14.591 INFO:teuthology.orchestra.run.trial165.stdout:/usr/bin/ceph: stderr
2026-02-19T10:56:14.460+0000 7f2c69fe8640 1 -- 10.20.193.165:0/3142793283 shutdown_connections
2026-02-19T10:56:14.592 INFO:teuthology.orchestra.run.trial165.stdout:/usr/bin/ceph: stderr
2026-02-19T10:56:14.460+0000 7f2c69fe8640 1 --2- 10.20.193.165:0/3142793283 >> v2:10.20.193.165:6800/549739689 conn(0x7f2c3803f790 0x7f2c3805fc40 unknown :-1 s=CLOSED pgs=14 gs=2 cs=0 l=1 c_cookie=0 s_cookie=0 reconnecting=0 rev1=1 crypto rx=0 tx=0 comp rx=0 tx=0).stop
2026-02-19T10:56:14.592 INFO:teuthology.orchestra.run.trial165.stdout:/usr/bin/ceph: stderr
2026-02-19T10:56:14.460+0000 7f2c69fe8640 1 --2- 10.20.193.165:0/3142793283 >> [v2:10.20.193.165:3300/0,v1:10.20.193.165:6789/0] conn(0x7f2c64113270 0x7f2c64122700 unknown :-1 s=CLOSED pgs=50 gs=1 cs=0 l=1 c_cookie=0 s_cookie=0 reconnecting=0 rev1=1 crypto rx=0 tx=0 comp rx=0 tx=0).stop
2026-02-19T10:56:14.592 INFO:teuthology.orchestra.run.trial165.stdout:/usr/bin/ceph: stderr
2026-02-19T10:56:14.460+0000 7f2c69fe8640 1 -- 10.20.193.165:0/3142793283 >> 10.20.193.165:0/3142793283 conn(0x7f2c640f09c0 msgr2=0x7f2c64110da0 unknown :-1 s=STATE_NONE l=0).mark_down
2026-02-19T10:56:14.592 INFO:teuthology.orchestra.run.trial165.stdout:/usr/bin/ceph: stderr
2026-02-19T10:56:14.460+0000 7f2c69fe8640 1 -- 10.20.193.165:0/3142793283 shutdown_connections
2026-02-19T10:56:14.592 INFO:teuthology.orchestra.run.trial165.stdout:/usr/bin/ceph: stderr
2026-02-19T10:56:14.460+0000 7f2c69fe8640 1 -- 10.20.193.165:0/3142793283 wait complete.
2026-02-19T10:56:14.714 INFO:journalctl@ceph.mon.a.trial165.stdout:Feb 19 10:56:14 trial165 ceph-mon[22032]: from='mgr.14118 10.20.193.165:0/3001099844' entity='mgr.y'
2026-02-19T10:56:14.715 INFO:journalctl@ceph.mon.a.trial165.stdout:Feb 19 10:56:14 trial165 ceph-mon[22032]: Added host trial165
2026-02-19T10:56:14.715 INFO:journalctl@ceph.mon.a.trial165.stdout:Feb 19 10:56:14 trial165 ceph-mon[22032]: from='mgr.14118 10.20.193.165:0/3001099844' entity='mgr.y' cmd={"prefix": "config dump", "format": "json"} : dispatch
2026-02-19T10:56:14.715 INFO:journalctl@ceph.mon.a.trial165.stdout:Feb 19 10:56:14 trial165 ceph-mon[22032]: from='client.14142 -' entity='client.admin' cmd=[{"prefix": "orch apply", "service_type": "mon", "unmanaged": true, "target": ["mon-mgr", ""]}]: dispatch
2026-02-19T10:56:14.715 INFO:journalctl@ceph.mon.a.trial165.stdout:Feb 19 10:56:14 trial165 ceph-mon[22032]: Saving service mon spec with placement count:5
2026-02-19T10:56:14.715 INFO:journalctl@ceph.mon.a.trial165.stdout:Feb 19 10:56:14 trial165 ceph-mon[22032]: from='mgr.14118 10.20.193.165:0/3001099844' entity='mgr.y'
2026-02-19T10:56:14.715 INFO:journalctl@ceph.mon.a.trial165.stdout:Feb 19 10:56:14 trial165 ceph-mon[22032]: from='mgr.14118 10.20.193.165:0/3001099844' entity='mgr.y'
2026-02-19T10:56:14.715 INFO:journalctl@ceph.mon.a.trial165.stdout:Feb 19 10:56:14 trial165 ceph-mon[22032]: from='mgr.14118 10.20.193.165:0/3001099844' entity='mgr.y'
2026-02-19T10:56:14.715 INFO:journalctl@ceph.mon.a.trial165.stdout:Feb 19 10:56:14 trial165 ceph-mon[22032]: from='mgr.14118 10.20.193.165:0/3001099844' entity='mgr.y'
2026-02-19T10:56:14.957 INFO:teuthology.orchestra.run.trial165.stdout:/usr/bin/ceph: stderr
2026-02-19T10:56:14.716+0000 7fd4831b6640 1 Processor -- start
2026-02-19T10:56:14.957 INFO:teuthology.orchestra.run.trial165.stdout:/usr/bin/ceph: stderr
2026-02-19T10:56:14.716+0000 7fd4831b6640 1 -- start start
2026-02-19T10:56:14.957 INFO:teuthology.orchestra.run.trial165.stdout:/usr/bin/ceph: stderr
2026-02-19T10:56:14.716+0000 7fd4831b6640 1 --2- >> [v2:10.20.193.165:3300/0,v1:10.20.193.165:6789/0] conn(0x7fd47c1132e0 0x7fd47c1136d0 unknown :-1 s=NONE pgs=0 gs=0 cs=0 l=0 c_cookie=0 s_cookie=0 reconnecting=0 rev1=0 crypto rx=0 tx=0 comp rx=0 tx=0).connect
2026-02-19T10:56:14.958 INFO:teuthology.orchestra.run.trial165.stdout:/usr/bin/ceph: stderr
2026-02-19T10:56:14.716+0000 7fd4831b6640 1 -- --> [v2:10.20.193.165:3300/0,v1:10.20.193.165:6789/0] -- mon_getmap magic: 0 -- 0x7fd47c113cc0 con 0x7fd47c1132e0
2026-02-19T10:56:14.958 INFO:teuthology.orchestra.run.trial165.stdout:/usr/bin/ceph: stderr
2026-02-19T10:56:14.717+0000 7fd480f2b640 1 --2- >> [v2:10.20.193.165:3300/0,v1:10.20.193.165:6789/0] conn(0x7fd47c1132e0 0x7fd47c1136d0 unknown :-1 s=BANNER_CONNECTING pgs=0 gs=1 cs=0 l=0 c_cookie=0 s_cookie=0 reconnecting=0 rev1=0 crypto rx=0 tx=0 comp rx=0 tx=0)._handle_peer_banner_payload supported=3 required=0
2026-02-19T10:56:14.958 INFO:teuthology.orchestra.run.trial165.stdout:/usr/bin/ceph: stderr
2026-02-19T10:56:14.717+0000 7fd480f2b640 1 --2- >> [v2:10.20.193.165:3300/0,v1:10.20.193.165:6789/0] conn(0x7fd47c1132e0 0x7fd47c1136d0 unknown :-1 s=HELLO_CONNECTING pgs=0 gs=1 cs=0 l=0 c_cookie=0 s_cookie=0 reconnecting=0 rev1=1 crypto rx=0 tx=0 comp rx=0 tx=0).handle_hello peer v2:10.20.193.165:3300/0 says I am v2:10.20.193.165:58718/0 (socket says 10.20.193.165:58718)
2026-02-19T10:56:14.958 INFO:teuthology.orchestra.run.trial165.stdout:/usr/bin/ceph: stderr
2026-02-19T10:56:14.717+0000 7fd480f2b640 1 -- 10.20.193.165:0/3305610648 learned_addr learned my addr 10.20.193.165:0/3305610648 (peer_addr_for_me v2:10.20.193.165:0/0)
2026-02-19T10:56:14.958 INFO:teuthology.orchestra.run.trial165.stdout:/usr/bin/ceph: stderr
2026-02-19T10:56:14.717+0000 7fd480f2b640 1 -- 10.20.193.165:0/3305610648 --> [v2:10.20.193.165:3300/0,v1:10.20.193.165:6789/0] -- mon_subscribe({config=0+,monmap=0+}) -- 0x7fd47c113e00 con 0x7fd47c1132e0
2026-02-19T10:56:14.958 INFO:teuthology.orchestra.run.trial165.stdout:/usr/bin/ceph: stderr
2026-02-19T10:56:14.717+0000 7fd480f2b640 1 --2- 10.20.193.165:0/3305610648 >> [v2:10.20.193.165:3300/0,v1:10.20.193.165:6789/0] conn(0x7fd47c1132e0 0x7fd47c1136d0 secure :-1 s=READY pgs=51 gs=1 cs=0 l=1 c_cookie=17997229124240282862 s_cookie=0 reconnecting=0 rev1=1 crypto rx=0x7fd46c009850 tx=0x7fd46c02eeb0 comp rx=0 tx=0).ready entity=mon.0 client_cookie=f9c30088fba814ee server_cookie=0 in_seq=0 out_seq=0
2026-02-19T10:56:14.958 INFO:teuthology.orchestra.run.trial165.stdout:/usr/bin/ceph: stderr
2026-02-19T10:56:14.717+0000 7fd4737fe640 1 -- 10.20.193.165:0/3305610648 <== mon.0 v2:10.20.193.165:3300/0 1 ==== mon_map magic: 0 ==== 213+0+0 (secure 0 0 0) 0x7fd46c02f940 con 0x7fd47c1132e0
2026-02-19T10:56:14.958 INFO:teuthology.orchestra.run.trial165.stdout:/usr/bin/ceph: stderr
2026-02-19T10:56:14.717+0000 7fd4737fe640 1 -- 10.20.193.165:0/3305610648 <== mon.0 v2:10.20.193.165:3300/0 2 ==== config(26 keys) ==== 1060+0+0 (secure 0 0 0) 0x7fd46c037440 con 0x7fd47c1132e0
2026-02-19T10:56:14.958 INFO:teuthology.orchestra.run.trial165.stdout:/usr/bin/ceph: stderr
2026-02-19T10:56:14.717+0000 7fd4737fe640 1 -- 10.20.193.165:0/3305610648 <== mon.0 v2:10.20.193.165:3300/0 3 ==== mon_map magic: 0 ==== 213+0+0 (secure 0 0 0) 0x7fd46c0354e0 con 0x7fd47c1132e0
2026-02-19T10:56:14.958 INFO:teuthology.orchestra.run.trial165.stdout:/usr/bin/ceph: stderr
2026-02-19T10:56:14.718+0000 7fd4831b6640 1 -- 10.20.193.165:0/3305610648 >> [v2:10.20.193.165:3300/0,v1:10.20.193.165:6789/0] conn(0x7fd47c1132e0 msgr2=0x7fd47c1136d0 secure :-1 s=STATE_CONNECTION_ESTABLISHED l=1).mark_down
2026-02-19T10:56:14.958 INFO:teuthology.orchestra.run.trial165.stdout:/usr/bin/ceph: stderr
2026-02-19T10:56:14.718+0000 7fd4831b6640 1 --2- 10.20.193.165:0/3305610648 >> [v2:10.20.193.165:3300/0,v1:10.20.193.165:6789/0] conn(0x7fd47c1132e0 0x7fd47c1136d0 secure :-1 s=READY pgs=51 gs=1 cs=0 l=1 c_cookie=17997229124240282862 s_cookie=0 reconnecting=0 rev1=1 crypto rx=0x7fd46c009850 tx=0x7fd46c02eeb0 comp rx=0 tx=0).stop
2026-02-19T10:56:14.958 INFO:teuthology.orchestra.run.trial165.stdout:/usr/bin/ceph: stderr
2026-02-19T10:56:14.718+0000 7fd4831b6640 1 -- 10.20.193.165:0/3305610648 shutdown_connections
2026-02-19T10:56:14.959 INFO:teuthology.orchestra.run.trial165.stdout:/usr/bin/ceph: stderr
