2026-02-13T09:36:58.590+0000 7f5c979ec640 5 mon.a@0(leader).paxos(paxos active c 1..4) is_readable = 1 - now=2026-02-13T09:36:58.591907+0000 lease_expire=2026-02-13T09:37:03.591699+0000 has v0 lc 4
2026-02-13T09:36:58.590+0000 7f5c979ec640 10 mon.a@0(leader).log v2 preprocess_query log(1 entries from seq 2 at
2026-02-13T09:36:53.583882+0000) from mon.1 v2:127.0.0.1:7128/0
2026-02-13T09:36:58.590+0000 7f5c979ec640 10 mon.a@0(leader).log v2 preprocess_log log(1 entries from seq 2 at
2026-02-13T09:36:53.583882+0000) from mon.1
2026-02-13T09:36:58.590+0000 7f5c979ec640 20 MonCap is_capable service=log command= write addr - on cap allow *
2026-02-13T09:36:58.590+0000 7f5c979ec640 20 MonCap allow so far , doing grant allow *
2026-02-13T09:36:58.590+0000 7f5c979ec640 20 MonCap allow all
2026-02-13T09:36:58.590+0000 7f5c979ec640 10 mon.a@0(leader) e1 no_reply to mon.1 v2:127.0.0.1:7128/0 via v2:127.0.0.1:7128/0 for request log(1 entries from seq 2 at
2026-02-13T09:36:53.583882+0000)
2026-02-13T09:36:58.590+0000 7f5c979ec640 1 -- v2:127.0.0.1:7127/0 --> v2:127.0.0.1:7128/0 -- route(no-reply tid 2) -- 0x18c4580 con 0x19ea800
2026-02-13T09:36:58.590+0000 7f5c979ec640 5 --2- v2:127.0.0.1:7127/0 >> v2:127.0.0.1:7128/0 conn(0x19ea800 0x19b4b00 crc :-1 s=READY pgs=4 gs=4 cs=0 l=0 c_cookie=8938688379437965815 s_cookie=2416471792485608123 reconnecting=0 rev1=1 crypto rx=0 tx=0 comp rx=0 tx=0).send_message enqueueing message m=0x18c4580 type=47 route(no-reply tid 2)
2026-02-13T09:36:58.590+0000 7f5c979ec640 15 --2- v2:127.0.0.1:7127/0 >> v2:127.0.0.1:7128/0 conn(0x19ea800 0x19b4b00 crc :-1 s=READY pgs=4 gs=4 cs=0 l=0 c_cookie=8938688379437965815 s_cookie=2416471792485608123 reconnecting=0 rev1=1 crypto rx=0 tx=0 comp rx=0 tx=0).send_message message queued for async transmission m=0x18c4580
2026-02-13T09:36:58.590+0000 7f5c9e1f9640 10 -- v2:127.0.0.1:7127/0 >> v2:127.0.0.1:7128/0 conn(0x19ea800 msgr2=0x19b4b00 crc :-1 s=STATE_CONNECTION_ESTABLISHED l=0)._try_send sent bytes 159 remaining bytes 0
2026-02-13T09:36:58.590+0000 7f5c979ec640 10 mon.a@0(leader).log v2 prepare_update log(1 entries from seq 2 at
2026-02-13T09:36:53.583882+0000) from mon.1 v2:127.0.0.1:7128/0
2026-02-13T09:36:58.590+0000 7f5c979ec640 10 mon.a@0(leader).log v2 prepare_log log(1 entries from seq 2 at
2026-02-13T09:36:53.583882+0000) from mon.1
2026-02-13T09:36:58.590+0000 7f5c9e1f9640 10 --2- v2:127.0.0.1:7127/0 >> v2:127.0.0.1:7128/0 conn(0x19ea800 0x19b4b00 crc :-1 s=READY pgs=4 gs=4 cs=0 l=0 c_cookie=8938688379437965815 s_cookie=2416471792485608123 reconnecting=0 rev1=1 crypto rx=0 tx=0 comp rx=0 tx=0).write_message sending 0x18c4420 done.
2026-02-13T09:36:58.590+0000 7f5c979ec640 10 mon.a@0(leader).log v2 logging
2026-02-13T09:36:53.583882+0000 mon.b (mon.1) 2 : cluster [INF] mon.b calling monitor election
2026-02-13T09:36:58.590+0000 7f5c9e1f9640 20 --2- v2:127.0.0.1:7127/0 >> v2:127.0.0.1:7128/0 conn(0x19ea800 0x19b4b00 crc :-1 s=READY pgs=4 gs=4 cs=0 l=0 c_cookie=8938688379437965815 s_cookie=2416471792485608123 reconnecting=0 rev1=1 crypto rx=0 tx=0 comp rx=0 tx=0).prepare_send_message m=route(no-reply tid 2)
2026-02-13T09:36:58.590+0000 7f5c979ec640 10 mon.a@0(leader).paxosservice(logm 1..2) proposal_timer already set
2026-02-13T09:36:58.590+0000 7f5c979ec640 20 mon.a@0(leader).paxos(paxos active c 1..4) finish_round waiting_for_readable
2026-02-13T09:36:58.590+0000 7f5c9e1f9640 20 --2- v2:127.0.0.1:7127/0 >> v2:127.0.0.1:7128/0 conn(0x19ea800 0x19b4b00 crc :-1 s=READY pgs=4 gs=4 cs=0 l=0 c_cookie=8938688379437965815 s_cookie=2416471792485608123 reconnecting=0 rev1=1 crypto rx=0 tx=0 comp rx=0 tx=0).prepare_send_message encoding features 4544132024016699391 0x18c4580 route(no-reply tid 2)
2026-02-13T09:36:58.590+0000 7f5c979ec640 20 mon.a@0(leader).paxos(paxos active c 1..4) finish_round waiting_for_writeable
2026-02-13T09:36:58.590+0000 7f5c979ec640 10 mon.a@0(leader).paxos(paxos active c 1..4) finish_round done w/ waiters, state active
2026-02-13T09:36:58.590+0000 7f5c9e1f9640 2 --2- v2:127.0.0.1:7127/0 >> v2:127.0.0.1:7128/0 conn(0x19ea800 0x19b4b00 crc :-1 s=READY pgs=4 gs=4 cs=0 l=0 c_cookie=8938688379437965815 s_cookie=2416471792485608123 reconnecting=0 rev1=1 crypto rx=0 tx=0 comp rx=0 tx=0).write_message sending message m=0x18c4580 seq=41 route(no-reply tid 2)
2026-02-13T09:36:58.590+0000 7f5c9e1f9640 20 --2- v2:127.0.0.1:7127/0 >> v2:127.0.0.1:7128/0 conn(0x19ea800 0x19b4b00 crc :-1 s=READY pgs=4 gs=4 cs=0 l=0 c_cookie=8938688379437965815 s_cookie=2416471792485608123 reconnecting=0 rev1=1 crypto rx=0 tx=0 comp rx=0 tx=0).write_message sending m=0x18c4580 seq=41 src=mon.0 off=0
2026-02-13T09:36:58.590+0000 7f5c979ec640 10 mon.a@0(leader).paxos(paxos active c 1..4) propose_pending 5 1087 bytes
2026-02-13T09:36:58.590+0000 7f5c979ec640 10 mon.a@0(leader).paxos(paxos updating c 1..4) begin for 5 1087 bytes
2026-02-13T09:36:58.590+0000 7f5c9e1f9640 10 -- v2:127.0.0.1:7127/0 >> v2:127.0.0.1:7128/0 conn(0x19ea800 msgr2=0x19b4b00 crc :-1 s=STATE_CONNECTION_ESTABLISHED l=0)._try_send sent bytes 159 remaining bytes 0
2026-02-13T09:36:58.590+0000 7f5c9e1f9640 10 --2- v2:127.0.0.1:7127/0 >> v2:127.0.0.1:7128/0 conn(0x19ea800 0x19b4b00 crc :-1 s=READY pgs=4 gs=4 cs=0 l=0 c_cookie=8938688379437965815 s_cookie=2416471792485608123 reconnecting=0 rev1=1 crypto rx=0 tx=0 comp rx=0 tx=0).write_message sending 0x18c4580 done.
2026-02-13T09:36:58.590+0000 7f5c9e1f9640 20 -- v2:127.0.0.1:7127/0 >> v2:127.0.0.1:7128/0 conn(0x19ea800 msgr2=0x19b4b00 crc :-1 s=STATE_CONNECTION_ESTABLISHED l=0).process
2026-02-13T09:36:58.590+0000 7f5c9e1f9640 20 -- v2:127.0.0.1:7127/0 >> v2:127.0.0.1:7128/0 conn(0x19ea800 msgr2=0x19b4b00 crc :-1 s=STATE_CONNECTION_ESTABLISHED l=0).read continue len=32
2026-02-13T09:36:58.590+0000 7f5c9e1f9640 20 --2- v2:127.0.0.1:7127/0 >> v2:127.0.0.1:7128/0 conn(0x19ea800 0x19b4b00 crc :-1 s=READY pgs=4 gs=4 cs=0 l=0 c_cookie=8938688379437965815 s_cookie=2416471792485608123 reconnecting=0 rev1=1 crypto rx=0 tx=0 comp rx=0 tx=0).handle_read_frame_preamble_main r=0
2026-02-13T09:36:58.590+0000 7f5c9e1f9640 20 --2- v2:127.0.0.1:7127/0 >> v2:127.0.0.1:7128/0 conn(0x19ea800 0x19b4b00 crc :-1 s=READY pgs=4 gs=4 cs=0 l=0 c_cookie=8938688379437965815 s_cookie=2416471792485608123 reconnecting=0 rev1=1 crypto rx=0 tx=0 comp rx=0 tx=0).read_frame_segment seg_idx=0
2026-02-13T09:36:58.590+0000 7f5c9e1f9640 20 -- v2:127.0.0.1:7127/0 >> v2:127.0.0.1:7128/0 conn(0x19ea800 msgr2=0x19b4b00 crc :-1 s=STATE_CONNECTION_ESTABLISHED l=0).read start len=12
2026-02-13T09:36:58.590+0000 7f5c9e1f9640 20 --2- v2:127.0.0.1:7127/0 >> v2:127.0.0.1:7128/0 conn(0x19ea800 0x19b4b00 crc :-1 s=READY pgs=4 gs=4 cs=0 l=0 c_cookie=8938688379437965815 s_cookie=2416471792485608123 reconnecting=0 rev1=1 crypto rx=0 tx=0 comp rx=0 tx=0).handle_read_frame_segment r=0
2026-02-13T09:36:58.590+0000 7f5c9e1f9640 10 --2- v2:127.0.0.1:7127/0 >> v2:127.0.0.1:7128/0 conn(0x19ea800 0x19b4b00 crc :-1 s=READY pgs=4 gs=4 cs=0 l=0 c_cookie=8938688379437965815 s_cookie=2416471792485608123 reconnecting=0 rev1=1 crypto rx=0 tx=0 comp rx=0 tx=0).handle_read_frame_dispatch tag=20
2026-02-13T09:36:58.590+0000 7f5c9e1f9640 20 --2- v2:127.0.0.1:7127/0 >> v2:127.0.0.1:7128/0 conn(0x19ea800 0x19b4b00 crc :-1 s=READY pgs=4 gs=4 cs=0 l=0 c_cookie=8938688379437965815 s_cookie=2416471792485608123 reconnecting=0 rev1=1 crypto rx=0 tx=0 comp rx=0 tx=0).handle_message_ack payload.length()=8
2026-02-13T09:36:58.590+0000 7f5c9e1f9640 15 --2- v2:127.0.0.1:7127/0 >> v2:127.0.0.1:7128/0 conn(0x19ea800 0x19b4b00 crc :-1 s=READY pgs=4 gs=4 cs=0 l=0 c_cookie=8938688379437965815 s_cookie=2416471792485608123 reconnecting=0 rev1=1 crypto rx=0 tx=0 comp rx=0 tx=0).handle_message_ack seq=40
2026-02-13T09:36:58.590+0000 7f5c9e1f9640 10 --2- v2:127.0.0.1:7127/0 >> v2:127.0.0.1:7128/0 conn(0x19ea800 0x19b4b00 crc :-1 s=READY pgs=4 gs=4 cs=0 l=0 c_cookie=8938688379437965815 s_cookie=2416471792485608123 reconnecting=0 rev1=1 crypto rx=0 tx=0 comp rx=0 tx=0).handle_message_ack got ack seq 40 >= 40 on 0x18c4420 route(no-reply tid 1)
2026-02-13T09:36:58.590+0000 7f5c9e1f9640 20 --2- v2:127.0.0.1:7127/0 >> v2:127.0.0.1:7128/0 conn(0x19ea800 0x19b4b00 crc :-1 s=READY pgs=4 gs=4 cs=0 l=0 c_cookie=8938688379437965815 s_cookie=2416471792485608123 reconnecting=0 rev1=1 crypto rx=0 tx=0 comp rx=0 tx=0).read_frame
2026-02-13T09:36:58.590+0000 7f5c9e1f9640 20 -- v2:127.0.0.1:7127/0 >> v2:127.0.0.1:7128/0 conn(0x19ea800 msgr2=0x19b4b00 crc :-1 s=STATE_CONNECTION_ESTABLISHED l=0).read start len=32
2026-02-13T09:36:58.590+0000 7f5c9e1f9640 20 -- v2:127.0.0.1:7127/0 >> v2:127.0.0.1:7128/0 conn(0x19ea800 msgr2=0x19b4b00 crc :-1 s=STATE_CONNECTION_ESTABLISHED l=0).process
2026-02-13T09:36:58.590+0000 7f5c9e1f9640 20 -- v2:127.0.0.1:7127/0 >> v2:127.0.0.1:7128/0 conn(0x19ea800 msgr2=0x19b4b00 crc :-1 s=STATE_CONNECTION_ESTABLISHED l=0).read continue len=32
2026-02-13T09:36:58.590+0000 7f5c9e1f9640 20 --2- v2:127.0.0.1:7127/0 >> v2:127.0.0.1:7128/0 conn(0x19ea800 0x19b4b00 crc :-1 s=READY pgs=4 gs=4 cs=0 l=0 c_cookie=8938688379437965815 s_cookie=2416471792485608123 reconnecting=0 rev1=1 crypto rx=0 tx=0 comp rx=0 tx=0).handle_read_frame_preamble_main r=0
2026-02-13T09:36:58.590+0000 7f5c9e1f9640 20 --2- v2:127.0.0.1:7127/0 >> v2:127.0.0.1:7128/0 conn(0x19ea800 0x19b4b00 crc :-1 s=READY pgs=4 gs=4 cs=0 l=0 c_cookie=8938688379437965815 s_cookie=2416471792485608123 reconnecting=0 rev1=1 crypto rx=0 tx=0 comp rx=0 tx=0).read_frame_segment seg_idx=0
2026-02-13T09:36:58.590+0000 7f5c9e1f9640 20 -- v2:127.0.0.1:7127/0 >> v2:127.0.0.1:7128/0 conn(0x19ea800 msgr2=0x19b4b00 crc :-1 s=STATE_CONNECTION_ESTABLISHED l=0).read start len=12
2026-02-13T09:36:58.590+0000 7f5c9e1f9640 20 --2- v2:127.0.0.1:7127/0 >> v2:127.0.0.1:7128/0 conn(0x19ea800 0x19b4b00 crc :-1 s=READY pgs=4 gs=4 cs=0 l=0 c_cookie=8938688379437965815 s_cookie=2416471792485608123 reconnecting=0 rev1=1 crypto rx=0 tx=0 comp rx=0 tx=0).handle_read_frame_segment r=0
2026-02-13T09:36:58.590+0000 7f5c9e1f9640 10 --2- v2:127.0.0.1:7127/0 >> v2:127.0.0.1:7128/0 conn(0x19ea800 0x19b4b00 crc :-1 s=READY pgs=4 gs=4 cs=0 l=0 c_cookie=8938688379437965815 s_cookie=2416471792485608123 reconnecting=0 rev1=1 crypto rx=0 tx=0 comp rx=0 tx=0).handle_read_frame_dispatch tag=20
2026-02-13T09:36:58.590+0000 7f5c9e1f9640 20 --2- v2:127.0.0.1:7127/0 >> v2:127.0.0.1:7128/0 conn(0x19ea800 0x19b4b00 crc :-1 s=READY pgs=4 gs=4 cs=0 l=0 c_cookie=8938688379437965815 s_cookie=2416471792485608123 reconnecting=0 rev1=1 crypto rx=0 tx=0 comp rx=0 tx=0).handle_message_ack payload.length()=8
2026-02-13T09:36:58.590+0000 7f5c9e1f9640 15 --2- v2:127.0.0.1:7127/0 >> v2:127.0.0.1:7128/0 conn(0x19ea800 0x19b4b00 crc :-1 s=READY pgs=4 gs=4 cs=0 l=0 c_cookie=8938688379437965815 s_cookie=2416471792485608123 reconnecting=0 rev1=1 crypto rx=0 tx=0 comp rx=0 tx=0).handle_message_ack seq=41
2026-02-13T09:36:58.590+0000 7f5c9e1f9640 10 --2- v2:127.0.0.1:7127/0 >> v2:127.0.0.1:7128/0 conn(0x19ea800 0x19b4b00 crc :-1 s=READY pgs=4 gs=4 cs=0 l=0 c_cookie=8938688379437965815 s_cookie=2416471792485608123 reconnecting=0 rev1=1 crypto rx=0 tx=0 comp rx=0 tx=0).handle_message_ack got ack seq 41 >= 41 on 0x18c4580 route(no-reply tid 2)
2026-02-13T09:36:58.590+0000 7f5c9e1f9640 20 --2- v2:127.0.0.1:7127/0 >> v2:127.0.0.1:7128/0 conn(0x19ea800 0x19b4b00 crc :-1 s=READY pgs=4 gs=4 cs=0 l=0 c_cookie=8938688379437965815 s_cookie=2416471792485608123 reconnecting=0 rev1=1 crypto rx=0 tx=0 comp rx=0 tx=0).read_frame
2026-02-13T09:36:58.590+0000 7f5c9e1f9640 20 -- v2:127.0.0.1:7127/0 >> v2:127.0.0.1:7128/0 conn(0x19ea800 msgr2=0x19b4b00 crc :-1 s=STATE_CONNECTION_ESTABLISHED l=0).read start len=32
2026-02-13T09:36:58.590+0000 7f5c979ec640 10 mon.a@0(leader).paxos(paxos updating c 1..4) sending begin to mon.1
2026-02-13T09:36:58.590+0000 7f5c979ec640 1 -- v2:127.0.0.1:7127/0 send_to--> mon v2:127.0.0.1:7128/0 -- paxos(begin lc 4 fc 0 pn 200 opn 0) -- ?+0 0x2ad6c00
2026-02-13T09:36:58.590+0000 7f5c979ec640 10 -- v2:127.0.0.1:7127/0 connect_to v2:127.0.0.1:7128/0 existing 0x19ea800
2026-02-13T09:36:58.590+0000 7f5c979ec640 1 -- v2:127.0.0.1:7127/0 --> v2:127.0.0.1:7128/0 -- paxos(begin lc 4 fc 0 pn 200 opn 0) -- 0x2ad6c00 con 0x19ea800
2026-02-13T09:36:58.590+0000 7f5c979ec640 5 --2- v2:127.0.0.1:7127/0 >> v2:127.0.0.1:7128/0 conn(0x19ea800 0x19b4b00 crc :-1 s=READY pgs=4 gs=4 cs=0 l=0 c_cookie=8938688379437965815 s_cookie=2416471792485608123 reconnecting=0 rev1=1 crypto rx=0 tx=0 comp rx=0 tx=0).send_message enqueueing message m=0x2ad6c00 type=66 paxos(begin lc 4 fc 0 pn 200 opn 0)
2026-02-13T09:36:58.590+0000 7f5c979ec640 15 --2- v2:127.0.0.1:7127/0 >> v2:127.0.0.1:7128/0 conn(0x19ea800 0x19b4b00 crc :-1 s=READY pgs=4 gs=4 cs=0 l=0 c_cookie=8938688379437965815 s_cookie=2416471792485608123 reconnecting=0 rev1=1 crypto rx=0 tx=0 comp rx=0 tx=0).send_message message queued for async transmission m=0x2ad6c00
2026-02-13T09:36:58.590+0000 7f5c979ec640 20 Event(0x189abc8 nevent=5000 time_id=5).wakeup
2026-02-13T09:36:58.590+0000 7f5c9e1f9640 10 -- v2:127.0.0.1:7127/0 >> v2:127.0.0.1:7128/0 conn(0x19ea800 msgr2=0x19b4b00 crc :-1 s=STATE_CONNECTION_ESTABLISHED l=0).handle_write
2026-02-13T09:36:58.590+0000 7f5c9e1f9640 10 --2- v2:127.0.0.1:7127/0 >> v2:127.0.0.1:7128/0 conn(0x19ea800 0x19b4b00 crc :-1 s=READY pgs=4 gs=4 cs=0 l=0 c_cookie=8938688379437965815 s_cookie=2416471792485608123 reconnecting=0 rev1=1 crypto rx=0 tx=0 comp rx=0 tx=0).write_event
2026-02-13T09:36:58.590+0000 7f5c9e1f9640 20 --2- v2:127.0.0.1:7127/0 >> v2:127.0.0.1:7128/0 conn(0x19ea800 0x19b4b00 crc :-1 s=READY pgs=4 gs=4 cs=0 l=0 c_cookie=8938688379437965815 s_cookie=2416471792485608123 reconnecting=0 rev1=1 crypto rx=0 tx=0 comp rx=0 tx=0).prepare_send_message m=paxos(begin lc 4 fc 0 pn 200 opn 0)
2026-02-13T09:36:58.590+0000 7f5c9e1f9640 20 --2- v2:127.0.0.1:7127/0 >> v2:127.0.0.1:7128/0 conn(0x19ea800 0x19b4b00 crc :-1 s=READY pgs=4 gs=4 cs=0 l=0 c_cookie=8938688379437965815 s_cookie=2416471792485608123 reconnecting=0 rev1=1 crypto rx=0 tx=0 comp rx=0 tx=0).prepare_send_message encoding features 4544132024016699391 0x2ad6c00 paxos(begin lc 4 fc 0 pn 200 opn 0)
2026-02-13T09:36:58.590+0000 7f5c9a1f1640 20 mon.a@0(leader) e1 _ms_dispatch existing session 0x2867680 for mon.0
2026-02-13T09:36:58.590+0000 7f5c9a1f1640 20 mon.a@0(leader) e1 entity_name global_id 0 (none) caps allow *
2026-02-13T09:36:58.590+0000 7f5c9a1f1640 20 MonCap is_capable service=mon command= read addr - on cap allow *
2026-02-13T09:36:58.590+0000 7f5c9e1f9640 2 --2- v2:127.0.0.1:7127/0 >> v2:127.0.0.1:7128/0 conn(0x19ea800 0x19b4b00 crc :-1 s=READY pgs=4 gs=4 cs=0 l=0 c_cookie=8938688379437965815 s_cookie=2416471792485608123 reconnecting=0 rev1=1 crypto rx=0 tx=0 comp rx=0 tx=0).write_message sending message m=0x2ad6c00 seq=42 paxos(begin lc 4 fc 0 pn 200 opn 0)
2026-02-13T09:36:58.590+0000 7f5c9a1f1640 20 MonCap allow so far , doing grant allow *
2026-02-13T09:36:58.590+0000 7f5c9a1f1640 20 MonCap allow all
2026-02-13T09:36:58.590+0000 7f5c9e1f9640 20 --2- v2:127.0.0.1:7127/0 >> v2:127.0.0.1:7128/0 conn(0x19ea800 0x19b4b00 crc :-1 s=READY pgs=4 gs=4 cs=0 l=0 c_cookie=8938688379437965815 s_cookie=2416471792485608123 reconnecting=0 rev1=1 crypto rx=0 tx=0 comp rx=0 tx=0).write_message sending m=0x2ad6c00 seq=42 src=mon.0 off=0
2026-02-13T09:36:58.590+0000 7f5c9a1f1640 20 -- v2:127.0.0.1:7127/0 done calling dispatch on 0x292d080
2026-02-13T09:36:58.590+0000 7f5c9e1f9640 10 -- v2:127.0.0.1:7127/0 >> v2:127.0.0.1:7128/0 conn(0x19ea800 msgr2=0x19b4b00 crc :-1 s=STATE_CONNECTION_ESTABLISHED l=0)._try_send sent bytes 1273 remaining bytes 0
2026-02-13T09:36:58.590+0000 7f5c9e1f9640 10 --2- v2:127.0.0.1:7127/0 >> v2:127.0.0.1:7128/0 conn(0x19ea800 0x19b4b00 crc :-1 s=READY pgs=4 gs=4 cs=0 l=0 c_cookie=8938688379437965815 s_cookie=2416471792485608123 reconnecting=0 rev1=1 crypto rx=0 tx=0 comp rx=0 tx=0).write_message sending 0x2ad6c00 done.
2026-02-13T09:36:58.590+0000 7f5c9a1f1640 1 -- v2:127.0.0.1:7127/0 <== mon.1 v2:127.0.0.1:7128/0 34 ==== paxos(lease_ack lc 4 fc 1 pn 0 opn 0) ==== 118+0+0 (crc 0 0 0) 0x2ad6800 con 0x19ea800
2026-02-13T09:36:58.590+0000 7f5c9a1f1640 20 mon.a@0(leader) e1 _ms_dispatch existing session 0x28666c0 for mon.1
2026-02-13T09:36:58.590+0000 7f5c9a1f1640 20 mon.a@0(leader) e1 entity_name global_id 0 (none) caps allow *
2026-02-13T09:36:58.590+0000 7f5c9a1f1640 20 MonCap is_capable service=mon command= read addr v2:127.0.0.1:7128/0 on cap allow *
2026-02-13T09:36:58.590+0000 7f5c9a1f1640 20 MonCap allow so far , doing grant allow *
2026-02-13T09:36:58.590+0000 7f5c9a1f1640 20 MonCap allow all
2026-02-13T09:36:58.590+0000 7f5c9a1f1640 20 MonCap is_capable service=mon command= exec addr v2:127.0.0.1:7128/0 on cap allow *
2026-02-13T09:36:58.590+0000 7f5c9a1f1640 20 MonCap allow so far , doing grant allow *
2026-02-13T09:36:58.590+0000 7f5c9a1f1640 20 MonCap allow all
2026-02-13T09:36:58.590+0000 7f5c9a1f1640 10 mon.a@0(leader).paxos(paxos updating c 1..4) handle_lease_ack from mon.1 -- stray (probably since revoked)
2026-02-13T09:36:58.590+0000 7f5c9a1f1640 10 -- v2:127.0.0.1:7127/0 dispatch_throttle_release 118 to dispatch throttler 118/104857600
2026-02-13T09:36:58.590+0000 7f5c9a1f1640 20 -- v2:127.0.0.1:7127/0 done calling dispatch on 0x2ad6800
2026-02-13T09:36:58.590+0000 7f5c9e1f9640 20 -- v2:127.0.0.1:7127/0 >> v2:127.0.0.1:7128/0 conn(0x19ea800 msgr2=0x19b4b00 crc :-1 s=STATE_CONNECTION_ESTABLISHED l=0).process
2026-02-13T09:36:58.590+0000 7f5c9e1f9640 20 -- v2:127.0.0.1:7127/0 >> v2:127.0.0.1:7128/0 conn(0x19ea800 msgr2=0x19b4b00 crc :-1 s=STATE_CONNECTION_ESTABLISHED l=0).read continue len=32
2026-02-13T09:36:58.590+0000 7f5c9e1f9640 20 --2- v2:127.0.0.1:7127/0 >> v2:127.0.0.1:7128/0 conn(0x19ea800 0x19b4b00 crc :-1 s=READY pgs=4 gs=4 cs=0 l=0 c_cookie=8938688379437965815 s_cookie=2416471792485608123 reconnecting=0 rev1=1 crypto rx=0 tx=0 comp rx=0 tx=0).handle_read_frame_preamble_main r=0
2026-02-13T09:36:58.590+0000 7f5c9e1f9640 20 --2- v2:127.0.0.1:7127/0 >> v2:127.0.0.1:7128/0 conn(0x19ea800 0x19b4b00 crc :-1 s=READY pgs=4 gs=4 cs=0 l=0 c_cookie=8938688379437965815 s_cookie=2416471792485608123 reconnecting=0 rev1=1 crypto rx=0 tx=0 comp rx=0 tx=0).read_frame_segment seg_idx=0
2026-02-13T09:36:58.590+0000 7f5c9e1f9640 20 -- v2:127.0.0.1:7127/0 >> v2:127.0.0.1:7128/0 conn(0x19ea800 msgr2=0x19b4b00 crc :-1 s=STATE_CONNECTION_ESTABLISHED l=0).read start len=12
2026-02-13T09:36:58.590+0000 7f5c9e1f9640 20 --2- v2:127.0.0.1:7127/0 >> v2:127.0.0.1:7128/0 conn(0x19ea800 0x19b4b00 crc :-1 s=READY pgs=4 gs=4 cs=0 l=0 c_cookie=8938688379437965815 s_cookie=2416471792485608123 reconnecting=0 rev1=1 crypto rx=0 tx=0 comp rx=0 tx=0).handle_read_frame_segment r=0
2026-02-13T09:36:58.590+0000 7f5c9e1f9640 10 --2- v2:127.0.0.1:7127/0 >> v2:127.0.0.1:7128/0 conn(0x19ea800 0x19b4b00 crc :-1 s=READY pgs=4 gs=4 cs=0 l=0 c_cookie=8938688379437965815 s_cookie=2416471792485608123 reconnecting=0 rev1=1 crypto rx=0 tx=0 comp rx=0 tx=0).handle_read_frame_dispatch tag=20
2026-02-13T09:36:58.590+0000 7f5c9e1f9640 20 --2- v2:127.0.0.1:7127/0 >> v2:127.0.0.1:7128/0 conn(0x19ea800 0x19b4b00 crc :-1 s=READY pgs=4 gs=4 cs=0 l=0 c_cookie=8938688379437965815 s_cookie=2416471792485608123 reconnecting=0 rev1=1 crypto rx=0 tx=0 comp rx=0 tx=0).handle_message_ack payload.length()=8
2026-02-13T09:36:58.590+0000 7f5c9e1f9640 15 --2- v2:127.0.0.1:7127/0 >> v2:127.0.0.1:7128/0 conn(0x19ea800 0x19b4b00 crc :-1 s=READY pgs=4 gs=4 cs=0 l=0 c_cookie=8938688379437965815 s_cookie=2416471792485608123 reconnecting=0 rev1=1 crypto rx=0 tx=0 comp rx=0 tx=0).handle_message_ack seq=42
2026-02-13T09:36:58.590+0000 7f5c9e1f9640 10 --2- v2:127.0.0.1:7127/0 >> v2:127.0.0.1:7128/0 conn(0x19ea800 0x19b4b00 crc :-1 s=READY pgs=4 gs=4 cs=0 l=0 c_cookie=8938688379437965815 s_cookie=2416471792485608123 reconnecting=0 rev1=1 crypto rx=0 tx=0 comp rx=0 tx=0).handle_message_ack got ack seq 42 >= 42 on 0x2ad6c00 paxos(begin lc 4 fc 0 pn 200 opn 0)
2026-02-13T09:36:58.590+0000 7f5c9e1f9640 20 --2- v2:127.0.0.1:7127/0 >> v2:127.0.0.1:7128/0 conn(0x19ea800 0x19b4b00 crc :-1 s=READY pgs=4 gs=4 cs=0 l=0 c_cookie=8938688379437965815 s_cookie=2416471792485608123 reconnecting=0 rev1=1 crypto rx=0 tx=0 comp rx=0 tx=0).read_frame
2026-02-13T09:36:58.590+0000 7f5c9e1f9640 20 -- v2:127.0.0.1:7127/0 >> v2:127.0.0.1:7128/0 conn(0x19ea800 msgr2=0x19b4b00 crc :-1 s=STATE_CONNECTION_ESTABLISHED l=0).read start len=32
2026-02-13T09:36:58.591+0000 7f5c9e1f9640 20 -- v2:127.0.0.1:7127/0 >> v2:127.0.0.1:7128/0 conn(0x19ea800 msgr2=0x19b4b00 crc :-1 s=STATE_CONNECTION_ESTABLISHED l=0).process
2026-02-13T09:36:58.591+0000 7f5c9e1f9640 20 -- v2:127.0.0.1:7127/0 >> v2:127.0.0.1:7128/0 conn(0x19ea800 msgr2=0x19b4b00 crc :-1 s=STATE_CONNECTION_ESTABLISHED l=0).read continue len=32
2026-02-13T09:36:58.591+0000 7f5c9e1f9640 20 --2- v2:127.0.0.1:7127/0 >> v2:127.0.0.1:7128/0 conn(0x19ea800 0x19b4b00 crc :-1 s=READY pgs=4 gs=4 cs=0 l=0 c_cookie=8938688379437965815 s_cookie=2416471792485608123 reconnecting=0 rev1=1 crypto rx=0 tx=0 comp rx=0 tx=0).handle_read_frame_preamble_main r=0
2026-02-13T09:36:58.591+0000 7f5c9e1f9640 20 --2- v2:127.0.0.1:7127/0 >> v2:127.0.0.1:7128/0 conn(0x19ea800 0x19b4b00 crc :-1 s=THROTTLE_MESSAGE pgs=4 gs=4 cs=0 l=0 c_cookie=8938688379437965815 s_cookie=2416471792485608123 reconnecting=0 rev1=1 crypto rx=0 tx=0 comp rx=0 tx=0).throttle_message
2026-02-13T09:36:58.591+0000 7f5c9e1f9640 20 --2- v2:127.0.0.1:7127/0 >> v2:127.0.0.1:7128/0 conn(0x19ea800 0x19b4b00 crc :-1 s=THROTTLE_BYTES pgs=4 gs=4 cs=0 l=0 c_cookie=8938688379437965815 s_cookie=2416471792485608123 reconnecting=0 rev1=1 crypto rx=0 tx=0 comp rx=0 tx=0).throttle_bytes
2026-02-13T09:36:58.591+0000 7f5c9e1f9640 20 --2- v2:127.0.0.1:7127/0 >> v2:127.0.0.1:7128/0 conn(0x19ea800 0x19b4b00 crc :-1 s=THROTTLE_DISPATCH_QUEUE pgs=4 gs=4 cs=0 l=0 c_cookie=8938688379437965815 s_cookie=2416471792485608123 reconnecting=0 rev1=1 crypto rx=0 tx=0 comp rx=0 tx=0).throttle_dispatch_queue
2026-02-13T09:36:58.591+0000 7f5c9e1f9640 20 --2- v2:127.0.0.1:7127/0 >> v2:127.0.0.1:7128/0 conn(0x19ea800 0x19b4b00 crc :-1 s=THROTTLE_DONE pgs=4 gs=4 cs=0 l=0 c_cookie=8938688379437965815 s_cookie=2416471792485608123 reconnecting=0 rev1=1 crypto rx=0 tx=0 comp rx=0 tx=0).read_frame_segment seg_idx=0
2026-02-13T09:36:58.591+0000 7f5c9e1f9640 20 -- v2:127.0.0.1:7127/0 >> v2:127.0.0.1:7128/0 conn(0x19ea800 msgr2=0x19b4b00 crc :-1 s=STATE_CONNECTION_ESTABLISHED l=0).read start len=45
2026-02-13T09:36:58.591+0000 7f5c9e1f9640 20 --2- v2:127.0.0.1:7127/0 >> v2:127.0.0.1:7128/0 conn(0x19ea800 0x19b4b00 crc :-1 s=THROTTLE_DONE pgs=4 gs=4 cs=0 l=0 c_cookie=8938688379437965815 s_cookie=2416471792485608123 reconnecting=0 rev1=1 crypto rx=0 tx=0 comp rx=0 tx=0).handle_read_frame_segment r=0
2026-02-13T09:36:58.591+0000 7f5c9e1f9640 20 --2- v2:127.0.0.1:7127/0 >> v2:127.0.0.1:7128/0 conn(0x19ea800 0x19b4b00 crc :-1 s=THROTTLE_DONE pgs=4 gs=4 cs=0 l=0 c_cookie=8938688379437965815 s_cookie=2416471792485608123 reconnecting=0 rev1=1 crypto rx=0 tx=0 comp rx=0 tx=0).read_frame_segment seg_idx=1
2026-02-13T09:36:58.591+0000 7f5c9e1f9640 20 -- v2:127.0.0.1:7127/0 >> v2:127.0.0.1:7128/0 conn(0x19ea800 msgr2=0x19b4b00 crc :-1 s=STATE_CONNECTION_ESTABLISHED l=0).read start len=84
2026-02-13T09:36:58.591+0000 7f5c9e1f9640 20 --2- v2:127.0.0.1:7127/0 >> v2:127.0.0.1:7128/0 conn(0x19ea800 0x19b4b00 crc :-1 s=THROTTLE_DONE pgs=4 gs=4 cs=0 l=0 c_cookie=8938688379437965815 s_cookie=2416471792485608123 reconnecting=0 rev1=1 crypto rx=0 tx=0 comp rx=0 tx=0).handle_read_frame_segment r=0
2026-02-13T09:36:58.591+0000 7f5c9e1f9640 20 -- v2:127.0.0.1:7127/0 >> v2:127.0.0.1:7128/0 conn(0x19ea800 msgr2=0x19b4b00 crc :-1 s=STATE_CONNECTION_ESTABLISHED l=0).read start len=13
2026-02-13T09:36:58.591+0000 7f5c9e1f9640 20 --2- v2:127.0.0.1:7127/0 >> v2:127.0.0.1:7128/0 conn(0x19ea800 0x19b4b00 crc :-1 s=THROTTLE_DONE pgs=4 gs=4 cs=0 l=0 c_cookie=8938688379437965815 s_cookie=2416471792485608123 reconnecting=0 rev1=1 crypto rx=0 tx=0 comp rx=0 tx=0).handle_read_frame_epilogue_main r=0
2026-02-13T09:36:58.591+0000 7f5c9e1f9640 10 --2- v2:127.0.0.1:7127/0 >> v2:127.0.0.1:7128/0 conn(0x19ea800 0x19b4b00 crc :-1 s=THROTTLE_DONE pgs=4 gs=4 cs=0 l=0 c_cookie=8938688379437965815 s_cookie=2416471792485608123 reconnecting=0 rev1=1 crypto rx=0 tx=0 comp rx=0 tx=0).handle_read_frame_dispatch tag=17
2026-02-13T09:36:58.591+0000 7f5c9e1f9640 20 --2- v2:127.0.0.1:7127/0 >> v2:127.0.0.1:7128/0 conn(0x19ea800 0x19b4b00 crc :-1 s=THROTTLE_DONE pgs=4 gs=4 cs=0 l=0 c_cookie=8938688379437965815 s_cookie=2416471792485608123 reconnecting=0 rev1=1 crypto rx=0 tx=0 comp rx=0 tx=0).handle_message
2026-02-13T09:36:58.591+0000 7f5c9e1f9640 5 --2- v2:127.0.0.1:7127/0 >> v2:127.0.0.1:7128/0 conn(0x19ea800 0x19b4b00 crc :-1 s=THROTTLE_DONE pgs=4 gs=4 cs=0 l=0 c_cookie=8938688379437965815 s_cookie=2416471792485608123 reconnecting=0 rev1=1 crypto rx=0 tx=0 comp rx=0 tx=0).handle_message got 84 + 0 + 0 byte message. envelope type=66 src mon.1 off 0
2026-02-13T09:36:58.591+0000 7f5c9e1f9640 5 --2- v2:127.0.0.1:7127/0 >> v2:127.0.0.1:7128/0 conn(0x19ea800 0x19b4b00 crc :-1 s=READ_MESSAGE_COMPLETE pgs=4 gs=4 cs=0 l=0 c_cookie=8938688379437965815 s_cookie=2416471792485608123 reconnecting=0 rev1=1 crypto rx=0 tx=0 comp rx=0 tx=0).handle_message received message m=0x2ad6c00 seq=35 from=mon.1 type=66 paxos(accept lc 4 fc 0 pn 200 opn 0)
2026-02-13T09:36:58.591+0000 7f5c9e1f9640 20 -- v2:127.0.0.1:7127/0 queue 0x2ad6c00 prio 196
2026-02-13T09:36:58.591+0000 7f5c9e1f9640 15 --2- v2:127.0.0.1:7127/0 >> v2:127.0.0.1:7128/0 conn(0x19ea800 0x19b4b00 crc :-1 s=READY pgs=4 gs=4 cs=0 l=0 c_cookie=8938688379437965815 s_cookie=2416471792485608123 reconnecting=0 rev1=1 crypto rx=0 tx=0 comp rx=0 tx=0).handle_message_ack seq=42
2026-02-13T09:36:58.591+0000 7f5c9e1f9640 20 --2- v2:127.0.0.1:7127/0 >> v2:127.0.0.1:7128/0 conn(0x19ea800 0x19b4b00 crc :-1 s=READY pgs=4 gs=4 cs=0 l=0 c_cookie=8938688379437965815 s_cookie=2416471792485608123 reconnecting=0 rev1=1 crypto rx=0 tx=0 comp rx=0 tx=0).read_frame
2026-02-13T09:36:58.591+0000 7f5c9e1f9640 20 -- v2:127.0.0.1:7127/0 >> v2:127.0.0.1:7128/0 conn(0x19ea800 msgr2=0x19b4b00 crc :-1 s=STATE_CONNECTION_ESTABLISHED l=0).read start len=32
2026-02-13T09:36:58.591+0000 7f5c9e1f9640 10 -- v2:127.0.0.1:7127/0 >> v2:127.0.0.1:7128/0 conn(0x19ea800 msgr2=0x19b4b00 crc :-1 s=STATE_CONNECTION_ESTABLISHED l=0).handle_write
2026-02-13T09:36:58.591+0000 7f5c9e1f9640 10 --2- v2:127.0.0.1:7127/0 >> v2:127.0.0.1:7128/0 conn(0x19ea800 0x19b4b00 crc :-1 s=READY pgs=4 gs=4 cs=0 l=0 c_cookie=8938688379437965815 s_cookie=2416471792485608123 reconnecting=0 rev1=1 crypto rx=0 tx=0 comp rx=0 tx=0).write_event
2026-02-13T09:36:58.591+0000 7f5c9a1f1640 1 -- v2:127.0.0.1:7127/0 <== mon.1 v2:127.0.0.1:7128/0 35 ==== paxos(accept lc 4 fc 0 pn 200 opn 0) ==== 84+0+0 (crc 0 0 0) 0x2ad6c00 con 0x19ea800
2026-02-13T09:36:58.591+0000 7f5c9e1f9640 10 --2- v2:127.0.0.1:7127/0 >> v2:127.0.0.1:7128/0 conn(0x19ea800 0x19b4b00 crc :-1 s=READY pgs=4 gs=4 cs=0 l=0 c_cookie=8938688379437965815 s_cookie=2416471792485608123 reconnecting=0 rev1=1 crypto rx=0 tx=0 comp rx=0 tx=0).write_event try send msg ack, acked 1 messages
2026-02-13T09:36:58.591+0000 7f5c9a1f1640 20 mon.a@0(leader) e1 _ms_dispatch existing session 0x28666c0 for mon.1
2026-02-13T09:36:58.591+0000 7f5c9a1f1640 20 mon.a@0(leader) e1 entity_name global_id 0 (none) caps allow *
2026-02-13T09:36:58.591+0000 7f5c9a1f1640 20 MonCap is_capable service=mon command= read addr v2:127.0.0.1:7128/0 on cap allow *
2026-02-13T09:36:58.591+0000 7f5c9a1f1640 20 MonCap allow so far , doing grant allow *
2026-02-13T09:36:58.591+0000 7f5c9a1f1640 20 MonCap allow all
2026-02-13T09:36:58.591+0000 7f5c9a1f1640 20 MonCap is_capable service=mon command= exec addr v2:127.0.0.1:7128/0 on cap allow *
2026-02-13T09:36:58.591+0000 7f5c9a1f1640 20 MonCap allow so far , doing grant allow *
2026-02-13T09:36:58.591+0000 7f5c9a1f1640 20 MonCap allow all
2026-02-13T09:36:58.591+0000 7f5c9a1f1640 10 mon.a@0(leader).paxos(paxos updating c 1..4) handle_accept paxos(accept lc 4 fc 0 pn 200 opn 0)
2026-02-13T09:36:58.591+0000 7f5c9a1f1640 10 mon.a@0(leader).paxos(paxos updating c 1..4) now 0,1 have accepted
2026-02-13T09:36:58.591+0000 7f5c9a1f1640 10 mon.a@0(leader).paxos(paxos updating c 1..4) got majority, committing, done with update
2026-02-13T09:36:58.591+0000 7f5c9e1f9640 10 -- v2:127.0.0.1:7127/0 >> v2:127.0.0.1:7128/0 conn(0x19ea800 msgr2=0x19b4b00 crc :-1 s=STATE_CONNECTION_ESTABLISHED l=0)._try_send sent bytes 44 remaining bytes 0
2026-02-13T09:36:58.591+0000 7f5c9a1f1640 10 mon.a@0(leader).paxos(paxos updating c 1..4) commit_start 5
2026-02-13T09:36:58.591+0000 7f5c9a1f1640 10 -- v2:127.0.0.1:7127/0 dispatch_throttle_release 84 to dispatch throttler 84/104857600
2026-02-13T09:36:58.591+0000 7f5c9a1f1640 20 -- v2:127.0.0.1:7127/0 done calling dispatch on 0x2ad6c00
2026-02-13T09:36:58.591+0000 7f5c979ec640 20 mon.a@0(leader).paxos(paxos writing c 1..4) commit_finish 5
2026-02-13T09:36:58.591+0000 7f5c979ec640 10 mon.a@0(leader).paxos(paxos writing c 1..5) sending commit to mon.1
2026-02-13T09:36:58.591+0000 7f5c979ec640 1 -- v2:127.0.0.1:7127/0 send_to--> mon v2:127.0.0.1:7128/0 -- paxos(commit lc 5 fc 0 pn 200 opn 0) -- ?+0 0x2ad6a00
2026-02-13T09:36:58.591+0000 7f5c979ec640 10 -- v2:127.0.0.1:7127/0 connect_to v2:127.0.0.1:7128/0 existing 0x19ea800
2026-02-13T09:36:58.591+0000 7f5c979ec640 1 -- v2:127.0.0.1:7127/0 --> v2:127.0.0.1:7128/0 -- paxos(commit lc 5 fc 0 pn 200 opn 0) -- 0x2ad6a00 con 0x19ea800
2026-02-13T09:36:58.591+0000 7f5c979ec640 5 --2- v2:127.0.0.1:7127/0 >> v2:127.0.0.1:7128/0 conn(0x19ea800 0x19b4b00 crc :-1 s=READY pgs=4 gs=4 cs=0 l=0 c_cookie=8938688379437965815 s_cookie=2416471792485608123 reconnecting=0 rev1=1 crypto rx=0 tx=0 comp rx=0 tx=0).send_message enqueueing message m=0x2ad6a00 type=66 paxos(commit lc 5 fc 0 pn 200 opn 0)
2026-02-13T09:36:58.591+0000 7f5c979ec640 15 --2- v2:127.0.0.1:7127/0 >> v2:127.0.0.1:7128/0 conn(0x19ea800 0x19b4b00 crc :-1 s=READY pgs=4 gs=4 cs=0 l=0 c_cookie=8938688379437965815 s_cookie=2416471792485608123 reconnecting=0 rev1=1 crypto rx=0 tx=0 comp rx=0 tx=0).send_message message queued for async transmission m=0x2ad6a00
2026-02-13T09:36:58.591+0000 7f5c979ec640 20 Event(0x189abc8 nevent=5000 time_id=5).wakeup
2026-02-13T09:36:58.591+0000 7f5c979ec640 10 mon.a@0(leader) e1 refresh_from_paxos
2026-02-13T09:36:58.591+0000 7f5c979ec640 10 mon.a@0(leader).paxosservice(mdsmap 1..1) refresh
2026-02-13T09:36:58.591+0000 7f5c9e1f9640 10 -- v2:127.0.0.1:7127/0 >> v2:127.0.0.1:7128/0 conn(0x19ea800 msgr2=0x19b4b00 crc :-1 s=STATE_CONNECTION_ESTABLISHED l=0).handle_write
2026-02-13T09:36:58.591+0000 7f5c9e1f9640 10 --2- v2:127.0.0.1:7127/0 >> v2:127.0.0.1:7128/0 conn(0x19ea800 0x19b4b00 crc :-1 s=READY pgs=4 gs=4 cs=0 l=0 c_cookie=8938688379437965815 s_cookie=2416471792485608123 reconnecting=0 rev1=1 crypto rx=0 tx=0 comp rx=0 tx=0).write_event
2026-02-13T09:36:58.591+0000 7f5c979ec640 10 mon.a@0(leader).paxosservice(osdmap 1..1) refresh
2026-02-13T09:36:58.591+0000 7f5c9e1f9640 20 --2- v2:127.0.0.1:7127/0 >> v2:127.0.0.1:7128/0 conn(0x19ea800 0x19b4b00 crc :-1 s=READY pgs=4 gs=4 cs=0 l=0 c_cookie=8938688379437965815 s_cookie=2416471792485608123 reconnecting=0 rev1=1 crypto rx=0 tx=0 comp rx=0 tx=0).prepare_send_message m=paxos(commit lc 5 fc 0 pn 200 opn 0)
2026-02-13T09:36:58.591+0000 7f5c9e1f9640 20 --2- v2:127.0.0.1:7127/0 >> v2:127.0.0.1:7128/0 conn(0x19ea800 0x19b4b00 crc :-1 s=READY pgs=4 gs=4 cs=0 l=0 c_cookie=8938688379437965815 s_cookie=2416471792485608123 reconnecting=0 rev1=1 crypto rx=0 tx=0 comp rx=0 tx=0).prepare_send_message encoding features 4544132024016699391 0x2ad6a00 paxos(commit lc 5 fc 0 pn 200 opn 0)
2026-02-13T09:36:58.591+0000 7f5c9e1f9640 2 --2- v2:127.0.0.1:7127/0 >> v2:127.0.0.1:7128/0 conn(0x19ea800 0x19b4b00 crc :-1 s=READY pgs=4 gs=4 cs=0 l=0 c_cookie=8938688379437965815 s_cookie=2416471792485608123 reconnecting=0 rev1=1 crypto rx=0 tx=0 comp rx=0 tx=0).write_message sending message m=0x2ad6a00 seq=43 paxos(commit lc 5 fc 0 pn 200 opn 0)
2026-02-13T09:36:58.591+0000 7f5c9e1f9640 20 --2- v2:127.0.0.1:7127/0 >> v2:127.0.0.1:7128/0 conn(0x19ea800 0x19b4b00 crc :-1 s=READY pgs=4 gs=4 cs=0 l=0 c_cookie=8938688379437965815 s_cookie=2416471792485608123 reconnecting=0 rev1=1 crypto rx=0 tx=0 comp rx=0 tx=0).write_message sending m=0x2ad6a00 seq=43 src=mon.0 off=0
2026-02-13T09:36:58.591+0000 7f5c979ec640 10 mon.a@0(leader).paxosservice(logm 1..2) refresh
2026-02-13T09:36:58.591+0000 7f5c979ec640 10 mon.a@0(leader).log v2 update_from_paxos
2026-02-13T09:36:58.591+0000 7f5c979ec640 10 mon.a@0(leader).log v2 update_from_paxos version 2 summary v 2
2026-02-13T09:36:58.591+0000 7f5c979ec640 10 mon.a@0(leader).paxosservice(monmap 1..1) refresh
2026-02-13T09:36:58.591+0000 7f5c979ec640 10 mon.a@0(leader).paxosservice(auth 1..1) refresh
2026-02-13T09:36:58.591+0000 7f5c979ec640 10 mon.a@0(leader).auth v2 update_from_paxos
2026-02-13T09:36:58.591+0000 7f5c9e1f9640 10 -- v2:127.0.0.1:7127/0 >> v2:127.0.0.1:7128/0 conn(0x19ea800 msgr2=0x19b4b00 crc :-1 s=STATE_CONNECTION_ESTABLISHED l=0)._try_send sent bytes 1273 remaining bytes 0
2026-02-13T09:36:58.591+0000 7f5c979ec640 10 mon.a@0(leader).auth v2 update_from_paxos version 2 keys ver 1 latest 1
2026-02-13T09:36:58.591+0000 7f5c979ec640 10 mon.a@0(leader).auth v2 update_from_paxos key server version 1
2026-02-13T09:36:58.591+0000 7f5c9e1f9640 10 --2- v2:127.0.0.1:7127/0 >> v2:127.0.0.1:7128/0 conn(0x19ea800 0x19b4b00 crc :-1 s=READY pgs=4 gs=4 cs=0 l=0 c_cookie=8938688379437965815 s_cookie=2416471792485608123 reconnecting=0 rev1=1 crypto rx=0 tx=0 comp rx=0 tx=0).write_message sending 0x2ad6a00 done.
2026-02-13T09:36:58.591+0000 7f5c979ec640 20 mon.a@0(leader).auth v2 update_from_paxos walking through version 2 len 19
2026-02-13T09:36:58.591+0000 7f5c979ec640 10 mon.a@0(leader).auth v2 update_from_paxos max_global_id=14096 format_version 3
2026-02-13T09:36:58.591+0000 7f5c979ec640 10 mon.a@0(leader).paxosservice(mgr 1..1) refresh
2026-02-13T09:36:58.591+0000 7f5c979ec640 10 mon.a@0(leader).config load_config got 0 keys
2026-02-13T09:36:58.591+0000 7f5c9e1f9640 20 -- v2:127.0.0.1:7127/0 >> v2:127.0.0.1:7128/0 conn(0x19ea800 msgr2=0x19b4b00 crc :-1 s=STATE_CONNECTION_ESTABLISHED l=0).process
2026-02-13T09:36:58.591+0000 7f5c9e1f9640 20 -- v2:127.0.0.1:7127/0 >> v2:127.0.0.1:7128/0 conn(0x19ea800 msgr2=0x19b4b00 crc :-1 s=STATE_CONNECTION_ESTABLISHED l=0).read continue len=32
2026-02-13T09:36:58.591+0000 7f5c9e1f9640 20 --2- v2:127.0.0.1:7127/0 >> v2:127.0.0.1:7128/0 conn(0x19ea800 0x19b4b00 crc :-1 s=READY pgs=4 gs=4 cs=0 l=0 c_cookie=8938688379437965815 s_cookie=2416471792485608123 reconnecting=0 rev1=1 crypto rx=0 tx=0 comp rx=0 tx=0).handle_read_frame_preamble_main r=0
2026-02-13T09:36:58.591+0000 7f5c9e1f9640 20 --2- v2:127.0.0.1:7127/0 >> v2:127.0.0.1:7128/0 conn(0x19ea800 0x19b4b00 crc :-1 s=READY pgs=4 gs=4 cs=0 l=0 c_cookie=8938688379437965815 s_cookie=2416471792485608123 reconnecting=0 rev1=1 crypto rx=0 tx=0 comp rx=0 tx=0).read_frame_segment seg_idx=0
2026-02-13T09:36:58.591+0000 7f5c9e1f9640 20 -- v2:127.0.0.1:7127/0 >> v2:127.0.0.1:7128/0 conn(0x19ea800 msgr2=0x19b4b00 crc :-1 s=STATE_CONNECTION_ESTABLISHED l=0).read start len=12
2026-02-13T09:36:58.591+0000 7f5c9e1f9640 20 --2- v2:127.0.0.1:7127/0 >> v2:127.0.0.1:7128/0 conn(0x19ea800 0x19b4b00 crc :-1 s=READY pgs=4 gs=4 cs=0 l=0 c_cookie=8938688379437965815 s_cookie=2416471792485608123 reconnecting=0 rev1=1 crypto rx=0 tx=0 comp rx=0 tx=0).handle_read_frame_segment r=0
2026-02-13T09:36:58.591+0000 7f5c9e1f9640 10 --2- v2:127.0.0.1:7127/0 >> v2:127.0.0.1:7128/0 conn(0x19ea800 0x19b4b00 crc :-1 s=READY pgs=4 gs=4 cs=0 l=0 c_cookie=8938688379437965815 s_cookie=2416471792485608123 reconnecting=0 rev1=1 crypto rx=0 tx=0 comp rx=0 tx=0).handle_read_frame_dispatch tag=20
2026-02-13T09:36:58.591+0000 7f5c9e1f9640 20 --2- v2:127.0.0.1:7127/0 >> v2:127.0.0.1:7128/0 conn(0x19ea800 0x19b4b00 crc :-1 s=READY pgs=4 gs=4 cs=0 l=0 c_cookie=8938688379437965815 s_cookie=2416471792485608123 reconnecting=0 rev1=1 crypto rx=0 tx=0 comp rx=0 tx=0).handle_message_ack payload.length()=8
2026-02-13T09:36:58.591+0000 7f5c9e1f9640 15 --2- v2:127.0.0.1:7127/0 >> v2:127.0.0.1:7128/0 conn(0x19ea800 0x19b4b00 crc :-1 s=READY pgs=4 gs=4 cs=0 l=0 c_cookie=8938688379437965815 s_cookie=2416471792485608123 reconnecting=0 rev1=1 crypto rx=0 tx=0 comp rx=0 tx=0).handle_message_ack seq=43
2026-02-13T09:36:58.591+0000 7f5c9e1f9640 10 --2- v2:127.0.0.1:7127/0 >> v2:127.0.0.1:7128/0 conn(0x19ea800 0x19b4b00 crc :-1 s=READY pgs=4 gs=4 cs=0 l=0 c_cookie=8938688379437965815 s_cookie=2416471792485608123 reconnecting=0 rev1=1 crypto rx=0 tx=0 comp rx=0 tx=0).handle_message_ack got ack seq 43 >= 43 on 0x2ad6a00 paxos(commit lc 5 fc 0 pn 200 opn 0)
2026-02-13T09:36:58.591+0000 7f5c9e1f9640 20 --2- v2:127.0.0.1:7127/0 >> v2:127.0.0.1:7128/0 conn(0x19ea800 0x19b4b00 crc :-1 s=READY pgs=4 gs=4 cs=0 l=0 c_cookie=8938688379437965815 s_cookie=2416471792485608123 reconnecting=0 rev1=1 crypto rx=0 tx=0 comp rx=0 tx=0).read_frame
2026-02-13T09:36:58.591+0000 7f5c9e1f9640 20 -- v2:127.0.0.1:7127/0 >> v2:127.0.0.1:7128/0 conn(0x19ea800 msgr2=0x19b4b00 crc :-1 s=STATE_CONNECTION_ESTABLISHED l=0).read start len=32
2026-02-13T09:36:58.591+0000 7f5c979ec640 10 mon.a@0(leader).mgr e1 prime_mgr_client
2026-02-13T09:36:58.591+0000 7f5c979ec640 10 mon.a@0(leader).paxosservice(mgrstat 1..1) refresh
2026-02-13T09:36:58.591+0000 7f5c979ec640 10 mon.a@0(leader).mgrstat 1
2026-02-13T09:36:58.591+0000 7f5c979ec640 10 mon.a@0(leader).mgrstat update_from_paxos v1 service_map e1 0 progress events 0 pools availability tracked
2026-02-13T09:36:58.591+0000 7f5c979ec640 10 mon.a@0(leader).mgrstat check_subs
2026-02-13T09:36:58.591+0000 7f5c979ec640 20 mon.a@0(leader).mgrstat update_logger
2026-02-13T09:36:58.591+0000 7f5c979ec640 20 mon.a@0(leader).osd e1 notify_new_pg_digest
2026-02-13T09:36:58.591+0000 7f5c979ec640 20 mon.a@0(leader).mgrstat should_calc_pool_availability
2026-02-13T09:36:58.591+0000 7f5c979ec640 20 mon.a@0(leader).mgrstat calc_pool_availability
2026-02-13T09:36:58.591+0000 7f5c979ec640 20 mon.a@0(leader).mgrstat calc_pool_availability tracking availability score is disabled
2026-02-13T09:36:58.591+0000 7f5c979ec640 10 mon.a@0(leader).paxosservice(health 1..1) refresh
2026-02-13T09:36:58.591+0000 7f5c979ec640 10 mon.a@0(leader).health update_from_paxos
2026-02-13T09:36:58.591+0000 7f5c979ec640 20 mon.a@0(leader).health dump:{ "quorum_health": {}, "leader_health": {} }
2026-02-13T09:36:58.591+0000 7f5c979ec640 10 mon.a@0(leader).paxosservice(config 1..1) refresh
2026-02-13T09:36:58.591+0000 7f5c979ec640 10 mon.a@0(leader).paxosservice(kv 1..1) refresh
2026-02-13T09:36:58.591+0000 7f5c979ec640 10 mon.a@0(leader).paxosservice(nvmeofgw 1..1) refresh
2026-02-13T09:36:58.591+0000 7f5c979ec640 20 nvmeofgw virtual void NVMeofGwMon::update_from_paxos(bool*) has BEACON_DIFF: 1
2026-02-13T09:36:58.591+0000 7f5c979ec640 10 mon.a@0(leader).paxosservice(mdsmap 1..1) post_refresh
2026-02-13T09:36:58.591+0000 7f5c979ec640 10 mon.a@0(leader).paxosservice(osdmap 1..1) post_refresh
2026-02-13T09:36:58.591+0000 7f5c979ec640 10 mon.a@0(leader).paxosservice(logm 1..2) post_refresh
2026-02-13T09:36:58.591+0000 7f5c979ec640 10 mon.a@0(leader).paxosservice(monmap 1..1) post_refresh
2026-02-13T09:36:58.591+0000 7f5c979ec640 10 mon.a@0(leader).paxosservice(auth 1..2) post_refresh
2026-02-13T09:36:58.591+0000 7f5c979ec640 10 mon.a@0(leader).paxosservice(mgr 1..1) post_refresh
2026-02-13T09:36:58.591+0000 7f5c979ec640 10 mon.a@0(leader).paxosservice(mgrstat 1..1) post_refresh
2026-02-13T09:36:58.591+0000 7f5c979ec640 10 mon.a@0(leader).paxosservice(health 1..1) post_refresh
2026-02-13T09:36:58.591+0000 7f5c979ec640 10 mon.a@0(leader).paxosservice(config 1..1) post_refresh
2026-02-13T09:36:58.591+0000 7f5c979ec640 10 mon.a@0(leader).paxosservice(kv 1..1) post_refresh
2026-02-13T09:36:58.591+0000 7f5c979ec640 10 mon.a@0(leader).paxosservice(nvmeofgw 1..1) post_refresh
2026-02-13T09:36:58.591+0000 7f5c979ec640 10 mon.a@0(leader).paxos(paxos refresh c 1..5) commit_proposal
2026-02-13T09:36:58.591+0000 7f5c979ec640 10 mon.a@0(leader).paxosservice(auth 1..2) _active - not active
2026-02-13T09:36:58.591+0000 7f5c979ec640 7 mon.a@0(leader).paxos(paxos refresh c 1..5) extend_lease now+5 (2026-02-13T09:37:03.592753+0000)
2026-02-13T09:36:58.591+0000 7f5c979ec640 1 -- v2:127.0.0.1:7127/0 send_to--> mon v2:127.0.0.1:7128/0 -- paxos(lease lc 5 fc 1 pn 0 opn 0) -- ?+0 0x2ad6e00
2026-02-13T09:36:58.591+0000 7f5c979ec640 10 -- v2:127.0.0.1:7127/0 connect_to v2:127.0.0.1:7128/0 existing 0x19ea800
2026-02-13T09:36:58.591+0000 7f5c979ec640 1 -- v2:127.0.0.1:7127/0 --> v2:127.0.0.1:7128/0 -- paxos(lease lc 5 fc 1 pn 0 opn 0) -- 0x2ad6e00 con 0x19ea800
2026-02-13T09:36:58.591+0000 7f5c979ec640 5 --2- v2:127.0.0.1:7127/0 >> v2:127.0.0.1:7128/0 conn(0x19ea800 0x19b4b00 crc :-1 s=READY pgs=4 gs=4 cs=0 l=0 c_cookie=8938688379437965815 s_cookie=2416471792485608123 reconnecting=0 rev1=1 crypto rx=0 tx=0 comp rx=0 tx=0).send_message enqueueing message m=0x2ad6e00 type=66 paxos(lease lc 5 fc 1 pn 0 opn 0)
2026-02-13T09:36:58.591+0000 7f5c979ec640 15 --2- v2:127.0.0.1:7127/0 >> v2:127.0.0.1:7128/0 conn(0x19ea800 0x19b4b00 crc :-1 s=READY pgs=4 gs=4 cs=0 l=0 c_cookie=8938688379437965815 s_cookie=2416471792485608123 reconnecting=0 rev1=1 crypto rx=0 tx=0 comp rx=0 tx=0).send_message message queued for async transmission m=0x2ad6e00
2026-02-13T09:36:58.591+0000 7f5c979ec640 20 Event(0x189abc8 nevent=5000 time_id=5).wakeup
2026-02-13T09:36:58.591+0000 7f5c979ec640 10 mon.a@0(leader).paxos(paxos refresh c 1..5) finish_round
2026-02-13T09:36:58.591+0000 7f5c979ec640 20 mon.a@0(leader).paxos(paxos active c 1..5) finish_round waiting_for_acting
2026-02-13T09:36:58.591+0000 7f5c979ec640 10 mon.a@0(leader).paxosservice(auth 1..2) _active
2026-02-13T09:36:58.591+0000 7f5c979ec640 7 mon.a@0(leader).paxosservice(auth 1..2) _active creating new pending
2026-02-13T09:36:58.591+0000 7f5c979ec640 10 mon.a@0(leader).auth v2 create_pending v 3
2026-02-13T09:36:58.591+0000 7f5c979ec640 20 mon.a@0(leader).auth v2 upgrade_format format 3 is current
2026-02-13T09:36:58.591+0000 7f5c979ec640 10 mon.a@0(leader).auth v2 AuthMonitor::on_active()
2026-02-13T09:36:58.591+0000 7f5c9e1f9640 10 -- v2:127.0.0.1:7127/0 >> v2:127.0.0.1:7128/0 conn(0x19ea800 msgr2=0x19b4b00 crc :-1 s=STATE_CONNECTION_ESTABLISHED l=0).handle_write
2026-02-13T09:36:58.591+0000 7f5c9e1f9640 10 --2- v2:127.0.0.1:7127/0 >> v2:127.0.0.1:7128/0 conn(0x19ea800 0x19b4b00 crc :-1 s=READY pgs=4 gs=4 cs=0 l=0 c_cookie=8938688379437965815 s_cookie=2416471792485608123 reconnecting=0 rev1=1 crypto rx=0 tx=0 comp rx=0 tx=0).write_event
2026-02-13T09:36:58.591+0000 7f5c979ec640 20 mon.a@0(leader).paxos(paxos active c 1..5) finish_round waiting_for_readable
2026-02-13T09:36:58.591+0000 7f5c979ec640 20 mon.a@0(leader).paxos(paxos active c 1..5) finish_round waiting_for_writeable
2026-02-13T09:36:58.591+0000 7f5c9e1f9640 20 --2- v2:127.0.0.1:7127/0 >> v2:127.0.0.1:7128/0 conn(0x19ea800 0x19b4b00 crc :-1 s=READY pgs=4 gs=4 cs=0 l=0 c_cookie=8938688379437965815 s_cookie=2416471792485608123 reconnecting=0 rev1=1 crypto rx=0 tx=0 comp rx=0 tx=0).prepare_send_message m=paxos(lease lc 5 fc 1 pn 0 opn 0)
2026-02-13T09:36:58.591+0000 7f5c979ec640 10 mon.a@0(leader).paxos(paxos active c 1..5) finish_round done w/ waiters, state active
2026-02-13T09:36:58.591+0000 7f5c9e1f9640 20 --2- v2:127.0.0.1:7127/0 >> v2:127.0.0.1:7128/0 conn(0x19ea800 0x19b4b00 crc :-1 s=READY pgs=4 gs=4 cs=0 l=0 c_cookie=8938688379437965815 s_cookie=2416471792485608123 reconnecting=0 rev1=1 crypto rx=0 tx=0 comp rx=0 tx=0).prepare_send_message encoding features 4544132024016699391 0x2ad6e00 paxos(lease lc 5 fc 1 pn 0 opn 0)
2026-02-13T09:36:58.591+0000 7f5c9e1f9640 2 --2- v2:127.0.0.1:7127/0 >> v2:127.0.0.1:7128/0 conn(0x19ea800 0x19b4b00 crc :-1 s=READY pgs=4 gs=4 cs=0 l=0 c_cookie=8938688379437965815 s_cookie=2416471792485608123 reconnecting=0 rev1=1 crypto rx=0 tx=0 comp rx=0 tx=0).write_message sending message m=0x2ad6e00 seq=44 paxos(lease lc 5 fc 1 pn 0 opn 0)
2026-02-13T09:36:58.591+0000 7f5c9e1f9640 20 --2- v2:127.0.0.1:7127/0 >> v2:127.0.0.1:7128/0 conn(0x19ea800 0x19b4b00 crc :-1 s=READY pgs=4 gs=4 cs=0 l=0 c_cookie=8938688379437965815 s_cookie=2416471792485608123 reconnecting=0 rev1=1 crypto rx=0 tx=0 comp rx=0 tx=0).write_message sending m=0x2ad6e00 seq=44 src=mon.0 off=0
2026-02-13T09:36:58.591+0000 7f5c9e1f9640 10 -- v2:127.0.0.1:7127/0 >> v2:127.0.0.1:7128/0 conn(0x19ea800 msgr2=0x19b4b00 crc :-1 s=STATE_CONNECTION_ESTABLISHED l=0)._try_send sent bytes 174 remaining bytes 0
2026-02-13T09:36:58.591+0000 7f5c9e1f9640 10 --2- v2:127.0.0.1:7127/0 >> v2:127.0.0.1:7128/0 conn(0x19ea800 0x19b4b00 crc :-1 s=READY pgs=4 gs=4 cs=0 l=0 c_cookie=8938688379437965815 s_cookie=2416471792485608123 reconnecting=0 rev1=1 crypto rx=0 tx=0 comp rx=0 tx=0).write_message sending 0x2ad6e00 done.
2026-02-13T09:36:58.591+0000 7f5c9e1f9640 20 -- v2:127.0.0.1:7127/0 >> v2:127.0.0.1:7128/0 conn(0x19ea800 msgr2=0x19b4b00 crc :-1 s=STATE_CONNECTION_ESTABLISHED l=0).process
2026-02-13T09:36:58.591+0000 7f5c9e1f9640 20 -- v2:127.0.0.1:7127/0 >> v2:127.0.0.1:7128/0 conn(0x19ea800 msgr2=0x19b4b00 crc :-1 s=STATE_CONNECTION_ESTABLISHED l=0).read continue len=32
2026-02-13T09:36:58.591+0000 7f5c9e1f9640 20 --2- v2:127.0.0.1:7127/0 >> v2:127.0.0.1:7128/0 conn(0x19ea800 0x19b4b00 crc :-1 s=READY pgs=4 gs=4 cs=0 l=0 c_cookie=8938688379437965815 s_cookie=2416471792485608123 reconnecting=0 rev1=1 crypto rx=0 tx=0 comp rx=0 tx=0).handle_read_frame_preamble_main r=0
2026-02-13T09:36:58.591+0000 7f5c9e1f9640 20 --2- v2:127.0.0.1:7127/0 >> v2:127.0.0.1:7128/0 conn(0x19ea800 0x19b4b00 crc :-1 s=READY pgs=4 gs=4 cs=0 l=0 c_cookie=8938688379437965815 s_cookie=2416471792485608123 reconnecting=0 rev1=1 crypto rx=0 tx=0 comp rx=0 tx=0).read_frame_segment seg_idx=0
2026-02-13T09:36:58.591+0000 7f5c9e1f9640 20 -- v2:127.0.0.1:7127/0 >> v2:127.0.0.1:7128/0 conn(0x19ea800 msgr2=0x19b4b00 crc :-1 s=STATE_CONNECTION_ESTABLISHED l=0).read start len=12
2026-02-13T09:36:58.591+0000 7f5c9e1f9640 20 --2- v2:127.0.0.1:7127/0 >> v2:127.0.0.1:7128/0 conn(0x19ea800 0x19b4b00 crc :-1 s=READY pgs=4 gs=4 cs=0 l=0 c_cookie=8938688379437965815 s_cookie=2416471792485608123 reconnecting=0 rev1=1 crypto rx=0 tx=0 comp rx=0 tx=0).handle_read_frame_segment r=0
2026-02-13T09:36:58.591+0000 7f5c9e1f9640 10 --2- v2:127.0.0.1:7127/0 >> v2:127.0.0.1:7128/0 conn(0x19ea800 0x19b4b00 crc :-1 s=READY pgs=4 gs=4 cs=0 l=0 c_cookie=8938688379437965815 s_cookie=2416471792485608123 reconnecting=0 rev1=1 crypto rx=0 tx=0 comp rx=0 tx=0).handle_read_frame_dispatch tag=20
2026-02-13T09:36:58.591+0000 7f5c9e1f9640 20 --2- v2:127.0.0.1:7127/0 >> v2:127.0.0.1:7128/0 conn(0x19ea800 0x19b4b00 crc :-1 s=READY pgs=4 gs=4 cs=0 l=0 c_cookie=8938688379437965815 s_cookie=2416471792485608123 reconnecting=0 rev1=1 crypto rx=0 tx=0 comp rx=0 tx=0).handle_message_ack payload.length()=8
2026-02-13T09:36:58.591+0000 7f5c9e1f9640 15 --2- v2:127.0.0.1:7127/0 >> v2:127.0.0.1:7128/0 conn(0x19ea800 0x19b4b00 crc :-1 s=READY pgs=4 gs=4 cs=0 l=0 c_cookie=8938688379437965815 s_cookie=2416471792485608123 reconnecting=0 rev1=1 crypto rx=0 tx=0 comp rx=0 tx=0).handle_message_ack seq=44
2026-02-13T09:36:58.591+0000 7f5c9e1f9640 10 --2- v2:127.0.0.1:7127/0 >> v2:127.0.0.1:7128/0 conn(0x19ea800 0x19b4b00 crc :-1 s=READY pgs=4 gs=4 cs=0 l=0 c_cookie=8938688379437965815 s_cookie=2416471792485608123 reconnecting=0 rev1=1 crypto rx=0 tx=0 comp rx=0 tx=0).handle_message_ack got ack seq 44 >= 44 on 0x2ad6e00 paxos(lease lc 5 fc 1 pn 0 opn 0)
2026-02-13T09:36:58.591+0000 7f5c9e1f9640 20 --2- v2:127.0.0.1:7127/0 >> v2:127.0.0.1:7128/0 conn(0x19ea800 0x19b4b00 crc :-1 s=READY pgs=4 gs=4 cs=0 l=0 c_cookie=8938688379437965815 s_cookie=2416471792485608123 reconnecting=0 rev1=1 crypto rx=0 tx=0 comp rx=0 tx=0).read_frame
2026-02-13T09:36:58.591+0000 7f5c9e1f9640 20 -- v2:127.0.0.1:7127/0 >> v2:127.0.0.1:7128/0 conn(0x19ea800 msgr2=0x19b4b00 crc :-1 s=STATE_CONNECTION_ESTABLISHED l=0).read start len=32
2026-02-13T09:36:58.591+0000 7f5c9e1f9640 20 -- v2:127.0.0.1:7127/0 >> v2:127.0.0.1:7128/0 conn(0x19ea800 msgr2=0x19b4b00 crc :-1 s=STATE_CONNECTION_ESTABLISHED l=0).process
2026-02-13T09:36:58.591+0000 7f5c9e1f9640 20 -- v2:127.0.0.1:7127/0 >> v2:127.0.0.1:7128/0 conn(0x19ea800 msgr2=0x19b4b00 crc :-1 s=STATE_CONNECTION_ESTABLISHED l=0).read continue len=32
2026-02-13T09:36:58.591+0000 7f5c9e1f9640 20 --2- v2:127.0.0.1:7127/0 >> v2:127.0.0.1:7128/0 conn(0x19ea800 0x19b4b00 crc :-1 s=READY pgs=4 gs=4 cs=0 l=0 c_cookie=8938688379437965815 s_cookie=2416471792485608123 reconnecting=0 rev1=1 crypto rx=0 tx=0 comp rx=0 tx=0).handle_read_frame_preamble_main r=0
2026-02-13T09:36:58.591+0000 7f5c9e1f9640 20 --2- v2:127.0.0.1:7127/0 >> v2:127.0.0.1:7128/0 conn(0x19ea800 0x19b4b00 crc :-1 s=THROTTLE_MESSAGE pgs=4 gs=4 cs=0 l=0 c_cookie=8938688379437965815 s_cookie=2416471792485608123 reconnecting=0 rev1=1 crypto rx=0 tx=0 comp rx=0 tx=0).throttle_message
2026-02-13T09:36:58.591+0000 7f5c9e1f9640 20 --2- v2:127.0.0.1:7127/0 >> v2:127.0.0.1:7128/0 conn(0x19ea800 0x19b4b00 crc :-1 s=THROTTLE_BYTES pgs=4 gs=4 cs=0 l=0 c_cookie=8938688379437965815 s_cookie=2416471792485608123 reconnecting=0 rev1=1 crypto rx=0 tx=0 comp rx=0 tx=0).throttle_bytes
2026-02-13T09:36:58.591+0000 7f5c9e1f9640 20 --2- v2:127.0.0.1:7127/0 >> v2:127.0.0.1:7128/0 conn(0x19ea800 0x19b4b00 crc :-1 s=THROTTLE_DISPATCH_QUEUE pgs=4 gs=4 cs=0 l=0 c_cookie=8938688379437965815 s_cookie=2416471792485608123 reconnecting=0 rev1=1 crypto rx=0 tx=0 comp rx=0 tx=0).throttle_dispatch_queue
