2026-02-13T09:36:58.586+0000 7f5c979ec640 15 --2- v2:127.0.0.1:7127/0 >> v2:127.0.0.1:7128/0 conn(0x19ea800 0x19b4b00 crc :-1 s=READY pgs=4 gs=4 cs=0 l=0 c_cookie=8938688379437965815 s_cookie=2416471792485608123 reconnecting=0 rev1=1 crypto rx=0 tx=0 comp rx=0 tx=0).send_message message queued for async transmission m=0x28ee600
2026-02-13T09:36:58.586+0000 7f5c979ec640 20 Event(0x189abc8 nevent=5000 time_id=5).wakeup
2026-02-13T09:36:58.586+0000 7f5c979ec640 10 mon.a@0(leader).paxos(paxos refresh c 1..2) finish_round
2026-02-13T09:36:58.586+0000 7f5c979ec640 20 mon.a@0(leader).paxos(paxos active c 1..2) finish_round waiting_for_acting
2026-02-13T09:36:58.586+0000 7f5c979ec640 10 mon.a@0(leader).paxosservice(mdsmap 1..1) _active
2026-02-13T09:36:58.586+0000 7f5c979ec640 7 mon.a@0(leader).paxosservice(mdsmap 1..1) _active creating new pending
2026-02-13T09:36:58.586+0000 7f5c979ec640 5 mon.a@0(leader).paxos(paxos active c 1..2) is_readable = 1 - now=2026-02-13T09:36:58.587956+0000 lease_expire=2026-02-13T09:37:03.587933+0000 has v0 lc 2
2026-02-13T09:36:58.586+0000 7f5c979ec640 10 mon.a@0(leader).mds e1 create_pending e2
2026-02-13T09:36:58.586+0000 7f5c9e1f9640 10 -- v2:127.0.0.1:7127/0 >> v2:127.0.0.1:7128/0 conn(0x19ea800 msgr2=0x19b4b00 crc :-1 s=STATE_CONNECTION_ESTABLISHED l=0).handle_write
2026-02-13T09:36:58.586+0000 7f5c979ec640 20 mon.a@0(leader).mds e1 300s
2026-02-13T09:36:58.586+0000 7f5c979ec640 20 mon.a@0(leader).mds e1 oldest epoch in history is 1
2026-02-13T09:36:58.586+0000 7f5c9e1f9640 10 --2- v2:127.0.0.1:7127/0 >> v2:127.0.0.1:7128/0 conn(0x19ea800 0x19b4b00 crc :-1 s=READY pgs=4 gs=4 cs=0 l=0 c_cookie=8938688379437965815 s_cookie=2416471792485608123 reconnecting=0 rev1=1 crypto rx=0 tx=0 comp rx=0 tx=0).write_event
2026-02-13T09:36:58.586+0000 7f5c9e1f9640 20 --2- v2:127.0.0.1:7127/0 >> v2:127.0.0.1:7128/0 conn(0x19ea800 0x19b4b00 crc :-1 s=READY pgs=4 gs=4 cs=0 l=0 c_cookie=8938688379437965815 s_cookie=2416471792485608123 reconnecting=0 rev1=1 crypto rx=0 tx=0 comp rx=0 tx=0).prepare_send_message m=paxos(lease lc 2 fc 1 pn 0 opn 0)
2026-02-13T09:36:58.586+0000 7f5c9e1f9640 20 --2- v2:127.0.0.1:7127/0 >> v2:127.0.0.1:7128/0 conn(0x19ea800 0x19b4b00 crc :-1 s=READY pgs=4 gs=4 cs=0 l=0 c_cookie=8938688379437965815 s_cookie=2416471792485608123 reconnecting=0 rev1=1 crypto rx=0 tx=0 comp rx=0 tx=0).prepare_send_message encoding features 4544132024016699391 0x28ee600 paxos(lease lc 2 fc 1 pn 0 opn 0)
2026-02-13T09:36:58.586+0000 7f5c979ec640 20 mon.a@0(leader).mds e1 struct is recent
2026-02-13T09:36:58.586+0000 7f5c9e1f9640 2 --2- v2:127.0.0.1:7127/0 >> v2:127.0.0.1:7128/0 conn(0x19ea800 0x19b4b00 crc :-1 s=READY pgs=4 gs=4 cs=0 l=0 c_cookie=8938688379437965815 s_cookie=2416471792485608123 reconnecting=0 rev1=1 crypto rx=0 tx=0 comp rx=0 tx=0).write_message sending message m=0x28ee600 seq=31 paxos(lease lc 2 fc 1 pn 0 opn 0)
2026-02-13T09:36:58.586+0000 7f5c9e1f9640 20 --2- v2:127.0.0.1:7127/0 >> v2:127.0.0.1:7128/0 conn(0x19ea800 0x19b4b00 crc :-1 s=READY pgs=4 gs=4 cs=0 l=0 c_cookie=8938688379437965815 s_cookie=2416471792485608123 reconnecting=0 rev1=1 crypto rx=0 tx=0 comp rx=0 tx=0).write_message sending m=0x28ee600 seq=31 src=mon.0 off=0
2026-02-13T09:36:58.586+0000 7f5c979ec640 0 log_channel(cluster) log [DBG] : fsmap
2026-02-13T09:36:58.586+0000 7f5c9e1f9640 10 -- v2:127.0.0.1:7127/0 >> v2:127.0.0.1:7128/0 conn(0x19ea800 msgr2=0x19b4b00 crc :-1 s=STATE_CONNECTION_ESTABLISHED l=0)._try_send sent bytes 174 remaining bytes 0
2026-02-13T09:36:58.586+0000 7f5c9e1f9640 10 --2- v2:127.0.0.1:7127/0 >> v2:127.0.0.1:7128/0 conn(0x19ea800 0x19b4b00 crc :-1 s=READY pgs=4 gs=4 cs=0 l=0 c_cookie=8938688379437965815 s_cookie=2416471792485608123 reconnecting=0 rev1=1 crypto rx=0 tx=0 comp rx=0 tx=0).write_message sending 0x28ee600 done.
2026-02-13T09:36:58.586+0000 7f5c979ec640 1 -- v2:127.0.0.1:7127/0 --> v2:127.0.0.1:7127/0 -- log(1 entries from seq 14 at
2026-02-13T09:36:58.587982+0000) -- 0x290a1c0 con 0x18e1c00
2026-02-13T09:36:58.586+0000 7f5c979ec640 20 -- v2:127.0.0.1:7127/0 >> v2:127.0.0.1:7127/0 conn(0x18e1c00 msgr2=0x1989000 unknown :-1 s=STATE_NONE l=0).send_message log(1 entries from seq 14 at
2026-02-13T09:36:58.587982+0000) local
2026-02-13T09:36:58.586+0000 7f5c979ec640 20 mon.a@0(leader).paxos(paxos active c 1..2) finish_round waiting_for_readable
2026-02-13T09:36:58.586+0000 7f5c979ec640 20 mon.a@0(leader).paxos(paxos active c 1..2) finish_round waiting_for_writeable
2026-02-13T09:36:58.586+0000 7f5c979ec640 10 mon.a@0(leader).paxos(paxos active c 1..2) finish_round done w/ waiters, state active
2026-02-13T09:36:58.586+0000 7f5c999f0640 20 -- v2:127.0.0.1:7127/0 queue 0x290a1c0 prio 196
2026-02-13T09:36:58.586+0000 7f5c979ec640 10 mon.a@0(leader).paxos(paxos active c 1..2) propose_pending 3 14662 bytes
2026-02-13T09:36:58.586+0000 7f5c979ec640 10 mon.a@0(leader).paxos(paxos updating c 1..2) begin for 3 14662 bytes
2026-02-13T09:36:58.586+0000 7f5c9e1f9640 20 -- v2:127.0.0.1:7127/0 >> v2:127.0.0.1:7128/0 conn(0x19ea800 msgr2=0x19b4b00 crc :-1 s=STATE_CONNECTION_ESTABLISHED l=0).process
2026-02-13T09:36:58.586+0000 7f5c9e1f9640 20 -- v2:127.0.0.1:7127/0 >> v2:127.0.0.1:7128/0 conn(0x19ea800 msgr2=0x19b4b00 crc :-1 s=STATE_CONNECTION_ESTABLISHED l=0).read continue len=32
2026-02-13T09:36:58.586+0000 7f5c9a1f1640 1 -- v2:127.0.0.1:7127/0 <== mon.0 v2:127.0.0.1:7127/0 0 ==== log(1 entries from seq 14 at
2026-02-13T09:36:58.587982+0000) ==== 0+0+0 (unknown 0 0 0) 0x290a1c0 con 0x18e1c00
2026-02-13T09:36:58.586+0000 7f5c9e1f9640 20 --2- v2:127.0.0.1:7127/0 >> v2:127.0.0.1:7128/0 conn(0x19ea800 0x19b4b00 crc :-1 s=READY pgs=4 gs=4 cs=0 l=0 c_cookie=8938688379437965815 s_cookie=2416471792485608123 reconnecting=0 rev1=1 crypto rx=0 tx=0 comp rx=0 tx=0).handle_read_frame_preamble_main r=0
2026-02-13T09:36:58.586+0000 7f5c9e1f9640 20 --2- v2:127.0.0.1:7127/0 >> v2:127.0.0.1:7128/0 conn(0x19ea800 0x19b4b00 crc :-1 s=READY pgs=4 gs=4 cs=0 l=0 c_cookie=8938688379437965815 s_cookie=2416471792485608123 reconnecting=0 rev1=1 crypto rx=0 tx=0 comp rx=0 tx=0).read_frame_segment seg_idx=0
2026-02-13T09:36:58.586+0000 7f5c9e1f9640 20 -- v2:127.0.0.1:7127/0 >> v2:127.0.0.1:7128/0 conn(0x19ea800 msgr2=0x19b4b00 crc :-1 s=STATE_CONNECTION_ESTABLISHED l=0).read start len=12
2026-02-13T09:36:58.586+0000 7f5c9e1f9640 20 --2- v2:127.0.0.1:7127/0 >> v2:127.0.0.1:7128/0 conn(0x19ea800 0x19b4b00 crc :-1 s=READY pgs=4 gs=4 cs=0 l=0 c_cookie=8938688379437965815 s_cookie=2416471792485608123 reconnecting=0 rev1=1 crypto rx=0 tx=0 comp rx=0 tx=0).handle_read_frame_segment r=0
2026-02-13T09:36:58.586+0000 7f5c9e1f9640 10 --2- v2:127.0.0.1:7127/0 >> v2:127.0.0.1:7128/0 conn(0x19ea800 0x19b4b00 crc :-1 s=READY pgs=4 gs=4 cs=0 l=0 c_cookie=8938688379437965815 s_cookie=2416471792485608123 reconnecting=0 rev1=1 crypto rx=0 tx=0 comp rx=0 tx=0).handle_read_frame_dispatch tag=20
2026-02-13T09:36:58.586+0000 7f5c9e1f9640 20 --2- v2:127.0.0.1:7127/0 >> v2:127.0.0.1:7128/0 conn(0x19ea800 0x19b4b00 crc :-1 s=READY pgs=4 gs=4 cs=0 l=0 c_cookie=8938688379437965815 s_cookie=2416471792485608123 reconnecting=0 rev1=1 crypto rx=0 tx=0 comp rx=0 tx=0).handle_message_ack payload.length()=8
2026-02-13T09:36:58.586+0000 7f5c9e1f9640 15 --2- v2:127.0.0.1:7127/0 >> v2:127.0.0.1:7128/0 conn(0x19ea800 0x19b4b00 crc :-1 s=READY pgs=4 gs=4 cs=0 l=0 c_cookie=8938688379437965815 s_cookie=2416471792485608123 reconnecting=0 rev1=1 crypto rx=0 tx=0 comp rx=0 tx=0).handle_message_ack seq=31
2026-02-13T09:36:58.586+0000 7f5c9e1f9640 10 --2- v2:127.0.0.1:7127/0 >> v2:127.0.0.1:7128/0 conn(0x19ea800 0x19b4b00 crc :-1 s=READY pgs=4 gs=4 cs=0 l=0 c_cookie=8938688379437965815 s_cookie=2416471792485608123 reconnecting=0 rev1=1 crypto rx=0 tx=0 comp rx=0 tx=0).handle_message_ack got ack seq 31 >= 31 on 0x28ee600 paxos(lease lc 2 fc 1 pn 0 opn 0)
2026-02-13T09:36:58.586+0000 7f5c9e1f9640 20 --2- v2:127.0.0.1:7127/0 >> v2:127.0.0.1:7128/0 conn(0x19ea800 0x19b4b00 crc :-1 s=READY pgs=4 gs=4 cs=0 l=0 c_cookie=8938688379437965815 s_cookie=2416471792485608123 reconnecting=0 rev1=1 crypto rx=0 tx=0 comp rx=0 tx=0).read_frame
2026-02-13T09:36:58.586+0000 7f5c9e1f9640 20 -- v2:127.0.0.1:7127/0 >> v2:127.0.0.1:7128/0 conn(0x19ea800 msgr2=0x19b4b00 crc :-1 s=STATE_CONNECTION_ESTABLISHED l=0).read start len=32
2026-02-13T09:36:58.586+0000 7f5c9e1f9640 20 -- v2:127.0.0.1:7127/0 >> v2:127.0.0.1:7128/0 conn(0x19ea800 msgr2=0x19b4b00 crc :-1 s=STATE_CONNECTION_ESTABLISHED l=0).process
2026-02-13T09:36:58.586+0000 7f5c9e1f9640 20 -- v2:127.0.0.1:7127/0 >> v2:127.0.0.1:7128/0 conn(0x19ea800 msgr2=0x19b4b00 crc :-1 s=STATE_CONNECTION_ESTABLISHED l=0).read continue len=32
2026-02-13T09:36:58.586+0000 7f5c9e1f9640 20 --2- v2:127.0.0.1:7127/0 >> v2:127.0.0.1:7128/0 conn(0x19ea800 0x19b4b00 crc :-1 s=READY pgs=4 gs=4 cs=0 l=0 c_cookie=8938688379437965815 s_cookie=2416471792485608123 reconnecting=0 rev1=1 crypto rx=0 tx=0 comp rx=0 tx=0).handle_read_frame_preamble_main r=0
2026-02-13T09:36:58.586+0000 7f5c9e1f9640 20 --2- v2:127.0.0.1:7127/0 >> v2:127.0.0.1:7128/0 conn(0x19ea800 0x19b4b00 crc :-1 s=THROTTLE_MESSAGE pgs=4 gs=4 cs=0 l=0 c_cookie=8938688379437965815 s_cookie=2416471792485608123 reconnecting=0 rev1=1 crypto rx=0 tx=0 comp rx=0 tx=0).throttle_message
2026-02-13T09:36:58.586+0000 7f5c9e1f9640 20 --2- v2:127.0.0.1:7127/0 >> v2:127.0.0.1:7128/0 conn(0x19ea800 0x19b4b00 crc :-1 s=THROTTLE_BYTES pgs=4 gs=4 cs=0 l=0 c_cookie=8938688379437965815 s_cookie=2416471792485608123 reconnecting=0 rev1=1 crypto rx=0 tx=0 comp rx=0 tx=0).throttle_bytes
2026-02-13T09:36:58.586+0000 7f5c9e1f9640 20 --2- v2:127.0.0.1:7127/0 >> v2:127.0.0.1:7128/0 conn(0x19ea800 0x19b4b00 crc :-1 s=THROTTLE_DISPATCH_QUEUE pgs=4 gs=4 cs=0 l=0 c_cookie=8938688379437965815 s_cookie=2416471792485608123 reconnecting=0 rev1=1 crypto rx=0 tx=0 comp rx=0 tx=0).throttle_dispatch_queue
2026-02-13T09:36:58.586+0000 7f5c9e1f9640 20 --2- v2:127.0.0.1:7127/0 >> v2:127.0.0.1:7128/0 conn(0x19ea800 0x19b4b00 crc :-1 s=THROTTLE_DONE pgs=4 gs=4 cs=0 l=0 c_cookie=8938688379437965815 s_cookie=2416471792485608123 reconnecting=0 rev1=1 crypto rx=0 tx=0 comp rx=0 tx=0).read_frame_segment seg_idx=0
2026-02-13T09:36:58.586+0000 7f5c9e1f9640 20 -- v2:127.0.0.1:7127/0 >> v2:127.0.0.1:7128/0 conn(0x19ea800 msgr2=0x19b4b00 crc :-1 s=STATE_CONNECTION_ESTABLISHED l=0).read start len=45
2026-02-13T09:36:58.586+0000 7f5c9e1f9640 20 --2- v2:127.0.0.1:7127/0 >> v2:127.0.0.1:7128/0 conn(0x19ea800 0x19b4b00 crc :-1 s=THROTTLE_DONE pgs=4 gs=4 cs=0 l=0 c_cookie=8938688379437965815 s_cookie=2416471792485608123 reconnecting=0 rev1=1 crypto rx=0 tx=0 comp rx=0 tx=0).handle_read_frame_segment r=0
2026-02-13T09:36:58.586+0000 7f5c9e1f9640 20 --2- v2:127.0.0.1:7127/0 >> v2:127.0.0.1:7128/0 conn(0x19ea800 0x19b4b00 crc :-1 s=THROTTLE_DONE pgs=4 gs=4 cs=0 l=0 c_cookie=8938688379437965815 s_cookie=2416471792485608123 reconnecting=0 rev1=1 crypto rx=0 tx=0 comp rx=0 tx=0).read_frame_segment seg_idx=1
2026-02-13T09:36:58.586+0000 7f5c9e1f9640 20 -- v2:127.0.0.1:7127/0 >> v2:127.0.0.1:7128/0 conn(0x19ea800 msgr2=0x19b4b00 crc :-1 s=STATE_CONNECTION_ESTABLISHED l=0).read start len=118
2026-02-13T09:36:58.586+0000 7f5c9e1f9640 20 --2- v2:127.0.0.1:7127/0 >> v2:127.0.0.1:7128/0 conn(0x19ea800 0x19b4b00 crc :-1 s=THROTTLE_DONE pgs=4 gs=4 cs=0 l=0 c_cookie=8938688379437965815 s_cookie=2416471792485608123 reconnecting=0 rev1=1 crypto rx=0 tx=0 comp rx=0 tx=0).handle_read_frame_segment r=0
2026-02-13T09:36:58.586+0000 7f5c9e1f9640 20 -- v2:127.0.0.1:7127/0 >> v2:127.0.0.1:7128/0 conn(0x19ea800 msgr2=0x19b4b00 crc :-1 s=STATE_CONNECTION_ESTABLISHED l=0).read start len=13
2026-02-13T09:36:58.586+0000 7f5c9e1f9640 20 --2- v2:127.0.0.1:7127/0 >> v2:127.0.0.1:7128/0 conn(0x19ea800 0x19b4b00 crc :-1 s=THROTTLE_DONE pgs=4 gs=4 cs=0 l=0 c_cookie=8938688379437965815 s_cookie=2416471792485608123 reconnecting=0 rev1=1 crypto rx=0 tx=0 comp rx=0 tx=0).handle_read_frame_epilogue_main r=0
2026-02-13T09:36:58.586+0000 7f5c9e1f9640 10 --2- v2:127.0.0.1:7127/0 >> v2:127.0.0.1:7128/0 conn(0x19ea800 0x19b4b00 crc :-1 s=THROTTLE_DONE pgs=4 gs=4 cs=0 l=0 c_cookie=8938688379437965815 s_cookie=2416471792485608123 reconnecting=0 rev1=1 crypto rx=0 tx=0 comp rx=0 tx=0).handle_read_frame_dispatch tag=17
2026-02-13T09:36:58.586+0000 7f5c9e1f9640 20 --2- v2:127.0.0.1:7127/0 >> v2:127.0.0.1:7128/0 conn(0x19ea800 0x19b4b00 crc :-1 s=THROTTLE_DONE pgs=4 gs=4 cs=0 l=0 c_cookie=8938688379437965815 s_cookie=2416471792485608123 reconnecting=0 rev1=1 crypto rx=0 tx=0 comp rx=0 tx=0).handle_message
2026-02-13T09:36:58.586+0000 7f5c9e1f9640 5 --2- v2:127.0.0.1:7127/0 >> v2:127.0.0.1:7128/0 conn(0x19ea800 0x19b4b00 crc :-1 s=THROTTLE_DONE pgs=4 gs=4 cs=0 l=0 c_cookie=8938688379437965815 s_cookie=2416471792485608123 reconnecting=0 rev1=1 crypto rx=0 tx=0 comp rx=0 tx=0).handle_message got 118 + 0 + 0 byte message. envelope type=66 src mon.1 off 0
2026-02-13T09:36:58.586+0000 7f5c9e1f9640 5 --2- v2:127.0.0.1:7127/0 >> v2:127.0.0.1:7128/0 conn(0x19ea800 0x19b4b00 crc :-1 s=READ_MESSAGE_COMPLETE pgs=4 gs=4 cs=0 l=0 c_cookie=8938688379437965815 s_cookie=2416471792485608123 reconnecting=0 rev1=1 crypto rx=0 tx=0 comp rx=0 tx=0).handle_message received message m=0x28ee600 seq=28 from=mon.1 type=66 paxos(lease_ack lc 2 fc 1 pn 0 opn 0)
2026-02-13T09:36:58.586+0000 7f5c9e1f9640 20 -- v2:127.0.0.1:7127/0 queue 0x28ee600 prio 196
2026-02-13T09:36:58.586+0000 7f5c9e1f9640 15 --2- v2:127.0.0.1:7127/0 >> v2:127.0.0.1:7128/0 conn(0x19ea800 0x19b4b00 crc :-1 s=READY pgs=4 gs=4 cs=0 l=0 c_cookie=8938688379437965815 s_cookie=2416471792485608123 reconnecting=0 rev1=1 crypto rx=0 tx=0 comp rx=0 tx=0).handle_message_ack seq=31
2026-02-13T09:36:58.586+0000 7f5c979ec640 10 mon.a@0(leader).paxos(paxos updating c 1..2) sending begin to mon.1
2026-02-13T09:36:58.586+0000 7f5c9e1f9640 20 --2- v2:127.0.0.1:7127/0 >> v2:127.0.0.1:7128/0 conn(0x19ea800 0x19b4b00 crc :-1 s=READY pgs=4 gs=4 cs=0 l=0 c_cookie=8938688379437965815 s_cookie=2416471792485608123 reconnecting=0 rev1=1 crypto rx=0 tx=0 comp rx=0 tx=0).read_frame
2026-02-13T09:36:58.586+0000 7f5c9e1f9640 20 -- v2:127.0.0.1:7127/0 >> v2:127.0.0.1:7128/0 conn(0x19ea800 msgr2=0x19b4b00 crc :-1 s=STATE_CONNECTION_ESTABLISHED l=0).read start len=32
2026-02-13T09:36:58.586+0000 7f5c9e1f9640 10 -- v2:127.0.0.1:7127/0 >> v2:127.0.0.1:7128/0 conn(0x19ea800 msgr2=0x19b4b00 crc :-1 s=STATE_CONNECTION_ESTABLISHED l=0).handle_write
2026-02-13T09:36:58.586+0000 7f5c979ec640 1 -- v2:127.0.0.1:7127/0 send_to--> mon v2:127.0.0.1:7128/0 -- paxos(begin lc 2 fc 0 pn 200 opn 0) -- ?+0 0x28ee400
2026-02-13T09:36:58.586+0000 7f5c9e1f9640 10 --2- v2:127.0.0.1:7127/0 >> v2:127.0.0.1:7128/0 conn(0x19ea800 0x19b4b00 crc :-1 s=READY pgs=4 gs=4 cs=0 l=0 c_cookie=8938688379437965815 s_cookie=2416471792485608123 reconnecting=0 rev1=1 crypto rx=0 tx=0 comp rx=0 tx=0).write_event
2026-02-13T09:36:58.586+0000 7f5c979ec640 10 -- v2:127.0.0.1:7127/0 connect_to v2:127.0.0.1:7128/0 existing 0x19ea800
2026-02-13T09:36:58.586+0000 7f5c9e1f9640 10 --2- v2:127.0.0.1:7127/0 >> v2:127.0.0.1:7128/0 conn(0x19ea800 0x19b4b00 crc :-1 s=READY pgs=4 gs=4 cs=0 l=0 c_cookie=8938688379437965815 s_cookie=2416471792485608123 reconnecting=0 rev1=1 crypto rx=0 tx=0 comp rx=0 tx=0).write_event try send msg ack, acked 1 messages
2026-02-13T09:36:58.586+0000 7f5c979ec640 1 -- v2:127.0.0.1:7127/0 --> v2:127.0.0.1:7128/0 -- paxos(begin lc 2 fc 0 pn 200 opn 0) -- 0x28ee400 con 0x19ea800
2026-02-13T09:36:58.586+0000 7f5c9e1f9640 10 -- v2:127.0.0.1:7127/0 >> v2:127.0.0.1:7128/0 conn(0x19ea800 msgr2=0x19b4b00 crc :-1 s=STATE_CONNECTION_ESTABLISHED l=0)._try_send sent bytes 44 remaining bytes 0
2026-02-13T09:36:58.586+0000 7f5c979ec640 5 --2- v2:127.0.0.1:7127/0 >> v2:127.0.0.1:7128/0 conn(0x19ea800 0x19b4b00 crc :-1 s=READY pgs=4 gs=4 cs=0 l=0 c_cookie=8938688379437965815 s_cookie=2416471792485608123 reconnecting=0 rev1=1 crypto rx=0 tx=0 comp rx=0 tx=0).send_message enqueueing message m=0x28ee400 type=66 paxos(begin lc 2 fc 0 pn 200 opn 0)
2026-02-13T09:36:58.586+0000 7f5c979ec640 15 --2- v2:127.0.0.1:7127/0 >> v2:127.0.0.1:7128/0 conn(0x19ea800 0x19b4b00 crc :-1 s=READY pgs=4 gs=4 cs=0 l=0 c_cookie=8938688379437965815 s_cookie=2416471792485608123 reconnecting=0 rev1=1 crypto rx=0 tx=0 comp rx=0 tx=0).send_message message queued for async transmission m=0x28ee400
2026-02-13T09:36:58.586+0000 7f5c979ec640 20 Event(0x189abc8 nevent=5000 time_id=5).wakeup
2026-02-13T09:36:58.586+0000 7f5c9e1f9640 10 -- v2:127.0.0.1:7127/0 >> v2:127.0.0.1:7128/0 conn(0x19ea800 msgr2=0x19b4b00 crc :-1 s=STATE_CONNECTION_ESTABLISHED l=0).handle_write
2026-02-13T09:36:58.586+0000 7f5c9e1f9640 10 --2- v2:127.0.0.1:7127/0 >> v2:127.0.0.1:7128/0 conn(0x19ea800 0x19b4b00 crc :-1 s=READY pgs=4 gs=4 cs=0 l=0 c_cookie=8938688379437965815 s_cookie=2416471792485608123 reconnecting=0 rev1=1 crypto rx=0 tx=0 comp rx=0 tx=0).write_event
2026-02-13T09:36:58.586+0000 7f5c9a1f1640 20 mon.a@0(leader) e1 _ms_dispatch existing session 0x2867680 for mon.0
2026-02-13T09:36:58.586+0000 7f5c9a1f1640 20 mon.a@0(leader) e1 entity_name global_id 0 (none) caps allow *
2026-02-13T09:36:58.586+0000 7f5c9e1f9640 20 --2- v2:127.0.0.1:7127/0 >> v2:127.0.0.1:7128/0 conn(0x19ea800 0x19b4b00 crc :-1 s=READY pgs=4 gs=4 cs=0 l=0 c_cookie=8938688379437965815 s_cookie=2416471792485608123 reconnecting=0 rev1=1 crypto rx=0 tx=0 comp rx=0 tx=0).prepare_send_message m=paxos(begin lc 2 fc 0 pn 200 opn 0)
2026-02-13T09:36:58.586+0000 7f5c9e1f9640 20 --2- v2:127.0.0.1:7127/0 >> v2:127.0.0.1:7128/0 conn(0x19ea800 0x19b4b00 crc :-1 s=READY pgs=4 gs=4 cs=0 l=0 c_cookie=8938688379437965815 s_cookie=2416471792485608123 reconnecting=0 rev1=1 crypto rx=0 tx=0 comp rx=0 tx=0).prepare_send_message encoding features 4544132024016699391 0x28ee400 paxos(begin lc 2 fc 0 pn 200 opn 0)
2026-02-13T09:36:58.586+0000 7f5c9a1f1640 10 mon.a@0(leader).paxosservice(logm 0..0) dispatch 0x290a1c0 log(1 entries from seq 14 at
2026-02-13T09:36:58.587982+0000) from mon.0 v2:127.0.0.1:7127/0 con 0x18e1c00
2026-02-13T09:36:58.586+0000 7f5c9a1f1640 5 mon.a@0(leader).paxos(paxos updating c 1..2) is_readable = 1 - now=2026-02-13T09:36:58.588262+0000 lease_expire=2026-02-13T09:37:03.587933+0000 has v0 lc 2
2026-02-13T09:36:58.586+0000 7f5c9a1f1640 10 mon.a@0(leader).paxosservice(logm 0..0) waiting for paxos -> readable (v0)
2026-02-13T09:36:58.586+0000 7f5c9a1f1640 20 -- v2:127.0.0.1:7127/0 done calling dispatch on 0x290a1c0
2026-02-13T09:36:58.586+0000 7f5c9a1f1640 1 -- v2:127.0.0.1:7127/0 <== mon.1 v2:127.0.0.1:7128/0 28 ==== paxos(lease_ack lc 2 fc 1 pn 0 opn 0) ==== 118+0+0 (crc 0 0 0) 0x28ee600 con 0x19ea800
2026-02-13T09:36:58.586+0000 7f5c9a1f1640 20 mon.a@0(leader) e1 _ms_dispatch existing session 0x28666c0 for mon.1
2026-02-13T09:36:58.586+0000 7f5c9a1f1640 20 mon.a@0(leader) e1 entity_name global_id 0 (none) caps allow *
2026-02-13T09:36:58.586+0000 7f5c9a1f1640 20 MonCap is_capable service=mon command= read addr v2:127.0.0.1:7128/0 on cap allow *
2026-02-13T09:36:58.586+0000 7f5c9a1f1640 20 MonCap allow so far , doing grant allow *
2026-02-13T09:36:58.586+0000 7f5c9a1f1640 20 MonCap allow all
2026-02-13T09:36:58.586+0000 7f5c9a1f1640 20 MonCap is_capable service=mon command= exec addr v2:127.0.0.1:7128/0 on cap allow *
2026-02-13T09:36:58.586+0000 7f5c9a1f1640 20 MonCap allow so far , doing grant allow *
2026-02-13T09:36:58.586+0000 7f5c9a1f1640 20 MonCap allow all
2026-02-13T09:36:58.586+0000 7f5c9a1f1640 10 mon.a@0(leader).paxos(paxos updating c 1..2) handle_lease_ack from mon.1 -- stray (probably since revoked)
2026-02-13T09:36:58.586+0000 7f5c9a1f1640 10 -- v2:127.0.0.1:7127/0 dispatch_throttle_release 118 to dispatch throttler 118/104857600
2026-02-13T09:36:58.587+0000 7f5c9a1f1640 20 -- v2:127.0.0.1:7127/0 done calling dispatch on 0x28ee600
2026-02-13T09:36:58.587+0000 7f5c9e1f9640 2 --2- v2:127.0.0.1:7127/0 >> v2:127.0.0.1:7128/0 conn(0x19ea800 0x19b4b00 crc :-1 s=READY pgs=4 gs=4 cs=0 l=0 c_cookie=8938688379437965815 s_cookie=2416471792485608123 reconnecting=0 rev1=1 crypto rx=0 tx=0 comp rx=0 tx=0).write_message sending message m=0x28ee400 seq=32 paxos(begin lc 2 fc 0 pn 200 opn 0)
2026-02-13T09:36:58.587+0000 7f5c9e1f9640 20 --2- v2:127.0.0.1:7127/0 >> v2:127.0.0.1:7128/0 conn(0x19ea800 0x19b4b00 crc :-1 s=READY pgs=4 gs=4 cs=0 l=0 c_cookie=8938688379437965815 s_cookie=2416471792485608123 reconnecting=0 rev1=1 crypto rx=0 tx=0 comp rx=0 tx=0).write_message sending m=0x28ee400 seq=32 src=mon.0 off=0
2026-02-13T09:36:58.587+0000 7f5c9e1f9640 10 -- v2:127.0.0.1:7127/0 >> v2:127.0.0.1:7128/0 conn(0x19ea800 msgr2=0x19b4b00 crc :-1 s=STATE_CONNECTION_ESTABLISHED l=0)._try_send sent bytes 14848 remaining bytes 0
2026-02-13T09:36:58.587+0000 7f5c9e1f9640 10 --2- v2:127.0.0.1:7127/0 >> v2:127.0.0.1:7128/0 conn(0x19ea800 0x19b4b00 crc :-1 s=READY pgs=4 gs=4 cs=0 l=0 c_cookie=8938688379437965815 s_cookie=2416471792485608123 reconnecting=0 rev1=1 crypto rx=0 tx=0 comp rx=0 tx=0).write_message sending 0x28ee400 done.
2026-02-13T09:36:58.587+0000 7f5c9e1f9640 20 -- v2:127.0.0.1:7127/0 >> v2:127.0.0.1:7128/0 conn(0x19ea800 msgr2=0x19b4b00 crc :-1 s=STATE_CONNECTION_ESTABLISHED l=0).process
2026-02-13T09:36:58.587+0000 7f5c9e1f9640 20 -- v2:127.0.0.1:7127/0 >> v2:127.0.0.1:7128/0 conn(0x19ea800 msgr2=0x19b4b00 crc :-1 s=STATE_CONNECTION_ESTABLISHED l=0).read continue len=32
2026-02-13T09:36:58.587+0000 7f5c9e1f9640 20 --2- v2:127.0.0.1:7127/0 >> v2:127.0.0.1:7128/0 conn(0x19ea800 0x19b4b00 crc :-1 s=READY pgs=4 gs=4 cs=0 l=0 c_cookie=8938688379437965815 s_cookie=2416471792485608123 reconnecting=0 rev1=1 crypto rx=0 tx=0 comp rx=0 tx=0).handle_read_frame_preamble_main r=0
2026-02-13T09:36:58.587+0000 7f5c9e1f9640 20 --2- v2:127.0.0.1:7127/0 >> v2:127.0.0.1:7128/0 conn(0x19ea800 0x19b4b00 crc :-1 s=READY pgs=4 gs=4 cs=0 l=0 c_cookie=8938688379437965815 s_cookie=2416471792485608123 reconnecting=0 rev1=1 crypto rx=0 tx=0 comp rx=0 tx=0).read_frame_segment seg_idx=0
2026-02-13T09:36:58.587+0000 7f5c9e1f9640 20 -- v2:127.0.0.1:7127/0 >> v2:127.0.0.1:7128/0 conn(0x19ea800 msgr2=0x19b4b00 crc :-1 s=STATE_CONNECTION_ESTABLISHED l=0).read start len=12
2026-02-13T09:36:58.587+0000 7f5c9e1f9640 20 --2- v2:127.0.0.1:7127/0 >> v2:127.0.0.1:7128/0 conn(0x19ea800 0x19b4b00 crc :-1 s=READY pgs=4 gs=4 cs=0 l=0 c_cookie=8938688379437965815 s_cookie=2416471792485608123 reconnecting=0 rev1=1 crypto rx=0 tx=0 comp rx=0 tx=0).handle_read_frame_segment r=0
2026-02-13T09:36:58.587+0000 7f5c9e1f9640 10 --2- v2:127.0.0.1:7127/0 >> v2:127.0.0.1:7128/0 conn(0x19ea800 0x19b4b00 crc :-1 s=READY pgs=4 gs=4 cs=0 l=0 c_cookie=8938688379437965815 s_cookie=2416471792485608123 reconnecting=0 rev1=1 crypto rx=0 tx=0 comp rx=0 tx=0).handle_read_frame_dispatch tag=20
2026-02-13T09:36:58.587+0000 7f5c9e1f9640 20 --2- v2:127.0.0.1:7127/0 >> v2:127.0.0.1:7128/0 conn(0x19ea800 0x19b4b00 crc :-1 s=READY pgs=4 gs=4 cs=0 l=0 c_cookie=8938688379437965815 s_cookie=2416471792485608123 reconnecting=0 rev1=1 crypto rx=0 tx=0 comp rx=0 tx=0).handle_message_ack payload.length()=8
2026-02-13T09:36:58.587+0000 7f5c9e1f9640 15 --2- v2:127.0.0.1:7127/0 >> v2:127.0.0.1:7128/0 conn(0x19ea800 0x19b4b00 crc :-1 s=READY pgs=4 gs=4 cs=0 l=0 c_cookie=8938688379437965815 s_cookie=2416471792485608123 reconnecting=0 rev1=1 crypto rx=0 tx=0 comp rx=0 tx=0).handle_message_ack seq=32
2026-02-13T09:36:58.587+0000 7f5c9e1f9640 10 --2- v2:127.0.0.1:7127/0 >> v2:127.0.0.1:7128/0 conn(0x19ea800 0x19b4b00 crc :-1 s=READY pgs=4 gs=4 cs=0 l=0 c_cookie=8938688379437965815 s_cookie=2416471792485608123 reconnecting=0 rev1=1 crypto rx=0 tx=0 comp rx=0 tx=0).handle_message_ack got ack seq 32 >= 32 on 0x28ee400 paxos(begin lc 2 fc 0 pn 200 opn 0)
2026-02-13T09:36:58.587+0000 7f5c9e1f9640 20 --2- v2:127.0.0.1:7127/0 >> v2:127.0.0.1:7128/0 conn(0x19ea800 0x19b4b00 crc :-1 s=READY pgs=4 gs=4 cs=0 l=0 c_cookie=8938688379437965815 s_cookie=2416471792485608123 reconnecting=0 rev1=1 crypto rx=0 tx=0 comp rx=0 tx=0).read_frame
2026-02-13T09:36:58.587+0000 7f5c9e1f9640 20 -- v2:127.0.0.1:7127/0 >> v2:127.0.0.1:7128/0 conn(0x19ea800 msgr2=0x19b4b00 crc :-1 s=STATE_CONNECTION_ESTABLISHED l=0).read start len=32
2026-02-13T09:36:58.587+0000 7f5c9e1f9640 20 -- v2:127.0.0.1:7127/0 >> v2:127.0.0.1:7128/0 conn(0x19ea800 msgr2=0x19b4b00 crc :-1 s=STATE_CONNECTION_ESTABLISHED l=0).process
2026-02-13T09:36:58.587+0000 7f5c9e1f9640 20 -- v2:127.0.0.1:7127/0 >> v2:127.0.0.1:7128/0 conn(0x19ea800 msgr2=0x19b4b00 crc :-1 s=STATE_CONNECTION_ESTABLISHED l=0).read continue len=32
2026-02-13T09:36:58.587+0000 7f5c9e1f9640 20 --2- v2:127.0.0.1:7127/0 >> v2:127.0.0.1:7128/0 conn(0x19ea800 0x19b4b00 crc :-1 s=READY pgs=4 gs=4 cs=0 l=0 c_cookie=8938688379437965815 s_cookie=2416471792485608123 reconnecting=0 rev1=1 crypto rx=0 tx=0 comp rx=0 tx=0).handle_read_frame_preamble_main r=0
2026-02-13T09:36:58.587+0000 7f5c9e1f9640 20 --2- v2:127.0.0.1:7127/0 >> v2:127.0.0.1:7128/0 conn(0x19ea800 0x19b4b00 crc :-1 s=THROTTLE_MESSAGE pgs=4 gs=4 cs=0 l=0 c_cookie=8938688379437965815 s_cookie=2416471792485608123 reconnecting=0 rev1=1 crypto rx=0 tx=0 comp rx=0 tx=0).throttle_message
2026-02-13T09:36:58.587+0000 7f5c9e1f9640 20 --2- v2:127.0.0.1:7127/0 >> v2:127.0.0.1:7128/0 conn(0x19ea800 0x19b4b00 crc :-1 s=THROTTLE_BYTES pgs=4 gs=4 cs=0 l=0 c_cookie=8938688379437965815 s_cookie=2416471792485608123 reconnecting=0 rev1=1 crypto rx=0 tx=0 comp rx=0 tx=0).throttle_bytes
2026-02-13T09:36:58.587+0000 7f5c9e1f9640 20 --2- v2:127.0.0.1:7127/0 >> v2:127.0.0.1:7128/0 conn(0x19ea800 0x19b4b00 crc :-1 s=THROTTLE_DISPATCH_QUEUE pgs=4 gs=4 cs=0 l=0 c_cookie=8938688379437965815 s_cookie=2416471792485608123 reconnecting=0 rev1=1 crypto rx=0 tx=0 comp rx=0 tx=0).throttle_dispatch_queue
2026-02-13T09:36:58.587+0000 7f5c9e1f9640 20 --2- v2:127.0.0.1:7127/0 >> v2:127.0.0.1:7128/0 conn(0x19ea800 0x19b4b00 crc :-1 s=THROTTLE_DONE pgs=4 gs=4 cs=0 l=0 c_cookie=8938688379437965815 s_cookie=2416471792485608123 reconnecting=0 rev1=1 crypto rx=0 tx=0 comp rx=0 tx=0).read_frame_segment seg_idx=0
2026-02-13T09:36:58.587+0000 7f5c9e1f9640 20 -- v2:127.0.0.1:7127/0 >> v2:127.0.0.1:7128/0 conn(0x19ea800 msgr2=0x19b4b00 crc :-1 s=STATE_CONNECTION_ESTABLISHED l=0).read start len=45
2026-02-13T09:36:58.587+0000 7f5c9e1f9640 20 --2- v2:127.0.0.1:7127/0 >> v2:127.0.0.1:7128/0 conn(0x19ea800 0x19b4b00 crc :-1 s=THROTTLE_DONE pgs=4 gs=4 cs=0 l=0 c_cookie=8938688379437965815 s_cookie=2416471792485608123 reconnecting=0 rev1=1 crypto rx=0 tx=0 comp rx=0 tx=0).handle_read_frame_segment r=0
2026-02-13T09:36:58.587+0000 7f5c9e1f9640 20 --2- v2:127.0.0.1:7127/0 >> v2:127.0.0.1:7128/0 conn(0x19ea800 0x19b4b00 crc :-1 s=THROTTLE_DONE pgs=4 gs=4 cs=0 l=0 c_cookie=8938688379437965815 s_cookie=2416471792485608123 reconnecting=0 rev1=1 crypto rx=0 tx=0 comp rx=0 tx=0).read_frame_segment seg_idx=1
2026-02-13T09:36:58.587+0000 7f5c9e1f9640 20 -- v2:127.0.0.1:7127/0 >> v2:127.0.0.1:7128/0 conn(0x19ea800 msgr2=0x19b4b00 crc :-1 s=STATE_CONNECTION_ESTABLISHED l=0).read start len=84
2026-02-13T09:36:58.587+0000 7f5c9e1f9640 20 --2- v2:127.0.0.1:7127/0 >> v2:127.0.0.1:7128/0 conn(0x19ea800 0x19b4b00 crc :-1 s=THROTTLE_DONE pgs=4 gs=4 cs=0 l=0 c_cookie=8938688379437965815 s_cookie=2416471792485608123 reconnecting=0 rev1=1 crypto rx=0 tx=0 comp rx=0 tx=0).handle_read_frame_segment r=0
2026-02-13T09:36:58.587+0000 7f5c9e1f9640 20 -- v2:127.0.0.1:7127/0 >> v2:127.0.0.1:7128/0 conn(0x19ea800 msgr2=0x19b4b00 crc :-1 s=STATE_CONNECTION_ESTABLISHED l=0).read start len=13
2026-02-13T09:36:58.587+0000 7f5c9e1f9640 20 --2- v2:127.0.0.1:7127/0 >> v2:127.0.0.1:7128/0 conn(0x19ea800 0x19b4b00 crc :-1 s=THROTTLE_DONE pgs=4 gs=4 cs=0 l=0 c_cookie=8938688379437965815 s_cookie=2416471792485608123 reconnecting=0 rev1=1 crypto rx=0 tx=0 comp rx=0 tx=0).handle_read_frame_epilogue_main r=0
2026-02-13T09:36:58.587+0000 7f5c9e1f9640 10 --2- v2:127.0.0.1:7127/0 >> v2:127.0.0.1:7128/0 conn(0x19ea800 0x19b4b00 crc :-1 s=THROTTLE_DONE pgs=4 gs=4 cs=0 l=0 c_cookie=8938688379437965815 s_cookie=2416471792485608123 reconnecting=0 rev1=1 crypto rx=0 tx=0 comp rx=0 tx=0).handle_read_frame_dispatch tag=17
2026-02-13T09:36:58.587+0000 7f5c9e1f9640 20 --2- v2:127.0.0.1:7127/0 >> v2:127.0.0.1:7128/0 conn(0x19ea800 0x19b4b00 crc :-1 s=THROTTLE_DONE pgs=4 gs=4 cs=0 l=0 c_cookie=8938688379437965815 s_cookie=2416471792485608123 reconnecting=0 rev1=1 crypto rx=0 tx=0 comp rx=0 tx=0).handle_message
2026-02-13T09:36:58.587+0000 7f5c9e1f9640 5 --2- v2:127.0.0.1:7127/0 >> v2:127.0.0.1:7128/0 conn(0x19ea800 0x19b4b00 crc :-1 s=THROTTLE_DONE pgs=4 gs=4 cs=0 l=0 c_cookie=8938688379437965815 s_cookie=2416471792485608123 reconnecting=0 rev1=1 crypto rx=0 tx=0 comp rx=0 tx=0).handle_message got 84 + 0 + 0 byte message. envelope type=66 src mon.1 off 0
2026-02-13T09:36:58.587+0000 7f5c9e1f9640 5 --2- v2:127.0.0.1:7127/0 >> v2:127.0.0.1:7128/0 conn(0x19ea800 0x19b4b00 crc :-1 s=READ_MESSAGE_COMPLETE pgs=4 gs=4 cs=0 l=0 c_cookie=8938688379437965815 s_cookie=2416471792485608123 reconnecting=0 rev1=1 crypto rx=0 tx=0 comp rx=0 tx=0).handle_message received message m=0x28ee400 seq=29 from=mon.1 type=66 paxos(accept lc 2 fc 0 pn 200 opn 0)
2026-02-13T09:36:58.587+0000 7f5c9e1f9640 20 -- v2:127.0.0.1:7127/0 queue 0x28ee400 prio 196
2026-02-13T09:36:58.587+0000 7f5c9e1f9640 15 --2- v2:127.0.0.1:7127/0 >> v2:127.0.0.1:7128/0 conn(0x19ea800 0x19b4b00 crc :-1 s=READY pgs=4 gs=4 cs=0 l=0 c_cookie=8938688379437965815 s_cookie=2416471792485608123 reconnecting=0 rev1=1 crypto rx=0 tx=0 comp rx=0 tx=0).handle_message_ack seq=32
2026-02-13T09:36:58.587+0000 7f5c9e1f9640 20 --2- v2:127.0.0.1:7127/0 >> v2:127.0.0.1:7128/0 conn(0x19ea800 0x19b4b00 crc :-1 s=READY pgs=4 gs=4 cs=0 l=0 c_cookie=8938688379437965815 s_cookie=2416471792485608123 reconnecting=0 rev1=1 crypto rx=0 tx=0 comp rx=0 tx=0).read_frame
2026-02-13T09:36:58.587+0000 7f5c9e1f9640 20 -- v2:127.0.0.1:7127/0 >> v2:127.0.0.1:7128/0 conn(0x19ea800 msgr2=0x19b4b00 crc :-1 s=STATE_CONNECTION_ESTABLISHED l=0).read start len=32
2026-02-13T09:36:58.587+0000 7f5c9e1f9640 10 -- v2:127.0.0.1:7127/0 >> v2:127.0.0.1:7128/0 conn(0x19ea800 msgr2=0x19b4b00 crc :-1 s=STATE_CONNECTION_ESTABLISHED l=0).handle_write
2026-02-13T09:36:58.587+0000 7f5c9e1f9640 10 --2- v2:127.0.0.1:7127/0 >> v2:127.0.0.1:7128/0 conn(0x19ea800 0x19b4b00 crc :-1 s=READY pgs=4 gs=4 cs=0 l=0 c_cookie=8938688379437965815 s_cookie=2416471792485608123 reconnecting=0 rev1=1 crypto rx=0 tx=0 comp rx=0 tx=0).write_event
2026-02-13T09:36:58.587+0000 7f5c9e1f9640 10 --2- v2:127.0.0.1:7127/0 >> v2:127.0.0.1:7128/0 conn(0x19ea800 0x19b4b00 crc :-1 s=READY pgs=4 gs=4 cs=0 l=0 c_cookie=8938688379437965815 s_cookie=2416471792485608123 reconnecting=0 rev1=1 crypto rx=0 tx=0 comp rx=0 tx=0).write_event try send msg ack, acked 1 messages
2026-02-13T09:36:58.587+0000 7f5c9a1f1640 1 -- v2:127.0.0.1:7127/0 <== mon.1 v2:127.0.0.1:7128/0 29 ==== paxos(accept lc 2 fc 0 pn 200 opn 0) ==== 84+0+0 (crc 0 0 0) 0x28ee400 con 0x19ea800
2026-02-13T09:36:58.587+0000 7f5c9a1f1640 20 mon.a@0(leader) e1 _ms_dispatch existing session 0x28666c0 for mon.1
2026-02-13T09:36:58.587+0000 7f5c9a1f1640 20 mon.a@0(leader) e1 entity_name global_id 0 (none) caps allow *
2026-02-13T09:36:58.587+0000 7f5c9a1f1640 20 MonCap is_capable service=mon command= read addr v2:127.0.0.1:7128/0 on cap allow *
2026-02-13T09:36:58.587+0000 7f5c9e1f9640 10 -- v2:127.0.0.1:7127/0 >> v2:127.0.0.1:7128/0 conn(0x19ea800 msgr2=0x19b4b00 crc :-1 s=STATE_CONNECTION_ESTABLISHED l=0)._try_send sent bytes 44 remaining bytes 0
2026-02-13T09:36:58.587+0000 7f5c9a1f1640 20 MonCap allow so far , doing grant allow *
2026-02-13T09:36:58.587+0000 7f5c9a1f1640 20 MonCap allow all
2026-02-13T09:36:58.587+0000 7f5c9a1f1640 20 MonCap is_capable service=mon command= exec addr v2:127.0.0.1:7128/0 on cap allow *
2026-02-13T09:36:58.587+0000 7f5c9a1f1640 20 MonCap allow so far , doing grant allow *
2026-02-13T09:36:58.587+0000 7f5c9a1f1640 20 MonCap allow all
2026-02-13T09:36:58.587+0000 7f5c9a1f1640 10 mon.a@0(leader).paxos(paxos updating c 1..2) handle_accept paxos(accept lc 2 fc 0 pn 200 opn 0)
2026-02-13T09:36:58.587+0000 7f5c9a1f1640 10 mon.a@0(leader).paxos(paxos updating c 1..2) now 0,1 have accepted
2026-02-13T09:36:58.587+0000 7f5c9a1f1640 10 mon.a@0(leader).paxos(paxos updating c 1..2) got majority, committing, done with update
2026-02-13T09:36:58.587+0000 7f5c9a1f1640 10 mon.a@0(leader).paxos(paxos updating c 1..2) commit_start 3
2026-02-13T09:36:58.587+0000 7f5c9a1f1640 10 -- v2:127.0.0.1:7127/0 dispatch_throttle_release 84 to dispatch throttler 84/104857600
2026-02-13T09:36:58.587+0000 7f5c9a1f1640 20 -- v2:127.0.0.1:7127/0 done calling dispatch on 0x28ee400
2026-02-13T09:36:58.587+0000 7f5c979ec640 20 mon.a@0(leader).paxos(paxos writing c 1..2) commit_finish 3
2026-02-13T09:36:58.587+0000 7f5c979ec640 10 mon.a@0(leader).paxos(paxos writing c 1..3) sending commit to mon.1
2026-02-13T09:36:58.587+0000 7f5c979ec640 1 -- v2:127.0.0.1:7127/0 send_to--> mon v2:127.0.0.1:7128/0 -- paxos(commit lc 3 fc 0 pn 200 opn 0) -- ?+0 0x293b600
2026-02-13T09:36:58.587+0000 7f5c979ec640 10 -- v2:127.0.0.1:7127/0 connect_to v2:127.0.0.1:7128/0 existing 0x19ea800
2026-02-13T09:36:58.587+0000 7f5c979ec640 1 -- v2:127.0.0.1:7127/0 --> v2:127.0.0.1:7128/0 -- paxos(commit lc 3 fc 0 pn 200 opn 0) -- 0x293b600 con 0x19ea800
2026-02-13T09:36:58.587+0000 7f5c979ec640 5 --2- v2:127.0.0.1:7127/0 >> v2:127.0.0.1:7128/0 conn(0x19ea800 0x19b4b00 crc :-1 s=READY pgs=4 gs=4 cs=0 l=0 c_cookie=8938688379437965815 s_cookie=2416471792485608123 reconnecting=0 rev1=1 crypto rx=0 tx=0 comp rx=0 tx=0).send_message enqueueing message m=0x293b600 type=66 paxos(commit lc 3 fc 0 pn 200 opn 0)
2026-02-13T09:36:58.587+0000 7f5c979ec640 15 --2- v2:127.0.0.1:7127/0 >> v2:127.0.0.1:7128/0 conn(0x19ea800 0x19b4b00 crc :-1 s=READY pgs=4 gs=4 cs=0 l=0 c_cookie=8938688379437965815 s_cookie=2416471792485608123 reconnecting=0 rev1=1 crypto rx=0 tx=0 comp rx=0 tx=0).send_message message queued for async transmission m=0x293b600
2026-02-13T09:36:58.587+0000 7f5c979ec640 20 Event(0x189abc8 nevent=5000 time_id=5).wakeup
2026-02-13T09:36:58.587+0000 7f5c979ec640 10 mon.a@0(leader) e1 refresh_from_paxos
2026-02-13T09:36:58.587+0000 7f5c979ec640 10 mon.a@0(leader).paxosservice(mdsmap 1..1) refresh
2026-02-13T09:36:58.587+0000 7f5c9e1f9640 10 -- v2:127.0.0.1:7127/0 >> v2:127.0.0.1:7128/0 conn(0x19ea800 msgr2=0x19b4b00 crc :-1 s=STATE_CONNECTION_ESTABLISHED l=0).handle_write
2026-02-13T09:36:58.587+0000 7f5c979ec640 10 mon.a@0(leader).paxosservice(osdmap 0..0) refresh
2026-02-13T09:36:58.587+0000 7f5c9e1f9640 10 --2- v2:127.0.0.1:7127/0 >> v2:127.0.0.1:7128/0 conn(0x19ea800 0x19b4b00 crc :-1 s=READY pgs=4 gs=4 cs=0 l=0 c_cookie=8938688379437965815 s_cookie=2416471792485608123 reconnecting=0 rev1=1 crypto rx=0 tx=0 comp rx=0 tx=0).write_event
2026-02-13T09:36:58.587+0000 7f5c9e1f9640 20 --2- v2:127.0.0.1:7127/0 >> v2:127.0.0.1:7128/0 conn(0x19ea800 0x19b4b00 crc :-1 s=READY pgs=4 gs=4 cs=0 l=0 c_cookie=8938688379437965815 s_cookie=2416471792485608123 reconnecting=0 rev1=1 crypto rx=0 tx=0 comp rx=0 tx=0).prepare_send_message m=paxos(commit lc 3 fc 0 pn 200 opn 0)
2026-02-13T09:36:58.587+0000 7f5c9e1f9640 20 --2- v2:127.0.0.1:7127/0 >> v2:127.0.0.1:7128/0 conn(0x19ea800 0x19b4b00 crc :-1 s=READY pgs=4 gs=4 cs=0 l=0 c_cookie=8938688379437965815 s_cookie=2416471792485608123 reconnecting=0 rev1=1 crypto rx=0 tx=0 comp rx=0 tx=0).prepare_send_message encoding features 4544132024016699391 0x293b600 paxos(commit lc 3 fc 0 pn 200 opn 0)
2026-02-13T09:36:58.587+0000 7f5c979ec640 15 mon.a@0(leader).osd e0 update_from_paxos paxos e 1, my e 0
2026-02-13T09:36:58.587+0000 7f5c979ec640 7 mon.a@0(leader).osd e0 update_from_paxos loading creating_pgs last_scan_epoch 0 with 0 pgs
2026-02-13T09:36:58.587+0000 7f5c9e1f9640 2 --2- v2:127.0.0.1:7127/0 >> v2:127.0.0.1:7128/0 conn(0x19ea800 0x19b4b00 crc :-1 s=READY pgs=4 gs=4 cs=0 l=0 c_cookie=8938688379437965815 s_cookie=2416471792485608123 reconnecting=0 rev1=1 crypto rx=0 tx=0 comp rx=0 tx=0).write_message sending message m=0x293b600 seq=33 paxos(commit lc 3 fc 0 pn 200 opn 0)
2026-02-13T09:36:58.587+0000 7f5c979ec640 1 mon.a@0(leader).osd e0 _set_cache_ratios kv ratio 0.25 inc ratio 0.375 full ratio 0.375
2026-02-13T09:36:58.587+0000 7f5c9e1f9640 20 --2- v2:127.0.0.1:7127/0 >> v2:127.0.0.1:7128/0 conn(0x19ea800 0x19b4b00 crc :-1 s=READY pgs=4 gs=4 cs=0 l=0 c_cookie=8938688379437965815 s_cookie=2416471792485608123 reconnecting=0 rev1=1 crypto rx=0 tx=0 comp rx=0 tx=0).write_message sending m=0x293b600 seq=33 src=mon.0 off=0
2026-02-13T09:36:58.587+0000 7f5c9e1f9640 10 -- v2:127.0.0.1:7127/0 >> v2:127.0.0.1:7128/0 conn(0x19ea800 msgr2=0x19b4b00 crc :-1 s=STATE_CONNECTION_ESTABLISHED l=0)._try_send sent bytes 14848 remaining bytes 0
2026-02-13T09:36:58.587+0000 7f5c9e1f9640 10 --2- v2:127.0.0.1:7127/0 >> v2:127.0.0.1:7128/0 conn(0x19ea800 0x19b4b00 crc :-1 s=READY pgs=4 gs=4 cs=0 l=0 c_cookie=8938688379437965815 s_cookie=2416471792485608123 reconnecting=0 rev1=1 crypto rx=0 tx=0 comp rx=0 tx=0).write_message sending 0x293b600 done.
2026-02-13T09:36:58.587+0000 7f5c979ec640 1 mon.a@0(leader).osd e0 register_cache_with_pcm pcm target: 2147483648 pcm max: 1020054732 pcm min: 134217728 inc_osd_cache size: 1
2026-02-13T09:36:58.587+0000 7f5c979ec640 7 mon.a@0(leader).osd e0 update_from_paxos applying incremental 1
2026-02-13T09:36:58.587+0000 7f5c9e1f9640 20 -- v2:127.0.0.1:7127/0 >> v2:127.0.0.1:7128/0 conn(0x19ea800 msgr2=0x19b4b00 crc :-1 s=STATE_CONNECTION_ESTABLISHED l=0).process
2026-02-13T09:36:58.587+0000 7f5c9e1f9640 20 -- v2:127.0.0.1:7127/0 >> v2:127.0.0.1:7128/0 conn(0x19ea800 msgr2=0x19b4b00 crc :-1 s=STATE_CONNECTION_ESTABLISHED l=0).read continue len=32
2026-02-13T09:36:58.587+0000 7f5c9e1f9640 20 --2- v2:127.0.0.1:7127/0 >> v2:127.0.0.1:7128/0 conn(0x19ea800 0x19b4b00 crc :-1 s=READY pgs=4 gs=4 cs=0 l=0 c_cookie=8938688379437965815 s_cookie=2416471792485608123 reconnecting=0 rev1=1 crypto rx=0 tx=0 comp rx=0 tx=0).handle_read_frame_preamble_main r=0
2026-02-13T09:36:58.587+0000 7f5c9e1f9640 20 --2- v2:127.0.0.1:7127/0 >> v2:127.0.0.1:7128/0 conn(0x19ea800 0x19b4b00 crc :-1 s=READY pgs=4 gs=4 cs=0 l=0 c_cookie=8938688379437965815 s_cookie=2416471792485608123 reconnecting=0 rev1=1 crypto rx=0 tx=0 comp rx=0 tx=0).read_frame_segment seg_idx=0
2026-02-13T09:36:58.587+0000 7f5c9e1f9640 20 -- v2:127.0.0.1:7127/0 >> v2:127.0.0.1:7128/0 conn(0x19ea800 msgr2=0x19b4b00 crc :-1 s=STATE_CONNECTION_ESTABLISHED l=0).read start len=12
2026-02-13T09:36:58.587+0000 7f5c9e1f9640 20 --2- v2:127.0.0.1:7127/0 >> v2:127.0.0.1:7128/0 conn(0x19ea800 0x19b4b00 crc :-1 s=READY pgs=4 gs=4 cs=0 l=0 c_cookie=8938688379437965815 s_cookie=2416471792485608123 reconnecting=0 rev1=1 crypto rx=0 tx=0 comp rx=0 tx=0).handle_read_frame_segment r=0
2026-02-13T09:36:58.587+0000 7f5c9e1f9640 10 --2- v2:127.0.0.1:7127/0 >> v2:127.0.0.1:7128/0 conn(0x19ea800 0x19b4b00 crc :-1 s=READY pgs=4 gs=4 cs=0 l=0 c_cookie=8938688379437965815 s_cookie=2416471792485608123 reconnecting=0 rev1=1 crypto rx=0 tx=0 comp rx=0 tx=0).handle_read_frame_dispatch tag=20
2026-02-13T09:36:58.587+0000 7f5c9e1f9640 20 --2- v2:127.0.0.1:7127/0 >> v2:127.0.0.1:7128/0 conn(0x19ea800 0x19b4b00 crc :-1 s=READY pgs=4 gs=4 cs=0 l=0 c_cookie=8938688379437965815 s_cookie=2416471792485608123 reconnecting=0 rev1=1 crypto rx=0 tx=0 comp rx=0 tx=0).handle_message_ack payload.length()=8
2026-02-13T09:36:58.587+0000 7f5c9e1f9640 15 --2- v2:127.0.0.1:7127/0 >> v2:127.0.0.1:7128/0 conn(0x19ea800 0x19b4b00 crc :-1 s=READY pgs=4 gs=4 cs=0 l=0 c_cookie=8938688379437965815 s_cookie=2416471792485608123 reconnecting=0 rev1=1 crypto rx=0 tx=0 comp rx=0 tx=0).handle_message_ack seq=33
2026-02-13T09:36:58.587+0000 7f5c9e1f9640 10 --2- v2:127.0.0.1:7127/0 >> v2:127.0.0.1:7128/0 conn(0x19ea800 0x19b4b00 crc :-1 s=READY pgs=4 gs=4 cs=0 l=0 c_cookie=8938688379437965815 s_cookie=2416471792485608123 reconnecting=0 rev1=1 crypto rx=0 tx=0 comp rx=0 tx=0).handle_message_ack got ack seq 33 >= 33 on 0x293b600 paxos(commit lc 3 fc 0 pn 200 opn 0)
2026-02-13T09:36:58.587+0000 7f5c979ec640 20 mon.a@0(leader).osd e1 update_from_paxos mon is running version: 20.3.0-5225-g03ef619e
2026-02-13T09:36:58.587+0000 7f5c9e1f9640 20 --2- v2:127.0.0.1:7127/0 >> v2:127.0.0.1:7128/0 conn(0x19ea800 0x19b4b00 crc :-1 s=READY pgs=4 gs=4 cs=0 l=0 c_cookie=8938688379437965815 s_cookie=2416471792485608123 reconnecting=0 rev1=1 crypto rx=0 tx=0 comp rx=0 tx=0).read_frame
2026-02-13T09:36:58.587+0000 7f5c979ec640 1 mon.a@0(leader).osd e1 e1: 0 total, 0 up, 0 in
2026-02-13T09:36:58.587+0000 7f5c9e1f9640 20 -- v2:127.0.0.1:7127/0 >> v2:127.0.0.1:7128/0 conn(0x19ea800 msgr2=0x19b4b00 crc :-1 s=STATE_CONNECTION_ESTABLISHED l=0).read start len=32
2026-02-13T09:36:58.587+0000 7f5c979ec640 10 mon.a@0(leader).osd e1 check_osdmap_subs
2026-02-13T09:36:58.587+0000 7f5c979ec640 10 mon.a@0(leader).osd e1 share_map_with_random_osd no up osds, don't share with anyone
2026-02-13T09:36:58.587+0000 7f5c979ec640 10 mon.a@0(leader).osd e1 update_logger
2026-02-13T09:36:58.587+0000 7f5c979ec640 0 mon.a@0(leader).osd e1 crush map has features 3314932999778484224, adjusting msgr requires
2026-02-13T09:36:58.587+0000 7f5c979ec640 0 mon.a@0(leader).osd e1 crush map has features 288514050185494528, adjusting msgr requires
2026-02-13T09:36:58.587+0000 7f5c979ec640 0 mon.a@0(leader).osd e1 crush map has features 288514050185494528, adjusting msgr requires
2026-02-13T09:36:58.587+0000 7f5c979ec640 0 mon.a@0(leader).osd e1 crush map has features 288514050185494528, adjusting msgr requires
2026-02-13T09:36:58.587+0000 7f5c979ec640 20 mon.a@0(leader) e1 try_disable_stretch_mode
2026-02-13T09:36:58.587+0000 7f5c979ec640 10 mon.a@0(leader).paxosservice(logm 0..0) refresh
2026-02-13T09:36:58.587+0000 7f5c979ec640 10 mon.a@0(leader).log v1 update_from_paxos
2026-02-13T09:36:58.587+0000 7f5c979ec640 10 mon.a@0(leader).log v1 update_from_paxos version 1 summary v 0
2026-02-13T09:36:58.587+0000 7f5c979ec640 10 mon.a@0(leader).log v1 log_external_backlog initialized external_log_to = 0 (summary v 0)
2026-02-13T09:36:58.587+0000 7f5c979ec640 10 mon.a@0(leader).log v1 update_from_paxos latest full 0
2026-02-13T09:36:58.587+0000 7f5c979ec640 7 mon.a@0(leader).log v1 update_from_paxos applying incremental log 1
2026-02-13T09:36:58.586911+0000 mon.a (mon.0) 0 : cluster [INF] mkfs ecba677d-2ab7-4f4b-bd77-081ba1018187
2026-02-13T09:36:58.587+0000 7f5c979ec640 10 mon.a@0(leader).log v1 summary.channel_info {}
2026-02-13T09:36:58.588+0000 7f5c979ec640 10 mon.a@0(leader).log v1 check_subs
2026-02-13T09:36:58.588+0000 7f5c979ec640 10 mon.a@0(leader).paxosservice(monmap 1..1) refresh
2026-02-13T09:36:58.588+0000 7f5c979ec640 10 mon.a@0(leader).paxosservice(auth 0..0) refresh
2026-02-13T09:36:58.588+0000 7f5c979ec640 1 mon.a@0(leader).paxosservice(auth 1..1) refresh upgraded, format 0 -> 3
2026-02-13T09:36:58.588+0000 7f5c979ec640 10 mon.a@0(leader).auth v1 update_from_paxos
2026-02-13T09:36:58.588+0000 7f5c979ec640 10 mon.a@0(leader).auth v1 update_from_paxos version 1 keys ver 0 latest 0
2026-02-13T09:36:58.588+0000 7f5c979ec640 10 mon.a@0(leader).auth v1 update_from_paxos key server version 0
2026-02-13T09:36:58.588+0000 7f5c979ec640 20 mon.a@0(leader).auth v1 update_from_paxos walking through version 1 len 819
2026-02-13T09:36:58.588+0000 7f5c979ec640 10 mon.a@0(leader).auth v1 update_from_paxos last_allocated_id initialized to 4096
2026-02-13T09:36:58.588+0000 7f5c979ec640 10 mon.a@0(leader).auth v1 update_from_paxos max_global_id=4096 format_version 3
2026-02-13T09:36:58.588+0000 7f5c979ec640 10 mon.a@0(leader).paxosservice(mgr 0..0) refresh
2026-02-13T09:36:58.588+0000 7f5c979ec640 4 mon.a@0(leader).mgr e0 loading version 1
2026-02-13T09:36:58.588+0000 7f5c979ec640 4 mon.a@0(leader).mgr e1 active server: (0)
2026-02-13T09:36:58.588+0000 7f5c979ec640 4 mon.a@0(leader).mgr e1 mkfs or daemon transitioned to available, loading commands
2026-02-13T09:36:58.588+0000 7f5c979ec640 10 mon.a@0(leader).config load_config got 0 keys
2026-02-13T09:36:58.588+0000 7f5c979ec640 10 mon.a@0(leader).mgr e1 prime_mgr_client
2026-02-13T09:36:58.588+0000 7f5c979ec640 10 mon.a@0(leader).paxosservice(mgrstat 0..0) refresh
2026-02-13T09:36:58.588+0000 7f5c979ec640 10 mon.a@0(leader).mgrstat 1
2026-02-13T09:36:58.588+0000 7f5c979ec640 10 mon.a@0(leader).mgrstat update_from_paxos v1 service_map e1 0 progress events 0 pools availability tracked
2026-02-13T09:36:58.588+0000 7f5c979ec640 10 mon.a@0(leader).mgrstat check_subs
2026-02-13T09:36:58.588+0000 7f5c979ec640 20 mon.a@0(leader).mgrstat update_logger
2026-02-13T09:36:58.588+0000 7f5c979ec640 20 mon.a@0(leader).osd e1 notify_new_pg_digest
2026-02-13T09:36:58.588+0000 7f5c979ec640 20 mon.a@0(leader).mgrstat should_calc_pool_availability
2026-02-13T09:36:58.588+0000 7f5c979ec640 20 mon.a@0(leader).mgrstat calc_pool_availability
2026-02-13T09:36:58.588+0000 7f5c979ec640 20 mon.a@0(leader).mgrstat calc_pool_availability tracking availability score is disabled
2026-02-13T09:36:58.588+0000 7f5c979ec640 10 mon.a@0(leader).paxosservice(health 0..0) refresh
2026-02-13T09:36:58.588+0000 7f5c979ec640 10 mon.a@0(leader).health update_from_paxos
2026-02-13T09:36:58.588+0000 7f5c979ec640 20 mon.a@0(leader).health dump:{ "quorum_health": {}, "leader_health": {} }
2026-02-13T09:36:58.588+0000 7f5c979ec640 10 mon.a@0(leader).paxosservice(config 0..0) refresh
2026-02-13T09:36:58.588+0000 7f5c979ec640 10 mon.a@0(leader).config update_from_paxos 1
2026-02-13T09:36:58.588+0000 7f5c979ec640 10 mon.a@0(leader).config load_config got 0 keys
2026-02-13T09:36:58.588+0000 7f5c979ec640 10 mon.a@0(leader).config check_all_subs
2026-02-13T09:36:58.588+0000 7f5c979ec640 10 mon.a@0(leader).paxosservice(kv 0..0) refresh
2026-02-13T09:36:58.588+0000 7f5c979ec640 10 mon.a@0(leader).kv update_from_paxos 1
2026-02-13T09:36:58.588+0000 7f5c979ec640 10 mon.a@0(leader).kv check_all_subs
2026-02-13T09:36:58.588+0000 7f5c979ec640 10 mon.a@0(leader).kv check_all_subs updated 0 / 0
2026-02-13T09:36:58.588+0000 7f5c979ec640 10 mon.a@0(leader).paxosservice(nvmeofgw 0..0) refresh
2026-02-13T09:36:58.588+0000 7f5c979ec640 20 nvmeofgw virtual void NVMeofGwMon::update_from_paxos(bool*) has BEACON_DIFF: 1
2026-02-13T09:36:58.588+0000 7f5c979ec640 10 nvmeofgw virtual void NVMeofGwMon::update_from_paxos(bool*) NVMeGW loading version 1 0
2026-02-13T09:36:58.588+0000 7f5c979ec640 10 nvmeofgw void NVMeofGwMon::check_subs(bool) count 0
2026-02-13T09:36:58.588+0000 7f5c979ec640 10 mon.a@0(leader).paxosservice(mdsmap 1..1) post_refresh
2026-02-13T09:36:58.588+0000 7f5c979ec640 10 mon.a@0(leader).paxosservice(osdmap 1..1) post_refresh
2026-02-13T09:36:58.588+0000 7f5c979ec640 10 mon.a@0(leader).paxosservice(logm 1..1) post_refresh
2026-02-13T09:36:58.588+0000 7f5c979ec640 10 mon.a@0(leader).paxosservice(monmap 1..1) post_refresh
2026-02-13T09:36:58.588+0000 7f5c979ec640 10 mon.a@0(leader).paxosservice(auth 1..1) post_refresh
2026-02-13T09:36:58.588+0000 7f5c979ec640 10 mon.a@0(leader).paxosservice(mgr 1..1) post_refresh
2026-02-13T09:36:58.588+0000 7f5c979ec640 10 mon.a@0(leader).paxosservice(mgrstat 1..1) post_refresh
2026-02-13T09:36:58.588+0000 7f5c979ec640 10 mon.a@0(leader).paxosservice(health 1..1) post_refresh
2026-02-13T09:36:58.588+0000 7f5c979ec640 10 mon.a@0(leader).paxosservice(config 1..1) post_refresh
2026-02-13T09:36:58.588+0000 7f5c979ec640 10 mon.a@0(leader).paxosservice(kv 1..1) post_refresh
2026-02-13T09:36:58.588+0000 7f5c979ec640 10 mon.a@0(leader).paxosservice(nvmeofgw 1..1) post_refresh
2026-02-13T09:36:58.588+0000 7f5c979ec640 10 mon.a@0(leader).paxos(paxos refresh c 1..3) commit_proposal
2026-02-13T09:36:58.588+0000 7f5c979ec640 10 mon.a@0(leader).paxosservice(osdmap 1..1) _active - not active
2026-02-13T09:36:58.588+0000 7f5c979ec640 10 mon.a@0(leader).paxosservice(logm 1..1) _active - not active
2026-02-13T09:36:58.588+0000 7f5c979ec640 10 mon.a@0(leader).paxosservice(auth 1..1) _active - not active
2026-02-13T09:36:58.588+0000 7f5c979ec640 10 mon.a@0(leader).paxosservice(mgr 1..1) _active - not active
2026-02-13T09:36:58.588+0000 7f5c979ec640 10 mon.a@0(leader).paxosservice(mgrstat 1..1) _active - not active
2026-02-13T09:36:58.588+0000 7f5c979ec640 10 mon.a@0(leader).paxosservice(health 1..1) _active - not active
2026-02-13T09:36:58.588+0000 7f5c979ec640 10 mon.a@0(leader).paxosservice(config 1..1) _active - not active
2026-02-13T09:36:58.588+0000 7f5c979ec640 10 mon.a@0(leader).paxosservice(kv 1..1) _active - not active
2026-02-13T09:36:58.588+0000 7f5c979ec640 10 mon.a@0(leader).paxosservice(nvmeofgw 1..1) _active - not active
2026-02-13T09:36:58.588+0000 7f5c979ec640 7 mon.a@0(leader).paxos(paxos refresh c 1..3) extend_lease now+5 (2026-02-13T09:37:03.589985+0000)
2026-02-13T09:36:58.588+0000 7f5c979ec640 1 -- v2:127.0.0.1:7127/0 send_to--> mon v2:127.0.0.1:7128/0 -- paxos(lease lc 3 fc 1 pn 0 opn 0) -- ?+0 0x2ad6200
2026-02-13T09:36:58.588+0000 7f5c979ec640 10 -- v2:127.0.0.1:7127/0 connect_to v2:127.0.0.1:7128/0 existing 0x19ea800
2026-02-13T09:36:58.588+0000 7f5c979ec640 1 -- v2:127.0.0.1:7127/0 --> v2:127.0.0.1:7128/0 -- paxos(lease lc 3 fc 1 pn 0 opn 0) -- 0x2ad6200 con 0x19ea800
2026-02-13T09:36:58.588+0000 7f5c979ec640 5 --2- v2:127.0.0.1:7127/0 >> v2:127.0.0.1:7128/0 conn(0x19ea800 0x19b4b00 crc :-1 s=READY pgs=4 gs=4 cs=0 l=0 c_cookie=8938688379437965815 s_cookie=2416471792485608123 reconnecting=0 rev1=1 crypto rx=0 tx=0 comp rx=0 tx=0).send_message enqueueing message m=0x2ad6200 type=66 paxos(lease lc 3 fc 1 pn 0 opn 0)
2026-02-13T09:36:58.588+0000 7f5c979ec640 15 --2- v2:127.0.0.1:7127/0 >> v2:127.0.0.1:7128/0 conn(0x19ea800 0x19b4b00 crc :-1 s=READY pgs=4 gs=4 cs=0 l=0 c_cookie=8938688379437965815 s_cookie=2416471792485608123 reconnecting=0 rev1=1 crypto rx=0 tx=0 comp rx=0 tx=0).send_message message queued for async transmission m=0x2ad6200
2026-02-13T09:36:58.588+0000 7f5c979ec640 20 Event(0x189abc8 nevent=5000 time_id=5).wakeup
