2026-02-13T09:37:02.327+0000 7f5c989ee640 20 -- v2:127.0.0.1:7127/0 >> 127.0.0.1:0/694474927 conn(0x28f6000 msgr2=0x19b7180 crc :-1 s=STATE_CONNECTION_ESTABLISHED l=1).process
2026-02-13T09:37:02.327+0000 7f5c989ee640 20 -- v2:127.0.0.1:7127/0 >> 127.0.0.1:0/694474927 conn(0x28f6000 msgr2=0x19b7180 crc :-1 s=STATE_CONNECTION_ESTABLISHED l=1).read continue len=32
2026-02-13T09:37:02.327+0000 7f5c989ee640 20 --2- v2:127.0.0.1:7127/0 >> 127.0.0.1:0/694474927 conn(0x28f6000 0x19b7180 crc :-1 s=READY pgs=12 gs=12 cs=0 l=1 c_cookie=17053773340109692993 s_cookie=0 reconnecting=0 rev1=1 crypto rx=0 tx=0 comp rx=0 tx=0).handle_read_frame_preamble_main r=0
2026-02-13T09:37:02.327+0000 7f5c989ee640 20 --2- v2:127.0.0.1:7127/0 >> 127.0.0.1:0/694474927 conn(0x28f6000 0x19b7180 crc :-1 s=THROTTLE_MESSAGE pgs=12 gs=12 cs=0 l=1 c_cookie=17053773340109692993 s_cookie=0 reconnecting=0 rev1=1 crypto rx=0 tx=0 comp rx=0 tx=0).throttle_message
2026-02-13T09:37:02.327+0000 7f5c989ee640 20 --2- v2:127.0.0.1:7127/0 >> 127.0.0.1:0/694474927 conn(0x28f6000 0x19b7180 crc :-1 s=THROTTLE_BYTES pgs=12 gs=12 cs=0 l=1 c_cookie=17053773340109692993 s_cookie=0 reconnecting=0 rev1=1 crypto rx=0 tx=0 comp rx=0 tx=0).throttle_bytes
2026-02-13T09:37:02.327+0000 7f5c989ee640 20 --2- v2:127.0.0.1:7127/0 >> 127.0.0.1:0/694474927 conn(0x28f6000 0x19b7180 crc :-1 s=THROTTLE_DISPATCH_QUEUE pgs=12 gs=12 cs=0 l=1 c_cookie=17053773340109692993 s_cookie=0 reconnecting=0 rev1=1 crypto rx=0 tx=0 comp rx=0 tx=0).throttle_dispatch_queue
2026-02-13T09:37:02.327+0000 7f5c989ee640 20 --2- v2:127.0.0.1:7127/0 >> 127.0.0.1:0/694474927 conn(0x28f6000 0x19b7180 crc :-1 s=THROTTLE_DONE pgs=12 gs=12 cs=0 l=1 c_cookie=17053773340109692993 s_cookie=0 reconnecting=0 rev1=1 crypto rx=0 tx=0 comp rx=0 tx=0).read_frame_segment seg_idx=0
2026-02-13T09:37:02.327+0000 7f5c989ee640 20 -- v2:127.0.0.1:7127/0 >> 127.0.0.1:0/694474927 conn(0x28f6000 msgr2=0x19b7180 crc :-1 s=STATE_CONNECTION_ESTABLISHED l=1).read start len=45
2026-02-13T09:37:02.327+0000 7f5c989ee640 20 --2- v2:127.0.0.1:7127/0 >> 127.0.0.1:0/694474927 conn(0x28f6000 0x19b7180 crc :-1 s=THROTTLE_DONE pgs=12 gs=12 cs=0 l=1 c_cookie=17053773340109692993 s_cookie=0 reconnecting=0 rev1=1 crypto rx=0 tx=0 comp rx=0 tx=0).handle_read_frame_segment r=0
2026-02-13T09:37:02.327+0000 7f5c989ee640 10 --2- v2:127.0.0.1:7127/0 >> 127.0.0.1:0/694474927 conn(0x28f6000 0x19b7180 crc :-1 s=THROTTLE_DONE pgs=12 gs=12 cs=0 l=1 c_cookie=17053773340109692993 s_cookie=0 reconnecting=0 rev1=1 crypto rx=0 tx=0 comp rx=0 tx=0).handle_read_frame_dispatch tag=17
2026-02-13T09:37:02.327+0000 7f5c989ee640 20 --2- v2:127.0.0.1:7127/0 >> 127.0.0.1:0/694474927 conn(0x28f6000 0x19b7180 crc :-1 s=THROTTLE_DONE pgs=12 gs=12 cs=0 l=1 c_cookie=17053773340109692993 s_cookie=0 reconnecting=0 rev1=1 crypto rx=0 tx=0 comp rx=0 tx=0).handle_message
2026-02-13T09:37:02.327+0000 7f5c989ee640 5 --2- v2:127.0.0.1:7127/0 >> 127.0.0.1:0/694474927 conn(0x28f6000 0x19b7180 crc :-1 s=THROTTLE_DONE pgs=12 gs=12 cs=0 l=1 c_cookie=17053773340109692993 s_cookie=0 reconnecting=0 rev1=1 crypto rx=0 tx=0 comp rx=0 tx=0).handle_message got 0 + 0 + 0 byte message. envelope type=5 src client.? off 0
2026-02-13T09:37:02.327+0000 7f5c989ee640 5 --2- v2:127.0.0.1:7127/0 >> 127.0.0.1:0/694474927 conn(0x28f6000 0x19b7180 crc :-1 s=READ_MESSAGE_COMPLETE pgs=12 gs=12 cs=0 l=1 c_cookie=17053773340109692993 s_cookie=0 reconnecting=0 rev1=1 crypto rx=0 tx=0 comp rx=0 tx=0).handle_message received message m=0x1868280 seq=1 from=client.? type=5 mon_getmap magic: 0
2026-02-13T09:37:02.327+0000 7f5c989ee640 20 -- v2:127.0.0.1:7127/0 queue 0x1868280 prio 127
2026-02-13T09:37:02.327+0000 7f5c989ee640 20 --2- v2:127.0.0.1:7127/0 >> 127.0.0.1:0/694474927 conn(0x28f6000 0x19b7180 crc :-1 s=READY pgs=12 gs=12 cs=0 l=1 c_cookie=17053773340109692993 s_cookie=0 reconnecting=0 rev1=1 crypto rx=0 tx=0 comp rx=0 tx=0).read_frame
2026-02-13T09:37:02.327+0000 7f5c989ee640 20 -- v2:127.0.0.1:7127/0 >> 127.0.0.1:0/694474927 conn(0x28f6000 msgr2=0x19b7180 crc :-1 s=STATE_CONNECTION_ESTABLISHED l=1).read start len=32
2026-02-13T09:37:02.327+0000 7f5c989ee640 20 --2- v2:127.0.0.1:7127/0 >> 127.0.0.1:0/694474927 conn(0x28f6000 0x19b7180 crc :-1 s=READY pgs=12 gs=12 cs=0 l=1 c_cookie=17053773340109692993 s_cookie=0 reconnecting=0 rev1=1 crypto rx=0 tx=0 comp rx=0 tx=0).handle_read_frame_preamble_main r=0
2026-02-13T09:37:02.327+0000 7f5c989ee640 20 --2- v2:127.0.0.1:7127/0 >> 127.0.0.1:0/694474927 conn(0x28f6000 0x19b7180 crc :-1 s=THROTTLE_MESSAGE pgs=12 gs=12 cs=0 l=1 c_cookie=17053773340109692993 s_cookie=0 reconnecting=0 rev1=1 crypto rx=0 tx=0 comp rx=0 tx=0).throttle_message
2026-02-13T09:37:02.327+0000 7f5c989ee640 20 --2- v2:127.0.0.1:7127/0 >> 127.0.0.1:0/694474927 conn(0x28f6000 0x19b7180 crc :-1 s=THROTTLE_BYTES pgs=12 gs=12 cs=0 l=1 c_cookie=17053773340109692993 s_cookie=0 reconnecting=0 rev1=1 crypto rx=0 tx=0 comp rx=0 tx=0).throttle_bytes
2026-02-13T09:37:02.327+0000 7f5c9a1f1640 1 -- v2:127.0.0.1:7127/0 <== client.? 127.0.0.1:0/694474927 1 ==== mon_getmap magic: 0 ==== 0+0+0 (crc 0 0 0) 0x1868280 con 0x28f6000
2026-02-13T09:37:02.327+0000 7f5c989ee640 10 --2- v2:127.0.0.1:7127/0 >> 127.0.0.1:0/694474927 conn(0x28f6000 0x19b7180 crc :-1 s=THROTTLE_BYTES pgs=12 gs=12 cs=0 l=1 c_cookie=17053773340109692993 s_cookie=0 reconnecting=0 rev1=1 crypto rx=0 tx=0 comp rx=0 tx=0).throttle_bytes wants 54 bytes from policy throttler 0/104857600
2026-02-13T09:37:02.327+0000 7f5c9a1f1640 20 mon.a@0(leader) e1 _ms_dispatch existing session 0x2866900 for client.?
2026-02-13T09:37:02.327+0000 7f5c9a1f1640 20 mon.a@0(leader) e1 entity_name client.admin global_id 4107 (none) caps allow *
2026-02-13T09:37:02.327+0000 7f5c9a1f1640 10 mon.a@0(leader) e1 handle_mon_get_map
2026-02-13T09:37:02.327+0000 7f5c989ee640 20 --2- v2:127.0.0.1:7127/0 >> 127.0.0.1:0/694474927 conn(0x28f6000 0x19b7180 crc :-1 s=THROTTLE_DISPATCH_QUEUE pgs=12 gs=12 cs=0 l=1 c_cookie=17053773340109692993 s_cookie=0 reconnecting=0 rev1=1 crypto rx=0 tx=0 comp rx=0 tx=0).throttle_dispatch_queue
2026-02-13T09:37:02.327+0000 7f5c989ee640 20 --2- v2:127.0.0.1:7127/0 >> 127.0.0.1:0/694474927 conn(0x28f6000 0x19b7180 crc :-1 s=THROTTLE_DONE pgs=12 gs=12 cs=0 l=1 c_cookie=17053773340109692993 s_cookie=0 reconnecting=0 rev1=1 crypto rx=0 tx=0 comp rx=0 tx=0).read_frame_segment seg_idx=0
2026-02-13T09:37:02.327+0000 7f5c989ee640 20 -- v2:127.0.0.1:7127/0 >> 127.0.0.1:0/694474927 conn(0x28f6000 msgr2=0x19b7180 crc :-1 s=STATE_CONNECTION_ESTABLISHED l=1).read start len=45
2026-02-13T09:37:02.327+0000 7f5c989ee640 20 --2- v2:127.0.0.1:7127/0 >> 127.0.0.1:0/694474927 conn(0x28f6000 0x19b7180 crc :-1 s=THROTTLE_DONE pgs=12 gs=12 cs=0 l=1 c_cookie=17053773340109692993 s_cookie=0 reconnecting=0 rev1=1 crypto rx=0 tx=0 comp rx=0 tx=0).handle_read_frame_segment r=0
2026-02-13T09:37:02.327+0000 7f5c989ee640 20 --2- v2:127.0.0.1:7127/0 >> 127.0.0.1:0/694474927 conn(0x28f6000 0x19b7180 crc :-1 s=THROTTLE_DONE pgs=12 gs=12 cs=0 l=1 c_cookie=17053773340109692993 s_cookie=0 reconnecting=0 rev1=1 crypto rx=0 tx=0 comp rx=0 tx=0).read_frame_segment seg_idx=1
2026-02-13T09:37:02.327+0000 7f5c9a1f1640 1 -- v2:127.0.0.1:7127/0 --> 127.0.0.1:0/694474927 -- mon_map magic: 0 -- 0x18c4b00 con 0x28f6000
2026-02-13T09:37:02.327+0000 7f5c989ee640 20 -- v2:127.0.0.1:7127/0 >> 127.0.0.1:0/694474927 conn(0x28f6000 msgr2=0x19b7180 crc :-1 s=STATE_CONNECTION_ESTABLISHED l=1).read start len=54
2026-02-13T09:37:02.327+0000 7f5c9a1f1640 5 --2- v2:127.0.0.1:7127/0 >> 127.0.0.1:0/694474927 conn(0x28f6000 0x19b7180 crc :-1 s=THROTTLE_DONE pgs=12 gs=12 cs=0 l=1 c_cookie=17053773340109692993 s_cookie=0 reconnecting=0 rev1=1 crypto rx=0 tx=0 comp rx=0 tx=0).send_message enqueueing message m=0x18c4b00 type=4 mon_map magic: 0
2026-02-13T09:37:02.327+0000 7f5c989ee640 20 --2- v2:127.0.0.1:7127/0 >> 127.0.0.1:0/694474927 conn(0x28f6000 0x19b7180 crc :-1 s=THROTTLE_DONE pgs=12 gs=12 cs=0 l=1 c_cookie=17053773340109692993 s_cookie=0 reconnecting=0 rev1=1 crypto rx=0 tx=0 comp rx=0 tx=0).handle_read_frame_segment r=0
2026-02-13T09:37:02.327+0000 7f5c9a1f1640 15 --2- v2:127.0.0.1:7127/0 >> 127.0.0.1:0/694474927 conn(0x28f6000 0x19b7180 crc :-1 s=THROTTLE_DONE pgs=12 gs=12 cs=0 l=1 c_cookie=17053773340109692993 s_cookie=0 reconnecting=0 rev1=1 crypto rx=0 tx=0 comp rx=0 tx=0).send_message message queued for async transmission m=0x18c4b00
2026-02-13T09:37:02.327+0000 7f5c989ee640 20 -- v2:127.0.0.1:7127/0 >> 127.0.0.1:0/694474927 conn(0x28f6000 msgr2=0x19b7180 crc :-1 s=STATE_CONNECTION_ESTABLISHED l=1).read start len=13
2026-02-13T09:37:02.327+0000 7f5c989ee640 20 --2- v2:127.0.0.1:7127/0 >> 127.0.0.1:0/694474927 conn(0x28f6000 0x19b7180 crc :-1 s=THROTTLE_DONE pgs=12 gs=12 cs=0 l=1 c_cookie=17053773340109692993 s_cookie=0 reconnecting=0 rev1=1 crypto rx=0 tx=0 comp rx=0 tx=0).handle_read_frame_epilogue_main r=0
2026-02-13T09:37:02.327+0000 7f5c989ee640 10 --2- v2:127.0.0.1:7127/0 >> 127.0.0.1:0/694474927 conn(0x28f6000 0x19b7180 crc :-1 s=THROTTLE_DONE pgs=12 gs=12 cs=0 l=1 c_cookie=17053773340109692993 s_cookie=0 reconnecting=0 rev1=1 crypto rx=0 tx=0 comp rx=0 tx=0).handle_read_frame_dispatch tag=17
2026-02-13T09:37:02.327+0000 7f5c9a1f1640 20 Event(0x189a2c8 nevent=5000 time_id=4).wakeup
2026-02-13T09:37:02.327+0000 7f5c989ee640 20 --2- v2:127.0.0.1:7127/0 >> 127.0.0.1:0/694474927 conn(0x28f6000 0x19b7180 crc :-1 s=THROTTLE_DONE pgs=12 gs=12 cs=0 l=1 c_cookie=17053773340109692993 s_cookie=0 reconnecting=0 rev1=1 crypto rx=0 tx=0 comp rx=0 tx=0).handle_message
2026-02-13T09:37:02.327+0000 7f5c9a1f1640 20 -- v2:127.0.0.1:7127/0 done calling dispatch on 0x1868280
2026-02-13T09:37:02.327+0000 7f5c989ee640 5 --2- v2:127.0.0.1:7127/0 >> 127.0.0.1:0/694474927 conn(0x28f6000 0x19b7180 crc :-1 s=THROTTLE_DONE pgs=12 gs=12 cs=0 l=1 c_cookie=17053773340109692993 s_cookie=0 reconnecting=0 rev1=1 crypto rx=0 tx=0 comp rx=0 tx=0).handle_message got 54 + 0 + 0 byte message. envelope type=15 src client.? off 0
2026-02-13T09:37:02.327+0000 7f5c989ee640 5 --2- v2:127.0.0.1:7127/0 >> 127.0.0.1:0/694474927 conn(0x28f6000 0x19b7180 crc :-1 s=READ_MESSAGE_COMPLETE pgs=12 gs=12 cs=0 l=1 c_cookie=17053773340109692993 s_cookie=0 reconnecting=0 rev1=1 crypto rx=0 tx=0 comp rx=0 tx=0).handle_message received message m=0x290d6c0 seq=2 from=client.? type=15 mon_subscribe({config=0+,monmap=0+})
2026-02-13T09:37:02.327+0000 7f5c989ee640 20 -- v2:127.0.0.1:7127/0 queue 0x290d6c0 prio 127
2026-02-13T09:37:02.327+0000 7f5c989ee640 20 --2- v2:127.0.0.1:7127/0 >> 127.0.0.1:0/694474927 conn(0x28f6000 0x19b7180 crc :-1 s=READY pgs=12 gs=12 cs=0 l=1 c_cookie=17053773340109692993 s_cookie=0 reconnecting=0 rev1=1 crypto rx=0 tx=0 comp rx=0 tx=0).read_frame
2026-02-13T09:37:02.327+0000 7f5c989ee640 20 -- v2:127.0.0.1:7127/0 >> 127.0.0.1:0/694474927 conn(0x28f6000 msgr2=0x19b7180 crc :-1 s=STATE_CONNECTION_ESTABLISHED l=1).read start len=32
2026-02-13T09:37:02.327+0000 7f5c989ee640 10 -- v2:127.0.0.1:7127/0 >> 127.0.0.1:0/694474927 conn(0x28f6000 msgr2=0x19b7180 crc :-1 s=STATE_CONNECTION_ESTABLISHED l=1).handle_write
2026-02-13T09:37:02.327+0000 7f5c9a1f1640 1 -- v2:127.0.0.1:7127/0 <== client.? 127.0.0.1:0/694474927 2 ==== mon_subscribe({config=0+,monmap=0+}) ==== 54+0+0 (crc 0 0 0) 0x290d6c0 con 0x28f6000
2026-02-13T09:37:02.327+0000 7f5c989ee640 10 --2- v2:127.0.0.1:7127/0 >> 127.0.0.1:0/694474927 conn(0x28f6000 0x19b7180 crc :-1 s=READY pgs=12 gs=12 cs=0 l=1 c_cookie=17053773340109692993 s_cookie=0 reconnecting=0 rev1=1 crypto rx=0 tx=0 comp rx=0 tx=0).write_event
2026-02-13T09:37:02.327+0000 7f5c9a1f1640 20 mon.a@0(leader) e1 _ms_dispatch existing session 0x2866900 for client.?
2026-02-13T09:37:02.327+0000 7f5c9a1f1640 20 mon.a@0(leader) e1 entity_name client.admin global_id 4107 (none) caps allow *
2026-02-13T09:37:02.327+0000 7f5c989ee640 20 --2- v2:127.0.0.1:7127/0 >> 127.0.0.1:0/694474927 conn(0x28f6000 0x19b7180 crc :-1 s=READY pgs=12 gs=12 cs=0 l=1 c_cookie=17053773340109692993 s_cookie=0 reconnecting=0 rev1=1 crypto rx=0 tx=0 comp rx=0 tx=0).prepare_send_message m=mon_map magic: 0
2026-02-13T09:37:02.327+0000 7f5c9a1f1640 10 mon.a@0(leader) e1 handle_subscribe mon_subscribe({config=0+,monmap=0+})
2026-02-13T09:37:02.327+0000 7f5c989ee640 20 --2- v2:127.0.0.1:7127/0 >> 127.0.0.1:0/694474927 conn(0x28f6000 0x19b7180 crc :-1 s=READY pgs=12 gs=12 cs=0 l=1 c_cookie=17053773340109692993 s_cookie=0 reconnecting=0 rev1=1 crypto rx=0 tx=0 comp rx=0 tx=0).prepare_send_message encoding features 4544132024016699391 0x18c4b00 mon_map magic: 0
2026-02-13T09:37:02.327+0000 7f5c989ee640 2 --2- v2:127.0.0.1:7127/0 >> 127.0.0.1:0/694474927 conn(0x28f6000 0x19b7180 crc :-1 s=READY pgs=12 gs=12 cs=0 l=1 c_cookie=17053773340109692993 s_cookie=0 reconnecting=0 rev1=1 crypto rx=0 tx=0 comp rx=0 tx=0).write_message sending message m=0x18c4b00 seq=1 mon_map magic: 0
2026-02-13T09:37:02.327+0000 7f5c989ee640 20 --2- v2:127.0.0.1:7127/0 >> 127.0.0.1:0/694474927 conn(0x28f6000 0x19b7180 crc :-1 s=READY pgs=12 gs=12 cs=0 l=1 c_cookie=17053773340109692993 s_cookie=0 reconnecting=0 rev1=1 crypto rx=0 tx=0 comp rx=0 tx=0).write_message sending m=0x18c4b00 seq=1 src=mon.0 off=0
2026-02-13T09:37:02.327+0000 7f5c9a1f1640 10 mon.a@0(leader).config check_sub next 0 have 1
2026-02-13T09:37:02.327+0000 7f5c9a1f1640 10 mon.a@0(leader).config refresh_config crush_location for remote_host trial096 is {}
2026-02-13T09:37:02.327+0000 7f5c9a1f1640 20 mon.a@0(leader).config refresh_config client.admin crush {} device_class
2026-02-13T09:37:02.327+0000 7f5c9a1f1640 10 mon.a@0(leader).config maybe_send_config to client.? (changed)
2026-02-13T09:37:02.327+0000 7f5c989ee640 10 -- v2:127.0.0.1:7127/0 >> 127.0.0.1:0/694474927 conn(0x28f6000 msgr2=0x19b7180 crc :-1 s=STATE_CONNECTION_ESTABLISHED l=1)._try_send sent bytes 443 remaining bytes 0
2026-02-13T09:37:02.327+0000 7f5c989ee640 10 --2- v2:127.0.0.1:7127/0 >> 127.0.0.1:0/694474927 conn(0x28f6000 0x19b7180 crc :-1 s=READY pgs=12 gs=12 cs=0 l=1 c_cookie=17053773340109692993 s_cookie=0 reconnecting=0 rev1=1 crypto rx=0 tx=0 comp rx=0 tx=0).write_message sending 0x18c4b00 done.
2026-02-13T09:37:02.327+0000 7f5c9a1f1640 10 mon.a@0(leader).config send_config to client.?
2026-02-13T09:37:02.327+0000 7f5c9a1f1640 1 -- v2:127.0.0.1:7127/0 --> 127.0.0.1:0/694474927 -- config(0 keys) -- 0x1870a80 con 0x28f6000
2026-02-13T09:37:02.327+0000 7f5c9a1f1640 5 --2- v2:127.0.0.1:7127/0 >> 127.0.0.1:0/694474927 conn(0x28f6000 0x19b7180 crc :-1 s=READY pgs=12 gs=12 cs=0 l=1 c_cookie=17053773340109692993 s_cookie=0 reconnecting=0 rev1=1 crypto rx=0 tx=0 comp rx=0 tx=0).send_message enqueueing message m=0x1870a80 type=62 config(0 keys)
2026-02-13T09:37:02.327+0000 7f5c9a1f1640 15 --2- v2:127.0.0.1:7127/0 >> 127.0.0.1:0/694474927 conn(0x28f6000 0x19b7180 crc :-1 s=READY pgs=12 gs=12 cs=0 l=1 c_cookie=17053773340109692993 s_cookie=0 reconnecting=0 rev1=1 crypto rx=0 tx=0 comp rx=0 tx=0).send_message message queued for async transmission m=0x1870a80
2026-02-13T09:37:02.327+0000 7f5c9a1f1640 20 Event(0x189a2c8 nevent=5000 time_id=4).wakeup
2026-02-13T09:37:02.327+0000 7f5c9a1f1640 10 mon.a@0(leader).monmap v1 check_sub monmap next 0 have 1
2026-02-13T09:37:02.327+0000 7f5c9a1f1640 1 -- v2:127.0.0.1:7127/0 --> 127.0.0.1:0/694474927 -- mon_map magic: 0 -- 0x18c4420 con 0x28f6000
2026-02-13T09:37:02.327+0000 7f5c9a1f1640 5 --2- v2:127.0.0.1:7127/0 >> 127.0.0.1:0/694474927 conn(0x28f6000 0x19b7180 crc :-1 s=READY pgs=12 gs=12 cs=0 l=1 c_cookie=17053773340109692993 s_cookie=0 reconnecting=0 rev1=1 crypto rx=0 tx=0 comp rx=0 tx=0).send_message enqueueing message m=0x18c4420 type=4 mon_map magic: 0
2026-02-13T09:37:02.327+0000 7f5c989ee640 10 -- v2:127.0.0.1:7127/0 >> 127.0.0.1:0/694474927 conn(0x28f6000 msgr2=0x19b7180 crc :-1 s=STATE_CONNECTION_ESTABLISHED l=1).handle_write
2026-02-13T09:37:02.327+0000 7f5c989ee640 10 --2- v2:127.0.0.1:7127/0 >> 127.0.0.1:0/694474927 conn(0x28f6000 0x19b7180 crc :-1 s=READY pgs=12 gs=12 cs=0 l=1 c_cookie=17053773340109692993 s_cookie=0 reconnecting=0 rev1=1 crypto rx=0 tx=0 comp rx=0 tx=0).write_event
2026-02-13T09:37:02.327+0000 7f5c9a1f1640 15 --2- v2:127.0.0.1:7127/0 >> 127.0.0.1:0/694474927 conn(0x28f6000 0x19b7180 crc :-1 s=READY pgs=12 gs=12 cs=0 l=1 c_cookie=17053773340109692993 s_cookie=0 reconnecting=0 rev1=1 crypto rx=0 tx=0 comp rx=0 tx=0).send_message message queued for async transmission m=0x18c4420
2026-02-13T09:37:02.327+0000 7f5c9a1f1640 10 -- v2:127.0.0.1:7127/0 dispatch_throttle_release 54 to dispatch throttler 54/104857600
2026-02-13T09:37:02.327+0000 7f5c9a1f1640 20 -- v2:127.0.0.1:7127/0 done calling dispatch on 0x290d6c0
2026-02-13T09:37:02.327+0000 7f5c989ee640 20 --2- v2:127.0.0.1:7127/0 >> 127.0.0.1:0/694474927 conn(0x28f6000 0x19b7180 crc :-1 s=READY pgs=12 gs=12 cs=0 l=1 c_cookie=17053773340109692993 s_cookie=0 reconnecting=0 rev1=1 crypto rx=0 tx=0 comp rx=0 tx=0).prepare_send_message m=config(0 keys)
2026-02-13T09:37:02.327+0000 7f5c989ee640 20 --2- v2:127.0.0.1:7127/0 >> 127.0.0.1:0/694474927 conn(0x28f6000 0x19b7180 crc :-1 s=READY pgs=12 gs=12 cs=0 l=1 c_cookie=17053773340109692993 s_cookie=0 reconnecting=0 rev1=1 crypto rx=0 tx=0 comp rx=0 tx=0).prepare_send_message encoding features 4544132024016699391 0x1870a80 config(0 keys)
2026-02-13T09:37:02.327+0000 7f5c989ee640 2 --2- v2:127.0.0.1:7127/0 >> 127.0.0.1:0/694474927 conn(0x28f6000 0x19b7180 crc :-1 s=READY pgs=12 gs=12 cs=0 l=1 c_cookie=17053773340109692993 s_cookie=0 reconnecting=0 rev1=1 crypto rx=0 tx=0 comp rx=0 tx=0).write_message sending message m=0x1870a80 seq=2 config(0 keys)
2026-02-13T09:37:02.327+0000 7f5c989ee640 20 --2- v2:127.0.0.1:7127/0 >> 127.0.0.1:0/694474927 conn(0x28f6000 0x19b7180 crc :-1 s=READY pgs=12 gs=12 cs=0 l=1 c_cookie=17053773340109692993 s_cookie=0 reconnecting=0 rev1=1 crypto rx=0 tx=0 comp rx=0 tx=0).write_message sending m=0x1870a80 seq=2 src=mon.0 off=0
2026-02-13T09:37:02.327+0000 7f5c989ee640 10 -- v2:127.0.0.1:7127/0 >> 127.0.0.1:0/694474927 conn(0x28f6000 msgr2=0x19b7180 crc :-1 s=STATE_CONNECTION_ESTABLISHED l=1)._try_send sent bytes 94 remaining bytes 0
2026-02-13T09:37:02.327+0000 7f5c989ee640 10 --2- v2:127.0.0.1:7127/0 >> 127.0.0.1:0/694474927 conn(0x28f6000 0x19b7180 crc :-1 s=READY pgs=12 gs=12 cs=0 l=1 c_cookie=17053773340109692993 s_cookie=0 reconnecting=0 rev1=1 crypto rx=0 tx=0 comp rx=0 tx=0).write_message sending 0x1870a80 done.
2026-02-13T09:37:02.327+0000 7f5c989ee640 20 --2- v2:127.0.0.1:7127/0 >> 127.0.0.1:0/694474927 conn(0x28f6000 0x19b7180 crc :-1 s=READY pgs=12 gs=12 cs=0 l=1 c_cookie=17053773340109692993 s_cookie=0 reconnecting=0 rev1=1 crypto rx=0 tx=0 comp rx=0 tx=0).prepare_send_message m=mon_map magic: 0
2026-02-13T09:37:02.327+0000 7f5c989ee640 20 --2- v2:127.0.0.1:7127/0 >> 127.0.0.1:0/694474927 conn(0x28f6000 0x19b7180 crc :-1 s=READY pgs=12 gs=12 cs=0 l=1 c_cookie=17053773340109692993 s_cookie=0 reconnecting=0 rev1=1 crypto rx=0 tx=0 comp rx=0 tx=0).prepare_send_message encoding features 4544132024016699391 0x18c4420 mon_map magic: 0
2026-02-13T09:37:02.327+0000 7f5c989ee640 2 --2- v2:127.0.0.1:7127/0 >> 127.0.0.1:0/694474927 conn(0x28f6000 0x19b7180 crc :-1 s=READY pgs=12 gs=12 cs=0 l=1 c_cookie=17053773340109692993 s_cookie=0 reconnecting=0 rev1=1 crypto rx=0 tx=0 comp rx=0 tx=0).write_message sending message m=0x18c4420 seq=3 mon_map magic: 0
2026-02-13T09:37:02.327+0000 7f5c989ee640 20 --2- v2:127.0.0.1:7127/0 >> 127.0.0.1:0/694474927 conn(0x28f6000 0x19b7180 crc :-1 s=READY pgs=12 gs=12 cs=0 l=1 c_cookie=17053773340109692993 s_cookie=0 reconnecting=0 rev1=1 crypto rx=0 tx=0 comp rx=0 tx=0).write_message sending m=0x18c4420 seq=3 src=mon.0 off=0
2026-02-13T09:37:02.327+0000 7f5c989ee640 10 -- v2:127.0.0.1:7127/0 >> 127.0.0.1:0/694474927 conn(0x28f6000 msgr2=0x19b7180 crc :-1 s=STATE_CONNECTION_ESTABLISHED l=1)._try_send sent bytes 443 remaining bytes 0
2026-02-13T09:37:02.327+0000 7f5c989ee640 10 --2- v2:127.0.0.1:7127/0 >> 127.0.0.1:0/694474927 conn(0x28f6000 0x19b7180 crc :-1 s=READY pgs=12 gs=12 cs=0 l=1 c_cookie=17053773340109692993 s_cookie=0 reconnecting=0 rev1=1 crypto rx=0 tx=0 comp rx=0 tx=0).write_message sending 0x18c4420 done.
2026-02-13T09:37:02.327+0000 7f5c989ee640 20 -- v2:127.0.0.1:7127/0 >> 127.0.0.1:0/694474927 conn(0x28f6000 msgr2=0x19b7180 crc :-1 s=STATE_CONNECTION_ESTABLISHED l=1).process
2026-02-13T09:37:02.327+0000 7f5c989ee640 20 -- v2:127.0.0.1:7127/0 >> 127.0.0.1:0/694474927 conn(0x28f6000 msgr2=0x19b7180 crc :-1 s=STATE_CONNECTION_ESTABLISHED l=1).read continue len=32
2026-02-13T09:37:02.327+0000 7f5c989ee640 1 -- v2:127.0.0.1:7127/0 >> 127.0.0.1:0/694474927 conn(0x28f6000 msgr2=0x19b7180 crc :-1 s=STATE_CONNECTION_ESTABLISHED l=1).read_bulk peer close file descriptor 29
2026-02-13T09:37:02.327+0000 7f5c989ee640 1 -- v2:127.0.0.1:7127/0 >> 127.0.0.1:0/694474927 conn(0x28f6000 msgr2=0x19b7180 crc :-1 s=STATE_CONNECTION_ESTABLISHED l=1).read_until read failed
2026-02-13T09:37:02.327+0000 7f5c989ee640 20 --2- v2:127.0.0.1:7127/0 >> 127.0.0.1:0/694474927 conn(0x28f6000 0x19b7180 crc :-1 s=READY pgs=12 gs=12 cs=0 l=1 c_cookie=17053773340109692993 s_cookie=0 reconnecting=0 rev1=1 crypto rx=0 tx=0 comp rx=0 tx=0).handle_read_frame_preamble_main r=-1
2026-02-13T09:37:02.327+0000 7f5c989ee640 1 --2- v2:127.0.0.1:7127/0 >> 127.0.0.1:0/694474927 conn(0x28f6000 0x19b7180 crc :-1 s=READY pgs=12 gs=12 cs=0 l=1 c_cookie=17053773340109692993 s_cookie=0 reconnecting=0 rev1=1 crypto rx=0 tx=0 comp rx=0 tx=0).handle_read_frame_preamble_main read frame preamble failed r=-1
2026-02-13T09:37:02.327+0000 7f5c989ee640 10 --2- v2:127.0.0.1:7127/0 >> 127.0.0.1:0/694474927 conn(0x28f6000 0x19b7180 crc :-1 s=READY pgs=12 gs=12 cs=0 l=1 c_cookie=17053773340109692993 s_cookie=0 reconnecting=0 rev1=1 crypto rx=0 tx=0 comp rx=0 tx=0)._fault
2026-02-13T09:37:02.327+0000 7f5c989ee640 2 --2- v2:127.0.0.1:7127/0 >> 127.0.0.1:0/694474927 conn(0x28f6000 0x19b7180 crc :-1 s=READY pgs=12 gs=12 cs=0 l=1 c_cookie=17053773340109692993 s_cookie=0 reconnecting=0 rev1=1 crypto rx=0 tx=0 comp rx=0 tx=0)._fault on lossy channel, failing
2026-02-13T09:37:02.327+0000 7f5c989ee640 1 --2- v2:127.0.0.1:7127/0 >> 127.0.0.1:0/694474927 conn(0x28f6000 0x19b7180 crc :-1 s=READY pgs=12 gs=12 cs=0 l=1 c_cookie=17053773340109692993 s_cookie=0 reconnecting=0 rev1=1 crypto rx=0 tx=0 comp rx=0 tx=0).stop
2026-02-13T09:37:02.327+0000 7f5c989ee640 5 --2- v2:127.0.0.1:7127/0 >> 127.0.0.1:0/694474927 conn(0x28f6000 0x19b7180 crc :-1 s=READY pgs=12 gs=12 cs=0 l=1 c_cookie=17053773340109692993 s_cookie=0 reconnecting=0 rev1=1 crypto rx=0 tx=0 comp rx=0 tx=0).reset_recv_state
2026-02-13T09:37:02.327+0000 7f5c989ee640 5 --2- v2:127.0.0.1:7127/0 >> 127.0.0.1:0/694474927 conn(0x28f6000 0x19b7180 crc :-1 s=READY pgs=12 gs=12 cs=0 l=1 c_cookie=17053773340109692993 s_cookie=0 reconnecting=0 rev1=1 crypto rx=0 tx=0 comp rx=0 tx=0).reset_security
2026-02-13T09:37:02.327+0000 7f5c989ee640 5 --2- v2:127.0.0.1:7127/0 >> 127.0.0.1:0/694474927 conn(0x28f6000 0x19b7180 unknown :-1 s=READY pgs=12 gs=12 cs=0 l=1 c_cookie=17053773340109692993 s_cookie=0 reconnecting=0 rev1=1 crypto rx=0 tx=0 comp rx=0 tx=0).reset_compression
2026-02-13T09:37:02.327+0000 7f5c989ee640 10 --2- v2:127.0.0.1:7127/0 >> 127.0.0.1:0/694474927 conn(0x28f6000 0x19b7180 unknown :-1 s=READY pgs=12 gs=12 cs=0 l=1 c_cookie=17053773340109692993 s_cookie=0 reconnecting=0 rev1=1 crypto rx=0 tx=0 comp rx=0 tx=0).discard_out_queue started
2026-02-13T09:37:02.327+0000 7f5c989ee640 20 Event(0x189b288 nevent=5000 time_id=15).wakeup
2026-02-13T09:37:02.327+0000 7f5c989ee640 20 EpollDriver.del_event del event fd=29 cur_mask=1 delmask=3 to 21
2026-02-13T09:37:02.327+0000 7f5c981ed640 1 -- v2:127.0.0.1:7127/0 reap_dead start
2026-02-13T09:37:02.327+0000 7f5c9a1f1640 10 mon.a@0(leader) e1 ms_handle_reset 0x28f6000 127.0.0.1:0/694474927
2026-02-13T09:37:02.327+0000 7f5c981ed640 5 -- v2:127.0.0.1:7127/0 reap_dead delete 0x19eb400
2026-02-13T09:37:02.327+0000 7f5c9a1f1640 10 mon.a@0(leader) e1 reset/close on session client.? 127.0.0.1:0/694474927
2026-02-13T09:37:02.327+0000 7f5c9a1f1640 10 mon.a@0(leader) e1 remove_session 0x2866900 client.? 127.0.0.1:0/694474927 features 0x3f0ffffffffdffff
2026-02-13T09:37:02.327+0000 7f5c981ed640 5 -- v2:127.0.0.1:7127/0 reap_dead delete 0x19ebc00
2026-02-13T09:37:02.327+0000 7f5c981ed640 5 -- v2:127.0.0.1:7127/0 reap_dead delete 0x28f6000
2026-02-13T09:37:02.327+0000 7f5c981ed640 5 -- v2:127.0.0.1:7127/0 reap_dead delete 0x28f7400
2026-02-13T09:37:02.327+0000 7f5c981ed640 5 -- v2:127.0.0.1:7127/0 reap_dead delete 0x28f7800
2026-02-13T09:37:02.328+0000 7f5c981ed640 10 Processor -- accept listen_fd=25
2026-02-13T09:37:02.328+0000 7f5c981ed640 10 Processor -- accept accepted incoming on sd 29
2026-02-13T09:37:02.328+0000 7f5c981ed640 10 -- v2:127.0.0.1:7127/0 >> conn(0x19eb400 msgr2=0x19b6680 unknown :-1 s=STATE_NONE l=0).accept sd=29 listen_addr v2:127.0.0.1:7127/0 peer_addr v2:127.0.0.1:42146/0
2026-02-13T09:37:02.328+0000 7f5c981ed640 1 --2- v2:127.0.0.1:7127/0 >> conn(0x19eb400 0x19b6680 unknown :-1 s=NONE pgs=0 gs=0 cs=0 l=0 c_cookie=0 s_cookie=0 reconnecting=0 rev1=0 crypto rx=0 tx=0 comp rx=0 tx=0).accept
2026-02-13T09:37:02.328+0000 7f5c981ed640 20 Event(0x189a2c8 nevent=5000 time_id=4).wakeup
2026-02-13T09:37:02.328+0000 7f5c989ee640 20 -- v2:127.0.0.1:7127/0 >> conn(0x19eb400 msgr2=0x19b6680 unknown :-1 s=STATE_ACCEPTING l=0).process
2026-02-13T09:37:02.328+0000 7f5c989ee640 20 Event(0x189a2c8 nevent=5000 time_id=4).create_file_event create event started fd=29 mask=1 original mask is 0
2026-02-13T09:37:02.328+0000 7f5c989ee640 20 EpollDriver.add_event add event fd=29 cur_mask=0 add_mask=1 to 21
2026-02-13T09:37:02.328+0000 7f5c989ee640 20 Event(0x189a2c8 nevent=5000 time_id=4).create_file_event create event end fd=29 mask=1 current mask is 1
2026-02-13T09:37:02.328+0000 7f5c989ee640 20 --2- v2:127.0.0.1:7127/0 >> conn(0x19eb400 0x19b6680 unknown :-1 s=START_ACCEPT pgs=0 gs=0 cs=0 l=0 c_cookie=0 s_cookie=0 reconnecting=0 rev1=0 crypto rx=0 tx=0 comp rx=0 tx=0).read_event
2026-02-13T09:37:02.328+0000 7f5c989ee640 20 --2- v2:127.0.0.1:7127/0 >> conn(0x19eb400 0x19b6680 unknown :-1 s=START_ACCEPT pgs=0 gs=0 cs=0 l=0 c_cookie=0 s_cookie=0 reconnecting=0 rev1=0 crypto rx=0 tx=0 comp rx=0 tx=0).start_server_banner_exchange
2026-02-13T09:37:02.328+0000 7f5c989ee640 20 --2- v2:127.0.0.1:7127/0 >> conn(0x19eb400 0x19b6680 unknown :-1 s=BANNER_ACCEPTING pgs=0 gs=0 cs=0 l=0 c_cookie=0 s_cookie=0 reconnecting=0 rev1=0 crypto rx=0 tx=0 comp rx=0 tx=0)._banner_exchange
2026-02-13T09:37:02.328+0000 7f5c989ee640 10 -- v2:127.0.0.1:7127/0 >> conn(0x19eb400 msgr2=0x19b6680 unknown :-1 s=STATE_CONNECTION_ESTABLISHED l=0)._try_send sent bytes 26 remaining bytes 0
2026-02-13T09:37:02.328+0000 7f5c989ee640 20 -- v2:127.0.0.1:7127/0 >> conn(0x19eb400 msgr2=0x19b6680 unknown :-1 s=STATE_CONNECTION_ESTABLISHED l=0).read start len=10
2026-02-13T09:37:02.328+0000 7f5c989ee640 20 --2- v2:127.0.0.1:7127/0 >> conn(0x19eb400 0x19b6680 unknown :-1 s=BANNER_ACCEPTING pgs=0 gs=0 cs=0 l=0 c_cookie=0 s_cookie=0 reconnecting=0 rev1=0 crypto rx=0 tx=0 comp rx=0 tx=0)._handle_peer_banner r=0
2026-02-13T09:37:02.328+0000 7f5c989ee640 20 -- v2:127.0.0.1:7127/0 >> conn(0x19eb400 msgr2=0x19b6680 unknown :-1 s=STATE_CONNECTION_ESTABLISHED l=0).read start len=16
2026-02-13T09:37:02.328+0000 7f5c989ee640 20 --2- v2:127.0.0.1:7127/0 >> conn(0x19eb400 0x19b6680 unknown :-1 s=BANNER_ACCEPTING pgs=0 gs=0 cs=0 l=0 c_cookie=0 s_cookie=0 reconnecting=0 rev1=0 crypto rx=0 tx=0 comp rx=0 tx=0)._handle_peer_banner_payload r=0
2026-02-13T09:37:02.328+0000 7f5c989ee640 1 --2- v2:127.0.0.1:7127/0 >> conn(0x19eb400 0x19b6680 unknown :-1 s=BANNER_ACCEPTING pgs=0 gs=0 cs=0 l=0 c_cookie=0 s_cookie=0 reconnecting=0 rev1=0 crypto rx=0 tx=0 comp rx=0 tx=0)._handle_peer_banner_payload supported=3 required=0
2026-02-13T09:37:02.328+0000 7f5c989ee640 10 -- v2:127.0.0.1:7127/0 >> conn(0x19eb400 msgr2=0x19b6680 unknown :-1 s=STATE_CONNECTION_ESTABLISHED l=0)._try_send sent bytes 72 remaining bytes 0
2026-02-13T09:37:02.328+0000 7f5c989ee640 20 --2- v2:127.0.0.1:7127/0 >> conn(0x19eb400 0x19b6680 unknown :-1 s=HELLO_ACCEPTING pgs=0 gs=0 cs=0 l=0 c_cookie=0 s_cookie=0 reconnecting=0 rev1=1 crypto rx=0 tx=0 comp rx=0 tx=0).read_frame
2026-02-13T09:37:02.328+0000 7f5c989ee640 20 -- v2:127.0.0.1:7127/0 >> conn(0x19eb400 msgr2=0x19b6680 unknown :-1 s=STATE_CONNECTION_ESTABLISHED l=0).read start len=32
2026-02-13T09:37:02.328+0000 7f5c989ee640 20 --2- v2:127.0.0.1:7127/0 >> conn(0x19eb400 0x19b6680 unknown :-1 s=HELLO_ACCEPTING pgs=0 gs=0 cs=0 l=0 c_cookie=0 s_cookie=0 reconnecting=0 rev1=1 crypto rx=0 tx=0 comp rx=0 tx=0).handle_read_frame_preamble_main r=0
2026-02-13T09:37:02.328+0000 7f5c989ee640 20 --2- v2:127.0.0.1:7127/0 >> conn(0x19eb400 0x19b6680 unknown :-1 s=HELLO_ACCEPTING pgs=0 gs=0 cs=0 l=0 c_cookie=0 s_cookie=0 reconnecting=0 rev1=1 crypto rx=0 tx=0 comp rx=0 tx=0).read_frame_segment seg_idx=0
2026-02-13T09:37:02.328+0000 7f5c989ee640 20 -- v2:127.0.0.1:7127/0 >> conn(0x19eb400 msgr2=0x19b6680 unknown :-1 s=STATE_CONNECTION_ESTABLISHED l=0).read start len=40
2026-02-13T09:37:02.328+0000 7f5c989ee640 20 --2- v2:127.0.0.1:7127/0 >> conn(0x19eb400 0x19b6680 unknown :-1 s=HELLO_ACCEPTING pgs=0 gs=0 cs=0 l=0 c_cookie=0 s_cookie=0 reconnecting=0 rev1=1 crypto rx=0 tx=0 comp rx=0 tx=0).handle_read_frame_segment r=0
2026-02-13T09:37:02.328+0000 7f5c989ee640 10 --2- v2:127.0.0.1:7127/0 >> conn(0x19eb400 0x19b6680 unknown :-1 s=HELLO_ACCEPTING pgs=0 gs=0 cs=0 l=0 c_cookie=0 s_cookie=0 reconnecting=0 rev1=1 crypto rx=0 tx=0 comp rx=0 tx=0).handle_read_frame_dispatch tag=1
2026-02-13T09:37:02.328+0000 7f5c989ee640 20 --2- v2:127.0.0.1:7127/0 >> conn(0x19eb400 0x19b6680 unknown :-1 s=HELLO_ACCEPTING pgs=0 gs=0 cs=0 l=0 c_cookie=0 s_cookie=0 reconnecting=0 rev1=1 crypto rx=0 tx=0 comp rx=0 tx=0).handle_hello payload.length()=36
2026-02-13T09:37:02.328+0000 7f5c989ee640 5 --2- v2:127.0.0.1:7127/0 >> conn(0x19eb400 0x19b6680 unknown :-1 s=HELLO_ACCEPTING pgs=0 gs=0 cs=0 l=0 c_cookie=0 s_cookie=0 reconnecting=0 rev1=1 crypto rx=0 tx=0 comp rx=0 tx=0).handle_hello received hello: peer_type=8 peer_addr_for_me=v2:127.0.0.1:7127/0
2026-02-13T09:37:02.328+0000 7f5c989ee640 5 --2- v2:127.0.0.1:7127/0 >> conn(0x19eb400 0x19b6680 unknown :-1 s=HELLO_ACCEPTING pgs=0 gs=0 cs=0 l=0 c_cookie=0 s_cookie=0 reconnecting=0 rev1=1 crypto rx=0 tx=0 comp rx=0 tx=0).handle_hello getsockname says I am 127.0.0.1:7127 when talking to v2:127.0.0.1:42146/0
2026-02-13T09:37:02.328+0000 7f5c989ee640 10 --2- v2:127.0.0.1:7127/0 >> conn(0x19eb400 0x19b6680 unknown :-1 s=HELLO_ACCEPTING pgs=0 gs=0 cs=0 l=1 c_cookie=0 s_cookie=0 reconnecting=0 rev1=1 crypto rx=0 tx=0 comp rx=0 tx=0).handle_hello accept of host_type 8, policy.lossy=1 policy.server=1 policy.standby=0 policy.resetcheck=0
2026-02-13T09:37:02.328+0000 7f5c989ee640 20 --2- v2:127.0.0.1:7127/0 >> conn(0x19eb400 0x19b6680 unknown :-1 s=HELLO_ACCEPTING pgs=0 gs=0 cs=0 l=1 c_cookie=0 s_cookie=0 reconnecting=0 rev1=1 crypto rx=0 tx=0 comp rx=0 tx=0).post_server_banner_exchange
2026-02-13T09:37:02.328+0000 7f5c989ee640 20 --2- v2:127.0.0.1:7127/0 >> conn(0x19eb400 0x19b6680 unknown :-1 s=AUTH_ACCEPTING pgs=0 gs=0 cs=0 l=1 c_cookie=0 s_cookie=0 reconnecting=0 rev1=1 crypto rx=0 tx=0 comp rx=0 tx=0).read_frame
2026-02-13T09:37:02.328+0000 7f5c989ee640 20 -- v2:127.0.0.1:7127/0 >> conn(0x19eb400 msgr2=0x19b6680 unknown :-1 s=STATE_CONNECTION_ESTABLISHED l=1).read start len=32
2026-02-13T09:37:02.328+0000 7f5c989ee640 20 -- v2:127.0.0.1:7127/0 >> conn(0x19eb400 msgr2=0x19b6680 unknown :-1 s=STATE_CONNECTION_ESTABLISHED l=1).process
2026-02-13T09:37:02.328+0000 7f5c989ee640 20 -- v2:127.0.0.1:7127/0 >> conn(0x19eb400 msgr2=0x19b6680 unknown :-1 s=STATE_CONNECTION_ESTABLISHED l=1).read continue len=32
2026-02-13T09:37:02.328+0000 7f5c989ee640 20 --2- v2:127.0.0.1:7127/0 >> conn(0x19eb400 0x19b6680 unknown :-1 s=AUTH_ACCEPTING pgs=0 gs=0 cs=0 l=1 c_cookie=0 s_cookie=0 reconnecting=0 rev1=1 crypto rx=0 tx=0 comp rx=0 tx=0).handle_read_frame_preamble_main r=0
2026-02-13T09:37:02.328+0000 7f5c989ee640 20 --2- v2:127.0.0.1:7127/0 >> conn(0x19eb400 0x19b6680 unknown :-1 s=AUTH_ACCEPTING pgs=0 gs=0 cs=0 l=1 c_cookie=0 s_cookie=0 reconnecting=0 rev1=1 crypto rx=0 tx=0 comp rx=0 tx=0).read_frame_segment seg_idx=0
2026-02-13T09:37:02.328+0000 7f5c989ee640 20 -- v2:127.0.0.1:7127/0 >> conn(0x19eb400 msgr2=0x19b6680 unknown :-1 s=STATE_CONNECTION_ESTABLISHED l=1).read start len=42
2026-02-13T09:37:02.328+0000 7f5c989ee640 20 --2- v2:127.0.0.1:7127/0 >> conn(0x19eb400 0x19b6680 unknown :-1 s=AUTH_ACCEPTING pgs=0 gs=0 cs=0 l=1 c_cookie=0 s_cookie=0 reconnecting=0 rev1=1 crypto rx=0 tx=0 comp rx=0 tx=0).handle_read_frame_segment r=0
2026-02-13T09:37:02.328+0000 7f5c989ee640 10 --2- v2:127.0.0.1:7127/0 >> conn(0x19eb400 0x19b6680 unknown :-1 s=AUTH_ACCEPTING pgs=0 gs=0 cs=0 l=1 c_cookie=0 s_cookie=0 reconnecting=0 rev1=1 crypto rx=0 tx=0 comp rx=0 tx=0).handle_read_frame_dispatch tag=2
2026-02-13T09:37:02.328+0000 7f5c989ee640 20 --2- v2:127.0.0.1:7127/0 >> conn(0x19eb400 0x19b6680 unknown :-1 s=AUTH_ACCEPTING pgs=0 gs=0 cs=0 l=1 c_cookie=0 s_cookie=0 reconnecting=0 rev1=1 crypto rx=0 tx=0 comp rx=0 tx=0).handle_auth_request payload.length()=38
2026-02-13T09:37:02.328+0000 7f5c989ee640 10 --2- v2:127.0.0.1:7127/0 >> conn(0x19eb400 0x19b6680 unknown :-1 s=AUTH_ACCEPTING pgs=0 gs=0 cs=0 l=1 c_cookie=0 s_cookie=0 reconnecting=0 rev1=1 crypto rx=0 tx=0 comp rx=0 tx=0).handle_auth_request AuthRequest(method=1, preferred_modes=[1], payload_len=22)
2026-02-13T09:37:02.328+0000 7f5c989ee640 10 mon.a@0(leader) e1 handle_auth_request con 0x19eb400 (start) method 1 payload 22
2026-02-13T09:37:02.328+0000 7f5c989ee640 10 mon.a@0(leader).auth v2 _assign_global_id 4110 (max 14096)
2026-02-13T09:37:02.328+0000 7f5c989ee640 10 mon.a@0(leader) e1 ms_handle_fast_authentication session 0x2867b00 con 0x19eb400 addr - MonSession(unknown.0 is open , features 0x0 (unknown))
2026-02-13T09:37:02.328+0000 7f5c989ee640 10 -- v2:127.0.0.1:7127/0 >> conn(0x19eb400 msgr2=0x19b6680 crc :-1 s=STATE_CONNECTION_ESTABLISHED l=1)._try_send sent bytes 52 remaining bytes 0
2026-02-13T09:37:02.328+0000 7f5c989ee640 10 -- v2:127.0.0.1:7127/0 >> conn(0x19eb400 msgr2=0x19b6680 crc :-1 s=STATE_CONNECTION_ESTABLISHED l=1)._try_send sent bytes 68 remaining bytes 0
2026-02-13T09:37:02.328+0000 7f5c989ee640 20 --2- v2:127.0.0.1:7127/0 >> conn(0x19eb400 0x19b6680 crc :-1 s=AUTH_ACCEPTING_SIGN pgs=0 gs=0 cs=0 l=1 c_cookie=0 s_cookie=0 reconnecting=0 rev1=1 crypto rx=0 tx=0 comp rx=0 tx=0).read_frame
2026-02-13T09:37:02.328+0000 7f5c989ee640 20 -- v2:127.0.0.1:7127/0 >> conn(0x19eb400 msgr2=0x19b6680 crc :-1 s=STATE_CONNECTION_ESTABLISHED l=1).read start len=32
2026-02-13T09:37:02.328+0000 7f5c989ee640 20 -- v2:127.0.0.1:7127/0 >> conn(0x19eb400 msgr2=0x19b6680 crc :-1 s=STATE_CONNECTION_ESTABLISHED l=1).process
2026-02-13T09:37:02.328+0000 7f5c989ee640 20 -- v2:127.0.0.1:7127/0 >> conn(0x19eb400 msgr2=0x19b6680 crc :-1 s=STATE_CONNECTION_ESTABLISHED l=1).read continue len=32
2026-02-13T09:37:02.328+0000 7f5c989ee640 1 -- v2:127.0.0.1:7127/0 >> conn(0x19eb400 msgr2=0x19b6680 crc :-1 s=STATE_CONNECTION_ESTABLISHED l=1).read_bulk peer close file descriptor 29
2026-02-13T09:37:02.328+0000 7f5c989ee640 1 -- v2:127.0.0.1:7127/0 >> conn(0x19eb400 msgr2=0x19b6680 crc :-1 s=STATE_CONNECTION_ESTABLISHED l=1).read_until read failed
2026-02-13T09:37:02.328+0000 7f5c989ee640 20 --2- v2:127.0.0.1:7127/0 >> conn(0x19eb400 0x19b6680 crc :-1 s=AUTH_ACCEPTING_SIGN pgs=0 gs=0 cs=0 l=1 c_cookie=0 s_cookie=0 reconnecting=0 rev1=1 crypto rx=0 tx=0 comp rx=0 tx=0).handle_read_frame_preamble_main r=-1
2026-02-13T09:37:02.328+0000 7f5c989ee640 1 --2- v2:127.0.0.1:7127/0 >> conn(0x19eb400 0x19b6680 crc :-1 s=AUTH_ACCEPTING_SIGN pgs=0 gs=0 cs=0 l=1 c_cookie=0 s_cookie=0 reconnecting=0 rev1=1 crypto rx=0 tx=0 comp rx=0 tx=0).handle_read_frame_preamble_main read frame preamble failed r=-1
2026-02-13T09:37:02.328+0000 7f5c989ee640 10 --2- v2:127.0.0.1:7127/0 >> conn(0x19eb400 0x19b6680 crc :-1 s=AUTH_ACCEPTING_SIGN pgs=0 gs=0 cs=0 l=1 c_cookie=0 s_cookie=0 reconnecting=0 rev1=1 crypto rx=0 tx=0 comp rx=0 tx=0)._fault
2026-02-13T09:37:02.328+0000 7f5c989ee640 2 --2- v2:127.0.0.1:7127/0 >> conn(0x19eb400 0x19b6680 crc :-1 s=AUTH_ACCEPTING_SIGN pgs=0 gs=0 cs=0 l=1 c_cookie=0 s_cookie=0 reconnecting=0 rev1=1 crypto rx=0 tx=0 comp rx=0 tx=0)._fault on lossy channel, failing
2026-02-13T09:37:02.328+0000 7f5c989ee640 1 --2- v2:127.0.0.1:7127/0 >> conn(0x19eb400 0x19b6680 crc :-1 s=AUTH_ACCEPTING_SIGN pgs=0 gs=0 cs=0 l=1 c_cookie=0 s_cookie=0 reconnecting=0 rev1=1 crypto rx=0 tx=0 comp rx=0 tx=0).stop
2026-02-13T09:37:02.328+0000 7f5c989ee640 5 --2- v2:127.0.0.1:7127/0 >> conn(0x19eb400 0x19b6680 crc :-1 s=AUTH_ACCEPTING_SIGN pgs=0 gs=0 cs=0 l=1 c_cookie=0 s_cookie=0 reconnecting=0 rev1=1 crypto rx=0 tx=0 comp rx=0 tx=0).reset_recv_state
2026-02-13T09:37:02.328+0000 7f5c989ee640 5 --2- v2:127.0.0.1:7127/0 >> conn(0x19eb400 0x19b6680 crc :-1 s=AUTH_ACCEPTING_SIGN pgs=0 gs=0 cs=0 l=1 c_cookie=0 s_cookie=0 reconnecting=0 rev1=1 crypto rx=0 tx=0 comp rx=0 tx=0).reset_security
2026-02-13T09:37:02.328+0000 7f5c989ee640 5 --2- v2:127.0.0.1:7127/0 >> conn(0x19eb400 0x19b6680 unknown :-1 s=AUTH_ACCEPTING_SIGN pgs=0 gs=0 cs=0 l=1 c_cookie=0 s_cookie=0 reconnecting=0 rev1=1 crypto rx=0 tx=0 comp rx=0 tx=0).reset_compression
2026-02-13T09:37:02.328+0000 7f5c989ee640 10 --2- v2:127.0.0.1:7127/0 >> conn(0x19eb400 0x19b6680 unknown :-1 s=AUTH_ACCEPTING_SIGN pgs=0 gs=0 cs=0 l=1 c_cookie=0 s_cookie=0 reconnecting=0 rev1=1 crypto rx=0 tx=0 comp rx=0 tx=0).discard_out_queue started
2026-02-13T09:37:02.328+0000 7f5c989ee640 20 EpollDriver.del_event del event fd=29 cur_mask=1 delmask=3 to 21
2026-02-13T09:37:02.328+0000 7f5c9a1f1640 10 mon.a@0(leader) e1 ms_handle_reset 0x19eb400 -
2026-02-13T09:37:02.328+0000 7f5c9a1f1640 10 mon.a@0(leader) e1 reset/close on session unknown.0
2026-02-13T09:37:02.362+0000 7f5c9e1f9640 20 -- v2:127.0.0.1:7127/0 >> v2:127.0.0.1:7128/0 conn(0x19ea800 msgr2=0x19b4b00 crc :-1 s=STATE_CONNECTION_ESTABLISHED l=0).process
2026-02-13T09:37:02.362+0000 7f5c9e1f9640 20 -- v2:127.0.0.1:7127/0 >> v2:127.0.0.1:7128/0 conn(0x19ea800 msgr2=0x19b4b00 crc :-1 s=STATE_CONNECTION_ESTABLISHED l=0).read continue len=32
2026-02-13T09:37:02.362+0000 7f5c9e1f9640 20 --2- v2:127.0.0.1:7127/0 >> v2:127.0.0.1:7128/0 conn(0x19ea800 0x19b4b00 crc :-1 s=READY pgs=4 gs=4 cs=0 l=0 c_cookie=8938688379437965815 s_cookie=2416471792485608123 reconnecting=0 rev1=1 crypto rx=0 tx=0 comp rx=0 tx=0).handle_read_frame_preamble_main r=0
2026-02-13T09:37:02.362+0000 7f5c9e1f9640 20 --2- v2:127.0.0.1:7127/0 >> v2:127.0.0.1:7128/0 conn(0x19ea800 0x19b4b00 crc :-1 s=THROTTLE_MESSAGE pgs=4 gs=4 cs=0 l=0 c_cookie=8938688379437965815 s_cookie=2416471792485608123 reconnecting=0 rev1=1 crypto rx=0 tx=0 comp rx=0 tx=0).throttle_message
2026-02-13T09:37:02.362+0000 7f5c9e1f9640 20 --2- v2:127.0.0.1:7127/0 >> v2:127.0.0.1:7128/0 conn(0x19ea800 0x19b4b00 crc :-1 s=THROTTLE_BYTES pgs=4 gs=4 cs=0 l=0 c_cookie=8938688379437965815 s_cookie=2416471792485608123 reconnecting=0 rev1=1 crypto rx=0 tx=0 comp rx=0 tx=0).throttle_bytes
2026-02-13T09:37:02.362+0000 7f5c9e1f9640 20 --2- v2:127.0.0.1:7127/0 >> v2:127.0.0.1:7128/0 conn(0x19ea800 0x19b4b00 crc :-1 s=THROTTLE_DISPATCH_QUEUE pgs=4 gs=4 cs=0 l=0 c_cookie=8938688379437965815 s_cookie=2416471792485608123 reconnecting=0 rev1=1 crypto rx=0 tx=0 comp rx=0 tx=0).throttle_dispatch_queue
2026-02-13T09:37:02.362+0000 7f5c9e1f9640 20 --2- v2:127.0.0.1:7127/0 >> v2:127.0.0.1:7128/0 conn(0x19ea800 0x19b4b00 crc :-1 s=THROTTLE_DONE pgs=4 gs=4 cs=0 l=0 c_cookie=8938688379437965815 s_cookie=2416471792485608123 reconnecting=0 rev1=1 crypto rx=0 tx=0 comp rx=0 tx=0).read_frame_segment seg_idx=0
2026-02-13T09:37:02.362+0000 7f5c9e1f9640 20 -- v2:127.0.0.1:7127/0 >> v2:127.0.0.1:7128/0 conn(0x19ea800 msgr2=0x19b4b00 crc :-1 s=STATE_CONNECTION_ESTABLISHED l=0).read start len=45
2026-02-13T09:37:02.362+0000 7f5c9e1f9640 20 --2- v2:127.0.0.1:7127/0 >> v2:127.0.0.1:7128/0 conn(0x19ea800 0x19b4b00 crc :-1 s=THROTTLE_DONE pgs=4 gs=4 cs=0 l=0 c_cookie=8938688379437965815 s_cookie=2416471792485608123 reconnecting=0 rev1=1 crypto rx=0 tx=0 comp rx=0 tx=0).handle_read_frame_segment r=0
2026-02-13T09:37:02.362+0000 7f5c9e1f9640 20 --2- v2:127.0.0.1:7127/0 >> v2:127.0.0.1:7128/0 conn(0x19ea800 0x19b4b00 crc :-1 s=THROTTLE_DONE pgs=4 gs=4 cs=0 l=0 c_cookie=8938688379437965815 s_cookie=2416471792485608123 reconnecting=0 rev1=1 crypto rx=0 tx=0 comp rx=0 tx=0).read_frame_segment seg_idx=1
2026-02-13T09:37:02.362+0000 7f5c9e1f9640 20 -- v2:127.0.0.1:7127/0 >> v2:127.0.0.1:7128/0 conn(0x19ea800 msgr2=0x19b4b00 crc :-1 s=STATE_CONNECTION_ESTABLISHED l=0).read start len=462
2026-02-13T09:37:02.362+0000 7f5c9e1f9640 20 --2- v2:127.0.0.1:7127/0 >> v2:127.0.0.1:7128/0 conn(0x19ea800 0x19b4b00 crc :-1 s=THROTTLE_DONE pgs=4 gs=4 cs=0 l=0 c_cookie=8938688379437965815 s_cookie=2416471792485608123 reconnecting=0 rev1=1 crypto rx=0 tx=0 comp rx=0 tx=0).handle_read_frame_segment r=0
2026-02-13T09:37:02.362+0000 7f5c9e1f9640 20 -- v2:127.0.0.1:7127/0 >> v2:127.0.0.1:7128/0 conn(0x19ea800 msgr2=0x19b4b00 crc :-1 s=STATE_CONNECTION_ESTABLISHED l=0).read start len=13
2026-02-13T09:37:02.362+0000 7f5c9e1f9640 20 --2- v2:127.0.0.1:7127/0 >> v2:127.0.0.1:7128/0 conn(0x19ea800 0x19b4b00 crc :-1 s=THROTTLE_DONE pgs=4 gs=4 cs=0 l=0 c_cookie=8938688379437965815 s_cookie=2416471792485608123 reconnecting=0 rev1=1 crypto rx=0 tx=0 comp rx=0 tx=0).handle_read_frame_epilogue_main r=0
2026-02-13T09:37:02.362+0000 7f5c9e1f9640 10 --2- v2:127.0.0.1:7127/0 >> v2:127.0.0.1:7128/0 conn(0x19ea800 0x19b4b00 crc :-1 s=THROTTLE_DONE pgs=4 gs=4 cs=0 l=0 c_cookie=8938688379437965815 s_cookie=2416471792485608123 reconnecting=0 rev1=1 crypto rx=0 tx=0 comp rx=0 tx=0).handle_read_frame_dispatch tag=17
2026-02-13T09:37:02.362+0000 7f5c9e1f9640 20 --2- v2:127.0.0.1:7127/0 >> v2:127.0.0.1:7128/0 conn(0x19ea800 0x19b4b00 crc :-1 s=THROTTLE_DONE pgs=4 gs=4 cs=0 l=0 c_cookie=8938688379437965815 s_cookie=2416471792485608123 reconnecting=0 rev1=1 crypto rx=0 tx=0 comp rx=0 tx=0).handle_message
2026-02-13T09:37:02.362+0000 7f5c9e1f9640 5 --2- v2:127.0.0.1:7127/0 >> v2:127.0.0.1:7128/0 conn(0x19ea800 0x19b4b00 crc :-1 s=THROTTLE_DONE pgs=4 gs=4 cs=0 l=0 c_cookie=8938688379437965815 s_cookie=2416471792485608123 reconnecting=0 rev1=1 crypto rx=0 tx=0 comp rx=0 tx=0).handle_message got 462 + 0 + 0 byte message. envelope type=46 src mon.1 off 0
2026-02-13T09:37:02.362+0000 7f5c9e1f9640 5 --2- v2:127.0.0.1:7127/0 >> v2:127.0.0.1:7128/0 conn(0x19ea800 0x19b4b00 crc :-1 s=READ_MESSAGE_COMPLETE pgs=4 gs=4 cs=0 l=0 c_cookie=8938688379437965815 s_cookie=2416471792485608123 reconnecting=0 rev1=1 crypto rx=0 tx=0 comp rx=0 tx=0).handle_message received message m=0x2945d40 seq=52 from=mon.1 type=46 forward(log(1 entries from seq 5 at
2026-02-13T09:37:02.363584+0000) caps allow * tid 5 con_features 4544132024016699391)
2026-02-13T09:37:02.362+0000 7f5c9e1f9640 20 -- v2:127.0.0.1:7127/0 queue 0x2945d40 prio 196
2026-02-13T09:37:02.362+0000 7f5c9e1f9640 15 --2- v2:127.0.0.1:7127/0 >> v2:127.0.0.1:7128/0 conn(0x19ea800 0x19b4b00 crc :-1 s=READY pgs=4 gs=4 cs=0 l=0 c_cookie=8938688379437965815 s_cookie=2416471792485608123 reconnecting=0 rev1=1 crypto rx=0 tx=0 comp rx=0 tx=0).handle_message_ack seq=66
2026-02-13T09:37:02.362+0000 7f5c9e1f9640 20 --2- v2:127.0.0.1:7127/0 >> v2:127.0.0.1:7128/0 conn(0x19ea800 0x19b4b00 crc :-1 s=READY pgs=4 gs=4 cs=0 l=0 c_cookie=8938688379437965815 s_cookie=2416471792485608123 reconnecting=0 rev1=1 crypto rx=0 tx=0 comp rx=0 tx=0).read_frame
2026-02-13T09:37:02.362+0000 7f5c9e1f9640 20 -- v2:127.0.0.1:7127/0 >> v2:127.0.0.1:7128/0 conn(0x19ea800 msgr2=0x19b4b00 crc :-1 s=STATE_CONNECTION_ESTABLISHED l=0).read start len=32
2026-02-13T09:37:02.362+0000 7f5c9e1f9640 10 -- v2:127.0.0.1:7127/0 >> v2:127.0.0.1:7128/0 conn(0x19ea800 msgr2=0x19b4b00 crc :-1 s=STATE_CONNECTION_ESTABLISHED l=0).handle_write
2026-02-13T09:37:02.362+0000 7f5c9e1f9640 10 --2- v2:127.0.0.1:7127/0 >> v2:127.0.0.1:7128/0 conn(0x19ea800 0x19b4b00 crc :-1 s=READY pgs=4 gs=4 cs=0 l=0 c_cookie=8938688379437965815 s_cookie=2416471792485608123 reconnecting=0 rev1=1 crypto rx=0 tx=0 comp rx=0 tx=0).write_event
2026-02-13T09:37:02.362+0000 7f5c9a1f1640 1 -- v2:127.0.0.1:7127/0 <== mon.1 v2:127.0.0.1:7128/0 52 ==== forward(log(1 entries from seq 5 at
2026-02-13T09:37:02.363584+0000) caps allow * tid 5 con_features 4544132024016699391) ==== 462+0+0 (crc 0 0 0) 0x2945d40 con 0x19ea800
2026-02-13T09:37:02.362+0000 7f5c9e1f9640 10 --2- v2:127.0.0.1:7127/0 >> v2:127.0.0.1:7128/0 conn(0x19ea800 0x19b4b00 crc :-1 s=READY pgs=4 gs=4 cs=0 l=0 c_cookie=8938688379437965815 s_cookie=2416471792485608123 reconnecting=0 rev1=1 crypto rx=0 tx=0 comp rx=0 tx=0).write_event try send msg ack, acked 1 messages
2026-02-13T09:37:02.362+0000 7f5c9a1f1640 20 mon.a@0(leader) e1 _ms_dispatch existing session 0x28666c0 for mon.1
2026-02-13T09:37:02.362+0000 7f5c9a1f1640 20 mon.a@0(leader) e1 entity_name global_id 0 (none) caps allow *
2026-02-13T09:37:02.362+0000 7f5c9a1f1640 20 MonCap is_capable service=mon command= read addr v2:127.0.0.1:7128/0 on cap allow *
2026-02-13T09:37:02.362+0000 7f5c9a1f1640 20 MonCap allow so far , doing grant allow *
2026-02-13T09:37:02.362+0000 7f5c9a1f1640 20 MonCap allow all
2026-02-13T09:37:02.362+0000 7f5c9a1f1640 10 mon.a@0(leader) e1 received forwarded message from mon v2:127.0.0.1:7128/0 via mon.1 v2:127.0.0.1:7128/0
2026-02-13T09:37:02.362+0000 7f5c9a1f1640 20 MonCap is_capable service=mon command= exec addr v2:127.0.0.1:7128/0 on cap allow *
2026-02-13T09:37:02.362+0000 7f5c9a1f1640 20 MonCap allow so far , doing grant allow *
2026-02-13T09:37:02.362+0000 7f5c9a1f1640 20 MonCap allow all
2026-02-13T09:37:02.362+0000 7f5c9a1f1640 10 mon.a@0(leader) e1 caps are allow *
2026-02-13T09:37:02.362+0000 7f5c9a1f1640 10 mon.a@0(leader) e1 entity name 'mon.' type 1
2026-02-13T09:37:02.362+0000 7f5c9a1f1640 10 mon.a@0(leader) e1 mesg 0x290aa80 from v2:127.0.0.1:7128/0
2026-02-13T09:37:02.362+0000 7f5c9a1f1640 20 mon.a@0(leader) e1 _ms_dispatch existing session 0x2867b00 for mon.1
2026-02-13T09:37:02.362+0000 7f5c9a1f1640 20 mon.a@0(leader) e1 entity_name mon. global_id 0 (none) caps allow *
2026-02-13T09:37:02.362+0000 7f5c9e1f9640 10 -- v2:127.0.0.1:7127/0 >> v2:127.0.0.1:7128/0 conn(0x19ea800 msgr2=0x19b4b00 crc :-1 s=STATE_CONNECTION_ESTABLISHED l=0)._try_send sent bytes 44 remaining bytes 0
2026-02-13T09:37:02.362+0000 7f5c9a1f1640 10 mon.a@0(leader).paxosservice(logm 1..5) dispatch 0x290aa80 log(1 entries from seq 5 at
2026-02-13T09:37:02.363584+0000) from mon.1 v2:127.0.0.1:7128/0 con 0x290b180
2026-02-13T09:37:02.362+0000 7f5c9a1f1640 5 mon.a@0(leader).paxos(paxos active c 1..8) is_readable = 1 - now=2026-02-13T09:37:02.363817+0000 lease_expire=2026-02-13T09:37:07.225461+0000 has v0 lc 8
2026-02-13T09:37:02.362+0000 7f5c9a1f1640 10 mon.a@0(leader).log v5 preprocess_query log(1 entries from seq 5 at
2026-02-13T09:37:02.363584+0000) from mon.1 v2:127.0.0.1:7128/0
2026-02-13T09:37:02.362+0000 7f5c9a1f1640 10 mon.a@0(leader).log v5 preprocess_log log(1 entries from seq 5 at
2026-02-13T09:37:02.363584+0000) from mon.1
2026-02-13T09:37:02.362+0000 7f5c9a1f1640 20 MonCap is_capable service=log command= write addr - on cap allow *
2026-02-13T09:37:02.362+0000 7f5c9a1f1640 20 MonCap allow so far , doing grant allow *
2026-02-13T09:37:02.362+0000 7f5c9a1f1640 20 MonCap allow all
2026-02-13T09:37:02.362+0000 7f5c9a1f1640 10 mon.a@0(leader) e1 no_reply to mon.1 v2:127.0.0.1:7128/0 via v2:127.0.0.1:7128/0 for request log(1 entries from seq 5 at
2026-02-13T09:37:02.363584+0000)
2026-02-13T09:37:02.362+0000 7f5c9a1f1640 1 -- v2:127.0.0.1:7127/0 --> v2:127.0.0.1:7128/0 -- route(no-reply tid 5) -- 0x18c4c60 con 0x19ea800
2026-02-13T09:37:02.362+0000 7f5c9a1f1640 5 --2- v2:127.0.0.1:7127/0 >> v2:127.0.0.1:7128/0 conn(0x19ea800 0x19b4b00 crc :-1 s=READY pgs=4 gs=4 cs=0 l=0 c_cookie=8938688379437965815 s_cookie=2416471792485608123 reconnecting=0 rev1=1 crypto rx=0 tx=0 comp rx=0 tx=0).send_message enqueueing message m=0x18c4c60 type=47 route(no-reply tid 5)
2026-02-13T09:37:02.362+0000 7f5c9a1f1640 15 --2- v2:127.0.0.1:7127/0 >> v2:127.0.0.1:7128/0 conn(0x19ea800 0x19b4b00 crc :-1 s=READY pgs=4 gs=4 cs=0 l=0 c_cookie=8938688379437965815 s_cookie=2416471792485608123 reconnecting=0 rev1=1 crypto rx=0 tx=0 comp rx=0 tx=0).send_message message queued for async transmission m=0x18c4c60
2026-02-13T09:37:02.362+0000 7f5c9a1f1640 20 Event(0x189abc8 nevent=5000 time_id=5).wakeup
2026-02-13T09:37:02.362+0000 7f5c9a1f1640 10 mon.a@0(leader).log v5 prepare_update log(1 entries from seq 5 at
2026-02-13T09:37:02.363584+0000) from mon.1 v2:127.0.0.1:7128/0
2026-02-13T09:37:02.362+0000 7f5c9a1f1640 10 mon.a@0(leader).log v5 prepare_log log(1 entries from seq 5 at
2026-02-13T09:37:02.363584+0000) from mon.1
2026-02-13T09:37:02.362+0000 7f5c9a1f1640 10 mon.a@0(leader).log v5 logging
2026-02-13T09:37:02.363584+0000 mon.b (mon.1) 5 : audit [DBG] from='client.? 127.0.0.1:0/2516333897' entity='client.admin' cmd={"prefix": "mon feature ls", "format": "json"} : dispatch
2026-02-13T09:37:02.362+0000 7f5c9e1f9640 10 -- v2:127.0.0.1:7127/0 >> v2:127.0.0.1:7128/0 conn(0x19ea800 msgr2=0x19b4b00 crc :-1 s=STATE_CONNECTION_ESTABLISHED l=0).handle_write
2026-02-13T09:37:02.362+0000 7f5c9e1f9640 10 --2- v2:127.0.0.1:7127/0 >> v2:127.0.0.1:7128/0 conn(0x19ea800 0x19b4b00 crc :-1 s=READY pgs=4 gs=4 cs=0 l=0 c_cookie=8938688379437965815 s_cookie=2416471792485608123 reconnecting=0 rev1=1 crypto rx=0 tx=0 comp rx=0 tx=0).write_event
2026-02-13T09:37:02.362+0000 7f5c9a1f1640 10 mon.a@0(leader).paxosservice(logm 1..5) setting proposal_timer 0x290e5a0 with delay of 0.05
