2026-02-13T09:36:53.577+0000 7f5c9e1f9640 15 --2- v2:127.0.0.1:7127/0 >> v2:127.0.0.1:7128/0 conn(0x19ea800 0x19b4b00 crc :-1 s=READY pgs=4 gs=4 cs=0 l=0 c_cookie=8938688379437965815 s_cookie=2416471792485608123 reconnecting=0 rev1=1 crypto rx=0 tx=0 comp rx=0 tx=0).handle_message_ack seq=4
2026-02-13T09:36:53.577+0000 7f5c9e1f9640 10 --2- v2:127.0.0.1:7127/0 >> v2:127.0.0.1:7128/0 conn(0x19ea800 0x19b4b00 crc :-1 s=READY pgs=4 gs=4 cs=0 l=0 c_cookie=8938688379437965815 s_cookie=2416471792485608123 reconnecting=0 rev1=1 crypto rx=0 tx=0 comp rx=0 tx=0).handle_message_ack got ack seq 4 >= 4 on 0x2867b00 election(ecba677d-2ab7-4f4b-bd77-081ba1018187 victory rel 20 e2)
2026-02-13T09:36:53.577+0000 7f5c9e1f9640 20 --2- v2:127.0.0.1:7127/0 >> v2:127.0.0.1:7128/0 conn(0x19ea800 0x19b4b00 crc :-1 s=READY pgs=4 gs=4 cs=0 l=0 c_cookie=8938688379437965815 s_cookie=2416471792485608123 reconnecting=0 rev1=1 crypto rx=0 tx=0 comp rx=0 tx=0).read_frame
2026-02-13T09:36:53.577+0000 7f5c9e1f9640 20 -- v2:127.0.0.1:7127/0 >> v2:127.0.0.1:7128/0 conn(0x19ea800 msgr2=0x19b4b00 crc :-1 s=STATE_CONNECTION_ESTABLISHED l=0).read start len=32
2026-02-13T09:36:53.577+0000 7f5c9c9f6640 10 mon.a@0(leader).paxos(paxos recovering c 0..0) get_new_proposal_number = 100
2026-02-13T09:36:53.577+0000 7f5c9c9f6640 10 mon.a@0(leader).paxos(paxos recovering c 0..0) collect with pn 100
2026-02-13T09:36:53.577+0000 7f5c9c9f6640 1 -- v2:127.0.0.1:7127/0 send_to--> mon v2:127.0.0.1:7128/0 -- paxos(collect lc 0 fc 0 pn 100 opn 0) -- ?+0 0x287d200
2026-02-13T09:36:53.577+0000 7f5c9c9f6640 10 -- v2:127.0.0.1:7127/0 connect_to v2:127.0.0.1:7128/0 existing 0x19ea800
2026-02-13T09:36:53.577+0000 7f5c9c9f6640 1 -- v2:127.0.0.1:7127/0 --> v2:127.0.0.1:7128/0 -- paxos(collect lc 0 fc 0 pn 100 opn 0) -- 0x287d200 con 0x19ea800
2026-02-13T09:36:53.577+0000 7f5c9c9f6640 5 --2- v2:127.0.0.1:7127/0 >> v2:127.0.0.1:7128/0 conn(0x19ea800 0x19b4b00 crc :-1 s=READY pgs=4 gs=4 cs=0 l=0 c_cookie=8938688379437965815 s_cookie=2416471792485608123 reconnecting=0 rev1=1 crypto rx=0 tx=0 comp rx=0 tx=0).send_message enqueueing message m=0x287d200 type=66 paxos(collect lc 0 fc 0 pn 100 opn 0)
2026-02-13T09:36:53.577+0000 7f5c9c9f6640 15 --2- v2:127.0.0.1:7127/0 >> v2:127.0.0.1:7128/0 conn(0x19ea800 0x19b4b00 crc :-1 s=READY pgs=4 gs=4 cs=0 l=0 c_cookie=8938688379437965815 s_cookie=2416471792485608123 reconnecting=0 rev1=1 crypto rx=0 tx=0 comp rx=0 tx=0).send_message message queued for async transmission m=0x287d200
2026-02-13T09:36:53.577+0000 7f5c9c9f6640 20 Event(0x189abc8 nevent=5000 time_id=5).wakeup
2026-02-13T09:36:53.577+0000 7f5c9c9f6640 10 mon.a@0(leader).paxosservice(monmap 0..0) election_finished
2026-02-13T09:36:53.577+0000 7f5c9c9f6640 10 mon.a@0(leader).paxosservice(monmap 0..0) _active - not active
2026-02-13T09:36:53.577+0000 7f5c9c9f6640 10 mon.a@0(leader).paxosservice(mdsmap 0..0) election_finished
2026-02-13T09:36:53.577+0000 7f5c9c9f6640 10 mon.a@0(leader).paxosservice(mdsmap 0..0) _active - not active
2026-02-13T09:36:53.577+0000 7f5c9e1f9640 10 -- v2:127.0.0.1:7127/0 >> v2:127.0.0.1:7128/0 conn(0x19ea800 msgr2=0x19b4b00 crc :-1 s=STATE_CONNECTION_ESTABLISHED l=0).handle_write
2026-02-13T09:36:53.577+0000 7f5c9c9f6640 10 mon.a@0(leader).paxosservice(osdmap 0..0) election_finished
2026-02-13T09:36:53.577+0000 7f5c9e1f9640 10 --2- v2:127.0.0.1:7127/0 >> v2:127.0.0.1:7128/0 conn(0x19ea800 0x19b4b00 crc :-1 s=READY pgs=4 gs=4 cs=0 l=0 c_cookie=8938688379437965815 s_cookie=2416471792485608123 reconnecting=0 rev1=1 crypto rx=0 tx=0 comp rx=0 tx=0).write_event
2026-02-13T09:36:53.577+0000 7f5c9c9f6640 10 mon.a@0(leader).paxosservice(osdmap 0..0) _active - not active
2026-02-13T09:36:53.577+0000 7f5c9c9f6640 10 mon.a@0(leader).paxosservice(logm 0..0) election_finished
2026-02-13T09:36:53.577+0000 7f5c9e1f9640 20 --2- v2:127.0.0.1:7127/0 >> v2:127.0.0.1:7128/0 conn(0x19ea800 0x19b4b00 crc :-1 s=READY pgs=4 gs=4 cs=0 l=0 c_cookie=8938688379437965815 s_cookie=2416471792485608123 reconnecting=0 rev1=1 crypto rx=0 tx=0 comp rx=0 tx=0).prepare_send_message m=paxos(collect lc 0 fc 0 pn 100 opn 0)
2026-02-13T09:36:53.577+0000 7f5c9e1f9640 20 --2- v2:127.0.0.1:7127/0 >> v2:127.0.0.1:7128/0 conn(0x19ea800 0x19b4b00 crc :-1 s=READY pgs=4 gs=4 cs=0 l=0 c_cookie=8938688379437965815 s_cookie=2416471792485608123 reconnecting=0 rev1=1 crypto rx=0 tx=0 comp rx=0 tx=0).prepare_send_message encoding features 4544132024016699391 0x287d200 paxos(collect lc 0 fc 0 pn 100 opn 0)
2026-02-13T09:36:53.577+0000 7f5c9c9f6640 10 mon.a@0(leader).paxosservice(logm 0..0) dispatch 0x28b4000 log(1 entries from seq 1 at
2026-02-13T09:36:48.576577+0000) from mon.0 v2:127.0.0.1:7127/0 con 0x18e1c00
2026-02-13T09:36:53.577+0000 7f5c9c9f6640 5 mon.a@0(leader).paxos(paxos recovering c 0..0) is_readable = 0 - now=2026-02-13T09:36:53.578276+0000 lease_expire=1970-01-01T00:00:00.000000+0000 has v0 lc 0
2026-02-13T09:36:53.577+0000 7f5c9e1f9640 2 --2- v2:127.0.0.1:7127/0 >> v2:127.0.0.1:7128/0 conn(0x19ea800 0x19b4b00 crc :-1 s=READY pgs=4 gs=4 cs=0 l=0 c_cookie=8938688379437965815 s_cookie=2416471792485608123 reconnecting=0 rev1=1 crypto rx=0 tx=0 comp rx=0 tx=0).write_message sending message m=0x287d200 seq=5 paxos(collect lc 0 fc 0 pn 100 opn 0)
2026-02-13T09:36:53.577+0000 7f5c9c9f6640 10 mon.a@0(leader).paxosservice(logm 0..0) waiting for paxos -> readable (v0)
2026-02-13T09:36:53.577+0000 7f5c9e1f9640 20 --2- v2:127.0.0.1:7127/0 >> v2:127.0.0.1:7128/0 conn(0x19ea800 0x19b4b00 crc :-1 s=READY pgs=4 gs=4 cs=0 l=0 c_cookie=8938688379437965815 s_cookie=2416471792485608123 reconnecting=0 rev1=1 crypto rx=0 tx=0 comp rx=0 tx=0).write_message sending m=0x287d200 seq=5 src=mon.0 off=0
2026-02-13T09:36:53.578+0000 7f5c9c9f6640 10 mon.a@0(leader).paxosservice(logm 0..0) _active - not active
2026-02-13T09:36:53.578+0000 7f5c9c9f6640 10 mon.a@0(leader).paxosservice(auth 0..0) election_finished
2026-02-13T09:36:53.578+0000 7f5c9c9f6640 10 mon.a@0(leader).paxosservice(auth 0..0) _active - not active
2026-02-13T09:36:53.578+0000 7f5c9c9f6640 10 mon.a@0(leader).paxosservice(mgr 0..0) election_finished
2026-02-13T09:36:53.578+0000 7f5c9c9f6640 10 mon.a@0(leader).paxosservice(mgr 0..0) _active - not active
2026-02-13T09:36:53.578+0000 7f5c9c9f6640 10 mon.a@0(leader).paxosservice(mgrstat 0..0) election_finished
2026-02-13T09:36:53.578+0000 7f5c9c9f6640 10 mon.a@0(leader).paxosservice(mgrstat 0..0) _active - not active
2026-02-13T09:36:53.578+0000 7f5c9c9f6640 10 mon.a@0(leader).paxosservice(health 0..0) election_finished
2026-02-13T09:36:53.578+0000 7f5c9c9f6640 10 mon.a@0(leader).paxosservice(health 0..0) _active - not active
2026-02-13T09:36:53.578+0000 7f5c9c9f6640 10 mon.a@0(leader).paxosservice(config 0..0) election_finished
2026-02-13T09:36:53.578+0000 7f5c9c9f6640 10 mon.a@0(leader).paxosservice(config 0..0) _active - not active
2026-02-13T09:36:53.578+0000 7f5c9c9f6640 10 mon.a@0(leader).paxosservice(kv 0..0) election_finished
2026-02-13T09:36:53.578+0000 7f5c9c9f6640 10 mon.a@0(leader).paxosservice(kv 0..0) _active - not active
2026-02-13T09:36:53.578+0000 7f5c9c9f6640 10 mon.a@0(leader).paxosservice(nvmeofgw 0..0) election_finished
2026-02-13T09:36:53.578+0000 7f5c9c9f6640 10 mon.a@0(leader).paxosservice(nvmeofgw 0..0) _active - not active
2026-02-13T09:36:53.578+0000 7f5c9c9f6640 10 mon.a@0(leader).elector(2) process_pending_pings processing 1 pending pings
2026-02-13T09:36:53.578+0000 7f5c9c9f6640 20 mon.a@0(leader).elector(2) begin_peer_ping with 1
2026-02-13T09:36:53.578+0000 7f5c9c9f6640 10 mon.a@0(leader).elector(2) send_peer_ping to peer 1
2026-02-13T09:36:53.578+0000 7f5c9e1f9640 10 -- v2:127.0.0.1:7127/0 >> v2:127.0.0.1:7128/0 conn(0x19ea800 msgr2=0x19b4b00 crc :-1 s=STATE_CONNECTION_ESTABLISHED l=0)._try_send sent bytes 174 remaining bytes 0
2026-02-13T09:36:53.578+0000 7f5c9c9f6640 1 -- v2:127.0.0.1:7127/0 send_to--> mon v2:127.0.0.1:7128/0 -- mon_ping(ping stamp
2026-02-13T09:36:53.578329+0000) -- ?+0 0x1870900
2026-02-13T09:36:53.578+0000 7f5c9c9f6640 10 -- v2:127.0.0.1:7127/0 connect_to v2:127.0.0.1:7128/0 existing 0x19ea800
2026-02-13T09:36:53.578+0000 7f5c9e1f9640 10 --2- v2:127.0.0.1:7127/0 >> v2:127.0.0.1:7128/0 conn(0x19ea800 0x19b4b00 crc :-1 s=READY pgs=4 gs=4 cs=0 l=0 c_cookie=8938688379437965815 s_cookie=2416471792485608123 reconnecting=0 rev1=1 crypto rx=0 tx=0 comp rx=0 tx=0).write_message sending 0x287d200 done.
2026-02-13T09:36:53.578+0000 7f5c9c9f6640 1 -- v2:127.0.0.1:7127/0 --> v2:127.0.0.1:7128/0 -- mon_ping(ping stamp
2026-02-13T09:36:53.578329+0000) -- 0x1870900 con 0x19ea800
2026-02-13T09:36:53.578+0000 7f5c9c9f6640 5 --2- v2:127.0.0.1:7127/0 >> v2:127.0.0.1:7128/0 conn(0x19ea800 0x19b4b00 crc :-1 s=READY pgs=4 gs=4 cs=0 l=0 c_cookie=8938688379437965815 s_cookie=2416471792485608123 reconnecting=0 rev1=1 crypto rx=0 tx=0 comp rx=0 tx=0).send_message enqueueing message m=0x1870900 type=140 mon_ping(ping stamp
2026-02-13T09:36:53.578329+0000)
2026-02-13T09:36:53.578+0000 7f5c9c9f6640 15 --2- v2:127.0.0.1:7127/0 >> v2:127.0.0.1:7128/0 conn(0x19ea800 0x19b4b00 crc :-1 s=READY pgs=4 gs=4 cs=0 l=0 c_cookie=8938688379437965815 s_cookie=2416471792485608123 reconnecting=0 rev1=1 crypto rx=0 tx=0 comp rx=0 tx=0).send_message message queued for async transmission m=0x1870900
2026-02-13T09:36:53.578+0000 7f5c9c9f6640 20 mon.a@0(leader).elector(2) sent ping to peer: 1 at
2026-02-13T09:36:53.578329+0000
2026-02-13T09:36:53.578+0000 7f5c9c9f6640 5 mon.a@0(leader) e0 apply_quorum_to_compatset_features
2026-02-13T09:36:53.578+0000 7f5c9c9f6640 1 mon.a@0(leader) e0 _apply_compatset_features enabling new quorum features: compat={},rocompat={},incompat={4=support erasure code pools,5=new-style osdmap encoding,6=support isa/lrc erasure code,7=support shec erasure code}
2026-02-13T09:36:53.578+0000 7f5c9e1f9640 20 --2- v2:127.0.0.1:7127/0 >> v2:127.0.0.1:7128/0 conn(0x19ea800 0x19b4b00 crc :-1 s=READY pgs=4 gs=4 cs=0 l=0 c_cookie=8938688379437965815 s_cookie=2416471792485608123 reconnecting=0 rev1=1 crypto rx=0 tx=0 comp rx=0 tx=0).prepare_send_message m=mon_ping(ping stamp
2026-02-13T09:36:53.578329+0000)
2026-02-13T09:36:53.578+0000 7f5c9e1f9640 20 --2- v2:127.0.0.1:7127/0 >> v2:127.0.0.1:7128/0 conn(0x19ea800 0x19b4b00 crc :-1 s=READY pgs=4 gs=4 cs=0 l=0 c_cookie=8938688379437965815 s_cookie=2416471792485608123 reconnecting=0 rev1=1 crypto rx=0 tx=0 comp rx=0 tx=0).prepare_send_message encoding features 4544132024016699391 0x1870900 mon_ping(ping stamp
2026-02-13T09:36:53.578329+0000)
2026-02-13T09:36:53.578+0000 7f5c9e1f9640 2 --2- v2:127.0.0.1:7127/0 >> v2:127.0.0.1:7128/0 conn(0x19ea800 0x19b4b00 crc :-1 s=READY pgs=4 gs=4 cs=0 l=0 c_cookie=8938688379437965815 s_cookie=2416471792485608123 reconnecting=0 rev1=1 crypto rx=0 tx=0 comp rx=0 tx=0).write_message sending message m=0x1870900 seq=6 mon_ping(ping stamp
2026-02-13T09:36:53.578329+0000)
2026-02-13T09:36:53.578+0000 7f5c9e1f9640 20 --2- v2:127.0.0.1:7127/0 >> v2:127.0.0.1:7128/0 conn(0x19ea800 0x19b4b00 crc :-1 s=READY pgs=4 gs=4 cs=0 l=0 c_cookie=8938688379437965815 s_cookie=2416471792485608123 reconnecting=0 rev1=1 crypto rx=0 tx=0 comp rx=0 tx=0).write_message sending m=0x1870900 seq=6 src=mon.0 off=0
2026-02-13T09:36:53.578+0000 7f5c9e1f9640 10 -- v2:127.0.0.1:7127/0 >> v2:127.0.0.1:7128/0 conn(0x19ea800 msgr2=0x19b4b00 crc :-1 s=STATE_CONNECTION_ESTABLISHED l=0)._try_send sent bytes 226 remaining bytes 0
2026-02-13T09:36:53.578+0000 7f5c9e1f9640 10 --2- v2:127.0.0.1:7127/0 >> v2:127.0.0.1:7128/0 conn(0x19ea800 0x19b4b00 crc :-1 s=READY pgs=4 gs=4 cs=0 l=0 c_cookie=8938688379437965815 s_cookie=2416471792485608123 reconnecting=0 rev1=1 crypto rx=0 tx=0 comp rx=0 tx=0).write_message sending 0x1870900 done.
2026-02-13T09:36:53.578+0000 7f5c9c9f6640 10 mon.a@0(leader) e0 calc_quorum_requirements required_features 549755813888
2026-02-13T09:36:53.578+0000 7f5c9c9f6640 5 mon.a@0(leader) e0 apply_monmap_to_compatset_features
2026-02-13T09:36:53.578+0000 7f5c9c9f6640 10 mon.a@0(leader) e0 timecheck_finish
2026-02-13T09:36:53.578+0000 7f5c9c9f6640 10 mon.a@0(leader) e0 resend_routed_requests
2026-02-13T09:36:53.578+0000 7f5c9c9f6640 10 mon.a@0(leader) e0 register_cluster_logger
2026-02-13T09:36:53.578+0000 7f5c9c9f6640 10 mon.a@0(leader).auth v0 _set_mon_num_rank num 3 rank 0
2026-02-13T09:36:53.578+0000 7f5c9c9f6640 20 mon.a@0(leader) e0 do_stretch_mode_election_work
2026-02-13T09:36:53.578+0000 7f5c9a1f1640 20 mon.a@0(leader) e0 _ms_dispatch existing session 0x2867680 for mon.0
2026-02-13T09:36:53.578+0000 7f5c9a1f1640 20 mon.a@0(leader) e0 entity_name global_id 0 (none) caps allow *
2026-02-13T09:36:53.578+0000 7f5c9a1f1640 10 mon.a@0(leader).paxosservice(logm 0..0) dispatch 0x28b41c0 log(1 entries from seq 2 at
2026-02-13T09:36:53.577888+0000) from mon.0 v2:127.0.0.1:7127/0 con 0x18e1c00
2026-02-13T09:36:53.578+0000 7f5c9a1f1640 5 mon.a@0(leader).paxos(paxos recovering c 0..0) is_readable = 0 - now=2026-02-13T09:36:53.578507+0000 lease_expire=1970-01-01T00:00:00.000000+0000 has v0 lc 0
2026-02-13T09:36:53.578+0000 7f5c9a1f1640 10 mon.a@0(leader).paxosservice(logm 0..0) waiting for paxos -> readable (v0)
2026-02-13T09:36:53.578+0000 7f5c9a1f1640 20 -- v2:127.0.0.1:7127/0 done calling dispatch on 0x28b41c0
2026-02-13T09:36:53.578+0000 7f5c9e1f9640 20 -- v2:127.0.0.1:7127/0 >> v2:127.0.0.1:7128/0 conn(0x19ea800 msgr2=0x19b4b00 crc :-1 s=STATE_CONNECTION_ESTABLISHED l=0).process
2026-02-13T09:36:53.578+0000 7f5c9e1f9640 20 -- v2:127.0.0.1:7127/0 >> v2:127.0.0.1:7128/0 conn(0x19ea800 msgr2=0x19b4b00 crc :-1 s=STATE_CONNECTION_ESTABLISHED l=0).read continue len=32
2026-02-13T09:36:53.578+0000 7f5c9e1f9640 20 --2- v2:127.0.0.1:7127/0 >> v2:127.0.0.1:7128/0 conn(0x19ea800 0x19b4b00 crc :-1 s=READY pgs=4 gs=4 cs=0 l=0 c_cookie=8938688379437965815 s_cookie=2416471792485608123 reconnecting=0 rev1=1 crypto rx=0 tx=0 comp rx=0 tx=0).handle_read_frame_preamble_main r=0
2026-02-13T09:36:53.578+0000 7f5c9e1f9640 20 --2- v2:127.0.0.1:7127/0 >> v2:127.0.0.1:7128/0 conn(0x19ea800 0x19b4b00 crc :-1 s=THROTTLE_MESSAGE pgs=4 gs=4 cs=0 l=0 c_cookie=8938688379437965815 s_cookie=2416471792485608123 reconnecting=0 rev1=1 crypto rx=0 tx=0 comp rx=0 tx=0).throttle_message
2026-02-13T09:36:53.578+0000 7f5c9e1f9640 20 --2- v2:127.0.0.1:7127/0 >> v2:127.0.0.1:7128/0 conn(0x19ea800 0x19b4b00 crc :-1 s=THROTTLE_BYTES pgs=4 gs=4 cs=0 l=0 c_cookie=8938688379437965815 s_cookie=2416471792485608123 reconnecting=0 rev1=1 crypto rx=0 tx=0 comp rx=0 tx=0).throttle_bytes
2026-02-13T09:36:53.578+0000 7f5c9e1f9640 20 --2- v2:127.0.0.1:7127/0 >> v2:127.0.0.1:7128/0 conn(0x19ea800 0x19b4b00 crc :-1 s=THROTTLE_DISPATCH_QUEUE pgs=4 gs=4 cs=0 l=0 c_cookie=8938688379437965815 s_cookie=2416471792485608123 reconnecting=0 rev1=1 crypto rx=0 tx=0 comp rx=0 tx=0).throttle_dispatch_queue
2026-02-13T09:36:53.578+0000 7f5c9e1f9640 20 --2- v2:127.0.0.1:7127/0 >> v2:127.0.0.1:7128/0 conn(0x19ea800 0x19b4b00 crc :-1 s=THROTTLE_DONE pgs=4 gs=4 cs=0 l=0 c_cookie=8938688379437965815 s_cookie=2416471792485608123 reconnecting=0 rev1=1 crypto rx=0 tx=0 comp rx=0 tx=0).read_frame_segment seg_idx=0
2026-02-13T09:36:53.578+0000 7f5c9e1f9640 20 -- v2:127.0.0.1:7127/0 >> v2:127.0.0.1:7128/0 conn(0x19ea800 msgr2=0x19b4b00 crc :-1 s=STATE_CONNECTION_ESTABLISHED l=0).read start len=45
2026-02-13T09:36:53.578+0000 7f5c9e1f9640 20 --2- v2:127.0.0.1:7127/0 >> v2:127.0.0.1:7128/0 conn(0x19ea800 0x19b4b00 crc :-1 s=THROTTLE_DONE pgs=4 gs=4 cs=0 l=0 c_cookie=8938688379437965815 s_cookie=2416471792485608123 reconnecting=0 rev1=1 crypto rx=0 tx=0 comp rx=0 tx=0).handle_read_frame_segment r=0
2026-02-13T09:36:53.578+0000 7f5c9e1f9640 20 --2- v2:127.0.0.1:7127/0 >> v2:127.0.0.1:7128/0 conn(0x19ea800 0x19b4b00 crc :-1 s=THROTTLE_DONE pgs=4 gs=4 cs=0 l=0 c_cookie=8938688379437965815 s_cookie=2416471792485608123 reconnecting=0 rev1=1 crypto rx=0 tx=0 comp rx=0 tx=0).read_frame_segment seg_idx=1
2026-02-13T09:36:53.578+0000 7f5c9e1f9640 20 -- v2:127.0.0.1:7127/0 >> v2:127.0.0.1:7128/0 conn(0x19ea800 msgr2=0x19b4b00 crc :-1 s=STATE_CONNECTION_ESTABLISHED l=0).read start len=136
2026-02-13T09:36:53.578+0000 7f5c9e1f9640 20 --2- v2:127.0.0.1:7127/0 >> v2:127.0.0.1:7128/0 conn(0x19ea800 0x19b4b00 crc :-1 s=THROTTLE_DONE pgs=4 gs=4 cs=0 l=0 c_cookie=8938688379437965815 s_cookie=2416471792485608123 reconnecting=0 rev1=1 crypto rx=0 tx=0 comp rx=0 tx=0).handle_read_frame_segment r=0
2026-02-13T09:36:53.578+0000 7f5c9e1f9640 20 -- v2:127.0.0.1:7127/0 >> v2:127.0.0.1:7128/0 conn(0x19ea800 msgr2=0x19b4b00 crc :-1 s=STATE_CONNECTION_ESTABLISHED l=0).read start len=13
2026-02-13T09:36:53.578+0000 7f5c9e1f9640 20 --2- v2:127.0.0.1:7127/0 >> v2:127.0.0.1:7128/0 conn(0x19ea800 0x19b4b00 crc :-1 s=THROTTLE_DONE pgs=4 gs=4 cs=0 l=0 c_cookie=8938688379437965815 s_cookie=2416471792485608123 reconnecting=0 rev1=1 crypto rx=0 tx=0 comp rx=0 tx=0).handle_read_frame_epilogue_main r=0
2026-02-13T09:36:53.578+0000 7f5c9e1f9640 10 --2- v2:127.0.0.1:7127/0 >> v2:127.0.0.1:7128/0 conn(0x19ea800 0x19b4b00 crc :-1 s=THROTTLE_DONE pgs=4 gs=4 cs=0 l=0 c_cookie=8938688379437965815 s_cookie=2416471792485608123 reconnecting=0 rev1=1 crypto rx=0 tx=0 comp rx=0 tx=0).handle_read_frame_dispatch tag=17
2026-02-13T09:36:53.578+0000 7f5c9e1f9640 20 --2- v2:127.0.0.1:7127/0 >> v2:127.0.0.1:7128/0 conn(0x19ea800 0x19b4b00 crc :-1 s=THROTTLE_DONE pgs=4 gs=4 cs=0 l=0 c_cookie=8938688379437965815 s_cookie=2416471792485608123 reconnecting=0 rev1=1 crypto rx=0 tx=0 comp rx=0 tx=0).handle_message
2026-02-13T09:36:53.578+0000 7f5c9e1f9640 5 --2- v2:127.0.0.1:7127/0 >> v2:127.0.0.1:7128/0 conn(0x19ea800 0x19b4b00 crc :-1 s=THROTTLE_DONE pgs=4 gs=4 cs=0 l=0 c_cookie=8938688379437965815 s_cookie=2416471792485608123 reconnecting=0 rev1=1 crypto rx=0 tx=0 comp rx=0 tx=0).handle_message got 136 + 0 + 0 byte message. envelope type=140 src mon.1 off 0
2026-02-13T09:36:53.578+0000 7f5c9e1f9640 5 --2- v2:127.0.0.1:7127/0 >> v2:127.0.0.1:7128/0 conn(0x19ea800 0x19b4b00 crc :-1 s=READ_MESSAGE_COMPLETE pgs=4 gs=4 cs=0 l=0 c_cookie=8938688379437965815 s_cookie=2416471792485608123 reconnecting=0 rev1=1 crypto rx=0 tx=0 comp rx=0 tx=0).handle_message received message m=0x1870a80 seq=5 from=mon.1 type=140 mon_ping(ping stamp
2026-02-13T09:36:53.578462+0000)
2026-02-13T09:36:53.578+0000 7f5c9e1f9640 20 -- v2:127.0.0.1:7127/0 queue 0x1870a80 prio 196
2026-02-13T09:36:53.578+0000 7f5c9e1f9640 15 --2- v2:127.0.0.1:7127/0 >> v2:127.0.0.1:7128/0 conn(0x19ea800 0x19b4b00 crc :-1 s=READY pgs=4 gs=4 cs=0 l=0 c_cookie=8938688379437965815 s_cookie=2416471792485608123 reconnecting=0 rev1=1 crypto rx=0 tx=0 comp rx=0 tx=0).handle_message_ack seq=6
2026-02-13T09:36:53.578+0000 7f5c9e1f9640 10 --2- v2:127.0.0.1:7127/0 >> v2:127.0.0.1:7128/0 conn(0x19ea800 0x19b4b00 crc :-1 s=READY pgs=4 gs=4 cs=0 l=0 c_cookie=8938688379437965815 s_cookie=2416471792485608123 reconnecting=0 rev1=1 crypto rx=0 tx=0 comp rx=0 tx=0).handle_message_ack got ack seq 6 >= 5 on 0x287d200 paxos(collect lc 0 fc 0 pn 100 opn 0)
2026-02-13T09:36:53.578+0000 7f5c9a1f1640 1 -- v2:127.0.0.1:7127/0 <== mon.1 v2:127.0.0.1:7128/0 5 ==== mon_ping(ping stamp
2026-02-13T09:36:53.578462+0000) ==== 136+0+0 (crc 0 0 0) 0x1870a80 con 0x19ea800
2026-02-13T09:36:53.578+0000 7f5c9a1f1640 20 mon.a@0(leader) e0 _ms_dispatch existing session 0x28666c0 for mon.1
2026-02-13T09:36:53.578+0000 7f5c9e1f9640 10 --2- v2:127.0.0.1:7127/0 >> v2:127.0.0.1:7128/0 conn(0x19ea800 0x19b4b00 crc :-1 s=READY pgs=4 gs=4 cs=0 l=0 c_cookie=8938688379437965815 s_cookie=2416471792485608123 reconnecting=0 rev1=1 crypto rx=0 tx=0 comp rx=0 tx=0).handle_message_ack got ack seq 6 >= 6 on 0x1870900 mon_ping(ping stamp
2026-02-13T09:36:53.578329+0000)
2026-02-13T09:36:53.578+0000 7f5c9a1f1640 20 mon.a@0(leader) e0 entity_name global_id 0 (none) caps allow *
2026-02-13T09:36:53.578+0000 7f5c9a1f1640 20 MonCap is_capable service=mon command= read addr v2:127.0.0.1:7128/0 on cap allow *
2026-02-13T09:36:53.578+0000 7f5c9e1f9640 20 --2- v2:127.0.0.1:7127/0 >> v2:127.0.0.1:7128/0 conn(0x19ea800 0x19b4b00 crc :-1 s=READY pgs=4 gs=4 cs=0 l=0 c_cookie=8938688379437965815 s_cookie=2416471792485608123 reconnecting=0 rev1=1 crypto rx=0 tx=0 comp rx=0 tx=0).read_frame
2026-02-13T09:36:53.578+0000 7f5c9e1f9640 20 -- v2:127.0.0.1:7127/0 >> v2:127.0.0.1:7128/0 conn(0x19ea800 msgr2=0x19b4b00 crc :-1 s=STATE_CONNECTION_ESTABLISHED l=0).read start len=32
2026-02-13T09:36:53.578+0000 7f5c9a1f1640 20 MonCap allow so far , doing grant allow *
2026-02-13T09:36:53.578+0000 7f5c9a1f1640 20 MonCap allow all
2026-02-13T09:36:53.578+0000 7f5c9e1f9640 10 -- v2:127.0.0.1:7127/0 >> v2:127.0.0.1:7128/0 conn(0x19ea800 msgr2=0x19b4b00 crc :-1 s=STATE_CONNECTION_ESTABLISHED l=0).handle_write
2026-02-13T09:36:53.578+0000 7f5c9e1f9640 10 --2- v2:127.0.0.1:7127/0 >> v2:127.0.0.1:7128/0 conn(0x19ea800 0x19b4b00 crc :-1 s=READY pgs=4 gs=4 cs=0 l=0 c_cookie=8938688379437965815 s_cookie=2416471792485608123 reconnecting=0 rev1=1 crypto rx=0 tx=0 comp rx=0 tx=0).write_event
2026-02-13T09:36:53.578+0000 7f5c9e1f9640 10 --2- v2:127.0.0.1:7127/0 >> v2:127.0.0.1:7128/0 conn(0x19ea800 0x19b4b00 crc :-1 s=READY pgs=4 gs=4 cs=0 l=0 c_cookie=8938688379437965815 s_cookie=2416471792485608123 reconnecting=0 rev1=1 crypto rx=0 tx=0 comp rx=0 tx=0).write_event try send msg ack, acked 1 messages
2026-02-13T09:36:53.578+0000 7f5c9a1f1640 20 mon.a@0(leader).elector(2) handle_ping from: 1
2026-02-13T09:36:53.578+0000 7f5c9a1f1640 20 mon.a@0(leader).elector(2) begin_peer_ping with 1
2026-02-13T09:36:53.578+0000 7f5c9a1f1640 20 mon.a@0(leader).elector(2) 1 is already being pinged ... return
2026-02-13T09:36:53.578+0000 7f5c9a1f1640 10 mon.a@0(leader).elector(2) assimilate_connection_reports
2026-02-13T09:36:53.578+0000 7f5c9e1f9640 10 -- v2:127.0.0.1:7127/0 >> v2:127.0.0.1:7128/0 conn(0x19ea800 msgr2=0x19b4b00 crc :-1 s=STATE_CONNECTION_ESTABLISHED l=0)._try_send sent bytes 44 remaining bytes 0
2026-02-13T09:36:53.578+0000 7f5c9a1f1640 1 -- v2:127.0.0.1:7127/0 --> v2:127.0.0.1:7128/0 -- mon_ping(ping_reply stamp
2026-02-13T09:36:53.578462+0000) -- 0x1870780 con 0x19ea800
2026-02-13T09:36:53.578+0000 7f5c9a1f1640 5 --2- v2:127.0.0.1:7127/0 >> v2:127.0.0.1:7128/0 conn(0x19ea800 0x19b4b00 crc :-1 s=READY pgs=4 gs=4 cs=0 l=0 c_cookie=8938688379437965815 s_cookie=2416471792485608123 reconnecting=0 rev1=1 crypto rx=0 tx=0 comp rx=0 tx=0).send_message enqueueing message m=0x1870780 type=140 mon_ping(ping_reply stamp
2026-02-13T09:36:53.578462+0000)
2026-02-13T09:36:53.578+0000 7f5c9a1f1640 15 --2- v2:127.0.0.1:7127/0 >> v2:127.0.0.1:7128/0 conn(0x19ea800 0x19b4b00 crc :-1 s=READY pgs=4 gs=4 cs=0 l=0 c_cookie=8938688379437965815 s_cookie=2416471792485608123 reconnecting=0 rev1=1 crypto rx=0 tx=0 comp rx=0 tx=0).send_message message queued for async transmission m=0x1870780
2026-02-13T09:36:53.578+0000 7f5c9a1f1640 20 Event(0x189abc8 nevent=5000 time_id=5).wakeup
2026-02-13T09:36:53.578+0000 7f5c9a1f1640 10 -- v2:127.0.0.1:7127/0 dispatch_throttle_release 136 to dispatch throttler 136/104857600
2026-02-13T09:36:53.578+0000 7f5c9a1f1640 20 -- v2:127.0.0.1:7127/0 done calling dispatch on 0x1870a80
2026-02-13T09:36:53.578+0000 7f5c9e1f9640 10 -- v2:127.0.0.1:7127/0 >> v2:127.0.0.1:7128/0 conn(0x19ea800 msgr2=0x19b4b00 crc :-1 s=STATE_CONNECTION_ESTABLISHED l=0).handle_write
2026-02-13T09:36:53.578+0000 7f5c9e1f9640 10 --2- v2:127.0.0.1:7127/0 >> v2:127.0.0.1:7128/0 conn(0x19ea800 0x19b4b00 crc :-1 s=READY pgs=4 gs=4 cs=0 l=0 c_cookie=8938688379437965815 s_cookie=2416471792485608123 reconnecting=0 rev1=1 crypto rx=0 tx=0 comp rx=0 tx=0).write_event
2026-02-13T09:36:53.578+0000 7f5c9e1f9640 20 --2- v2:127.0.0.1:7127/0 >> v2:127.0.0.1:7128/0 conn(0x19ea800 0x19b4b00 crc :-1 s=READY pgs=4 gs=4 cs=0 l=0 c_cookie=8938688379437965815 s_cookie=2416471792485608123 reconnecting=0 rev1=1 crypto rx=0 tx=0 comp rx=0 tx=0).prepare_send_message m=mon_ping(ping_reply stamp
2026-02-13T09:36:53.578462+0000)
2026-02-13T09:36:53.578+0000 7f5c9e1f9640 20 --2- v2:127.0.0.1:7127/0 >> v2:127.0.0.1:7128/0 conn(0x19ea800 0x19b4b00 crc :-1 s=READY pgs=4 gs=4 cs=0 l=0 c_cookie=8938688379437965815 s_cookie=2416471792485608123 reconnecting=0 rev1=1 crypto rx=0 tx=0 comp rx=0 tx=0).prepare_send_message encoding features 4544132024016699391 0x1870780 mon_ping(ping_reply stamp
2026-02-13T09:36:53.578462+0000)
2026-02-13T09:36:53.578+0000 7f5c9e1f9640 2 --2- v2:127.0.0.1:7127/0 >> v2:127.0.0.1:7128/0 conn(0x19ea800 0x19b4b00 crc :-1 s=READY pgs=4 gs=4 cs=0 l=0 c_cookie=8938688379437965815 s_cookie=2416471792485608123 reconnecting=0 rev1=1 crypto rx=0 tx=0 comp rx=0 tx=0).write_message sending message m=0x1870780 seq=7 mon_ping(ping_reply stamp
2026-02-13T09:36:53.578462+0000)
2026-02-13T09:36:53.578+0000 7f5c9e1f9640 20 --2- v2:127.0.0.1:7127/0 >> v2:127.0.0.1:7128/0 conn(0x19ea800 0x19b4b00 crc :-1 s=READY pgs=4 gs=4 cs=0 l=0 c_cookie=8938688379437965815 s_cookie=2416471792485608123 reconnecting=0 rev1=1 crypto rx=0 tx=0 comp rx=0 tx=0).write_message sending m=0x1870780 seq=7 src=mon.0 off=0
2026-02-13T09:36:53.578+0000 7f5c9e1f9640 10 -- v2:127.0.0.1:7127/0 >> v2:127.0.0.1:7128/0 conn(0x19ea800 msgr2=0x19b4b00 crc :-1 s=STATE_CONNECTION_ESTABLISHED l=0)._try_send sent bytes 243 remaining bytes 0
2026-02-13T09:36:53.578+0000 7f5c9e1f9640 10 --2- v2:127.0.0.1:7127/0 >> v2:127.0.0.1:7128/0 conn(0x19ea800 0x19b4b00 crc :-1 s=READY pgs=4 gs=4 cs=0 l=0 c_cookie=8938688379437965815 s_cookie=2416471792485608123 reconnecting=0 rev1=1 crypto rx=0 tx=0 comp rx=0 tx=0).write_message sending 0x1870780 done.
2026-02-13T09:36:53.578+0000 7f5c9e1f9640 20 -- v2:127.0.0.1:7127/0 >> v2:127.0.0.1:7128/0 conn(0x19ea800 msgr2=0x19b4b00 crc :-1 s=STATE_CONNECTION_ESTABLISHED l=0).process
2026-02-13T09:36:53.578+0000 7f5c9e1f9640 20 -- v2:127.0.0.1:7127/0 >> v2:127.0.0.1:7128/0 conn(0x19ea800 msgr2=0x19b4b00 crc :-1 s=STATE_CONNECTION_ESTABLISHED l=0).read continue len=32
2026-02-13T09:36:53.578+0000 7f5c9e1f9640 20 --2- v2:127.0.0.1:7127/0 >> v2:127.0.0.1:7128/0 conn(0x19ea800 0x19b4b00 crc :-1 s=READY pgs=4 gs=4 cs=0 l=0 c_cookie=8938688379437965815 s_cookie=2416471792485608123 reconnecting=0 rev1=1 crypto rx=0 tx=0 comp rx=0 tx=0).handle_read_frame_preamble_main r=0
2026-02-13T09:36:53.578+0000 7f5c9e1f9640 20 --2- v2:127.0.0.1:7127/0 >> v2:127.0.0.1:7128/0 conn(0x19ea800 0x19b4b00 crc :-1 s=READY pgs=4 gs=4 cs=0 l=0 c_cookie=8938688379437965815 s_cookie=2416471792485608123 reconnecting=0 rev1=1 crypto rx=0 tx=0 comp rx=0 tx=0).read_frame_segment seg_idx=0
2026-02-13T09:36:53.578+0000 7f5c9e1f9640 20 -- v2:127.0.0.1:7127/0 >> v2:127.0.0.1:7128/0 conn(0x19ea800 msgr2=0x19b4b00 crc :-1 s=STATE_CONNECTION_ESTABLISHED l=0).read start len=12
2026-02-13T09:36:53.578+0000 7f5c9e1f9640 20 --2- v2:127.0.0.1:7127/0 >> v2:127.0.0.1:7128/0 conn(0x19ea800 0x19b4b00 crc :-1 s=READY pgs=4 gs=4 cs=0 l=0 c_cookie=8938688379437965815 s_cookie=2416471792485608123 reconnecting=0 rev1=1 crypto rx=0 tx=0 comp rx=0 tx=0).handle_read_frame_segment r=0
2026-02-13T09:36:53.578+0000 7f5c9e1f9640 10 --2- v2:127.0.0.1:7127/0 >> v2:127.0.0.1:7128/0 conn(0x19ea800 0x19b4b00 crc :-1 s=READY pgs=4 gs=4 cs=0 l=0 c_cookie=8938688379437965815 s_cookie=2416471792485608123 reconnecting=0 rev1=1 crypto rx=0 tx=0 comp rx=0 tx=0).handle_read_frame_dispatch tag=20
2026-02-13T09:36:53.578+0000 7f5c9e1f9640 20 --2- v2:127.0.0.1:7127/0 >> v2:127.0.0.1:7128/0 conn(0x19ea800 0x19b4b00 crc :-1 s=READY pgs=4 gs=4 cs=0 l=0 c_cookie=8938688379437965815 s_cookie=2416471792485608123 reconnecting=0 rev1=1 crypto rx=0 tx=0 comp rx=0 tx=0).handle_message_ack payload.length()=8
2026-02-13T09:36:53.578+0000 7f5c9e1f9640 15 --2- v2:127.0.0.1:7127/0 >> v2:127.0.0.1:7128/0 conn(0x19ea800 0x19b4b00 crc :-1 s=READY pgs=4 gs=4 cs=0 l=0 c_cookie=8938688379437965815 s_cookie=2416471792485608123 reconnecting=0 rev1=1 crypto rx=0 tx=0 comp rx=0 tx=0).handle_message_ack seq=7
2026-02-13T09:36:53.578+0000 7f5c9e1f9640 10 --2- v2:127.0.0.1:7127/0 >> v2:127.0.0.1:7128/0 conn(0x19ea800 0x19b4b00 crc :-1 s=READY pgs=4 gs=4 cs=0 l=0 c_cookie=8938688379437965815 s_cookie=2416471792485608123 reconnecting=0 rev1=1 crypto rx=0 tx=0 comp rx=0 tx=0).handle_message_ack got ack seq 7 >= 7 on 0x1870780 mon_ping(ping_reply stamp
2026-02-13T09:36:53.578462+0000)
2026-02-13T09:36:53.578+0000 7f5c9e1f9640 20 --2- v2:127.0.0.1:7127/0 >> v2:127.0.0.1:7128/0 conn(0x19ea800 0x19b4b00 crc :-1 s=READY pgs=4 gs=4 cs=0 l=0 c_cookie=8938688379437965815 s_cookie=2416471792485608123 reconnecting=0 rev1=1 crypto rx=0 tx=0 comp rx=0 tx=0).read_frame
2026-02-13T09:36:53.578+0000 7f5c9e1f9640 20 -- v2:127.0.0.1:7127/0 >> v2:127.0.0.1:7128/0 conn(0x19ea800 msgr2=0x19b4b00 crc :-1 s=STATE_CONNECTION_ESTABLISHED l=0).read start len=32
2026-02-13T09:36:53.578+0000 7f5c9e1f9640 20 -- v2:127.0.0.1:7127/0 >> v2:127.0.0.1:7128/0 conn(0x19ea800 msgr2=0x19b4b00 crc :-1 s=STATE_CONNECTION_ESTABLISHED l=0).process
2026-02-13T09:36:53.578+0000 7f5c9e1f9640 20 -- v2:127.0.0.1:7127/0 >> v2:127.0.0.1:7128/0 conn(0x19ea800 msgr2=0x19b4b00 crc :-1 s=STATE_CONNECTION_ESTABLISHED l=0).read continue len=32
2026-02-13T09:36:53.578+0000 7f5c9e1f9640 20 --2- v2:127.0.0.1:7127/0 >> v2:127.0.0.1:7128/0 conn(0x19ea800 0x19b4b00 crc :-1 s=READY pgs=4 gs=4 cs=0 l=0 c_cookie=8938688379437965815 s_cookie=2416471792485608123 reconnecting=0 rev1=1 crypto rx=0 tx=0 comp rx=0 tx=0).handle_read_frame_preamble_main r=0
2026-02-13T09:36:53.578+0000 7f5c9e1f9640 20 --2- v2:127.0.0.1:7127/0 >> v2:127.0.0.1:7128/0 conn(0x19ea800 0x19b4b00 crc :-1 s=THROTTLE_MESSAGE pgs=4 gs=4 cs=0 l=0 c_cookie=8938688379437965815 s_cookie=2416471792485608123 reconnecting=0 rev1=1 crypto rx=0 tx=0 comp rx=0 tx=0).throttle_message
2026-02-13T09:36:53.578+0000 7f5c9e1f9640 20 --2- v2:127.0.0.1:7127/0 >> v2:127.0.0.1:7128/0 conn(0x19ea800 0x19b4b00 crc :-1 s=THROTTLE_BYTES pgs=4 gs=4 cs=0 l=0 c_cookie=8938688379437965815 s_cookie=2416471792485608123 reconnecting=0 rev1=1 crypto rx=0 tx=0 comp rx=0 tx=0).throttle_bytes
2026-02-13T09:36:53.578+0000 7f5c9e1f9640 20 --2- v2:127.0.0.1:7127/0 >> v2:127.0.0.1:7128/0 conn(0x19ea800 0x19b4b00 crc :-1 s=THROTTLE_DISPATCH_QUEUE pgs=4 gs=4 cs=0 l=0 c_cookie=8938688379437965815 s_cookie=2416471792485608123 reconnecting=0 rev1=1 crypto rx=0 tx=0 comp rx=0 tx=0).throttle_dispatch_queue
2026-02-13T09:36:53.578+0000 7f5c9e1f9640 20 --2- v2:127.0.0.1:7127/0 >> v2:127.0.0.1:7128/0 conn(0x19ea800 0x19b4b00 crc :-1 s=THROTTLE_DONE pgs=4 gs=4 cs=0 l=0 c_cookie=8938688379437965815 s_cookie=2416471792485608123 reconnecting=0 rev1=1 crypto rx=0 tx=0 comp rx=0 tx=0).read_frame_segment seg_idx=0
2026-02-13T09:36:53.578+0000 7f5c9e1f9640 20 -- v2:127.0.0.1:7127/0 >> v2:127.0.0.1:7128/0 conn(0x19ea800 msgr2=0x19b4b00 crc :-1 s=STATE_CONNECTION_ESTABLISHED l=0).read start len=45
2026-02-13T09:36:53.578+0000 7f5c9e1f9640 20 --2- v2:127.0.0.1:7127/0 >> v2:127.0.0.1:7128/0 conn(0x19ea800 0x19b4b00 crc :-1 s=THROTTLE_DONE pgs=4 gs=4 cs=0 l=0 c_cookie=8938688379437965815 s_cookie=2416471792485608123 reconnecting=0 rev1=1 crypto rx=0 tx=0 comp rx=0 tx=0).handle_read_frame_segment r=0
2026-02-13T09:36:53.578+0000 7f5c9e1f9640 20 --2- v2:127.0.0.1:7127/0 >> v2:127.0.0.1:7128/0 conn(0x19ea800 0x19b4b00 crc :-1 s=THROTTLE_DONE pgs=4 gs=4 cs=0 l=0 c_cookie=8938688379437965815 s_cookie=2416471792485608123 reconnecting=0 rev1=1 crypto rx=0 tx=0 comp rx=0 tx=0).read_frame_segment seg_idx=1
2026-02-13T09:36:53.578+0000 7f5c9e1f9640 20 -- v2:127.0.0.1:7127/0 >> v2:127.0.0.1:7128/0 conn(0x19ea800 msgr2=0x19b4b00 crc :-1 s=STATE_CONNECTION_ESTABLISHED l=0).read start len=84
2026-02-13T09:36:53.578+0000 7f5c9e1f9640 20 --2- v2:127.0.0.1:7127/0 >> v2:127.0.0.1:7128/0 conn(0x19ea800 0x19b4b00 crc :-1 s=THROTTLE_DONE pgs=4 gs=4 cs=0 l=0 c_cookie=8938688379437965815 s_cookie=2416471792485608123 reconnecting=0 rev1=1 crypto rx=0 tx=0 comp rx=0 tx=0).handle_read_frame_segment r=0
2026-02-13T09:36:53.578+0000 7f5c9e1f9640 20 -- v2:127.0.0.1:7127/0 >> v2:127.0.0.1:7128/0 conn(0x19ea800 msgr2=0x19b4b00 crc :-1 s=STATE_CONNECTION_ESTABLISHED l=0).read start len=13
2026-02-13T09:36:53.578+0000 7f5c9e1f9640 20 --2- v2:127.0.0.1:7127/0 >> v2:127.0.0.1:7128/0 conn(0x19ea800 0x19b4b00 crc :-1 s=THROTTLE_DONE pgs=4 gs=4 cs=0 l=0 c_cookie=8938688379437965815 s_cookie=2416471792485608123 reconnecting=0 rev1=1 crypto rx=0 tx=0 comp rx=0 tx=0).handle_read_frame_epilogue_main r=0
2026-02-13T09:36:53.578+0000 7f5c9e1f9640 10 --2- v2:127.0.0.1:7127/0 >> v2:127.0.0.1:7128/0 conn(0x19ea800 0x19b4b00 crc :-1 s=THROTTLE_DONE pgs=4 gs=4 cs=0 l=0 c_cookie=8938688379437965815 s_cookie=2416471792485608123 reconnecting=0 rev1=1 crypto rx=0 tx=0 comp rx=0 tx=0).handle_read_frame_dispatch tag=17
2026-02-13T09:36:53.578+0000 7f5c9e1f9640 20 --2- v2:127.0.0.1:7127/0 >> v2:127.0.0.1:7128/0 conn(0x19ea800 0x19b4b00 crc :-1 s=THROTTLE_DONE pgs=4 gs=4 cs=0 l=0 c_cookie=8938688379437965815 s_cookie=2416471792485608123 reconnecting=0 rev1=1 crypto rx=0 tx=0 comp rx=0 tx=0).handle_message
2026-02-13T09:36:53.578+0000 7f5c9e1f9640 5 --2- v2:127.0.0.1:7127/0 >> v2:127.0.0.1:7128/0 conn(0x19ea800 0x19b4b00 crc :-1 s=THROTTLE_DONE pgs=4 gs=4 cs=0 l=0 c_cookie=8938688379437965815 s_cookie=2416471792485608123 reconnecting=0 rev1=1 crypto rx=0 tx=0 comp rx=0 tx=0).handle_message got 84 + 0 + 0 byte message. envelope type=66 src mon.1 off 0
2026-02-13T09:36:53.578+0000 7f5c9e1f9640 5 --2- v2:127.0.0.1:7127/0 >> v2:127.0.0.1:7128/0 conn(0x19ea800 0x19b4b00 crc :-1 s=READ_MESSAGE_COMPLETE pgs=4 gs=4 cs=0 l=0 c_cookie=8938688379437965815 s_cookie=2416471792485608123 reconnecting=0 rev1=1 crypto rx=0 tx=0 comp rx=0 tx=0).handle_message received message m=0x287cc00 seq=6 from=mon.1 type=66 paxos(last lc 0 fc 0 pn 100 opn 0)
2026-02-13T09:36:53.578+0000 7f5c9e1f9640 20 -- v2:127.0.0.1:7127/0 queue 0x287cc00 prio 196
2026-02-13T09:36:53.578+0000 7f5c9e1f9640 15 --2- v2:127.0.0.1:7127/0 >> v2:127.0.0.1:7128/0 conn(0x19ea800 0x19b4b00 crc :-1 s=READY pgs=4 gs=4 cs=0 l=0 c_cookie=8938688379437965815 s_cookie=2416471792485608123 reconnecting=0 rev1=1 crypto rx=0 tx=0 comp rx=0 tx=0).handle_message_ack seq=7
2026-02-13T09:36:53.578+0000 7f5c9e1f9640 20 --2- v2:127.0.0.1:7127/0 >> v2:127.0.0.1:7128/0 conn(0x19ea800 0x19b4b00 crc :-1 s=READY pgs=4 gs=4 cs=0 l=0 c_cookie=8938688379437965815 s_cookie=2416471792485608123 reconnecting=0 rev1=1 crypto rx=0 tx=0 comp rx=0 tx=0).read_frame
2026-02-13T09:36:53.578+0000 7f5c9e1f9640 20 -- v2:127.0.0.1:7127/0 >> v2:127.0.0.1:7128/0 conn(0x19ea800 msgr2=0x19b4b00 crc :-1 s=STATE_CONNECTION_ESTABLISHED l=0).read start len=32
2026-02-13T09:36:53.578+0000 7f5c9a1f1640 1 -- v2:127.0.0.1:7127/0 <== mon.1 v2:127.0.0.1:7128/0 6 ==== paxos(last lc 0 fc 0 pn 100 opn 0) ==== 84+0+0 (crc 0 0 0) 0x287cc00 con 0x19ea800
2026-02-13T09:36:53.578+0000 7f5c9e1f9640 20 --2- v2:127.0.0.1:7127/0 >> v2:127.0.0.1:7128/0 conn(0x19ea800 0x19b4b00 crc :-1 s=READY pgs=4 gs=4 cs=0 l=0 c_cookie=8938688379437965815 s_cookie=2416471792485608123 reconnecting=0 rev1=1 crypto rx=0 tx=0 comp rx=0 tx=0).handle_read_frame_preamble_main r=0
2026-02-13T09:36:53.578+0000 7f5c9a1f1640 20 mon.a@0(leader) e0 _ms_dispatch existing session 0x28666c0 for mon.1
2026-02-13T09:36:53.578+0000 7f5c9e1f9640 20 --2- v2:127.0.0.1:7127/0 >> v2:127.0.0.1:7128/0 conn(0x19ea800 0x19b4b00 crc :-1 s=THROTTLE_MESSAGE pgs=4 gs=4 cs=0 l=0 c_cookie=8938688379437965815 s_cookie=2416471792485608123 reconnecting=0 rev1=1 crypto rx=0 tx=0 comp rx=0 tx=0).throttle_message
2026-02-13T09:36:53.578+0000 7f5c9e1f9640 20 --2- v2:127.0.0.1:7127/0 >> v2:127.0.0.1:7128/0 conn(0x19ea800 0x19b4b00 crc :-1 s=THROTTLE_BYTES pgs=4 gs=4 cs=0 l=0 c_cookie=8938688379437965815 s_cookie=2416471792485608123 reconnecting=0 rev1=1 crypto rx=0 tx=0 comp rx=0 tx=0).throttle_bytes
2026-02-13T09:36:53.578+0000 7f5c9e1f9640 20 --2- v2:127.0.0.1:7127/0 >> v2:127.0.0.1:7128/0 conn(0x19ea800 0x19b4b00 crc :-1 s=THROTTLE_DISPATCH_QUEUE pgs=4 gs=4 cs=0 l=0 c_cookie=8938688379437965815 s_cookie=2416471792485608123 reconnecting=0 rev1=1 crypto rx=0 tx=0 comp rx=0 tx=0).throttle_dispatch_queue
2026-02-13T09:36:53.578+0000 7f5c9a1f1640 20 mon.a@0(leader) e0 entity_name global_id 0 (none) caps allow *
2026-02-13T09:36:53.578+0000 7f5c9e1f9640 20 --2- v2:127.0.0.1:7127/0 >> v2:127.0.0.1:7128/0 conn(0x19ea800 0x19b4b00 crc :-1 s=THROTTLE_DONE pgs=4 gs=4 cs=0 l=0 c_cookie=8938688379437965815 s_cookie=2416471792485608123 reconnecting=0 rev1=1 crypto rx=0 tx=0 comp rx=0 tx=0).read_frame_segment seg_idx=0
2026-02-13T09:36:53.578+0000 7f5c9a1f1640 20 MonCap is_capable service=mon command= read addr v2:127.0.0.1:7128/0 on cap allow *
2026-02-13T09:36:53.578+0000 7f5c9a1f1640 20 MonCap allow so far , doing grant allow *
2026-02-13T09:36:53.578+0000 7f5c9a1f1640 20 MonCap allow all
2026-02-13T09:36:53.578+0000 7f5c9a1f1640 20 MonCap is_capable service=mon command= exec addr v2:127.0.0.1:7128/0 on cap allow *
2026-02-13T09:36:53.578+0000 7f5c9e1f9640 20 -- v2:127.0.0.1:7127/0 >> v2:127.0.0.1:7128/0 conn(0x19ea800 msgr2=0x19b4b00 crc :-1 s=STATE_CONNECTION_ESTABLISHED l=0).read start len=45
2026-02-13T09:36:53.578+0000 7f5c9e1f9640 20 --2- v2:127.0.0.1:7127/0 >> v2:127.0.0.1:7128/0 conn(0x19ea800 0x19b4b00 crc :-1 s=THROTTLE_DONE pgs=4 gs=4 cs=0 l=0 c_cookie=8938688379437965815 s_cookie=2416471792485608123 reconnecting=0 rev1=1 crypto rx=0 tx=0 comp rx=0 tx=0).handle_read_frame_segment r=0
2026-02-13T09:36:53.578+0000 7f5c9a1f1640 20 MonCap allow so far , doing grant allow *
2026-02-13T09:36:53.578+0000 7f5c9e1f9640 20 --2- v2:127.0.0.1:7127/0 >> v2:127.0.0.1:7128/0 conn(0x19ea800 0x19b4b00 crc :-1 s=THROTTLE_DONE pgs=4 gs=4 cs=0 l=0 c_cookie=8938688379437965815 s_cookie=2416471792485608123 reconnecting=0 rev1=1 crypto rx=0 tx=0 comp rx=0 tx=0).read_frame_segment seg_idx=1
2026-02-13T09:36:53.578+0000 7f5c9e1f9640 20 -- v2:127.0.0.1:7127/0 >> v2:127.0.0.1:7128/0 conn(0x19ea800 msgr2=0x19b4b00 crc :-1 s=STATE_CONNECTION_ESTABLISHED l=0).read start len=153
2026-02-13T09:36:53.578+0000 7f5c9a1f1640 20 MonCap allow all
2026-02-13T09:36:53.578+0000 7f5c9e1f9640 20 --2- v2:127.0.0.1:7127/0 >> v2:127.0.0.1:7128/0 conn(0x19ea800 0x19b4b00 crc :-1 s=THROTTLE_DONE pgs=4 gs=4 cs=0 l=0 c_cookie=8938688379437965815 s_cookie=2416471792485608123 reconnecting=0 rev1=1 crypto rx=0 tx=0 comp rx=0 tx=0).handle_read_frame_segment r=0
2026-02-13T09:36:53.578+0000 7f5c9a1f1640 10 mon.a@0(leader).paxos(paxos recovering c 0..0) handle_last paxos(last lc 0 fc 0 pn 100 opn 0)
2026-02-13T09:36:53.578+0000 7f5c9a1f1640 10 mon.a@0(leader).paxos(paxos recovering c 0..0) store_state nothing to commit
2026-02-13T09:36:53.578+0000 7f5c9e1f9640 20 -- v2:127.0.0.1:7127/0 >> v2:127.0.0.1:7128/0 conn(0x19ea800 msgr2=0x19b4b00 crc :-1 s=STATE_CONNECTION_ESTABLISHED l=0).read start len=13
2026-02-13T09:36:53.578+0000 7f5c9e1f9640 20 --2- v2:127.0.0.1:7127/0 >> v2:127.0.0.1:7128/0 conn(0x19ea800 0x19b4b00 crc :-1 s=THROTTLE_DONE pgs=4 gs=4 cs=0 l=0 c_cookie=8938688379437965815 s_cookie=2416471792485608123 reconnecting=0 rev1=1 crypto rx=0 tx=0 comp rx=0 tx=0).handle_read_frame_epilogue_main r=0
2026-02-13T09:36:53.578+0000 7f5c9a1f1640 10 mon.a@0(leader).paxos(paxos recovering c 0..0) they accepted our pn, we now have 2 peons
2026-02-13T09:36:53.578+0000 7f5c9e1f9640 10 --2- v2:127.0.0.1:7127/0 >> v2:127.0.0.1:7128/0 conn(0x19ea800 0x19b4b00 crc :-1 s=THROTTLE_DONE pgs=4 gs=4 cs=0 l=0 c_cookie=8938688379437965815 s_cookie=2416471792485608123 reconnecting=0 rev1=1 crypto rx=0 tx=0 comp rx=0 tx=0).handle_read_frame_dispatch tag=17
2026-02-13T09:36:53.578+0000 7f5c9a1f1640 10 mon.a@0(leader).paxos(paxos recovering c 0..0) that's everyone. active!
2026-02-13T09:36:53.578+0000 7f5c9e1f9640 20 --2- v2:127.0.0.1:7127/0 >> v2:127.0.0.1:7128/0 conn(0x19ea800 0x19b4b00 crc :-1 s=THROTTLE_DONE pgs=4 gs=4 cs=0 l=0 c_cookie=8938688379437965815 s_cookie=2416471792485608123 reconnecting=0 rev1=1 crypto rx=0 tx=0 comp rx=0 tx=0).handle_message
2026-02-13T09:36:53.578+0000 7f5c9e1f9640 5 --2- v2:127.0.0.1:7127/0 >> v2:127.0.0.1:7128/0 conn(0x19ea800 0x19b4b00 crc :-1 s=THROTTLE_DONE pgs=4 gs=4 cs=0 l=0 c_cookie=8938688379437965815 s_cookie=2416471792485608123 reconnecting=0 rev1=1 crypto rx=0 tx=0 comp rx=0 tx=0).handle_message got 153 + 0 + 0 byte message. envelope type=140 src mon.1 off 0
2026-02-13T09:36:53.578+0000 7f5c9e1f9640 5 --2- v2:127.0.0.1:7127/0 >> v2:127.0.0.1:7128/0 conn(0x19ea800 0x19b4b00 crc :-1 s=READ_MESSAGE_COMPLETE pgs=4 gs=4 cs=0 l=0 c_cookie=8938688379437965815 s_cookie=2416471792485608123 reconnecting=0 rev1=1 crypto rx=0 tx=0 comp rx=0 tx=0).handle_message received message m=0x1870780 seq=7 from=mon.1 type=140 mon_ping(ping_reply stamp
2026-02-13T09:36:53.578329+0000)
2026-02-13T09:36:53.578+0000 7f5c9e1f9640 20 -- v2:127.0.0.1:7127/0 queue 0x1870780 prio 196
2026-02-13T09:36:53.578+0000 7f5c9e1f9640 15 --2- v2:127.0.0.1:7127/0 >> v2:127.0.0.1:7128/0 conn(0x19ea800 0x19b4b00 crc :-1 s=READY pgs=4 gs=4 cs=0 l=0 c_cookie=8938688379437965815 s_cookie=2416471792485608123 reconnecting=0 rev1=1 crypto rx=0 tx=0 comp rx=0 tx=0).handle_message_ack seq=7
2026-02-13T09:36:53.578+0000 7f5c9a1f1640 7 mon.a@0(leader).paxos(paxos recovering c 0..0) extend_lease now+5 (2026-02-13T09:36:58.579187+0000)
2026-02-13T09:36:53.578+0000 7f5c9e1f9640 20 --2- v2:127.0.0.1:7127/0 >> v2:127.0.0.1:7128/0 conn(0x19ea800 0x19b4b00 crc :-1 s=READY pgs=4 gs=4 cs=0 l=0 c_cookie=8938688379437965815 s_cookie=2416471792485608123 reconnecting=0 rev1=1 crypto rx=0 tx=0 comp rx=0 tx=0).read_frame
2026-02-13T09:36:53.578+0000 7f5c9a1f1640 1 -- v2:127.0.0.1:7127/0 send_to--> mon v2:127.0.0.1:7128/0 -- paxos(lease lc 0 fc 0 pn 0 opn 0) -- ?+0 0x287ce00
2026-02-13T09:36:53.578+0000 7f5c9e1f9640 20 -- v2:127.0.0.1:7127/0 >> v2:127.0.0.1:7128/0 conn(0x19ea800 msgr2=0x19b4b00 crc :-1 s=STATE_CONNECTION_ESTABLISHED l=0).read start len=32
2026-02-13T09:36:53.578+0000 7f5c9a1f1640 10 -- v2:127.0.0.1:7127/0 connect_to v2:127.0.0.1:7128/0 existing 0x19ea800
2026-02-13T09:36:53.578+0000 7f5c9a1f1640 1 -- v2:127.0.0.1:7127/0 --> v2:127.0.0.1:7128/0 -- paxos(lease lc 0 fc 0 pn 0 opn 0) -- 0x287ce00 con 0x19ea800
2026-02-13T09:36:53.578+0000 7f5c9e1f9640 10 -- v2:127.0.0.1:7127/0 >> v2:127.0.0.1:7128/0 conn(0x19ea800 msgr2=0x19b4b00 crc :-1 s=STATE_CONNECTION_ESTABLISHED l=0).handle_write
2026-02-13T09:36:53.578+0000 7f5c9a1f1640 5 --2- v2:127.0.0.1:7127/0 >> v2:127.0.0.1:7128/0 conn(0x19ea800 0x19b4b00 crc :-1 s=READY pgs=4 gs=4 cs=0 l=0 c_cookie=8938688379437965815 s_cookie=2416471792485608123 reconnecting=0 rev1=1 crypto rx=0 tx=0 comp rx=0 tx=0).send_message enqueueing message m=0x287ce00 type=66 paxos(lease lc 0 fc 0 pn 0 opn 0)
2026-02-13T09:36:53.578+0000 7f5c9a1f1640 15 --2- v2:127.0.0.1:7127/0 >> v2:127.0.0.1:7128/0 conn(0x19ea800 0x19b4b00 crc :-1 s=READY pgs=4 gs=4 cs=0 l=0 c_cookie=8938688379437965815 s_cookie=2416471792485608123 reconnecting=0 rev1=1 crypto rx=0 tx=0 comp rx=0 tx=0).send_message message queued for async transmission m=0x287ce00
2026-02-13T09:36:53.578+0000 7f5c9a1f1640 20 Event(0x189abc8 nevent=5000 time_id=5).wakeup
2026-02-13T09:36:53.578+0000 7f5c9e1f9640 10 --2- v2:127.0.0.1:7127/0 >> v2:127.0.0.1:7128/0 conn(0x19ea800 0x19b4b00 crc :-1 s=READY pgs=4 gs=4 cs=0 l=0 c_cookie=8938688379437965815 s_cookie=2416471792485608123 reconnecting=0 rev1=1 crypto rx=0 tx=0 comp rx=0 tx=0).write_event
2026-02-13T09:36:53.578+0000 7f5c9e1f9640 20 --2- v2:127.0.0.1:7127/0 >> v2:127.0.0.1:7128/0 conn(0x19ea800 0x19b4b00 crc :-1 s=READY pgs=4 gs=4 cs=0 l=0 c_cookie=8938688379437965815 s_cookie=2416471792485608123 reconnecting=0 rev1=1 crypto rx=0 tx=0 comp rx=0 tx=0).prepare_send_message m=paxos(lease lc 0 fc 0 pn 0 opn 0)
2026-02-13T09:36:53.578+0000 7f5c9a1f1640 10 mon.a@0(leader) e0 refresh_from_paxos
2026-02-13T09:36:53.578+0000 7f5c9e1f9640 20 --2- v2:127.0.0.1:7127/0 >> v2:127.0.0.1:7128/0 conn(0x19ea800 0x19b4b00 crc :-1 s=READY pgs=4 gs=4 cs=0 l=0 c_cookie=8938688379437965815 s_cookie=2416471792485608123 reconnecting=0 rev1=1 crypto rx=0 tx=0 comp rx=0 tx=0).prepare_send_message encoding features 4544132024016699391 0x287ce00 paxos(lease lc 0 fc 0 pn 0 opn 0)
2026-02-13T09:36:53.578+0000 7f5c9e1f9640 2 --2- v2:127.0.0.1:7127/0 >> v2:127.0.0.1:7128/0 conn(0x19ea800 0x19b4b00 crc :-1 s=READY pgs=4 gs=4 cs=0 l=0 c_cookie=8938688379437965815 s_cookie=2416471792485608123 reconnecting=0 rev1=1 crypto rx=0 tx=0 comp rx=0 tx=0).write_message sending message m=0x287ce00 seq=8 paxos(lease lc 0 fc 0 pn 0 opn 0)
2026-02-13T09:36:53.578+0000 7f5c9e1f9640 20 --2- v2:127.0.0.1:7127/0 >> v2:127.0.0.1:7128/0 conn(0x19ea800 0x19b4b00 crc :-1 s=READY pgs=4 gs=4 cs=0 l=0 c_cookie=8938688379437965815 s_cookie=2416471792485608123 reconnecting=0 rev1=1 crypto rx=0 tx=0 comp rx=0 tx=0).write_message sending m=0x287ce00 seq=8 src=mon.0 off=0
2026-02-13T09:36:53.578+0000 7f5c9e1f9640 10 -- v2:127.0.0.1:7127/0 >> v2:127.0.0.1:7128/0 conn(0x19ea800 msgr2=0x19b4b00 crc :-1 s=STATE_CONNECTION_ESTABLISHED l=0)._try_send sent bytes 174 remaining bytes 0
2026-02-13T09:36:53.578+0000 7f5c9e1f9640 10 --2- v2:127.0.0.1:7127/0 >> v2:127.0.0.1:7128/0 conn(0x19ea800 0x19b4b00 crc :-1 s=READY pgs=4 gs=4 cs=0 l=0 c_cookie=8938688379437965815 s_cookie=2416471792485608123 reconnecting=0 rev1=1 crypto rx=0 tx=0 comp rx=0 tx=0).write_message sending 0x287ce00 done.
2026-02-13T09:36:53.578+0000 7f5c9a1f1640 10 mon.a@0(leader) e0 refresh_from_paxos no cluster_fingerprint
2026-02-13T09:36:53.578+0000 7f5c9a1f1640 10 mon.a@0(leader).paxosservice(mdsmap 0..0) refresh
2026-02-13T09:36:53.578+0000 7f5c9e1f9640 10 -- v2:127.0.0.1:7127/0 >> v2:127.0.0.1:7128/0 conn(0x19ea800 msgr2=0x19b4b00 crc :-1 s=STATE_CONNECTION_ESTABLISHED l=0).handle_write
2026-02-13T09:36:53.578+0000 7f5c9e1f9640 10 --2- v2:127.0.0.1:7127/0 >> v2:127.0.0.1:7128/0 conn(0x19ea800 0x19b4b00 crc :-1 s=READY pgs=4 gs=4 cs=0 l=0 c_cookie=8938688379437965815 s_cookie=2416471792485608123 reconnecting=0 rev1=1 crypto rx=0 tx=0 comp rx=0 tx=0).write_event
2026-02-13T09:36:53.578+0000 7f5c9a1f1640 10 mon.a@0(leader).paxosservice(osdmap 0..0) refresh
2026-02-13T09:36:53.578+0000 7f5c9a1f1640 10 mon.a@0(leader).paxosservice(logm 0..0) refresh
2026-02-13T09:36:53.578+0000 7f5c9a1f1640 10 mon.a@0(leader).log v0 update_from_paxos
2026-02-13T09:36:53.578+0000 7f5c9a1f1640 10 mon.a@0(leader).log v0 update_from_paxos version 0 summary v 0
2026-02-13T09:36:53.578+0000 7f5c9a1f1640 10 mon.a@0(leader).log v0 log_external_backlog initialized external_log_to = 0 (summary v 0)
2026-02-13T09:36:53.578+0000 7f5c9a1f1640 10 mon.a@0(leader).paxosservice(monmap 0..0) refresh
2026-02-13T09:36:53.578+0000 7f5c9a1f1640 10 mon.a@0(leader).paxosservice(auth 0..0) refresh
2026-02-13T09:36:53.578+0000 7f5c9a1f1640 10 mon.a@0(leader).auth v0 update_from_paxos
2026-02-13T09:36:53.578+0000 7f5c9e1f9640 20 -- v2:127.0.0.1:7127/0 >> v2:127.0.0.1:7128/0 conn(0x19ea800 msgr2=0x19b4b00 crc :-1 s=STATE_CONNECTION_ESTABLISHED l=0).process
2026-02-13T09:36:53.578+0000 7f5c9e1f9640 20 -- v2:127.0.0.1:7127/0 >> v2:127.0.0.1:7128/0 conn(0x19ea800 msgr2=0x19b4b00 crc :-1 s=STATE_CONNECTION_ESTABLISHED l=0).read continue len=32
2026-02-13T09:36:53.578+0000 7f5c9e1f9640 20 --2- v2:127.0.0.1:7127/0 >> v2:127.0.0.1:7128/0 conn(0x19ea800 0x19b4b00 crc :-1 s=READY pgs=4 gs=4 cs=0 l=0 c_cookie=8938688379437965815 s_cookie=2416471792485608123 reconnecting=0 rev1=1 crypto rx=0 tx=0 comp rx=0 tx=0).handle_read_frame_preamble_main r=0
2026-02-13T09:36:53.578+0000 7f5c9e1f9640 20 --2- v2:127.0.0.1:7127/0 >> v2:127.0.0.1:7128/0 conn(0x19ea800 0x19b4b00 crc :-1 s=READY pgs=4 gs=4 cs=0 l=0 c_cookie=8938688379437965815 s_cookie=2416471792485608123 reconnecting=0 rev1=1 crypto rx=0 tx=0 comp rx=0 tx=0).read_frame_segment seg_idx=0
2026-02-13T09:36:53.578+0000 7f5c9e1f9640 20 -- v2:127.0.0.1:7127/0 >> v2:127.0.0.1:7128/0 conn(0x19ea800 msgr2=0x19b4b00 crc :-1 s=STATE_CONNECTION_ESTABLISHED l=0).read start len=12
2026-02-13T09:36:53.578+0000 7f5c9e1f9640 20 --2- v2:127.0.0.1:7127/0 >> v2:127.0.0.1:7128/0 conn(0x19ea800 0x19b4b00 crc :-1 s=READY pgs=4 gs=4 cs=0 l=0 c_cookie=8938688379437965815 s_cookie=2416471792485608123 reconnecting=0 rev1=1 crypto rx=0 tx=0 comp rx=0 tx=0).handle_read_frame_segment r=0
2026-02-13T09:36:53.579+0000 7f5c9e1f9640 10 --2- v2:127.0.0.1:7127/0 >> v2:127.0.0.1:7128/0 conn(0x19ea800 0x19b4b00 crc :-1 s=READY pgs=4 gs=4 cs=0 l=0 c_cookie=8938688379437965815 s_cookie=2416471792485608123 reconnecting=0 rev1=1 crypto rx=0 tx=0 comp rx=0 tx=0).handle_read_frame_dispatch tag=20
2026-02-13T09:36:53.578+0000 7f5c9a1f1640 10 mon.a@0(leader).paxosservice(mgr 0..0) refresh
2026-02-13T09:36:53.579+0000 7f5c9e1f9640 20 --2- v2:127.0.0.1:7127/0 >> v2:127.0.0.1:7128/0 conn(0x19ea800 0x19b4b00 crc :-1 s=READY pgs=4 gs=4 cs=0 l=0 c_cookie=8938688379437965815 s_cookie=2416471792485608123 reconnecting=0 rev1=1 crypto rx=0 tx=0 comp rx=0 tx=0).handle_message_ack payload.length()=8
2026-02-13T09:36:53.579+0000 7f5c9e1f9640 15 --2- v2:127.0.0.1:7127/0 >> v2:127.0.0.1:7128/0 conn(0x19ea800 0x19b4b00 crc :-1 s=READY pgs=4 gs=4 cs=0 l=0 c_cookie=8938688379437965815 s_cookie=2416471792485608123 reconnecting=0 rev1=1 crypto rx=0 tx=0 comp rx=0 tx=0).handle_message_ack seq=8
2026-02-13T09:36:53.579+0000 7f5c9e1f9640 10 --2- v2:127.0.0.1:7127/0 >> v2:127.0.0.1:7128/0 conn(0x19ea800 0x19b4b00 crc :-1 s=READY pgs=4 gs=4 cs=0 l=0 c_cookie=8938688379437965815 s_cookie=2416471792485608123 reconnecting=0 rev1=1 crypto rx=0 tx=0 comp rx=0 tx=0).handle_message_ack got ack seq 8 >= 8 on 0x287ce00 paxos(lease lc 0 fc 0 pn 0 opn 0)
2026-02-13T09:36:53.579+0000 7f5c9e1f9640 20 --2- v2:127.0.0.1:7127/0 >> v2:127.0.0.1:7128/0 conn(0x19ea800 0x19b4b00 crc :-1 s=READY pgs=4 gs=4 cs=0 l=0 c_cookie=8938688379437965815 s_cookie=2416471792485608123 reconnecting=0 rev1=1 crypto rx=0 tx=0 comp rx=0 tx=0).read_frame
2026-02-13T09:36:53.579+0000 7f5c9e1f9640 20 -- v2:127.0.0.1:7127/0 >> v2:127.0.0.1:7128/0 conn(0x19ea800 msgr2=0x19b4b00 crc :-1 s=STATE_CONNECTION_ESTABLISHED l=0).read start len=32
