2026-02-13T09:37:02.712+0000 7f5c979ec640 10 mon.a@0(leader).paxosservice(nvmeofgw 1..1) refresh
2026-02-13T09:37:02.712+0000 7f5c979ec640 20 nvmeofgw virtual void NVMeofGwMon::update_from_paxos(bool*) has BEACON_DIFF: 1
2026-02-13T09:37:02.712+0000 7f5c979ec640 10 mon.a@0(leader).paxosservice(mdsmap 1..1) post_refresh
2026-02-13T09:37:02.712+0000 7f5c979ec640 10 mon.a@0(leader).paxosservice(osdmap 1..1) post_refresh
2026-02-13T09:37:02.712+0000 7f5c979ec640 10 mon.a@0(leader).paxosservice(logm 1..7) post_refresh
2026-02-13T09:37:02.712+0000 7f5c979ec640 10 mon.a@0(leader).paxosservice(monmap 1..1) post_refresh
2026-02-13T09:37:02.712+0000 7f5c979ec640 10 mon.a@0(leader).paxosservice(auth 1..2) post_refresh
2026-02-13T09:37:02.712+0000 7f5c979ec640 10 mon.a@0(leader).paxosservice(mgr 1..1) post_refresh
2026-02-13T09:37:02.712+0000 7f5c979ec640 10 mon.a@0(leader).paxosservice(mgrstat 1..1) post_refresh
2026-02-13T09:37:02.712+0000 7f5c979ec640 10 mon.a@0(leader).paxosservice(health 1..1) post_refresh
2026-02-13T09:37:02.712+0000 7f5c979ec640 10 mon.a@0(leader).paxosservice(config 1..1) post_refresh
2026-02-13T09:37:02.712+0000 7f5c979ec640 10 mon.a@0(leader).paxosservice(kv 1..1) post_refresh
2026-02-13T09:37:02.712+0000 7f5c979ec640 10 mon.a@0(leader).paxosservice(nvmeofgw 1..1) post_refresh
2026-02-13T09:37:02.712+0000 7f5c979ec640 10 mon.a@0(leader).paxos(paxos refresh c 1..10) commit_proposal
2026-02-13T09:37:02.712+0000 7f5c979ec640 10 mon.a@0(leader).paxosservice(logm 1..7) _active - not active
2026-02-13T09:37:02.712+0000 7f5c979ec640 7 mon.a@0(leader).paxos(paxos refresh c 1..10) extend_lease now+5 (2026-02-13T09:37:07.713453+0000)
2026-02-13T09:37:02.712+0000 7f5c979ec640 1 -- v2:127.0.0.1:7127/0 send_to--> mon v2:127.0.0.1:7128/0 -- paxos(lease lc 10 fc 1 pn 0 opn 0) -- ?+0 0x28ef800
2026-02-13T09:37:02.712+0000 7f5c979ec640 10 -- v2:127.0.0.1:7127/0 connect_to v2:127.0.0.1:7128/0 existing 0x19ea800
2026-02-13T09:37:02.712+0000 7f5c979ec640 1 -- v2:127.0.0.1:7127/0 --> v2:127.0.0.1:7128/0 -- paxos(lease lc 10 fc 1 pn 0 opn 0) -- 0x28ef800 con 0x19ea800
2026-02-13T09:37:02.712+0000 7f5c979ec640 5 --2- v2:127.0.0.1:7127/0 >> v2:127.0.0.1:7128/0 conn(0x19ea800 0x19b4b00 crc :-1 s=READY pgs=4 gs=4 cs=0 l=0 c_cookie=8938688379437965815 s_cookie=2416471792485608123 reconnecting=0 rev1=1 crypto rx=0 tx=0 comp rx=0 tx=0).send_message enqueueing message m=0x28ef800 type=66 paxos(lease lc 10 fc 1 pn 0 opn 0)
2026-02-13T09:37:02.712+0000 7f5c979ec640 15 --2- v2:127.0.0.1:7127/0 >> v2:127.0.0.1:7128/0 conn(0x19ea800 0x19b4b00 crc :-1 s=READY pgs=4 gs=4 cs=0 l=0 c_cookie=8938688379437965815 s_cookie=2416471792485608123 reconnecting=0 rev1=1 crypto rx=0 tx=0 comp rx=0 tx=0).send_message message queued for async transmission m=0x28ef800
2026-02-13T09:37:02.712+0000 7f5c979ec640 20 Event(0x189abc8 nevent=5000 time_id=5).wakeup
2026-02-13T09:37:02.712+0000 7f5c979ec640 10 mon.a@0(leader).paxos(paxos refresh c 1..10) finish_round
2026-02-13T09:37:02.712+0000 7f5c979ec640 20 mon.a@0(leader).paxos(paxos active c 1..10) finish_round waiting_for_acting
2026-02-13T09:37:02.712+0000 7f5c979ec640 10 mon.a@0(leader).paxosservice(logm 1..7) _active
2026-02-13T09:37:02.712+0000 7f5c979ec640 7 mon.a@0(leader).paxosservice(logm 1..7) _active creating new pending
2026-02-13T09:37:02.712+0000 7f5c979ec640 10 mon.a@0(leader).log v7 create_pending v 8
2026-02-13T09:37:02.712+0000 7f5c9e1f9640 10 -- v2:127.0.0.1:7127/0 >> v2:127.0.0.1:7128/0 conn(0x19ea800 msgr2=0x19b4b00 crc :-1 s=STATE_CONNECTION_ESTABLISHED l=0).handle_write
2026-02-13T09:37:02.712+0000 7f5c979ec640 20 mon.a@0(leader).paxos(paxos active c 1..10) finish_round waiting_for_readable
2026-02-13T09:37:02.712+0000 7f5c979ec640 20 mon.a@0(leader).paxos(paxos active c 1..10) finish_round waiting_for_writeable
2026-02-13T09:37:02.712+0000 7f5c979ec640 10 mon.a@0(leader).paxos(paxos active c 1..10) finish_round done w/ waiters, state active
2026-02-13T09:37:02.712+0000 7f5c9e1f9640 10 --2- v2:127.0.0.1:7127/0 >> v2:127.0.0.1:7128/0 conn(0x19ea800 0x19b4b00 crc :-1 s=READY pgs=4 gs=4 cs=0 l=0 c_cookie=8938688379437965815 s_cookie=2416471792485608123 reconnecting=0 rev1=1 crypto rx=0 tx=0 comp rx=0 tx=0).write_event
2026-02-13T09:37:02.712+0000 7f5c9e1f9640 20 --2- v2:127.0.0.1:7127/0 >> v2:127.0.0.1:7128/0 conn(0x19ea800 0x19b4b00 crc :-1 s=READY pgs=4 gs=4 cs=0 l=0 c_cookie=8938688379437965815 s_cookie=2416471792485608123 reconnecting=0 rev1=1 crypto rx=0 tx=0 comp rx=0 tx=0).prepare_send_message m=paxos(lease lc 10 fc 1 pn 0 opn 0)
2026-02-13T09:37:02.712+0000 7f5c9e1f9640 20 --2- v2:127.0.0.1:7127/0 >> v2:127.0.0.1:7128/0 conn(0x19ea800 0x19b4b00 crc :-1 s=READY pgs=4 gs=4 cs=0 l=0 c_cookie=8938688379437965815 s_cookie=2416471792485608123 reconnecting=0 rev1=1 crypto rx=0 tx=0 comp rx=0 tx=0).prepare_send_message encoding features 4544132024016699391 0x28ef800 paxos(lease lc 10 fc 1 pn 0 opn 0)
2026-02-13T09:37:02.712+0000 7f5c9e1f9640 2 --2- v2:127.0.0.1:7127/0 >> v2:127.0.0.1:7128/0 conn(0x19ea800 0x19b4b00 crc :-1 s=READY pgs=4 gs=4 cs=0 l=0 c_cookie=8938688379437965815 s_cookie=2416471792485608123 reconnecting=0 rev1=1 crypto rx=0 tx=0 comp rx=0 tx=0).write_message sending message m=0x28ef800 seq=82 paxos(lease lc 10 fc 1 pn 0 opn 0)
2026-02-13T09:37:02.712+0000 7f5c9e1f9640 20 --2- v2:127.0.0.1:7127/0 >> v2:127.0.0.1:7128/0 conn(0x19ea800 0x19b4b00 crc :-1 s=READY pgs=4 gs=4 cs=0 l=0 c_cookie=8938688379437965815 s_cookie=2416471792485608123 reconnecting=0 rev1=1 crypto rx=0 tx=0 comp rx=0 tx=0).write_message sending m=0x28ef800 seq=82 src=mon.0 off=0
2026-02-13T09:37:02.712+0000 7f5c9e1f9640 10 -- v2:127.0.0.1:7127/0 >> v2:127.0.0.1:7128/0 conn(0x19ea800 msgr2=0x19b4b00 crc :-1 s=STATE_CONNECTION_ESTABLISHED l=0)._try_send sent bytes 174 remaining bytes 0
2026-02-13T09:37:02.712+0000 7f5c9e1f9640 10 --2- v2:127.0.0.1:7127/0 >> v2:127.0.0.1:7128/0 conn(0x19ea800 0x19b4b00 crc :-1 s=READY pgs=4 gs=4 cs=0 l=0 c_cookie=8938688379437965815 s_cookie=2416471792485608123 reconnecting=0 rev1=1 crypto rx=0 tx=0 comp rx=0 tx=0).write_message sending 0x28ef800 done.
2026-02-13T09:37:02.712+0000 7f5c9e1f9640 20 -- v2:127.0.0.1:7127/0 >> v2:127.0.0.1:7128/0 conn(0x19ea800 msgr2=0x19b4b00 crc :-1 s=STATE_CONNECTION_ESTABLISHED l=0).process
2026-02-13T09:37:02.712+0000 7f5c9e1f9640 20 -- v2:127.0.0.1:7127/0 >> v2:127.0.0.1:7128/0 conn(0x19ea800 msgr2=0x19b4b00 crc :-1 s=STATE_CONNECTION_ESTABLISHED l=0).read continue len=32
2026-02-13T09:37:02.712+0000 7f5c9e1f9640 20 --2- v2:127.0.0.1:7127/0 >> v2:127.0.0.1:7128/0 conn(0x19ea800 0x19b4b00 crc :-1 s=READY pgs=4 gs=4 cs=0 l=0 c_cookie=8938688379437965815 s_cookie=2416471792485608123 reconnecting=0 rev1=1 crypto rx=0 tx=0 comp rx=0 tx=0).handle_read_frame_preamble_main r=0
2026-02-13T09:37:02.712+0000 7f5c9e1f9640 20 --2- v2:127.0.0.1:7127/0 >> v2:127.0.0.1:7128/0 conn(0x19ea800 0x19b4b00 crc :-1 s=READY pgs=4 gs=4 cs=0 l=0 c_cookie=8938688379437965815 s_cookie=2416471792485608123 reconnecting=0 rev1=1 crypto rx=0 tx=0 comp rx=0 tx=0).read_frame_segment seg_idx=0
2026-02-13T09:37:02.712+0000 7f5c9e1f9640 20 -- v2:127.0.0.1:7127/0 >> v2:127.0.0.1:7128/0 conn(0x19ea800 msgr2=0x19b4b00 crc :-1 s=STATE_CONNECTION_ESTABLISHED l=0).read start len=12
2026-02-13T09:37:02.712+0000 7f5c9e1f9640 20 --2- v2:127.0.0.1:7127/0 >> v2:127.0.0.1:7128/0 conn(0x19ea800 0x19b4b00 crc :-1 s=READY pgs=4 gs=4 cs=0 l=0 c_cookie=8938688379437965815 s_cookie=2416471792485608123 reconnecting=0 rev1=1 crypto rx=0 tx=0 comp rx=0 tx=0).handle_read_frame_segment r=0
2026-02-13T09:37:02.712+0000 7f5c9e1f9640 10 --2- v2:127.0.0.1:7127/0 >> v2:127.0.0.1:7128/0 conn(0x19ea800 0x19b4b00 crc :-1 s=READY pgs=4 gs=4 cs=0 l=0 c_cookie=8938688379437965815 s_cookie=2416471792485608123 reconnecting=0 rev1=1 crypto rx=0 tx=0 comp rx=0 tx=0).handle_read_frame_dispatch tag=20
2026-02-13T09:37:02.712+0000 7f5c9e1f9640 20 --2- v2:127.0.0.1:7127/0 >> v2:127.0.0.1:7128/0 conn(0x19ea800 0x19b4b00 crc :-1 s=READY pgs=4 gs=4 cs=0 l=0 c_cookie=8938688379437965815 s_cookie=2416471792485608123 reconnecting=0 rev1=1 crypto rx=0 tx=0 comp rx=0 tx=0).handle_message_ack payload.length()=8
2026-02-13T09:37:02.712+0000 7f5c9e1f9640 15 --2- v2:127.0.0.1:7127/0 >> v2:127.0.0.1:7128/0 conn(0x19ea800 0x19b4b00 crc :-1 s=READY pgs=4 gs=4 cs=0 l=0 c_cookie=8938688379437965815 s_cookie=2416471792485608123 reconnecting=0 rev1=1 crypto rx=0 tx=0 comp rx=0 tx=0).handle_message_ack seq=82
2026-02-13T09:37:02.712+0000 7f5c9e1f9640 10 --2- v2:127.0.0.1:7127/0 >> v2:127.0.0.1:7128/0 conn(0x19ea800 0x19b4b00 crc :-1 s=READY pgs=4 gs=4 cs=0 l=0 c_cookie=8938688379437965815 s_cookie=2416471792485608123 reconnecting=0 rev1=1 crypto rx=0 tx=0 comp rx=0 tx=0).handle_message_ack got ack seq 82 >= 82 on 0x28ef800 paxos(lease lc 10 fc 1 pn 0 opn 0)
2026-02-13T09:37:02.712+0000 7f5c9e1f9640 20 --2- v2:127.0.0.1:7127/0 >> v2:127.0.0.1:7128/0 conn(0x19ea800 0x19b4b00 crc :-1 s=READY pgs=4 gs=4 cs=0 l=0 c_cookie=8938688379437965815 s_cookie=2416471792485608123 reconnecting=0 rev1=1 crypto rx=0 tx=0 comp rx=0 tx=0).read_frame
2026-02-13T09:37:02.712+0000 7f5c9e1f9640 20 -- v2:127.0.0.1:7127/0 >> v2:127.0.0.1:7128/0 conn(0x19ea800 msgr2=0x19b4b00 crc :-1 s=STATE_CONNECTION_ESTABLISHED l=0).read start len=32
2026-02-13T09:37:02.712+0000 7f5c9e1f9640 20 -- v2:127.0.0.1:7127/0 >> v2:127.0.0.1:7128/0 conn(0x19ea800 msgr2=0x19b4b00 crc :-1 s=STATE_CONNECTION_ESTABLISHED l=0).process
2026-02-13T09:37:02.712+0000 7f5c9e1f9640 20 -- v2:127.0.0.1:7127/0 >> v2:127.0.0.1:7128/0 conn(0x19ea800 msgr2=0x19b4b00 crc :-1 s=STATE_CONNECTION_ESTABLISHED l=0).read continue len=32
2026-02-13T09:37:02.712+0000 7f5c9e1f9640 20 --2- v2:127.0.0.1:7127/0 >> v2:127.0.0.1:7128/0 conn(0x19ea800 0x19b4b00 crc :-1 s=READY pgs=4 gs=4 cs=0 l=0 c_cookie=8938688379437965815 s_cookie=2416471792485608123 reconnecting=0 rev1=1 crypto rx=0 tx=0 comp rx=0 tx=0).handle_read_frame_preamble_main r=0
2026-02-13T09:37:02.712+0000 7f5c9e1f9640 20 --2- v2:127.0.0.1:7127/0 >> v2:127.0.0.1:7128/0 conn(0x19ea800 0x19b4b00 crc :-1 s=THROTTLE_MESSAGE pgs=4 gs=4 cs=0 l=0 c_cookie=8938688379437965815 s_cookie=2416471792485608123 reconnecting=0 rev1=1 crypto rx=0 tx=0 comp rx=0 tx=0).throttle_message
2026-02-13T09:37:02.712+0000 7f5c9e1f9640 20 --2- v2:127.0.0.1:7127/0 >> v2:127.0.0.1:7128/0 conn(0x19ea800 0x19b4b00 crc :-1 s=THROTTLE_BYTES pgs=4 gs=4 cs=0 l=0 c_cookie=8938688379437965815 s_cookie=2416471792485608123 reconnecting=0 rev1=1 crypto rx=0 tx=0 comp rx=0 tx=0).throttle_bytes
2026-02-13T09:37:02.712+0000 7f5c9e1f9640 20 --2- v2:127.0.0.1:7127/0 >> v2:127.0.0.1:7128/0 conn(0x19ea800 0x19b4b00 crc :-1 s=THROTTLE_DISPATCH_QUEUE pgs=4 gs=4 cs=0 l=0 c_cookie=8938688379437965815 s_cookie=2416471792485608123 reconnecting=0 rev1=1 crypto rx=0 tx=0 comp rx=0 tx=0).throttle_dispatch_queue
2026-02-13T09:37:02.712+0000 7f5c9e1f9640 20 --2- v2:127.0.0.1:7127/0 >> v2:127.0.0.1:7128/0 conn(0x19ea800 0x19b4b00 crc :-1 s=THROTTLE_DONE pgs=4 gs=4 cs=0 l=0 c_cookie=8938688379437965815 s_cookie=2416471792485608123 reconnecting=0 rev1=1 crypto rx=0 tx=0 comp rx=0 tx=0).read_frame_segment seg_idx=0
2026-02-13T09:37:02.712+0000 7f5c9e1f9640 20 -- v2:127.0.0.1:7127/0 >> v2:127.0.0.1:7128/0 conn(0x19ea800 msgr2=0x19b4b00 crc :-1 s=STATE_CONNECTION_ESTABLISHED l=0).read start len=45
2026-02-13T09:37:02.712+0000 7f5c9e1f9640 20 --2- v2:127.0.0.1:7127/0 >> v2:127.0.0.1:7128/0 conn(0x19ea800 0x19b4b00 crc :-1 s=THROTTLE_DONE pgs=4 gs=4 cs=0 l=0 c_cookie=8938688379437965815 s_cookie=2416471792485608123 reconnecting=0 rev1=1 crypto rx=0 tx=0 comp rx=0 tx=0).handle_read_frame_segment r=0
2026-02-13T09:37:02.712+0000 7f5c9e1f9640 20 --2- v2:127.0.0.1:7127/0 >> v2:127.0.0.1:7128/0 conn(0x19ea800 0x19b4b00 crc :-1 s=THROTTLE_DONE pgs=4 gs=4 cs=0 l=0 c_cookie=8938688379437965815 s_cookie=2416471792485608123 reconnecting=0 rev1=1 crypto rx=0 tx=0 comp rx=0 tx=0).read_frame_segment seg_idx=1
2026-02-13T09:37:02.712+0000 7f5c9e1f9640 20 -- v2:127.0.0.1:7127/0 >> v2:127.0.0.1:7128/0 conn(0x19ea800 msgr2=0x19b4b00 crc :-1 s=STATE_CONNECTION_ESTABLISHED l=0).read start len=118
2026-02-13T09:37:02.712+0000 7f5c9e1f9640 20 --2- v2:127.0.0.1:7127/0 >> v2:127.0.0.1:7128/0 conn(0x19ea800 0x19b4b00 crc :-1 s=THROTTLE_DONE pgs=4 gs=4 cs=0 l=0 c_cookie=8938688379437965815 s_cookie=2416471792485608123 reconnecting=0 rev1=1 crypto rx=0 tx=0 comp rx=0 tx=0).handle_read_frame_segment r=0
2026-02-13T09:37:02.712+0000 7f5c9e1f9640 20 -- v2:127.0.0.1:7127/0 >> v2:127.0.0.1:7128/0 conn(0x19ea800 msgr2=0x19b4b00 crc :-1 s=STATE_CONNECTION_ESTABLISHED l=0).read start len=13
2026-02-13T09:37:02.712+0000 7f5c9e1f9640 20 --2- v2:127.0.0.1:7127/0 >> v2:127.0.0.1:7128/0 conn(0x19ea800 0x19b4b00 crc :-1 s=THROTTLE_DONE pgs=4 gs=4 cs=0 l=0 c_cookie=8938688379437965815 s_cookie=2416471792485608123 reconnecting=0 rev1=1 crypto rx=0 tx=0 comp rx=0 tx=0).handle_read_frame_epilogue_main r=0
2026-02-13T09:37:02.712+0000 7f5c9e1f9640 10 --2- v2:127.0.0.1:7127/0 >> v2:127.0.0.1:7128/0 conn(0x19ea800 0x19b4b00 crc :-1 s=THROTTLE_DONE pgs=4 gs=4 cs=0 l=0 c_cookie=8938688379437965815 s_cookie=2416471792485608123 reconnecting=0 rev1=1 crypto rx=0 tx=0 comp rx=0 tx=0).handle_read_frame_dispatch tag=17
2026-02-13T09:37:02.712+0000 7f5c9e1f9640 20 --2- v2:127.0.0.1:7127/0 >> v2:127.0.0.1:7128/0 conn(0x19ea800 0x19b4b00 crc :-1 s=THROTTLE_DONE pgs=4 gs=4 cs=0 l=0 c_cookie=8938688379437965815 s_cookie=2416471792485608123 reconnecting=0 rev1=1 crypto rx=0 tx=0 comp rx=0 tx=0).handle_message
2026-02-13T09:37:02.712+0000 7f5c9e1f9640 5 --2- v2:127.0.0.1:7127/0 >> v2:127.0.0.1:7128/0 conn(0x19ea800 0x19b4b00 crc :-1 s=THROTTLE_DONE pgs=4 gs=4 cs=0 l=0 c_cookie=8938688379437965815 s_cookie=2416471792485608123 reconnecting=0 rev1=1 crypto rx=0 tx=0 comp rx=0 tx=0).handle_message got 118 + 0 + 0 byte message. envelope type=66 src mon.1 off 0
2026-02-13T09:37:02.712+0000 7f5c9e1f9640 5 --2- v2:127.0.0.1:7127/0 >> v2:127.0.0.1:7128/0 conn(0x19ea800 0x19b4b00 crc :-1 s=READ_MESSAGE_COMPLETE pgs=4 gs=4 cs=0 l=0 c_cookie=8938688379437965815 s_cookie=2416471792485608123 reconnecting=0 rev1=1 crypto rx=0 tx=0 comp rx=0 tx=0).handle_message received message m=0x28ef800 seq=61 from=mon.1 type=66 paxos(lease_ack lc 10 fc 1 pn 0 opn 0)
2026-02-13T09:37:02.712+0000 7f5c9e1f9640 20 -- v2:127.0.0.1:7127/0 queue 0x28ef800 prio 196
2026-02-13T09:37:02.712+0000 7f5c9e1f9640 15 --2- v2:127.0.0.1:7127/0 >> v2:127.0.0.1:7128/0 conn(0x19ea800 0x19b4b00 crc :-1 s=READY pgs=4 gs=4 cs=0 l=0 c_cookie=8938688379437965815 s_cookie=2416471792485608123 reconnecting=0 rev1=1 crypto rx=0 tx=0 comp rx=0 tx=0).handle_message_ack seq=82
2026-02-13T09:37:02.712+0000 7f5c9e1f9640 20 --2- v2:127.0.0.1:7127/0 >> v2:127.0.0.1:7128/0 conn(0x19ea800 0x19b4b00 crc :-1 s=READY pgs=4 gs=4 cs=0 l=0 c_cookie=8938688379437965815 s_cookie=2416471792485608123 reconnecting=0 rev1=1 crypto rx=0 tx=0 comp rx=0 tx=0).read_frame
2026-02-13T09:37:02.712+0000 7f5c9e1f9640 20 -- v2:127.0.0.1:7127/0 >> v2:127.0.0.1:7128/0 conn(0x19ea800 msgr2=0x19b4b00 crc :-1 s=STATE_CONNECTION_ESTABLISHED l=0).read start len=32
2026-02-13T09:37:02.712+0000 7f5c9e1f9640 10 -- v2:127.0.0.1:7127/0 >> v2:127.0.0.1:7128/0 conn(0x19ea800 msgr2=0x19b4b00 crc :-1 s=STATE_CONNECTION_ESTABLISHED l=0).handle_write
2026-02-13T09:37:02.712+0000 7f5c9e1f9640 10 --2- v2:127.0.0.1:7127/0 >> v2:127.0.0.1:7128/0 conn(0x19ea800 0x19b4b00 crc :-1 s=READY pgs=4 gs=4 cs=0 l=0 c_cookie=8938688379437965815 s_cookie=2416471792485608123 reconnecting=0 rev1=1 crypto rx=0 tx=0 comp rx=0 tx=0).write_event
2026-02-13T09:37:02.712+0000 7f5c9a1f1640 1 -- v2:127.0.0.1:7127/0 <== mon.1 v2:127.0.0.1:7128/0 61 ==== paxos(lease_ack lc 10 fc 1 pn 0 opn 0) ==== 118+0+0 (crc 0 0 0) 0x28ef800 con 0x19ea800
2026-02-13T09:37:02.712+0000 7f5c9e1f9640 10 --2- v2:127.0.0.1:7127/0 >> v2:127.0.0.1:7128/0 conn(0x19ea800 0x19b4b00 crc :-1 s=READY pgs=4 gs=4 cs=0 l=0 c_cookie=8938688379437965815 s_cookie=2416471792485608123 reconnecting=0 rev1=1 crypto rx=0 tx=0 comp rx=0 tx=0).write_event try send msg ack, acked 1 messages
2026-02-13T09:37:02.712+0000 7f5c9a1f1640 20 mon.a@0(leader) e1 _ms_dispatch existing session 0x28666c0 for mon.1
2026-02-13T09:37:02.712+0000 7f5c9a1f1640 20 mon.a@0(leader) e1 entity_name global_id 0 (none) caps allow *
2026-02-13T09:37:02.712+0000 7f5c9a1f1640 20 MonCap is_capable service=mon command= read addr v2:127.0.0.1:7128/0 on cap allow *
2026-02-13T09:37:02.712+0000 7f5c9a1f1640 20 MonCap allow so far , doing grant allow *
2026-02-13T09:37:02.712+0000 7f5c9e1f9640 10 -- v2:127.0.0.1:7127/0 >> v2:127.0.0.1:7128/0 conn(0x19ea800 msgr2=0x19b4b00 crc :-1 s=STATE_CONNECTION_ESTABLISHED l=0)._try_send sent bytes 44 remaining bytes 0
2026-02-13T09:37:02.712+0000 7f5c9a1f1640 20 MonCap allow all
2026-02-13T09:37:02.712+0000 7f5c9a1f1640 20 MonCap is_capable service=mon command= exec addr v2:127.0.0.1:7128/0 on cap allow *
2026-02-13T09:37:02.712+0000 7f5c9a1f1640 20 MonCap allow so far , doing grant allow *
2026-02-13T09:37:02.712+0000 7f5c9a1f1640 20 MonCap allow all
2026-02-13T09:37:02.712+0000 7f5c9a1f1640 10 mon.a@0(leader).paxos(paxos active c 1..10) handle_lease_ack from mon.1 -- got everyone
2026-02-13T09:37:02.712+0000 7f5c9a1f1640 10 -- v2:127.0.0.1:7127/0 dispatch_throttle_release 118 to dispatch throttler 118/104857600
2026-02-13T09:37:02.712+0000 7f5c9a1f1640 20 -- v2:127.0.0.1:7127/0 done calling dispatch on 0x28ef800
2026-02-13T09:37:02.732+0000 7f5c981ed640 10 Processor -- accept listen_fd=25
2026-02-13T09:37:02.732+0000 7f5c981ed640 10 Processor -- accept accepted incoming on sd 29
2026-02-13T09:37:02.732+0000 7f5c981ed640 10 -- v2:127.0.0.1:7127/0 >> conn(0x19ebc00 msgr2=0x2959080 unknown :-1 s=STATE_NONE l=0).accept sd=29 listen_addr v2:127.0.0.1:7127/0 peer_addr v2:127.0.0.1:42178/0
2026-02-13T09:37:02.732+0000 7f5c981ed640 1 --2- v2:127.0.0.1:7127/0 >> conn(0x19ebc00 0x2959080 unknown :-1 s=NONE pgs=0 gs=0 cs=0 l=0 c_cookie=0 s_cookie=0 reconnecting=0 rev1=0 crypto rx=0 tx=0 comp rx=0 tx=0).accept
2026-02-13T09:37:02.732+0000 7f5c981ed640 20 Event(0x189a2c8 nevent=5000 time_id=5).wakeup
2026-02-13T09:37:02.732+0000 7f5c981ed640 10 Processor -- accept accepted incoming on sd 34
2026-02-13T09:37:02.732+0000 7f5c981ed640 10 -- v2:127.0.0.1:7127/0 >> conn(0x28f7400 msgr2=0x2958b00 unknown :-1 s=STATE_NONE l=0).accept sd=34 listen_addr v2:127.0.0.1:7127/0 peer_addr v2:127.0.0.1:42182/0
2026-02-13T09:37:02.732+0000 7f5c989ee640 20 -- v2:127.0.0.1:7127/0 >> conn(0x19ebc00 msgr2=0x2959080 unknown :-1 s=STATE_ACCEPTING l=0).process
2026-02-13T09:37:02.732+0000 7f5c989ee640 20 Event(0x189a2c8 nevent=5000 time_id=5).create_file_event create event started fd=29 mask=1 original mask is 0
2026-02-13T09:37:02.732+0000 7f5c981ed640 1 --2- v2:127.0.0.1:7127/0 >> conn(0x28f7400 0x2958b00 unknown :-1 s=NONE pgs=0 gs=0 cs=0 l=0 c_cookie=0 s_cookie=0 reconnecting=0 rev1=0 crypto rx=0 tx=0 comp rx=0 tx=0).accept
2026-02-13T09:37:02.732+0000 7f5c989ee640 20 EpollDriver.add_event add event fd=29 cur_mask=0 add_mask=1 to 21
2026-02-13T09:37:02.732+0000 7f5c981ed640 20 Event(0x189abc8 nevent=5000 time_id=5).wakeup
2026-02-13T09:37:02.732+0000 7f5c989ee640 20 Event(0x189a2c8 nevent=5000 time_id=5).create_file_event create event end fd=29 mask=1 current mask is 1
2026-02-13T09:37:02.732+0000 7f5c989ee640 20 --2- v2:127.0.0.1:7127/0 >> conn(0x19ebc00 0x2959080 unknown :-1 s=START_ACCEPT pgs=0 gs=0 cs=0 l=0 c_cookie=0 s_cookie=0 reconnecting=0 rev1=0 crypto rx=0 tx=0 comp rx=0 tx=0).read_event
2026-02-13T09:37:02.732+0000 7f5c989ee640 20 --2- v2:127.0.0.1:7127/0 >> conn(0x19ebc00 0x2959080 unknown :-1 s=START_ACCEPT pgs=0 gs=0 cs=0 l=0 c_cookie=0 s_cookie=0 reconnecting=0 rev1=0 crypto rx=0 tx=0 comp rx=0 tx=0).start_server_banner_exchange
2026-02-13T09:37:02.732+0000 7f5c989ee640 20 --2- v2:127.0.0.1:7127/0 >> conn(0x19ebc00 0x2959080 unknown :-1 s=BANNER_ACCEPTING pgs=0 gs=0 cs=0 l=0 c_cookie=0 s_cookie=0 reconnecting=0 rev1=0 crypto rx=0 tx=0 comp rx=0 tx=0)._banner_exchange
2026-02-13T09:37:02.732+0000 7f5c9e1f9640 20 -- v2:127.0.0.1:7127/0 >> conn(0x28f7400 msgr2=0x2958b00 unknown :-1 s=STATE_ACCEPTING l=0).process
2026-02-13T09:37:02.732+0000 7f5c9e1f9640 20 Event(0x189abc8 nevent=5000 time_id=5).create_file_event create event started fd=34 mask=1 original mask is 0
2026-02-13T09:37:02.732+0000 7f5c9e1f9640 20 EpollDriver.add_event add event fd=34 cur_mask=0 add_mask=1 to 23
2026-02-13T09:37:02.732+0000 7f5c9e1f9640 20 Event(0x189abc8 nevent=5000 time_id=5).create_file_event create event end fd=34 mask=1 current mask is 1
2026-02-13T09:37:02.732+0000 7f5c9e1f9640 20 --2- v2:127.0.0.1:7127/0 >> conn(0x28f7400 0x2958b00 unknown :-1 s=START_ACCEPT pgs=0 gs=0 cs=0 l=0 c_cookie=0 s_cookie=0 reconnecting=0 rev1=0 crypto rx=0 tx=0 comp rx=0 tx=0).read_event
2026-02-13T09:37:02.732+0000 7f5c9e1f9640 20 --2- v2:127.0.0.1:7127/0 >> conn(0x28f7400 0x2958b00 unknown :-1 s=START_ACCEPT pgs=0 gs=0 cs=0 l=0 c_cookie=0 s_cookie=0 reconnecting=0 rev1=0 crypto rx=0 tx=0 comp rx=0 tx=0).start_server_banner_exchange
2026-02-13T09:37:02.732+0000 7f5c9e1f9640 20 --2- v2:127.0.0.1:7127/0 >> conn(0x28f7400 0x2958b00 unknown :-1 s=BANNER_ACCEPTING pgs=0 gs=0 cs=0 l=0 c_cookie=0 s_cookie=0 reconnecting=0 rev1=0 crypto rx=0 tx=0 comp rx=0 tx=0)._banner_exchange
2026-02-13T09:37:02.732+0000 7f5c989ee640 10 -- v2:127.0.0.1:7127/0 >> conn(0x19ebc00 msgr2=0x2959080 unknown :-1 s=STATE_CONNECTION_ESTABLISHED l=0)._try_send sent bytes 26 remaining bytes 0
2026-02-13T09:37:02.732+0000 7f5c989ee640 20 -- v2:127.0.0.1:7127/0 >> conn(0x19ebc00 msgr2=0x2959080 unknown :-1 s=STATE_CONNECTION_ESTABLISHED l=0).read start len=10
2026-02-13T09:37:02.732+0000 7f5c9e1f9640 10 -- v2:127.0.0.1:7127/0 >> conn(0x28f7400 msgr2=0x2958b00 unknown :-1 s=STATE_CONNECTION_ESTABLISHED l=0)._try_send sent bytes 26 remaining bytes 0
2026-02-13T09:37:02.732+0000 7f5c9e1f9640 20 -- v2:127.0.0.1:7127/0 >> conn(0x28f7400 msgr2=0x2958b00 unknown :-1 s=STATE_CONNECTION_ESTABLISHED l=0).read start len=10
2026-02-13T09:37:02.732+0000 7f5c9e1f9640 20 --2- v2:127.0.0.1:7127/0 >> conn(0x28f7400 0x2958b00 unknown :-1 s=BANNER_ACCEPTING pgs=0 gs=0 cs=0 l=0 c_cookie=0 s_cookie=0 reconnecting=0 rev1=0 crypto rx=0 tx=0 comp rx=0 tx=0)._handle_peer_banner r=0
2026-02-13T09:37:02.732+0000 7f5c9e1f9640 20 -- v2:127.0.0.1:7127/0 >> conn(0x28f7400 msgr2=0x2958b00 unknown :-1 s=STATE_CONNECTION_ESTABLISHED l=0).read start len=16
2026-02-13T09:37:02.732+0000 7f5c9e1f9640 20 --2- v2:127.0.0.1:7127/0 >> conn(0x28f7400 0x2958b00 unknown :-1 s=BANNER_ACCEPTING pgs=0 gs=0 cs=0 l=0 c_cookie=0 s_cookie=0 reconnecting=0 rev1=0 crypto rx=0 tx=0 comp rx=0 tx=0)._handle_peer_banner_payload r=0
2026-02-13T09:37:02.732+0000 7f5c9e1f9640 1 --2- v2:127.0.0.1:7127/0 >> conn(0x28f7400 0x2958b00 unknown :-1 s=BANNER_ACCEPTING pgs=0 gs=0 cs=0 l=0 c_cookie=0 s_cookie=0 reconnecting=0 rev1=0 crypto rx=0 tx=0 comp rx=0 tx=0)._handle_peer_banner_payload supported=3 required=0
2026-02-13T09:37:02.732+0000 7f5c9e1f9640 10 -- v2:127.0.0.1:7127/0 >> conn(0x28f7400 msgr2=0x2958b00 unknown :-1 s=STATE_CONNECTION_ESTABLISHED l=0)._try_send sent bytes 72 remaining bytes 0
2026-02-13T09:37:02.732+0000 7f5c9e1f9640 20 --2- v2:127.0.0.1:7127/0 >> conn(0x28f7400 0x2958b00 unknown :-1 s=HELLO_ACCEPTING pgs=0 gs=0 cs=0 l=0 c_cookie=0 s_cookie=0 reconnecting=0 rev1=1 crypto rx=0 tx=0 comp rx=0 tx=0).read_frame
2026-02-13T09:37:02.732+0000 7f5c9e1f9640 20 -- v2:127.0.0.1:7127/0 >> conn(0x28f7400 msgr2=0x2958b00 unknown :-1 s=STATE_CONNECTION_ESTABLISHED l=0).read start len=32
2026-02-13T09:37:02.732+0000 7f5c9e1f9640 20 --2- v2:127.0.0.1:7127/0 >> conn(0x28f7400 0x2958b00 unknown :-1 s=HELLO_ACCEPTING pgs=0 gs=0 cs=0 l=0 c_cookie=0 s_cookie=0 reconnecting=0 rev1=1 crypto rx=0 tx=0 comp rx=0 tx=0).handle_read_frame_preamble_main r=0
2026-02-13T09:37:02.732+0000 7f5c9e1f9640 20 --2- v2:127.0.0.1:7127/0 >> conn(0x28f7400 0x2958b00 unknown :-1 s=HELLO_ACCEPTING pgs=0 gs=0 cs=0 l=0 c_cookie=0 s_cookie=0 reconnecting=0 rev1=1 crypto rx=0 tx=0 comp rx=0 tx=0).read_frame_segment seg_idx=0
2026-02-13T09:37:02.732+0000 7f5c9e1f9640 20 -- v2:127.0.0.1:7127/0 >> conn(0x28f7400 msgr2=0x2958b00 unknown :-1 s=STATE_CONNECTION_ESTABLISHED l=0).read start len=40
2026-02-13T09:37:02.732+0000 7f5c9e1f9640 20 --2- v2:127.0.0.1:7127/0 >> conn(0x28f7400 0x2958b00 unknown :-1 s=HELLO_ACCEPTING pgs=0 gs=0 cs=0 l=0 c_cookie=0 s_cookie=0 reconnecting=0 rev1=1 crypto rx=0 tx=0 comp rx=0 tx=0).handle_read_frame_segment r=0
2026-02-13T09:37:02.732+0000 7f5c9e1f9640 10 --2- v2:127.0.0.1:7127/0 >> conn(0x28f7400 0x2958b00 unknown :-1 s=HELLO_ACCEPTING pgs=0 gs=0 cs=0 l=0 c_cookie=0 s_cookie=0 reconnecting=0 rev1=1 crypto rx=0 tx=0 comp rx=0 tx=0).handle_read_frame_dispatch tag=1
2026-02-13T09:37:02.732+0000 7f5c9e1f9640 20 --2- v2:127.0.0.1:7127/0 >> conn(0x28f7400 0x2958b00 unknown :-1 s=HELLO_ACCEPTING pgs=0 gs=0 cs=0 l=0 c_cookie=0 s_cookie=0 reconnecting=0 rev1=1 crypto rx=0 tx=0 comp rx=0 tx=0).handle_hello payload.length()=36
2026-02-13T09:37:02.732+0000 7f5c9e1f9640 5 --2- v2:127.0.0.1:7127/0 >> conn(0x28f7400 0x2958b00 unknown :-1 s=HELLO_ACCEPTING pgs=0 gs=0 cs=0 l=0 c_cookie=0 s_cookie=0 reconnecting=0 rev1=1 crypto rx=0 tx=0 comp rx=0 tx=0).handle_hello received hello: peer_type=8 peer_addr_for_me=v2:127.0.0.1:7127/0
2026-02-13T09:37:02.732+0000 7f5c9e1f9640 5 --2- v2:127.0.0.1:7127/0 >> conn(0x28f7400 0x2958b00 unknown :-1 s=HELLO_ACCEPTING pgs=0 gs=0 cs=0 l=0 c_cookie=0 s_cookie=0 reconnecting=0 rev1=1 crypto rx=0 tx=0 comp rx=0 tx=0).handle_hello getsockname says I am 127.0.0.1:7127 when talking to v2:127.0.0.1:42182/0
2026-02-13T09:37:02.732+0000 7f5c9e1f9640 10 --2- v2:127.0.0.1:7127/0 >> conn(0x28f7400 0x2958b00 unknown :-1 s=HELLO_ACCEPTING pgs=0 gs=0 cs=0 l=1 c_cookie=0 s_cookie=0 reconnecting=0 rev1=1 crypto rx=0 tx=0 comp rx=0 tx=0).handle_hello accept of host_type 8, policy.lossy=1 policy.server=1 policy.standby=0 policy.resetcheck=0
2026-02-13T09:37:02.732+0000 7f5c9e1f9640 20 --2- v2:127.0.0.1:7127/0 >> conn(0x28f7400 0x2958b00 unknown :-1 s=HELLO_ACCEPTING pgs=0 gs=0 cs=0 l=1 c_cookie=0 s_cookie=0 reconnecting=0 rev1=1 crypto rx=0 tx=0 comp rx=0 tx=0).post_server_banner_exchange
2026-02-13T09:37:02.732+0000 7f5c9e1f9640 20 --2- v2:127.0.0.1:7127/0 >> conn(0x28f7400 0x2958b00 unknown :-1 s=AUTH_ACCEPTING pgs=0 gs=0 cs=0 l=1 c_cookie=0 s_cookie=0 reconnecting=0 rev1=1 crypto rx=0 tx=0 comp rx=0 tx=0).read_frame
2026-02-13T09:37:02.732+0000 7f5c9e1f9640 20 -- v2:127.0.0.1:7127/0 >> conn(0x28f7400 msgr2=0x2958b00 unknown :-1 s=STATE_CONNECTION_ESTABLISHED l=1).read start len=32
2026-02-13T09:37:02.732+0000 7f5c9e1f9640 20 -- v2:127.0.0.1:7127/0 >> conn(0x28f7400 msgr2=0x2958b00 unknown :-1 s=STATE_CONNECTION_ESTABLISHED l=1).process
2026-02-13T09:37:02.732+0000 7f5c9e1f9640 20 -- v2:127.0.0.1:7127/0 >> conn(0x28f7400 msgr2=0x2958b00 unknown :-1 s=STATE_CONNECTION_ESTABLISHED l=1).read continue len=32
2026-02-13T09:37:02.732+0000 7f5c9e1f9640 20 --2- v2:127.0.0.1:7127/0 >> conn(0x28f7400 0x2958b00 unknown :-1 s=AUTH_ACCEPTING pgs=0 gs=0 cs=0 l=1 c_cookie=0 s_cookie=0 reconnecting=0 rev1=1 crypto rx=0 tx=0 comp rx=0 tx=0).handle_read_frame_preamble_main r=0
2026-02-13T09:37:02.732+0000 7f5c9e1f9640 20 --2- v2:127.0.0.1:7127/0 >> conn(0x28f7400 0x2958b00 unknown :-1 s=AUTH_ACCEPTING pgs=0 gs=0 cs=0 l=1 c_cookie=0 s_cookie=0 reconnecting=0 rev1=1 crypto rx=0 tx=0 comp rx=0 tx=0).read_frame_segment seg_idx=0
2026-02-13T09:37:02.732+0000 7f5c9e1f9640 20 -- v2:127.0.0.1:7127/0 >> conn(0x28f7400 msgr2=0x2958b00 unknown :-1 s=STATE_CONNECTION_ESTABLISHED l=1).read start len=42
2026-02-13T09:37:02.732+0000 7f5c9e1f9640 20 --2- v2:127.0.0.1:7127/0 >> conn(0x28f7400 0x2958b00 unknown :-1 s=AUTH_ACCEPTING pgs=0 gs=0 cs=0 l=1 c_cookie=0 s_cookie=0 reconnecting=0 rev1=1 crypto rx=0 tx=0 comp rx=0 tx=0).handle_read_frame_segment r=0
2026-02-13T09:37:02.732+0000 7f5c9e1f9640 10 --2- v2:127.0.0.1:7127/0 >> conn(0x28f7400 0x2958b00 unknown :-1 s=AUTH_ACCEPTING pgs=0 gs=0 cs=0 l=1 c_cookie=0 s_cookie=0 reconnecting=0 rev1=1 crypto rx=0 tx=0 comp rx=0 tx=0).handle_read_frame_dispatch tag=2
2026-02-13T09:37:02.732+0000 7f5c9e1f9640 20 --2- v2:127.0.0.1:7127/0 >> conn(0x28f7400 0x2958b00 unknown :-1 s=AUTH_ACCEPTING pgs=0 gs=0 cs=0 l=1 c_cookie=0 s_cookie=0 reconnecting=0 rev1=1 crypto rx=0 tx=0 comp rx=0 tx=0).handle_auth_request payload.length()=38
2026-02-13T09:37:02.732+0000 7f5c9e1f9640 10 --2- v2:127.0.0.1:7127/0 >> conn(0x28f7400 0x2958b00 unknown :-1 s=AUTH_ACCEPTING pgs=0 gs=0 cs=0 l=1 c_cookie=0 s_cookie=0 reconnecting=0 rev1=1 crypto rx=0 tx=0 comp rx=0 tx=0).handle_auth_request AuthRequest(method=1, preferred_modes=[1], payload_len=22)
2026-02-13T09:37:02.732+0000 7f5c9e1f9640 10 mon.a@0(leader) e1 handle_auth_request con 0x28f7400 (start) method 1 payload 22
2026-02-13T09:37:02.732+0000 7f5c9e1f9640 10 mon.a@0(leader).auth v2 _assign_global_id 4119 (max 14096)
2026-02-13T09:37:02.732+0000 7f5c9e1f9640 10 mon.a@0(leader) e1 ms_handle_fast_authentication session 0x291eb40 con 0x28f7400 addr - MonSession(unknown.0 is open , features 0x0 (unknown))
2026-02-13T09:37:02.732+0000 7f5c9e1f9640 10 -- v2:127.0.0.1:7127/0 >> conn(0x28f7400 msgr2=0x2958b00 crc :-1 s=STATE_CONNECTION_ESTABLISHED l=1)._try_send sent bytes 52 remaining bytes 0
2026-02-13T09:37:02.732+0000 7f5c9e1f9640 10 -- v2:127.0.0.1:7127/0 >> conn(0x28f7400 msgr2=0x2958b00 crc :-1 s=STATE_CONNECTION_ESTABLISHED l=1)._try_send sent bytes 68 remaining bytes 0
2026-02-13T09:37:02.732+0000 7f5c9e1f9640 20 --2- v2:127.0.0.1:7127/0 >> conn(0x28f7400 0x2958b00 crc :-1 s=AUTH_ACCEPTING_SIGN pgs=0 gs=0 cs=0 l=1 c_cookie=0 s_cookie=0 reconnecting=0 rev1=1 crypto rx=0 tx=0 comp rx=0 tx=0).read_frame
2026-02-13T09:37:02.732+0000 7f5c9e1f9640 20 -- v2:127.0.0.1:7127/0 >> conn(0x28f7400 msgr2=0x2958b00 crc :-1 s=STATE_CONNECTION_ESTABLISHED l=1).read start len=32
2026-02-13T09:37:02.732+0000 7f5c989ee640 20 -- v2:127.0.0.1:7127/0 >> conn(0x19ebc00 msgr2=0x2959080 unknown :-1 s=STATE_CONNECTION_ESTABLISHED l=0).process
2026-02-13T09:37:02.732+0000 7f5c989ee640 20 -- v2:127.0.0.1:7127/0 >> conn(0x19ebc00 msgr2=0x2959080 unknown :-1 s=STATE_CONNECTION_ESTABLISHED l=0).read continue len=10
2026-02-13T09:37:02.732+0000 7f5c989ee640 1 -- v2:127.0.0.1:7127/0 >> conn(0x19ebc00 msgr2=0x2959080 unknown :-1 s=STATE_CONNECTION_ESTABLISHED l=0).read_bulk peer close file descriptor 29
2026-02-13T09:37:02.732+0000 7f5c989ee640 1 -- v2:127.0.0.1:7127/0 >> conn(0x19ebc00 msgr2=0x2959080 unknown :-1 s=STATE_CONNECTION_ESTABLISHED l=0).read_until read failed
2026-02-13T09:37:02.732+0000 7f5c9e1f9640 20 -- v2:127.0.0.1:7127/0 >> conn(0x28f7400 msgr2=0x2958b00 crc :-1 s=STATE_CONNECTION_ESTABLISHED l=1).process
2026-02-13T09:37:02.732+0000 7f5c989ee640 20 --2- v2:127.0.0.1:7127/0 >> conn(0x19ebc00 0x2959080 unknown :-1 s=BANNER_ACCEPTING pgs=0 gs=0 cs=0 l=0 c_cookie=0 s_cookie=0 reconnecting=0 rev1=0 crypto rx=0 tx=0 comp rx=0 tx=0)._handle_peer_banner r=-1
2026-02-13T09:37:02.732+0000 7f5c9e1f9640 20 -- v2:127.0.0.1:7127/0 >> conn(0x28f7400 msgr2=0x2958b00 crc :-1 s=STATE_CONNECTION_ESTABLISHED l=1).read continue len=32
2026-02-13T09:37:02.732+0000 7f5c9e1f9640 20 --2- v2:127.0.0.1:7127/0 >> conn(0x28f7400 0x2958b00 crc :-1 s=AUTH_ACCEPTING_SIGN pgs=0 gs=0 cs=0 l=1 c_cookie=0 s_cookie=0 reconnecting=0 rev1=1 crypto rx=0 tx=0 comp rx=0 tx=0).handle_read_frame_preamble_main r=0
2026-02-13T09:37:02.732+0000 7f5c9e1f9640 20 --2- v2:127.0.0.1:7127/0 >> conn(0x28f7400 0x2958b00 crc :-1 s=AUTH_ACCEPTING_SIGN pgs=0 gs=0 cs=0 l=1 c_cookie=0 s_cookie=0 reconnecting=0 rev1=1 crypto rx=0 tx=0 comp rx=0 tx=0).read_frame_segment seg_idx=0
2026-02-13T09:37:02.732+0000 7f5c9e1f9640 20 -- v2:127.0.0.1:7127/0 >> conn(0x28f7400 msgr2=0x2958b00 crc :-1 s=STATE_CONNECTION_ESTABLISHED l=1).read start len=36
2026-02-13T09:37:02.732+0000 7f5c989ee640 1 --2- v2:127.0.0.1:7127/0 >> conn(0x19ebc00 0x2959080 unknown :-1 s=BANNER_ACCEPTING pgs=0 gs=0 cs=0 l=0 c_cookie=0 s_cookie=0 reconnecting=0 rev1=0 crypto rx=0 tx=0 comp rx=0 tx=0)._handle_peer_banner read peer banner failed r=-1 ((1) Operation not permitted)
2026-02-13T09:37:02.732+0000 7f5c9e1f9640 20 --2- v2:127.0.0.1:7127/0 >> conn(0x28f7400 0x2958b00 crc :-1 s=AUTH_ACCEPTING_SIGN pgs=0 gs=0 cs=0 l=1 c_cookie=0 s_cookie=0 reconnecting=0 rev1=1 crypto rx=0 tx=0 comp rx=0 tx=0).handle_read_frame_segment r=0
2026-02-13T09:37:02.732+0000 7f5c989ee640 10 --2- v2:127.0.0.1:7127/0 >> conn(0x19ebc00 0x2959080 unknown :-1 s=BANNER_ACCEPTING pgs=0 gs=0 cs=0 l=0 c_cookie=0 s_cookie=0 reconnecting=0 rev1=0 crypto rx=0 tx=0 comp rx=0 tx=0)._fault
2026-02-13T09:37:02.732+0000 7f5c9e1f9640 10 --2- v2:127.0.0.1:7127/0 >> conn(0x28f7400 0x2958b00 crc :-1 s=AUTH_ACCEPTING_SIGN pgs=0 gs=0 cs=0 l=1 c_cookie=0 s_cookie=0 reconnecting=0 rev1=1 crypto rx=0 tx=0 comp rx=0 tx=0).handle_read_frame_dispatch tag=7
2026-02-13T09:37:02.732+0000 7f5c989ee640 2 --2- v2:127.0.0.1:7127/0 >> conn(0x19ebc00 0x2959080 unknown :-1 s=BANNER_ACCEPTING pgs=0 gs=0 cs=0 l=0 c_cookie=0 s_cookie=0 reconnecting=0 rev1=0 crypto rx=0 tx=0 comp rx=0 tx=0)._fault with nothing to send and in the half accept state just closed
2026-02-13T09:37:02.732+0000 7f5c9e1f9640 20 --2- v2:127.0.0.1:7127/0 >> conn(0x28f7400 0x2958b00 crc :-1 s=AUTH_ACCEPTING_SIGN pgs=0 gs=0 cs=0 l=1 c_cookie=0 s_cookie=0 reconnecting=0 rev1=1 crypto rx=0 tx=0 comp rx=0 tx=0).handle_auth_signature payload.length()=32
2026-02-13T09:37:02.732+0000 7f5c989ee640 1 --2- v2:127.0.0.1:7127/0 >> conn(0x19ebc00 0x2959080 unknown :-1 s=BANNER_ACCEPTING pgs=0 gs=0 cs=0 l=0 c_cookie=0 s_cookie=0 reconnecting=0 rev1=0 crypto rx=0 tx=0 comp rx=0 tx=0).stop
2026-02-13T09:37:02.732+0000 7f5c989ee640 5 --2- v2:127.0.0.1:7127/0 >> conn(0x19ebc00 0x2959080 unknown :-1 s=BANNER_ACCEPTING pgs=0 gs=0 cs=0 l=0 c_cookie=0 s_cookie=0 reconnecting=0 rev1=0 crypto rx=0 tx=0 comp rx=0 tx=0).reset_recv_state
2026-02-13T09:37:02.732+0000 7f5c989ee640 5 --2- v2:127.0.0.1:7127/0 >> conn(0x19ebc00 0x2959080 unknown :-1 s=BANNER_ACCEPTING pgs=0 gs=0 cs=0 l=0 c_cookie=0 s_cookie=0 reconnecting=0 rev1=0 crypto rx=0 tx=0 comp rx=0 tx=0).reset_security
2026-02-13T09:37:02.732+0000 7f5c9e1f9640 20 --2- v2:127.0.0.1:7127/0 >> conn(0x28f7400 0x2958b00 crc :-1 s=AUTH_ACCEPTING_SIGN pgs=0 gs=0 cs=0 l=1 c_cookie=0 s_cookie=0 reconnecting=0 rev1=1 crypto rx=0 tx=0 comp rx=0 tx=0).handle_auth_signature pre-auth signature success sig_frame.signature()=0000000000000000000000000000000000000000000000000000000000000000
2026-02-13T09:37:02.732+0000 7f5c989ee640 5 --2- v2:127.0.0.1:7127/0 >> conn(0x19ebc00 0x2959080 unknown :-1 s=BANNER_ACCEPTING pgs=0 gs=0 cs=0 l=0 c_cookie=0 s_cookie=0 reconnecting=0 rev1=0 crypto rx=0 tx=0 comp rx=0 tx=0).reset_compression
2026-02-13T09:37:02.732+0000 7f5c989ee640 10 --2- v2:127.0.0.1:7127/0 >> conn(0x19ebc00 0x2959080 unknown :-1 s=BANNER_ACCEPTING pgs=0 gs=0 cs=0 l=0 c_cookie=0 s_cookie=0 reconnecting=0 rev1=0 crypto rx=0 tx=0 comp rx=0 tx=0).discard_out_queue started
2026-02-13T09:37:02.732+0000 7f5c9e1f9640 20 --2- v2:127.0.0.1:7127/0 >> conn(0x28f7400 0x2958b00 crc :-1 s=AUTH_ACCEPTING_SIGN pgs=0 gs=0 cs=0 l=1 c_cookie=0 s_cookie=0 reconnecting=0 rev1=1 crypto rx=0 tx=0 comp rx=0 tx=0).finish_server_auth
2026-02-13T09:37:02.732+0000 7f5c989ee640 20 Event(0x189b288 nevent=5000 time_id=15).wakeup
2026-02-13T09:37:02.732+0000 7f5c9e1f9640 20 --2- v2:127.0.0.1:7127/0 >> conn(0x28f7400 0x2958b00 crc :-1 s=COMPRESSION_ACCEPTING pgs=0 gs=0 cs=0 l=1 c_cookie=0 s_cookie=0 reconnecting=0 rev1=1 crypto rx=0 tx=0 comp rx=0 tx=0).read_frame
2026-02-13T09:37:02.732+0000 7f5c9e1f9640 20 -- v2:127.0.0.1:7127/0 >> conn(0x28f7400 msgr2=0x2958b00 crc :-1 s=STATE_CONNECTION_ESTABLISHED l=1).read start len=32
2026-02-13T09:37:02.732+0000 7f5c989ee640 20 EpollDriver.del_event del event fd=29 cur_mask=1 delmask=3 to 21
2026-02-13T09:37:02.732+0000 7f5c981ed640 1 -- v2:127.0.0.1:7127/0 reap_dead start
2026-02-13T09:37:02.732+0000 7f5c9e1f9640 20 --2- v2:127.0.0.1:7127/0 >> conn(0x28f7400 0x2958b00 crc :-1 s=COMPRESSION_ACCEPTING pgs=0 gs=0 cs=0 l=1 c_cookie=0 s_cookie=0 reconnecting=0 rev1=1 crypto rx=0 tx=0 comp rx=0 tx=0).handle_read_frame_preamble_main r=0
2026-02-13T09:37:02.732+0000 7f5c981ed640 5 -- v2:127.0.0.1:7127/0 reap_dead delete 0x19eb400
2026-02-13T09:37:02.732+0000 7f5c9a1f1640 10 mon.a@0(leader) e1 ms_handle_reset 0x19ebc00 -
2026-02-13T09:37:02.732+0000 7f5c9e1f9640 20 --2- v2:127.0.0.1:7127/0 >> conn(0x28f7400 0x2958b00 crc :-1 s=COMPRESSION_ACCEPTING pgs=0 gs=0 cs=0 l=1 c_cookie=0 s_cookie=0 reconnecting=0 rev1=1 crypto rx=0 tx=0 comp rx=0 tx=0).read_frame_segment seg_idx=0
2026-02-13T09:37:02.732+0000 7f5c981ed640 5 -- v2:127.0.0.1:7127/0 reap_dead delete 0x19eb800
2026-02-13T09:37:02.732+0000 7f5c9e1f9640 20 -- v2:127.0.0.1:7127/0 >> conn(0x28f7400 msgr2=0x2958b00 crc :-1 s=STATE_CONNECTION_ESTABLISHED l=1).read start len=9
2026-02-13T09:37:02.732+0000 7f5c981ed640 5 -- v2:127.0.0.1:7127/0 reap_dead delete 0x19ebc00
2026-02-13T09:37:02.732+0000 7f5c981ed640 5 -- v2:127.0.0.1:7127/0 reap_dead delete 0x28f7000
2026-02-13T09:37:02.732+0000 7f5c9e1f9640 20 --2- v2:127.0.0.1:7127/0 >> conn(0x28f7400 0x2958b00 crc :-1 s=COMPRESSION_ACCEPTING pgs=0 gs=0 cs=0 l=1 c_cookie=0 s_cookie=0 reconnecting=0 rev1=1 crypto rx=0 tx=0 comp rx=0 tx=0).handle_read_frame_segment r=0
2026-02-13T09:37:02.732+0000 7f5c981ed640 5 -- v2:127.0.0.1:7127/0 reap_dead delete 0x28f7800
2026-02-13T09:37:02.732+0000 7f5c9e1f9640 10 --2- v2:127.0.0.1:7127/0 >> conn(0x28f7400 0x2958b00 crc :-1 s=COMPRESSION_ACCEPTING pgs=0 gs=0 cs=0 l=1 c_cookie=0 s_cookie=0 reconnecting=0 rev1=1 crypto rx=0 tx=0 comp rx=0 tx=0).handle_read_frame_dispatch tag=21
2026-02-13T09:37:02.732+0000 7f5c9e1f9640 10 --2- v2:127.0.0.1:7127/0 >> conn(0x28f7400 0x2958b00 crc :-1 s=COMPRESSION_ACCEPTING pgs=0 gs=0 cs=0 l=1 c_cookie=0 s_cookie=0 reconnecting=0 rev1=1 crypto rx=0 tx=0 comp rx=0 tx=0).handle_compression_request CompressionRequestFrame(is_compress=0, preferred_methods=[])
2026-02-13T09:37:02.732+0000 7f5c9e1f9640 20 CompressorRegistry(0x1988a18) get_mode peer_type 8 is_secure 0
2026-02-13T09:37:02.732+0000 7f5c9e1f9640 10 -- v2:127.0.0.1:7127/0 >> conn(0x28f7400 msgr2=0x2958b00 crc :-1 s=STATE_CONNECTION_ESTABLISHED l=1)._try_send sent bytes 41 remaining bytes 0
2026-02-13T09:37:02.732+0000 7f5c9e1f9640 20 --2- v2:127.0.0.1:7127/0 >> conn(0x28f7400 0x2958b00 crc :-1 s=SESSION_ACCEPTING pgs=0 gs=0 cs=0 l=1 c_cookie=0 s_cookie=0 reconnecting=0 rev1=1 crypto rx=0 tx=0 comp rx=0 tx=0).read_frame
2026-02-13T09:37:02.732+0000 7f5c9e1f9640 20 -- v2:127.0.0.1:7127/0 >> conn(0x28f7400 msgr2=0x2958b00 crc :-1 s=STATE_CONNECTION_ESTABLISHED l=1).read start len=32
2026-02-13T09:37:02.732+0000 7f5c9e1f9640 20 -- v2:127.0.0.1:7127/0 >> conn(0x28f7400 msgr2=0x2958b00 crc :-1 s=STATE_CONNECTION_ESTABLISHED l=1).process
2026-02-13T09:37:02.732+0000 7f5c9e1f9640 20 -- v2:127.0.0.1:7127/0 >> conn(0x28f7400 msgr2=0x2958b00 crc :-1 s=STATE_CONNECTION_ESTABLISHED l=1).read continue len=32
2026-02-13T09:37:02.732+0000 7f5c9e1f9640 20 --2- v2:127.0.0.1:7127/0 >> conn(0x28f7400 0x2958b00 crc :-1 s=SESSION_ACCEPTING pgs=0 gs=0 cs=0 l=1 c_cookie=0 s_cookie=0 reconnecting=0 rev1=1 crypto rx=0 tx=0 comp rx=0 tx=0).handle_read_frame_preamble_main r=0
2026-02-13T09:37:02.732+0000 7f5c9e1f9640 20 --2- v2:127.0.0.1:7127/0 >> conn(0x28f7400 0x2958b00 crc :-1 s=SESSION_ACCEPTING pgs=0 gs=0 cs=0 l=1 c_cookie=0 s_cookie=0 reconnecting=0 rev1=1 crypto rx=0 tx=0 comp rx=0 tx=0).read_frame_segment seg_idx=0
2026-02-13T09:37:02.732+0000 7f5c9e1f9640 20 -- v2:127.0.0.1:7127/0 >> conn(0x28f7400 msgr2=0x2958b00 crc :-1 s=STATE_CONNECTION_ESTABLISHED l=1).read start len=127
2026-02-13T09:37:02.732+0000 7f5c9e1f9640 20 --2- v2:127.0.0.1:7127/0 >> conn(0x28f7400 0x2958b00 crc :-1 s=SESSION_ACCEPTING pgs=0 gs=0 cs=0 l=1 c_cookie=0 s_cookie=0 reconnecting=0 rev1=1 crypto rx=0 tx=0 comp rx=0 tx=0).handle_read_frame_segment r=0
2026-02-13T09:37:02.732+0000 7f5c9e1f9640 10 --2- v2:127.0.0.1:7127/0 >> conn(0x28f7400 0x2958b00 crc :-1 s=SESSION_ACCEPTING pgs=0 gs=0 cs=0 l=1 c_cookie=0 s_cookie=0 reconnecting=0 rev1=1 crypto rx=0 tx=0 comp rx=0 tx=0).handle_read_frame_dispatch tag=8
2026-02-13T09:37:02.732+0000 7f5c9e1f9640 20 --2- v2:127.0.0.1:7127/0 >> conn(0x28f7400 0x2958b00 crc :-1 s=SESSION_ACCEPTING pgs=0 gs=0 cs=0 l=1 c_cookie=0 s_cookie=0 reconnecting=0 rev1=1 crypto rx=0 tx=0 comp rx=0 tx=0).handle_client_ident payload.length()=123
2026-02-13T09:37:02.732+0000 7f5c9e1f9640 5 --2- v2:127.0.0.1:7127/0 >> conn(0x28f7400 0x2958b00 crc :-1 s=SESSION_ACCEPTING pgs=0 gs=0 cs=0 l=1 c_cookie=0 s_cookie=0 reconnecting=0 rev1=1 crypto rx=0 tx=0 comp rx=0 tx=0).handle_client_ident received client identification: addrs=127.0.0.1:0/1238896979 target=v2:127.0.0.1:7127/0 gid=-1 global_seq=3 features_supported=3f0ffffffffdffff features_required=800000000000000 flags=0 cookie=5a646f5386014bf4
2026-02-13T09:37:02.732+0000 7f5c9e1f9640 10 -- v2:127.0.0.1:7127/0 >> 127.0.0.1:0/1238896979 conn(0x28f7400 msgr2=0x2958b00 crc :-1 s=STATE_CONNECTION_ESTABLISHED l=1)._infer_target_addr 127.0.0.1:0/1238896979 -> 127.0.0.1:0/1238896979
2026-02-13T09:37:02.732+0000 7f5c9e1f9640 20 --2- v2:127.0.0.1:7127/0 >> 127.0.0.1:0/1238896979 conn(0x28f7400 0x2958b00 crc :-1 s=SESSION_ACCEPTING pgs=3 gs=0 cs=0 l=1 c_cookie=6513453365605780468 s_cookie=0 reconnecting=0 rev1=1 crypto rx=0 tx=0 comp rx=0 tx=0).send_server_ident
2026-02-13T09:37:02.732+0000 7f5c9e1f9640 10 --2- v2:127.0.0.1:7127/0 >> 127.0.0.1:0/1238896979 conn(0x28f7400 0x2958b00 crc :-1 s=SESSION_ACCEPTING pgs=3 gs=0 cs=0 l=1 c_cookie=6513453365605780468 s_cookie=0 reconnecting=0 rev1=1 crypto rx=0 tx=0 comp rx=0 tx=0).discard_requeued_up_to 0
2026-02-13T09:37:02.732+0000 7f5c9e1f9640 10 -- v2:127.0.0.1:7127/0 get_global_seq increment to global_seq=14
2026-02-13T09:37:02.732+0000 7f5c9e1f9640 5 --2- v2:127.0.0.1:7127/0 >> 127.0.0.1:0/1238896979 conn(0x28f7400 0x2958b00 crc :-1 s=SESSION_ACCEPTING pgs=3 gs=14 cs=0 l=1 c_cookie=6513453365605780468 s_cookie=0 reconnecting=0 rev1=1 crypto rx=0 tx=0 comp rx=0 tx=0).send_server_ident sending identification: addrs=v2:127.0.0.1:7127/0 gid=0 global_seq=14 features_supported=3f0ffffffffdffff features_required=c01020002040000 flags=1 cookie=0
2026-02-13T09:37:02.732+0000 7f5c9a1f1640 10 mon.a@0(leader) e1 ms_handle_accept con 0x28f7400 session 0x291eb40 registering session for 127.0.0.1:0/1238896979
2026-02-13T09:37:02.732+0000 7f5c9e1f9640 10 -- v2:127.0.0.1:7127/0 >> 127.0.0.1:0/1238896979 conn(0x28f7400 msgr2=0x2958b00 crc :-1 s=STATE_CONNECTION_ESTABLISHED l=1)._try_send sent bytes 124 remaining bytes 0
2026-02-13T09:37:02.732+0000 7f5c9e1f9640 20 --2- v2:127.0.0.1:7127/0 >> 127.0.0.1:0/1238896979 conn(0x28f7400 0x2958b00 crc :-1 s=SESSION_ACCEPTING pgs=3 gs=14 cs=0 l=1 c_cookie=6513453365605780468 s_cookie=0 reconnecting=0 rev1=1 crypto rx=0 tx=0 comp rx=0 tx=0).server_ready
2026-02-13T09:37:02.732+0000 7f5c9e1f9640 1 --2- v2:127.0.0.1:7127/0 >> 127.0.0.1:0/1238896979 conn(0x28f7400 0x2958b00 crc :-1 s=READY pgs=3 gs=14 cs=0 l=1 c_cookie=6513453365605780468 s_cookie=0 reconnecting=0 rev1=1 crypto rx=0 tx=0 comp rx=0 tx=0).ready entity=client.? client_cookie=5a646f5386014bf4 server_cookie=0 in_seq=0 out_seq=0
2026-02-13T09:37:02.732+0000 7f5c9e1f9640 20 --2- v2:127.0.0.1:7127/0 >> 127.0.0.1:0/1238896979 conn(0x28f7400 0x2958b00 crc :-1 s=READY pgs=3 gs=14 cs=0 l=1 c_cookie=6513453365605780468 s_cookie=0 reconnecting=0 rev1=1 crypto rx=0 tx=0 comp rx=0 tx=0).read_frame
2026-02-13T09:37:02.732+0000 7f5c9e1f9640 20 -- v2:127.0.0.1:7127/0 >> 127.0.0.1:0/1238896979 conn(0x28f7400 msgr2=0x2958b00 crc :-1 s=STATE_CONNECTION_ESTABLISHED l=1).read start len=32
2026-02-13T09:37:02.732+0000 7f5c9e1f9640 20 -- v2:127.0.0.1:7127/0 >> 127.0.0.1:0/1238896979 conn(0x28f7400 msgr2=0x2958b00 crc :-1 s=STATE_CONNECTION_ESTABLISHED l=1).process
2026-02-13T09:37:02.732+0000 7f5c9e1f9640 20 -- v2:127.0.0.1:7127/0 >> 127.0.0.1:0/1238896979 conn(0x28f7400 msgr2=0x2958b00 crc :-1 s=STATE_CONNECTION_ESTABLISHED l=1).read continue len=32
2026-02-13T09:37:02.732+0000 7f5c9e1f9640 20 --2- v2:127.0.0.1:7127/0 >> 127.0.0.1:0/1238896979 conn(0x28f7400 0x2958b00 crc :-1 s=READY pgs=3 gs=14 cs=0 l=1 c_cookie=6513453365605780468 s_cookie=0 reconnecting=0 rev1=1 crypto rx=0 tx=0 comp rx=0 tx=0).handle_read_frame_preamble_main r=0
2026-02-13T09:37:02.732+0000 7f5c9e1f9640 20 --2- v2:127.0.0.1:7127/0 >> 127.0.0.1:0/1238896979 conn(0x28f7400 0x2958b00 crc :-1 s=THROTTLE_MESSAGE pgs=3 gs=14 cs=0 l=1 c_cookie=6513453365605780468 s_cookie=0 reconnecting=0 rev1=1 crypto rx=0 tx=0 comp rx=0 tx=0).throttle_message
2026-02-13T09:37:02.732+0000 7f5c9e1f9640 20 --2- v2:127.0.0.1:7127/0 >> 127.0.0.1:0/1238896979 conn(0x28f7400 0x2958b00 crc :-1 s=THROTTLE_BYTES pgs=3 gs=14 cs=0 l=1 c_cookie=6513453365605780468 s_cookie=0 reconnecting=0 rev1=1 crypto rx=0 tx=0 comp rx=0 tx=0).throttle_bytes
2026-02-13T09:37:02.732+0000 7f5c9e1f9640 20 --2- v2:127.0.0.1:7127/0 >> 127.0.0.1:0/1238896979 conn(0x28f7400 0x2958b00 crc :-1 s=THROTTLE_DISPATCH_QUEUE pgs=3 gs=14 cs=0 l=1 c_cookie=6513453365605780468 s_cookie=0 reconnecting=0 rev1=1 crypto rx=0 tx=0 comp rx=0 tx=0).throttle_dispatch_queue
2026-02-13T09:37:02.732+0000 7f5c9e1f9640 20 --2- v2:127.0.0.1:7127/0 >> 127.0.0.1:0/1238896979 conn(0x28f7400 0x2958b00 crc :-1 s=THROTTLE_DONE pgs=3 gs=14 cs=0 l=1 c_cookie=6513453365605780468 s_cookie=0 reconnecting=0 rev1=1 crypto rx=0 tx=0 comp rx=0 tx=0).read_frame_segment seg_idx=0
2026-02-13T09:37:02.732+0000 7f5c9e1f9640 20 -- v2:127.0.0.1:7127/0 >> 127.0.0.1:0/1238896979 conn(0x28f7400 msgr2=0x2958b00 crc :-1 s=STATE_CONNECTION_ESTABLISHED l=1).read start len=45
2026-02-13T09:37:02.732+0000 7f5c9e1f9640 20 --2- v2:127.0.0.1:7127/0 >> 127.0.0.1:0/1238896979 conn(0x28f7400 0x2958b00 crc :-1 s=THROTTLE_DONE pgs=3 gs=14 cs=0 l=1 c_cookie=6513453365605780468 s_cookie=0 reconnecting=0 rev1=1 crypto rx=0 tx=0 comp rx=0 tx=0).handle_read_frame_segment r=0
2026-02-13T09:37:02.732+0000 7f5c9e1f9640 10 --2- v2:127.0.0.1:7127/0 >> 127.0.0.1:0/1238896979 conn(0x28f7400 0x2958b00 crc :-1 s=THROTTLE_DONE pgs=3 gs=14 cs=0 l=1 c_cookie=6513453365605780468 s_cookie=0 reconnecting=0 rev1=1 crypto rx=0 tx=0 comp rx=0 tx=0).handle_read_frame_dispatch tag=17
2026-02-13T09:37:02.732+0000 7f5c9e1f9640 20 --2- v2:127.0.0.1:7127/0 >> 127.0.0.1:0/1238896979 conn(0x28f7400 0x2958b00 crc :-1 s=THROTTLE_DONE pgs=3 gs=14 cs=0 l=1 c_cookie=6513453365605780468 s_cookie=0 reconnecting=0 rev1=1 crypto rx=0 tx=0 comp rx=0 tx=0).handle_message
2026-02-13T09:37:02.732+0000 7f5c9e1f9640 5 --2- v2:127.0.0.1:7127/0 >> 127.0.0.1:0/1238896979 conn(0x28f7400 0x2958b00 crc :-1 s=THROTTLE_DONE pgs=3 gs=14 cs=0 l=1 c_cookie=6513453365605780468 s_cookie=0 reconnecting=0 rev1=1 crypto rx=0 tx=0 comp rx=0 tx=0).handle_message got 0 + 0 + 0 byte message. envelope type=5 src client.? off 0
2026-02-13T09:37:02.732+0000 7f5c9e1f9640 5 --2- v2:127.0.0.1:7127/0 >> 127.0.0.1:0/1238896979 conn(0x28f7400 0x2958b00 crc :-1 s=READ_MESSAGE_COMPLETE pgs=3 gs=14 cs=0 l=1 c_cookie=6513453365605780468 s_cookie=0 reconnecting=0 rev1=1 crypto rx=0 tx=0 comp rx=0 tx=0).handle_message received message m=0x1868280 seq=1 from=client.? type=5 mon_getmap magic: 0
2026-02-13T09:37:02.732+0000 7f5c9e1f9640 20 -- v2:127.0.0.1:7127/0 queue 0x1868280 prio 127
2026-02-13T09:37:02.732+0000 7f5c9e1f9640 20 --2- v2:127.0.0.1:7127/0 >> 127.0.0.1:0/1238896979 conn(0x28f7400 0x2958b00 crc :-1 s=READY pgs=3 gs=14 cs=0 l=1 c_cookie=6513453365605780468 s_cookie=0 reconnecting=0 rev1=1 crypto rx=0 tx=0 comp rx=0 tx=0).read_frame
2026-02-13T09:37:02.732+0000 7f5c9e1f9640 20 -- v2:127.0.0.1:7127/0 >> 127.0.0.1:0/1238896979 conn(0x28f7400 msgr2=0x2958b00 crc :-1 s=STATE_CONNECTION_ESTABLISHED l=1).read start len=32
2026-02-13T09:37:02.732+0000 7f5c9e1f9640 20 --2- v2:127.0.0.1:7127/0 >> 127.0.0.1:0/1238896979 conn(0x28f7400 0x2958b00 crc :-1 s=READY pgs=3 gs=14 cs=0 l=1 c_cookie=6513453365605780468 s_cookie=0 reconnecting=0 rev1=1 crypto rx=0 tx=0 comp rx=0 tx=0).handle_read_frame_preamble_main r=0
2026-02-13T09:37:02.732+0000 7f5c9e1f9640 20 --2- v2:127.0.0.1:7127/0 >> 127.0.0.1:0/1238896979 conn(0x28f7400 0x2958b00 crc :-1 s=THROTTLE_MESSAGE pgs=3 gs=14 cs=0 l=1 c_cookie=6513453365605780468 s_cookie=0 reconnecting=0 rev1=1 crypto rx=0 tx=0 comp rx=0 tx=0).throttle_message
2026-02-13T09:37:02.732+0000 7f5c9a1f1640 1 -- v2:127.0.0.1:7127/0 <== client.? 127.0.0.1:0/1238896979 1 ==== mon_getmap magic: 0 ==== 0+0+0 (crc 0 0 0) 0x1868280 con 0x28f7400
2026-02-13T09:37:02.732+0000 7f5c9e1f9640 20 --2- v2:127.0.0.1:7127/0 >> 127.0.0.1:0/1238896979 conn(0x28f7400 0x2958b00 crc :-1 s=THROTTLE_BYTES pgs=3 gs=14 cs=0 l=1 c_cookie=6513453365605780468 s_cookie=0 reconnecting=0 rev1=1 crypto rx=0 tx=0 comp rx=0 tx=0).throttle_bytes
2026-02-13T09:37:02.732+0000 7f5c9a1f1640 20 mon.a@0(leader) e1 _ms_dispatch existing session 0x291eb40 for client.?
2026-02-13T09:37:02.732+0000 7f5c9e1f9640 10 --2- v2:127.0.0.1:7127/0 >> 127.0.0.1:0/1238896979 conn(0x28f7400 0x2958b00 crc :-1 s=THROTTLE_BYTES pgs=3 gs=14 cs=0 l=1 c_cookie=6513453365605780468 s_cookie=0 reconnecting=0 rev1=1 crypto rx=0 tx=0 comp rx=0 tx=0).throttle_bytes wants 54 bytes from policy throttler 54/104857600
2026-02-13T09:37:02.732+0000 7f5c9a1f1640 20 mon.a@0(leader) e1 entity_name client.admin global_id 4119 (none) caps allow *
2026-02-13T09:37:02.732+0000 7f5c9a1f1640 10 mon.a@0(leader) e1 handle_mon_get_map
2026-02-13T09:37:02.732+0000 7f5c9e1f9640 20 --2- v2:127.0.0.1:7127/0 >> 127.0.0.1:0/1238896979 conn(0x28f7400 0x2958b00 crc :-1 s=THROTTLE_DISPATCH_QUEUE pgs=3 gs=14 cs=0 l=1 c_cookie=6513453365605780468 s_cookie=0 reconnecting=0 rev1=1 crypto rx=0 tx=0 comp rx=0 tx=0).throttle_dispatch_queue
