2026-02-13T09:37:02.329+0000 7fc2bdbf1640 1 -- v2:127.0.0.1:7128/0 <== client.? 127.0.0.1:0/2516333897 2 ==== mon_subscribe({config=0+,monmap=0+}) ==== 54+0+0 (crc 0 0 0) 0x47a0000 con 0x473e800
2026-02-13T09:37:02.329+0000 7fc2c1bf9640 10 -- v2:127.0.0.1:7128/0 >> 127.0.0.1:0/2516333897 conn(0x473e800 msgr2=0x47a4b00 crc :-1 s=STATE_CONNECTION_ESTABLISHED l=1).handle_write
2026-02-13T09:37:02.329+0000 7fc2bdbf1640 20 mon.b@1(peon) e1 _ms_dispatch existing session 0x479a900 for client.?
2026-02-13T09:37:02.329+0000 7fc2c1bf9640 10 --2- v2:127.0.0.1:7128/0 >> 127.0.0.1:0/2516333897 conn(0x473e800 0x47a4b00 crc :-1 s=READY pgs=1 gs=13 cs=0 l=1 c_cookie=0 s_cookie=0 reconnecting=0 rev1=1 crypto rx=0 tx=0 comp rx=0 tx=0).write_event
2026-02-13T09:37:02.329+0000 7fc2bdbf1640 20 mon.b@1(peon) e1 entity_name client.admin global_id 4111 (none) caps allow *
2026-02-13T09:37:02.329+0000 7fc2c1bf9640 20 --2- v2:127.0.0.1:7128/0 >> 127.0.0.1:0/2516333897 conn(0x473e800 0x47a4b00 crc :-1 s=READY pgs=1 gs=13 cs=0 l=1 c_cookie=0 s_cookie=0 reconnecting=0 rev1=1 crypto rx=0 tx=0 comp rx=0 tx=0).prepare_send_message m=mon_map magic: 0
2026-02-13T09:37:02.329+0000 7fc2bdbf1640 10 mon.b@1(peon) e1 handle_subscribe mon_subscribe({config=0+,monmap=0+})
2026-02-13T09:37:02.329+0000 7fc2c1bf9640 20 --2- v2:127.0.0.1:7128/0 >> 127.0.0.1:0/2516333897 conn(0x473e800 0x47a4b00 crc :-1 s=READY pgs=1 gs=13 cs=0 l=1 c_cookie=0 s_cookie=0 reconnecting=0 rev1=1 crypto rx=0 tx=0 comp rx=0 tx=0).prepare_send_message encoding features 4544132024016699391 0x36d82c0 mon_map magic: 0
2026-02-13T09:37:02.329+0000 7fc2bdbf1640 10 mon.b@1(peon).config check_sub next 0 have 1
2026-02-13T09:37:02.329+0000 7fc2c1bf9640 2 --2- v2:127.0.0.1:7128/0 >> 127.0.0.1:0/2516333897 conn(0x473e800 0x47a4b00 crc :-1 s=READY pgs=1 gs=13 cs=0 l=1 c_cookie=0 s_cookie=0 reconnecting=0 rev1=1 crypto rx=0 tx=0 comp rx=0 tx=0).write_message sending message m=0x36d82c0 seq=1 mon_map magic: 0
2026-02-13T09:37:02.329+0000 7fc2bdbf1640 10 mon.b@1(peon).config refresh_config crush_location for remote_host trial096 is {}
2026-02-13T09:37:02.329+0000 7fc2bdbf1640 20 mon.b@1(peon).config refresh_config client.admin crush {} device_class
2026-02-13T09:37:02.329+0000 7fc2c1bf9640 20 --2- v2:127.0.0.1:7128/0 >> 127.0.0.1:0/2516333897 conn(0x473e800 0x47a4b00 crc :-1 s=READY pgs=1 gs=13 cs=0 l=1 c_cookie=0 s_cookie=0 reconnecting=0 rev1=1 crypto rx=0 tx=0 comp rx=0 tx=0).write_message sending m=0x36d82c0 seq=1 src=mon.1 off=0
2026-02-13T09:37:02.329+0000 7fc2bdbf1640 10 mon.b@1(peon).config maybe_send_config to client.? (changed)
2026-02-13T09:37:02.329+0000 7fc2bdbf1640 10 mon.b@1(peon).config send_config to client.?
2026-02-13T09:37:02.329+0000 7fc2bdbf1640 1 -- v2:127.0.0.1:7128/0 --> 127.0.0.1:0/2516333897 -- config(0 keys) -- 0x46d8c00 con 0x473e800
2026-02-13T09:37:02.329+0000 7fc2bdbf1640 5 --2- v2:127.0.0.1:7128/0 >> 127.0.0.1:0/2516333897 conn(0x473e800 0x47a4b00 crc :-1 s=READY pgs=1 gs=13 cs=0 l=1 c_cookie=0 s_cookie=0 reconnecting=0 rev1=1 crypto rx=0 tx=0 comp rx=0 tx=0).send_message enqueueing message m=0x46d8c00 type=62 config(0 keys)
2026-02-13T09:37:02.329+0000 7fc2bdbf1640 15 --2- v2:127.0.0.1:7128/0 >> 127.0.0.1:0/2516333897 conn(0x473e800 0x47a4b00 crc :-1 s=READY pgs=1 gs=13 cs=0 l=1 c_cookie=0 s_cookie=0 reconnecting=0 rev1=1 crypto rx=0 tx=0 comp rx=0 tx=0).send_message message queued for async transmission m=0x46d8c00
2026-02-13T09:37:02.329+0000 7fc2bdbf1640 10 mon.b@1(peon).monmap v1 check_sub monmap next 0 have 1
2026-02-13T09:37:02.329+0000 7fc2bdbf1640 1 -- v2:127.0.0.1:7128/0 --> 127.0.0.1:0/2516333897 -- mon_map magic: 0 -- 0x36d8160 con 0x473e800
2026-02-13T09:37:02.329+0000 7fc2bdbf1640 5 --2- v2:127.0.0.1:7128/0 >> 127.0.0.1:0/2516333897 conn(0x473e800 0x47a4b00 crc :-1 s=READY pgs=1 gs=13 cs=0 l=1 c_cookie=0 s_cookie=0 reconnecting=0 rev1=1 crypto rx=0 tx=0 comp rx=0 tx=0).send_message enqueueing message m=0x36d8160 type=4 mon_map magic: 0
2026-02-13T09:37:02.329+0000 7fc2c1bf9640 10 -- v2:127.0.0.1:7128/0 >> 127.0.0.1:0/2516333897 conn(0x473e800 msgr2=0x47a4b00 crc :-1 s=STATE_CONNECTION_ESTABLISHED l=1)._try_send sent bytes 443 remaining bytes 0
2026-02-13T09:37:02.329+0000 7fc2c1bf9640 10 --2- v2:127.0.0.1:7128/0 >> 127.0.0.1:0/2516333897 conn(0x473e800 0x47a4b00 crc :-1 s=READY pgs=1 gs=13 cs=0 l=1 c_cookie=0 s_cookie=0 reconnecting=0 rev1=1 crypto rx=0 tx=0 comp rx=0 tx=0).write_message sending 0x36d82c0 done.
2026-02-13T09:37:02.329+0000 7fc2bdbf1640 15 --2- v2:127.0.0.1:7128/0 >> 127.0.0.1:0/2516333897 conn(0x473e800 0x47a4b00 crc :-1 s=READY pgs=1 gs=13 cs=0 l=1 c_cookie=0 s_cookie=0 reconnecting=0 rev1=1 crypto rx=0 tx=0 comp rx=0 tx=0).send_message message queued for async transmission m=0x36d8160
2026-02-13T09:37:02.329+0000 7fc2bdbf1640 10 -- v2:127.0.0.1:7128/0 dispatch_throttle_release 54 to dispatch throttler 54/104857600
2026-02-13T09:37:02.329+0000 7fc2bdbf1640 20 -- v2:127.0.0.1:7128/0 done calling dispatch on 0x47a0000
2026-02-13T09:37:02.329+0000 7fc2c1bf9640 20 --2- v2:127.0.0.1:7128/0 >> 127.0.0.1:0/2516333897 conn(0x473e800 0x47a4b00 crc :-1 s=READY pgs=1 gs=13 cs=0 l=1 c_cookie=0 s_cookie=0 reconnecting=0 rev1=1 crypto rx=0 tx=0 comp rx=0 tx=0).prepare_send_message m=config(0 keys)
2026-02-13T09:37:02.329+0000 7fc2c1bf9640 20 --2- v2:127.0.0.1:7128/0 >> 127.0.0.1:0/2516333897 conn(0x473e800 0x47a4b00 crc :-1 s=READY pgs=1 gs=13 cs=0 l=1 c_cookie=0 s_cookie=0 reconnecting=0 rev1=1 crypto rx=0 tx=0 comp rx=0 tx=0).prepare_send_message encoding features 4544132024016699391 0x46d8c00 config(0 keys)
2026-02-13T09:37:02.329+0000 7fc2c1bf9640 2 --2- v2:127.0.0.1:7128/0 >> 127.0.0.1:0/2516333897 conn(0x473e800 0x47a4b00 crc :-1 s=READY pgs=1 gs=13 cs=0 l=1 c_cookie=0 s_cookie=0 reconnecting=0 rev1=1 crypto rx=0 tx=0 comp rx=0 tx=0).write_message sending message m=0x46d8c00 seq=2 config(0 keys)
2026-02-13T09:37:02.329+0000 7fc2c1bf9640 20 --2- v2:127.0.0.1:7128/0 >> 127.0.0.1:0/2516333897 conn(0x473e800 0x47a4b00 crc :-1 s=READY pgs=1 gs=13 cs=0 l=1 c_cookie=0 s_cookie=0 reconnecting=0 rev1=1 crypto rx=0 tx=0 comp rx=0 tx=0).write_message sending m=0x46d8c00 seq=2 src=mon.1 off=0
2026-02-13T09:37:02.329+0000 7fc2c1bf9640 10 -- v2:127.0.0.1:7128/0 >> 127.0.0.1:0/2516333897 conn(0x473e800 msgr2=0x47a4b00 crc :-1 s=STATE_CONNECTION_ESTABLISHED l=1)._try_send sent bytes 94 remaining bytes 0
2026-02-13T09:37:02.329+0000 7fc2c1bf9640 10 --2- v2:127.0.0.1:7128/0 >> 127.0.0.1:0/2516333897 conn(0x473e800 0x47a4b00 crc :-1 s=READY pgs=1 gs=13 cs=0 l=1 c_cookie=0 s_cookie=0 reconnecting=0 rev1=1 crypto rx=0 tx=0 comp rx=0 tx=0).write_message sending 0x46d8c00 done.
2026-02-13T09:37:02.329+0000 7fc2c1bf9640 20 --2- v2:127.0.0.1:7128/0 >> 127.0.0.1:0/2516333897 conn(0x473e800 0x47a4b00 crc :-1 s=READY pgs=1 gs=13 cs=0 l=1 c_cookie=0 s_cookie=0 reconnecting=0 rev1=1 crypto rx=0 tx=0 comp rx=0 tx=0).prepare_send_message m=mon_map magic: 0
2026-02-13T09:37:02.329+0000 7fc2c1bf9640 20 --2- v2:127.0.0.1:7128/0 >> 127.0.0.1:0/2516333897 conn(0x473e800 0x47a4b00 crc :-1 s=READY pgs=1 gs=13 cs=0 l=1 c_cookie=0 s_cookie=0 reconnecting=0 rev1=1 crypto rx=0 tx=0 comp rx=0 tx=0).prepare_send_message encoding features 4544132024016699391 0x36d8160 mon_map magic: 0
2026-02-13T09:37:02.329+0000 7fc2c1bf9640 2 --2- v2:127.0.0.1:7128/0 >> 127.0.0.1:0/2516333897 conn(0x473e800 0x47a4b00 crc :-1 s=READY pgs=1 gs=13 cs=0 l=1 c_cookie=0 s_cookie=0 reconnecting=0 rev1=1 crypto rx=0 tx=0 comp rx=0 tx=0).write_message sending message m=0x36d8160 seq=3 mon_map magic: 0
2026-02-13T09:37:02.329+0000 7fc2c1bf9640 20 --2- v2:127.0.0.1:7128/0 >> 127.0.0.1:0/2516333897 conn(0x473e800 0x47a4b00 crc :-1 s=READY pgs=1 gs=13 cs=0 l=1 c_cookie=0 s_cookie=0 reconnecting=0 rev1=1 crypto rx=0 tx=0 comp rx=0 tx=0).write_message sending m=0x36d8160 seq=3 src=mon.1 off=0
2026-02-13T09:37:02.329+0000 7fc2c1bf9640 10 -- v2:127.0.0.1:7128/0 >> 127.0.0.1:0/2516333897 conn(0x473e800 msgr2=0x47a4b00 crc :-1 s=STATE_CONNECTION_ESTABLISHED l=1)._try_send sent bytes 443 remaining bytes 0
2026-02-13T09:37:02.329+0000 7fc2c1bf9640 10 --2- v2:127.0.0.1:7128/0 >> 127.0.0.1:0/2516333897 conn(0x473e800 0x47a4b00 crc :-1 s=READY pgs=1 gs=13 cs=0 l=1 c_cookie=0 s_cookie=0 reconnecting=0 rev1=1 crypto rx=0 tx=0 comp rx=0 tx=0).write_message sending 0x36d8160 done.
2026-02-13T09:37:02.329+0000 7fc2c1bf9640 20 -- v2:127.0.0.1:7128/0 >> 127.0.0.1:0/2516333897 conn(0x473e800 msgr2=0x47a4b00 crc :-1 s=STATE_CONNECTION_ESTABLISHED l=1).process
2026-02-13T09:37:02.329+0000 7fc2c1bf9640 20 -- v2:127.0.0.1:7128/0 >> 127.0.0.1:0/2516333897 conn(0x473e800 msgr2=0x47a4b00 crc :-1 s=STATE_CONNECTION_ESTABLISHED l=1).read continue len=32
2026-02-13T09:37:02.329+0000 7fc2c1bf9640 20 --2- v2:127.0.0.1:7128/0 >> 127.0.0.1:0/2516333897 conn(0x473e800 0x47a4b00 crc :-1 s=READY pgs=1 gs=13 cs=0 l=1 c_cookie=0 s_cookie=0 reconnecting=0 rev1=1 crypto rx=0 tx=0 comp rx=0 tx=0).handle_read_frame_preamble_main r=0
2026-02-13T09:37:02.329+0000 7fc2c1bf9640 20 --2- v2:127.0.0.1:7128/0 >> 127.0.0.1:0/2516333897 conn(0x473e800 0x47a4b00 crc :-1 s=THROTTLE_MESSAGE pgs=1 gs=13 cs=0 l=1 c_cookie=0 s_cookie=0 reconnecting=0 rev1=1 crypto rx=0 tx=0 comp rx=0 tx=0).throttle_message
2026-02-13T09:37:02.329+0000 7fc2c1bf9640 20 --2- v2:127.0.0.1:7128/0 >> 127.0.0.1:0/2516333897 conn(0x473e800 0x47a4b00 crc :-1 s=THROTTLE_BYTES pgs=1 gs=13 cs=0 l=1 c_cookie=0 s_cookie=0 reconnecting=0 rev1=1 crypto rx=0 tx=0 comp rx=0 tx=0).throttle_bytes
2026-02-13T09:37:02.329+0000 7fc2c1bf9640 10 --2- v2:127.0.0.1:7128/0 >> 127.0.0.1:0/2516333897 conn(0x473e800 0x47a4b00 crc :-1 s=THROTTLE_BYTES pgs=1 gs=13 cs=0 l=1 c_cookie=0 s_cookie=0 reconnecting=0 rev1=1 crypto rx=0 tx=0 comp rx=0 tx=0).throttle_bytes wants 35 bytes from policy throttler 134/104857600
2026-02-13T09:37:02.329+0000 7fc2c1bf9640 20 --2- v2:127.0.0.1:7128/0 >> 127.0.0.1:0/2516333897 conn(0x473e800 0x47a4b00 crc :-1 s=THROTTLE_DISPATCH_QUEUE pgs=1 gs=13 cs=0 l=1 c_cookie=0 s_cookie=0 reconnecting=0 rev1=1 crypto rx=0 tx=0 comp rx=0 tx=0).throttle_dispatch_queue
2026-02-13T09:37:02.329+0000 7fc2c1bf9640 20 --2- v2:127.0.0.1:7128/0 >> 127.0.0.1:0/2516333897 conn(0x473e800 0x47a4b00 crc :-1 s=THROTTLE_DONE pgs=1 gs=13 cs=0 l=1 c_cookie=0 s_cookie=0 reconnecting=0 rev1=1 crypto rx=0 tx=0 comp rx=0 tx=0).read_frame_segment seg_idx=0
2026-02-13T09:37:02.329+0000 7fc2c1bf9640 20 -- v2:127.0.0.1:7128/0 >> 127.0.0.1:0/2516333897 conn(0x473e800 msgr2=0x47a4b00 crc :-1 s=STATE_CONNECTION_ESTABLISHED l=1).read start len=45
2026-02-13T09:37:02.329+0000 7fc2c1bf9640 20 --2- v2:127.0.0.1:7128/0 >> 127.0.0.1:0/2516333897 conn(0x473e800 0x47a4b00 crc :-1 s=THROTTLE_DONE pgs=1 gs=13 cs=0 l=1 c_cookie=0 s_cookie=0 reconnecting=0 rev1=1 crypto rx=0 tx=0 comp rx=0 tx=0).handle_read_frame_segment r=0
2026-02-13T09:37:02.329+0000 7fc2c1bf9640 20 --2- v2:127.0.0.1:7128/0 >> 127.0.0.1:0/2516333897 conn(0x473e800 0x47a4b00 crc :-1 s=THROTTLE_DONE pgs=1 gs=13 cs=0 l=1 c_cookie=0 s_cookie=0 reconnecting=0 rev1=1 crypto rx=0 tx=0 comp rx=0 tx=0).read_frame_segment seg_idx=1
2026-02-13T09:37:02.329+0000 7fc2c1bf9640 20 -- v2:127.0.0.1:7128/0 >> 127.0.0.1:0/2516333897 conn(0x473e800 msgr2=0x47a4b00 crc :-1 s=STATE_CONNECTION_ESTABLISHED l=1).read start len=35
2026-02-13T09:37:02.329+0000 7fc2c1bf9640 20 --2- v2:127.0.0.1:7128/0 >> 127.0.0.1:0/2516333897 conn(0x473e800 0x47a4b00 crc :-1 s=THROTTLE_DONE pgs=1 gs=13 cs=0 l=1 c_cookie=0 s_cookie=0 reconnecting=0 rev1=1 crypto rx=0 tx=0 comp rx=0 tx=0).handle_read_frame_segment r=0
2026-02-13T09:37:02.329+0000 7fc2c1bf9640 20 -- v2:127.0.0.1:7128/0 >> 127.0.0.1:0/2516333897 conn(0x473e800 msgr2=0x47a4b00 crc :-1 s=STATE_CONNECTION_ESTABLISHED l=1).read start len=13
2026-02-13T09:37:02.329+0000 7fc2c1bf9640 20 --2- v2:127.0.0.1:7128/0 >> 127.0.0.1:0/2516333897 conn(0x473e800 0x47a4b00 crc :-1 s=THROTTLE_DONE pgs=1 gs=13 cs=0 l=1 c_cookie=0 s_cookie=0 reconnecting=0 rev1=1 crypto rx=0 tx=0 comp rx=0 tx=0).handle_read_frame_epilogue_main r=0
2026-02-13T09:37:02.329+0000 7fc2c1bf9640 10 --2- v2:127.0.0.1:7128/0 >> 127.0.0.1:0/2516333897 conn(0x473e800 0x47a4b00 crc :-1 s=THROTTLE_DONE pgs=1 gs=13 cs=0 l=1 c_cookie=0 s_cookie=0 reconnecting=0 rev1=1 crypto rx=0 tx=0 comp rx=0 tx=0).handle_read_frame_dispatch tag=17
2026-02-13T09:37:02.329+0000 7fc2c1bf9640 20 --2- v2:127.0.0.1:7128/0 >> 127.0.0.1:0/2516333897 conn(0x473e800 0x47a4b00 crc :-1 s=THROTTLE_DONE pgs=1 gs=13 cs=0 l=1 c_cookie=0 s_cookie=0 reconnecting=0 rev1=1 crypto rx=0 tx=0 comp rx=0 tx=0).handle_message
2026-02-13T09:37:02.329+0000 7fc2c1bf9640 5 --2- v2:127.0.0.1:7128/0 >> 127.0.0.1:0/2516333897 conn(0x473e800 0x47a4b00 crc :-1 s=THROTTLE_DONE pgs=1 gs=13 cs=0 l=1 c_cookie=0 s_cookie=0 reconnecting=0 rev1=1 crypto rx=0 tx=0 comp rx=0 tx=0).handle_message got 35 + 0 + 0 byte message. envelope type=15 src client.? off 0
2026-02-13T09:37:02.329+0000 7fc2c1bf9640 5 --2- v2:127.0.0.1:7128/0 >> 127.0.0.1:0/2516333897 conn(0x473e800 0x47a4b00 crc :-1 s=READ_MESSAGE_COMPLETE pgs=1 gs=13 cs=0 l=1 c_cookie=0 s_cookie=0 reconnecting=0 rev1=1 crypto rx=0 tx=0 comp rx=0 tx=0).handle_message received message m=0x47a0680 seq=3 from=client.? type=15 mon_subscribe({mgrmap=0+})
2026-02-13T09:37:02.329+0000 7fc2c1bf9640 20 -- v2:127.0.0.1:7128/0 queue 0x47a0680 prio 127
2026-02-13T09:37:02.329+0000 7fc2c1bf9640 20 --2- v2:127.0.0.1:7128/0 >> 127.0.0.1:0/2516333897 conn(0x473e800 0x47a4b00 crc :-1 s=READY pgs=1 gs=13 cs=0 l=1 c_cookie=0 s_cookie=0 reconnecting=0 rev1=1 crypto rx=0 tx=0 comp rx=0 tx=0).read_frame
2026-02-13T09:37:02.329+0000 7fc2c1bf9640 20 -- v2:127.0.0.1:7128/0 >> 127.0.0.1:0/2516333897 conn(0x473e800 msgr2=0x47a4b00 crc :-1 s=STATE_CONNECTION_ESTABLISHED l=1).read start len=32
2026-02-13T09:37:02.329+0000 7fc2bdbf1640 1 -- v2:127.0.0.1:7128/0 <== client.? 127.0.0.1:0/2516333897 3 ==== mon_subscribe({mgrmap=0+}) ==== 35+0+0 (crc 0 0 0) 0x47a0680 con 0x473e800
2026-02-13T09:37:02.329+0000 7fc2bdbf1640 20 mon.b@1(peon) e1 _ms_dispatch existing session 0x479a900 for client.?
2026-02-13T09:37:02.329+0000 7fc2bdbf1640 20 mon.b@1(peon) e1 entity_name client.admin global_id 4111 (none) caps allow *
2026-02-13T09:37:02.329+0000 7fc2bdbf1640 10 mon.b@1(peon) e1 handle_subscribe mon_subscribe({mgrmap=0+})
2026-02-13T09:37:02.329+0000 7fc2bdbf1640 20 MonCap is_capable service=mon command= read addr 127.0.0.1:0/2516333897 on cap allow *
2026-02-13T09:37:02.329+0000 7fc2bdbf1640 20 MonCap allow so far , doing grant allow *
2026-02-13T09:37:02.329+0000 7fc2bdbf1640 20 MonCap allow all
2026-02-13T09:37:02.329+0000 7fc2bdbf1640 20 mon.b@1(peon).mgr e1 Sending map to subscriber 0x473e800 127.0.0.1:0/2516333897
2026-02-13T09:37:02.329+0000 7fc2bdbf1640 1 -- v2:127.0.0.1:7128/0 --> 127.0.0.1:0/2516333897 -- mgrmap(e 1) -- 0x4796300 con 0x473e800
2026-02-13T09:37:02.329+0000 7fc2bdbf1640 5 --2- v2:127.0.0.1:7128/0 >> 127.0.0.1:0/2516333897 conn(0x473e800 0x47a4b00 crc :-1 s=READY pgs=1 gs=13 cs=0 l=1 c_cookie=0 s_cookie=0 reconnecting=0 rev1=1 crypto rx=0 tx=0 comp rx=0 tx=0).send_message enqueueing message m=0x4796300 type=1796 mgrmap(e 1)
2026-02-13T09:37:02.329+0000 7fc2bdbf1640 15 --2- v2:127.0.0.1:7128/0 >> 127.0.0.1:0/2516333897 conn(0x473e800 0x47a4b00 crc :-1 s=READY pgs=1 gs=13 cs=0 l=1 c_cookie=0 s_cookie=0 reconnecting=0 rev1=1 crypto rx=0 tx=0 comp rx=0 tx=0).send_message message queued for async transmission m=0x4796300
2026-02-13T09:37:02.329+0000 7fc2bdbf1640 20 Event(0x36cf288 nevent=5000 time_id=6).wakeup
2026-02-13T09:37:02.329+0000 7fc2bdbf1640 10 -- v2:127.0.0.1:7128/0 dispatch_throttle_release 35 to dispatch throttler 35/104857600
2026-02-13T09:37:02.329+0000 7fc2bdbf1640 20 -- v2:127.0.0.1:7128/0 done calling dispatch on 0x47a0680
2026-02-13T09:37:02.329+0000 7fc2c1bf9640 10 -- v2:127.0.0.1:7128/0 >> 127.0.0.1:0/2516333897 conn(0x473e800 msgr2=0x47a4b00 crc :-1 s=STATE_CONNECTION_ESTABLISHED l=1).handle_write
2026-02-13T09:37:02.329+0000 7fc2c1bf9640 10 --2- v2:127.0.0.1:7128/0 >> 127.0.0.1:0/2516333897 conn(0x473e800 0x47a4b00 crc :-1 s=READY pgs=1 gs=13 cs=0 l=1 c_cookie=0 s_cookie=0 reconnecting=0 rev1=1 crypto rx=0 tx=0 comp rx=0 tx=0).write_event
2026-02-13T09:37:02.329+0000 7fc2c1bf9640 20 --2- v2:127.0.0.1:7128/0 >> 127.0.0.1:0/2516333897 conn(0x473e800 0x47a4b00 crc :-1 s=READY pgs=1 gs=13 cs=0 l=1 c_cookie=0 s_cookie=0 reconnecting=0 rev1=1 crypto rx=0 tx=0 comp rx=0 tx=0).prepare_send_message m=mgrmap(e 1)
2026-02-13T09:37:02.329+0000 7fc2c1bf9640 20 --2- v2:127.0.0.1:7128/0 >> 127.0.0.1:0/2516333897 conn(0x473e800 0x47a4b00 crc :-1 s=READY pgs=1 gs=13 cs=0 l=1 c_cookie=0 s_cookie=0 reconnecting=0 rev1=1 crypto rx=0 tx=0 comp rx=0 tx=0).prepare_send_message encoding features 4544132024016699391 0x4796300 mgrmap(e 1)
2026-02-13T09:37:02.329+0000 7fc2c1bf9640 2 --2- v2:127.0.0.1:7128/0 >> 127.0.0.1:0/2516333897 conn(0x473e800 0x47a4b00 crc :-1 s=READY pgs=1 gs=13 cs=0 l=1 c_cookie=0 s_cookie=0 reconnecting=0 rev1=1 crypto rx=0 tx=0 comp rx=0 tx=0).write_message sending message m=0x4796300 seq=4 mgrmap(e 1)
2026-02-13T09:37:02.329+0000 7fc2c1bf9640 20 --2- v2:127.0.0.1:7128/0 >> 127.0.0.1:0/2516333897 conn(0x473e800 0x47a4b00 crc :-1 s=READY pgs=1 gs=13 cs=0 l=1 c_cookie=0 s_cookie=0 reconnecting=0 rev1=1 crypto rx=0 tx=0 comp rx=0 tx=0).write_message sending m=0x4796300 seq=4 src=mon.1 off=0
2026-02-13T09:37:02.329+0000 7fc2c1bf9640 10 -- v2:127.0.0.1:7128/0 >> 127.0.0.1:0/2516333897 conn(0x473e800 msgr2=0x47a4b00 crc :-1 s=STATE_CONNECTION_ESTABLISHED l=1)._try_send sent bytes 1029 remaining bytes 0
2026-02-13T09:37:02.329+0000 7fc2c1bf9640 10 --2- v2:127.0.0.1:7128/0 >> 127.0.0.1:0/2516333897 conn(0x473e800 0x47a4b00 crc :-1 s=READY pgs=1 gs=13 cs=0 l=1 c_cookie=0 s_cookie=0 reconnecting=0 rev1=1 crypto rx=0 tx=0 comp rx=0 tx=0).write_message sending 0x4796300 done.
2026-02-13T09:37:02.329+0000 7fc2c1bf9640 20 -- v2:127.0.0.1:7128/0 >> 127.0.0.1:0/2516333897 conn(0x473e800 msgr2=0x47a4b00 crc :-1 s=STATE_CONNECTION_ESTABLISHED l=1).process
2026-02-13T09:37:02.329+0000 7fc2c1bf9640 20 -- v2:127.0.0.1:7128/0 >> 127.0.0.1:0/2516333897 conn(0x473e800 msgr2=0x47a4b00 crc :-1 s=STATE_CONNECTION_ESTABLISHED l=1).read continue len=32
2026-02-13T09:37:02.329+0000 7fc2c1bf9640 20 --2- v2:127.0.0.1:7128/0 >> 127.0.0.1:0/2516333897 conn(0x473e800 0x47a4b00 crc :-1 s=READY pgs=1 gs=13 cs=0 l=1 c_cookie=0 s_cookie=0 reconnecting=0 rev1=1 crypto rx=0 tx=0 comp rx=0 tx=0).handle_read_frame_preamble_main r=0
2026-02-13T09:37:02.329+0000 7fc2c1bf9640 20 --2- v2:127.0.0.1:7128/0 >> 127.0.0.1:0/2516333897 conn(0x473e800 0x47a4b00 crc :-1 s=THROTTLE_MESSAGE pgs=1 gs=13 cs=0 l=1 c_cookie=0 s_cookie=0 reconnecting=0 rev1=1 crypto rx=0 tx=0 comp rx=0 tx=0).throttle_message
2026-02-13T09:37:02.329+0000 7fc2c1bf9640 20 --2- v2:127.0.0.1:7128/0 >> 127.0.0.1:0/2516333897 conn(0x473e800 0x47a4b00 crc :-1 s=THROTTLE_BYTES pgs=1 gs=13 cs=0 l=1 c_cookie=0 s_cookie=0 reconnecting=0 rev1=1 crypto rx=0 tx=0 comp rx=0 tx=0).throttle_bytes
2026-02-13T09:37:02.329+0000 7fc2c1bf9640 10 --2- v2:127.0.0.1:7128/0 >> 127.0.0.1:0/2516333897 conn(0x473e800 0x47a4b00 crc :-1 s=THROTTLE_BYTES pgs=1 gs=13 cs=0 l=1 c_cookie=0 s_cookie=0 reconnecting=0 rev1=1 crypto rx=0 tx=0 comp rx=0 tx=0).throttle_bytes wants 35 bytes from policy throttler 169/104857600
2026-02-13T09:37:02.329+0000 7fc2c1bf9640 20 --2- v2:127.0.0.1:7128/0 >> 127.0.0.1:0/2516333897 conn(0x473e800 0x47a4b00 crc :-1 s=THROTTLE_DISPATCH_QUEUE pgs=1 gs=13 cs=0 l=1 c_cookie=0 s_cookie=0 reconnecting=0 rev1=1 crypto rx=0 tx=0 comp rx=0 tx=0).throttle_dispatch_queue
2026-02-13T09:37:02.329+0000 7fc2c1bf9640 20 --2- v2:127.0.0.1:7128/0 >> 127.0.0.1:0/2516333897 conn(0x473e800 0x47a4b00 crc :-1 s=THROTTLE_DONE pgs=1 gs=13 cs=0 l=1 c_cookie=0 s_cookie=0 reconnecting=0 rev1=1 crypto rx=0 tx=0 comp rx=0 tx=0).read_frame_segment seg_idx=0
2026-02-13T09:37:02.329+0000 7fc2c1bf9640 20 -- v2:127.0.0.1:7128/0 >> 127.0.0.1:0/2516333897 conn(0x473e800 msgr2=0x47a4b00 crc :-1 s=STATE_CONNECTION_ESTABLISHED l=1).read start len=45
2026-02-13T09:37:02.329+0000 7fc2c1bf9640 20 --2- v2:127.0.0.1:7128/0 >> 127.0.0.1:0/2516333897 conn(0x473e800 0x47a4b00 crc :-1 s=THROTTLE_DONE pgs=1 gs=13 cs=0 l=1 c_cookie=0 s_cookie=0 reconnecting=0 rev1=1 crypto rx=0 tx=0 comp rx=0 tx=0).handle_read_frame_segment r=0
2026-02-13T09:37:02.329+0000 7fc2c1bf9640 20 --2- v2:127.0.0.1:7128/0 >> 127.0.0.1:0/2516333897 conn(0x473e800 0x47a4b00 crc :-1 s=THROTTLE_DONE pgs=1 gs=13 cs=0 l=1 c_cookie=0 s_cookie=0 reconnecting=0 rev1=1 crypto rx=0 tx=0 comp rx=0 tx=0).read_frame_segment seg_idx=1
2026-02-13T09:37:02.329+0000 7fc2c1bf9640 20 -- v2:127.0.0.1:7128/0 >> 127.0.0.1:0/2516333897 conn(0x473e800 msgr2=0x47a4b00 crc :-1 s=STATE_CONNECTION_ESTABLISHED l=1).read start len=35
2026-02-13T09:37:02.329+0000 7fc2c1bf9640 20 --2- v2:127.0.0.1:7128/0 >> 127.0.0.1:0/2516333897 conn(0x473e800 0x47a4b00 crc :-1 s=THROTTLE_DONE pgs=1 gs=13 cs=0 l=1 c_cookie=0 s_cookie=0 reconnecting=0 rev1=1 crypto rx=0 tx=0 comp rx=0 tx=0).handle_read_frame_segment r=0
2026-02-13T09:37:02.329+0000 7fc2c1bf9640 20 -- v2:127.0.0.1:7128/0 >> 127.0.0.1:0/2516333897 conn(0x473e800 msgr2=0x47a4b00 crc :-1 s=STATE_CONNECTION_ESTABLISHED l=1).read start len=13
2026-02-13T09:37:02.329+0000 7fc2c1bf9640 20 --2- v2:127.0.0.1:7128/0 >> 127.0.0.1:0/2516333897 conn(0x473e800 0x47a4b00 crc :-1 s=THROTTLE_DONE pgs=1 gs=13 cs=0 l=1 c_cookie=0 s_cookie=0 reconnecting=0 rev1=1 crypto rx=0 tx=0 comp rx=0 tx=0).handle_read_frame_epilogue_main r=0
2026-02-13T09:37:02.329+0000 7fc2c1bf9640 10 --2- v2:127.0.0.1:7128/0 >> 127.0.0.1:0/2516333897 conn(0x473e800 0x47a4b00 crc :-1 s=THROTTLE_DONE pgs=1 gs=13 cs=0 l=1 c_cookie=0 s_cookie=0 reconnecting=0 rev1=1 crypto rx=0 tx=0 comp rx=0 tx=0).handle_read_frame_dispatch tag=17
2026-02-13T09:37:02.329+0000 7fc2c1bf9640 20 --2- v2:127.0.0.1:7128/0 >> 127.0.0.1:0/2516333897 conn(0x473e800 0x47a4b00 crc :-1 s=THROTTLE_DONE pgs=1 gs=13 cs=0 l=1 c_cookie=0 s_cookie=0 reconnecting=0 rev1=1 crypto rx=0 tx=0 comp rx=0 tx=0).handle_message
2026-02-13T09:37:02.329+0000 7fc2c1bf9640 5 --2- v2:127.0.0.1:7128/0 >> 127.0.0.1:0/2516333897 conn(0x473e800 0x47a4b00 crc :-1 s=THROTTLE_DONE pgs=1 gs=13 cs=0 l=1 c_cookie=0 s_cookie=0 reconnecting=0 rev1=1 crypto rx=0 tx=0 comp rx=0 tx=0).handle_message got 35 + 0 + 0 byte message. envelope type=15 src client.? off 0
2026-02-13T09:37:02.329+0000 7fc2c1bf9640 5 --2- v2:127.0.0.1:7128/0 >> 127.0.0.1:0/2516333897 conn(0x473e800 0x47a4b00 crc :-1 s=READ_MESSAGE_COMPLETE pgs=1 gs=13 cs=0 l=1 c_cookie=0 s_cookie=0 reconnecting=0 rev1=1 crypto rx=0 tx=0 comp rx=0 tx=0).handle_message received message m=0x47a04e0 seq=4 from=client.? type=15 mon_subscribe({osdmap=0})
2026-02-13T09:37:02.329+0000 7fc2c1bf9640 20 -- v2:127.0.0.1:7128/0 queue 0x47a04e0 prio 127
2026-02-13T09:37:02.329+0000 7fc2c1bf9640 20 --2- v2:127.0.0.1:7128/0 >> 127.0.0.1:0/2516333897 conn(0x473e800 0x47a4b00 crc :-1 s=READY pgs=1 gs=13 cs=0 l=1 c_cookie=0 s_cookie=0 reconnecting=0 rev1=1 crypto rx=0 tx=0 comp rx=0 tx=0).read_frame
2026-02-13T09:37:02.329+0000 7fc2c1bf9640 20 -- v2:127.0.0.1:7128/0 >> 127.0.0.1:0/2516333897 conn(0x473e800 msgr2=0x47a4b00 crc :-1 s=STATE_CONNECTION_ESTABLISHED l=1).read start len=32
2026-02-13T09:37:02.329+0000 7fc2bdbf1640 1 -- v2:127.0.0.1:7128/0 <== client.? 127.0.0.1:0/2516333897 4 ==== mon_subscribe({osdmap=0}) ==== 35+0+0 (crc 0 0 0) 0x47a04e0 con 0x473e800
2026-02-13T09:37:02.329+0000 7fc2bdbf1640 20 mon.b@1(peon) e1 _ms_dispatch existing session 0x479a900 for client.?
2026-02-13T09:37:02.329+0000 7fc2bdbf1640 20 mon.b@1(peon) e1 entity_name client.admin global_id 4111 (none) caps allow *
2026-02-13T09:37:02.329+0000 7fc2bdbf1640 10 mon.b@1(peon) e1 handle_subscribe mon_subscribe({osdmap=0})
2026-02-13T09:37:02.329+0000 7fc2bdbf1640 20 MonCap is_capable service=mon command= read addr 127.0.0.1:0/2516333897 on cap allow *
2026-02-13T09:37:02.329+0000 7fc2bdbf1640 20 MonCap allow so far , doing grant allow *
2026-02-13T09:37:02.329+0000 7fc2bdbf1640 20 MonCap allow all
2026-02-13T09:37:02.329+0000 7fc2bdbf1640 20 MonCap is_capable service=osd command= read addr 127.0.0.1:0/2516333897 on cap allow *
2026-02-13T09:37:02.329+0000 7fc2bdbf1640 20 MonCap allow so far , doing grant allow *
2026-02-13T09:37:02.329+0000 7fc2bdbf1640 20 MonCap allow all
2026-02-13T09:37:02.329+0000 7fc2bdbf1640 10 mon.b@1(peon).osd e1 check_osdmap_sub 0x490f020 next 0 (onetime)
2026-02-13T09:37:02.329+0000 7fc2bdbf1640 1 -- v2:127.0.0.1:7128/0 --> 127.0.0.1:0/2516333897 -- osd_map(1..1 src has 1..1) -- 0x44f3880 con 0x473e800
2026-02-13T09:37:02.329+0000 7fc2bdbf1640 5 --2- v2:127.0.0.1:7128/0 >> 127.0.0.1:0/2516333897 conn(0x473e800 0x47a4b00 crc :-1 s=READY pgs=1 gs=13 cs=0 l=1 c_cookie=0 s_cookie=0 reconnecting=0 rev1=1 crypto rx=0 tx=0 comp rx=0 tx=0).send_message enqueueing message m=0x44f3880 type=41 osd_map(1..1 src has 1..1)
2026-02-13T09:37:02.329+0000 7fc2bdbf1640 15 --2- v2:127.0.0.1:7128/0 >> 127.0.0.1:0/2516333897 conn(0x473e800 0x47a4b00 crc :-1 s=READY pgs=1 gs=13 cs=0 l=1 c_cookie=0 s_cookie=0 reconnecting=0 rev1=1 crypto rx=0 tx=0 comp rx=0 tx=0).send_message message queued for async transmission m=0x44f3880
2026-02-13T09:37:02.329+0000 7fc2bdbf1640 20 Event(0x36cf288 nevent=5000 time_id=6).wakeup
2026-02-13T09:37:02.329+0000 7fc2bdbf1640 10 -- v2:127.0.0.1:7128/0 dispatch_throttle_release 35 to dispatch throttler 35/104857600
2026-02-13T09:37:02.329+0000 7fc2c1bf9640 10 -- v2:127.0.0.1:7128/0 >> 127.0.0.1:0/2516333897 conn(0x473e800 msgr2=0x47a4b00 crc :-1 s=STATE_CONNECTION_ESTABLISHED l=1).handle_write
2026-02-13T09:37:02.329+0000 7fc2bdbf1640 20 -- v2:127.0.0.1:7128/0 done calling dispatch on 0x47a04e0
2026-02-13T09:37:02.329+0000 7fc2c1bf9640 10 --2- v2:127.0.0.1:7128/0 >> 127.0.0.1:0/2516333897 conn(0x473e800 0x47a4b00 crc :-1 s=READY pgs=1 gs=13 cs=0 l=1 c_cookie=0 s_cookie=0 reconnecting=0 rev1=1 crypto rx=0 tx=0 comp rx=0 tx=0).write_event
2026-02-13T09:37:02.329+0000 7fc2c1bf9640 20 --2- v2:127.0.0.1:7128/0 >> 127.0.0.1:0/2516333897 conn(0x473e800 0x47a4b00 crc :-1 s=READY pgs=1 gs=13 cs=0 l=1 c_cookie=0 s_cookie=0 reconnecting=0 rev1=1 crypto rx=0 tx=0 comp rx=0 tx=0).prepare_send_message m=osd_map(1..1 src has 1..1)
2026-02-13T09:37:02.329+0000 7fc2c1bf9640 20 --2- v2:127.0.0.1:7128/0 >> 127.0.0.1:0/2516333897 conn(0x473e800 0x47a4b00 crc :-1 s=READY pgs=1 gs=13 cs=0 l=1 c_cookie=0 s_cookie=0 reconnecting=0 rev1=1 crypto rx=0 tx=0 comp rx=0 tx=0).prepare_send_message encoding features 4544132024016699391 0x44f3880 osd_map(1..1 src has 1..1)
2026-02-13T09:37:02.329+0000 7fc2c1bf9640 2 --2- v2:127.0.0.1:7128/0 >> 127.0.0.1:0/2516333897 conn(0x473e800 0x47a4b00 crc :-1 s=READY pgs=1 gs=13 cs=0 l=1 c_cookie=0 s_cookie=0 reconnecting=0 rev1=1 crypto rx=0 tx=0 comp rx=0 tx=0).write_message sending message m=0x44f3880 seq=5 osd_map(1..1 src has 1..1)
2026-02-13T09:37:02.329+0000 7fc2c1bf9640 20 --2- v2:127.0.0.1:7128/0 >> 127.0.0.1:0/2516333897 conn(0x473e800 0x47a4b00 crc :-1 s=READY pgs=1 gs=13 cs=0 l=1 c_cookie=0 s_cookie=0 reconnecting=0 rev1=1 crypto rx=0 tx=0 comp rx=0 tx=0).write_message sending m=0x44f3880 seq=5 src=mon.1 off=0
2026-02-13T09:37:02.329+0000 7fc2c1bf9640 10 -- v2:127.0.0.1:7128/0 >> 127.0.0.1:0/2516333897 conn(0x473e800 msgr2=0x47a4b00 crc :-1 s=STATE_CONNECTION_ESTABLISHED l=1)._try_send sent bytes 779 remaining bytes 0
2026-02-13T09:37:02.329+0000 7fc2c1bf9640 10 --2- v2:127.0.0.1:7128/0 >> 127.0.0.1:0/2516333897 conn(0x473e800 0x47a4b00 crc :-1 s=READY pgs=1 gs=13 cs=0 l=1 c_cookie=0 s_cookie=0 reconnecting=0 rev1=1 crypto rx=0 tx=0 comp rx=0 tx=0).write_message sending 0x44f3880 done.
2026-02-13T09:37:02.329+0000 7fc2c1bf9640 20 -- v2:127.0.0.1:7128/0 >> 127.0.0.1:0/2516333897 conn(0x473e800 msgr2=0x47a4b00 crc :-1 s=STATE_CONNECTION_ESTABLISHED l=1).process
2026-02-13T09:37:02.329+0000 7fc2c1bf9640 20 -- v2:127.0.0.1:7128/0 >> 127.0.0.1:0/2516333897 conn(0x473e800 msgr2=0x47a4b00 crc :-1 s=STATE_CONNECTION_ESTABLISHED l=1).read continue len=32
2026-02-13T09:37:02.329+0000 7fc2c1bf9640 20 --2- v2:127.0.0.1:7128/0 >> 127.0.0.1:0/2516333897 conn(0x473e800 0x47a4b00 crc :-1 s=READY pgs=1 gs=13 cs=0 l=1 c_cookie=0 s_cookie=0 reconnecting=0 rev1=1 crypto rx=0 tx=0 comp rx=0 tx=0).handle_read_frame_preamble_main r=0
2026-02-13T09:37:02.329+0000 7fc2c1bf9640 20 --2- v2:127.0.0.1:7128/0 >> 127.0.0.1:0/2516333897 conn(0x473e800 0x47a4b00 crc :-1 s=THROTTLE_MESSAGE pgs=1 gs=13 cs=0 l=1 c_cookie=0 s_cookie=0 reconnecting=0 rev1=1 crypto rx=0 tx=0 comp rx=0 tx=0).throttle_message
2026-02-13T09:37:02.329+0000 7fc2c1bf9640 20 --2- v2:127.0.0.1:7128/0 >> 127.0.0.1:0/2516333897 conn(0x473e800 0x47a4b00 crc :-1 s=THROTTLE_BYTES pgs=1 gs=13 cs=0 l=1 c_cookie=0 s_cookie=0 reconnecting=0 rev1=1 crypto rx=0 tx=0 comp rx=0 tx=0).throttle_bytes
2026-02-13T09:37:02.329+0000 7fc2c1bf9640 10 --2- v2:127.0.0.1:7128/0 >> 127.0.0.1:0/2516333897 conn(0x473e800 0x47a4b00 crc :-1 s=THROTTLE_BYTES pgs=1 gs=13 cs=0 l=1 c_cookie=0 s_cookie=0 reconnecting=0 rev1=1 crypto rx=0 tx=0 comp rx=0 tx=0).throttle_bytes wants 80 bytes from policy throttler 204/104857600
2026-02-13T09:37:02.329+0000 7fc2c1bf9640 20 --2- v2:127.0.0.1:7128/0 >> 127.0.0.1:0/2516333897 conn(0x473e800 0x47a4b00 crc :-1 s=THROTTLE_DISPATCH_QUEUE pgs=1 gs=13 cs=0 l=1 c_cookie=0 s_cookie=0 reconnecting=0 rev1=1 crypto rx=0 tx=0 comp rx=0 tx=0).throttle_dispatch_queue
2026-02-13T09:37:02.329+0000 7fc2c1bf9640 20 --2- v2:127.0.0.1:7128/0 >> 127.0.0.1:0/2516333897 conn(0x473e800 0x47a4b00 crc :-1 s=THROTTLE_DONE pgs=1 gs=13 cs=0 l=1 c_cookie=0 s_cookie=0 reconnecting=0 rev1=1 crypto rx=0 tx=0 comp rx=0 tx=0).read_frame_segment seg_idx=0
2026-02-13T09:37:02.329+0000 7fc2c1bf9640 20 -- v2:127.0.0.1:7128/0 >> 127.0.0.1:0/2516333897 conn(0x473e800 msgr2=0x47a4b00 crc :-1 s=STATE_CONNECTION_ESTABLISHED l=1).read start len=45
2026-02-13T09:37:02.329+0000 7fc2c1bf9640 20 --2- v2:127.0.0.1:7128/0 >> 127.0.0.1:0/2516333897 conn(0x473e800 0x47a4b00 crc :-1 s=THROTTLE_DONE pgs=1 gs=13 cs=0 l=1 c_cookie=0 s_cookie=0 reconnecting=0 rev1=1 crypto rx=0 tx=0 comp rx=0 tx=0).handle_read_frame_segment r=0
2026-02-13T09:37:02.329+0000 7fc2c1bf9640 20 --2- v2:127.0.0.1:7128/0 >> 127.0.0.1:0/2516333897 conn(0x473e800 0x47a4b00 crc :-1 s=THROTTLE_DONE pgs=1 gs=13 cs=0 l=1 c_cookie=0 s_cookie=0 reconnecting=0 rev1=1 crypto rx=0 tx=0 comp rx=0 tx=0).read_frame_segment seg_idx=1
2026-02-13T09:37:02.329+0000 7fc2c1bf9640 20 -- v2:127.0.0.1:7128/0 >> 127.0.0.1:0/2516333897 conn(0x473e800 msgr2=0x47a4b00 crc :-1 s=STATE_CONNECTION_ESTABLISHED l=1).read start len=80
2026-02-13T09:37:02.329+0000 7fc2c1bf9640 20 --2- v2:127.0.0.1:7128/0 >> 127.0.0.1:0/2516333897 conn(0x473e800 0x47a4b00 crc :-1 s=THROTTLE_DONE pgs=1 gs=13 cs=0 l=1 c_cookie=0 s_cookie=0 reconnecting=0 rev1=1 crypto rx=0 tx=0 comp rx=0 tx=0).handle_read_frame_segment r=0
2026-02-13T09:37:02.329+0000 7fc2c1bf9640 20 -- v2:127.0.0.1:7128/0 >> 127.0.0.1:0/2516333897 conn(0x473e800 msgr2=0x47a4b00 crc :-1 s=STATE_CONNECTION_ESTABLISHED l=1).read start len=13
2026-02-13T09:37:02.329+0000 7fc2c1bf9640 20 --2- v2:127.0.0.1:7128/0 >> 127.0.0.1:0/2516333897 conn(0x473e800 0x47a4b00 crc :-1 s=THROTTLE_DONE pgs=1 gs=13 cs=0 l=1 c_cookie=0 s_cookie=0 reconnecting=0 rev1=1 crypto rx=0 tx=0 comp rx=0 tx=0).handle_read_frame_epilogue_main r=0
2026-02-13T09:37:02.329+0000 7fc2c1bf9640 10 --2- v2:127.0.0.1:7128/0 >> 127.0.0.1:0/2516333897 conn(0x473e800 0x47a4b00 crc :-1 s=THROTTLE_DONE pgs=1 gs=13 cs=0 l=1 c_cookie=0 s_cookie=0 reconnecting=0 rev1=1 crypto rx=0 tx=0 comp rx=0 tx=0).handle_read_frame_dispatch tag=17
2026-02-13T09:37:02.329+0000 7fc2c1bf9640 20 --2- v2:127.0.0.1:7128/0 >> 127.0.0.1:0/2516333897 conn(0x473e800 0x47a4b00 crc :-1 s=THROTTLE_DONE pgs=1 gs=13 cs=0 l=1 c_cookie=0 s_cookie=0 reconnecting=0 rev1=1 crypto rx=0 tx=0 comp rx=0 tx=0).handle_message
2026-02-13T09:37:02.329+0000 7fc2c1bf9640 5 --2- v2:127.0.0.1:7128/0 >> 127.0.0.1:0/2516333897 conn(0x473e800 0x47a4b00 crc :-1 s=THROTTLE_DONE pgs=1 gs=13 cs=0 l=1 c_cookie=0 s_cookie=0 reconnecting=0 rev1=1 crypto rx=0 tx=0 comp rx=0 tx=0).handle_message got 80 + 0 + 0 byte message. envelope type=50 src client.? off 0
2026-02-13T09:37:02.329+0000 7fc2c1bf9640 5 --2- v2:127.0.0.1:7128/0 >> 127.0.0.1:0/2516333897 conn(0x473e800 0x47a4b00 crc :-1 s=READ_MESSAGE_COMPLETE pgs=1 gs=13 cs=0 l=1 c_cookie=0 s_cookie=0 reconnecting=0 rev1=1 crypto rx=0 tx=0 comp rx=0 tx=0).handle_message received message m=0x46d8c00 seq=5 from=client.? type=50 mon_command({"prefix": "get_command_descriptions"} v 0)
2026-02-13T09:37:02.329+0000 7fc2c1bf9640 20 -- v2:127.0.0.1:7128/0 queue 0x46d8c00 prio 127
2026-02-13T09:37:02.329+0000 7fc2c1bf9640 20 --2- v2:127.0.0.1:7128/0 >> 127.0.0.1:0/2516333897 conn(0x473e800 0x47a4b00 crc :-1 s=READY pgs=1 gs=13 cs=0 l=1 c_cookie=0 s_cookie=0 reconnecting=0 rev1=1 crypto rx=0 tx=0 comp rx=0 tx=0).read_frame
2026-02-13T09:37:02.329+0000 7fc2c1bf9640 20 -- v2:127.0.0.1:7128/0 >> 127.0.0.1:0/2516333897 conn(0x473e800 msgr2=0x47a4b00 crc :-1 s=STATE_CONNECTION_ESTABLISHED l=1).read start len=32
2026-02-13T09:37:02.329+0000 7fc2bdbf1640 1 -- v2:127.0.0.1:7128/0 <== client.? 127.0.0.1:0/2516333897 5 ==== mon_command({"prefix": "get_command_descriptions"} v 0) ==== 80+0+0 (crc 0 0 0) 0x46d8c00 con 0x473e800
2026-02-13T09:37:02.329+0000 7fc2bdbf1640 20 mon.b@1(peon) e1 _ms_dispatch existing session 0x479a900 for client.?
2026-02-13T09:37:02.329+0000 7fc2bdbf1640 20 mon.b@1(peon) e1 entity_name client.admin global_id 4111 (none) caps allow *
2026-02-13T09:37:02.330+0000 7fc2bdbf1640 2 mon.b@1(peon) e1 send_reply 0x46f45a0 0x4647860 mon_command_ack([{"prefix": "get_command_descriptions"}]=0 v0)
2026-02-13T09:37:02.330+0000 7fc2bdbf1640 1 -- v2:127.0.0.1:7128/0 --> 127.0.0.1:0/2516333897 -- mon_command_ack([{"prefix": "get_command_descriptions"}]=0 v0) -- 0x4647860 con 0x473e800
2026-02-13T09:37:02.330+0000 7fc2bdbf1640 5 --2- v2:127.0.0.1:7128/0 >> 127.0.0.1:0/2516333897 conn(0x473e800 0x47a4b00 crc :-1 s=READY pgs=1 gs=13 cs=0 l=1 c_cookie=0 s_cookie=0 reconnecting=0 rev1=1 crypto rx=0 tx=0 comp rx=0 tx=0).send_message enqueueing message m=0x4647860 type=51 mon_command_ack([{"prefix": "get_command_descriptions"}]=0 v0)
2026-02-13T09:37:02.330+0000 7fc2bdbf1640 15 --2- v2:127.0.0.1:7128/0 >> 127.0.0.1:0/2516333897 conn(0x473e800 0x47a4b00 crc :-1 s=READY pgs=1 gs=13 cs=0 l=1 c_cookie=0 s_cookie=0 reconnecting=0 rev1=1 crypto rx=0 tx=0 comp rx=0 tx=0).send_message message queued for async transmission m=0x4647860
2026-02-13T09:37:02.330+0000 7fc2bdbf1640 20 Event(0x36cf288 nevent=5000 time_id=6).wakeup
2026-02-13T09:37:02.330+0000 7fc2c1bf9640 10 -- v2:127.0.0.1:7128/0 >> 127.0.0.1:0/2516333897 conn(0x473e800 msgr2=0x47a4b00 crc :-1 s=STATE_CONNECTION_ESTABLISHED l=1).handle_write
2026-02-13T09:37:02.330+0000 7fc2c1bf9640 10 --2- v2:127.0.0.1:7128/0 >> 127.0.0.1:0/2516333897 conn(0x473e800 0x47a4b00 crc :-1 s=READY pgs=1 gs=13 cs=0 l=1 c_cookie=0 s_cookie=0 reconnecting=0 rev1=1 crypto rx=0 tx=0 comp rx=0 tx=0).write_event
2026-02-13T09:37:02.330+0000 7fc2c1bf9640 20 --2- v2:127.0.0.1:7128/0 >> 127.0.0.1:0/2516333897 conn(0x473e800 0x47a4b00 crc :-1 s=READY pgs=1 gs=13 cs=0 l=1 c_cookie=0 s_cookie=0 reconnecting=0 rev1=1 crypto rx=0 tx=0 comp rx=0 tx=0).prepare_send_message m=mon_command_ack([{"prefix": "get_command_descriptions"}]=0 v0)
2026-02-13T09:37:02.330+0000 7fc2bdbf1640 10 -- v2:127.0.0.1:7128/0 dispatch_throttle_release 80 to dispatch throttler 80/104857600
2026-02-13T09:37:02.330+0000 7fc2bdbf1640 20 -- v2:127.0.0.1:7128/0 done calling dispatch on 0x46d8c00
2026-02-13T09:37:02.330+0000 7fc2c1bf9640 20 --2- v2:127.0.0.1:7128/0 >> 127.0.0.1:0/2516333897 conn(0x473e800 0x47a4b00 crc :-1 s=READY pgs=1 gs=13 cs=0 l=1 c_cookie=0 s_cookie=0 reconnecting=0 rev1=1 crypto rx=0 tx=0 comp rx=0 tx=0).prepare_send_message encoding features 4544132024016699391 0x4647860 mon_command_ack([{"prefix": "get_command_descriptions"}]=0 v0)
2026-02-13T09:37:02.330+0000 7fc2c1bf9640 2 --2- v2:127.0.0.1:7128/0 >> 127.0.0.1:0/2516333897 conn(0x473e800 0x47a4b00 crc :-1 s=READY pgs=1 gs=13 cs=0 l=1 c_cookie=0 s_cookie=0 reconnecting=0 rev1=1 crypto rx=0 tx=0 comp rx=0 tx=0).write_message sending message m=0x4647860 seq=6 mon_command_ack([{"prefix": "get_command_descriptions"}]=0 v0)
2026-02-13T09:37:02.330+0000 7fc2c1bf9640 20 --2- v2:127.0.0.1:7128/0 >> 127.0.0.1:0/2516333897 conn(0x473e800 0x47a4b00 crc :-1 s=READY pgs=1 gs=13 cs=0 l=1 c_cookie=0 s_cookie=0 reconnecting=0 rev1=1 crypto rx=0 tx=0 comp rx=0 tx=0).write_message sending m=0x4647860 seq=6 src=mon.1 off=0
2026-02-13T09:37:02.330+0000 7fc2c1bf9640 10 -- v2:127.0.0.1:7128/0 >> 127.0.0.1:0/2516333897 conn(0x473e800 msgr2=0x47a4b00 crc :-1 s=STATE_CONNECTION_ESTABLISHED l=1)._try_send sent bytes 77703 remaining bytes 0
2026-02-13T09:37:02.330+0000 7fc2c1bf9640 10 --2- v2:127.0.0.1:7128/0 >> 127.0.0.1:0/2516333897 conn(0x473e800 0x47a4b00 crc :-1 s=READY pgs=1 gs=13 cs=0 l=1 c_cookie=0 s_cookie=0 reconnecting=0 rev1=1 crypto rx=0 tx=0 comp rx=0 tx=0).write_message sending 0x4647860 done.
2026-02-13T09:37:02.362+0000 7fc2c1bf9640 20 -- v2:127.0.0.1:7128/0 >> 127.0.0.1:0/2516333897 conn(0x473e800 msgr2=0x47a4b00 crc :-1 s=STATE_CONNECTION_ESTABLISHED l=1).process
2026-02-13T09:37:02.362+0000 7fc2c1bf9640 20 -- v2:127.0.0.1:7128/0 >> 127.0.0.1:0/2516333897 conn(0x473e800 msgr2=0x47a4b00 crc :-1 s=STATE_CONNECTION_ESTABLISHED l=1).read continue len=32
2026-02-13T09:37:02.362+0000 7fc2c1bf9640 20 --2- v2:127.0.0.1:7128/0 >> 127.0.0.1:0/2516333897 conn(0x473e800 0x47a4b00 crc :-1 s=READY pgs=1 gs=13 cs=0 l=1 c_cookie=0 s_cookie=0 reconnecting=0 rev1=1 crypto rx=0 tx=0 comp rx=0 tx=0).handle_read_frame_preamble_main r=0
2026-02-13T09:37:02.362+0000 7fc2c1bf9640 20 --2- v2:127.0.0.1:7128/0 >> 127.0.0.1:0/2516333897 conn(0x473e800 0x47a4b00 crc :-1 s=THROTTLE_MESSAGE pgs=1 gs=13 cs=0 l=1 c_cookie=0 s_cookie=0 reconnecting=0 rev1=1 crypto rx=0 tx=0 comp rx=0 tx=0).throttle_message
2026-02-13T09:37:02.362+0000 7fc2c1bf9640 20 --2- v2:127.0.0.1:7128/0 >> 127.0.0.1:0/2516333897 conn(0x473e800 0x47a4b00 crc :-1 s=THROTTLE_BYTES pgs=1 gs=13 cs=0 l=1 c_cookie=0 s_cookie=0 reconnecting=0 rev1=1 crypto rx=0 tx=0 comp rx=0 tx=0).throttle_bytes
2026-02-13T09:37:02.362+0000 7fc2c1bf9640 10 --2- v2:127.0.0.1:7128/0 >> 127.0.0.1:0/2516333897 conn(0x473e800 0x47a4b00 crc :-1 s=THROTTLE_BYTES pgs=1 gs=13 cs=0 l=1 c_cookie=0 s_cookie=0 reconnecting=0 rev1=1 crypto rx=0 tx=0 comp rx=0 tx=0).throttle_bytes wants 88 bytes from policy throttler 284/104857600
2026-02-13T09:37:02.362+0000 7fc2c1bf9640 20 --2- v2:127.0.0.1:7128/0 >> 127.0.0.1:0/2516333897 conn(0x473e800 0x47a4b00 crc :-1 s=THROTTLE_DISPATCH_QUEUE pgs=1 gs=13 cs=0 l=1 c_cookie=0 s_cookie=0 reconnecting=0 rev1=1 crypto rx=0 tx=0 comp rx=0 tx=0).throttle_dispatch_queue
2026-02-13T09:37:02.362+0000 7fc2c1bf9640 20 --2- v2:127.0.0.1:7128/0 >> 127.0.0.1:0/2516333897 conn(0x473e800 0x47a4b00 crc :-1 s=THROTTLE_DONE pgs=1 gs=13 cs=0 l=1 c_cookie=0 s_cookie=0 reconnecting=0 rev1=1 crypto rx=0 tx=0 comp rx=0 tx=0).read_frame_segment seg_idx=0
2026-02-13T09:37:02.362+0000 7fc2c1bf9640 20 -- v2:127.0.0.1:7128/0 >> 127.0.0.1:0/2516333897 conn(0x473e800 msgr2=0x47a4b00 crc :-1 s=STATE_CONNECTION_ESTABLISHED l=1).read start len=45
2026-02-13T09:37:02.362+0000 7fc2c1bf9640 20 --2- v2:127.0.0.1:7128/0 >> 127.0.0.1:0/2516333897 conn(0x473e800 0x47a4b00 crc :-1 s=THROTTLE_DONE pgs=1 gs=13 cs=0 l=1 c_cookie=0 s_cookie=0 reconnecting=0 rev1=1 crypto rx=0 tx=0 comp rx=0 tx=0).handle_read_frame_segment r=0
2026-02-13T09:37:02.362+0000 7fc2c1bf9640 20 --2- v2:127.0.0.1:7128/0 >> 127.0.0.1:0/2516333897 conn(0x473e800 0x47a4b00 crc :-1 s=THROTTLE_DONE pgs=1 gs=13 cs=0 l=1 c_cookie=0 s_cookie=0 reconnecting=0 rev1=1 crypto rx=0 tx=0 comp rx=0 tx=0).read_frame_segment seg_idx=1
2026-02-13T09:37:02.362+0000 7fc2c1bf9640 20 -- v2:127.0.0.1:7128/0 >> 127.0.0.1:0/2516333897 conn(0x473e800 msgr2=0x47a4b00 crc :-1 s=STATE_CONNECTION_ESTABLISHED l=1).read start len=88
2026-02-13T09:37:02.362+0000 7fc2c1bf9640 20 --2- v2:127.0.0.1:7128/0 >> 127.0.0.1:0/2516333897 conn(0x473e800 0x47a4b00 crc :-1 s=THROTTLE_DONE pgs=1 gs=13 cs=0 l=1 c_cookie=0 s_cookie=0 reconnecting=0 rev1=1 crypto rx=0 tx=0 comp rx=0 tx=0).handle_read_frame_segment r=0
2026-02-13T09:37:02.362+0000 7fc2c1bf9640 20 -- v2:127.0.0.1:7128/0 >> 127.0.0.1:0/2516333897 conn(0x473e800 msgr2=0x47a4b00 crc :-1 s=STATE_CONNECTION_ESTABLISHED l=1).read start len=13
2026-02-13T09:37:02.362+0000 7fc2c1bf9640 20 --2- v2:127.0.0.1:7128/0 >> 127.0.0.1:0/2516333897 conn(0x473e800 0x47a4b00 crc :-1 s=THROTTLE_DONE pgs=1 gs=13 cs=0 l=1 c_cookie=0 s_cookie=0 reconnecting=0 rev1=1 crypto rx=0 tx=0 comp rx=0 tx=0).handle_read_frame_epilogue_main r=0
2026-02-13T09:37:02.362+0000 7fc2c1bf9640 10 --2- v2:127.0.0.1:7128/0 >> 127.0.0.1:0/2516333897 conn(0x473e800 0x47a4b00 crc :-1 s=THROTTLE_DONE pgs=1 gs=13 cs=0 l=1 c_cookie=0 s_cookie=0 reconnecting=0 rev1=1 crypto rx=0 tx=0 comp rx=0 tx=0).handle_read_frame_dispatch tag=17
2026-02-13T09:37:02.362+0000 7fc2c1bf9640 20 --2- v2:127.0.0.1:7128/0 >> 127.0.0.1:0/2516333897 conn(0x473e800 0x47a4b00 crc :-1 s=THROTTLE_DONE pgs=1 gs=13 cs=0 l=1 c_cookie=0 s_cookie=0 reconnecting=0 rev1=1 crypto rx=0 tx=0 comp rx=0 tx=0).handle_message
2026-02-13T09:37:02.362+0000 7fc2c1bf9640 5 --2- v2:127.0.0.1:7128/0 >> 127.0.0.1:0/2516333897 conn(0x473e800 0x47a4b00 crc :-1 s=THROTTLE_DONE pgs=1 gs=13 cs=0 l=1 c_cookie=0 s_cookie=0 reconnecting=0 rev1=1 crypto rx=0 tx=0 comp rx=0 tx=0).handle_message got 88 + 0 + 0 byte message. envelope type=50 src client.? off 0
2026-02-13T09:37:02.362+0000 7fc2c1bf9640 5 --2- v2:127.0.0.1:7128/0 >> 127.0.0.1:0/2516333897 conn(0x473e800 0x47a4b00 crc :-1 s=READ_MESSAGE_COMPLETE pgs=1 gs=13 cs=0 l=1 c_cookie=0 s_cookie=0 reconnecting=0 rev1=1 crypto rx=0 tx=0 comp rx=0 tx=0).handle_message received message m=0x36a5680 seq=6 from=client.? type=50 mon_command({"prefix": "mon feature ls", "format": "json"} v 0)
2026-02-13T09:37:02.362+0000 7fc2c1bf9640 20 -- v2:127.0.0.1:7128/0 queue 0x36a5680 prio 127
2026-02-13T09:37:02.362+0000 7fc2c1bf9640 20 --2- v2:127.0.0.1:7128/0 >> 127.0.0.1:0/2516333897 conn(0x473e800 0x47a4b00 crc :-1 s=READY pgs=1 gs=13 cs=0 l=1 c_cookie=0 s_cookie=0 reconnecting=0 rev1=1 crypto rx=0 tx=0 comp rx=0 tx=0).read_frame
2026-02-13T09:37:02.362+0000 7fc2c1bf9640 20 -- v2:127.0.0.1:7128/0 >> 127.0.0.1:0/2516333897 conn(0x473e800 msgr2=0x47a4b00 crc :-1 s=STATE_CONNECTION_ESTABLISHED l=1).read start len=32
2026-02-13T09:37:02.362+0000 7fc2bdbf1640 1 -- v2:127.0.0.1:7128/0 <== client.? 127.0.0.1:0/2516333897 6 ==== mon_command({"prefix": "mon feature ls", "format": "json"} v 0) ==== 88+0+0 (crc 0 0 0) 0x36a5680 con 0x473e800
2026-02-13T09:37:02.362+0000 7fc2bdbf1640 20 mon.b@1(peon) e1 _ms_dispatch existing session 0x479a900 for client.?
2026-02-13T09:37:02.362+0000 7fc2bdbf1640 20 mon.b@1(peon) e1 entity_name client.admin global_id 4111 (none) caps allow *
2026-02-13T09:37:02.362+0000 7fc2bdbf1640 0 mon.b@1(peon) e1 handle_command mon_command({"prefix": "mon feature ls", "format": "json"} v 0)
2026-02-13T09:37:02.362+0000 7fc2bdbf1640 20 MonCap is_capable service=mon command=mon feature ls read addr 127.0.0.1:0/2516333897 on cap allow *
2026-02-13T09:37:02.362+0000 7fc2bdbf1640 20 MonCap allow so far , doing grant allow *
2026-02-13T09:37:02.362+0000 7fc2bdbf1640 20 MonCap allow all
2026-02-13T09:37:02.362+0000 7fc2bdbf1640 10 mon.b@1(peon) e1 _allowed_command capable
2026-02-13T09:37:02.362+0000 7fc2bdbf1640 0 log_channel(audit) log [DBG] : from='client.? 127.0.0.1:0/2516333897' entity='client.admin' cmd={"prefix": "mon feature ls", "format": "json"} : dispatch
2026-02-13T09:37:02.362+0000 7fc2bdbf1640 1 -- v2:127.0.0.1:7128/0 --> v2:127.0.0.1:7128/0 -- log(1 entries from seq 5 at
2026-02-13T09:37:02.363584+0000) -- 0x44f3c00 con 0x3715c00
2026-02-13T09:37:02.362+0000 7fc2bdbf1640 20 -- v2:127.0.0.1:7128/0 >> v2:127.0.0.1:7128/0 conn(0x3715c00 msgr2=0x37b1000 unknown :-1 s=STATE_NONE l=0).send_message log(1 entries from seq 5 at
2026-02-13T09:37:02.363584+0000) local
2026-02-13T09:37:02.362+0000 7fc2bdbf1640 10 mon.b@1(peon).paxosservice(monmap 1..1) dispatch 0x36a5680 mon_command({"prefix": "mon feature ls", "format": "json"} v 0) from client.? 127.0.0.1:0/2516333897 con 0x473e800
2026-02-13T09:37:02.362+0000 7fc2bdbf1640 5 mon.b@1(peon).paxos(paxos active c 1..8) is_readable = 1 - now=2026-02-13T09:37:02.363600+0000 lease_expire=2026-02-13T09:37:07.225461+0000 has v0 lc 8
2026-02-13T09:37:02.362+0000 7fc2bd3f0640 20 -- v2:127.0.0.1:7128/0 queue 0x44f3c00 prio 196
2026-02-13T09:37:02.362+0000 7fc2bdbf1640 2 mon.b@1(peon) e1 send_reply 0x46f57a0 0x4647d40 mon_command_ack([{"prefix": "mon feature ls", "format": "json"}]=0 v1)
2026-02-13T09:37:02.362+0000 7fc2bdbf1640 1 -- v2:127.0.0.1:7128/0 --> 127.0.0.1:0/2516333897 -- mon_command_ack([{"prefix": "mon feature ls", "format": "json"}]=0 v1) -- 0x4647d40 con 0x473e800
2026-02-13T09:37:02.362+0000 7fc2bdbf1640 5 --2- v2:127.0.0.1:7128/0 >> 127.0.0.1:0/2516333897 conn(0x473e800 0x47a4b00 crc :-1 s=READY pgs=1 gs=13 cs=0 l=1 c_cookie=0 s_cookie=0 reconnecting=0 rev1=1 crypto rx=0 tx=0 comp rx=0 tx=0).send_message enqueueing message m=0x4647d40 type=51 mon_command_ack([{"prefix": "mon feature ls", "format": "json"}]=0 v1)
2026-02-13T09:37:02.362+0000 7fc2bdbf1640 15 --2- v2:127.0.0.1:7128/0 >> 127.0.0.1:0/2516333897 conn(0x473e800 0x47a4b00 crc :-1 s=READY pgs=1 gs=13 cs=0 l=1 c_cookie=0 s_cookie=0 reconnecting=0 rev1=1 crypto rx=0 tx=0 comp rx=0 tx=0).send_message message queued for async transmission m=0x4647d40
2026-02-13T09:37:02.362+0000 7fc2bdbf1640 20 Event(0x36cf288 nevent=5000 time_id=6).wakeup
2026-02-13T09:37:02.362+0000 7fc2bdbf1640 10 -- v2:127.0.0.1:7128/0 dispatch_throttle_release 88 to dispatch throttler 88/104857600
2026-02-13T09:37:02.362+0000 7fc2bdbf1640 20 -- v2:127.0.0.1:7128/0 done calling dispatch on 0x36a5680
2026-02-13T09:37:02.362+0000 7fc2c1bf9640 10 -- v2:127.0.0.1:7128/0 >> 127.0.0.1:0/2516333897 conn(0x473e800 msgr2=0x47a4b00 crc :-1 s=STATE_CONNECTION_ESTABLISHED l=1).handle_write
2026-02-13T09:37:02.362+0000 7fc2bdbf1640 1 -- v2:127.0.0.1:7128/0 <== mon.1 v2:127.0.0.1:7128/0 0 ==== log(1 entries from seq 5 at
2026-02-13T09:37:02.363584+0000) ==== 0+0+0 (unknown 0 0 0) 0x44f3c00 con 0x3715c00
2026-02-13T09:37:02.362+0000 7fc2c1bf9640 10 --2- v2:127.0.0.1:7128/0 >> 127.0.0.1:0/2516333897 conn(0x473e800 0x47a4b00 crc :-1 s=READY pgs=1 gs=13 cs=0 l=1 c_cookie=0 s_cookie=0 reconnecting=0 rev1=1 crypto rx=0 tx=0 comp rx=0 tx=0).write_event
2026-02-13T09:37:02.362+0000 7fc2bdbf1640 20 mon.b@1(peon) e1 _ms_dispatch existing session 0x46d2fc0 for mon.1
2026-02-13T09:37:02.362+0000 7fc2bdbf1640 20 mon.b@1(peon) e1 entity_name global_id 0 (none) caps allow *
2026-02-13T09:37:02.362+0000 7fc2bdbf1640 10 mon.b@1(peon).paxosservice(logm 1..5) dispatch 0x44f3c00 log(1 entries from seq 5 at
2026-02-13T09:37:02.363584+0000) from mon.1 v2:127.0.0.1:7128/0 con 0x3715c00
2026-02-13T09:37:02.362+0000 7fc2bdbf1640 5 mon.b@1(peon).paxos(paxos active c 1..8) is_readable = 1 - now=2026-02-13T09:37:02.363644+0000 lease_expire=2026-02-13T09:37:07.225461+0000 has v0 lc 8
2026-02-13T09:37:02.362+0000 7fc2c1bf9640 20 --2- v2:127.0.0.1:7128/0 >> 127.0.0.1:0/2516333897 conn(0x473e800 0x47a4b00 crc :-1 s=READY pgs=1 gs=13 cs=0 l=1 c_cookie=0 s_cookie=0 reconnecting=0 rev1=1 crypto rx=0 tx=0 comp rx=0 tx=0).prepare_send_message m=mon_command_ack([{"prefix": "mon feature ls", "format": "json"}]=0 v1)
2026-02-13T09:37:02.362+0000 7fc2bdbf1640 10 mon.b@1(peon).log v5 preprocess_query log(1 entries from seq 5 at
2026-02-13T09:37:02.363584+0000) from mon.1 v2:127.0.0.1:7128/0
2026-02-13T09:37:02.362+0000 7fc2c1bf9640 20 --2- v2:127.0.0.1:7128/0 >> 127.0.0.1:0/2516333897 conn(0x473e800 0x47a4b00 crc :-1 s=READY pgs=1 gs=13 cs=0 l=1 c_cookie=0 s_cookie=0 reconnecting=0 rev1=1 crypto rx=0 tx=0 comp rx=0 tx=0).prepare_send_message encoding features 4544132024016699391 0x4647d40 mon_command_ack([{"prefix": "mon feature ls", "format": "json"}]=0 v1)
2026-02-13T09:37:02.362+0000 7fc2bdbf1640 10 mon.b@1(peon).log v5 preprocess_log log(1 entries from seq 5 at
2026-02-13T09:37:02.363584+0000) from mon.1
2026-02-13T09:37:02.362+0000 7fc2bdbf1640 20 MonCap is_capable service=log command= write addr - on cap allow *
2026-02-13T09:37:02.362+0000 7fc2bdbf1640 20 MonCap allow so far , doing grant allow *
2026-02-13T09:37:02.362+0000 7fc2bdbf1640 20 MonCap allow all
2026-02-13T09:37:02.362+0000 7fc2bdbf1640 10 mon.b@1(peon) e1 no_reply to mon.1 v2:127.0.0.1:7128/0 log(1 entries from seq 5 at
2026-02-13T09:37:02.363584+0000)
2026-02-13T09:37:02.362+0000 7fc2c1bf9640 2 --2- v2:127.0.0.1:7128/0 >> 127.0.0.1:0/2516333897 conn(0x473e800 0x47a4b00 crc :-1 s=READY pgs=1 gs=13 cs=0 l=1 c_cookie=0 s_cookie=0 reconnecting=0 rev1=1 crypto rx=0 tx=0 comp rx=0 tx=0).write_message sending message m=0x4647d40 seq=7 mon_command_ack([{"prefix": "mon feature ls", "format": "json"}]=0 v1)
2026-02-13T09:37:02.362+0000 7fc2c1bf9640 20 --2- v2:127.0.0.1:7128/0 >> 127.0.0.1:0/2516333897 conn(0x473e800 0x47a4b00 crc :-1 s=READY pgs=1 gs=13 cs=0 l=1 c_cookie=0 s_cookie=0 reconnecting=0 rev1=1 crypto rx=0 tx=0 comp rx=0 tx=0).write_message sending m=0x4647d40 seq=7 src=mon.1 off=0
2026-02-13T09:37:02.362+0000 7fc2bdbf1640 10 mon.b@1(peon) e1 forward_request 5 request log(1 entries from seq 5 at
2026-02-13T09:37:02.363584+0000) features 4544132024016699391
2026-02-13T09:37:02.362+0000 7fc2bdbf1640 1 -- v2:127.0.0.1:7128/0 send_to--> mon v2:127.0.0.1:7127/0 -- forward(log(1 entries from seq 5 at
2026-02-13T09:37:02.363584+0000) caps allow * tid 5 con_features 4544132024016699391) -- ?+0 0x46d3d40
2026-02-13T09:37:02.362+0000 7fc2bdbf1640 10 -- v2:127.0.0.1:7128/0 connect_to v2:127.0.0.1:7127/0 existing 0x45f4800
