2026-02-13T09:37:02.491+0000 7f29baa47c00 20 mon.c@-1(???) e0 pre-nautilus cmd osd set-allow-crimson name=yes_i_really_mean_it,type=CephBool,req=false -> osd set-allow-crimson name=yes_i_really_mean_it,req=false,strings=--yes-i-really-mean-it,type=CephChoices
2026-02-13T09:37:02.491+0000 7f29baa47c00 20 mon.c@-1(???) e0 pre-nautilus cmd osd tier add name=pool,type=CephPoolname name=tierpool,type=CephPoolname name=force_nonempty,type=CephBool,req=false -> osd tier add name=pool,type=CephPoolname name=tierpool,type=CephPoolname name=force_nonempty,req=false,strings=--force-nonempty,type=CephChoices
2026-02-13T09:37:02.491+0000 7f29baa47c00 20 mon.c@-1(???) e0 pre-nautilus cmd osd tier cache-mode name=pool,type=CephPoolname name=mode,type=CephChoices,strings=writeback|proxy|readproxy|readonly|none name=yes_i_really_mean_it,type=CephBool,req=false -> osd tier cache-mode name=pool,type=CephPoolname name=mode,type=CephChoices,strings=writeback|proxy|readproxy|readonly|none name=yes_i_really_mean_it,req=false,strings=--yes-i-really-mean-it,type=CephChoices
2026-02-13T09:37:02.491+0000 7f29baa47c00 20 mon.c@-1(???) e0 pre-nautilus cmd mgr module enable name=module,type=CephString name=force,type=CephBool,req=false -> mgr module enable name=module,type=CephString name=force,req=false,strings=--force,type=CephChoices
2026-02-13T09:37:02.491+0000 7f29baa47c00 20 mon.c@-1(???) e0 pre-nautilus cmd mgr module force disable name=module,type=CephString name=yes_i_really_mean_it,type=CephBool,req=false -> mgr module force disable name=module,type=CephString name=yes_i_really_mean_it,req=false,strings=--yes-i-really-mean-it,type=CephChoices
2026-02-13T09:37:02.491+0000 7f29baa47c00 20 mon.c@-1(???) e0 pre-nautilus cmd config set name=who,type=CephString name=name,type=CephString name=value,type=CephString name=force,type=CephBool,req=false -> config set name=who,type=CephString name=name,type=CephString name=value,type=CephString name=force,req=false,strings=--force,type=CephChoices
2026-02-13T09:37:02.491+0000 7f29baa47c00 20 mon.c@-1(???) e0 pre-nautilus cmd sync_force name=yes_i_really_mean_it,type=CephBool,req=false -> sync_force name=yes_i_really_mean_it,req=false,strings=--yes-i-really-mean-it,type=CephChoices
2026-02-13T09:37:02.491+0000 7f29baa47c00 1 mon.c@-1(???) e0 preinit fsid ecba677d-2ab7-4f4b-bd77-081ba1018187
2026-02-13T09:37:02.491+0000 7f29baa47c00 10 mon.c@-1(???) e0 check_fsid cluster_uuid contains 'ecba677d-2ab7-4f4b-bd77-081ba1018187'
2026-02-13T09:37:02.491+0000 7f29baa47c00 10 mon.c@-1(???) e0 features compat={},rocompat={},incompat={1=initial feature set (~v.18),3=single paxos with k/v store (v0.?)}
2026-02-13T09:37:02.491+0000 7f29baa47c00 10 mon.c@-1(???) e0 calc_quorum_requirements required_features 0
2026-02-13T09:37:02.491+0000 7f29baa47c00 10 mon.c@-1(???) e0 required_features 0
2026-02-13T09:37:02.491+0000 7f29baa47c00 10 mon.c@-1(???) e0 has_ever_joined = 0
2026-02-13T09:37:02.491+0000 7f29baa47c00 10 mon.c@-1(???) e0 sync_last_committed_floor 0
2026-02-13T09:37:02.491+0000 7f29baa47c00 10 mon.c@-1(???) e0 init_paxos
2026-02-13T09:37:02.491+0000 7f29baa47c00 10 mon.c@-1(???).paxos(paxos recovering c 0..0) init last_pn: 0 accepted_pn: 0 last_committed: 0 first_committed: 0
2026-02-13T09:37:02.491+0000 7f29baa47c00 10 mon.c@-1(???).paxos(paxos recovering c 0..0) init
2026-02-13T09:37:02.491+0000 7f29baa47c00 5 mon.c@-1(???).mds e0 Unable to load 'last_metadata'
2026-02-13T09:37:02.491+0000 7f29baa47c00 20 expand_channel_meta expand map: {default=false}
2026-02-13T09:37:02.491+0000 7f29baa47c00 20 expand_channel_meta from 'false' to 'false'
2026-02-13T09:37:02.491+0000 7f29baa47c00 20 expand_channel_meta expanded map: {default=false}
2026-02-13T09:37:02.491+0000 7f29baa47c00 20 expand_channel_meta expand map: {default=daemon}
2026-02-13T09:37:02.491+0000 7f29baa47c00 20 expand_channel_meta from 'daemon' to 'daemon'
2026-02-13T09:37:02.491+0000 7f29baa47c00 20 expand_channel_meta expanded map: {default=daemon}
2026-02-13T09:37:02.491+0000 7f29baa47c00 20 expand_channel_meta expand map: {default=debug}
2026-02-13T09:37:02.491+0000 7f29baa47c00 20 expand_channel_meta from 'debug' to 'debug'
2026-02-13T09:37:02.491+0000 7f29baa47c00 20 expand_channel_meta expanded map: {default=debug}
2026-02-13T09:37:02.491+0000 7f29baa47c00 10 mon.c@-1(???).health init
2026-02-13T09:37:02.491+0000 7f29baa47c00 10 mon.c@-1(???).config init
2026-02-13T09:37:02.491+0000 7f29baa47c00 10 mon.c@-1(???).kv init
2026-02-13T09:37:02.491+0000 7f29baa47c00 10 nvmeofgw virtual void NVMeofGwMon::init() called
2026-02-13T09:37:02.491+0000 7f29baa47c00 10 mon.c@-1(???) e0 refresh_from_paxos
2026-02-13T09:37:02.491+0000 7f29baa47c00 10 mon.c@-1(???) e0 refresh_from_paxos no cluster_fingerprint
2026-02-13T09:37:02.491+0000 7f29baa47c00 10 mon.c@-1(???).paxosservice(mdsmap 0..0) refresh
2026-02-13T09:37:02.491+0000 7f29baa47c00 10 mon.c@-1(???).paxosservice(osdmap 0..0) refresh
2026-02-13T09:37:02.491+0000 7f29baa47c00 10 mon.c@-1(???).paxosservice(logm 0..0) refresh
2026-02-13T09:37:02.491+0000 7f29baa47c00 10 mon.c@-1(???).log v0 update_from_paxos
2026-02-13T09:37:02.491+0000 7f29baa47c00 10 mon.c@-1(???).log v0 update_from_paxos version 0 summary v 0
2026-02-13T09:37:02.491+0000 7f29baa47c00 10 mon.c@-1(???).log v0 log_external_backlog initialized external_log_to = 0 (summary v 0)
2026-02-13T09:37:02.491+0000 7f29baa47c00 10 mon.c@-1(???).paxosservice(monmap 0..0) refresh
2026-02-13T09:37:02.491+0000 7f29baa47c00 10 mon.c@-1(???).paxosservice(auth 0..0) refresh
2026-02-13T09:37:02.491+0000 7f29baa47c00 10 mon.c@-1(???).auth v0 update_from_paxos
2026-02-13T09:37:02.491+0000 7f29baa47c00 10 mon.c@-1(???).paxosservice(mgr 0..0) refresh
2026-02-13T09:37:02.491+0000 7f29baa47c00 10 mon.c@-1(???).config load_config got 0 keys
2026-02-13T09:37:02.492+0000 7f29baa47c00 10 mon.c@-1(???).paxosservice(mgrstat 0..0) refresh
2026-02-13T09:37:02.492+0000 7f29baa47c00 10 mon.c@-1(???).mgrstat 0
2026-02-13T09:37:02.492+0000 7f29baa47c00 10 mon.c@-1(???).mgrstat check_subs
2026-02-13T09:37:02.492+0000 7f29baa47c00 20 mon.c@-1(???).mgrstat update_logger
2026-02-13T09:37:02.492+0000 7f29baa47c00 20 mon.c@-1(???).osd e0 notify_new_pg_digest
2026-02-13T09:37:02.492+0000 7f29baa47c00 10 mon.c@-1(???).paxosservice(health 0..0) refresh
2026-02-13T09:37:02.492+0000 7f29baa47c00 10 mon.c@-1(???).health update_from_paxos
2026-02-13T09:37:02.492+0000 7f29baa47c00 20 mon.c@-1(???).health dump:{ "quorum_health": {}, "leader_health": {} }
2026-02-13T09:37:02.492+0000 7f29baa47c00 10 mon.c@-1(???).paxosservice(config 0..0) refresh
2026-02-13T09:37:02.492+0000 7f29baa47c00 10 mon.c@-1(???).paxosservice(kv 0..0) refresh
2026-02-13T09:37:02.492+0000 7f29baa47c00 10 mon.c@-1(???).paxosservice(nvmeofgw 0..0) refresh
2026-02-13T09:37:02.492+0000 7f29baa47c00 20 nvmeofgw virtual void NVMeofGwMon::update_from_paxos(bool*) has BEACON_DIFF: 0
2026-02-13T09:37:02.492+0000 7f29baa47c00 10 mon.c@-1(???).paxosservice(mdsmap 0..0) post_refresh
2026-02-13T09:37:02.492+0000 7f29baa47c00 10 mon.c@-1(???).paxosservice(osdmap 0..0) post_refresh
2026-02-13T09:37:02.492+0000 7f29baa47c00 10 mon.c@-1(???).paxosservice(logm 0..0) post_refresh
2026-02-13T09:37:02.492+0000 7f29baa47c00 10 mon.c@-1(???).paxosservice(monmap 0..0) post_refresh
2026-02-13T09:37:02.492+0000 7f29baa47c00 10 mon.c@-1(???).paxosservice(auth 0..0) post_refresh
2026-02-13T09:37:02.492+0000 7f29baa47c00 10 mon.c@-1(???).paxosservice(mgr 0..0) post_refresh
2026-02-13T09:37:02.492+0000 7f29baa47c00 10 mon.c@-1(???).paxosservice(mgrstat 0..0) post_refresh
2026-02-13T09:37:02.492+0000 7f29baa47c00 10 mon.c@-1(???).paxosservice(health 0..0) post_refresh
2026-02-13T09:37:02.492+0000 7f29baa47c00 10 mon.c@-1(???).paxosservice(config 0..0) post_refresh
2026-02-13T09:37:02.492+0000 7f29baa47c00 10 mon.c@-1(???).paxosservice(kv 0..0) post_refresh
2026-02-13T09:37:02.492+0000 7f29baa47c00 10 mon.c@-1(???).paxosservice(nvmeofgw 0..0) post_refresh
2026-02-13T09:37:02.492+0000 7f29baa47c00 10 -- bindv v2:127.0.0.1:7129/0 public v2:127.0.0.1:7129/0
2026-02-13T09:37:02.492+0000 7f29baa47c00 10 Processor -- bind v2:127.0.0.1:7129/0
2026-02-13T09:37:02.492+0000 7f29baa47c00 20 Event(0x2b7b288 nevent=5000 time_id=1).wakeup
2026-02-13T09:37:02.492+0000 7f29baa47c00 10 Processor -- bind bound to v2:127.0.0.1:7129/0
2026-02-13T09:37:02.492+0000 7f29baa47c00 1 -- v2:127.0.0.1:7129/0 learned_addr learned my addr v2:127.0.0.1:7129/0 (peer_addr_for_me v2:127.0.0.1:7129/0)
2026-02-13T09:37:02.492+0000 7f29baa47c00 1 -- v2:127.0.0.1:7129/0 _finish_bind bind my_addrs is v2:127.0.0.1:7129/0
2026-02-13T09:37:02.492+0000 7f29baa47c00 1 -- v2:127.0.0.1:7129/0 start start
2026-02-13T09:37:02.492+0000 7f29baa47c00 1 -- start start
2026-02-13T09:37:02.492+0000 7f29baa47c00 2 mon.c@-1(???) e0 init
2026-02-13T09:37:02.492+0000 7f29baa47c00 10 -- v2:127.0.0.1:7129/0 ready v2:127.0.0.1:7129/0
2026-02-13T09:37:02.492+0000 7f29baa47c00 1 Processor -- start
2026-02-13T09:37:02.492+0000 7f29baa47c00 20 Event(0x2b7b288 nevent=5000 time_id=1).wakeup
2026-02-13T09:37:02.492+0000 7f29b01ed640 20 Event(0x2b7b288 nevent=5000 time_id=1).create_file_event create event started fd=25 mask=1 original mask is 0
2026-02-13T09:37:02.492+0000 7f29b01ed640 20 EpollDriver.add_event add event fd=25 cur_mask=0 add_mask=1 to 19
2026-02-13T09:37:02.492+0000 7f29b01ed640 20 Event(0x2b7b288 nevent=5000 time_id=1).create_file_event create event end fd=25 mask=1 current mask is 1
2026-02-13T09:37:02.492+0000 7f29baa47c00 10 -- ready
2026-02-13T09:37:02.492+0000 7f29baa47c00 1 Processor -- start
2026-02-13T09:37:02.492+0000 7f29baa47c00 20 Event(0x2b7b288 nevent=5000 time_id=1).wakeup
2026-02-13T09:37:02.492+0000 7f29baa47c00 10 mon.c@-1(???).mgr e0 prime_mgr_client
2026-02-13T09:37:02.492+0000 7f29baa47c00 10 mon.c@-1(probing) e0 bootstrap
2026-02-13T09:37:02.492+0000 7f29baa47c00 10 mon.c@-1(probing) e0 sync_reset_requester
2026-02-13T09:37:02.492+0000 7f29baa47c00 10 mon.c@-1(probing) e0 unregister_cluster_logger - not registered
2026-02-13T09:37:02.492+0000 7f29baa47c00 10 mon.c@-1(probing) e0 cancel_probe_timeout (none scheduled)
2026-02-13T09:37:02.492+0000 7f29baa47c00 10 mon.c@-1(probing) e0 reverting to legacy ranks for seed monmap (epoch 0)
2026-02-13T09:37:02.492+0000 7f29baa47c00 10 mon.c@-1(probing) e0 monmap epoch 0 fsid ecba677d-2ab7-4f4b-bd77-081ba1018187 last_changed
2026-02-13T09:37:02.464446+0000 created
2026-02-13T09:37:02.464446+0000 min_mon_release 0 (unknown) election_strategy: 1 0: v2:127.0.0.1:7127/0 mon.noname-a 1: v2:127.0.0.1:7128/0 mon.noname-b 2: v2:127.0.0.1:7129/0 mon.c
2026-02-13T09:37:02.492+0000 7f29baa47c00 0 mon.c@-1(probing) e0 my rank is now 2 (was -1)
2026-02-13T09:37:02.492+0000 7f29baa47c00 10 mon.c@2(probing).elector(0) notify_rank_changed to 2
2026-02-13T09:37:02.492+0000 7f29baa47c00 20 rank: -1 version: 0 ConnectionTracker(0) notify_rank_changed to 2
2026-02-13T09:37:02.492+0000 7f29baa47c00 20 rank: -1 version: 0 ConnectionTracker(0) peer_reports before: {}
2026-02-13T09:37:02.492+0000 7f29baa47c00 20 rank: 2 version: 0 ConnectionTracker(0) peer_reports after: {}
2026-02-13T09:37:02.492+0000 7f29baa47c00 1 -- v2:127.0.0.1:7129/0 shutdown_connections
2026-02-13T09:37:02.492+0000 7f29baa47c00 10 mon.c@2(probing) e0 _reset
2026-02-13T09:37:02.492+0000 7f29baa47c00 10 mon.c@2(probing).auth v0 _set_mon_num_rank num 0 rank 0
2026-02-13T09:37:02.492+0000 7f29baa47c00 10 mon.c@2(probing) e0 cancel_probe_timeout (none scheduled)
2026-02-13T09:37:02.492+0000 7f29baa47c00 10 mon.c@2(probing) e0 timecheck_finish
2026-02-13T09:37:02.492+0000 7f29baa47c00 15 mon.c@2(probing) e0 health_tick_stop
2026-02-13T09:37:02.492+0000 7f29baa47c00 15 mon.c@2(probing) e0 health_interval_stop
2026-02-13T09:37:02.492+0000 7f29baa47c00 10 mon.c@2(probing) e0 scrub_event_cancel
2026-02-13T09:37:02.492+0000 7f29baa47c00 10 mon.c@2(probing) e0 scrub_reset
2026-02-13T09:37:02.492+0000 7f29baa47c00 10 mon.c@2(probing).paxos(paxos recovering c 0..0) restart -- canceling timeouts
2026-02-13T09:37:02.492+0000 7f29baa47c00 10 mon.c@2(probing).paxosservice(mdsmap 0..0) restart
2026-02-13T09:37:02.492+0000 7f29baa47c00 10 mon.c@2(probing).paxosservice(osdmap 0..0) restart
2026-02-13T09:37:02.492+0000 7f29baa47c00 10 mon.c@2(probing).paxosservice(logm 0..0) restart
2026-02-13T09:37:02.492+0000 7f29baa47c00 10 mon.c@2(probing).paxosservice(monmap 0..0) restart
2026-02-13T09:37:02.492+0000 7f29baa47c00 10 mon.c@2(probing).paxosservice(auth 0..0) restart
2026-02-13T09:37:02.492+0000 7f29baa47c00 10 mon.c@2(probing).paxosservice(mgr 0..0) restart
2026-02-13T09:37:02.492+0000 7f29baa47c00 10 mon.c@2(probing).paxosservice(mgrstat 0..0) restart
2026-02-13T09:37:02.492+0000 7f29baa47c00 10 mon.c@2(probing).paxosservice(health 0..0) restart
2026-02-13T09:37:02.492+0000 7f29baa47c00 10 mon.c@2(probing).paxosservice(config 0..0) restart
2026-02-13T09:37:02.492+0000 7f29baa47c00 10 mon.c@2(probing).paxosservice(kv 0..0) restart
2026-02-13T09:37:02.492+0000 7f29baa47c00 10 mon.c@2(probing).paxosservice(nvmeofgw 0..0) restart
2026-02-13T09:37:02.492+0000 7f29baa47c00 10 nvmeofgw virtual void NVMeofGwMon::on_restart() called
2026-02-13T09:37:02.492+0000 7f29baa47c00 10 nvmeofgw void NVMeofGwMon::cleanup_pending_map() cleanup pending : nvmeofgw == NVMeofGwMap [ Created_gws: epoch 0
2026-02-13T09:37:02.492+0000 7f29baa47c00 10 nvmeofgw void NVMeofGwMon::synchronize_last_beacon() called, is leader : 0 active 0
2026-02-13T09:37:02.492+0000 7f29baa47c00 10 mon.c@2(probing) e0 cancel_probe_timeout (none scheduled)
2026-02-13T09:37:02.492+0000 7f29baa47c00 10 mon.c@2(probing) e0 reset_probe_timeout 0x3af30e0 after 2 seconds
2026-02-13T09:37:02.492+0000 7f29baa47c00 10 mon.c@2(probing) e0 probing other monitors
2026-02-13T09:37:02.492+0000 7f29baa47c00 1 -- v2:127.0.0.1:7129/0 send_to--> mon v2:127.0.0.1:7127/0 -- mon_probe(probe ecba677d-2ab7-4f4b-bd77-081ba1018187 name c leader -1 new mon_release tentacle) -- ?+0 0x3ad2400
2026-02-13T09:37:02.492+0000 7f29baa47c00 10 -- v2:127.0.0.1:7129/0 create_connect v2:127.0.0.1:7127/0, creating connection and registering
2026-02-13T09:37:02.492+0000 7f29baa47c00 10 -- v2:127.0.0.1:7129/0 >> v2:127.0.0.1:7127/0 conn(0x2cca800 msgr2=0x2c94b00 unknown :-1 s=STATE_NONE l=0)._connect
2026-02-13T09:37:02.492+0000 7f29baa47c00 1 --2- v2:127.0.0.1:7129/0 >> v2:127.0.0.1:7127/0 conn(0x2cca800 0x2c94b00 unknown :-1 s=NONE pgs=0 gs=0 cs=0 l=0 c_cookie=0 s_cookie=0 reconnecting=0 rev1=0 crypto rx=0 tx=0 comp rx=0 tx=0).connect
2026-02-13T09:37:02.492+0000 7f29baa47c00 20 Event(0x2b7abc8 nevent=5000 time_id=1).wakeup
2026-02-13T09:37:02.492+0000 7f29baa47c00 10 -- v2:127.0.0.1:7129/0 create_connect 0x2cca800 v2:127.0.0.1:7127/0 v2:127.0.0.1:7127/0
2026-02-13T09:37:02.492+0000 7f29baa47c00 10 -- v2:127.0.0.1:7129/0 connect_to v2:127.0.0.1:7127/0 new 0x2cca800
2026-02-13T09:37:02.492+0000 7f29baa47c00 1 -- v2:127.0.0.1:7129/0 --> v2:127.0.0.1:7127/0 -- mon_probe(probe ecba677d-2ab7-4f4b-bd77-081ba1018187 name c leader -1 new mon_release tentacle) -- 0x3ad2400 con 0x2cca800
2026-02-13T09:37:02.492+0000 7f29b61f9640 20 -- v2:127.0.0.1:7129/0 >> v2:127.0.0.1:7127/0 conn(0x2cca800 msgr2=0x2c94b00 unknown :-1 s=STATE_CONNECTING l=0).process
2026-02-13T09:37:02.492+0000 7f29baa47c00 5 --2- v2:127.0.0.1:7129/0 >> v2:127.0.0.1:7127/0 conn(0x2cca800 0x2c94b00 unknown :-1 s=START_CONNECT pgs=0 gs=0 cs=0 l=0 c_cookie=0 s_cookie=0 reconnecting=0 rev1=0 crypto rx=0 tx=0 comp rx=0 tx=0).send_message enqueueing message m=0x3ad2400 type=67 mon_probe(probe ecba677d-2ab7-4f4b-bd77-081ba1018187 name c leader -1 new mon_release tentacle)
2026-02-13T09:37:02.492+0000 7f29baa47c00 15 --2- v2:127.0.0.1:7129/0 >> v2:127.0.0.1:7127/0 conn(0x2cca800 0x2c94b00 unknown :-1 s=START_CONNECT pgs=0 gs=0 cs=0 l=0 c_cookie=0 s_cookie=0 reconnecting=0 rev1=0 crypto rx=0 tx=0 comp rx=0 tx=0).send_message message queued for async transmission m=0x3ad2400
2026-02-13T09:37:02.492+0000 7f29baa47c00 1 -- v2:127.0.0.1:7129/0 send_to--> mon v2:127.0.0.1:7128/0 -- mon_probe(probe ecba677d-2ab7-4f4b-bd77-081ba1018187 name c leader -1 new mon_release tentacle) -- ?+0 0x3ad2200
2026-02-13T09:37:02.492+0000 7f29baa47c00 10 -- v2:127.0.0.1:7129/0 create_connect v2:127.0.0.1:7128/0, creating connection and registering
2026-02-13T09:37:02.492+0000 7f29baa47c00 10 -- v2:127.0.0.1:7129/0 >> v2:127.0.0.1:7128/0 conn(0x2cca400 msgr2=0x2c95600 unknown :-1 s=STATE_NONE l=0)._connect
2026-02-13T09:37:02.492+0000 7f29baa47c00 1 --2- v2:127.0.0.1:7129/0 >> v2:127.0.0.1:7128/0 conn(0x2cca400 0x2c95600 unknown :-1 s=NONE pgs=0 gs=0 cs=0 l=0 c_cookie=0 s_cookie=0 reconnecting=0 rev1=0 crypto rx=0 tx=0 comp rx=0 tx=0).connect
2026-02-13T09:37:02.492+0000 7f29baa47c00 20 Event(0x2b7b288 nevent=5000 time_id=1).wakeup
2026-02-13T09:37:02.492+0000 7f29baa47c00 10 -- v2:127.0.0.1:7129/0 create_connect 0x2cca400 v2:127.0.0.1:7128/0 v2:127.0.0.1:7128/0
2026-02-13T09:37:02.492+0000 7f29baa47c00 10 -- v2:127.0.0.1:7129/0 connect_to v2:127.0.0.1:7128/0 new 0x2cca400
2026-02-13T09:37:02.492+0000 7f29baa47c00 1 -- v2:127.0.0.1:7129/0 --> v2:127.0.0.1:7128/0 -- mon_probe(probe ecba677d-2ab7-4f4b-bd77-081ba1018187 name c leader -1 new mon_release tentacle) -- 0x3ad2200 con 0x2cca400
2026-02-13T09:37:02.492+0000 7f29baa47c00 5 --2- v2:127.0.0.1:7129/0 >> v2:127.0.0.1:7128/0 conn(0x2cca400 0x2c95600 unknown :-1 s=START_CONNECT pgs=0 gs=0 cs=0 l=0 c_cookie=0 s_cookie=0 reconnecting=0 rev1=0 crypto rx=0 tx=0 comp rx=0 tx=0).send_message enqueueing message m=0x3ad2200 type=67 mon_probe(probe ecba677d-2ab7-4f4b-bd77-081ba1018187 name c leader -1 new mon_release tentacle)
2026-02-13T09:37:02.492+0000 7f29baa47c00 15 --2- v2:127.0.0.1:7129/0 >> v2:127.0.0.1:7128/0 conn(0x2cca400 0x2c95600 unknown :-1 s=START_CONNECT pgs=0 gs=0 cs=0 l=0 c_cookie=0 s_cookie=0 reconnecting=0 rev1=0 crypto rx=0 tx=0 comp rx=0 tx=0).send_message message queued for async transmission m=0x3ad2200
2026-02-13T09:37:02.492+0000 7f29b01ed640 20 -- v2:127.0.0.1:7129/0 >> v2:127.0.0.1:7128/0 conn(0x2cca400 msgr2=0x2c95600 unknown :-1 s=STATE_CONNECTING l=0).process
2026-02-13T09:37:02.492+0000 7f29b61f9640 20 Event(0x2b7abc8 nevent=5000 time_id=2).create_file_event create event started fd=26 mask=1 original mask is 0
2026-02-13T09:37:02.492+0000 7f29b61f9640 20 EpollDriver.add_event add event fd=26 cur_mask=0 add_mask=1 to 23
2026-02-13T09:37:02.492+0000 7f29b61f9640 20 Event(0x2b7abc8 nevent=5000 time_id=2).create_file_event create event end fd=26 mask=1 current mask is 1
2026-02-13T09:37:02.492+0000 7f29b61f9640 20 EpollDriver.del_event del event fd=26 cur_mask=1 delmask=2 to 23
2026-02-13T09:37:02.492+0000 7f29b61f9640 10 -- v2:127.0.0.1:7129/0 >> v2:127.0.0.1:7127/0 conn(0x2cca800 msgr2=0x2c94b00 unknown :-1 s=STATE_CONNECTING_RE l=0).process connect successfully, ready to send banner
2026-02-13T09:37:02.492+0000 7f29b61f9640 20 --2- v2:127.0.0.1:7129/0 >> v2:127.0.0.1:7127/0 conn(0x2cca800 0x2c94b00 unknown :-1 s=START_CONNECT pgs=0 gs=0 cs=0 l=0 c_cookie=0 s_cookie=0 reconnecting=0 rev1=0 crypto rx=0 tx=0 comp rx=0 tx=0).read_event
2026-02-13T09:37:02.492+0000 7f29b61f9640 20 --2- v2:127.0.0.1:7129/0 >> v2:127.0.0.1:7127/0 conn(0x2cca800 0x2c94b00 unknown :-1 s=START_CONNECT pgs=0 gs=0 cs=0 l=0 c_cookie=0 s_cookie=0 reconnecting=0 rev1=0 crypto rx=0 tx=0 comp rx=0 tx=0).start_client_banner_exchange
2026-02-13T09:37:02.492+0000 7f29b61f9640 10 -- v2:127.0.0.1:7129/0 get_global_seq increment to global_seq=1
2026-02-13T09:37:02.492+0000 7f29b61f9640 20 --2- v2:127.0.0.1:7129/0 >> v2:127.0.0.1:7127/0 conn(0x2cca800 0x2c94b00 unknown :-1 s=BANNER_CONNECTING pgs=0 gs=1 cs=0 l=0 c_cookie=0 s_cookie=0 reconnecting=0 rev1=0 crypto rx=0 tx=0 comp rx=0 tx=0)._banner_exchange
2026-02-13T09:37:02.492+0000 7f29b01ed640 20 Event(0x2b7b288 nevent=5000 time_id=2).create_file_event create event started fd=31 mask=1 original mask is 0
2026-02-13T09:37:02.492+0000 7f29b01ed640 20 EpollDriver.add_event add event fd=31 cur_mask=0 add_mask=1 to 19
2026-02-13T09:37:02.492+0000 7f29b61f9640 10 -- v2:127.0.0.1:7129/0 >> v2:127.0.0.1:7127/0 conn(0x2cca800 msgr2=0x2c94b00 unknown :-1 s=STATE_CONNECTION_ESTABLISHED l=0)._try_send sent bytes 26 remaining bytes 0
2026-02-13T09:37:02.492+0000 7f29b01ed640 20 Event(0x2b7b288 nevent=5000 time_id=2).create_file_event create event end fd=31 mask=1 current mask is 1
2026-02-13T09:37:02.492+0000 7f29b01ed640 20 EpollDriver.del_event del event fd=31 cur_mask=1 delmask=2 to 19
2026-02-13T09:37:02.492+0000 7f29b61f9640 20 -- v2:127.0.0.1:7129/0 >> v2:127.0.0.1:7127/0 conn(0x2cca800 msgr2=0x2c94b00 unknown :-1 s=STATE_CONNECTION_ESTABLISHED l=0).read start len=10
2026-02-13T09:37:02.492+0000 7f29b01ed640 10 -- v2:127.0.0.1:7129/0 >> v2:127.0.0.1:7128/0 conn(0x2cca400 msgr2=0x2c95600 unknown :-1 s=STATE_CONNECTING_RE l=0).process connect successfully, ready to send banner
2026-02-13T09:37:02.492+0000 7f29b01ed640 20 --2- v2:127.0.0.1:7129/0 >> v2:127.0.0.1:7128/0 conn(0x2cca400 0x2c95600 unknown :-1 s=START_CONNECT pgs=0 gs=0 cs=0 l=0 c_cookie=0 s_cookie=0 reconnecting=0 rev1=0 crypto rx=0 tx=0 comp rx=0 tx=0).read_event
2026-02-13T09:37:02.492+0000 7f29b01ed640 20 --2- v2:127.0.0.1:7129/0 >> v2:127.0.0.1:7128/0 conn(0x2cca400 0x2c95600 unknown :-1 s=START_CONNECT pgs=0 gs=0 cs=0 l=0 c_cookie=0 s_cookie=0 reconnecting=0 rev1=0 crypto rx=0 tx=0 comp rx=0 tx=0).start_client_banner_exchange
2026-02-13T09:37:02.492+0000 7f29b01ed640 10 -- v2:127.0.0.1:7129/0 get_global_seq increment to global_seq=2
2026-02-13T09:37:02.492+0000 7f29b01ed640 20 --2- v2:127.0.0.1:7129/0 >> v2:127.0.0.1:7128/0 conn(0x2cca400 0x2c95600 unknown :-1 s=BANNER_CONNECTING pgs=0 gs=2 cs=0 l=0 c_cookie=0 s_cookie=0 reconnecting=0 rev1=0 crypto rx=0 tx=0 comp rx=0 tx=0)._banner_exchange
2026-02-13T09:37:02.492+0000 7f29b61f9640 20 -- v2:127.0.0.1:7129/0 >> v2:127.0.0.1:7127/0 conn(0x2cca800 msgr2=0x2c94b00 unknown :-1 s=STATE_CONNECTION_ESTABLISHED l=0).process
2026-02-13T09:37:02.492+0000 7f29b61f9640 20 -- v2:127.0.0.1:7129/0 >> v2:127.0.0.1:7127/0 conn(0x2cca800 msgr2=0x2c94b00 unknown :-1 s=STATE_CONNECTION_ESTABLISHED l=0).read continue len=10
2026-02-13T09:37:02.492+0000 7f29b01ed640 10 -- v2:127.0.0.1:7129/0 >> v2:127.0.0.1:7128/0 conn(0x2cca400 msgr2=0x2c95600 unknown :-1 s=STATE_CONNECTION_ESTABLISHED l=0)._try_send sent bytes 26 remaining bytes 0
2026-02-13T09:37:02.492+0000 7f29b01ed640 20 -- v2:127.0.0.1:7129/0 >> v2:127.0.0.1:7128/0 conn(0x2cca400 msgr2=0x2c95600 unknown :-1 s=STATE_CONNECTION_ESTABLISHED l=0).read start len=10
2026-02-13T09:37:02.492+0000 7f29b61f9640 20 --2- v2:127.0.0.1:7129/0 >> v2:127.0.0.1:7127/0 conn(0x2cca800 0x2c94b00 unknown :-1 s=BANNER_CONNECTING pgs=0 gs=1 cs=0 l=0 c_cookie=0 s_cookie=0 reconnecting=0 rev1=0 crypto rx=0 tx=0 comp rx=0 tx=0)._handle_peer_banner r=0
2026-02-13T09:37:02.492+0000 7f29b61f9640 20 -- v2:127.0.0.1:7129/0 >> v2:127.0.0.1:7127/0 conn(0x2cca800 msgr2=0x2c94b00 unknown :-1 s=STATE_CONNECTION_ESTABLISHED l=0).read start len=16
2026-02-13T09:37:02.492+0000 7f29b61f9640 20 --2- v2:127.0.0.1:7129/0 >> v2:127.0.0.1:7127/0 conn(0x2cca800 0x2c94b00 unknown :-1 s=BANNER_CONNECTING pgs=0 gs=1 cs=0 l=0 c_cookie=0 s_cookie=0 reconnecting=0 rev1=0 crypto rx=0 tx=0 comp rx=0 tx=0)._handle_peer_banner_payload r=0
2026-02-13T09:37:02.492+0000 7f29b61f9640 1 --2- v2:127.0.0.1:7129/0 >> v2:127.0.0.1:7127/0 conn(0x2cca800 0x2c94b00 unknown :-1 s=BANNER_CONNECTING pgs=0 gs=1 cs=0 l=0 c_cookie=0 s_cookie=0 reconnecting=0 rev1=0 crypto rx=0 tx=0 comp rx=0 tx=0)._handle_peer_banner_payload supported=3 required=0
2026-02-13T09:37:02.492+0000 7f29b61f9640 10 -- v2:127.0.0.1:7129/0 >> v2:127.0.0.1:7127/0 conn(0x2cca800 msgr2=0x2c94b00 unknown :-1 s=STATE_CONNECTION_ESTABLISHED l=0)._try_send sent bytes 72 remaining bytes 0
2026-02-13T09:37:02.492+0000 7f29b61f9640 20 --2- v2:127.0.0.1:7129/0 >> v2:127.0.0.1:7127/0 conn(0x2cca800 0x2c94b00 unknown :-1 s=HELLO_CONNECTING pgs=0 gs=1 cs=0 l=0 c_cookie=0 s_cookie=0 reconnecting=0 rev1=1 crypto rx=0 tx=0 comp rx=0 tx=0).read_frame
2026-02-13T09:37:02.492+0000 7f29b01ed640 20 -- v2:127.0.0.1:7129/0 >> v2:127.0.0.1:7128/0 conn(0x2cca400 msgr2=0x2c95600 unknown :-1 s=STATE_CONNECTION_ESTABLISHED l=0).process
2026-02-13T09:37:02.492+0000 7f29b01ed640 20 -- v2:127.0.0.1:7129/0 >> v2:127.0.0.1:7128/0 conn(0x2cca400 msgr2=0x2c95600 unknown :-1 s=STATE_CONNECTION_ESTABLISHED l=0).read continue len=10
2026-02-13T09:37:02.492+0000 7f29b01ed640 20 --2- v2:127.0.0.1:7129/0 >> v2:127.0.0.1:7128/0 conn(0x2cca400 0x2c95600 unknown :-1 s=BANNER_CONNECTING pgs=0 gs=2 cs=0 l=0 c_cookie=0 s_cookie=0 reconnecting=0 rev1=0 crypto rx=0 tx=0 comp rx=0 tx=0)._handle_peer_banner r=0
2026-02-13T09:37:02.492+0000 7f29b61f9640 20 -- v2:127.0.0.1:7129/0 >> v2:127.0.0.1:7127/0 conn(0x2cca800 msgr2=0x2c94b00 unknown :-1 s=STATE_CONNECTION_ESTABLISHED l=0).read start len=32
2026-02-13T09:37:02.492+0000 7f29b01ed640 20 -- v2:127.0.0.1:7129/0 >> v2:127.0.0.1:7128/0 conn(0x2cca400 msgr2=0x2c95600 unknown :-1 s=STATE_CONNECTION_ESTABLISHED l=0).read start len=16
2026-02-13T09:37:02.492+0000 7f29b01ed640 20 --2- v2:127.0.0.1:7129/0 >> v2:127.0.0.1:7128/0 conn(0x2cca400 0x2c95600 unknown :-1 s=BANNER_CONNECTING pgs=0 gs=2 cs=0 l=0 c_cookie=0 s_cookie=0 reconnecting=0 rev1=0 crypto rx=0 tx=0 comp rx=0 tx=0)._handle_peer_banner_payload r=0
2026-02-13T09:37:02.492+0000 7f29b61f9640 20 --2- v2:127.0.0.1:7129/0 >> v2:127.0.0.1:7127/0 conn(0x2cca800 0x2c94b00 unknown :-1 s=HELLO_CONNECTING pgs=0 gs=1 cs=0 l=0 c_cookie=0 s_cookie=0 reconnecting=0 rev1=1 crypto rx=0 tx=0 comp rx=0 tx=0).handle_read_frame_preamble_main r=0
2026-02-13T09:37:02.492+0000 7f29b01ed640 1 --2- v2:127.0.0.1:7129/0 >> v2:127.0.0.1:7128/0 conn(0x2cca400 0x2c95600 unknown :-1 s=BANNER_CONNECTING pgs=0 gs=2 cs=0 l=0 c_cookie=0 s_cookie=0 reconnecting=0 rev1=0 crypto rx=0 tx=0 comp rx=0 tx=0)._handle_peer_banner_payload supported=3 required=0
2026-02-13T09:37:02.492+0000 7f29b61f9640 20 --2- v2:127.0.0.1:7129/0 >> v2:127.0.0.1:7127/0 conn(0x2cca800 0x2c94b00 unknown :-1 s=HELLO_CONNECTING pgs=0 gs=1 cs=0 l=0 c_cookie=0 s_cookie=0 reconnecting=0 rev1=1 crypto rx=0 tx=0 comp rx=0 tx=0).read_frame_segment seg_idx=0
2026-02-13T09:37:02.492+0000 7f29b61f9640 20 -- v2:127.0.0.1:7129/0 >> v2:127.0.0.1:7127/0 conn(0x2cca800 msgr2=0x2c94b00 unknown :-1 s=STATE_CONNECTION_ESTABLISHED l=0).read start len=40
2026-02-13T09:37:02.492+0000 7f29b61f9640 20 --2- v2:127.0.0.1:7129/0 >> v2:127.0.0.1:7127/0 conn(0x2cca800 0x2c94b00 unknown :-1 s=HELLO_CONNECTING pgs=0 gs=1 cs=0 l=0 c_cookie=0 s_cookie=0 reconnecting=0 rev1=1 crypto rx=0 tx=0 comp rx=0 tx=0).handle_read_frame_segment r=0
2026-02-13T09:37:02.492+0000 7f29b61f9640 10 --2- v2:127.0.0.1:7129/0 >> v2:127.0.0.1:7127/0 conn(0x2cca800 0x2c94b00 unknown :-1 s=HELLO_CONNECTING pgs=0 gs=1 cs=0 l=0 c_cookie=0 s_cookie=0 reconnecting=0 rev1=1 crypto rx=0 tx=0 comp rx=0 tx=0).handle_read_frame_dispatch tag=1
2026-02-13T09:37:02.493+0000 7f29b61f9640 20 --2- v2:127.0.0.1:7129/0 >> v2:127.0.0.1:7127/0 conn(0x2cca800 0x2c94b00 unknown :-1 s=HELLO_CONNECTING pgs=0 gs=1 cs=0 l=0 c_cookie=0 s_cookie=0 reconnecting=0 rev1=1 crypto rx=0 tx=0 comp rx=0 tx=0).handle_hello payload.length()=36
2026-02-13T09:37:02.493+0000 7f29b61f9640 5 --2- v2:127.0.0.1:7129/0 >> v2:127.0.0.1:7127/0 conn(0x2cca800 0x2c94b00 unknown :-1 s=HELLO_CONNECTING pgs=0 gs=1 cs=0 l=0 c_cookie=0 s_cookie=0 reconnecting=0 rev1=1 crypto rx=0 tx=0 comp rx=0 tx=0).handle_hello received hello: peer_type=1 peer_addr_for_me=v2:127.0.0.1:42148/0
2026-02-13T09:37:02.493+0000 7f29b01ed640 10 -- v2:127.0.0.1:7129/0 >> v2:127.0.0.1:7128/0 conn(0x2cca400 msgr2=0x2c95600 unknown :-1 s=STATE_CONNECTION_ESTABLISHED l=0)._try_send sent bytes 72 remaining bytes 0
2026-02-13T09:37:02.493+0000 7f29b61f9640 5 --2- v2:127.0.0.1:7129/0 >> v2:127.0.0.1:7127/0 conn(0x2cca800 0x2c94b00 unknown :-1 s=HELLO_CONNECTING pgs=0 gs=1 cs=0 l=0 c_cookie=0 s_cookie=0 reconnecting=0 rev1=1 crypto rx=0 tx=0 comp rx=0 tx=0).handle_hello getsockname says I am 127.0.0.1:42148 when talking to v2:127.0.0.1:7127/0
2026-02-13T09:37:02.493+0000 7f29b01ed640 20 --2- v2:127.0.0.1:7129/0 >> v2:127.0.0.1:7128/0 conn(0x2cca400 0x2c95600 unknown :-1 s=HELLO_CONNECTING pgs=0 gs=2 cs=0 l=0 c_cookie=0 s_cookie=0 reconnecting=0 rev1=1 crypto rx=0 tx=0 comp rx=0 tx=0).read_frame
2026-02-13T09:37:02.493+0000 7f29b01ed640 20 -- v2:127.0.0.1:7129/0 >> v2:127.0.0.1:7128/0 conn(0x2cca400 msgr2=0x2c95600 unknown :-1 s=STATE_CONNECTION_ESTABLISHED l=0).read start len=32
2026-02-13T09:37:02.493+0000 7f29b01ed640 20 --2- v2:127.0.0.1:7129/0 >> v2:127.0.0.1:7128/0 conn(0x2cca400 0x2c95600 unknown :-1 s=HELLO_CONNECTING pgs=0 gs=2 cs=0 l=0 c_cookie=0 s_cookie=0 reconnecting=0 rev1=1 crypto rx=0 tx=0 comp rx=0 tx=0).handle_read_frame_preamble_main r=0
2026-02-13T09:37:02.493+0000 7f29b01ed640 20 --2- v2:127.0.0.1:7129/0 >> v2:127.0.0.1:7128/0 conn(0x2cca400 0x2c95600 unknown :-1 s=HELLO_CONNECTING pgs=0 gs=2 cs=0 l=0 c_cookie=0 s_cookie=0 reconnecting=0 rev1=1 crypto rx=0 tx=0 comp rx=0 tx=0).read_frame_segment seg_idx=0
2026-02-13T09:37:02.493+0000 7f29b01ed640 20 -- v2:127.0.0.1:7129/0 >> v2:127.0.0.1:7128/0 conn(0x2cca400 msgr2=0x2c95600 unknown :-1 s=STATE_CONNECTION_ESTABLISHED l=0).read start len=40
2026-02-13T09:37:02.493+0000 7f29b01ed640 20 --2- v2:127.0.0.1:7129/0 >> v2:127.0.0.1:7128/0 conn(0x2cca400 0x2c95600 unknown :-1 s=HELLO_CONNECTING pgs=0 gs=2 cs=0 l=0 c_cookie=0 s_cookie=0 reconnecting=0 rev1=1 crypto rx=0 tx=0 comp rx=0 tx=0).handle_read_frame_segment r=0
2026-02-13T09:37:02.493+0000 7f29b61f9640 20 --2- v2:127.0.0.1:7129/0 >> v2:127.0.0.1:7127/0 conn(0x2cca800 0x2c94b00 unknown :-1 s=HELLO_CONNECTING pgs=0 gs=1 cs=0 l=0 c_cookie=0 s_cookie=0 reconnecting=0 rev1=1 crypto rx=0 tx=0 comp rx=0 tx=0).post_client_banner_exchange
2026-02-13T09:37:02.493+0000 7f29b01ed640 10 --2- v2:127.0.0.1:7129/0 >> v2:127.0.0.1:7128/0 conn(0x2cca400 0x2c95600 unknown :-1 s=HELLO_CONNECTING pgs=0 gs=2 cs=0 l=0 c_cookie=0 s_cookie=0 reconnecting=0 rev1=1 crypto rx=0 tx=0 comp rx=0 tx=0).handle_read_frame_dispatch tag=1
2026-02-13T09:37:02.493+0000 7f29b61f9640 20 --2- v2:127.0.0.1:7129/0 >> v2:127.0.0.1:7127/0 conn(0x2cca800 0x2c94b00 unknown :-1 s=AUTH_CONNECTING pgs=0 gs=1 cs=0 l=0 c_cookie=0 s_cookie=0 reconnecting=0 rev1=1 crypto rx=0 tx=0 comp rx=0 tx=0).send_auth_request peer_type 1 auth_client 0x2cada10
2026-02-13T09:37:02.493+0000 7f29b01ed640 20 --2- v2:127.0.0.1:7129/0 >> v2:127.0.0.1:7128/0 conn(0x2cca400 0x2c95600 unknown :-1 s=HELLO_CONNECTING pgs=0 gs=2 cs=0 l=0 c_cookie=0 s_cookie=0 reconnecting=0 rev1=1 crypto rx=0 tx=0 comp rx=0 tx=0).handle_hello payload.length()=36
2026-02-13T09:37:02.493+0000 7f29b61f9640 10 mon.c@2(probing) e0 get_authorizer for mon
2026-02-13T09:37:02.493+0000 7f29b01ed640 5 --2- v2:127.0.0.1:7129/0 >> v2:127.0.0.1:7128/0 conn(0x2cca400 0x2c95600 unknown :-1 s=HELLO_CONNECTING pgs=0 gs=2 cs=0 l=0 c_cookie=0 s_cookie=0 reconnecting=0 rev1=1 crypto rx=0 tx=0 comp rx=0 tx=0).handle_hello received hello: peer_type=1 peer_addr_for_me=v2:127.0.0.1:52974/0
2026-02-13T09:37:02.493+0000 7f29b61f9640 20 mon.c@2(probing) e0 get_authorizer building auth_none authorizer
2026-02-13T09:37:02.493+0000 7f29b01ed640 5 --2- v2:127.0.0.1:7129/0 >> v2:127.0.0.1:7128/0 conn(0x2cca400 0x2c95600 unknown :-1 s=HELLO_CONNECTING pgs=0 gs=2 cs=0 l=0 c_cookie=0 s_cookie=0 reconnecting=0 rev1=1 crypto rx=0 tx=0 comp rx=0 tx=0).handle_hello getsockname says I am 127.0.0.1:52974 when talking to v2:127.0.0.1:7128/0
2026-02-13T09:37:02.493+0000 7f29b01ed640 20 --2- v2:127.0.0.1:7129/0 >> v2:127.0.0.1:7128/0 conn(0x2cca400 0x2c95600 unknown :-1 s=HELLO_CONNECTING pgs=0 gs=2 cs=0 l=0 c_cookie=0 s_cookie=0 reconnecting=0 rev1=1 crypto rx=0 tx=0 comp rx=0 tx=0).post_client_banner_exchange
2026-02-13T09:37:02.493+0000 7f29b01ed640 20 --2- v2:127.0.0.1:7129/0 >> v2:127.0.0.1:7128/0 conn(0x2cca400 0x2c95600 unknown :-1 s=AUTH_CONNECTING pgs=0 gs=2 cs=0 l=0 c_cookie=0 s_cookie=0 reconnecting=0 rev1=1 crypto rx=0 tx=0 comp rx=0 tx=0).send_auth_request peer_type 1 auth_client 0x2cada10
2026-02-13T09:37:02.493+0000 7f29b01ed640 10 mon.c@2(probing) e0 get_authorizer for mon
2026-02-13T09:37:02.493+0000 7f29b01ed640 20 mon.c@2(probing) e0 get_authorizer building auth_none authorizer
2026-02-13T09:37:02.493+0000 7f29b61f9640 10 -- v2:127.0.0.1:7129/0 >> v2:127.0.0.1:7127/0 conn(0x2cca800 msgr2=0x2c94b00 unknown :-1 s=STATE_CONNECTION_ESTABLISHED l=0)._try_send sent bytes 70 remaining bytes 0
2026-02-13T09:37:02.493+0000 7f29b61f9640 20 --2- v2:127.0.0.1:7129/0 >> v2:127.0.0.1:7127/0 conn(0x2cca800 0x2c94b00 unknown :-1 s=AUTH_CONNECTING pgs=0 gs=1 cs=0 l=0 c_cookie=0 s_cookie=0 reconnecting=0 rev1=1 crypto rx=0 tx=0 comp rx=0 tx=0).read_frame
2026-02-13T09:37:02.493+0000 7f29b61f9640 20 -- v2:127.0.0.1:7129/0 >> v2:127.0.0.1:7127/0 conn(0x2cca800 msgr2=0x2c94b00 unknown :-1 s=STATE_CONNECTION_ESTABLISHED l=0).read start len=32
2026-02-13T09:37:02.493+0000 7f29b01ed640 10 -- v2:127.0.0.1:7129/0 >> v2:127.0.0.1:7128/0 conn(0x2cca400 msgr2=0x2c95600 unknown :-1 s=STATE_CONNECTION_ESTABLISHED l=0)._try_send sent bytes 70 remaining bytes 0
2026-02-13T09:37:02.493+0000 7f29b01ed640 20 --2- v2:127.0.0.1:7129/0 >> v2:127.0.0.1:7128/0 conn(0x2cca400 0x2c95600 unknown :-1 s=AUTH_CONNECTING pgs=0 gs=2 cs=0 l=0 c_cookie=0 s_cookie=0 reconnecting=0 rev1=1 crypto rx=0 tx=0 comp rx=0 tx=0).read_frame
2026-02-13T09:37:02.493+0000 7f29b01ed640 20 -- v2:127.0.0.1:7129/0 >> v2:127.0.0.1:7128/0 conn(0x2cca400 msgr2=0x2c95600 unknown :-1 s=STATE_CONNECTION_ESTABLISHED l=0).read start len=32
2026-02-13T09:37:02.493+0000 7f29b61f9640 20 -- v2:127.0.0.1:7129/0 >> v2:127.0.0.1:7127/0 conn(0x2cca800 msgr2=0x2c94b00 unknown :-1 s=STATE_CONNECTION_ESTABLISHED l=0).process
2026-02-13T09:37:02.493+0000 7f29b61f9640 20 -- v2:127.0.0.1:7129/0 >> v2:127.0.0.1:7127/0 conn(0x2cca800 msgr2=0x2c94b00 unknown :-1 s=STATE_CONNECTION_ESTABLISHED l=0).read continue len=32
2026-02-13T09:37:02.493+0000 7f29b61f9640 20 --2- v2:127.0.0.1:7129/0 >> v2:127.0.0.1:7127/0 conn(0x2cca800 0x2c94b00 unknown :-1 s=AUTH_CONNECTING pgs=0 gs=1 cs=0 l=0 c_cookie=0 s_cookie=0 reconnecting=0 rev1=1 crypto rx=0 tx=0 comp rx=0 tx=0).handle_read_frame_preamble_main r=0
2026-02-13T09:37:02.493+0000 7f29b61f9640 20 --2- v2:127.0.0.1:7129/0 >> v2:127.0.0.1:7127/0 conn(0x2cca800 0x2c94b00 unknown :-1 s=AUTH_CONNECTING pgs=0 gs=1 cs=0 l=0 c_cookie=0 s_cookie=0 reconnecting=0 rev1=1 crypto rx=0 tx=0 comp rx=0 tx=0).read_frame_segment seg_idx=0
2026-02-13T09:37:02.493+0000 7f29b61f9640 20 -- v2:127.0.0.1:7129/0 >> v2:127.0.0.1:7127/0 conn(0x2cca800 msgr2=0x2c94b00 unknown :-1 s=STATE_CONNECTION_ESTABLISHED l=0).read start len=20
2026-02-13T09:37:02.493+0000 7f29b61f9640 20 --2- v2:127.0.0.1:7129/0 >> v2:127.0.0.1:7127/0 conn(0x2cca800 0x2c94b00 unknown :-1 s=AUTH_CONNECTING pgs=0 gs=1 cs=0 l=0 c_cookie=0 s_cookie=0 reconnecting=0 rev1=1 crypto rx=0 tx=0 comp rx=0 tx=0).handle_read_frame_segment r=0
2026-02-13T09:37:02.493+0000 7f29b61f9640 10 --2- v2:127.0.0.1:7129/0 >> v2:127.0.0.1:7127/0 conn(0x2cca800 0x2c94b00 unknown :-1 s=AUTH_CONNECTING pgs=0 gs=1 cs=0 l=0 c_cookie=0 s_cookie=0 reconnecting=0 rev1=1 crypto rx=0 tx=0 comp rx=0 tx=0).handle_read_frame_dispatch tag=6
2026-02-13T09:37:02.493+0000 7f29b61f9640 20 --2- v2:127.0.0.1:7129/0 >> v2:127.0.0.1:7127/0 conn(0x2cca800 0x2c94b00 unknown :-1 s=AUTH_CONNECTING pgs=0 gs=1 cs=0 l=0 c_cookie=0 s_cookie=0 reconnecting=0 rev1=1 crypto rx=0 tx=0 comp rx=0 tx=0).handle_auth_done payload.length()=16
2026-02-13T09:37:02.493+0000 7f29b61f9640 10 -- v2:127.0.0.1:7129/0 >> v2:127.0.0.1:7127/0 conn(0x2cca800 msgr2=0x2c94b00 crc :-1 s=STATE_CONNECTION_ESTABLISHED l=0)._try_send sent bytes 68 remaining bytes 0
2026-02-13T09:37:02.493+0000 7f29b61f9640 20 --2- v2:127.0.0.1:7129/0 >> v2:127.0.0.1:7127/0 conn(0x2cca800 0x2c94b00 crc :-1 s=AUTH_CONNECTING_SIGN pgs=0 gs=1 cs=0 l=0 c_cookie=0 s_cookie=0 reconnecting=0 rev1=1 crypto rx=0 tx=0 comp rx=0 tx=0).read_frame
2026-02-13T09:37:02.493+0000 7f29b61f9640 20 -- v2:127.0.0.1:7129/0 >> v2:127.0.0.1:7127/0 conn(0x2cca800 msgr2=0x2c94b00 crc :-1 s=STATE_CONNECTION_ESTABLISHED l=0).read start len=32
2026-02-13T09:37:02.493+0000 7f29b61f9640 20 --2- v2:127.0.0.1:7129/0 >> v2:127.0.0.1:7127/0 conn(0x2cca800 0x2c94b00 crc :-1 s=AUTH_CONNECTING_SIGN pgs=0 gs=1 cs=0 l=0 c_cookie=0 s_cookie=0 reconnecting=0 rev1=1 crypto rx=0 tx=0 comp rx=0 tx=0).handle_read_frame_preamble_main r=0
2026-02-13T09:37:02.493+0000 7f29b61f9640 20 --2- v2:127.0.0.1:7129/0 >> v2:127.0.0.1:7127/0 conn(0x2cca800 0x2c94b00 crc :-1 s=AUTH_CONNECTING_SIGN pgs=0 gs=1 cs=0 l=0 c_cookie=0 s_cookie=0 reconnecting=0 rev1=1 crypto rx=0 tx=0 comp rx=0 tx=0).read_frame_segment seg_idx=0
2026-02-13T09:37:02.493+0000 7f29b01ed640 20 -- v2:127.0.0.1:7129/0 >> v2:127.0.0.1:7128/0 conn(0x2cca400 msgr2=0x2c95600 unknown :-1 s=STATE_CONNECTION_ESTABLISHED l=0).process
2026-02-13T09:37:02.493+0000 7f29b61f9640 20 -- v2:127.0.0.1:7129/0 >> v2:127.0.0.1:7127/0 conn(0x2cca800 msgr2=0x2c94b00 crc :-1 s=STATE_CONNECTION_ESTABLISHED l=0).read start len=36
2026-02-13T09:37:02.493+0000 7f29b01ed640 20 -- v2:127.0.0.1:7129/0 >> v2:127.0.0.1:7128/0 conn(0x2cca400 msgr2=0x2c95600 unknown :-1 s=STATE_CONNECTION_ESTABLISHED l=0).read continue len=32
2026-02-13T09:37:02.493+0000 7f29b61f9640 20 --2- v2:127.0.0.1:7129/0 >> v2:127.0.0.1:7127/0 conn(0x2cca800 0x2c94b00 crc :-1 s=AUTH_CONNECTING_SIGN pgs=0 gs=1 cs=0 l=0 c_cookie=0 s_cookie=0 reconnecting=0 rev1=1 crypto rx=0 tx=0 comp rx=0 tx=0).handle_read_frame_segment r=0
2026-02-13T09:37:02.493+0000 7f29b61f9640 10 --2- v2:127.0.0.1:7129/0 >> v2:127.0.0.1:7127/0 conn(0x2cca800 0x2c94b00 crc :-1 s=AUTH_CONNECTING_SIGN pgs=0 gs=1 cs=0 l=0 c_cookie=0 s_cookie=0 reconnecting=0 rev1=1 crypto rx=0 tx=0 comp rx=0 tx=0).handle_read_frame_dispatch tag=7
2026-02-13T09:37:02.493+0000 7f29b01ed640 20 --2- v2:127.0.0.1:7129/0 >> v2:127.0.0.1:7128/0 conn(0x2cca400 0x2c95600 unknown :-1 s=AUTH_CONNECTING pgs=0 gs=2 cs=0 l=0 c_cookie=0 s_cookie=0 reconnecting=0 rev1=1 crypto rx=0 tx=0 comp rx=0 tx=0).handle_read_frame_preamble_main r=0
2026-02-13T09:37:02.493+0000 7f29b01ed640 20 --2- v2:127.0.0.1:7129/0 >> v2:127.0.0.1:7128/0 conn(0x2cca400 0x2c95600 unknown :-1 s=AUTH_CONNECTING pgs=0 gs=2 cs=0 l=0 c_cookie=0 s_cookie=0 reconnecting=0 rev1=1 crypto rx=0 tx=0 comp rx=0 tx=0).read_frame_segment seg_idx=0
2026-02-13T09:37:02.493+0000 7f29b61f9640 20 --2- v2:127.0.0.1:7129/0 >> v2:127.0.0.1:7127/0 conn(0x2cca800 0x2c94b00 crc :-1 s=AUTH_CONNECTING_SIGN pgs=0 gs=1 cs=0 l=0 c_cookie=0 s_cookie=0 reconnecting=0 rev1=1 crypto rx=0 tx=0 comp rx=0 tx=0).handle_auth_signature payload.length()=32
2026-02-13T09:37:02.493+0000 7f29b01ed640 20 -- v2:127.0.0.1:7129/0 >> v2:127.0.0.1:7128/0 conn(0x2cca400 msgr2=0x2c95600 unknown :-1 s=STATE_CONNECTION_ESTABLISHED l=0).read start len=20
2026-02-13T09:37:02.493+0000 7f29b01ed640 20 --2- v2:127.0.0.1:7129/0 >> v2:127.0.0.1:7128/0 conn(0x2cca400 0x2c95600 unknown :-1 s=AUTH_CONNECTING pgs=0 gs=2 cs=0 l=0 c_cookie=0 s_cookie=0 reconnecting=0 rev1=1 crypto rx=0 tx=0 comp rx=0 tx=0).handle_read_frame_segment r=0
2026-02-13T09:37:02.493+0000 7f29b01ed640 10 --2- v2:127.0.0.1:7129/0 >> v2:127.0.0.1:7128/0 conn(0x2cca400 0x2c95600 unknown :-1 s=AUTH_CONNECTING pgs=0 gs=2 cs=0 l=0 c_cookie=0 s_cookie=0 reconnecting=0 rev1=1 crypto rx=0 tx=0 comp rx=0 tx=0).handle_read_frame_dispatch tag=6
2026-02-13T09:37:02.493+0000 7f29b61f9640 20 --2- v2:127.0.0.1:7129/0 >> v2:127.0.0.1:7127/0 conn(0x2cca800 0x2c94b00 crc :-1 s=AUTH_CONNECTING_SIGN pgs=0 gs=1 cs=0 l=0 c_cookie=0 s_cookie=0 reconnecting=0 rev1=1 crypto rx=0 tx=0 comp rx=0 tx=0).handle_auth_signature pre-auth signature success sig_frame.signature()=0000000000000000000000000000000000000000000000000000000000000000
2026-02-13T09:37:02.493+0000 7f29b01ed640 20 --2- v2:127.0.0.1:7129/0 >> v2:127.0.0.1:7128/0 conn(0x2cca400 0x2c95600 unknown :-1 s=AUTH_CONNECTING pgs=0 gs=2 cs=0 l=0 c_cookie=0 s_cookie=0 reconnecting=0 rev1=1 crypto rx=0 tx=0 comp rx=0 tx=0).handle_auth_done payload.length()=16
2026-02-13T09:37:02.493+0000 7f29b61f9640 20 --2- v2:127.0.0.1:7129/0 >> v2:127.0.0.1:7127/0 conn(0x2cca800 0x2c94b00 crc :-1 s=AUTH_CONNECTING_SIGN pgs=0 gs=1 cs=0 l=0 c_cookie=0 s_cookie=0 reconnecting=0 rev1=1 crypto rx=0 tx=0 comp rx=0 tx=0).finish_client_auth
2026-02-13T09:37:02.493+0000 7f29b61f9640 20 CompressorRegistry(0x2c68a18) get_mode peer_type 1 is_secure 0
2026-02-13T09:37:02.493+0000 7f29b01ed640 10 -- v2:127.0.0.1:7129/0 >> v2:127.0.0.1:7128/0 conn(0x2cca400 msgr2=0x2c95600 crc :-1 s=STATE_CONNECTION_ESTABLISHED l=0)._try_send sent bytes 68 remaining bytes 0
2026-02-13T09:37:02.493+0000 7f29b01ed640 20 --2- v2:127.0.0.1:7129/0 >> v2:127.0.0.1:7128/0 conn(0x2cca400 0x2c95600 crc :-1 s=AUTH_CONNECTING_SIGN pgs=0 gs=2 cs=0 l=0 c_cookie=0 s_cookie=0 reconnecting=0 rev1=1 crypto rx=0 tx=0 comp rx=0 tx=0).read_frame
2026-02-13T09:37:02.493+0000 7f29b01ed640 20 -- v2:127.0.0.1:7129/0 >> v2:127.0.0.1:7128/0 conn(0x2cca400 msgr2=0x2c95600 crc :-1 s=STATE_CONNECTION_ESTABLISHED l=0).read start len=32
2026-02-13T09:37:02.493+0000 7f29b01ed640 20 --2- v2:127.0.0.1:7129/0 >> v2:127.0.0.1:7128/0 conn(0x2cca400 0x2c95600 crc :-1 s=AUTH_CONNECTING_SIGN pgs=0 gs=2 cs=0 l=0 c_cookie=0 s_cookie=0 reconnecting=0 rev1=1 crypto rx=0 tx=0 comp rx=0 tx=0).handle_read_frame_preamble_main r=0
2026-02-13T09:37:02.493+0000 7f29b01ed640 20 --2- v2:127.0.0.1:7129/0 >> v2:127.0.0.1:7128/0 conn(0x2cca400 0x2c95600 crc :-1 s=AUTH_CONNECTING_SIGN pgs=0 gs=2 cs=0 l=0 c_cookie=0 s_cookie=0 reconnecting=0 rev1=1 crypto rx=0 tx=0 comp rx=0 tx=0).read_frame_segment seg_idx=0
2026-02-13T09:37:02.493+0000 7f29b61f9640 10 -- v2:127.0.0.1:7129/0 >> v2:127.0.0.1:7127/0 conn(0x2cca800 msgr2=0x2c94b00 crc :-1 s=STATE_CONNECTION_ESTABLISHED l=0)._try_send sent bytes 41 remaining bytes 0
2026-02-13T09:37:02.493+0000 7f29b01ed640 20 -- v2:127.0.0.1:7129/0 >> v2:127.0.0.1:7128/0 conn(0x2cca400 msgr2=0x2c95600 crc :-1 s=STATE_CONNECTION_ESTABLISHED l=0).read start len=36
2026-02-13T09:37:02.493+0000 7f29b61f9640 20 --2- v2:127.0.0.1:7129/0 >> v2:127.0.0.1:7127/0 conn(0x2cca800 0x2c94b00 crc :-1 s=COMPRESSION_CONNECTING pgs=0 gs=1 cs=0 l=0 c_cookie=0 s_cookie=0 reconnecting=0 rev1=1 crypto rx=0 tx=0 comp rx=0 tx=0).read_frame
2026-02-13T09:37:02.493+0000 7f29b01ed640 20 --2- v2:127.0.0.1:7129/0 >> v2:127.0.0.1:7128/0 conn(0x2cca400 0x2c95600 crc :-1 s=AUTH_CONNECTING_SIGN pgs=0 gs=2 cs=0 l=0 c_cookie=0 s_cookie=0 reconnecting=0 rev1=1 crypto rx=0 tx=0 comp rx=0 tx=0).handle_read_frame_segment r=0
2026-02-13T09:37:02.493+0000 7f29b61f9640 20 -- v2:127.0.0.1:7129/0 >> v2:127.0.0.1:7127/0 conn(0x2cca800 msgr2=0x2c94b00 crc :-1 s=STATE_CONNECTION_ESTABLISHED l=0).read start len=32
2026-02-13T09:37:02.493+0000 7f29b01ed640 10 --2- v2:127.0.0.1:7129/0 >> v2:127.0.0.1:7128/0 conn(0x2cca400 0x2c95600 crc :-1 s=AUTH_CONNECTING_SIGN pgs=0 gs=2 cs=0 l=0 c_cookie=0 s_cookie=0 reconnecting=0 rev1=1 crypto rx=0 tx=0 comp rx=0 tx=0).handle_read_frame_dispatch tag=7
2026-02-13T09:37:02.493+0000 7f29b01ed640 20 --2- v2:127.0.0.1:7129/0 >> v2:127.0.0.1:7128/0 conn(0x2cca400 0x2c95600 crc :-1 s=AUTH_CONNECTING_SIGN pgs=0 gs=2 cs=0 l=0 c_cookie=0 s_cookie=0 reconnecting=0 rev1=1 crypto rx=0 tx=0 comp rx=0 tx=0).handle_auth_signature payload.length()=32
2026-02-13T09:37:02.493+0000 7f29b01ed640 20 --2- v2:127.0.0.1:7129/0 >> v2:127.0.0.1:7128/0 conn(0x2cca400 0x2c95600 crc :-1 s=AUTH_CONNECTING_SIGN pgs=0 gs=2 cs=0 l=0 c_cookie=0 s_cookie=0 reconnecting=0 rev1=1 crypto rx=0 tx=0 comp rx=0 tx=0).handle_auth_signature pre-auth signature success sig_frame.signature()=0000000000000000000000000000000000000000000000000000000000000000
2026-02-13T09:37:02.493+0000 7f29b01ed640 20 --2- v2:127.0.0.1:7129/0 >> v2:127.0.0.1:7128/0 conn(0x2cca400 0x2c95600 crc :-1 s=AUTH_CONNECTING_SIGN pgs=0 gs=2 cs=0 l=0 c_cookie=0 s_cookie=0 reconnecting=0 rev1=1 crypto rx=0 tx=0 comp rx=0 tx=0).finish_client_auth
2026-02-13T09:37:02.493+0000 7f29b01ed640 20 CompressorRegistry(0x2c68a18) get_mode peer_type 1 is_secure 0
2026-02-13T09:37:02.493+0000 7f29b01ed640 10 -- v2:127.0.0.1:7129/0 >> v2:127.0.0.1:7128/0 conn(0x2cca400 msgr2=0x2c95600 crc :-1 s=STATE_CONNECTION_ESTABLISHED l=0)._try_send sent bytes 41 remaining bytes 0
2026-02-13T09:37:02.493+0000 7f29b01ed640 20 --2- v2:127.0.0.1:7129/0 >> v2:127.0.0.1:7128/0 conn(0x2cca400 0x2c95600 crc :-1 s=COMPRESSION_CONNECTING pgs=0 gs=2 cs=0 l=0 c_cookie=0 s_cookie=0 reconnecting=0 rev1=1 crypto rx=0 tx=0 comp rx=0 tx=0).read_frame
2026-02-13T09:37:02.493+0000 7f29b01ed640 20 -- v2:127.0.0.1:7129/0 >> v2:127.0.0.1:7128/0 conn(0x2cca400 msgr2=0x2c95600 crc :-1 s=STATE_CONNECTION_ESTABLISHED l=0).read start len=32
2026-02-13T09:37:02.493+0000 7f29b61f9640 20 -- v2:127.0.0.1:7129/0 >> v2:127.0.0.1:7127/0 conn(0x2cca800 msgr2=0x2c94b00 crc :-1 s=STATE_CONNECTION_ESTABLISHED l=0).process
2026-02-13T09:37:02.493+0000 7f29b61f9640 20 -- v2:127.0.0.1:7129/0 >> v2:127.0.0.1:7127/0 conn(0x2cca800 msgr2=0x2c94b00 crc :-1 s=STATE_CONNECTION_ESTABLISHED l=0).read continue len=32
2026-02-13T09:37:02.493+0000 7f29b61f9640 20 --2- v2:127.0.0.1:7129/0 >> v2:127.0.0.1:7127/0 conn(0x2cca800 0x2c94b00 crc :-1 s=COMPRESSION_CONNECTING pgs=0 gs=1 cs=0 l=0 c_cookie=0 s_cookie=0 reconnecting=0 rev1=1 crypto rx=0 tx=0 comp rx=0 tx=0).handle_read_frame_preamble_main r=0
2026-02-13T09:37:02.493+0000 7f29b61f9640 20 --2- v2:127.0.0.1:7129/0 >> v2:127.0.0.1:7127/0 conn(0x2cca800 0x2c94b00 crc :-1 s=COMPRESSION_CONNECTING pgs=0 gs=1 cs=0 l=0 c_cookie=0 s_cookie=0 reconnecting=0 rev1=1 crypto rx=0 tx=0 comp rx=0 tx=0).read_frame_segment seg_idx=0
2026-02-13T09:37:02.493+0000 7f29b61f9640 20 -- v2:127.0.0.1:7129/0 >> v2:127.0.0.1:7127/0 conn(0x2cca800 msgr2=0x2c94b00 crc :-1 s=STATE_CONNECTION_ESTABLISHED l=0).read start len=9
2026-02-13T09:37:02.493+0000 7f29b61f9640 20 --2- v2:127.0.0.1:7129/0 >> v2:127.0.0.1:7127/0 conn(0x2cca800 0x2c94b00 crc :-1 s=COMPRESSION_CONNECTING pgs=0 gs=1 cs=0 l=0 c_cookie=0 s_cookie=0 reconnecting=0 rev1=1 crypto rx=0 tx=0 comp rx=0 tx=0).handle_read_frame_segment r=0
2026-02-13T09:37:02.493+0000 7f29b61f9640 10 --2- v2:127.0.0.1:7129/0 >> v2:127.0.0.1:7127/0 conn(0x2cca800 0x2c94b00 crc :-1 s=COMPRESSION_CONNECTING pgs=0 gs=1 cs=0 l=0 c_cookie=0 s_cookie=0 reconnecting=0 rev1=1 crypto rx=0 tx=0 comp rx=0 tx=0).handle_read_frame_dispatch tag=22
2026-02-13T09:37:02.493+0000 7f29b61f9640 10 --2- v2:127.0.0.1:7129/0 >> v2:127.0.0.1:7127/0 conn(0x2cca800 0x2c94b00 crc :-1 s=COMPRESSION_CONNECTING pgs=0 gs=1 cs=0 l=0 c_cookie=0 s_cookie=0 reconnecting=0 rev1=1 crypto rx=0 tx=0 comp rx=0 tx=0).handle_compression_done CompressionDoneFrame(is_compress=0, method=0)
2026-02-13T09:37:02.493+0000 7f29b61f9640 20 --2- v2:127.0.0.1:7129/0 >> v2:127.0.0.1:7127/0 conn(0x2cca800 0x2c94b00 crc :-1 s=COMPRESSION_CONNECTING pgs=0 gs=1 cs=0 l=0 c_cookie=0 s_cookie=0 reconnecting=0 rev1=1 crypto rx=0 tx=0 comp rx=0 tx=0).start_session_connect starting a new session
2026-02-13T09:37:02.493+0000 7f29b61f9640 20 --2- v2:127.0.0.1:7129/0 >> v2:127.0.0.1:7127/0 conn(0x2cca800 0x2c94b00 crc :-1 s=SESSION_CONNECTING pgs=0 gs=1 cs=0 l=0 c_cookie=0 s_cookie=0 reconnecting=0 rev1=1 crypto rx=0 tx=0 comp rx=0 tx=0).send_client_ident
2026-02-13T09:37:02.493+0000 7f29b61f9640 5 --2- v2:127.0.0.1:7129/0 >> v2:127.0.0.1:7127/0 conn(0x2cca800 0x2c94b00 crc :-1 s=SESSION_CONNECTING pgs=0 gs=1 cs=0 l=0 c_cookie=14306693994599513539 s_cookie=0 reconnecting=0 rev1=1 crypto rx=0 tx=0 comp rx=0 tx=0).send_client_ident sending identification: addrs=v2:127.0.0.1:7129/0 target=v2:127.0.0.1:7127/0 gid=2 global_seq=1 features_supported=3f0ffffffffdffff features_required=800000000200000 flags=0 cookie=c68b966352517dc3
2026-02-13T09:37:02.493+0000 7f29b01ed640 20 -- v2:127.0.0.1:7129/0 >> v2:127.0.0.1:7128/0 conn(0x2cca400 msgr2=0x2c95600 crc :-1 s=STATE_CONNECTION_ESTABLISHED l=0).process
2026-02-13T09:37:02.493+0000 7f29b01ed640 20 -- v2:127.0.0.1:7129/0 >> v2:127.0.0.1:7128/0 conn(0x2cca400 msgr2=0x2c95600 crc :-1 s=STATE_CONNECTION_ESTABLISHED l=0).read continue len=32
2026-02-13T09:37:02.493+0000 7f29b01ed640 20 --2- v2:127.0.0.1:7129/0 >> v2:127.0.0.1:7128/0 conn(0x2cca400 0x2c95600 crc :-1 s=COMPRESSION_CONNECTING pgs=0 gs=2 cs=0 l=0 c_cookie=0 s_cookie=0 reconnecting=0 rev1=1 crypto rx=0 tx=0 comp rx=0 tx=0).handle_read_frame_preamble_main r=0
2026-02-13T09:37:02.493+0000 7f29b01ed640 20 --2- v2:127.0.0.1:7129/0 >> v2:127.0.0.1:7128/0 conn(0x2cca400 0x2c95600 crc :-1 s=COMPRESSION_CONNECTING pgs=0 gs=2 cs=0 l=0 c_cookie=0 s_cookie=0 reconnecting=0 rev1=1 crypto rx=0 tx=0 comp rx=0 tx=0).read_frame_segment seg_idx=0
2026-02-13T09:37:02.493+0000 7f29b61f9640 10 -- v2:127.0.0.1:7129/0 >> v2:127.0.0.1:7127/0 conn(0x2cca800 msgr2=0x2c94b00 crc :-1 s=STATE_CONNECTION_ESTABLISHED l=0)._try_send sent bytes 159 remaining bytes 0
2026-02-13T09:37:02.493+0000 7f29b01ed640 20 -- v2:127.0.0.1:7129/0 >> v2:127.0.0.1:7128/0 conn(0x2cca400 msgr2=0x2c95600 crc :-1 s=STATE_CONNECTION_ESTABLISHED l=0).read start len=9
2026-02-13T09:37:02.493+0000 7f29b61f9640 20 --2- v2:127.0.0.1:7129/0 >> v2:127.0.0.1:7127/0 conn(0x2cca800 0x2c94b00 crc :-1 s=SESSION_CONNECTING pgs=0 gs=1 cs=0 l=0 c_cookie=14306693994599513539 s_cookie=0 reconnecting=0 rev1=1 crypto rx=0 tx=0 comp rx=0 tx=0).read_frame
2026-02-13T09:37:02.493+0000 7f29b61f9640 20 -- v2:127.0.0.1:7129/0 >> v2:127.0.0.1:7127/0 conn(0x2cca800 msgr2=0x2c94b00 crc :-1 s=STATE_CONNECTION_ESTABLISHED l=0).read start len=32
2026-02-13T09:37:02.493+0000 7f29b01ed640 20 --2- v2:127.0.0.1:7129/0 >> v2:127.0.0.1:7128/0 conn(0x2cca400 0x2c95600 crc :-1 s=COMPRESSION_CONNECTING pgs=0 gs=2 cs=0 l=0 c_cookie=0 s_cookie=0 reconnecting=0 rev1=1 crypto rx=0 tx=0 comp rx=0 tx=0).handle_read_frame_segment r=0
