2026-02-13T09:37:13.790+0000 7f29b61f9640 20 --2- v2:127.0.0.1:7129/0 >> v2:127.0.0.1:7127/0 conn(0x2cca800 0x2c94b00 crc :-1 s=THROTTLE_MESSAGE pgs=43 gs=5 cs=0 l=0 c_cookie=5129778442054626404 s_cookie=12663548890031548523 reconnecting=0 rev1=1 crypto rx=0 tx=0 comp rx=0 tx=0).throttle_message
2026-02-13T09:37:13.790+0000 7f29b61f9640 20 --2- v2:127.0.0.1:7129/0 >> v2:127.0.0.1:7127/0 conn(0x2cca800 0x2c94b00 crc :-1 s=THROTTLE_BYTES pgs=43 gs=5 cs=0 l=0 c_cookie=5129778442054626404 s_cookie=12663548890031548523 reconnecting=0 rev1=1 crypto rx=0 tx=0 comp rx=0 tx=0).throttle_bytes
2026-02-13T09:37:13.790+0000 7f29b21f1640 10 mon.c@2(probing) e0 _ms_dispatch new session 0x3b46fc0 MonSession(mon.0 v2:127.0.0.1:7127/0 is open , features 0x3f0ffffffffdffff (squid)) features 0x3f0ffffffffdffff
2026-02-13T09:37:13.790+0000 7f29b61f9640 20 --2- v2:127.0.0.1:7129/0 >> v2:127.0.0.1:7127/0 conn(0x2cca800 0x2c94b00 crc :-1 s=THROTTLE_DISPATCH_QUEUE pgs=43 gs=5 cs=0 l=0 c_cookie=5129778442054626404 s_cookie=12663548890031548523 reconnecting=0 rev1=1 crypto rx=0 tx=0 comp rx=0 tx=0).throttle_dispatch_queue
2026-02-13T09:37:13.790+0000 7f29b21f1640 5 mon.c@2(probing) e0 _ms_dispatch setting monitor caps on this connection
2026-02-13T09:37:13.790+0000 7f29b61f9640 20 --2- v2:127.0.0.1:7129/0 >> v2:127.0.0.1:7127/0 conn(0x2cca800 0x2c94b00 crc :-1 s=THROTTLE_DONE pgs=43 gs=5 cs=0 l=0 c_cookie=5129778442054626404 s_cookie=12663548890031548523 reconnecting=0 rev1=1 crypto rx=0 tx=0 comp rx=0 tx=0).read_frame_segment seg_idx=0
2026-02-13T09:37:13.790+0000 7f29b61f9640 20 -- v2:127.0.0.1:7129/0 >> v2:127.0.0.1:7127/0 conn(0x2cca800 msgr2=0x2c94b00 crc :-1 s=STATE_CONNECTION_ESTABLISHED l=0).read start len=45
2026-02-13T09:37:13.790+0000 7f29b61f9640 20 --2- v2:127.0.0.1:7129/0 >> v2:127.0.0.1:7127/0 conn(0x2cca800 0x2c94b00 crc :-1 s=THROTTLE_DONE pgs=43 gs=5 cs=0 l=0 c_cookie=5129778442054626404 s_cookie=12663548890031548523 reconnecting=0 rev1=1 crypto rx=0 tx=0 comp rx=0 tx=0).handle_read_frame_segment r=0
2026-02-13T09:37:13.790+0000 7f29b61f9640 20 --2- v2:127.0.0.1:7129/0 >> v2:127.0.0.1:7127/0 conn(0x2cca800 0x2c94b00 crc :-1 s=THROTTLE_DONE pgs=43 gs=5 cs=0 l=0 c_cookie=5129778442054626404 s_cookie=12663548890031548523 reconnecting=0 rev1=1 crypto rx=0 tx=0 comp rx=0 tx=0).read_frame_segment seg_idx=1
2026-02-13T09:37:13.790+0000 7f29b21f1640 20 mon.c@2(probing) e0 entity_name global_id 0 (none) caps allow *
2026-02-13T09:37:13.790+0000 7f29b61f9640 20 -- v2:127.0.0.1:7129/0 >> v2:127.0.0.1:7127/0 conn(0x2cca800 msgr2=0x2c94b00 crc :-1 s=STATE_CONNECTION_ESTABLISHED l=0).read start len=63
2026-02-13T09:37:13.790+0000 7f29b61f9640 20 --2- v2:127.0.0.1:7129/0 >> v2:127.0.0.1:7127/0 conn(0x2cca800 0x2c94b00 crc :-1 s=THROTTLE_DONE pgs=43 gs=5 cs=0 l=0 c_cookie=5129778442054626404 s_cookie=12663548890031548523 reconnecting=0 rev1=1 crypto rx=0 tx=0 comp rx=0 tx=0).handle_read_frame_segment r=0
2026-02-13T09:37:13.790+0000 7f29b61f9640 20 -- v2:127.0.0.1:7129/0 >> v2:127.0.0.1:7127/0 conn(0x2cca800 msgr2=0x2c94b00 crc :-1 s=STATE_CONNECTION_ESTABLISHED l=0).read start len=13
2026-02-13T09:37:13.790+0000 7f29b61f9640 20 --2- v2:127.0.0.1:7129/0 >> v2:127.0.0.1:7127/0 conn(0x2cca800 0x2c94b00 crc :-1 s=THROTTLE_DONE pgs=43 gs=5 cs=0 l=0 c_cookie=5129778442054626404 s_cookie=12663548890031548523 reconnecting=0 rev1=1 crypto rx=0 tx=0 comp rx=0 tx=0).handle_read_frame_epilogue_main r=0
2026-02-13T09:37:13.790+0000 7f29b21f1640 20 MonCap is_capable service=mon command= read addr v2:127.0.0.1:7127/0 on cap allow *
2026-02-13T09:37:13.790+0000 7f29b61f9640 10 --2- v2:127.0.0.1:7129/0 >> v2:127.0.0.1:7127/0 conn(0x2cca800 0x2c94b00 crc :-1 s=THROTTLE_DONE pgs=43 gs=5 cs=0 l=0 c_cookie=5129778442054626404 s_cookie=12663548890031548523 reconnecting=0 rev1=1 crypto rx=0 tx=0 comp rx=0 tx=0).handle_read_frame_dispatch tag=17
2026-02-13T09:37:13.790+0000 7f29b21f1640 20 MonCap allow so far , doing grant allow *
2026-02-13T09:37:13.790+0000 7f29b21f1640 20 MonCap allow all
2026-02-13T09:37:13.790+0000 7f29b61f9640 20 --2- v2:127.0.0.1:7129/0 >> v2:127.0.0.1:7127/0 conn(0x2cca800 0x2c94b00 crc :-1 s=THROTTLE_DONE pgs=43 gs=5 cs=0 l=0 c_cookie=5129778442054626404 s_cookie=12663548890031548523 reconnecting=0 rev1=1 crypto rx=0 tx=0 comp rx=0 tx=0).handle_message
2026-02-13T09:37:13.790+0000 7f29b61f9640 5 --2- v2:127.0.0.1:7129/0 >> v2:127.0.0.1:7127/0 conn(0x2cca800 0x2c94b00 crc :-1 s=THROTTLE_DONE pgs=43 gs=5 cs=0 l=0 c_cookie=5129778442054626404 s_cookie=12663548890031548523 reconnecting=0 rev1=1 crypto rx=0 tx=0 comp rx=0 tx=0).handle_message got 63 + 0 + 0 byte message. envelope type=67 src mon.0 off 0
2026-02-13T09:37:13.790+0000 7f29b61f9640 5 --2- v2:127.0.0.1:7129/0 >> v2:127.0.0.1:7127/0 conn(0x2cca800 0x2c94b00 crc :-1 s=READ_MESSAGE_COMPLETE pgs=43 gs=5 cs=0 l=0 c_cookie=5129778442054626404 s_cookie=12663548890031548523 reconnecting=0 rev1=1 crypto rx=0 tx=0 comp rx=0 tx=0).handle_message received message m=0x3b6bc00 seq=3 from=mon.0 type=67 mon_probe(probe ecba677d-2ab7-4f4b-bd77-081ba1018187 name a leader -1 new mon_release tentacle)
2026-02-13T09:37:13.790+0000 7f29b21f1640 10 mon.c@2(probing) e0 handle_probe mon_probe(probe ecba677d-2ab7-4f4b-bd77-081ba1018187 name a leader -1 new mon_release tentacle)
2026-02-13T09:37:13.790+0000 7f29b21f1640 10 mon.c@2(probing) e0 handle_probe_probe mon.0 v2:127.0.0.1:7127/0 mon_probe(probe ecba677d-2ab7-4f4b-bd77-081ba1018187 name a leader -1 new mon_release tentacle) features 4544132024016699391
2026-02-13T09:37:13.790+0000 7f29b61f9640 20 -- v2:127.0.0.1:7129/0 queue 0x3b6bc00 prio 196
2026-02-13T09:37:13.790+0000 7f29b61f9640 15 --2- v2:127.0.0.1:7129/0 >> v2:127.0.0.1:7127/0 conn(0x2cca800 0x2c94b00 crc :-1 s=READY pgs=43 gs=5 cs=0 l=0 c_cookie=5129778442054626404 s_cookie=12663548890031548523 reconnecting=0 rev1=1 crypto rx=0 tx=0 comp rx=0 tx=0).handle_message_ack seq=0
2026-02-13T09:37:13.790+0000 7f29b61f9640 20 --2- v2:127.0.0.1:7129/0 >> v2:127.0.0.1:7127/0 conn(0x2cca800 0x2c94b00 crc :-1 s=READY pgs=43 gs=5 cs=0 l=0 c_cookie=5129778442054626404 s_cookie=12663548890031548523 reconnecting=0 rev1=1 crypto rx=0 tx=0 comp rx=0 tx=0).read_frame
2026-02-13T09:37:13.790+0000 7f29b61f9640 20 -- v2:127.0.0.1:7129/0 >> v2:127.0.0.1:7127/0 conn(0x2cca800 msgr2=0x2c94b00 crc :-1 s=STATE_CONNECTION_ESTABLISHED l=0).read start len=32
2026-02-13T09:37:13.790+0000 7f29b61f9640 20 --2- v2:127.0.0.1:7129/0 >> v2:127.0.0.1:7127/0 conn(0x2cca800 0x2c94b00 crc :-1 s=READY pgs=43 gs=5 cs=0 l=0 c_cookie=5129778442054626404 s_cookie=12663548890031548523 reconnecting=0 rev1=1 crypto rx=0 tx=0 comp rx=0 tx=0).handle_read_frame_preamble_main r=0
2026-02-13T09:37:13.790+0000 7f29b61f9640 20 --2- v2:127.0.0.1:7129/0 >> v2:127.0.0.1:7127/0 conn(0x2cca800 0x2c94b00 crc :-1 s=THROTTLE_MESSAGE pgs=43 gs=5 cs=0 l=0 c_cookie=5129778442054626404 s_cookie=12663548890031548523 reconnecting=0 rev1=1 crypto rx=0 tx=0 comp rx=0 tx=0).throttle_message
2026-02-13T09:37:13.790+0000 7f29b61f9640 20 --2- v2:127.0.0.1:7129/0 >> v2:127.0.0.1:7127/0 conn(0x2cca800 0x2c94b00 crc :-1 s=THROTTLE_BYTES pgs=43 gs=5 cs=0 l=0 c_cookie=5129778442054626404 s_cookie=12663548890031548523 reconnecting=0 rev1=1 crypto rx=0 tx=0 comp rx=0 tx=0).throttle_bytes
2026-02-13T09:37:13.790+0000 7f29b61f9640 20 --2- v2:127.0.0.1:7129/0 >> v2:127.0.0.1:7127/0 conn(0x2cca800 0x2c94b00 crc :-1 s=THROTTLE_DISPATCH_QUEUE pgs=43 gs=5 cs=0 l=0 c_cookie=5129778442054626404 s_cookie=12663548890031548523 reconnecting=0 rev1=1 crypto rx=0 tx=0 comp rx=0 tx=0).throttle_dispatch_queue
2026-02-13T09:37:13.790+0000 7f29b61f9640 20 --2- v2:127.0.0.1:7129/0 >> v2:127.0.0.1:7127/0 conn(0x2cca800 0x2c94b00 crc :-1 s=THROTTLE_DONE pgs=43 gs=5 cs=0 l=0 c_cookie=5129778442054626404 s_cookie=12663548890031548523 reconnecting=0 rev1=1 crypto rx=0 tx=0 comp rx=0 tx=0).read_frame_segment seg_idx=0
2026-02-13T09:37:13.790+0000 7f29b61f9640 20 -- v2:127.0.0.1:7129/0 >> v2:127.0.0.1:7127/0 conn(0x2cca800 msgr2=0x2c94b00 crc :-1 s=STATE_CONNECTION_ESTABLISHED l=0).read start len=45
2026-02-13T09:37:13.790+0000 7f29b61f9640 20 --2- v2:127.0.0.1:7129/0 >> v2:127.0.0.1:7127/0 conn(0x2cca800 0x2c94b00 crc :-1 s=THROTTLE_DONE pgs=43 gs=5 cs=0 l=0 c_cookie=5129778442054626404 s_cookie=12663548890031548523 reconnecting=0 rev1=1 crypto rx=0 tx=0 comp rx=0 tx=0).handle_read_frame_segment r=0
2026-02-13T09:37:13.790+0000 7f29b61f9640 20 --2- v2:127.0.0.1:7129/0 >> v2:127.0.0.1:7127/0 conn(0x2cca800 0x2c94b00 crc :-1 s=THROTTLE_DONE pgs=43 gs=5 cs=0 l=0 c_cookie=5129778442054626404 s_cookie=12663548890031548523 reconnecting=0 rev1=1 crypto rx=0 tx=0 comp rx=0 tx=0).read_frame_segment seg_idx=1
2026-02-13T09:37:13.790+0000 7f29b21f1640 1 -- v2:127.0.0.1:7129/0 --> v2:127.0.0.1:7127/0 -- mon_probe(reply ecba677d-2ab7-4f4b-bd77-081ba1018187 name c leader 0 paxos( fc 0 lc 0 ) new mon_release tentacle) -- 0x3bc2000 con 0x2cca800
2026-02-13T09:37:13.790+0000 7f29b21f1640 5 --2- v2:127.0.0.1:7129/0 >> v2:127.0.0.1:7127/0 conn(0x2cca800 0x2c94b00 crc :-1 s=THROTTLE_DONE pgs=43 gs=5 cs=0 l=0 c_cookie=5129778442054626404 s_cookie=12663548890031548523 reconnecting=0 rev1=1 crypto rx=0 tx=0 comp rx=0 tx=0).send_message enqueueing message m=0x3bc2000 type=67 mon_probe(reply ecba677d-2ab7-4f4b-bd77-081ba1018187 name c leader 0 paxos( fc 0 lc 0 ) new mon_release tentacle)
2026-02-13T09:37:13.790+0000 7f29b61f9640 20 -- v2:127.0.0.1:7129/0 >> v2:127.0.0.1:7127/0 conn(0x2cca800 msgr2=0x2c94b00 crc :-1 s=STATE_CONNECTION_ESTABLISHED l=0).read start len=569
2026-02-13T09:37:13.790+0000 7f29b61f9640 20 --2- v2:127.0.0.1:7129/0 >> v2:127.0.0.1:7127/0 conn(0x2cca800 0x2c94b00 crc :-1 s=THROTTLE_DONE pgs=43 gs=5 cs=0 l=0 c_cookie=5129778442054626404 s_cookie=12663548890031548523 reconnecting=0 rev1=1 crypto rx=0 tx=0 comp rx=0 tx=0).handle_read_frame_segment r=0
2026-02-13T09:37:13.790+0000 7f29b21f1640 15 --2- v2:127.0.0.1:7129/0 >> v2:127.0.0.1:7127/0 conn(0x2cca800 0x2c94b00 crc :-1 s=THROTTLE_DONE pgs=43 gs=5 cs=0 l=0 c_cookie=5129778442054626404 s_cookie=12663548890031548523 reconnecting=0 rev1=1 crypto rx=0 tx=0 comp rx=0 tx=0).send_message message queued for async transmission m=0x3bc2000
2026-02-13T09:37:13.790+0000 7f29b61f9640 20 -- v2:127.0.0.1:7129/0 >> v2:127.0.0.1:7127/0 conn(0x2cca800 msgr2=0x2c94b00 crc :-1 s=STATE_CONNECTION_ESTABLISHED l=0).read start len=13
2026-02-13T09:37:13.790+0000 7f29b21f1640 20 mon.c@2(probing).elector(0) begin_peer_ping with 0
2026-02-13T09:37:13.790+0000 7f29b61f9640 20 --2- v2:127.0.0.1:7129/0 >> v2:127.0.0.1:7127/0 conn(0x2cca800 0x2c94b00 crc :-1 s=THROTTLE_DONE pgs=43 gs=5 cs=0 l=0 c_cookie=5129778442054626404 s_cookie=12663548890031548523 reconnecting=0 rev1=1 crypto rx=0 tx=0 comp rx=0 tx=0).handle_read_frame_epilogue_main r=0
2026-02-13T09:37:13.790+0000 7f29b21f1640 10 mon.c@2(probing).elector(0) quorum mon feature is not yet set, we might need to wait until we form a quorum
2026-02-13T09:37:13.790+0000 7f29b61f9640 10 --2- v2:127.0.0.1:7129/0 >> v2:127.0.0.1:7127/0 conn(0x2cca800 0x2c94b00 crc :-1 s=THROTTLE_DONE pgs=43 gs=5 cs=0 l=0 c_cookie=5129778442054626404 s_cookie=12663548890031548523 reconnecting=0 rev1=1 crypto rx=0 tx=0 comp rx=0 tx=0).handle_read_frame_dispatch tag=17
2026-02-13T09:37:13.790+0000 7f29b61f9640 20 --2- v2:127.0.0.1:7129/0 >> v2:127.0.0.1:7127/0 conn(0x2cca800 0x2c94b00 crc :-1 s=THROTTLE_DONE pgs=43 gs=5 cs=0 l=0 c_cookie=5129778442054626404 s_cookie=12663548890031548523 reconnecting=0 rev1=1 crypto rx=0 tx=0 comp rx=0 tx=0).handle_message
2026-02-13T09:37:13.790+0000 7f29b61f9640 5 --2- v2:127.0.0.1:7129/0 >> v2:127.0.0.1:7127/0 conn(0x2cca800 0x2c94b00 crc :-1 s=THROTTLE_DONE pgs=43 gs=5 cs=0 l=0 c_cookie=5129778442054626404 s_cookie=12663548890031548523 reconnecting=0 rev1=1 crypto rx=0 tx=0 comp rx=0 tx=0).handle_message got 569 + 0 + 0 byte message. envelope type=65 src mon.0 off 0
2026-02-13T09:37:13.790+0000 7f29b21f1640 10 -- v2:127.0.0.1:7129/0 dispatch_throttle_release 63 to dispatch throttler 1196/104857600
2026-02-13T09:37:13.790+0000 7f29b61f9640 5 --2- v2:127.0.0.1:7129/0 >> v2:127.0.0.1:7127/0 conn(0x2cca800 0x2c94b00 crc :-1 s=READ_MESSAGE_COMPLETE pgs=43 gs=5 cs=0 l=0 c_cookie=5129778442054626404 s_cookie=12663548890031548523 reconnecting=0 rev1=1 crypto rx=0 tx=0 comp rx=0 tx=0).handle_message received message m=0x3b46d80 seq=4 from=mon.0 type=65 election(ecba677d-2ab7-4f4b-bd77-081ba1018187 propose rel 20 e3)
2026-02-13T09:37:13.790+0000 7f29b61f9640 20 -- v2:127.0.0.1:7129/0 queue 0x3b46d80 prio 196
2026-02-13T09:37:13.790+0000 7f29b21f1640 20 -- v2:127.0.0.1:7129/0 done calling dispatch on 0x3ad3e00
2026-02-13T09:37:13.790+0000 7f29b61f9640 15 --2- v2:127.0.0.1:7129/0 >> v2:127.0.0.1:7127/0 conn(0x2cca800 0x2c94b00 crc :-1 s=READY pgs=43 gs=5 cs=0 l=0 c_cookie=5129778442054626404 s_cookie=12663548890031548523 reconnecting=0 rev1=1 crypto rx=0 tx=0 comp rx=0 tx=0).handle_message_ack seq=0
2026-02-13T09:37:13.790+0000 7f29b61f9640 20 --2- v2:127.0.0.1:7129/0 >> v2:127.0.0.1:7127/0 conn(0x2cca800 0x2c94b00 crc :-1 s=READY pgs=43 gs=5 cs=0 l=0 c_cookie=5129778442054626404 s_cookie=12663548890031548523 reconnecting=0 rev1=1 crypto rx=0 tx=0 comp rx=0 tx=0).read_frame
2026-02-13T09:37:13.790+0000 7f29b61f9640 20 -- v2:127.0.0.1:7129/0 >> v2:127.0.0.1:7127/0 conn(0x2cca800 msgr2=0x2c94b00 crc :-1 s=STATE_CONNECTION_ESTABLISHED l=0).read start len=32
2026-02-13T09:37:13.790+0000 7f29b21f1640 1 -- v2:127.0.0.1:7129/0 <== mon.0 v2:127.0.0.1:7127/0 2 ==== election(ecba677d-2ab7-4f4b-bd77-081ba1018187 propose rel 20 e1) ==== 501+0+0 (crc 0 0 0) 0x3b46b40 con 0x2cca800
2026-02-13T09:37:13.790+0000 7f29b61f9640 10 -- v2:127.0.0.1:7129/0 >> v2:127.0.0.1:7127/0 conn(0x2cca800 msgr2=0x2c94b00 crc :-1 s=STATE_CONNECTION_ESTABLISHED l=0).handle_write
2026-02-13T09:37:13.790+0000 7f29b61f9640 10 --2- v2:127.0.0.1:7129/0 >> v2:127.0.0.1:7127/0 conn(0x2cca800 0x2c94b00 crc :-1 s=READY pgs=43 gs=5 cs=0 l=0 c_cookie=5129778442054626404 s_cookie=12663548890031548523 reconnecting=0 rev1=1 crypto rx=0 tx=0 comp rx=0 tx=0).write_event
2026-02-13T09:37:13.790+0000 7f29b21f1640 20 mon.c@2(probing) e0 _ms_dispatch existing session 0x3b46fc0 for mon.0
2026-02-13T09:37:13.790+0000 7f29b61f9640 10 -- v2:127.0.0.1:7129/0 >> v2:127.0.0.1:7127/0 conn(0x2cca800 msgr2=0x2c94b00 crc :-1 s=STATE_CONNECTION_ESTABLISHED l=0)._try_send sent bytes 44 remaining bytes 0
2026-02-13T09:37:13.790+0000 7f29b21f1640 20 mon.c@2(probing) e0 entity_name global_id 0 (none) caps allow *
2026-02-13T09:37:13.790+0000 7f29b21f1640 20 MonCap is_capable service=mon command= read addr v2:127.0.0.1:7127/0 on cap allow *
2026-02-13T09:37:13.790+0000 7f29b21f1640 20 MonCap allow so far , doing grant allow *
2026-02-13T09:37:13.790+0000 7f29b21f1640 20 MonCap allow all
2026-02-13T09:37:13.790+0000 7f29b21f1640 20 MonCap is_capable service=mon command= exec addr v2:127.0.0.1:7127/0 on cap allow *
2026-02-13T09:37:13.790+0000 7f29b21f1640 20 MonCap allow so far , doing grant allow *
2026-02-13T09:37:13.790+0000 7f29b21f1640 20 MonCap allow all
2026-02-13T09:37:13.790+0000 7f29b61f9640 20 --2- v2:127.0.0.1:7129/0 >> v2:127.0.0.1:7127/0 conn(0x2cca800 0x2c94b00 crc :-1 s=READY pgs=43 gs=5 cs=0 l=0 c_cookie=5129778442054626404 s_cookie=12663548890031548523 reconnecting=0 rev1=1 crypto rx=0 tx=0 comp rx=0 tx=0).prepare_send_message m=mon_probe(reply ecba677d-2ab7-4f4b-bd77-081ba1018187 name c leader 0 paxos( fc 0 lc 0 ) new mon_release tentacle)
2026-02-13T09:37:13.790+0000 7f29b21f1640 10 -- v2:127.0.0.1:7129/0 dispatch_throttle_release 501 to dispatch throttler 1133/104857600
2026-02-13T09:37:13.790+0000 7f29b61f9640 20 --2- v2:127.0.0.1:7129/0 >> v2:127.0.0.1:7127/0 conn(0x2cca800 0x2c94b00 crc :-1 s=READY pgs=43 gs=5 cs=0 l=0 c_cookie=5129778442054626404 s_cookie=12663548890031548523 reconnecting=0 rev1=1 crypto rx=0 tx=0 comp rx=0 tx=0).prepare_send_message encoding features 4544132024016699391 0x3bc2000 mon_probe(reply ecba677d-2ab7-4f4b-bd77-081ba1018187 name c leader 0 paxos( fc 0 lc 0 ) new mon_release tentacle)
2026-02-13T09:37:13.790+0000 7f29b21f1640 20 -- v2:127.0.0.1:7129/0 done calling dispatch on 0x3b46b40
2026-02-13T09:37:13.790+0000 7f29b21f1640 1 -- v2:127.0.0.1:7129/0 <== mon.0 v2:127.0.0.1:7127/0 3 ==== mon_probe(probe ecba677d-2ab7-4f4b-bd77-081ba1018187 name a leader -1 new mon_release tentacle) ==== 63+0+0 (crc 0 0 0) 0x3b6bc00 con 0x2cca800
2026-02-13T09:37:13.790+0000 7f29b21f1640 20 mon.c@2(probing) e0 _ms_dispatch existing session 0x3b46fc0 for mon.0
2026-02-13T09:37:13.790+0000 7f29b21f1640 20 mon.c@2(probing) e0 entity_name global_id 0 (none) caps allow *
2026-02-13T09:37:13.790+0000 7f29b61f9640 2 --2- v2:127.0.0.1:7129/0 >> v2:127.0.0.1:7127/0 conn(0x2cca800 0x2c94b00 crc :-1 s=READY pgs=43 gs=5 cs=0 l=0 c_cookie=5129778442054626404 s_cookie=12663548890031548523 reconnecting=0 rev1=1 crypto rx=0 tx=0 comp rx=0 tx=0).write_message sending message m=0x3bc2000 seq=7 mon_probe(reply ecba677d-2ab7-4f4b-bd77-081ba1018187 name c leader 0 paxos( fc 0 lc 0 ) new mon_release tentacle)
2026-02-13T09:37:13.790+0000 7f29b21f1640 20 MonCap is_capable service=mon command= read addr v2:127.0.0.1:7127/0 on cap allow *
2026-02-13T09:37:13.790+0000 7f29b21f1640 20 MonCap allow so far , doing grant allow *
2026-02-13T09:37:13.790+0000 7f29b21f1640 20 MonCap allow all
2026-02-13T09:37:13.790+0000 7f29b21f1640 10 mon.c@2(probing) e0 handle_probe mon_probe(probe ecba677d-2ab7-4f4b-bd77-081ba1018187 name a leader -1 new mon_release tentacle)
2026-02-13T09:37:13.790+0000 7f29b21f1640 10 mon.c@2(probing) e0 handle_probe_probe mon.0 v2:127.0.0.1:7127/0 mon_probe(probe ecba677d-2ab7-4f4b-bd77-081ba1018187 name a leader -1 new mon_release tentacle) features 4544132024016699391
2026-02-13T09:37:13.790+0000 7f29b61f9640 20 --2- v2:127.0.0.1:7129/0 >> v2:127.0.0.1:7127/0 conn(0x2cca800 0x2c94b00 crc :-1 s=READY pgs=43 gs=5 cs=0 l=0 c_cookie=5129778442054626404 s_cookie=12663548890031548523 reconnecting=0 rev1=1 crypto rx=0 tx=0 comp rx=0 tx=0).write_message sending m=0x3bc2000 seq=7 src=mon.2 off=0
2026-02-13T09:37:13.790+0000 7f29b21f1640 1 -- v2:127.0.0.1:7129/0 --> v2:127.0.0.1:7127/0 -- mon_probe(reply ecba677d-2ab7-4f4b-bd77-081ba1018187 name c leader 0 paxos( fc 0 lc 0 ) new mon_release tentacle) -- 0x3bc2200 con 0x2cca800
2026-02-13T09:37:13.790+0000 7f29b21f1640 5 --2- v2:127.0.0.1:7129/0 >> v2:127.0.0.1:7127/0 conn(0x2cca800 0x2c94b00 crc :-1 s=READY pgs=43 gs=5 cs=0 l=0 c_cookie=5129778442054626404 s_cookie=12663548890031548523 reconnecting=0 rev1=1 crypto rx=0 tx=0 comp rx=0 tx=0).send_message enqueueing message m=0x3bc2200 type=67 mon_probe(reply ecba677d-2ab7-4f4b-bd77-081ba1018187 name c leader 0 paxos( fc 0 lc 0 ) new mon_release tentacle)
2026-02-13T09:37:13.790+0000 7f29b21f1640 15 --2- v2:127.0.0.1:7129/0 >> v2:127.0.0.1:7127/0 conn(0x2cca800 0x2c94b00 crc :-1 s=READY pgs=43 gs=5 cs=0 l=0 c_cookie=5129778442054626404 s_cookie=12663548890031548523 reconnecting=0 rev1=1 crypto rx=0 tx=0 comp rx=0 tx=0).send_message message queued for async transmission m=0x3bc2200
2026-02-13T09:37:13.790+0000 7f29b21f1640 20 mon.c@2(probing).elector(0) begin_peer_ping with 0
2026-02-13T09:37:13.790+0000 7f29b21f1640 10 mon.c@2(probing).elector(0) quorum mon feature is not yet set, we might need to wait until we form a quorum
2026-02-13T09:37:13.790+0000 7f29b61f9640 10 -- v2:127.0.0.1:7129/0 >> v2:127.0.0.1:7127/0 conn(0x2cca800 msgr2=0x2c94b00 crc :-1 s=STATE_CONNECTION_ESTABLISHED l=0)._try_send sent bytes 523 remaining bytes 0
2026-02-13T09:37:13.790+0000 7f29b21f1640 10 -- v2:127.0.0.1:7129/0 dispatch_throttle_release 63 to dispatch throttler 632/104857600
2026-02-13T09:37:13.790+0000 7f29b21f1640 20 -- v2:127.0.0.1:7129/0 done calling dispatch on 0x3b6bc00
2026-02-13T09:37:13.790+0000 7f29b61f9640 10 --2- v2:127.0.0.1:7129/0 >> v2:127.0.0.1:7127/0 conn(0x2cca800 0x2c94b00 crc :-1 s=READY pgs=43 gs=5 cs=0 l=0 c_cookie=5129778442054626404 s_cookie=12663548890031548523 reconnecting=0 rev1=1 crypto rx=0 tx=0 comp rx=0 tx=0).write_message sending 0x3bc2000 done.
2026-02-13T09:37:13.790+0000 7f29b21f1640 1 -- v2:127.0.0.1:7129/0 <== mon.0 v2:127.0.0.1:7127/0 4 ==== election(ecba677d-2ab7-4f4b-bd77-081ba1018187 propose rel 20 e3) ==== 569+0+0 (crc 0 0 0) 0x3b46d80 con 0x2cca800
2026-02-13T09:37:13.790+0000 7f29b21f1640 20 mon.c@2(probing) e0 _ms_dispatch existing session 0x3b46fc0 for mon.0
2026-02-13T09:37:13.790+0000 7f29b21f1640 20 mon.c@2(probing) e0 entity_name global_id 0 (none) caps allow *
2026-02-13T09:37:13.790+0000 7f29b21f1640 20 MonCap is_capable service=mon command= read addr v2:127.0.0.1:7127/0 on cap allow *
2026-02-13T09:37:13.790+0000 7f29b21f1640 20 MonCap allow so far , doing grant allow *
2026-02-13T09:37:13.790+0000 7f29b61f9640 20 --2- v2:127.0.0.1:7129/0 >> v2:127.0.0.1:7127/0 conn(0x2cca800 0x2c94b00 crc :-1 s=READY pgs=43 gs=5 cs=0 l=0 c_cookie=5129778442054626404 s_cookie=12663548890031548523 reconnecting=0 rev1=1 crypto rx=0 tx=0 comp rx=0 tx=0).prepare_send_message m=mon_probe(reply ecba677d-2ab7-4f4b-bd77-081ba1018187 name c leader 0 paxos( fc 0 lc 0 ) new mon_release tentacle)
2026-02-13T09:37:13.790+0000 7f29b21f1640 20 MonCap allow all
2026-02-13T09:37:13.790+0000 7f29b21f1640 20 MonCap is_capable service=mon command= exec addr v2:127.0.0.1:7127/0 on cap allow *
2026-02-13T09:37:13.790+0000 7f29b21f1640 20 MonCap allow so far , doing grant allow *
2026-02-13T09:37:13.790+0000 7f29b61f9640 20 --2- v2:127.0.0.1:7129/0 >> v2:127.0.0.1:7127/0 conn(0x2cca800 0x2c94b00 crc :-1 s=READY pgs=43 gs=5 cs=0 l=0 c_cookie=5129778442054626404 s_cookie=12663548890031548523 reconnecting=0 rev1=1 crypto rx=0 tx=0 comp rx=0 tx=0).prepare_send_message encoding features 4544132024016699391 0x3bc2200 mon_probe(reply ecba677d-2ab7-4f4b-bd77-081ba1018187 name c leader 0 paxos( fc 0 lc 0 ) new mon_release tentacle)
2026-02-13T09:37:13.790+0000 7f29b21f1640 20 MonCap allow all
2026-02-13T09:37:13.790+0000 7f29b21f1640 10 -- v2:127.0.0.1:7129/0 dispatch_throttle_release 569 to dispatch throttler 569/104857600
2026-02-13T09:37:13.790+0000 7f29b21f1640 20 -- v2:127.0.0.1:7129/0 done calling dispatch on 0x3b46d80
2026-02-13T09:37:13.790+0000 7f29b61f9640 2 --2- v2:127.0.0.1:7129/0 >> v2:127.0.0.1:7127/0 conn(0x2cca800 0x2c94b00 crc :-1 s=READY pgs=43 gs=5 cs=0 l=0 c_cookie=5129778442054626404 s_cookie=12663548890031548523 reconnecting=0 rev1=1 crypto rx=0 tx=0 comp rx=0 tx=0).write_message sending message m=0x3bc2200 seq=8 mon_probe(reply ecba677d-2ab7-4f4b-bd77-081ba1018187 name c leader 0 paxos( fc 0 lc 0 ) new mon_release tentacle)
2026-02-13T09:37:13.790+0000 7f29b61f9640 20 --2- v2:127.0.0.1:7129/0 >> v2:127.0.0.1:7127/0 conn(0x2cca800 0x2c94b00 crc :-1 s=READY pgs=43 gs=5 cs=0 l=0 c_cookie=5129778442054626404 s_cookie=12663548890031548523 reconnecting=0 rev1=1 crypto rx=0 tx=0 comp rx=0 tx=0).write_message sending m=0x3bc2200 seq=8 src=mon.2 off=0
2026-02-13T09:37:13.790+0000 7f29b61f9640 10 -- v2:127.0.0.1:7129/0 >> v2:127.0.0.1:7127/0 conn(0x2cca800 msgr2=0x2c94b00 crc :-1 s=STATE_CONNECTION_ESTABLISHED l=0)._try_send sent bytes 523 remaining bytes 0
2026-02-13T09:37:13.790+0000 7f29b61f9640 10 --2- v2:127.0.0.1:7129/0 >> v2:127.0.0.1:7127/0 conn(0x2cca800 0x2c94b00 crc :-1 s=READY pgs=43 gs=5 cs=0 l=0 c_cookie=5129778442054626404 s_cookie=12663548890031548523 reconnecting=0 rev1=1 crypto rx=0 tx=0 comp rx=0 tx=0).write_message sending 0x3bc2200 done.
2026-02-13T09:37:13.790+0000 7f29b61f9640 20 -- v2:127.0.0.1:7129/0 >> v2:127.0.0.1:7127/0 conn(0x2cca800 msgr2=0x2c94b00 crc :-1 s=STATE_CONNECTION_ESTABLISHED l=0).process
2026-02-13T09:37:13.790+0000 7f29b61f9640 20 -- v2:127.0.0.1:7129/0 >> v2:127.0.0.1:7127/0 conn(0x2cca800 msgr2=0x2c94b00 crc :-1 s=STATE_CONNECTION_ESTABLISHED l=0).read continue len=32
2026-02-13T09:37:13.790+0000 7f29b61f9640 20 --2- v2:127.0.0.1:7129/0 >> v2:127.0.0.1:7127/0 conn(0x2cca800 0x2c94b00 crc :-1 s=READY pgs=43 gs=5 cs=0 l=0 c_cookie=5129778442054626404 s_cookie=12663548890031548523 reconnecting=0 rev1=1 crypto rx=0 tx=0 comp rx=0 tx=0).handle_read_frame_preamble_main r=0
2026-02-13T09:37:13.790+0000 7f29b61f9640 20 --2- v2:127.0.0.1:7129/0 >> v2:127.0.0.1:7127/0 conn(0x2cca800 0x2c94b00 crc :-1 s=THROTTLE_MESSAGE pgs=43 gs=5 cs=0 l=0 c_cookie=5129778442054626404 s_cookie=12663548890031548523 reconnecting=0 rev1=1 crypto rx=0 tx=0 comp rx=0 tx=0).throttle_message
2026-02-13T09:37:13.790+0000 7f29b61f9640 20 --2- v2:127.0.0.1:7129/0 >> v2:127.0.0.1:7127/0 conn(0x2cca800 0x2c94b00 crc :-1 s=THROTTLE_BYTES pgs=43 gs=5 cs=0 l=0 c_cookie=5129778442054626404 s_cookie=12663548890031548523 reconnecting=0 rev1=1 crypto rx=0 tx=0 comp rx=0 tx=0).throttle_bytes
2026-02-13T09:37:13.790+0000 7f29b61f9640 20 --2- v2:127.0.0.1:7129/0 >> v2:127.0.0.1:7127/0 conn(0x2cca800 0x2c94b00 crc :-1 s=THROTTLE_DISPATCH_QUEUE pgs=43 gs=5 cs=0 l=0 c_cookie=5129778442054626404 s_cookie=12663548890031548523 reconnecting=0 rev1=1 crypto rx=0 tx=0 comp rx=0 tx=0).throttle_dispatch_queue
2026-02-13T09:37:13.790+0000 7f29b61f9640 20 --2- v2:127.0.0.1:7129/0 >> v2:127.0.0.1:7127/0 conn(0x2cca800 0x2c94b00 crc :-1 s=THROTTLE_DONE pgs=43 gs=5 cs=0 l=0 c_cookie=5129778442054626404 s_cookie=12663548890031548523 reconnecting=0 rev1=1 crypto rx=0 tx=0 comp rx=0 tx=0).read_frame_segment seg_idx=0
2026-02-13T09:37:13.790+0000 7f29b61f9640 20 -- v2:127.0.0.1:7129/0 >> v2:127.0.0.1:7127/0 conn(0x2cca800 msgr2=0x2c94b00 crc :-1 s=STATE_CONNECTION_ESTABLISHED l=0).read start len=45
2026-02-13T09:37:13.790+0000 7f29b61f9640 20 --2- v2:127.0.0.1:7129/0 >> v2:127.0.0.1:7127/0 conn(0x2cca800 0x2c94b00 crc :-1 s=THROTTLE_DONE pgs=43 gs=5 cs=0 l=0 c_cookie=5129778442054626404 s_cookie=12663548890031548523 reconnecting=0 rev1=1 crypto rx=0 tx=0 comp rx=0 tx=0).handle_read_frame_segment r=0
2026-02-13T09:37:13.790+0000 7f29b61f9640 20 --2- v2:127.0.0.1:7129/0 >> v2:127.0.0.1:7127/0 conn(0x2cca800 0x2c94b00 crc :-1 s=THROTTLE_DONE pgs=43 gs=5 cs=0 l=0 c_cookie=5129778442054626404 s_cookie=12663548890031548523 reconnecting=0 rev1=1 crypto rx=0 tx=0 comp rx=0 tx=0).read_frame_segment seg_idx=1
2026-02-13T09:37:13.790+0000 7f29b61f9640 20 -- v2:127.0.0.1:7129/0 >> v2:127.0.0.1:7127/0 conn(0x2cca800 msgr2=0x2c94b00 crc :-1 s=STATE_CONNECTION_ESTABLISHED l=0).read start len=420
2026-02-13T09:37:13.790+0000 7f29b61f9640 20 --2- v2:127.0.0.1:7129/0 >> v2:127.0.0.1:7127/0 conn(0x2cca800 0x2c94b00 crc :-1 s=THROTTLE_DONE pgs=43 gs=5 cs=0 l=0 c_cookie=5129778442054626404 s_cookie=12663548890031548523 reconnecting=0 rev1=1 crypto rx=0 tx=0 comp rx=0 tx=0).handle_read_frame_segment r=0
2026-02-13T09:37:13.790+0000 7f29b61f9640 20 -- v2:127.0.0.1:7129/0 >> v2:127.0.0.1:7127/0 conn(0x2cca800 msgr2=0x2c94b00 crc :-1 s=STATE_CONNECTION_ESTABLISHED l=0).read start len=13
2026-02-13T09:37:13.790+0000 7f29b61f9640 20 --2- v2:127.0.0.1:7129/0 >> v2:127.0.0.1:7127/0 conn(0x2cca800 0x2c94b00 crc :-1 s=THROTTLE_DONE pgs=43 gs=5 cs=0 l=0 c_cookie=5129778442054626404 s_cookie=12663548890031548523 reconnecting=0 rev1=1 crypto rx=0 tx=0 comp rx=0 tx=0).handle_read_frame_epilogue_main r=0
2026-02-13T09:37:13.790+0000 7f29b61f9640 10 --2- v2:127.0.0.1:7129/0 >> v2:127.0.0.1:7127/0 conn(0x2cca800 0x2c94b00 crc :-1 s=THROTTLE_DONE pgs=43 gs=5 cs=0 l=0 c_cookie=5129778442054626404 s_cookie=12663548890031548523 reconnecting=0 rev1=1 crypto rx=0 tx=0 comp rx=0 tx=0).handle_read_frame_dispatch tag=17
2026-02-13T09:37:13.790+0000 7f29b61f9640 20 --2- v2:127.0.0.1:7129/0 >> v2:127.0.0.1:7127/0 conn(0x2cca800 0x2c94b00 crc :-1 s=THROTTLE_DONE pgs=43 gs=5 cs=0 l=0 c_cookie=5129778442054626404 s_cookie=12663548890031548523 reconnecting=0 rev1=1 crypto rx=0 tx=0 comp rx=0 tx=0).handle_message
2026-02-13T09:37:13.790+0000 7f29b61f9640 5 --2- v2:127.0.0.1:7129/0 >> v2:127.0.0.1:7127/0 conn(0x2cca800 0x2c94b00 crc :-1 s=THROTTLE_DONE pgs=43 gs=5 cs=0 l=0 c_cookie=5129778442054626404 s_cookie=12663548890031548523 reconnecting=0 rev1=1 crypto rx=0 tx=0 comp rx=0 tx=0).handle_message got 420 + 0 + 0 byte message. envelope type=67 src mon.0 off 0
2026-02-13T09:37:13.790+0000 7f29b61f9640 5 --2- v2:127.0.0.1:7129/0 >> v2:127.0.0.1:7127/0 conn(0x2cca800 0x2c94b00 crc :-1 s=READ_MESSAGE_COMPLETE pgs=43 gs=5 cs=0 l=0 c_cookie=5129778442054626404 s_cookie=12663548890031548523 reconnecting=0 rev1=1 crypto rx=0 tx=0 comp rx=0 tx=0).handle_message received message m=0x3bc2600 seq=5 from=mon.0 type=67 mon_probe(reply ecba677d-2ab7-4f4b-bd77-081ba1018187 name a quorum 0,1 leader 0 paxos( fc 1 lc 31 ) mon_release tentacle)
2026-02-13T09:37:13.790+0000 7f29b61f9640 20 -- v2:127.0.0.1:7129/0 queue 0x3bc2600 prio 196
2026-02-13T09:37:13.790+0000 7f29b61f9640 15 --2- v2:127.0.0.1:7129/0 >> v2:127.0.0.1:7127/0 conn(0x2cca800 0x2c94b00 crc :-1 s=READY pgs=43 gs=5 cs=0 l=0 c_cookie=5129778442054626404 s_cookie=12663548890031548523 reconnecting=0 rev1=1 crypto rx=0 tx=0 comp rx=0 tx=0).handle_message_ack seq=6
2026-02-13T09:37:13.790+0000 7f29b61f9640 10 --2- v2:127.0.0.1:7129/0 >> v2:127.0.0.1:7127/0 conn(0x2cca800 0x2c94b00 crc :-1 s=READY pgs=43 gs=5 cs=0 l=0 c_cookie=5129778442054626404 s_cookie=12663548890031548523 reconnecting=0 rev1=1 crypto rx=0 tx=0 comp rx=0 tx=0).handle_message_ack got ack seq 6 >= 1 on 0x3ad2400 mon_probe(probe ecba677d-2ab7-4f4b-bd77-081ba1018187 name c leader -1 new mon_release tentacle)
2026-02-13T09:37:13.790+0000 7f29b61f9640 10 --2- v2:127.0.0.1:7129/0 >> v2:127.0.0.1:7127/0 conn(0x2cca800 0x2c94b00 crc :-1 s=READY pgs=43 gs=5 cs=0 l=0 c_cookie=5129778442054626404 s_cookie=12663548890031548523 reconnecting=0 rev1=1 crypto rx=0 tx=0 comp rx=0 tx=0).handle_message_ack got ack seq 6 >= 2 on 0x3b6a800 mon_probe(probe ecba677d-2ab7-4f4b-bd77-081ba1018187 name c leader -1 new mon_release tentacle)
2026-02-13T09:37:13.790+0000 7f29b61f9640 10 --2- v2:127.0.0.1:7129/0 >> v2:127.0.0.1:7127/0 conn(0x2cca800 0x2c94b00 crc :-1 s=READY pgs=43 gs=5 cs=0 l=0 c_cookie=5129778442054626404 s_cookie=12663548890031548523 reconnecting=0 rev1=1 crypto rx=0 tx=0 comp rx=0 tx=0).handle_message_ack got ack seq 6 >= 3 on 0x3b6ac00 mon_probe(probe ecba677d-2ab7-4f4b-bd77-081ba1018187 name c leader -1 new mon_release tentacle)
2026-02-13T09:37:13.790+0000 7f29b61f9640 10 --2- v2:127.0.0.1:7129/0 >> v2:127.0.0.1:7127/0 conn(0x2cca800 0x2c94b00 crc :-1 s=READY pgs=43 gs=5 cs=0 l=0 c_cookie=5129778442054626404 s_cookie=12663548890031548523 reconnecting=0 rev1=1 crypto rx=0 tx=0 comp rx=0 tx=0).handle_message_ack got ack seq 6 >= 4 on 0x3b6b000 mon_probe(probe ecba677d-2ab7-4f4b-bd77-081ba1018187 name c leader -1 new mon_release tentacle)
2026-02-13T09:37:13.790+0000 7f29b61f9640 10 --2- v2:127.0.0.1:7129/0 >> v2:127.0.0.1:7127/0 conn(0x2cca800 0x2c94b00 crc :-1 s=READY pgs=43 gs=5 cs=0 l=0 c_cookie=5129778442054626404 s_cookie=12663548890031548523 reconnecting=0 rev1=1 crypto rx=0 tx=0 comp rx=0 tx=0).handle_message_ack got ack seq 6 >= 5 on 0x3b6b400 mon_probe(probe ecba677d-2ab7-4f4b-bd77-081ba1018187 name c leader -1 new mon_release tentacle)
2026-02-13T09:37:13.790+0000 7f29b61f9640 10 --2- v2:127.0.0.1:7129/0 >> v2:127.0.0.1:7127/0 conn(0x2cca800 0x2c94b00 crc :-1 s=READY pgs=43 gs=5 cs=0 l=0 c_cookie=5129778442054626404 s_cookie=12663548890031548523 reconnecting=0 rev1=1 crypto rx=0 tx=0 comp rx=0 tx=0).handle_message_ack got ack seq 6 >= 6 on 0x3b6b800 mon_probe(probe ecba677d-2ab7-4f4b-bd77-081ba1018187 name c leader -1 new mon_release tentacle)
2026-02-13T09:37:13.790+0000 7f29b21f1640 1 -- v2:127.0.0.1:7129/0 <== mon.0 v2:127.0.0.1:7127/0 5 ==== mon_probe(reply ecba677d-2ab7-4f4b-bd77-081ba1018187 name a quorum 0,1 leader 0 paxos( fc 1 lc 31 ) mon_release tentacle) ==== 420+0+0 (crc 0 0 0) 0x3bc2600 con 0x2cca800
2026-02-13T09:37:13.790+0000 7f29b61f9640 20 --2- v2:127.0.0.1:7129/0 >> v2:127.0.0.1:7127/0 conn(0x2cca800 0x2c94b00 crc :-1 s=READY pgs=43 gs=5 cs=0 l=0 c_cookie=5129778442054626404 s_cookie=12663548890031548523 reconnecting=0 rev1=1 crypto rx=0 tx=0 comp rx=0 tx=0).read_frame
2026-02-13T09:37:13.790+0000 7f29b61f9640 20 -- v2:127.0.0.1:7129/0 >> v2:127.0.0.1:7127/0 conn(0x2cca800 msgr2=0x2c94b00 crc :-1 s=STATE_CONNECTION_ESTABLISHED l=0).read start len=32
2026-02-13T09:37:13.790+0000 7f29b61f9640 20 --2- v2:127.0.0.1:7129/0 >> v2:127.0.0.1:7127/0 conn(0x2cca800 0x2c94b00 crc :-1 s=READY pgs=43 gs=5 cs=0 l=0 c_cookie=5129778442054626404 s_cookie=12663548890031548523 reconnecting=0 rev1=1 crypto rx=0 tx=0 comp rx=0 tx=0).handle_read_frame_preamble_main r=0
2026-02-13T09:37:13.790+0000 7f29b21f1640 20 mon.c@2(probing) e0 _ms_dispatch existing session 0x3b46fc0 for mon.0
2026-02-13T09:37:13.790+0000 7f29b61f9640 20 --2- v2:127.0.0.1:7129/0 >> v2:127.0.0.1:7127/0 conn(0x2cca800 0x2c94b00 crc :-1 s=THROTTLE_MESSAGE pgs=43 gs=5 cs=0 l=0 c_cookie=5129778442054626404 s_cookie=12663548890031548523 reconnecting=0 rev1=1 crypto rx=0 tx=0 comp rx=0 tx=0).throttle_message
2026-02-13T09:37:13.790+0000 7f29b21f1640 20 mon.c@2(probing) e0 entity_name global_id 0 (none) caps allow *
2026-02-13T09:37:13.790+0000 7f29b61f9640 20 --2- v2:127.0.0.1:7129/0 >> v2:127.0.0.1:7127/0 conn(0x2cca800 0x2c94b00 crc :-1 s=THROTTLE_BYTES pgs=43 gs=5 cs=0 l=0 c_cookie=5129778442054626404 s_cookie=12663548890031548523 reconnecting=0 rev1=1 crypto rx=0 tx=0 comp rx=0 tx=0).throttle_bytes
2026-02-13T09:37:13.790+0000 7f29b21f1640 20 MonCap is_capable service=mon command= read addr v2:127.0.0.1:7127/0 on cap allow *
2026-02-13T09:37:13.790+0000 7f29b61f9640 20 --2- v2:127.0.0.1:7129/0 >> v2:127.0.0.1:7127/0 conn(0x2cca800 0x2c94b00 crc :-1 s=THROTTLE_DISPATCH_QUEUE pgs=43 gs=5 cs=0 l=0 c_cookie=5129778442054626404 s_cookie=12663548890031548523 reconnecting=0 rev1=1 crypto rx=0 tx=0 comp rx=0 tx=0).throttle_dispatch_queue
2026-02-13T09:37:13.790+0000 7f29b21f1640 20 MonCap allow so far , doing grant allow *
2026-02-13T09:37:13.790+0000 7f29b21f1640 20 MonCap allow all
2026-02-13T09:37:13.790+0000 7f29b21f1640 10 mon.c@2(probing) e0 handle_probe mon_probe(reply ecba677d-2ab7-4f4b-bd77-081ba1018187 name a quorum 0,1 leader 0 paxos( fc 1 lc 31 ) mon_release tentacle)
2026-02-13T09:37:13.790+0000 7f29b21f1640 10 mon.c@2(probing) e0 handle_probe_reply mon.0 v2:127.0.0.1:7127/0 mon_probe(reply ecba677d-2ab7-4f4b-bd77-081ba1018187 name a quorum 0,1 leader 0 paxos( fc 1 lc 31 ) mon_release tentacle)
2026-02-13T09:37:13.790+0000 7f29b61f9640 20 --2- v2:127.0.0.1:7129/0 >> v2:127.0.0.1:7127/0 conn(0x2cca800 0x2c94b00 crc :-1 s=THROTTLE_DONE pgs=43 gs=5 cs=0 l=0 c_cookie=5129778442054626404 s_cookie=12663548890031548523 reconnecting=0 rev1=1 crypto rx=0 tx=0 comp rx=0 tx=0).read_frame_segment seg_idx=0
2026-02-13T09:37:13.790+0000 7f29b61f9640 20 -- v2:127.0.0.1:7129/0 >> v2:127.0.0.1:7127/0 conn(0x2cca800 msgr2=0x2c94b00 crc :-1 s=STATE_CONNECTION_ESTABLISHED l=0).read start len=45
2026-02-13T09:37:13.790+0000 7f29b61f9640 20 --2- v2:127.0.0.1:7129/0 >> v2:127.0.0.1:7127/0 conn(0x2cca800 0x2c94b00 crc :-1 s=THROTTLE_DONE pgs=43 gs=5 cs=0 l=0 c_cookie=5129778442054626404 s_cookie=12663548890031548523 reconnecting=0 rev1=1 crypto rx=0 tx=0 comp rx=0 tx=0).handle_read_frame_segment r=0
2026-02-13T09:37:13.790+0000 7f29b61f9640 20 --2- v2:127.0.0.1:7129/0 >> v2:127.0.0.1:7127/0 conn(0x2cca800 0x2c94b00 crc :-1 s=THROTTLE_DONE pgs=43 gs=5 cs=0 l=0 c_cookie=5129778442054626404 s_cookie=12663548890031548523 reconnecting=0 rev1=1 crypto rx=0 tx=0 comp rx=0 tx=0).read_frame_segment seg_idx=1
2026-02-13T09:37:13.790+0000 7f29b61f9640 20 -- v2:127.0.0.1:7129/0 >> v2:127.0.0.1:7127/0 conn(0x2cca800 msgr2=0x2c94b00 crc :-1 s=STATE_CONNECTION_ESTABLISHED l=0).read start len=170
2026-02-13T09:37:13.790+0000 7f29b61f9640 20 --2- v2:127.0.0.1:7129/0 >> v2:127.0.0.1:7127/0 conn(0x2cca800 0x2c94b00 crc :-1 s=THROTTLE_DONE pgs=43 gs=5 cs=0 l=0 c_cookie=5129778442054626404 s_cookie=12663548890031548523 reconnecting=0 rev1=1 crypto rx=0 tx=0 comp rx=0 tx=0).handle_read_frame_segment r=0
2026-02-13T09:37:13.790+0000 7f29b21f1640 10 mon.c@2(probing) e0 monmap is epoch 0 fsid ecba677d-2ab7-4f4b-bd77-081ba1018187 last_changed
2026-02-13T09:37:02.464446+0000 created
2026-02-13T09:37:02.464446+0000 min_mon_release 0 (unknown) election_strategy: 1 0: v2:127.0.0.1:7127/0 mon.noname-a 1: v2:127.0.0.1:7128/0 mon.noname-b 2: v2:127.0.0.1:7129/0 mon.c
2026-02-13T09:37:13.790+0000 7f29b61f9640 20 -- v2:127.0.0.1:7129/0 >> v2:127.0.0.1:7127/0 conn(0x2cca800 msgr2=0x2c94b00 crc :-1 s=STATE_CONNECTION_ESTABLISHED l=0).read start len=13
2026-02-13T09:37:13.790+0000 7f29b61f9640 20 --2- v2:127.0.0.1:7129/0 >> v2:127.0.0.1:7127/0 conn(0x2cca800 0x2c94b00 crc :-1 s=THROTTLE_DONE pgs=43 gs=5 cs=0 l=0 c_cookie=5129778442054626404 s_cookie=12663548890031548523 reconnecting=0 rev1=1 crypto rx=0 tx=0 comp rx=0 tx=0).handle_read_frame_epilogue_main r=0
2026-02-13T09:37:13.790+0000 7f29b61f9640 10 --2- v2:127.0.0.1:7129/0 >> v2:127.0.0.1:7127/0 conn(0x2cca800 0x2c94b00 crc :-1 s=THROTTLE_DONE pgs=43 gs=5 cs=0 l=0 c_cookie=5129778442054626404 s_cookie=12663548890031548523 reconnecting=0 rev1=1 crypto rx=0 tx=0 comp rx=0 tx=0).handle_read_frame_dispatch tag=17
2026-02-13T09:37:13.790+0000 7f29b61f9640 20 --2- v2:127.0.0.1:7129/0 >> v2:127.0.0.1:7127/0 conn(0x2cca800 0x2c94b00 crc :-1 s=THROTTLE_DONE pgs=43 gs=5 cs=0 l=0 c_cookie=5129778442054626404 s_cookie=12663548890031548523 reconnecting=0 rev1=1 crypto rx=0 tx=0 comp rx=0 tx=0).handle_message
2026-02-13T09:37:13.790+0000 7f29b61f9640 5 --2- v2:127.0.0.1:7129/0 >> v2:127.0.0.1:7127/0 conn(0x2cca800 0x2c94b00 crc :-1 s=THROTTLE_DONE pgs=43 gs=5 cs=0 l=0 c_cookie=5129778442054626404 s_cookie=12663548890031548523 reconnecting=0 rev1=1 crypto rx=0 tx=0 comp rx=0 tx=0).handle_message got 170 + 0 + 0 byte message. envelope type=140 src mon.0 off 0
2026-02-13T09:37:13.790+0000 7f29b61f9640 5 --2- v2:127.0.0.1:7129/0 >> v2:127.0.0.1:7127/0 conn(0x2cca800 0x2c94b00 crc :-1 s=READ_MESSAGE_COMPLETE pgs=43 gs=5 cs=0 l=0 c_cookie=5129778442054626404 s_cookie=12663548890031548523 reconnecting=0 rev1=1 crypto rx=0 tx=0 comp rx=0 tx=0).handle_message received message m=0x2b50900 seq=6 from=mon.0 type=140 mon_ping(ping stamp
2026-02-13T09:37:13.791412+0000)
2026-02-13T09:37:13.790+0000 7f29b61f9640 20 -- v2:127.0.0.1:7129/0 queue 0x2b50900 prio 196
2026-02-13T09:37:13.790+0000 7f29b61f9640 15 --2- v2:127.0.0.1:7129/0 >> v2:127.0.0.1:7127/0 conn(0x2cca800 0x2c94b00 crc :-1 s=READY pgs=43 gs=5 cs=0 l=0 c_cookie=5129778442054626404 s_cookie=12663548890031548523 reconnecting=0 rev1=1 crypto rx=0 tx=0 comp rx=0 tx=0).handle_message_ack seq=6
2026-02-13T09:37:13.790+0000 7f29b21f1640 10 mon.c@2(probing) e0 got newer/committed monmap epoch 1, mine was 0
2026-02-13T09:37:13.790+0000 7f29b61f9640 20 --2- v2:127.0.0.1:7129/0 >> v2:127.0.0.1:7127/0 conn(0x2cca800 0x2c94b00 crc :-1 s=READY pgs=43 gs=5 cs=0 l=0 c_cookie=5129778442054626404 s_cookie=12663548890031548523 reconnecting=0 rev1=1 crypto rx=0 tx=0 comp rx=0 tx=0).read_frame
2026-02-13T09:37:13.790+0000 7f29b61f9640 20 -- v2:127.0.0.1:7129/0 >> v2:127.0.0.1:7127/0 conn(0x2cca800 msgr2=0x2c94b00 crc :-1 s=STATE_CONNECTION_ESTABLISHED l=0).read start len=32
2026-02-13T09:37:13.790+0000 7f29b61f9640 20 --2- v2:127.0.0.1:7129/0 >> v2:127.0.0.1:7127/0 conn(0x2cca800 0x2c94b00 crc :-1 s=READY pgs=43 gs=5 cs=0 l=0 c_cookie=5129778442054626404 s_cookie=12663548890031548523 reconnecting=0 rev1=1 crypto rx=0 tx=0 comp rx=0 tx=0).handle_read_frame_preamble_main r=0
2026-02-13T09:37:13.790+0000 7f29b61f9640 20 --2- v2:127.0.0.1:7129/0 >> v2:127.0.0.1:7127/0 conn(0x2cca800 0x2c94b00 crc :-1 s=THROTTLE_MESSAGE pgs=43 gs=5 cs=0 l=0 c_cookie=5129778442054626404 s_cookie=12663548890031548523 reconnecting=0 rev1=1 crypto rx=0 tx=0 comp rx=0 tx=0).throttle_message
2026-02-13T09:37:13.790+0000 7f29b61f9640 20 --2- v2:127.0.0.1:7129/0 >> v2:127.0.0.1:7127/0 conn(0x2cca800 0x2c94b00 crc :-1 s=THROTTLE_BYTES pgs=43 gs=5 cs=0 l=0 c_cookie=5129778442054626404 s_cookie=12663548890031548523 reconnecting=0 rev1=1 crypto rx=0 tx=0 comp rx=0 tx=0).throttle_bytes
2026-02-13T09:37:13.790+0000 7f29b21f1640 20 mon.c@2(probing) e0 new monmap is epoch 1 fsid ecba677d-2ab7-4f4b-bd77-081ba1018187 last_changed
2026-02-13T09:36:48.344955+0000 created
2026-02-13T09:36:48.344955+0000 min_mon_release 0 (unknown) election_strategy: 1 0: v2:127.0.0.1:7127/0 mon.a 1: v2:127.0.0.1:7128/0 mon.b 2: v2:127.0.0.1:7129/0 mon.noname-c
2026-02-13T09:37:13.790+0000 7f29b61f9640 20 --2- v2:127.0.0.1:7129/0 >> v2:127.0.0.1:7127/0 conn(0x2cca800 0x2c94b00 crc :-1 s=THROTTLE_DISPATCH_QUEUE pgs=43 gs=5 cs=0 l=0 c_cookie=5129778442054626404 s_cookie=12663548890031548523 reconnecting=0 rev1=1 crypto rx=0 tx=0 comp rx=0 tx=0).throttle_dispatch_queue
2026-02-13T09:37:13.790+0000 7f29b61f9640 20 --2- v2:127.0.0.1:7129/0 >> v2:127.0.0.1:7127/0 conn(0x2cca800 0x2c94b00 crc :-1 s=THROTTLE_DONE pgs=43 gs=5 cs=0 l=0 c_cookie=5129778442054626404 s_cookie=12663548890031548523 reconnecting=0 rev1=1 crypto rx=0 tx=0 comp rx=0 tx=0).read_frame_segment seg_idx=0
2026-02-13T09:37:13.790+0000 7f29b61f9640 20 -- v2:127.0.0.1:7129/0 >> v2:127.0.0.1:7127/0 conn(0x2cca800 msgr2=0x2c94b00 crc :-1 s=STATE_CONNECTION_ESTABLISHED l=0).read start len=45
2026-02-13T09:37:13.790+0000 7f29b61f9640 20 --2- v2:127.0.0.1:7129/0 >> v2:127.0.0.1:7127/0 conn(0x2cca800 0x2c94b00 crc :-1 s=THROTTLE_DONE pgs=43 gs=5 cs=0 l=0 c_cookie=5129778442054626404 s_cookie=12663548890031548523 reconnecting=0 rev1=1 crypto rx=0 tx=0 comp rx=0 tx=0).handle_read_frame_segment r=0
2026-02-13T09:37:13.790+0000 7f29b61f9640 20 --2- v2:127.0.0.1:7129/0 >> v2:127.0.0.1:7127/0 conn(0x2cca800 0x2c94b00 crc :-1 s=THROTTLE_DONE pgs=43 gs=5 cs=0 l=0 c_cookie=5129778442054626404 s_cookie=12663548890031548523 reconnecting=0 rev1=1 crypto rx=0 tx=0 comp rx=0 tx=0).read_frame_segment seg_idx=1
2026-02-13T09:37:13.790+0000 7f29b21f1640 20 mon.c@2(probing) e1 has_ever_joined: 0
2026-02-13T09:37:13.790+0000 7f29b61f9640 20 -- v2:127.0.0.1:7129/0 >> v2:127.0.0.1:7127/0 conn(0x2cca800 msgr2=0x2c94b00 crc :-1 s=STATE_CONNECTION_ESTABLISHED l=0).read start len=420
2026-02-13T09:37:13.790+0000 7f29b21f1640 20 mon.c@2(probing) e1 try_disable_stretch_mode
2026-02-13T09:37:13.790+0000 7f29b21f1640 10 mon.c@2(probing).elector(0) notify_clear_peer_state
2026-02-13T09:37:13.790+0000 7f29b61f9640 20 --2- v2:127.0.0.1:7129/0 >> v2:127.0.0.1:7127/0 conn(0x2cca800 0x2c94b00 crc :-1 s=THROTTLE_DONE pgs=43 gs=5 cs=0 l=0 c_cookie=5129778442054626404 s_cookie=12663548890031548523 reconnecting=0 rev1=1 crypto rx=0 tx=0 comp rx=0 tx=0).handle_read_frame_segment r=0
2026-02-13T09:37:13.790+0000 7f29b61f9640 20 -- v2:127.0.0.1:7129/0 >> v2:127.0.0.1:7127/0 conn(0x2cca800 msgr2=0x2c94b00 crc :-1 s=STATE_CONNECTION_ESTABLISHED l=0).read start len=13
2026-02-13T09:37:13.790+0000 7f29b61f9640 20 --2- v2:127.0.0.1:7129/0 >> v2:127.0.0.1:7127/0 conn(0x2cca800 0x2c94b00 crc :-1 s=THROTTLE_DONE pgs=43 gs=5 cs=0 l=0 c_cookie=5129778442054626404 s_cookie=12663548890031548523 reconnecting=0 rev1=1 crypto rx=0 tx=0 comp rx=0 tx=0).handle_read_frame_epilogue_main r=0
2026-02-13T09:37:13.790+0000 7f29b61f9640 10 --2- v2:127.0.0.1:7129/0 >> v2:127.0.0.1:7127/0 conn(0x2cca800 0x2c94b00 crc :-1 s=THROTTLE_DONE pgs=43 gs=5 cs=0 l=0 c_cookie=5129778442054626404 s_cookie=12663548890031548523 reconnecting=0 rev1=1 crypto rx=0 tx=0 comp rx=0 tx=0).handle_read_frame_dispatch tag=17
2026-02-13T09:37:13.790+0000 7f29b21f1640 20 mon.c@2(probing).elector(0) peer_tracker before: rank=2, epoch=0, version=1, half_life=43200, reports: {2=rank=2,epoch=0,version=1, current links: {}, history: {}}
2026-02-13T09:37:13.790+0000 7f29b61f9640 20 --2- v2:127.0.0.1:7129/0 >> v2:127.0.0.1:7127/0 conn(0x2cca800 0x2c94b00 crc :-1 s=THROTTLE_DONE pgs=43 gs=5 cs=0 l=0 c_cookie=5129778442054626404 s_cookie=12663548890031548523 reconnecting=0 rev1=1 crypto rx=0 tx=0 comp rx=0 tx=0).handle_message
2026-02-13T09:37:13.790+0000 7f29b21f1640 20 mon.c@2(probing).elector(0) peer_tracker after: rank=2, epoch=0, version=1, half_life=43200, reports: {}
2026-02-13T09:37:13.790+0000 7f29b61f9640 5 --2- v2:127.0.0.1:7129/0 >> v2:127.0.0.1:7127/0 conn(0x2cca800 0x2c94b00 crc :-1 s=THROTTLE_DONE pgs=43 gs=5 cs=0 l=0 c_cookie=5129778442054626404 s_cookie=12663548890031548523 reconnecting=0 rev1=1 crypto rx=0 tx=0 comp rx=0 tx=0).handle_message got 420 + 0 + 0 byte message. envelope type=67 src mon.0 off 0
2026-02-13T09:37:13.790+0000 7f29b21f1640 10 mon.c@2(probing) e1 bootstrap
2026-02-13T09:37:13.790+0000 7f29b61f9640 5 --2- v2:127.0.0.1:7129/0 >> v2:127.0.0.1:7127/0 conn(0x2cca800 0x2c94b00 crc :-1 s=READ_MESSAGE_COMPLETE pgs=43 gs=5 cs=0 l=0 c_cookie=5129778442054626404 s_cookie=12663548890031548523 reconnecting=0 rev1=1 crypto rx=0 tx=0 comp rx=0 tx=0).handle_message received message m=0x3b6b400 seq=7 from=mon.0 type=67 mon_probe(reply ecba677d-2ab7-4f4b-bd77-081ba1018187 name a quorum 0,1 leader 0 paxos( fc 1 lc 31 ) mon_release tentacle)
2026-02-13T09:37:13.790+0000 7f29b61f9640 20 -- v2:127.0.0.1:7129/0 queue 0x3b6b400 prio 196
2026-02-13T09:37:13.790+0000 7f29b21f1640 10 mon.c@2(probing) e1 sync_reset_requester
2026-02-13T09:37:13.790+0000 7f29b21f1640 10 mon.c@2(probing) e1 unregister_cluster_logger - not registered
2026-02-13T09:37:13.790+0000 7f29b21f1640 10 mon.c@2(probing) e1 cancel_probe_timeout 0x3af38c0
2026-02-13T09:37:13.790+0000 7f29b61f9640 15 --2- v2:127.0.0.1:7129/0 >> v2:127.0.0.1:7127/0 conn(0x2cca800 0x2c94b00 crc :-1 s=READY pgs=43 gs=5 cs=0 l=0 c_cookie=5129778442054626404 s_cookie=12663548890031548523 reconnecting=0 rev1=1 crypto rx=0 tx=0 comp rx=0 tx=0).handle_message_ack seq=6
2026-02-13T09:37:13.790+0000 7f29b21f1640 10 mon.c@2(probing) e1 monmap epoch 1 fsid ecba677d-2ab7-4f4b-bd77-081ba1018187 last_changed
2026-02-13T09:36:48.344955+0000 created
2026-02-13T09:36:48.344955+0000 min_mon_release 0 (unknown) election_strategy: 1 0: v2:127.0.0.1:7127/0 mon.a 1: v2:127.0.0.1:7128/0 mon.b 2: v2:127.0.0.1:7129/0 mon.noname-c
2026-02-13T09:37:13.790+0000 7f29b61f9640 20 --2- v2:127.0.0.1:7129/0 >> v2:127.0.0.1:7127/0 conn(0x2cca800 0x2c94b00 crc :-1 s=READY pgs=43 gs=5 cs=0 l=0 c_cookie=5129778442054626404 s_cookie=12663548890031548523 reconnecting=0 rev1=1 crypto rx=0 tx=0 comp rx=0 tx=0).read_frame
2026-02-13T09:37:13.790+0000 7f29b61f9640 20 -- v2:127.0.0.1:7129/0 >> v2:127.0.0.1:7127/0 conn(0x2cca800 msgr2=0x2c94b00 crc :-1 s=STATE_CONNECTION_ESTABLISHED l=0).read start len=32
2026-02-13T09:37:13.790+0000 7f29b21f1640 10 mon.c@2(probing) e1 _reset
2026-02-13T09:37:13.790+0000 7f29b61f9640 20 --2- v2:127.0.0.1:7129/0 >> v2:127.0.0.1:7127/0 conn(0x2cca800 0x2c94b00 crc :-1 s=READY pgs=43 gs=5 cs=0 l=0 c_cookie=5129778442054626404 s_cookie=12663548890031548523 reconnecting=0 rev1=1 crypto rx=0 tx=0 comp rx=0 tx=0).handle_read_frame_preamble_main r=0
2026-02-13T09:37:13.790+0000 7f29b21f1640 10 mon.c@2(probing).auth v0 _set_mon_num_rank num 0 rank 0
2026-02-13T09:37:13.790+0000 7f29b21f1640 10 mon.c@2(probing) e1 cancel_probe_timeout (none scheduled)
2026-02-13T09:37:13.790+0000 7f29b61f9640 20 --2- v2:127.0.0.1:7129/0 >> v2:127.0.0.1:7127/0 conn(0x2cca800 0x2c94b00 crc :-1 s=THROTTLE_MESSAGE pgs=43 gs=5 cs=0 l=0 c_cookie=5129778442054626404 s_cookie=12663548890031548523 reconnecting=0 rev1=1 crypto rx=0 tx=0 comp rx=0 tx=0).throttle_message
2026-02-13T09:37:13.790+0000 7f29b21f1640 10 mon.c@2(probing) e1 timecheck_finish
2026-02-13T09:37:13.790+0000 7f29b61f9640 20 --2- v2:127.0.0.1:7129/0 >> v2:127.0.0.1:7127/0 conn(0x2cca800 0x2c94b00 crc :-1 s=THROTTLE_BYTES pgs=43 gs=5 cs=0 l=0 c_cookie=5129778442054626404 s_cookie=12663548890031548523 reconnecting=0 rev1=1 crypto rx=0 tx=0 comp rx=0 tx=0).throttle_bytes
2026-02-13T09:37:13.790+0000 7f29b61f9640 20 --2- v2:127.0.0.1:7129/0 >> v2:127.0.0.1:7127/0 conn(0x2cca800 0x2c94b00 crc :-1 s=THROTTLE_DISPATCH_QUEUE pgs=43 gs=5 cs=0 l=0 c_cookie=5129778442054626404 s_cookie=12663548890031548523 reconnecting=0 rev1=1 crypto rx=0 tx=0 comp rx=0 tx=0).throttle_dispatch_queue
2026-02-13T09:37:13.790+0000 7f29b61f9640 20 --2- v2:127.0.0.1:7129/0 >> v2:127.0.0.1:7127/0 conn(0x2cca800 0x2c94b00 crc :-1 s=THROTTLE_DONE pgs=43 gs=5 cs=0 l=0 c_cookie=5129778442054626404 s_cookie=12663548890031548523 reconnecting=0 rev1=1 crypto rx=0 tx=0 comp rx=0 tx=0).read_frame_segment seg_idx=0
2026-02-13T09:37:13.790+0000 7f29b21f1640 15 mon.c@2(probing) e1 health_tick_stop
2026-02-13T09:37:13.790+0000 7f29b21f1640 15 mon.c@2(probing) e1 health_interval_stop
2026-02-13T09:37:13.790+0000 7f29b21f1640 10 mon.c@2(probing) e1 scrub_event_cancel
2026-02-13T09:37:13.790+0000 7f29b21f1640 10 mon.c@2(probing) e1 scrub_reset
2026-02-13T09:37:13.790+0000 7f29b21f1640 10 mon.c@2(probing).paxos(paxos recovering c 0..0) restart -- canceling timeouts
2026-02-13T09:37:13.790+0000 7f29b21f1640 10 mon.c@2(probing).paxosservice(mdsmap 0..0) restart
2026-02-13T09:37:13.790+0000 7f29b21f1640 10 mon.c@2(probing).paxosservice(osdmap 0..0) restart
2026-02-13T09:37:13.790+0000 7f29b21f1640 10 mon.c@2(probing).paxosservice(logm 0..0) restart
2026-02-13T09:37:13.790+0000 7f29b21f1640 10 mon.c@2(probing).paxosservice(monmap 0..0) restart
2026-02-13T09:37:13.790+0000 7f29b21f1640 10 mon.c@2(probing).paxosservice(auth 0..0) restart
2026-02-13T09:37:13.790+0000 7f29b21f1640 10 mon.c@2(probing).paxosservice(mgr 0..0) restart
2026-02-13T09:37:13.790+0000 7f29b21f1640 10 mon.c@2(probing).paxosservice(mgrstat 0..0) restart
2026-02-13T09:37:13.790+0000 7f29b21f1640 10 mon.c@2(probing).paxosservice(health 0..0) restart
2026-02-13T09:37:13.790+0000 7f29b21f1640 10 mon.c@2(probing).paxosservice(config 0..0) restart
2026-02-13T09:37:13.790+0000 7f29b21f1640 10 mon.c@2(probing).paxosservice(kv 0..0) restart
2026-02-13T09:37:13.790+0000 7f29b21f1640 10 mon.c@2(probing).paxosservice(nvmeofgw 0..0) restart
2026-02-13T09:37:13.790+0000 7f29b21f1640 10 nvmeofgw virtual void NVMeofGwMon::on_restart() called
2026-02-13T09:37:13.790+0000 7f29b21f1640 10 nvmeofgw void NVMeofGwMon::cleanup_pending_map() cleanup pending : nvmeofgw == NVMeofGwMap [ Created_gws: epoch 0
