2026-02-13T09:37:18.800+0000 7f29b09ee640 20 -- v2:127.0.0.1:7129/0 queue 0x2b51980 prio 196
2026-02-13T09:37:18.800+0000 7f29b09ee640 15 --2- v2:127.0.0.1:7129/0 >> v2:127.0.0.1:7128/0 conn(0x2cca400 0x2c95600 unknown :-1 s=READY pgs=26 gs=6 cs=0 l=0 c_cookie=11135638219541045969 s_cookie=8239550519936967863 reconnecting=0 rev1=1 crypto rx=0 tx=0 comp rx=0 tx=0).handle_message_ack seq=19
2026-02-13T09:37:18.800+0000 7f29b09ee640 20 --2- v2:127.0.0.1:7129/0 >> v2:127.0.0.1:7128/0 conn(0x2cca400 0x2c95600 unknown :-1 s=READY pgs=26 gs=6 cs=0 l=0 c_cookie=11135638219541045969 s_cookie=8239550519936967863 reconnecting=0 rev1=1 crypto rx=0 tx=0 comp rx=0 tx=0).read_frame
2026-02-13T09:37:18.800+0000 7f29b09ee640 20 -- v2:127.0.0.1:7129/0 >> v2:127.0.0.1:7128/0 conn(0x2cca400 msgr2=0x2c95600 unknown :-1 s=STATE_CONNECTION_ESTABLISHED l=0).read start len=32
2026-02-13T09:37:18.800+0000 7f29b09ee640 10 -- v2:127.0.0.1:7129/0 >> v2:127.0.0.1:7128/0 conn(0x2cca400 msgr2=0x2c95600 unknown :-1 s=STATE_CONNECTION_ESTABLISHED l=0).handle_write
2026-02-13T09:37:18.800+0000 7f29b09ee640 10 --2- v2:127.0.0.1:7129/0 >> v2:127.0.0.1:7128/0 conn(0x2cca400 0x2c95600 unknown :-1 s=READY pgs=26 gs=6 cs=0 l=0 c_cookie=11135638219541045969 s_cookie=8239550519936967863 reconnecting=0 rev1=1 crypto rx=0 tx=0 comp rx=0 tx=0).write_event
2026-02-13T09:37:18.800+0000 7f29b09ee640 10 --2- v2:127.0.0.1:7129/0 >> v2:127.0.0.1:7128/0 conn(0x2cca400 0x2c95600 unknown :-1 s=READY pgs=26 gs=6 cs=0 l=0 c_cookie=11135638219541045969 s_cookie=8239550519936967863 reconnecting=0 rev1=1 crypto rx=0 tx=0 comp rx=0 tx=0).write_event try send msg ack, acked 1 messages
2026-02-13T09:37:18.800+0000 7f29b09ee640 10 -- v2:127.0.0.1:7129/0 >> v2:127.0.0.1:7128/0 conn(0x2cca400 msgr2=0x2c95600 unknown :-1 s=STATE_CONNECTION_ESTABLISHED l=0)._try_send sent bytes 44 remaining bytes 0
2026-02-13T09:37:18.800+0000 7f29b21f1640 1 -- v2:127.0.0.1:7129/0 --> v2:127.0.0.1:7127/0 -- paxos(last lc 31 fc 1 pn 300 opn 0) -- 0x3ef6c00 con 0x2cca800
2026-02-13T09:37:18.800+0000 7f29b21f1640 5 --2- v2:127.0.0.1:7129/0 >> v2:127.0.0.1:7127/0 conn(0x2cca800 0x2c94b00 crc :-1 s=READY pgs=43 gs=5 cs=0 l=0 c_cookie=5129778442054626404 s_cookie=12663548890031548523 reconnecting=0 rev1=1 crypto rx=0 tx=0 comp rx=0 tx=0).send_message enqueueing message m=0x3ef6c00 type=66 paxos(last lc 31 fc 1 pn 300 opn 0)
2026-02-13T09:37:18.800+0000 7f29b21f1640 15 --2- v2:127.0.0.1:7129/0 >> v2:127.0.0.1:7127/0 conn(0x2cca800 0x2c94b00 crc :-1 s=READY pgs=43 gs=5 cs=0 l=0 c_cookie=5129778442054626404 s_cookie=12663548890031548523 reconnecting=0 rev1=1 crypto rx=0 tx=0 comp rx=0 tx=0).send_message message queued for async transmission m=0x3ef6c00
2026-02-13T09:37:18.800+0000 7f29b21f1640 20 Event(0x2b7abc8 nevent=5000 time_id=5).wakeup
2026-02-13T09:37:18.800+0000 7f29b21f1640 10 -- v2:127.0.0.1:7129/0 dispatch_throttle_release 84 to dispatch throttler 613/104857600
2026-02-13T09:37:18.800+0000 7f29b21f1640 20 -- v2:127.0.0.1:7129/0 done calling dispatch on 0x3bc3800
2026-02-13T09:37:18.800+0000 7f29b21f1640 1 -- v2:127.0.0.1:7129/0 <== mon.0 v2:127.0.0.1:7127/0 32 ==== time_check( ping e 8 r 1 ) ==== 36+0+0 (crc 0 0 0) 0x3ed6540 con 0x2cca800
2026-02-13T09:37:18.800+0000 7f29b61f9640 10 -- v2:127.0.0.1:7129/0 >> v2:127.0.0.1:7127/0 conn(0x2cca800 msgr2=0x2c94b00 crc :-1 s=STATE_CONNECTION_ESTABLISHED l=0).handle_write
2026-02-13T09:37:18.800+0000 7f29b61f9640 10 --2- v2:127.0.0.1:7129/0 >> v2:127.0.0.1:7127/0 conn(0x2cca800 0x2c94b00 crc :-1 s=READY pgs=43 gs=5 cs=0 l=0 c_cookie=5129778442054626404 s_cookie=12663548890031548523 reconnecting=0 rev1=1 crypto rx=0 tx=0 comp rx=0 tx=0).write_event
2026-02-13T09:37:18.800+0000 7f29b21f1640 20 mon.c@2(peon) e2 _ms_dispatch existing session 0x3b46fc0 for mon.0
2026-02-13T09:37:18.800+0000 7f29b21f1640 20 mon.c@2(peon) e2 entity_name global_id 0 (none) caps allow *
2026-02-13T09:37:18.800+0000 7f29b61f9640 20 --2- v2:127.0.0.1:7129/0 >> v2:127.0.0.1:7127/0 conn(0x2cca800 0x2c94b00 crc :-1 s=READY pgs=43 gs=5 cs=0 l=0 c_cookie=5129778442054626404 s_cookie=12663548890031548523 reconnecting=0 rev1=1 crypto rx=0 tx=0 comp rx=0 tx=0).prepare_send_message m=paxos(last lc 31 fc 1 pn 300 opn 0)
2026-02-13T09:37:18.800+0000 7f29b21f1640 20 MonCap is_capable service=mon command= read addr v2:127.0.0.1:7127/0 on cap allow *
2026-02-13T09:37:18.800+0000 7f29b21f1640 20 MonCap allow so far , doing grant allow *
2026-02-13T09:37:18.800+0000 7f29b61f9640 20 --2- v2:127.0.0.1:7129/0 >> v2:127.0.0.1:7127/0 conn(0x2cca800 0x2c94b00 crc :-1 s=READY pgs=43 gs=5 cs=0 l=0 c_cookie=5129778442054626404 s_cookie=12663548890031548523 reconnecting=0 rev1=1 crypto rx=0 tx=0 comp rx=0 tx=0).prepare_send_message encoding features 4544132024016699391 0x3ef6c00 paxos(last lc 31 fc 1 pn 300 opn 0)
2026-02-13T09:37:18.800+0000 7f29b21f1640 20 MonCap allow all
2026-02-13T09:37:18.800+0000 7f29b21f1640 10 mon.c@2(peon) e2 handle_timecheck time_check( ping e 8 r 1 )
2026-02-13T09:37:18.800+0000 7f29b21f1640 10 mon.c@2(peon) e2 handle_timecheck_peon time_check( ping e 8 r 1 )
2026-02-13T09:37:18.800+0000 7f29b61f9640 2 --2- v2:127.0.0.1:7129/0 >> v2:127.0.0.1:7127/0 conn(0x2cca800 0x2c94b00 crc :-1 s=READY pgs=43 gs=5 cs=0 l=0 c_cookie=5129778442054626404 s_cookie=12663548890031548523 reconnecting=0 rev1=1 crypto rx=0 tx=0 comp rx=0 tx=0).write_message sending message m=0x3ef6c00 seq=30 paxos(last lc 31 fc 1 pn 300 opn 0)
2026-02-13T09:37:18.800+0000 7f29b21f1640 10 mon.c@2(peon) e2 handle_timecheck_peon send time_check( ping e 8 r 1 ) to mon.0 v2:127.0.0.1:7127/0
2026-02-13T09:37:18.800+0000 7f29b61f9640 20 --2- v2:127.0.0.1:7129/0 >> v2:127.0.0.1:7127/0 conn(0x2cca800 0x2c94b00 crc :-1 s=READY pgs=43 gs=5 cs=0 l=0 c_cookie=5129778442054626404 s_cookie=12663548890031548523 reconnecting=0 rev1=1 crypto rx=0 tx=0 comp rx=0 tx=0).write_message sending m=0x3ef6c00 seq=30 src=mon.2 off=0
2026-02-13T09:37:18.800+0000 7f29b21f1640 1 -- v2:127.0.0.1:7129/0 --> v2:127.0.0.1:7127/0 -- time_check( pong e 8 r 1 ts
2026-02-13T09:37:18.801781+0000 ) -- 0x3ed6380 con 0x2cca800
2026-02-13T09:37:18.800+0000 7f29b21f1640 5 --2- v2:127.0.0.1:7129/0 >> v2:127.0.0.1:7127/0 conn(0x2cca800 0x2c94b00 crc :-1 s=READY pgs=43 gs=5 cs=0 l=0 c_cookie=5129778442054626404 s_cookie=12663548890031548523 reconnecting=0 rev1=1 crypto rx=0 tx=0 comp rx=0 tx=0).send_message enqueueing message m=0x3ed6380 type=1545 time_check( pong e 8 r 1 ts
2026-02-13T09:37:18.801781+0000 )
2026-02-13T09:37:18.800+0000 7f29b61f9640 10 -- v2:127.0.0.1:7129/0 >> v2:127.0.0.1:7127/0 conn(0x2cca800 msgr2=0x2c94b00 crc :-1 s=STATE_CONNECTION_ESTABLISHED l=0)._try_send sent bytes 174 remaining bytes 0
2026-02-13T09:37:18.800+0000 7f29b21f1640 15 --2- v2:127.0.0.1:7129/0 >> v2:127.0.0.1:7127/0 conn(0x2cca800 0x2c94b00 crc :-1 s=READY pgs=43 gs=5 cs=0 l=0 c_cookie=5129778442054626404 s_cookie=12663548890031548523 reconnecting=0 rev1=1 crypto rx=0 tx=0 comp rx=0 tx=0).send_message message queued for async transmission m=0x3ed6380
2026-02-13T09:37:18.800+0000 7f29b61f9640 10 --2- v2:127.0.0.1:7129/0 >> v2:127.0.0.1:7127/0 conn(0x2cca800 0x2c94b00 crc :-1 s=READY pgs=43 gs=5 cs=0 l=0 c_cookie=5129778442054626404 s_cookie=12663548890031548523 reconnecting=0 rev1=1 crypto rx=0 tx=0 comp rx=0 tx=0).write_message sending 0x3ef6c00 done.
2026-02-13T09:37:18.800+0000 7f29b21f1640 10 -- v2:127.0.0.1:7129/0 dispatch_throttle_release 36 to dispatch throttler 529/104857600
2026-02-13T09:37:18.800+0000 7f29b21f1640 20 -- v2:127.0.0.1:7129/0 done calling dispatch on 0x3ed6540
2026-02-13T09:37:18.800+0000 7f29b61f9640 20 --2- v2:127.0.0.1:7129/0 >> v2:127.0.0.1:7127/0 conn(0x2cca800 0x2c94b00 crc :-1 s=READY pgs=43 gs=5 cs=0 l=0 c_cookie=5129778442054626404 s_cookie=12663548890031548523 reconnecting=0 rev1=1 crypto rx=0 tx=0 comp rx=0 tx=0).prepare_send_message m=time_check( pong e 8 r 1 ts
2026-02-13T09:37:18.801781+0000 )
2026-02-13T09:37:18.800+0000 7f29b61f9640 20 --2- v2:127.0.0.1:7129/0 >> v2:127.0.0.1:7127/0 conn(0x2cca800 0x2c94b00 crc :-1 s=READY pgs=43 gs=5 cs=0 l=0 c_cookie=5129778442054626404 s_cookie=12663548890031548523 reconnecting=0 rev1=1 crypto rx=0 tx=0 comp rx=0 tx=0).prepare_send_message encoding features 4544132024016699391 0x3ed6380 time_check( pong e 8 r 1 ts
2026-02-13T09:37:18.801781+0000 )
2026-02-13T09:37:18.800+0000 7f29b21f1640 1 -- v2:127.0.0.1:7129/0 <== mon.1 v2:127.0.0.1:7128/0 21 ==== mon_ping(ping_reply stamp
2026-02-13T09:37:18.801265+0000) ==== 255+0+0 (unknown 0 0 0) 0x2b51980 con 0x2cca400
2026-02-13T09:37:18.800+0000 7f29b21f1640 20 mon.c@2(peon) e2 _ms_dispatch existing session 0x3b47200 for mon.1
2026-02-13T09:37:18.800+0000 7f29b61f9640 2 --2- v2:127.0.0.1:7129/0 >> v2:127.0.0.1:7127/0 conn(0x2cca800 0x2c94b00 crc :-1 s=READY pgs=43 gs=5 cs=0 l=0 c_cookie=5129778442054626404 s_cookie=12663548890031548523 reconnecting=0 rev1=1 crypto rx=0 tx=0 comp rx=0 tx=0).write_message sending message m=0x3ed6380 seq=31 time_check( pong e 8 r 1 ts
2026-02-13T09:37:18.801781+0000 )
2026-02-13T09:37:18.800+0000 7f29b21f1640 20 mon.c@2(peon) e2 entity_name global_id 0 (none) caps allow *
2026-02-13T09:37:18.800+0000 7f29b61f9640 20 --2- v2:127.0.0.1:7129/0 >> v2:127.0.0.1:7127/0 conn(0x2cca800 0x2c94b00 crc :-1 s=READY pgs=43 gs=5 cs=0 l=0 c_cookie=5129778442054626404 s_cookie=12663548890031548523 reconnecting=0 rev1=1 crypto rx=0 tx=0 comp rx=0 tx=0).write_message sending m=0x3ed6380 seq=31 src=mon.2 off=0
2026-02-13T09:37:18.800+0000 7f29b21f1640 20 MonCap is_capable service=mon command= read addr v2:127.0.0.1:7128/0 on cap allow *
2026-02-13T09:37:18.800+0000 7f29b21f1640 20 MonCap allow so far , doing grant allow *
2026-02-13T09:37:18.800+0000 7f29b21f1640 20 MonCap allow all
2026-02-13T09:37:18.800+0000 7f29b21f1640 20 mon.c@2(peon).elector(8) handle_ping from: 1
2026-02-13T09:37:18.800+0000 7f29b21f1640 20 mon.c@2(peon).elector(8) begin_peer_ping with 1
2026-02-13T09:37:18.800+0000 7f29b21f1640 20 mon.c@2(peon).elector(8) 1 is already being pinged ... return
2026-02-13T09:37:18.800+0000 7f29b21f1640 10 mon.c@2(peon).elector(8) assimilate_connection_reports
2026-02-13T09:37:18.800+0000 7f29b61f9640 10 -- v2:127.0.0.1:7129/0 >> v2:127.0.0.1:7127/0 conn(0x2cca800 msgr2=0x2c94b00 crc :-1 s=STATE_CONNECTION_ESTABLISHED l=0)._try_send sent bytes 126 remaining bytes 0
2026-02-13T09:37:18.800+0000 7f29b61f9640 10 --2- v2:127.0.0.1:7129/0 >> v2:127.0.0.1:7127/0 conn(0x2cca800 0x2c94b00 crc :-1 s=READY pgs=43 gs=5 cs=0 l=0 c_cookie=5129778442054626404 s_cookie=12663548890031548523 reconnecting=0 rev1=1 crypto rx=0 tx=0 comp rx=0 tx=0).write_message sending 0x3ed6380 done.
2026-02-13T09:37:18.800+0000 7f29b21f1640 10 -- v2:127.0.0.1:7129/0 dispatch_throttle_release 255 to dispatch throttler 493/104857600
2026-02-13T09:37:18.800+0000 7f29b21f1640 20 -- v2:127.0.0.1:7129/0 done calling dispatch on 0x2b51980
2026-02-13T09:37:18.800+0000 7f29b21f1640 1 -- v2:127.0.0.1:7129/0 <== mon.0 v2:127.0.0.1:7127/0 33 ==== mon_ping(ping_reply stamp
2026-02-13T09:37:18.801250+0000) ==== 238+0+0 (crc 0 0 0) 0x2b51b00 con 0x2cca800
2026-02-13T09:37:18.800+0000 7f29b21f1640 20 mon.c@2(peon) e2 _ms_dispatch existing session 0x3b46fc0 for mon.0
2026-02-13T09:37:18.800+0000 7f29b21f1640 20 mon.c@2(peon) e2 entity_name global_id 0 (none) caps allow *
2026-02-13T09:37:18.800+0000 7f29b21f1640 20 MonCap is_capable service=mon command= read addr v2:127.0.0.1:7127/0 on cap allow *
2026-02-13T09:37:18.800+0000 7f29b21f1640 20 MonCap allow so far , doing grant allow *
2026-02-13T09:37:18.800+0000 7f29b21f1640 20 MonCap allow all
2026-02-13T09:37:18.800+0000 7f29b21f1640 20 mon.c@2(peon).elector(8) handle_ping from: 0
2026-02-13T09:37:18.800+0000 7f29b21f1640 20 mon.c@2(peon).elector(8) begin_peer_ping with 0
2026-02-13T09:37:18.800+0000 7f29b21f1640 20 mon.c@2(peon).elector(8) 0 is already being pinged ... return
2026-02-13T09:37:18.800+0000 7f29b21f1640 10 mon.c@2(peon).elector(8) assimilate_connection_reports
2026-02-13T09:37:18.800+0000 7f29b21f1640 10 -- v2:127.0.0.1:7129/0 dispatch_throttle_release 238 to dispatch throttler 238/104857600
2026-02-13T09:37:18.800+0000 7f29b21f1640 20 -- v2:127.0.0.1:7129/0 done calling dispatch on 0x2b51b00
2026-02-13T09:37:18.800+0000 7f29b61f9640 20 -- v2:127.0.0.1:7129/0 >> v2:127.0.0.1:7127/0 conn(0x2cca800 msgr2=0x2c94b00 crc :-1 s=STATE_CONNECTION_ESTABLISHED l=0).process
2026-02-13T09:37:18.800+0000 7f29b61f9640 20 -- v2:127.0.0.1:7129/0 >> v2:127.0.0.1:7127/0 conn(0x2cca800 msgr2=0x2c94b00 crc :-1 s=STATE_CONNECTION_ESTABLISHED l=0).read continue len=32
2026-02-13T09:37:18.800+0000 7f29b61f9640 20 --2- v2:127.0.0.1:7129/0 >> v2:127.0.0.1:7127/0 conn(0x2cca800 0x2c94b00 crc :-1 s=READY pgs=43 gs=5 cs=0 l=0 c_cookie=5129778442054626404 s_cookie=12663548890031548523 reconnecting=0 rev1=1 crypto rx=0 tx=0 comp rx=0 tx=0).handle_read_frame_preamble_main r=0
2026-02-13T09:37:18.800+0000 7f29b61f9640 20 --2- v2:127.0.0.1:7129/0 >> v2:127.0.0.1:7127/0 conn(0x2cca800 0x2c94b00 crc :-1 s=THROTTLE_MESSAGE pgs=43 gs=5 cs=0 l=0 c_cookie=5129778442054626404 s_cookie=12663548890031548523 reconnecting=0 rev1=1 crypto rx=0 tx=0 comp rx=0 tx=0).throttle_message
2026-02-13T09:37:18.800+0000 7f29b61f9640 20 --2- v2:127.0.0.1:7129/0 >> v2:127.0.0.1:7127/0 conn(0x2cca800 0x2c94b00 crc :-1 s=THROTTLE_BYTES pgs=43 gs=5 cs=0 l=0 c_cookie=5129778442054626404 s_cookie=12663548890031548523 reconnecting=0 rev1=1 crypto rx=0 tx=0 comp rx=0 tx=0).throttle_bytes
2026-02-13T09:37:18.800+0000 7f29b61f9640 20 --2- v2:127.0.0.1:7129/0 >> v2:127.0.0.1:7127/0 conn(0x2cca800 0x2c94b00 crc :-1 s=THROTTLE_DISPATCH_QUEUE pgs=43 gs=5 cs=0 l=0 c_cookie=5129778442054626404 s_cookie=12663548890031548523 reconnecting=0 rev1=1 crypto rx=0 tx=0 comp rx=0 tx=0).throttle_dispatch_queue
2026-02-13T09:37:18.800+0000 7f29b61f9640 20 --2- v2:127.0.0.1:7129/0 >> v2:127.0.0.1:7127/0 conn(0x2cca800 0x2c94b00 crc :-1 s=THROTTLE_DONE pgs=43 gs=5 cs=0 l=0 c_cookie=5129778442054626404 s_cookie=12663548890031548523 reconnecting=0 rev1=1 crypto rx=0 tx=0 comp rx=0 tx=0).read_frame_segment seg_idx=0
2026-02-13T09:37:18.800+0000 7f29b61f9640 20 -- v2:127.0.0.1:7129/0 >> v2:127.0.0.1:7127/0 conn(0x2cca800 msgr2=0x2c94b00 crc :-1 s=STATE_CONNECTION_ESTABLISHED l=0).read start len=45
2026-02-13T09:37:18.800+0000 7f29b61f9640 20 --2- v2:127.0.0.1:7129/0 >> v2:127.0.0.1:7127/0 conn(0x2cca800 0x2c94b00 crc :-1 s=THROTTLE_DONE pgs=43 gs=5 cs=0 l=0 c_cookie=5129778442054626404 s_cookie=12663548890031548523 reconnecting=0 rev1=1 crypto rx=0 tx=0 comp rx=0 tx=0).handle_read_frame_segment r=0
2026-02-13T09:37:18.800+0000 7f29b61f9640 20 --2- v2:127.0.0.1:7129/0 >> v2:127.0.0.1:7127/0 conn(0x2cca800 0x2c94b00 crc :-1 s=THROTTLE_DONE pgs=43 gs=5 cs=0 l=0 c_cookie=5129778442054626404 s_cookie=12663548890031548523 reconnecting=0 rev1=1 crypto rx=0 tx=0 comp rx=0 tx=0).read_frame_segment seg_idx=1
2026-02-13T09:37:18.800+0000 7f29b61f9640 20 -- v2:127.0.0.1:7129/0 >> v2:127.0.0.1:7127/0 conn(0x2cca800 msgr2=0x2c94b00 crc :-1 s=STATE_CONNECTION_ESTABLISHED l=0).read start len=580
2026-02-13T09:37:18.800+0000 7f29b61f9640 20 --2- v2:127.0.0.1:7129/0 >> v2:127.0.0.1:7127/0 conn(0x2cca800 0x2c94b00 crc :-1 s=THROTTLE_DONE pgs=43 gs=5 cs=0 l=0 c_cookie=5129778442054626404 s_cookie=12663548890031548523 reconnecting=0 rev1=1 crypto rx=0 tx=0 comp rx=0 tx=0).handle_read_frame_segment r=0
2026-02-13T09:37:18.800+0000 7f29b61f9640 20 -- v2:127.0.0.1:7129/0 >> v2:127.0.0.1:7127/0 conn(0x2cca800 msgr2=0x2c94b00 crc :-1 s=STATE_CONNECTION_ESTABLISHED l=0).read start len=13
2026-02-13T09:37:18.800+0000 7f29b61f9640 20 --2- v2:127.0.0.1:7129/0 >> v2:127.0.0.1:7127/0 conn(0x2cca800 0x2c94b00 crc :-1 s=THROTTLE_DONE pgs=43 gs=5 cs=0 l=0 c_cookie=5129778442054626404 s_cookie=12663548890031548523 reconnecting=0 rev1=1 crypto rx=0 tx=0 comp rx=0 tx=0).handle_read_frame_epilogue_main r=0
2026-02-13T09:37:18.800+0000 7f29b61f9640 10 --2- v2:127.0.0.1:7129/0 >> v2:127.0.0.1:7127/0 conn(0x2cca800 0x2c94b00 crc :-1 s=THROTTLE_DONE pgs=43 gs=5 cs=0 l=0 c_cookie=5129778442054626404 s_cookie=12663548890031548523 reconnecting=0 rev1=1 crypto rx=0 tx=0 comp rx=0 tx=0).handle_read_frame_dispatch tag=17
2026-02-13T09:37:18.800+0000 7f29b61f9640 20 --2- v2:127.0.0.1:7129/0 >> v2:127.0.0.1:7127/0 conn(0x2cca800 0x2c94b00 crc :-1 s=THROTTLE_DONE pgs=43 gs=5 cs=0 l=0 c_cookie=5129778442054626404 s_cookie=12663548890031548523 reconnecting=0 rev1=1 crypto rx=0 tx=0 comp rx=0 tx=0).handle_message
2026-02-13T09:37:18.800+0000 7f29b61f9640 5 --2- v2:127.0.0.1:7129/0 >> v2:127.0.0.1:7127/0 conn(0x2cca800 0x2c94b00 crc :-1 s=THROTTLE_DONE pgs=43 gs=5 cs=0 l=0 c_cookie=5129778442054626404 s_cookie=12663548890031548523 reconnecting=0 rev1=1 crypto rx=0 tx=0 comp rx=0 tx=0).handle_message got 580 + 0 + 0 byte message. envelope type=66 src mon.0 off 0
2026-02-13T09:37:18.800+0000 7f29b61f9640 5 --2- v2:127.0.0.1:7129/0 >> v2:127.0.0.1:7127/0 conn(0x2cca800 0x2c94b00 crc :-1 s=READ_MESSAGE_COMPLETE pgs=43 gs=5 cs=0 l=0 c_cookie=5129778442054626404 s_cookie=12663548890031548523 reconnecting=0 rev1=1 crypto rx=0 tx=0 comp rx=0 tx=0).handle_message received message m=0x3bc3a00 seq=34 from=mon.0 type=66 paxos(commit lc 32 fc 0 pn 0 opn 0)
2026-02-13T09:37:18.800+0000 7f29b61f9640 20 -- v2:127.0.0.1:7129/0 queue 0x3bc3a00 prio 196
2026-02-13T09:37:18.800+0000 7f29b61f9640 15 --2- v2:127.0.0.1:7129/0 >> v2:127.0.0.1:7127/0 conn(0x2cca800 0x2c94b00 crc :-1 s=READY pgs=43 gs=5 cs=0 l=0 c_cookie=5129778442054626404 s_cookie=12663548890031548523 reconnecting=0 rev1=1 crypto rx=0 tx=0 comp rx=0 tx=0).handle_message_ack seq=31
2026-02-13T09:37:18.800+0000 7f29b61f9640 10 --2- v2:127.0.0.1:7129/0 >> v2:127.0.0.1:7127/0 conn(0x2cca800 0x2c94b00 crc :-1 s=READY pgs=43 gs=5 cs=0 l=0 c_cookie=5129778442054626404 s_cookie=12663548890031548523 reconnecting=0 rev1=1 crypto rx=0 tx=0 comp rx=0 tx=0).handle_message_ack got ack seq 31 >= 30 on 0x3ef6c00 paxos(last lc 31 fc 1 pn 300 opn 0)
2026-02-13T09:37:18.800+0000 7f29b21f1640 1 -- v2:127.0.0.1:7129/0 <== mon.0 v2:127.0.0.1:7127/0 34 ==== paxos(commit lc 32 fc 0 pn 0 opn 0) ==== 580+0+0 (crc 0 0 0) 0x3bc3a00 con 0x2cca800
2026-02-13T09:37:18.800+0000 7f29b21f1640 20 mon.c@2(peon) e2 _ms_dispatch existing session 0x3b46fc0 for mon.0
2026-02-13T09:37:18.800+0000 7f29b61f9640 10 --2- v2:127.0.0.1:7129/0 >> v2:127.0.0.1:7127/0 conn(0x2cca800 0x2c94b00 crc :-1 s=READY pgs=43 gs=5 cs=0 l=0 c_cookie=5129778442054626404 s_cookie=12663548890031548523 reconnecting=0 rev1=1 crypto rx=0 tx=0 comp rx=0 tx=0).handle_message_ack got ack seq 31 >= 31 on 0x3ed6380 time_check( pong e 8 r 1 ts
2026-02-13T09:37:18.801781+0000 )
2026-02-13T09:37:18.800+0000 7f29b21f1640 20 mon.c@2(peon) e2 entity_name global_id 0 (none) caps allow *
2026-02-13T09:37:18.800+0000 7f29b21f1640 20 MonCap is_capable service=mon command= read addr v2:127.0.0.1:7127/0 on cap allow *
2026-02-13T09:37:18.800+0000 7f29b21f1640 20 MonCap allow so far , doing grant allow *
2026-02-13T09:37:18.800+0000 7f29b21f1640 20 MonCap allow all
2026-02-13T09:37:18.800+0000 7f29b21f1640 20 MonCap is_capable service=mon command= exec addr v2:127.0.0.1:7127/0 on cap allow *
2026-02-13T09:37:18.800+0000 7f29b61f9640 20 --2- v2:127.0.0.1:7129/0 >> v2:127.0.0.1:7127/0 conn(0x2cca800 0x2c94b00 crc :-1 s=READY pgs=43 gs=5 cs=0 l=0 c_cookie=5129778442054626404 s_cookie=12663548890031548523 reconnecting=0 rev1=1 crypto rx=0 tx=0 comp rx=0 tx=0).read_frame
2026-02-13T09:37:18.800+0000 7f29b21f1640 20 MonCap allow so far , doing grant allow *
2026-02-13T09:37:18.800+0000 7f29b61f9640 20 -- v2:127.0.0.1:7129/0 >> v2:127.0.0.1:7127/0 conn(0x2cca800 msgr2=0x2c94b00 crc :-1 s=STATE_CONNECTION_ESTABLISHED l=0).read start len=32
2026-02-13T09:37:18.800+0000 7f29b21f1640 20 MonCap allow all
2026-02-13T09:37:18.800+0000 7f29b61f9640 20 --2- v2:127.0.0.1:7129/0 >> v2:127.0.0.1:7127/0 conn(0x2cca800 0x2c94b00 crc :-1 s=READY pgs=43 gs=5 cs=0 l=0 c_cookie=5129778442054626404 s_cookie=12663548890031548523 reconnecting=0 rev1=1 crypto rx=0 tx=0 comp rx=0 tx=0).handle_read_frame_preamble_main r=0
2026-02-13T09:37:18.800+0000 7f29b21f1640 10 mon.c@2(peon).paxos(paxos recovering c 1..31) handle_commit on 32
2026-02-13T09:37:18.800+0000 7f29b61f9640 20 --2- v2:127.0.0.1:7129/0 >> v2:127.0.0.1:7127/0 conn(0x2cca800 0x2c94b00 crc :-1 s=THROTTLE_MESSAGE pgs=43 gs=5 cs=0 l=0 c_cookie=5129778442054626404 s_cookie=12663548890031548523 reconnecting=0 rev1=1 crypto rx=0 tx=0 comp rx=0 tx=0).throttle_message
2026-02-13T09:37:18.800+0000 7f29b21f1640 10 mon.c@2(peon).paxos(paxos recovering c 1..32) store_state [32..32]
2026-02-13T09:37:18.800+0000 7f29b61f9640 20 --2- v2:127.0.0.1:7129/0 >> v2:127.0.0.1:7127/0 conn(0x2cca800 0x2c94b00 crc :-1 s=THROTTLE_BYTES pgs=43 gs=5 cs=0 l=0 c_cookie=5129778442054626404 s_cookie=12663548890031548523 reconnecting=0 rev1=1 crypto rx=0 tx=0 comp rx=0 tx=0).throttle_bytes
2026-02-13T09:37:18.800+0000 7f29b61f9640 20 --2- v2:127.0.0.1:7129/0 >> v2:127.0.0.1:7127/0 conn(0x2cca800 0x2c94b00 crc :-1 s=THROTTLE_DISPATCH_QUEUE pgs=43 gs=5 cs=0 l=0 c_cookie=5129778442054626404 s_cookie=12663548890031548523 reconnecting=0 rev1=1 crypto rx=0 tx=0 comp rx=0 tx=0).throttle_dispatch_queue
2026-02-13T09:37:18.800+0000 7f29b61f9640 20 --2- v2:127.0.0.1:7129/0 >> v2:127.0.0.1:7127/0 conn(0x2cca800 0x2c94b00 crc :-1 s=THROTTLE_DONE pgs=43 gs=5 cs=0 l=0 c_cookie=5129778442054626404 s_cookie=12663548890031548523 reconnecting=0 rev1=1 crypto rx=0 tx=0 comp rx=0 tx=0).read_frame_segment seg_idx=0
2026-02-13T09:37:18.800+0000 7f29b61f9640 20 -- v2:127.0.0.1:7129/0 >> v2:127.0.0.1:7127/0 conn(0x2cca800 msgr2=0x2c94b00 crc :-1 s=STATE_CONNECTION_ESTABLISHED l=0).read start len=45
2026-02-13T09:37:18.800+0000 7f29b61f9640 20 --2- v2:127.0.0.1:7129/0 >> v2:127.0.0.1:7127/0 conn(0x2cca800 0x2c94b00 crc :-1 s=THROTTLE_DONE pgs=43 gs=5 cs=0 l=0 c_cookie=5129778442054626404 s_cookie=12663548890031548523 reconnecting=0 rev1=1 crypto rx=0 tx=0 comp rx=0 tx=0).handle_read_frame_segment r=0
2026-02-13T09:37:18.800+0000 7f29b61f9640 20 --2- v2:127.0.0.1:7129/0 >> v2:127.0.0.1:7127/0 conn(0x2cca800 0x2c94b00 crc :-1 s=THROTTLE_DONE pgs=43 gs=5 cs=0 l=0 c_cookie=5129778442054626404 s_cookie=12663548890031548523 reconnecting=0 rev1=1 crypto rx=0 tx=0 comp rx=0 tx=0).read_frame_segment seg_idx=1
2026-02-13T09:37:18.800+0000 7f29b61f9640 20 -- v2:127.0.0.1:7129/0 >> v2:127.0.0.1:7127/0 conn(0x2cca800 msgr2=0x2c94b00 crc :-1 s=STATE_CONNECTION_ESTABLISHED l=0).read start len=84
2026-02-13T09:37:18.800+0000 7f29b61f9640 20 --2- v2:127.0.0.1:7129/0 >> v2:127.0.0.1:7127/0 conn(0x2cca800 0x2c94b00 crc :-1 s=THROTTLE_DONE pgs=43 gs=5 cs=0 l=0 c_cookie=5129778442054626404 s_cookie=12663548890031548523 reconnecting=0 rev1=1 crypto rx=0 tx=0 comp rx=0 tx=0).handle_read_frame_segment r=0
2026-02-13T09:37:18.800+0000 7f29b61f9640 20 -- v2:127.0.0.1:7129/0 >> v2:127.0.0.1:7127/0 conn(0x2cca800 msgr2=0x2c94b00 crc :-1 s=STATE_CONNECTION_ESTABLISHED l=0).read start len=13
2026-02-13T09:37:18.800+0000 7f29b61f9640 20 --2- v2:127.0.0.1:7129/0 >> v2:127.0.0.1:7127/0 conn(0x2cca800 0x2c94b00 crc :-1 s=THROTTLE_DONE pgs=43 gs=5 cs=0 l=0 c_cookie=5129778442054626404 s_cookie=12663548890031548523 reconnecting=0 rev1=1 crypto rx=0 tx=0 comp rx=0 tx=0).handle_read_frame_epilogue_main r=0
2026-02-13T09:37:18.800+0000 7f29b61f9640 10 --2- v2:127.0.0.1:7129/0 >> v2:127.0.0.1:7127/0 conn(0x2cca800 0x2c94b00 crc :-1 s=THROTTLE_DONE pgs=43 gs=5 cs=0 l=0 c_cookie=5129778442054626404 s_cookie=12663548890031548523 reconnecting=0 rev1=1 crypto rx=0 tx=0 comp rx=0 tx=0).handle_read_frame_dispatch tag=17
2026-02-13T09:37:18.800+0000 7f29b61f9640 20 --2- v2:127.0.0.1:7129/0 >> v2:127.0.0.1:7127/0 conn(0x2cca800 0x2c94b00 crc :-1 s=THROTTLE_DONE pgs=43 gs=5 cs=0 l=0 c_cookie=5129778442054626404 s_cookie=12663548890031548523 reconnecting=0 rev1=1 crypto rx=0 tx=0 comp rx=0 tx=0).handle_message
2026-02-13T09:37:18.800+0000 7f29b61f9640 5 --2- v2:127.0.0.1:7129/0 >> v2:127.0.0.1:7127/0 conn(0x2cca800 0x2c94b00 crc :-1 s=THROTTLE_DONE pgs=43 gs=5 cs=0 l=0 c_cookie=5129778442054626404 s_cookie=12663548890031548523 reconnecting=0 rev1=1 crypto rx=0 tx=0 comp rx=0 tx=0).handle_message got 84 + 0 + 0 byte message. envelope type=66 src mon.0 off 0
2026-02-13T09:37:18.800+0000 7f29b61f9640 5 --2- v2:127.0.0.1:7129/0 >> v2:127.0.0.1:7127/0 conn(0x2cca800 0x2c94b00 crc :-1 s=READ_MESSAGE_COMPLETE pgs=43 gs=5 cs=0 l=0 c_cookie=5129778442054626404 s_cookie=12663548890031548523 reconnecting=0 rev1=1 crypto rx=0 tx=0 comp rx=0 tx=0).handle_message received message m=0x3ef6c00 seq=35 from=mon.0 type=66 paxos(lease lc 32 fc 1 pn 0 opn 0)
2026-02-13T09:37:18.800+0000 7f29b61f9640 20 -- v2:127.0.0.1:7129/0 queue 0x3ef6c00 prio 196
2026-02-13T09:37:18.800+0000 7f29b61f9640 15 --2- v2:127.0.0.1:7129/0 >> v2:127.0.0.1:7127/0 conn(0x2cca800 0x2c94b00 crc :-1 s=READY pgs=43 gs=5 cs=0 l=0 c_cookie=5129778442054626404 s_cookie=12663548890031548523 reconnecting=0 rev1=1 crypto rx=0 tx=0 comp rx=0 tx=0).handle_message_ack seq=31
2026-02-13T09:37:18.800+0000 7f29b61f9640 20 --2- v2:127.0.0.1:7129/0 >> v2:127.0.0.1:7127/0 conn(0x2cca800 0x2c94b00 crc :-1 s=READY pgs=43 gs=5 cs=0 l=0 c_cookie=5129778442054626404 s_cookie=12663548890031548523 reconnecting=0 rev1=1 crypto rx=0 tx=0 comp rx=0 tx=0).read_frame
2026-02-13T09:37:18.800+0000 7f29b61f9640 20 -- v2:127.0.0.1:7129/0 >> v2:127.0.0.1:7127/0 conn(0x2cca800 msgr2=0x2c94b00 crc :-1 s=STATE_CONNECTION_ESTABLISHED l=0).read start len=32
2026-02-13T09:37:18.800+0000 7f29b61f9640 10 -- v2:127.0.0.1:7129/0 >> v2:127.0.0.1:7127/0 conn(0x2cca800 msgr2=0x2c94b00 crc :-1 s=STATE_CONNECTION_ESTABLISHED l=0).handle_write
2026-02-13T09:37:18.800+0000 7f29b61f9640 10 --2- v2:127.0.0.1:7129/0 >> v2:127.0.0.1:7127/0 conn(0x2cca800 0x2c94b00 crc :-1 s=READY pgs=43 gs=5 cs=0 l=0 c_cookie=5129778442054626404 s_cookie=12663548890031548523 reconnecting=0 rev1=1 crypto rx=0 tx=0 comp rx=0 tx=0).write_event
2026-02-13T09:37:18.800+0000 7f29b61f9640 10 --2- v2:127.0.0.1:7129/0 >> v2:127.0.0.1:7127/0 conn(0x2cca800 0x2c94b00 crc :-1 s=READY pgs=43 gs=5 cs=0 l=0 c_cookie=5129778442054626404 s_cookie=12663548890031548523 reconnecting=0 rev1=1 crypto rx=0 tx=0 comp rx=0 tx=0).write_event try send msg ack, acked 2 messages
2026-02-13T09:37:18.800+0000 7f29b61f9640 10 -- v2:127.0.0.1:7129/0 >> v2:127.0.0.1:7127/0 conn(0x2cca800 msgr2=0x2c94b00 crc :-1 s=STATE_CONNECTION_ESTABLISHED l=0)._try_send sent bytes 44 remaining bytes 0
2026-02-13T09:37:18.800+0000 7f29b21f1640 10 mon.c@2(peon) e2 refresh_from_paxos
2026-02-13T09:37:18.800+0000 7f29b21f1640 10 mon.c@2(peon).paxosservice(mdsmap 1..1) refresh
2026-02-13T09:37:18.800+0000 7f29b21f1640 10 mon.c@2(peon).paxosservice(osdmap 1..1) refresh
2026-02-13T09:37:18.800+0000 7f29b21f1640 10 mon.c@2(peon).paxosservice(logm 1..28) refresh
2026-02-13T09:37:18.800+0000 7f29b21f1640 10 mon.c@2(peon).log v28 update_from_paxos
2026-02-13T09:37:18.800+0000 7f29b21f1640 10 mon.c@2(peon).log v28 update_from_paxos version 28 summary v 28
2026-02-13T09:37:18.800+0000 7f29b21f1640 10 mon.c@2(peon).paxosservice(monmap 1..1) refresh
2026-02-13T09:37:18.800+0000 7f29b21f1640 10 mon.c@2(peon).paxosservice(auth 1..2) refresh
2026-02-13T09:37:18.800+0000 7f29b21f1640 10 mon.c@2(peon).auth v2 update_from_paxos
2026-02-13T09:37:18.800+0000 7f29b21f1640 10 mon.c@2(peon).paxosservice(mgr 1..1) refresh
2026-02-13T09:37:18.800+0000 7f29b21f1640 10 mon.c@2(peon).config load_config got 0 keys
2026-02-13T09:37:18.801+0000 7f29b21f1640 10 mon.c@2(peon).mgr e1 prime_mgr_client
2026-02-13T09:37:18.801+0000 7f29b21f1640 10 mon.c@2(peon).paxosservice(mgrstat 1..1) refresh
2026-02-13T09:37:18.801+0000 7f29b21f1640 10 mon.c@2(peon).mgrstat 1
2026-02-13T09:37:18.801+0000 7f29b21f1640 10 mon.c@2(peon).mgrstat update_from_paxos v1 service_map e1 0 progress events 0 pools availability tracked
2026-02-13T09:37:18.801+0000 7f29b21f1640 10 mon.c@2(peon).mgrstat check_subs
2026-02-13T09:37:18.801+0000 7f29b21f1640 20 mon.c@2(peon).mgrstat update_logger
2026-02-13T09:37:18.801+0000 7f29b21f1640 20 mon.c@2(peon).osd e1 notify_new_pg_digest
2026-02-13T09:37:18.801+0000 7f29b21f1640 10 mon.c@2(peon).paxosservice(health 1..1) refresh
2026-02-13T09:37:18.801+0000 7f29b21f1640 10 mon.c@2(peon).health update_from_paxos
2026-02-13T09:37:18.801+0000 7f29b21f1640 20 mon.c@2(peon).health dump:{ "quorum_health": {}, "leader_health": {} }
2026-02-13T09:37:18.801+0000 7f29b21f1640 10 mon.c@2(peon).paxosservice(config 1..1) refresh
2026-02-13T09:37:18.801+0000 7f29b21f1640 10 mon.c@2(peon).paxosservice(kv 1..1) refresh
2026-02-13T09:37:18.801+0000 7f29b21f1640 10 mon.c@2(peon).paxosservice(nvmeofgw 1..1) refresh
2026-02-13T09:37:18.801+0000 7f29b21f1640 20 nvmeofgw virtual void NVMeofGwMon::update_from_paxos(bool*) has BEACON_DIFF: 1
2026-02-13T09:37:18.801+0000 7f29b21f1640 10 mon.c@2(peon).paxosservice(mdsmap 1..1) post_refresh
2026-02-13T09:37:18.801+0000 7f29b21f1640 10 mon.c@2(peon).paxosservice(osdmap 1..1) post_refresh
2026-02-13T09:37:18.801+0000 7f29b21f1640 10 mon.c@2(peon).paxosservice(logm 1..28) post_refresh
2026-02-13T09:37:18.801+0000 7f29b21f1640 10 mon.c@2(peon).paxosservice(monmap 1..2) post_refresh
2026-02-13T09:37:18.801+0000 7f29b21f1640 10 mon.c@2(peon).paxosservice(auth 1..2) post_refresh
2026-02-13T09:37:18.801+0000 7f29b21f1640 10 mon.c@2(peon).paxosservice(mgr 1..1) post_refresh
2026-02-13T09:37:18.801+0000 7f29b21f1640 10 mon.c@2(peon).paxosservice(mgrstat 1..1) post_refresh
2026-02-13T09:37:18.801+0000 7f29b21f1640 10 mon.c@2(peon).paxosservice(health 1..1) post_refresh
2026-02-13T09:37:18.801+0000 7f29b21f1640 10 mon.c@2(peon).paxosservice(config 1..1) post_refresh
2026-02-13T09:37:18.801+0000 7f29b21f1640 10 mon.c@2(peon).paxosservice(kv 1..1) post_refresh
2026-02-13T09:37:18.801+0000 7f29b21f1640 10 mon.c@2(peon).paxosservice(nvmeofgw 1..1) post_refresh
2026-02-13T09:37:18.801+0000 7f29b21f1640 10 -- v2:127.0.0.1:7129/0 dispatch_throttle_release 580 to dispatch throttler 664/104857600
2026-02-13T09:37:18.801+0000 7f29b21f1640 20 -- v2:127.0.0.1:7129/0 done calling dispatch on 0x3bc3a00
2026-02-13T09:37:18.801+0000 7f29b21f1640 1 -- v2:127.0.0.1:7129/0 <== mon.0 v2:127.0.0.1:7127/0 35 ==== paxos(lease lc 32 fc 1 pn 0 opn 0) ==== 84+0+0 (crc 0 0 0) 0x3ef6c00 con 0x2cca800
2026-02-13T09:37:18.801+0000 7f29b21f1640 20 mon.c@2(peon) e2 _ms_dispatch existing session 0x3b46fc0 for mon.0
2026-02-13T09:37:18.801+0000 7f29b21f1640 20 mon.c@2(peon) e2 entity_name global_id 0 (none) caps allow *
2026-02-13T09:37:18.801+0000 7f29b21f1640 20 MonCap is_capable service=mon command= read addr v2:127.0.0.1:7127/0 on cap allow *
2026-02-13T09:37:18.801+0000 7f29b21f1640 20 MonCap allow so far , doing grant allow *
2026-02-13T09:37:18.801+0000 7f29b21f1640 20 MonCap allow all
2026-02-13T09:37:18.801+0000 7f29b21f1640 20 MonCap is_capable service=mon command= exec addr v2:127.0.0.1:7127/0 on cap allow *
2026-02-13T09:37:18.801+0000 7f29b21f1640 20 MonCap allow so far , doing grant allow *
2026-02-13T09:37:18.801+0000 7f29b21f1640 20 MonCap allow all
2026-02-13T09:37:18.801+0000 7f29b21f1640 10 mon.c@2(peon).paxos(paxos active c 1..32) handle_lease on 32 now
2026-02-13T09:37:23.801934+0000
2026-02-13T09:37:18.801+0000 7f29b21f1640 1 -- v2:127.0.0.1:7129/0 --> v2:127.0.0.1:7127/0 -- paxos(lease_ack lc 32 fc 1 pn 0 opn 0) -- 0x3ef6e00 con 0x2cca800
2026-02-13T09:37:18.801+0000 7f29b21f1640 5 --2- v2:127.0.0.1:7129/0 >> v2:127.0.0.1:7127/0 conn(0x2cca800 0x2c94b00 crc :-1 s=READY pgs=43 gs=5 cs=0 l=0 c_cookie=5129778442054626404 s_cookie=12663548890031548523 reconnecting=0 rev1=1 crypto rx=0 tx=0 comp rx=0 tx=0).send_message enqueueing message m=0x3ef6e00 type=66 paxos(lease_ack lc 32 fc 1 pn 0 opn 0)
2026-02-13T09:37:18.801+0000 7f29b21f1640 15 --2- v2:127.0.0.1:7129/0 >> v2:127.0.0.1:7127/0 conn(0x2cca800 0x2c94b00 crc :-1 s=READY pgs=43 gs=5 cs=0 l=0 c_cookie=5129778442054626404 s_cookie=12663548890031548523 reconnecting=0 rev1=1 crypto rx=0 tx=0 comp rx=0 tx=0).send_message message queued for async transmission m=0x3ef6e00
2026-02-13T09:37:18.801+0000 7f29b21f1640 20 Event(0x2b7abc8 nevent=5000 time_id=5).wakeup
2026-02-13T09:37:18.801+0000 7f29b21f1640 20 mon.c@2(peon).paxos(paxos active c 1..32) reset_lease_timeout - setting timeout event
2026-02-13T09:37:18.801+0000 7f29b21f1640 10 mon.c@2(peon).paxosservice(mdsmap 1..1) _active
2026-02-13T09:37:18.801+0000 7f29b21f1640 7 mon.c@2(peon).paxosservice(mdsmap 1..1) _active we are not the leader, hence we propose nothing!
2026-02-13T09:37:18.801+0000 7f29b21f1640 20 mon.c@2(peon).mds e1 300s
2026-02-13T09:37:18.801+0000 7f29b21f1640 20 mon.c@2(peon).mds e1 oldest epoch in history is 1
2026-02-13T09:37:18.801+0000 7f29b61f9640 10 -- v2:127.0.0.1:7129/0 >> v2:127.0.0.1:7127/0 conn(0x2cca800 msgr2=0x2c94b00 crc :-1 s=STATE_CONNECTION_ESTABLISHED l=0).handle_write
2026-02-13T09:37:18.801+0000 7f29b61f9640 10 --2- v2:127.0.0.1:7129/0 >> v2:127.0.0.1:7127/0 conn(0x2cca800 0x2c94b00 crc :-1 s=READY pgs=43 gs=5 cs=0 l=0 c_cookie=5129778442054626404 s_cookie=12663548890031548523 reconnecting=0 rev1=1 crypto rx=0 tx=0 comp rx=0 tx=0).write_event
2026-02-13T09:37:18.801+0000 7f29b61f9640 20 --2- v2:127.0.0.1:7129/0 >> v2:127.0.0.1:7127/0 conn(0x2cca800 0x2c94b00 crc :-1 s=READY pgs=43 gs=5 cs=0 l=0 c_cookie=5129778442054626404 s_cookie=12663548890031548523 reconnecting=0 rev1=1 crypto rx=0 tx=0 comp rx=0 tx=0).prepare_send_message m=paxos(lease_ack lc 32 fc 1 pn 0 opn 0)
2026-02-13T09:37:18.801+0000 7f29b21f1640 10 mon.c@2(peon).paxosservice(osdmap 1..1) _active
2026-02-13T09:37:18.801+0000 7f29b21f1640 7 mon.c@2(peon).paxosservice(osdmap 1..1) _active we are not the leader, hence we propose nothing!
2026-02-13T09:37:18.801+0000 7f29b61f9640 20 --2- v2:127.0.0.1:7129/0 >> v2:127.0.0.1:7127/0 conn(0x2cca800 0x2c94b00 crc :-1 s=READY pgs=43 gs=5 cs=0 l=0 c_cookie=5129778442054626404 s_cookie=12663548890031548523 reconnecting=0 rev1=1 crypto rx=0 tx=0 comp rx=0 tx=0).prepare_send_message encoding features 4544132024016699391 0x3ef6e00 paxos(lease_ack lc 32 fc 1 pn 0 opn 0)
2026-02-13T09:37:18.801+0000 7f29b21f1640 10 mon.c@2(peon).osd e1 update_logger
2026-02-13T09:37:18.801+0000 7f29b21f1640 10 mon.c@2(peon).osd e1 take_all_failures on 0 osds
2026-02-13T09:37:18.801+0000 7f29b21f1640 10 mon.c@2(peon).osd e1 start_mapping no pools, no mapping job
2026-02-13T09:37:18.801+0000 7f29b21f1640 10 mon.c@2(peon).paxosservice(logm 1..28) _active
2026-02-13T09:37:18.801+0000 7f29b21f1640 7 mon.c@2(peon).paxosservice(logm 1..28) _active we are not the leader, hence we propose nothing!
2026-02-13T09:37:18.801+0000 7f29b21f1640 10 mon.c@2(peon).paxosservice(monmap 1..2) _active
2026-02-13T09:37:18.801+0000 7f29b21f1640 7 mon.c@2(peon).paxosservice(monmap 1..2) _active we are not the leader, hence we propose nothing!
2026-02-13T09:37:18.801+0000 7f29b21f1640 10 mon.c@2(peon).monmap v2 noting that i was, once, part of an active quorum.
2026-02-13T09:37:18.801+0000 7f29b61f9640 2 --2- v2:127.0.0.1:7129/0 >> v2:127.0.0.1:7127/0 conn(0x2cca800 0x2c94b00 crc :-1 s=READY pgs=43 gs=5 cs=0 l=0 c_cookie=5129778442054626404 s_cookie=12663548890031548523 reconnecting=0 rev1=1 crypto rx=0 tx=0 comp rx=0 tx=0).write_message sending message m=0x3ef6e00 seq=32 paxos(lease_ack lc 32 fc 1 pn 0 opn 0)
2026-02-13T09:37:18.801+0000 7f29b61f9640 20 --2- v2:127.0.0.1:7129/0 >> v2:127.0.0.1:7127/0 conn(0x2cca800 0x2c94b00 crc :-1 s=READY pgs=43 gs=5 cs=0 l=0 c_cookie=5129778442054626404 s_cookie=12663548890031548523 reconnecting=0 rev1=1 crypto rx=0 tx=0 comp rx=0 tx=0).write_message sending m=0x3ef6e00 seq=32 src=mon.2 off=0
2026-02-13T09:37:18.801+0000 7f29b61f9640 10 -- v2:127.0.0.1:7129/0 >> v2:127.0.0.1:7127/0 conn(0x2cca800 msgr2=0x2c94b00 crc :-1 s=STATE_CONNECTION_ESTABLISHED l=0)._try_send sent bytes 208 remaining bytes 0
2026-02-13T09:37:18.801+0000 7f29b61f9640 10 --2- v2:127.0.0.1:7129/0 >> v2:127.0.0.1:7127/0 conn(0x2cca800 0x2c94b00 crc :-1 s=READY pgs=43 gs=5 cs=0 l=0 c_cookie=5129778442054626404 s_cookie=12663548890031548523 reconnecting=0 rev1=1 crypto rx=0 tx=0 comp rx=0 tx=0).write_message sending 0x3ef6e00 done.
2026-02-13T09:37:18.801+0000 7f29b61f9640 20 -- v2:127.0.0.1:7129/0 >> v2:127.0.0.1:7127/0 conn(0x2cca800 msgr2=0x2c94b00 crc :-1 s=STATE_CONNECTION_ESTABLISHED l=0).process
2026-02-13T09:37:18.801+0000 7f29b61f9640 20 -- v2:127.0.0.1:7129/0 >> v2:127.0.0.1:7127/0 conn(0x2cca800 msgr2=0x2c94b00 crc :-1 s=STATE_CONNECTION_ESTABLISHED l=0).read continue len=32
2026-02-13T09:37:18.801+0000 7f29b61f9640 20 --2- v2:127.0.0.1:7129/0 >> v2:127.0.0.1:7127/0 conn(0x2cca800 0x2c94b00 crc :-1 s=READY pgs=43 gs=5 cs=0 l=0 c_cookie=5129778442054626404 s_cookie=12663548890031548523 reconnecting=0 rev1=1 crypto rx=0 tx=0 comp rx=0 tx=0).handle_read_frame_preamble_main r=0
2026-02-13T09:37:18.801+0000 7f29b61f9640 20 --2- v2:127.0.0.1:7129/0 >> v2:127.0.0.1:7127/0 conn(0x2cca800 0x2c94b00 crc :-1 s=READY pgs=43 gs=5 cs=0 l=0 c_cookie=5129778442054626404 s_cookie=12663548890031548523 reconnecting=0 rev1=1 crypto rx=0 tx=0 comp rx=0 tx=0).read_frame_segment seg_idx=0
2026-02-13T09:37:18.801+0000 7f29b61f9640 20 -- v2:127.0.0.1:7129/0 >> v2:127.0.0.1:7127/0 conn(0x2cca800 msgr2=0x2c94b00 crc :-1 s=STATE_CONNECTION_ESTABLISHED l=0).read start len=12
2026-02-13T09:37:18.801+0000 7f29b61f9640 20 --2- v2:127.0.0.1:7129/0 >> v2:127.0.0.1:7127/0 conn(0x2cca800 0x2c94b00 crc :-1 s=READY pgs=43 gs=5 cs=0 l=0 c_cookie=5129778442054626404 s_cookie=12663548890031548523 reconnecting=0 rev1=1 crypto rx=0 tx=0 comp rx=0 tx=0).handle_read_frame_segment r=0
2026-02-13T09:37:18.801+0000 7f29b61f9640 10 --2- v2:127.0.0.1:7129/0 >> v2:127.0.0.1:7127/0 conn(0x2cca800 0x2c94b00 crc :-1 s=READY pgs=43 gs=5 cs=0 l=0 c_cookie=5129778442054626404 s_cookie=12663548890031548523 reconnecting=0 rev1=1 crypto rx=0 tx=0 comp rx=0 tx=0).handle_read_frame_dispatch tag=20
2026-02-13T09:37:18.801+0000 7f29b61f9640 20 --2- v2:127.0.0.1:7129/0 >> v2:127.0.0.1:7127/0 conn(0x2cca800 0x2c94b00 crc :-1 s=READY pgs=43 gs=5 cs=0 l=0 c_cookie=5129778442054626404 s_cookie=12663548890031548523 reconnecting=0 rev1=1 crypto rx=0 tx=0 comp rx=0 tx=0).handle_message_ack payload.length()=8
2026-02-13T09:37:18.801+0000 7f29b21f1640 5 mon.c@2(peon).monmap v2 apply_mon_features wait for service to be writeable
2026-02-13T09:37:18.801+0000 7f29b61f9640 15 --2- v2:127.0.0.1:7129/0 >> v2:127.0.0.1:7127/0 conn(0x2cca800 0x2c94b00 crc :-1 s=READY pgs=43 gs=5 cs=0 l=0 c_cookie=5129778442054626404 s_cookie=12663548890031548523 reconnecting=0 rev1=1 crypto rx=0 tx=0 comp rx=0 tx=0).handle_message_ack seq=32
2026-02-13T09:37:18.801+0000 7f29b61f9640 10 --2- v2:127.0.0.1:7129/0 >> v2:127.0.0.1:7127/0 conn(0x2cca800 0x2c94b00 crc :-1 s=READY pgs=43 gs=5 cs=0 l=0 c_cookie=5129778442054626404 s_cookie=12663548890031548523 reconnecting=0 rev1=1 crypto rx=0 tx=0 comp rx=0 tx=0).handle_message_ack got ack seq 32 >= 32 on 0x3ef6e00 paxos(lease_ack lc 32 fc 1 pn 0 opn 0)
2026-02-13T09:37:18.801+0000 7f29b61f9640 20 --2- v2:127.0.0.1:7129/0 >> v2:127.0.0.1:7127/0 conn(0x2cca800 0x2c94b00 crc :-1 s=READY pgs=43 gs=5 cs=0 l=0 c_cookie=5129778442054626404 s_cookie=12663548890031548523 reconnecting=0 rev1=1 crypto rx=0 tx=0 comp rx=0 tx=0).read_frame
2026-02-13T09:37:18.801+0000 7f29b61f9640 20 -- v2:127.0.0.1:7129/0 >> v2:127.0.0.1:7127/0 conn(0x2cca800 msgr2=0x2c94b00 crc :-1 s=STATE_CONNECTION_ESTABLISHED l=0).read start len=32
2026-02-13T09:37:18.801+0000 7f29b21f1640 1 mgrc update_daemon_metadata mon.c metadata {addrs=v2:127.0.0.1:7129/0,arch=x86_64,ceph_release=tentacle,ceph_version=ceph version 20.3.0-5225-g03ef619e (03ef619e79a56cd363b087a5c6f19a1a09b49040) tentacle (dev - RelWithDebInfo),ceph_version_short=20.3.0-5225-g03ef619e,ceph_version_when_created=ceph version 20.3.0-5225-g03ef619e (03ef619e79a56cd363b087a5c6f19a1a09b49040) tentacle (dev - RelWithDebInfo),compression_algorithms=none, snappy, zlib, zstd, lz4,cpu=AMD EPYC 4464P 12-Core Processor,created_at=2026-02-13T09:37:02.464773Z,device_ids=nvme0n1=Micron_7450_MTFDKBA960TFR_25174FCD4592,device_paths=nvme0n1=/dev/disk/by-path/pci-0000:02:00.0-nvme-1,devices=nvme0n1,distro=centos,distro_description=CentOS Stream 9,distro_version=9,hostname=trial096,kernel_description=#1 SMP PREEMPT_DYNAMIC Fri Feb 6 13:57:07 UTC 2026,kernel_version=5.14.0-677.el9.x86_64,mem_swap_kb=8388604,mem_total_kb=130438944,os=Linux}
2026-02-13T09:37:18.801+0000 7f29b21f1640 10 mon.c@2(peon).paxosservice(auth 1..2) _active
2026-02-13T09:37:18.801+0000 7f29b21f1640 7 mon.c@2(peon).paxosservice(auth 1..2) _active we are not the leader, hence we propose nothing!
2026-02-13T09:37:18.801+0000 7f29b21f1640 10 mon.c@2(peon).auth v2 AuthMonitor::on_active()
2026-02-13T09:37:18.801+0000 7f29b21f1640 10 mon.c@2(peon).paxosservice(mgr 1..1) _active
2026-02-13T09:37:18.801+0000 7f29b21f1640 7 mon.c@2(peon).paxosservice(mgr 1..1) _active we are not the leader, hence we propose nothing!
2026-02-13T09:37:18.801+0000 7f29b21f1640 10 mon.c@2(peon).paxosservice(mgrstat 1..1) _active
2026-02-13T09:37:18.801+0000 7f29b21f1640 7 mon.c@2(peon).paxosservice(mgrstat 1..1) _active we are not the leader, hence we propose nothing!
2026-02-13T09:37:18.801+0000 7f29b21f1640 20 mon.c@2(peon).mgrstat update_logger
2026-02-13T09:37:18.801+0000 7f29b21f1640 10 mon.c@2(peon).paxosservice(health 1..1) _active
2026-02-13T09:37:18.801+0000 7f29b21f1640 7 mon.c@2(peon).paxosservice(health 1..1) _active we are not the leader, hence we propose nothing!
2026-02-13T09:37:18.801+0000 7f29b21f1640 10 mon.c@2(peon).paxosservice(config 1..1) _active
2026-02-13T09:37:18.801+0000 7f29b21f1640 7 mon.c@2(peon).paxosservice(config 1..1) _active we are not the leader, hence we propose nothing!
2026-02-13T09:37:18.801+0000 7f29b21f1640 10 mon.c@2(peon).paxosservice(kv 1..1) _active
2026-02-13T09:37:18.801+0000 7f29b21f1640 7 mon.c@2(peon).paxosservice(kv 1..1) _active we are not the leader, hence we propose nothing!
2026-02-13T09:37:18.801+0000 7f29b21f1640 10 mon.c@2(peon).paxosservice(nvmeofgw 1..1) _active
2026-02-13T09:37:18.801+0000 7f29b21f1640 7 mon.c@2(peon).paxosservice(nvmeofgw 1..1) _active we are not the leader, hence we propose nothing!
2026-02-13T09:37:18.801+0000 7f29b21f1640 5 mon.c@2(peon).paxos(paxos active c 1..32) is_readable = 1 - now=2026-02-13T09:37:18.803160+0000 lease_expire=2026-02-13T09:37:23.801934+0000 has v0 lc 32
2026-02-13T09:37:18.801+0000 7f29b21f1640 10 mon.c@2(peon).paxosservice(logm 1..28) dispatch 0x3ed61c0 log(1 entries from seq 1 at
2026-02-13T09:37:13.919446+0000) from mon.2 v2:127.0.0.1:7129/0 con 0x2bc1c00
2026-02-13T09:37:18.801+0000 7f29b21f1640 5 mon.c@2(peon).paxos(paxos active c 1..32) is_readable = 1 - now=2026-02-13T09:37:18.803164+0000 lease_expire=2026-02-13T09:37:23.801934+0000 has v0 lc 32
2026-02-13T09:37:18.801+0000 7f29b21f1640 10 mon.c@2(peon).log v28 preprocess_query log(1 entries from seq 1 at
2026-02-13T09:37:13.919446+0000) from mon.2 v2:127.0.0.1:7129/0
2026-02-13T09:37:18.801+0000 7f29b21f1640 10 mon.c@2(peon).log v28 preprocess_log log(1 entries from seq 1 at
2026-02-13T09:37:13.919446+0000) from mon.2
2026-02-13T09:37:18.801+0000 7f29b21f1640 20 MonCap is_capable service=log command= write addr - on cap allow *
2026-02-13T09:37:18.801+0000 7f29b21f1640 20 MonCap allow so far , doing grant allow *
2026-02-13T09:37:18.801+0000 7f29b21f1640 20 MonCap allow all
2026-02-13T09:37:18.801+0000 7f29b21f1640 10 mon.c@2(peon) e2 no_reply to mon.2 v2:127.0.0.1:7129/0 log(1 entries from seq 1 at
2026-02-13T09:37:13.919446+0000)
2026-02-13T09:37:18.801+0000 7f29b21f1640 10 mon.c@2(peon) e2 forward_request 1 request log(1 entries from seq 1 at
2026-02-13T09:37:13.919446+0000) features 4544132024016699391
2026-02-13T09:37:18.801+0000 7f29b21f1640 1 -- v2:127.0.0.1:7129/0 send_to--> mon v2:127.0.0.1:7127/0 -- forward(log(1 entries from seq 1 at
2026-02-13T09:37:13.919446+0000) caps allow * tid 1 con_features 4544132024016699391) -- ?+0 0x3b47d40
2026-02-13T09:37:18.801+0000 7f29b21f1640 10 -- v2:127.0.0.1:7129/0 connect_to v2:127.0.0.1:7127/0 existing 0x2cca800
2026-02-13T09:37:18.801+0000 7f29b21f1640 1 -- v2:127.0.0.1:7129/0 --> v2:127.0.0.1:7127/0 -- forward(log(1 entries from seq 1 at
2026-02-13T09:37:13.919446+0000) caps allow * tid 1 con_features 4544132024016699391) -- 0x3b47d40 con 0x2cca800
2026-02-13T09:37:18.801+0000 7f29b21f1640 5 --2- v2:127.0.0.1:7129/0 >> v2:127.0.0.1:7127/0 conn(0x2cca800 0x2c94b00 crc :-1 s=READY pgs=43 gs=5 cs=0 l=0 c_cookie=5129778442054626404 s_cookie=12663548890031548523 reconnecting=0 rev1=1 crypto rx=0 tx=0 comp rx=0 tx=0).send_message enqueueing message m=0x3b47d40 type=46 forward(log(1 entries from seq 1 at
2026-02-13T09:37:13.919446+0000) caps allow * tid 1 con_features 4544132024016699391)
2026-02-13T09:37:18.801+0000 7f29b21f1640 15 --2- v2:127.0.0.1:7129/0 >> v2:127.0.0.1:7127/0 conn(0x2cca800 0x2c94b00 crc :-1 s=READY pgs=43 gs=5 cs=0 l=0 c_cookie=5129778442054626404 s_cookie=12663548890031548523 reconnecting=0 rev1=1 crypto rx=0 tx=0 comp rx=0 tx=0).send_message message queued for async transmission m=0x3b47d40
2026-02-13T09:37:18.801+0000 7f29b21f1640 20 Event(0x2b7abc8 nevent=5000 time_id=5).wakeup
2026-02-13T09:37:18.801+0000 7f29b21f1640 10 -- v2:127.0.0.1:7129/0 dispatch_throttle_release 84 to dispatch throttler 84/104857600
2026-02-13T09:37:18.801+0000 7f29b21f1640 20 -- v2:127.0.0.1:7129/0 done calling dispatch on 0x3ef6c00
2026-02-13T09:37:18.801+0000 7f29b61f9640 10 -- v2:127.0.0.1:7129/0 >> v2:127.0.0.1:7127/0 conn(0x2cca800 msgr2=0x2c94b00 crc :-1 s=STATE_CONNECTION_ESTABLISHED l=0).handle_write
2026-02-13T09:37:18.801+0000 7f29b61f9640 10 --2- v2:127.0.0.1:7129/0 >> v2:127.0.0.1:7127/0 conn(0x2cca800 0x2c94b00 crc :-1 s=READY pgs=43 gs=5 cs=0 l=0 c_cookie=5129778442054626404 s_cookie=12663548890031548523 reconnecting=0 rev1=1 crypto rx=0 tx=0 comp rx=0 tx=0).write_event
2026-02-13T09:37:18.801+0000 7f29b61f9640 20 --2- v2:127.0.0.1:7129/0 >> v2:127.0.0.1:7127/0 conn(0x2cca800 0x2c94b00 crc :-1 s=READY pgs=43 gs=5 cs=0 l=0 c_cookie=5129778442054626404 s_cookie=12663548890031548523 reconnecting=0 rev1=1 crypto rx=0 tx=0 comp rx=0 tx=0).prepare_send_message m=forward(log(1 entries from seq 1 at
2026-02-13T09:37:13.919446+0000) caps allow * tid 1 con_features 4544132024016699391)
2026-02-13T09:37:18.801+0000 7f29b61f9640 20 --2- v2:127.0.0.1:7129/0 >> v2:127.0.0.1:7127/0 conn(0x2cca800 0x2c94b00 crc :-1 s=READY pgs=43 gs=5 cs=0 l=0 c_cookie=5129778442054626404 s_cookie=12663548890031548523 reconnecting=0 rev1=1 crypto rx=0 tx=0 comp rx=0 tx=0).prepare_send_message encoding features 4544132024016699391 0x3b47d40 forward(log(1 entries from seq 1 at
2026-02-13T09:37:13.919446+0000) caps allow * tid 1 con_features 4544132024016699391)
2026-02-13T09:37:18.801+0000 7f29b61f9640 2 --2- v2:127.0.0.1:7129/0 >> v2:127.0.0.1:7127/0 conn(0x2cca800 0x2c94b00 crc :-1 s=READY pgs=43 gs=5 cs=0 l=0 c_cookie=5129778442054626404 s_cookie=12663548890031548523 reconnecting=0 rev1=1 crypto rx=0 tx=0 comp rx=0 tx=0).write_message sending message m=0x3b47d40 seq=33 forward(log(1 entries from seq 1 at
2026-02-13T09:37:13.919446+0000) caps allow * tid 1 con_features 4544132024016699391)
2026-02-13T09:37:18.801+0000 7f29b61f9640 20 --2- v2:127.0.0.1:7129/0 >> v2:127.0.0.1:7127/0 conn(0x2cca800 0x2c94b00 crc :-1 s=READY pgs=43 gs=5 cs=0 l=0 c_cookie=5129778442054626404 s_cookie=12663548890031548523 reconnecting=0 rev1=1 crypto rx=0 tx=0 comp rx=0 tx=0).write_message sending m=0x3b47d40 seq=33 src=mon.2 off=0
2026-02-13T09:37:18.801+0000 7f29b61f9640 10 -- v2:127.0.0.1:7129/0 >> v2:127.0.0.1:7127/0 conn(0x2cca800 msgr2=0x2c94b00 crc :-1 s=STATE_CONNECTION_ESTABLISHED l=0)._try_send sent bytes 462 remaining bytes 0
2026-02-13T09:37:18.801+0000 7f29b61f9640 10 --2- v2:127.0.0.1:7129/0 >> v2:127.0.0.1:7127/0 conn(0x2cca800 0x2c94b00 crc :-1 s=READY pgs=43 gs=5 cs=0 l=0 c_cookie=5129778442054626404 s_cookie=12663548890031548523 reconnecting=0 rev1=1 crypto rx=0 tx=0 comp rx=0 tx=0).write_message sending 0x3b47d40 done.
2026-02-13T09:37:18.802+0000 7f29b61f9640 20 -- v2:127.0.0.1:7129/0 >> v2:127.0.0.1:7127/0 conn(0x2cca800 msgr2=0x2c94b00 crc :-1 s=STATE_CONNECTION_ESTABLISHED l=0).process
2026-02-13T09:37:18.802+0000 7f29b61f9640 20 -- v2:127.0.0.1:7129/0 >> v2:127.0.0.1:7127/0 conn(0x2cca800 msgr2=0x2c94b00 crc :-1 s=STATE_CONNECTION_ESTABLISHED l=0).read continue len=32
2026-02-13T09:37:18.802+0000 7f29b61f9640 20 --2- v2:127.0.0.1:7129/0 >> v2:127.0.0.1:7127/0 conn(0x2cca800 0x2c94b00 crc :-1 s=READY pgs=43 gs=5 cs=0 l=0 c_cookie=5129778442054626404 s_cookie=12663548890031548523 reconnecting=0 rev1=1 crypto rx=0 tx=0 comp rx=0 tx=0).handle_read_frame_preamble_main r=0
2026-02-13T09:37:18.802+0000 7f29b61f9640 20 --2- v2:127.0.0.1:7129/0 >> v2:127.0.0.1:7127/0 conn(0x2cca800 0x2c94b00 crc :-1 s=READY pgs=43 gs=5 cs=0 l=0 c_cookie=5129778442054626404 s_cookie=12663548890031548523 reconnecting=0 rev1=1 crypto rx=0 tx=0 comp rx=0 tx=0).read_frame_segment seg_idx=0
2026-02-13T09:37:18.802+0000 7f29b61f9640 20 -- v2:127.0.0.1:7129/0 >> v2:127.0.0.1:7127/0 conn(0x2cca800 msgr2=0x2c94b00 crc :-1 s=STATE_CONNECTION_ESTABLISHED l=0).read start len=12
2026-02-13T09:37:18.802+0000 7f29b61f9640 20 --2- v2:127.0.0.1:7129/0 >> v2:127.0.0.1:7127/0 conn(0x2cca800 0x2c94b00 crc :-1 s=READY pgs=43 gs=5 cs=0 l=0 c_cookie=5129778442054626404 s_cookie=12663548890031548523 reconnecting=0 rev1=1 crypto rx=0 tx=0 comp rx=0 tx=0).handle_read_frame_segment r=0
2026-02-13T09:37:18.802+0000 7f29b61f9640 10 --2- v2:127.0.0.1:7129/0 >> v2:127.0.0.1:7127/0 conn(0x2cca800 0x2c94b00 crc :-1 s=READY pgs=43 gs=5 cs=0 l=0 c_cookie=5129778442054626404 s_cookie=12663548890031548523 reconnecting=0 rev1=1 crypto rx=0 tx=0 comp rx=0 tx=0).handle_read_frame_dispatch tag=20
