2026-02-17T00:35:00.295+0000 7f6767df6640 15 --2- v2:127.0.0.1:7127/0 >> v2:127.0.0.1:7128/0 conn(0x32f6800 0x32c0b00 crc :-1 s=READY pgs=4 gs=4 cs=0 l=0 c_cookie=18038808035868614088 s_cookie=11510937752390796259 reconnecting=0 rev1=1 crypto rx=0 tx=0 comp rx=0 tx=0).send_message message queued for async transmission m=0x41c28c0
2026-02-17T00:35:00.295+0000 7f6767df6640 20 Event(0x31a6bc8 nevent=5000 time_id=5).wakeup
2026-02-17T00:35:00.295+0000 7f6767df6640 10 mon.a@0(leader) e1 timecheck_start_round setting up next event
2026-02-17T00:35:00.295+0000 7f6767df6640 10 mon.a@0(leader) e1 timecheck_reset_event delay 300 rounds_since_clean 0
2026-02-17T00:35:00.295+0000 7f6767df6640 15 mon.a@0(leader) e1 health_tick_start
2026-02-17T00:35:00.295+0000 7f6767df6640 15 mon.a@0(leader) e1 health_tick_stop
2026-02-17T00:35:00.295+0000 7f6767df6640 10 mon.a@0(leader) e1 scrub_event_start
2026-02-17T00:35:00.295+0000 7f67695f9640 10 -- v2:127.0.0.1:7127/0 >> v2:127.0.0.1:7128/0 conn(0x32f6800 msgr2=0x32c0b00 crc :-1 s=STATE_CONNECTION_ESTABLISHED l=0).handle_write
2026-02-17T00:35:00.295+0000 7f67695f9640 10 --2- v2:127.0.0.1:7127/0 >> v2:127.0.0.1:7128/0 conn(0x32f6800 0x32c0b00 crc :-1 s=READY pgs=4 gs=4 cs=0 l=0 c_cookie=18038808035868614088 s_cookie=11510937752390796259 reconnecting=0 rev1=1 crypto rx=0 tx=0 comp rx=0 tx=0).write_event
2026-02-17T00:35:00.295+0000 7f67695f9640 20 --2- v2:127.0.0.1:7127/0 >> v2:127.0.0.1:7128/0 conn(0x32f6800 0x32c0b00 crc :-1 s=READY pgs=4 gs=4 cs=0 l=0 c_cookie=18038808035868614088 s_cookie=11510937752390796259 reconnecting=0 rev1=1 crypto rx=0 tx=0 comp rx=0 tx=0).prepare_send_message m=time_check( ping e 4 r 1 )
2026-02-17T00:35:00.295+0000 7f67695f9640 20 --2- v2:127.0.0.1:7127/0 >> v2:127.0.0.1:7128/0 conn(0x32f6800 0x32c0b00 crc :-1 s=READY pgs=4 gs=4 cs=0 l=0 c_cookie=18038808035868614088 s_cookie=11510937752390796259 reconnecting=0 rev1=1 crypto rx=0 tx=0 comp rx=0 tx=0).prepare_send_message encoding features 4544132024016699391 0x41c28c0 time_check( ping e 4 r 1 )
2026-02-17T00:35:00.295+0000 7f67655f1640 20 mon.a@0(leader) e1 _ms_dispatch existing session 0x4171200 for mon.0
2026-02-17T00:35:00.295+0000 7f67655f1640 20 mon.a@0(leader) e1 entity_name global_id 0 (none) caps allow *
2026-02-17T00:35:00.295+0000 7f67695f9640 2 --2- v2:127.0.0.1:7127/0 >> v2:127.0.0.1:7128/0 conn(0x32f6800 0x32c0b00 crc :-1 s=READY pgs=4 gs=4 cs=0 l=0 c_cookie=18038808035868614088 s_cookie=11510937752390796259 reconnecting=0 rev1=1 crypto rx=0 tx=0 comp rx=0 tx=0).write_message sending message m=0x41c28c0 seq=26 time_check( ping e 4 r 1 )
2026-02-17T00:35:00.295+0000 7f67655f1640 10 mon.a@0(leader).paxosservice(logm 0..0) dispatch 0x41c2700 log(1 entries from seq 4 at
2026-02-17T00:35:00.295518+0000) from mon.0 v2:127.0.0.1:7127/0 con 0x31edc00
2026-02-17T00:35:00.295+0000 7f67695f9640 20 --2- v2:127.0.0.1:7127/0 >> v2:127.0.0.1:7128/0 conn(0x32f6800 0x32c0b00 crc :-1 s=READY pgs=4 gs=4 cs=0 l=0 c_cookie=18038808035868614088 s_cookie=11510937752390796259 reconnecting=0 rev1=1 crypto rx=0 tx=0 comp rx=0 tx=0).write_message sending m=0x41c28c0 seq=26 src=mon.0 off=0
2026-02-17T00:35:00.295+0000 7f67655f1640 5 mon.a@0(leader).paxos(paxos recovering c 1..1) is_readable = 0 - now=2026-02-17T00:35:00.295807+0000 lease_expire=1970-01-01T00:00:00.000000+0000 has v0 lc 1
2026-02-17T00:35:00.295+0000 7f67655f1640 10 mon.a@0(leader).paxosservice(logm 0..0) waiting for paxos -> readable (v0)
2026-02-17T00:35:00.295+0000 7f67655f1640 20 -- v2:127.0.0.1:7127/0 done calling dispatch on 0x41c2700
2026-02-17T00:35:00.295+0000 7f67695f9640 10 -- v2:127.0.0.1:7127/0 >> v2:127.0.0.1:7128/0 conn(0x32f6800 msgr2=0x32c0b00 crc :-1 s=STATE_CONNECTION_ESTABLISHED l=0)._try_send sent bytes 126 remaining bytes 0
2026-02-17T00:35:00.295+0000 7f67695f9640 10 --2- v2:127.0.0.1:7127/0 >> v2:127.0.0.1:7128/0 conn(0x32f6800 0x32c0b00 crc :-1 s=READY pgs=4 gs=4 cs=0 l=0 c_cookie=18038808035868614088 s_cookie=11510937752390796259 reconnecting=0 rev1=1 crypto rx=0 tx=0 comp rx=0 tx=0).write_message sending 0x41c28c0 done.
2026-02-17T00:35:00.295+0000 7f67695f9640 20 -- v2:127.0.0.1:7127/0 >> v2:127.0.0.1:7128/0 conn(0x32f6800 msgr2=0x32c0b00 crc :-1 s=STATE_CONNECTION_ESTABLISHED l=0).process
2026-02-17T00:35:00.295+0000 7f67695f9640 20 -- v2:127.0.0.1:7127/0 >> v2:127.0.0.1:7128/0 conn(0x32f6800 msgr2=0x32c0b00 crc :-1 s=STATE_CONNECTION_ESTABLISHED l=0).read continue len=32
2026-02-17T00:35:00.295+0000 7f67695f9640 20 --2- v2:127.0.0.1:7127/0 >> v2:127.0.0.1:7128/0 conn(0x32f6800 0x32c0b00 crc :-1 s=READY pgs=4 gs=4 cs=0 l=0 c_cookie=18038808035868614088 s_cookie=11510937752390796259 reconnecting=0 rev1=1 crypto rx=0 tx=0 comp rx=0 tx=0).handle_read_frame_preamble_main r=0
2026-02-17T00:35:00.295+0000 7f67695f9640 20 --2- v2:127.0.0.1:7127/0 >> v2:127.0.0.1:7128/0 conn(0x32f6800 0x32c0b00 crc :-1 s=READY pgs=4 gs=4 cs=0 l=0 c_cookie=18038808035868614088 s_cookie=11510937752390796259 reconnecting=0 rev1=1 crypto rx=0 tx=0 comp rx=0 tx=0).read_frame_segment seg_idx=0
2026-02-17T00:35:00.295+0000 7f67695f9640 20 -- v2:127.0.0.1:7127/0 >> v2:127.0.0.1:7128/0 conn(0x32f6800 msgr2=0x32c0b00 crc :-1 s=STATE_CONNECTION_ESTABLISHED l=0).read start len=12
2026-02-17T00:35:00.295+0000 7f67695f9640 20 --2- v2:127.0.0.1:7127/0 >> v2:127.0.0.1:7128/0 conn(0x32f6800 0x32c0b00 crc :-1 s=READY pgs=4 gs=4 cs=0 l=0 c_cookie=18038808035868614088 s_cookie=11510937752390796259 reconnecting=0 rev1=1 crypto rx=0 tx=0 comp rx=0 tx=0).handle_read_frame_segment r=0
2026-02-17T00:35:00.295+0000 7f67695f9640 10 --2- v2:127.0.0.1:7127/0 >> v2:127.0.0.1:7128/0 conn(0x32f6800 0x32c0b00 crc :-1 s=READY pgs=4 gs=4 cs=0 l=0 c_cookie=18038808035868614088 s_cookie=11510937752390796259 reconnecting=0 rev1=1 crypto rx=0 tx=0 comp rx=0 tx=0).handle_read_frame_dispatch tag=20
2026-02-17T00:35:00.295+0000 7f67695f9640 20 --2- v2:127.0.0.1:7127/0 >> v2:127.0.0.1:7128/0 conn(0x32f6800 0x32c0b00 crc :-1 s=READY pgs=4 gs=4 cs=0 l=0 c_cookie=18038808035868614088 s_cookie=11510937752390796259 reconnecting=0 rev1=1 crypto rx=0 tx=0 comp rx=0 tx=0).handle_message_ack payload.length()=8
2026-02-17T00:35:00.295+0000 7f67695f9640 15 --2- v2:127.0.0.1:7127/0 >> v2:127.0.0.1:7128/0 conn(0x32f6800 0x32c0b00 crc :-1 s=READY pgs=4 gs=4 cs=0 l=0 c_cookie=18038808035868614088 s_cookie=11510937752390796259 reconnecting=0 rev1=1 crypto rx=0 tx=0 comp rx=0 tx=0).handle_message_ack seq=25
2026-02-17T00:35:00.295+0000 7f67695f9640 10 --2- v2:127.0.0.1:7127/0 >> v2:127.0.0.1:7128/0 conn(0x32f6800 0x32c0b00 crc :-1 s=READY pgs=4 gs=4 cs=0 l=0 c_cookie=18038808035868614088 s_cookie=11510937752390796259 reconnecting=0 rev1=1 crypto rx=0 tx=0 comp rx=0 tx=0).handle_message_ack got ack seq 25 >= 25 on 0x4187e00 paxos(collect lc 1 fc 1 pn 200 opn 0)
2026-02-17T00:35:00.295+0000 7f67695f9640 20 --2- v2:127.0.0.1:7127/0 >> v2:127.0.0.1:7128/0 conn(0x32f6800 0x32c0b00 crc :-1 s=READY pgs=4 gs=4 cs=0 l=0 c_cookie=18038808035868614088 s_cookie=11510937752390796259 reconnecting=0 rev1=1 crypto rx=0 tx=0 comp rx=0 tx=0).read_frame
2026-02-17T00:35:00.295+0000 7f67695f9640 20 -- v2:127.0.0.1:7127/0 >> v2:127.0.0.1:7128/0 conn(0x32f6800 msgr2=0x32c0b00 crc :-1 s=STATE_CONNECTION_ESTABLISHED l=0).read start len=32
2026-02-17T00:35:00.295+0000 7f67695f9640 20 -- v2:127.0.0.1:7127/0 >> v2:127.0.0.1:7128/0 conn(0x32f6800 msgr2=0x32c0b00 crc :-1 s=STATE_CONNECTION_ESTABLISHED l=0).process
2026-02-17T00:35:00.295+0000 7f67695f9640 20 -- v2:127.0.0.1:7127/0 >> v2:127.0.0.1:7128/0 conn(0x32f6800 msgr2=0x32c0b00 crc :-1 s=STATE_CONNECTION_ESTABLISHED l=0).read continue len=32
2026-02-17T00:35:00.295+0000 7f67695f9640 20 --2- v2:127.0.0.1:7127/0 >> v2:127.0.0.1:7128/0 conn(0x32f6800 0x32c0b00 crc :-1 s=READY pgs=4 gs=4 cs=0 l=0 c_cookie=18038808035868614088 s_cookie=11510937752390796259 reconnecting=0 rev1=1 crypto rx=0 tx=0 comp rx=0 tx=0).handle_read_frame_preamble_main r=0
2026-02-17T00:35:00.295+0000 7f67695f9640 20 --2- v2:127.0.0.1:7127/0 >> v2:127.0.0.1:7128/0 conn(0x32f6800 0x32c0b00 crc :-1 s=READY pgs=4 gs=4 cs=0 l=0 c_cookie=18038808035868614088 s_cookie=11510937752390796259 reconnecting=0 rev1=1 crypto rx=0 tx=0 comp rx=0 tx=0).read_frame_segment seg_idx=0
2026-02-17T00:35:00.295+0000 7f67695f9640 20 -- v2:127.0.0.1:7127/0 >> v2:127.0.0.1:7128/0 conn(0x32f6800 msgr2=0x32c0b00 crc :-1 s=STATE_CONNECTION_ESTABLISHED l=0).read start len=12
2026-02-17T00:35:00.295+0000 7f67695f9640 20 --2- v2:127.0.0.1:7127/0 >> v2:127.0.0.1:7128/0 conn(0x32f6800 0x32c0b00 crc :-1 s=READY pgs=4 gs=4 cs=0 l=0 c_cookie=18038808035868614088 s_cookie=11510937752390796259 reconnecting=0 rev1=1 crypto rx=0 tx=0 comp rx=0 tx=0).handle_read_frame_segment r=0
2026-02-17T00:35:00.295+0000 7f67695f9640 10 --2- v2:127.0.0.1:7127/0 >> v2:127.0.0.1:7128/0 conn(0x32f6800 0x32c0b00 crc :-1 s=READY pgs=4 gs=4 cs=0 l=0 c_cookie=18038808035868614088 s_cookie=11510937752390796259 reconnecting=0 rev1=1 crypto rx=0 tx=0 comp rx=0 tx=0).handle_read_frame_dispatch tag=20
2026-02-17T00:35:00.295+0000 7f67695f9640 20 --2- v2:127.0.0.1:7127/0 >> v2:127.0.0.1:7128/0 conn(0x32f6800 0x32c0b00 crc :-1 s=READY pgs=4 gs=4 cs=0 l=0 c_cookie=18038808035868614088 s_cookie=11510937752390796259 reconnecting=0 rev1=1 crypto rx=0 tx=0 comp rx=0 tx=0).handle_message_ack payload.length()=8
2026-02-17T00:35:00.295+0000 7f67695f9640 15 --2- v2:127.0.0.1:7127/0 >> v2:127.0.0.1:7128/0 conn(0x32f6800 0x32c0b00 crc :-1 s=READY pgs=4 gs=4 cs=0 l=0 c_cookie=18038808035868614088 s_cookie=11510937752390796259 reconnecting=0 rev1=1 crypto rx=0 tx=0 comp rx=0 tx=0).handle_message_ack seq=26
2026-02-17T00:35:00.295+0000 7f67695f9640 10 --2- v2:127.0.0.1:7127/0 >> v2:127.0.0.1:7128/0 conn(0x32f6800 0x32c0b00 crc :-1 s=READY pgs=4 gs=4 cs=0 l=0 c_cookie=18038808035868614088 s_cookie=11510937752390796259 reconnecting=0 rev1=1 crypto rx=0 tx=0 comp rx=0 tx=0).handle_message_ack got ack seq 26 >= 26 on 0x41c28c0 time_check( ping e 4 r 1 )
2026-02-17T00:35:00.295+0000 7f67695f9640 20 --2- v2:127.0.0.1:7127/0 >> v2:127.0.0.1:7128/0 conn(0x32f6800 0x32c0b00 crc :-1 s=READY pgs=4 gs=4 cs=0 l=0 c_cookie=18038808035868614088 s_cookie=11510937752390796259 reconnecting=0 rev1=1 crypto rx=0 tx=0 comp rx=0 tx=0).read_frame
2026-02-17T00:35:00.295+0000 7f67695f9640 20 -- v2:127.0.0.1:7127/0 >> v2:127.0.0.1:7128/0 conn(0x32f6800 msgr2=0x32c0b00 crc :-1 s=STATE_CONNECTION_ESTABLISHED l=0).read start len=32
2026-02-17T00:35:00.295+0000 7f67695f9640 20 -- v2:127.0.0.1:7127/0 >> v2:127.0.0.1:7128/0 conn(0x32f6800 msgr2=0x32c0b00 crc :-1 s=STATE_CONNECTION_ESTABLISHED l=0).process
2026-02-17T00:35:00.295+0000 7f67695f9640 20 -- v2:127.0.0.1:7127/0 >> v2:127.0.0.1:7128/0 conn(0x32f6800 msgr2=0x32c0b00 crc :-1 s=STATE_CONNECTION_ESTABLISHED l=0).read continue len=32
2026-02-17T00:35:00.295+0000 7f67695f9640 20 --2- v2:127.0.0.1:7127/0 >> v2:127.0.0.1:7128/0 conn(0x32f6800 0x32c0b00 crc :-1 s=READY pgs=4 gs=4 cs=0 l=0 c_cookie=18038808035868614088 s_cookie=11510937752390796259 reconnecting=0 rev1=1 crypto rx=0 tx=0 comp rx=0 tx=0).handle_read_frame_preamble_main r=0
2026-02-17T00:35:00.295+0000 7f67695f9640 20 --2- v2:127.0.0.1:7127/0 >> v2:127.0.0.1:7128/0 conn(0x32f6800 0x32c0b00 crc :-1 s=THROTTLE_MESSAGE pgs=4 gs=4 cs=0 l=0 c_cookie=18038808035868614088 s_cookie=11510937752390796259 reconnecting=0 rev1=1 crypto rx=0 tx=0 comp rx=0 tx=0).throttle_message
2026-02-17T00:35:00.295+0000 7f67695f9640 20 --2- v2:127.0.0.1:7127/0 >> v2:127.0.0.1:7128/0 conn(0x32f6800 0x32c0b00 crc :-1 s=THROTTLE_BYTES pgs=4 gs=4 cs=0 l=0 c_cookie=18038808035868614088 s_cookie=11510937752390796259 reconnecting=0 rev1=1 crypto rx=0 tx=0 comp rx=0 tx=0).throttle_bytes
2026-02-17T00:35:00.295+0000 7f67695f9640 20 --2- v2:127.0.0.1:7127/0 >> v2:127.0.0.1:7128/0 conn(0x32f6800 0x32c0b00 crc :-1 s=THROTTLE_DISPATCH_QUEUE pgs=4 gs=4 cs=0 l=0 c_cookie=18038808035868614088 s_cookie=11510937752390796259 reconnecting=0 rev1=1 crypto rx=0 tx=0 comp rx=0 tx=0).throttle_dispatch_queue
2026-02-17T00:35:00.295+0000 7f67695f9640 20 --2- v2:127.0.0.1:7127/0 >> v2:127.0.0.1:7128/0 conn(0x32f6800 0x32c0b00 crc :-1 s=THROTTLE_DONE pgs=4 gs=4 cs=0 l=0 c_cookie=18038808035868614088 s_cookie=11510937752390796259 reconnecting=0 rev1=1 crypto rx=0 tx=0 comp rx=0 tx=0).read_frame_segment seg_idx=0
2026-02-17T00:35:00.295+0000 7f67695f9640 20 -- v2:127.0.0.1:7127/0 >> v2:127.0.0.1:7128/0 conn(0x32f6800 msgr2=0x32c0b00 crc :-1 s=STATE_CONNECTION_ESTABLISHED l=0).read start len=45
2026-02-17T00:35:00.295+0000 7f67695f9640 20 --2- v2:127.0.0.1:7127/0 >> v2:127.0.0.1:7128/0 conn(0x32f6800 0x32c0b00 crc :-1 s=THROTTLE_DONE pgs=4 gs=4 cs=0 l=0 c_cookie=18038808035868614088 s_cookie=11510937752390796259 reconnecting=0 rev1=1 crypto rx=0 tx=0 comp rx=0 tx=0).handle_read_frame_segment r=0
2026-02-17T00:35:00.295+0000 7f67695f9640 20 --2- v2:127.0.0.1:7127/0 >> v2:127.0.0.1:7128/0 conn(0x32f6800 0x32c0b00 crc :-1 s=THROTTLE_DONE pgs=4 gs=4 cs=0 l=0 c_cookie=18038808035868614088 s_cookie=11510937752390796259 reconnecting=0 rev1=1 crypto rx=0 tx=0 comp rx=0 tx=0).read_frame_segment seg_idx=1
2026-02-17T00:35:00.295+0000 7f67695f9640 20 -- v2:127.0.0.1:7127/0 >> v2:127.0.0.1:7128/0 conn(0x32f6800 msgr2=0x32c0b00 crc :-1 s=STATE_CONNECTION_ESTABLISHED l=0).read start len=84
2026-02-17T00:35:00.295+0000 7f67695f9640 20 --2- v2:127.0.0.1:7127/0 >> v2:127.0.0.1:7128/0 conn(0x32f6800 0x32c0b00 crc :-1 s=THROTTLE_DONE pgs=4 gs=4 cs=0 l=0 c_cookie=18038808035868614088 s_cookie=11510937752390796259 reconnecting=0 rev1=1 crypto rx=0 tx=0 comp rx=0 tx=0).handle_read_frame_segment r=0
2026-02-17T00:35:00.295+0000 7f67695f9640 20 -- v2:127.0.0.1:7127/0 >> v2:127.0.0.1:7128/0 conn(0x32f6800 msgr2=0x32c0b00 crc :-1 s=STATE_CONNECTION_ESTABLISHED l=0).read start len=13
2026-02-17T00:35:00.295+0000 7f67695f9640 20 --2- v2:127.0.0.1:7127/0 >> v2:127.0.0.1:7128/0 conn(0x32f6800 0x32c0b00 crc :-1 s=THROTTLE_DONE pgs=4 gs=4 cs=0 l=0 c_cookie=18038808035868614088 s_cookie=11510937752390796259 reconnecting=0 rev1=1 crypto rx=0 tx=0 comp rx=0 tx=0).handle_read_frame_epilogue_main r=0
2026-02-17T00:35:00.295+0000 7f67695f9640 10 --2- v2:127.0.0.1:7127/0 >> v2:127.0.0.1:7128/0 conn(0x32f6800 0x32c0b00 crc :-1 s=THROTTLE_DONE pgs=4 gs=4 cs=0 l=0 c_cookie=18038808035868614088 s_cookie=11510937752390796259 reconnecting=0 rev1=1 crypto rx=0 tx=0 comp rx=0 tx=0).handle_read_frame_dispatch tag=17
2026-02-17T00:35:00.295+0000 7f67695f9640 20 --2- v2:127.0.0.1:7127/0 >> v2:127.0.0.1:7128/0 conn(0x32f6800 0x32c0b00 crc :-1 s=THROTTLE_DONE pgs=4 gs=4 cs=0 l=0 c_cookie=18038808035868614088 s_cookie=11510937752390796259 reconnecting=0 rev1=1 crypto rx=0 tx=0 comp rx=0 tx=0).handle_message
2026-02-17T00:35:00.295+0000 7f67695f9640 5 --2- v2:127.0.0.1:7127/0 >> v2:127.0.0.1:7128/0 conn(0x32f6800 0x32c0b00 crc :-1 s=THROTTLE_DONE pgs=4 gs=4 cs=0 l=0 c_cookie=18038808035868614088 s_cookie=11510937752390796259 reconnecting=0 rev1=1 crypto rx=0 tx=0 comp rx=0 tx=0).handle_message got 84 + 0 + 0 byte message. envelope type=66 src mon.1 off 0
2026-02-17T00:35:00.295+0000 7f67695f9640 5 --2- v2:127.0.0.1:7127/0 >> v2:127.0.0.1:7128/0 conn(0x32f6800 0x32c0b00 crc :-1 s=READ_MESSAGE_COMPLETE pgs=4 gs=4 cs=0 l=0 c_cookie=18038808035868614088 s_cookie=11510937752390796259 reconnecting=0 rev1=1 crypto rx=0 tx=0 comp rx=0 tx=0).handle_message received message m=0x4187e00 seq=24 from=mon.1 type=66 paxos(last lc 1 fc 1 pn 200 opn 0)
2026-02-17T00:35:00.295+0000 7f67695f9640 20 -- v2:127.0.0.1:7127/0 queue 0x4187e00 prio 196
2026-02-17T00:35:00.295+0000 7f67695f9640 15 --2- v2:127.0.0.1:7127/0 >> v2:127.0.0.1:7128/0 conn(0x32f6800 0x32c0b00 crc :-1 s=READY pgs=4 gs=4 cs=0 l=0 c_cookie=18038808035868614088 s_cookie=11510937752390796259 reconnecting=0 rev1=1 crypto rx=0 tx=0 comp rx=0 tx=0).handle_message_ack seq=26
2026-02-17T00:35:00.295+0000 7f67695f9640 20 --2- v2:127.0.0.1:7127/0 >> v2:127.0.0.1:7128/0 conn(0x32f6800 0x32c0b00 crc :-1 s=READY pgs=4 gs=4 cs=0 l=0 c_cookie=18038808035868614088 s_cookie=11510937752390796259 reconnecting=0 rev1=1 crypto rx=0 tx=0 comp rx=0 tx=0).read_frame
2026-02-17T00:35:00.295+0000 7f67695f9640 20 -- v2:127.0.0.1:7127/0 >> v2:127.0.0.1:7128/0 conn(0x32f6800 msgr2=0x32c0b00 crc :-1 s=STATE_CONNECTION_ESTABLISHED l=0).read start len=32
2026-02-17T00:35:00.295+0000 7f67695f9640 20 --2- v2:127.0.0.1:7127/0 >> v2:127.0.0.1:7128/0 conn(0x32f6800 0x32c0b00 crc :-1 s=READY pgs=4 gs=4 cs=0 l=0 c_cookie=18038808035868614088 s_cookie=11510937752390796259 reconnecting=0 rev1=1 crypto rx=0 tx=0 comp rx=0 tx=0).handle_read_frame_preamble_main r=0
2026-02-17T00:35:00.295+0000 7f67695f9640 20 --2- v2:127.0.0.1:7127/0 >> v2:127.0.0.1:7128/0 conn(0x32f6800 0x32c0b00 crc :-1 s=THROTTLE_MESSAGE pgs=4 gs=4 cs=0 l=0 c_cookie=18038808035868614088 s_cookie=11510937752390796259 reconnecting=0 rev1=1 crypto rx=0 tx=0 comp rx=0 tx=0).throttle_message
2026-02-17T00:35:00.295+0000 7f67695f9640 20 --2- v2:127.0.0.1:7127/0 >> v2:127.0.0.1:7128/0 conn(0x32f6800 0x32c0b00 crc :-1 s=THROTTLE_BYTES pgs=4 gs=4 cs=0 l=0 c_cookie=18038808035868614088 s_cookie=11510937752390796259 reconnecting=0 rev1=1 crypto rx=0 tx=0 comp rx=0 tx=0).throttle_bytes
2026-02-17T00:35:00.295+0000 7f67695f9640 20 --2- v2:127.0.0.1:7127/0 >> v2:127.0.0.1:7128/0 conn(0x32f6800 0x32c0b00 crc :-1 s=THROTTLE_DISPATCH_QUEUE pgs=4 gs=4 cs=0 l=0 c_cookie=18038808035868614088 s_cookie=11510937752390796259 reconnecting=0 rev1=1 crypto rx=0 tx=0 comp rx=0 tx=0).throttle_dispatch_queue
2026-02-17T00:35:00.295+0000 7f67655f1640 1 -- v2:127.0.0.1:7127/0 <== mon.1 v2:127.0.0.1:7128/0 24 ==== paxos(last lc 1 fc 1 pn 200 opn 0) ==== 84+0+0 (crc 0 0 0) 0x4187e00 con 0x32f6800
2026-02-17T00:35:00.295+0000 7f67695f9640 20 --2- v2:127.0.0.1:7127/0 >> v2:127.0.0.1:7128/0 conn(0x32f6800 0x32c0b00 crc :-1 s=THROTTLE_DONE pgs=4 gs=4 cs=0 l=0 c_cookie=18038808035868614088 s_cookie=11510937752390796259 reconnecting=0 rev1=1 crypto rx=0 tx=0 comp rx=0 tx=0).read_frame_segment seg_idx=0
2026-02-17T00:35:00.295+0000 7f67695f9640 20 -- v2:127.0.0.1:7127/0 >> v2:127.0.0.1:7128/0 conn(0x32f6800 msgr2=0x32c0b00 crc :-1 s=STATE_CONNECTION_ESTABLISHED l=0).read start len=45
2026-02-17T00:35:00.295+0000 7f67655f1640 20 mon.a@0(leader) e1 _ms_dispatch existing session 0x41706c0 for mon.1
2026-02-17T00:35:00.295+0000 7f67655f1640 20 mon.a@0(leader) e1 entity_name global_id 0 (none) caps allow *
2026-02-17T00:35:00.295+0000 7f67695f9640 20 --2- v2:127.0.0.1:7127/0 >> v2:127.0.0.1:7128/0 conn(0x32f6800 0x32c0b00 crc :-1 s=THROTTLE_DONE pgs=4 gs=4 cs=0 l=0 c_cookie=18038808035868614088 s_cookie=11510937752390796259 reconnecting=0 rev1=1 crypto rx=0 tx=0 comp rx=0 tx=0).handle_read_frame_segment r=0
2026-02-17T00:35:00.295+0000 7f67695f9640 20 --2- v2:127.0.0.1:7127/0 >> v2:127.0.0.1:7128/0 conn(0x32f6800 0x32c0b00 crc :-1 s=THROTTLE_DONE pgs=4 gs=4 cs=0 l=0 c_cookie=18038808035868614088 s_cookie=11510937752390796259 reconnecting=0 rev1=1 crypto rx=0 tx=0 comp rx=0 tx=0).read_frame_segment seg_idx=1
2026-02-17T00:35:00.295+0000 7f67655f1640 20 MonCap is_capable service=mon command= read addr v2:127.0.0.1:7128/0 on cap allow *
2026-02-17T00:35:00.295+0000 7f67655f1640 20 MonCap allow so far , doing grant allow *
2026-02-17T00:35:00.295+0000 7f67655f1640 20 MonCap allow all
2026-02-17T00:35:00.295+0000 7f67695f9640 20 -- v2:127.0.0.1:7127/0 >> v2:127.0.0.1:7128/0 conn(0x32f6800 msgr2=0x32c0b00 crc :-1 s=STATE_CONNECTION_ESTABLISHED l=0).read start len=36
2026-02-17T00:35:00.295+0000 7f67655f1640 20 MonCap is_capable service=mon command= exec addr v2:127.0.0.1:7128/0 on cap allow *
2026-02-17T00:35:00.295+0000 7f67655f1640 20 MonCap allow so far , doing grant allow *
2026-02-17T00:35:00.295+0000 7f67695f9640 20 --2- v2:127.0.0.1:7127/0 >> v2:127.0.0.1:7128/0 conn(0x32f6800 0x32c0b00 crc :-1 s=THROTTLE_DONE pgs=4 gs=4 cs=0 l=0 c_cookie=18038808035868614088 s_cookie=11510937752390796259 reconnecting=0 rev1=1 crypto rx=0 tx=0 comp rx=0 tx=0).handle_read_frame_segment r=0
2026-02-17T00:35:00.295+0000 7f67655f1640 20 MonCap allow all
2026-02-17T00:35:00.295+0000 7f67695f9640 20 -- v2:127.0.0.1:7127/0 >> v2:127.0.0.1:7128/0 conn(0x32f6800 msgr2=0x32c0b00 crc :-1 s=STATE_CONNECTION_ESTABLISHED l=0).read start len=13
2026-02-17T00:35:00.295+0000 7f67655f1640 10 mon.a@0(leader).paxos(paxos recovering c 1..1) handle_last paxos(last lc 1 fc 1 pn 200 opn 0)
2026-02-17T00:35:00.295+0000 7f67695f9640 20 --2- v2:127.0.0.1:7127/0 >> v2:127.0.0.1:7128/0 conn(0x32f6800 0x32c0b00 crc :-1 s=THROTTLE_DONE pgs=4 gs=4 cs=0 l=0 c_cookie=18038808035868614088 s_cookie=11510937752390796259 reconnecting=0 rev1=1 crypto rx=0 tx=0 comp rx=0 tx=0).handle_read_frame_epilogue_main r=0
2026-02-17T00:35:00.295+0000 7f67655f1640 10 mon.a@0(leader).paxos(paxos recovering c 1..1) store_state nothing to commit
2026-02-17T00:35:00.295+0000 7f67695f9640 10 --2- v2:127.0.0.1:7127/0 >> v2:127.0.0.1:7128/0 conn(0x32f6800 0x32c0b00 crc :-1 s=THROTTLE_DONE pgs=4 gs=4 cs=0 l=0 c_cookie=18038808035868614088 s_cookie=11510937752390796259 reconnecting=0 rev1=1 crypto rx=0 tx=0 comp rx=0 tx=0).handle_read_frame_dispatch tag=17
2026-02-17T00:35:00.295+0000 7f67655f1640 10 mon.a@0(leader).paxos(paxos recovering c 1..1) they accepted our pn, we now have 2 peons
2026-02-17T00:35:00.295+0000 7f67695f9640 20 --2- v2:127.0.0.1:7127/0 >> v2:127.0.0.1:7128/0 conn(0x32f6800 0x32c0b00 crc :-1 s=THROTTLE_DONE pgs=4 gs=4 cs=0 l=0 c_cookie=18038808035868614088 s_cookie=11510937752390796259 reconnecting=0 rev1=1 crypto rx=0 tx=0 comp rx=0 tx=0).handle_message
2026-02-17T00:35:00.295+0000 7f67695f9640 5 --2- v2:127.0.0.1:7127/0 >> v2:127.0.0.1:7128/0 conn(0x32f6800 0x32c0b00 crc :-1 s=THROTTLE_DONE pgs=4 gs=4 cs=0 l=0 c_cookie=18038808035868614088 s_cookie=11510937752390796259 reconnecting=0 rev1=1 crypto rx=0 tx=0 comp rx=0 tx=0).handle_message got 36 + 0 + 0 byte message. envelope type=1545 src mon.1 off 0
2026-02-17T00:35:00.295+0000 7f67655f1640 10 mon.a@0(leader).paxos(paxos recovering c 1..1) that's everyone. active!
2026-02-17T00:35:00.295+0000 7f67695f9640 5 --2- v2:127.0.0.1:7127/0 >> v2:127.0.0.1:7128/0 conn(0x32f6800 0x32c0b00 crc :-1 s=READ_MESSAGE_COMPLETE pgs=4 gs=4 cs=0 l=0 c_cookie=18038808035868614088 s_cookie=11510937752390796259 reconnecting=0 rev1=1 crypto rx=0 tx=0 comp rx=0 tx=0).handle_message received message m=0x41c28c0 seq=25 from=mon.1 type=1545 time_check( pong e 4 r 1 ts
2026-02-17T00:35:00.296203+0000 )
2026-02-17T00:35:00.295+0000 7f67695f9640 20 -- v2:127.0.0.1:7127/0 queue 0x41c28c0 prio 196
2026-02-17T00:35:00.295+0000 7f67655f1640 7 mon.a@0(leader).paxos(paxos recovering c 1..1) extend_lease now+5 (2026-02-17T00:35:05.296254+0000)
2026-02-17T00:35:00.295+0000 7f67695f9640 15 --2- v2:127.0.0.1:7127/0 >> v2:127.0.0.1:7128/0 conn(0x32f6800 0x32c0b00 crc :-1 s=READY pgs=4 gs=4 cs=0 l=0 c_cookie=18038808035868614088 s_cookie=11510937752390796259 reconnecting=0 rev1=1 crypto rx=0 tx=0 comp rx=0 tx=0).handle_message_ack seq=26
2026-02-17T00:35:00.295+0000 7f67695f9640 20 --2- v2:127.0.0.1:7127/0 >> v2:127.0.0.1:7128/0 conn(0x32f6800 0x32c0b00 crc :-1 s=READY pgs=4 gs=4 cs=0 l=0 c_cookie=18038808035868614088 s_cookie=11510937752390796259 reconnecting=0 rev1=1 crypto rx=0 tx=0 comp rx=0 tx=0).read_frame
2026-02-17T00:35:00.295+0000 7f67695f9640 20 -- v2:127.0.0.1:7127/0 >> v2:127.0.0.1:7128/0 conn(0x32f6800 msgr2=0x32c0b00 crc :-1 s=STATE_CONNECTION_ESTABLISHED l=0).read start len=32
2026-02-17T00:35:00.295+0000 7f67655f1640 1 -- v2:127.0.0.1:7127/0 send_to--> mon v2:127.0.0.1:7128/0 -- paxos(lease lc 1 fc 1 pn 0 opn 0) -- ?+0 0x4187600
2026-02-17T00:35:00.295+0000 7f67695f9640 10 -- v2:127.0.0.1:7127/0 >> v2:127.0.0.1:7128/0 conn(0x32f6800 msgr2=0x32c0b00 crc :-1 s=STATE_CONNECTION_ESTABLISHED l=0).handle_write
2026-02-17T00:35:00.295+0000 7f67655f1640 10 -- v2:127.0.0.1:7127/0 connect_to v2:127.0.0.1:7128/0 existing 0x32f6800
2026-02-17T00:35:00.295+0000 7f67695f9640 10 --2- v2:127.0.0.1:7127/0 >> v2:127.0.0.1:7128/0 conn(0x32f6800 0x32c0b00 crc :-1 s=READY pgs=4 gs=4 cs=0 l=0 c_cookie=18038808035868614088 s_cookie=11510937752390796259 reconnecting=0 rev1=1 crypto rx=0 tx=0 comp rx=0 tx=0).write_event
2026-02-17T00:35:00.295+0000 7f67695f9640 10 --2- v2:127.0.0.1:7127/0 >> v2:127.0.0.1:7128/0 conn(0x32f6800 0x32c0b00 crc :-1 s=READY pgs=4 gs=4 cs=0 l=0 c_cookie=18038808035868614088 s_cookie=11510937752390796259 reconnecting=0 rev1=1 crypto rx=0 tx=0 comp rx=0 tx=0).write_event try send msg ack, acked 2 messages
2026-02-17T00:35:00.295+0000 7f67655f1640 1 -- v2:127.0.0.1:7127/0 --> v2:127.0.0.1:7128/0 -- paxos(lease lc 1 fc 1 pn 0 opn 0) -- 0x4187600 con 0x32f6800
2026-02-17T00:35:00.295+0000 7f67695f9640 10 -- v2:127.0.0.1:7127/0 >> v2:127.0.0.1:7128/0 conn(0x32f6800 msgr2=0x32c0b00 crc :-1 s=STATE_CONNECTION_ESTABLISHED l=0)._try_send sent bytes 44 remaining bytes 0
2026-02-17T00:35:00.295+0000 7f67655f1640 5 --2- v2:127.0.0.1:7127/0 >> v2:127.0.0.1:7128/0 conn(0x32f6800 0x32c0b00 crc :-1 s=READY pgs=4 gs=4 cs=0 l=0 c_cookie=18038808035868614088 s_cookie=11510937752390796259 reconnecting=0 rev1=1 crypto rx=0 tx=0 comp rx=0 tx=0).send_message enqueueing message m=0x4187600 type=66 paxos(lease lc 1 fc 1 pn 0 opn 0)
2026-02-17T00:35:00.295+0000 7f67655f1640 15 --2- v2:127.0.0.1:7127/0 >> v2:127.0.0.1:7128/0 conn(0x32f6800 0x32c0b00 crc :-1 s=READY pgs=4 gs=4 cs=0 l=0 c_cookie=18038808035868614088 s_cookie=11510937752390796259 reconnecting=0 rev1=1 crypto rx=0 tx=0 comp rx=0 tx=0).send_message message queued for async transmission m=0x4187600
2026-02-17T00:35:00.295+0000 7f67655f1640 20 Event(0x31a6bc8 nevent=5000 time_id=5).wakeup
2026-02-17T00:35:00.295+0000 7f67655f1640 10 mon.a@0(leader) e1 refresh_from_paxos
2026-02-17T00:35:00.295+0000 7f67695f9640 10 -- v2:127.0.0.1:7127/0 >> v2:127.0.0.1:7128/0 conn(0x32f6800 msgr2=0x32c0b00 crc :-1 s=STATE_CONNECTION_ESTABLISHED l=0).handle_write
2026-02-17T00:35:00.295+0000 7f67695f9640 10 --2- v2:127.0.0.1:7127/0 >> v2:127.0.0.1:7128/0 conn(0x32f6800 0x32c0b00 crc :-1 s=READY pgs=4 gs=4 cs=0 l=0 c_cookie=18038808035868614088 s_cookie=11510937752390796259 reconnecting=0 rev1=1 crypto rx=0 tx=0 comp rx=0 tx=0).write_event
2026-02-17T00:35:00.295+0000 7f67695f9640 20 --2- v2:127.0.0.1:7127/0 >> v2:127.0.0.1:7128/0 conn(0x32f6800 0x32c0b00 crc :-1 s=READY pgs=4 gs=4 cs=0 l=0 c_cookie=18038808035868614088 s_cookie=11510937752390796259 reconnecting=0 rev1=1 crypto rx=0 tx=0 comp rx=0 tx=0).prepare_send_message m=paxos(lease lc 1 fc 1 pn 0 opn 0)
2026-02-17T00:35:00.295+0000 7f67695f9640 20 --2- v2:127.0.0.1:7127/0 >> v2:127.0.0.1:7128/0 conn(0x32f6800 0x32c0b00 crc :-1 s=READY pgs=4 gs=4 cs=0 l=0 c_cookie=18038808035868614088 s_cookie=11510937752390796259 reconnecting=0 rev1=1 crypto rx=0 tx=0 comp rx=0 tx=0).prepare_send_message encoding features 4544132024016699391 0x4187600 paxos(lease lc 1 fc 1 pn 0 opn 0)
2026-02-17T00:35:00.295+0000 7f67695f9640 2 --2- v2:127.0.0.1:7127/0 >> v2:127.0.0.1:7128/0 conn(0x32f6800 0x32c0b00 crc :-1 s=READY pgs=4 gs=4 cs=0 l=0 c_cookie=18038808035868614088 s_cookie=11510937752390796259 reconnecting=0 rev1=1 crypto rx=0 tx=0 comp rx=0 tx=0).write_message sending message m=0x4187600 seq=27 paxos(lease lc 1 fc 1 pn 0 opn 0)
2026-02-17T00:35:00.295+0000 7f67695f9640 20 --2- v2:127.0.0.1:7127/0 >> v2:127.0.0.1:7128/0 conn(0x32f6800 0x32c0b00 crc :-1 s=READY pgs=4 gs=4 cs=0 l=0 c_cookie=18038808035868614088 s_cookie=11510937752390796259 reconnecting=0 rev1=1 crypto rx=0 tx=0 comp rx=0 tx=0).write_message sending m=0x4187600 seq=27 src=mon.0 off=0
2026-02-17T00:35:00.295+0000 7f67655f1640 10 mon.a@0(leader).paxosservice(mdsmap 0..0) refresh
2026-02-17T00:35:00.295+0000 7f67695f9640 10 -- v2:127.0.0.1:7127/0 >> v2:127.0.0.1:7128/0 conn(0x32f6800 msgr2=0x32c0b00 crc :-1 s=STATE_CONNECTION_ESTABLISHED l=0)._try_send sent bytes 174 remaining bytes 0
2026-02-17T00:35:00.295+0000 7f67655f1640 10 mon.a@0(leader).paxosservice(osdmap 0..0) refresh
2026-02-17T00:35:00.295+0000 7f67695f9640 10 --2- v2:127.0.0.1:7127/0 >> v2:127.0.0.1:7128/0 conn(0x32f6800 0x32c0b00 crc :-1 s=READY pgs=4 gs=4 cs=0 l=0 c_cookie=18038808035868614088 s_cookie=11510937752390796259 reconnecting=0 rev1=1 crypto rx=0 tx=0 comp rx=0 tx=0).write_message sending 0x4187600 done.
2026-02-17T00:35:00.295+0000 7f67655f1640 10 mon.a@0(leader).paxosservice(logm 0..0) refresh
2026-02-17T00:35:00.295+0000 7f67655f1640 10 mon.a@0(leader).log v0 update_from_paxos
2026-02-17T00:35:00.295+0000 7f67655f1640 10 mon.a@0(leader).log v0 update_from_paxos version 0 summary v 0
2026-02-17T00:35:00.295+0000 7f67655f1640 10 mon.a@0(leader).log v0 log_external_backlog initialized external_log_to = 0 (summary v 0)
2026-02-17T00:35:00.295+0000 7f67655f1640 10 mon.a@0(leader).paxosservice(monmap 1..1) refresh
2026-02-17T00:35:00.295+0000 7f67655f1640 10 mon.a@0(leader).paxosservice(auth 0..0) refresh
2026-02-17T00:35:00.295+0000 7f67655f1640 10 mon.a@0(leader).auth v0 update_from_paxos
2026-02-17T00:35:00.295+0000 7f67655f1640 10 mon.a@0(leader).paxosservice(mgr 0..0) refresh
2026-02-17T00:35:00.295+0000 7f67695f9640 20 -- v2:127.0.0.1:7127/0 >> v2:127.0.0.1:7128/0 conn(0x32f6800 msgr2=0x32c0b00 crc :-1 s=STATE_CONNECTION_ESTABLISHED l=0).process
2026-02-17T00:35:00.295+0000 7f67695f9640 20 -- v2:127.0.0.1:7127/0 >> v2:127.0.0.1:7128/0 conn(0x32f6800 msgr2=0x32c0b00 crc :-1 s=STATE_CONNECTION_ESTABLISHED l=0).read continue len=32
2026-02-17T00:35:00.295+0000 7f67695f9640 20 --2- v2:127.0.0.1:7127/0 >> v2:127.0.0.1:7128/0 conn(0x32f6800 0x32c0b00 crc :-1 s=READY pgs=4 gs=4 cs=0 l=0 c_cookie=18038808035868614088 s_cookie=11510937752390796259 reconnecting=0 rev1=1 crypto rx=0 tx=0 comp rx=0 tx=0).handle_read_frame_preamble_main r=0
2026-02-17T00:35:00.295+0000 7f67695f9640 20 --2- v2:127.0.0.1:7127/0 >> v2:127.0.0.1:7128/0 conn(0x32f6800 0x32c0b00 crc :-1 s=READY pgs=4 gs=4 cs=0 l=0 c_cookie=18038808035868614088 s_cookie=11510937752390796259 reconnecting=0 rev1=1 crypto rx=0 tx=0 comp rx=0 tx=0).read_frame_segment seg_idx=0
2026-02-17T00:35:00.295+0000 7f67695f9640 20 -- v2:127.0.0.1:7127/0 >> v2:127.0.0.1:7128/0 conn(0x32f6800 msgr2=0x32c0b00 crc :-1 s=STATE_CONNECTION_ESTABLISHED l=0).read start len=12
2026-02-17T00:35:00.295+0000 7f67695f9640 20 --2- v2:127.0.0.1:7127/0 >> v2:127.0.0.1:7128/0 conn(0x32f6800 0x32c0b00 crc :-1 s=READY pgs=4 gs=4 cs=0 l=0 c_cookie=18038808035868614088 s_cookie=11510937752390796259 reconnecting=0 rev1=1 crypto rx=0 tx=0 comp rx=0 tx=0).handle_read_frame_segment r=0
2026-02-17T00:35:00.295+0000 7f67695f9640 10 --2- v2:127.0.0.1:7127/0 >> v2:127.0.0.1:7128/0 conn(0x32f6800 0x32c0b00 crc :-1 s=READY pgs=4 gs=4 cs=0 l=0 c_cookie=18038808035868614088 s_cookie=11510937752390796259 reconnecting=0 rev1=1 crypto rx=0 tx=0 comp rx=0 tx=0).handle_read_frame_dispatch tag=20
2026-02-17T00:35:00.295+0000 7f67655f1640 10 mon.a@0(leader).config load_config got 0 keys
2026-02-17T00:35:00.295+0000 7f67695f9640 20 --2- v2:127.0.0.1:7127/0 >> v2:127.0.0.1:7128/0 conn(0x32f6800 0x32c0b00 crc :-1 s=READY pgs=4 gs=4 cs=0 l=0 c_cookie=18038808035868614088 s_cookie=11510937752390796259 reconnecting=0 rev1=1 crypto rx=0 tx=0 comp rx=0 tx=0).handle_message_ack payload.length()=8
2026-02-17T00:35:00.295+0000 7f67695f9640 15 --2- v2:127.0.0.1:7127/0 >> v2:127.0.0.1:7128/0 conn(0x32f6800 0x32c0b00 crc :-1 s=READY pgs=4 gs=4 cs=0 l=0 c_cookie=18038808035868614088 s_cookie=11510937752390796259 reconnecting=0 rev1=1 crypto rx=0 tx=0 comp rx=0 tx=0).handle_message_ack seq=27
2026-02-17T00:35:00.295+0000 7f67695f9640 10 --2- v2:127.0.0.1:7127/0 >> v2:127.0.0.1:7128/0 conn(0x32f6800 0x32c0b00 crc :-1 s=READY pgs=4 gs=4 cs=0 l=0 c_cookie=18038808035868614088 s_cookie=11510937752390796259 reconnecting=0 rev1=1 crypto rx=0 tx=0 comp rx=0 tx=0).handle_message_ack got ack seq 27 >= 27 on 0x4187600 paxos(lease lc 1 fc 1 pn 0 opn 0)
2026-02-17T00:35:00.295+0000 7f67695f9640 20 --2- v2:127.0.0.1:7127/0 >> v2:127.0.0.1:7128/0 conn(0x32f6800 0x32c0b00 crc :-1 s=READY pgs=4 gs=4 cs=0 l=0 c_cookie=18038808035868614088 s_cookie=11510937752390796259 reconnecting=0 rev1=1 crypto rx=0 tx=0 comp rx=0 tx=0).read_frame
2026-02-17T00:35:00.295+0000 7f67695f9640 20 -- v2:127.0.0.1:7127/0 >> v2:127.0.0.1:7128/0 conn(0x32f6800 msgr2=0x32c0b00 crc :-1 s=STATE_CONNECTION_ESTABLISHED l=0).read start len=32
2026-02-17T00:35:00.295+0000 7f67695f9640 20 -- v2:127.0.0.1:7127/0 >> v2:127.0.0.1:7128/0 conn(0x32f6800 msgr2=0x32c0b00 crc :-1 s=STATE_CONNECTION_ESTABLISHED l=0).process
2026-02-17T00:35:00.295+0000 7f67695f9640 20 -- v2:127.0.0.1:7127/0 >> v2:127.0.0.1:7128/0 conn(0x32f6800 msgr2=0x32c0b00 crc :-1 s=STATE_CONNECTION_ESTABLISHED l=0).read continue len=32
2026-02-17T00:35:00.295+0000 7f67695f9640 20 --2- v2:127.0.0.1:7127/0 >> v2:127.0.0.1:7128/0 conn(0x32f6800 0x32c0b00 crc :-1 s=READY pgs=4 gs=4 cs=0 l=0 c_cookie=18038808035868614088 s_cookie=11510937752390796259 reconnecting=0 rev1=1 crypto rx=0 tx=0 comp rx=0 tx=0).handle_read_frame_preamble_main r=0
2026-02-17T00:35:00.295+0000 7f67695f9640 20 --2- v2:127.0.0.1:7127/0 >> v2:127.0.0.1:7128/0 conn(0x32f6800 0x32c0b00 crc :-1 s=THROTTLE_MESSAGE pgs=4 gs=4 cs=0 l=0 c_cookie=18038808035868614088 s_cookie=11510937752390796259 reconnecting=0 rev1=1 crypto rx=0 tx=0 comp rx=0 tx=0).throttle_message
2026-02-17T00:35:00.295+0000 7f67695f9640 20 --2- v2:127.0.0.1:7127/0 >> v2:127.0.0.1:7128/0 conn(0x32f6800 0x32c0b00 crc :-1 s=THROTTLE_BYTES pgs=4 gs=4 cs=0 l=0 c_cookie=18038808035868614088 s_cookie=11510937752390796259 reconnecting=0 rev1=1 crypto rx=0 tx=0 comp rx=0 tx=0).throttle_bytes
2026-02-17T00:35:00.295+0000 7f67695f9640 20 --2- v2:127.0.0.1:7127/0 >> v2:127.0.0.1:7128/0 conn(0x32f6800 0x32c0b00 crc :-1 s=THROTTLE_DISPATCH_QUEUE pgs=4 gs=4 cs=0 l=0 c_cookie=18038808035868614088 s_cookie=11510937752390796259 reconnecting=0 rev1=1 crypto rx=0 tx=0 comp rx=0 tx=0).throttle_dispatch_queue
2026-02-17T00:35:00.295+0000 7f67695f9640 20 --2- v2:127.0.0.1:7127/0 >> v2:127.0.0.1:7128/0 conn(0x32f6800 0x32c0b00 crc :-1 s=THROTTLE_DONE pgs=4 gs=4 cs=0 l=0 c_cookie=18038808035868614088 s_cookie=11510937752390796259 reconnecting=0 rev1=1 crypto rx=0 tx=0 comp rx=0 tx=0).read_frame_segment seg_idx=0
2026-02-17T00:35:00.295+0000 7f67695f9640 20 -- v2:127.0.0.1:7127/0 >> v2:127.0.0.1:7128/0 conn(0x32f6800 msgr2=0x32c0b00 crc :-1 s=STATE_CONNECTION_ESTABLISHED l=0).read start len=45
2026-02-17T00:35:00.295+0000 7f67695f9640 20 --2- v2:127.0.0.1:7127/0 >> v2:127.0.0.1:7128/0 conn(0x32f6800 0x32c0b00 crc :-1 s=THROTTLE_DONE pgs=4 gs=4 cs=0 l=0 c_cookie=18038808035868614088 s_cookie=11510937752390796259 reconnecting=0 rev1=1 crypto rx=0 tx=0 comp rx=0 tx=0).handle_read_frame_segment r=0
2026-02-17T00:35:00.295+0000 7f67695f9640 20 --2- v2:127.0.0.1:7127/0 >> v2:127.0.0.1:7128/0 conn(0x32f6800 0x32c0b00 crc :-1 s=THROTTLE_DONE pgs=4 gs=4 cs=0 l=0 c_cookie=18038808035868614088 s_cookie=11510937752390796259 reconnecting=0 rev1=1 crypto rx=0 tx=0 comp rx=0 tx=0).read_frame_segment seg_idx=1
2026-02-17T00:35:00.295+0000 7f67695f9640 20 -- v2:127.0.0.1:7127/0 >> v2:127.0.0.1:7128/0 conn(0x32f6800 msgr2=0x32c0b00 crc :-1 s=STATE_CONNECTION_ESTABLISHED l=0).read start len=118
2026-02-17T00:35:00.295+0000 7f67695f9640 20 --2- v2:127.0.0.1:7127/0 >> v2:127.0.0.1:7128/0 conn(0x32f6800 0x32c0b00 crc :-1 s=THROTTLE_DONE pgs=4 gs=4 cs=0 l=0 c_cookie=18038808035868614088 s_cookie=11510937752390796259 reconnecting=0 rev1=1 crypto rx=0 tx=0 comp rx=0 tx=0).handle_read_frame_segment r=0
2026-02-17T00:35:00.295+0000 7f67695f9640 20 -- v2:127.0.0.1:7127/0 >> v2:127.0.0.1:7128/0 conn(0x32f6800 msgr2=0x32c0b00 crc :-1 s=STATE_CONNECTION_ESTABLISHED l=0).read start len=13
2026-02-17T00:35:00.295+0000 7f67695f9640 20 --2- v2:127.0.0.1:7127/0 >> v2:127.0.0.1:7128/0 conn(0x32f6800 0x32c0b00 crc :-1 s=THROTTLE_DONE pgs=4 gs=4 cs=0 l=0 c_cookie=18038808035868614088 s_cookie=11510937752390796259 reconnecting=0 rev1=1 crypto rx=0 tx=0 comp rx=0 tx=0).handle_read_frame_epilogue_main r=0
2026-02-17T00:35:00.295+0000 7f67695f9640 10 --2- v2:127.0.0.1:7127/0 >> v2:127.0.0.1:7128/0 conn(0x32f6800 0x32c0b00 crc :-1 s=THROTTLE_DONE pgs=4 gs=4 cs=0 l=0 c_cookie=18038808035868614088 s_cookie=11510937752390796259 reconnecting=0 rev1=1 crypto rx=0 tx=0 comp rx=0 tx=0).handle_read_frame_dispatch tag=17
2026-02-17T00:35:00.295+0000 7f67695f9640 20 --2- v2:127.0.0.1:7127/0 >> v2:127.0.0.1:7128/0 conn(0x32f6800 0x32c0b00 crc :-1 s=THROTTLE_DONE pgs=4 gs=4 cs=0 l=0 c_cookie=18038808035868614088 s_cookie=11510937752390796259 reconnecting=0 rev1=1 crypto rx=0 tx=0 comp rx=0 tx=0).handle_message
2026-02-17T00:35:00.295+0000 7f67695f9640 5 --2- v2:127.0.0.1:7127/0 >> v2:127.0.0.1:7128/0 conn(0x32f6800 0x32c0b00 crc :-1 s=THROTTLE_DONE pgs=4 gs=4 cs=0 l=0 c_cookie=18038808035868614088 s_cookie=11510937752390796259 reconnecting=0 rev1=1 crypto rx=0 tx=0 comp rx=0 tx=0).handle_message got 118 + 0 + 0 byte message. envelope type=66 src mon.1 off 0
2026-02-17T00:35:00.295+0000 7f67695f9640 5 --2- v2:127.0.0.1:7127/0 >> v2:127.0.0.1:7128/0 conn(0x32f6800 0x32c0b00 crc :-1 s=READ_MESSAGE_COMPLETE pgs=4 gs=4 cs=0 l=0 c_cookie=18038808035868614088 s_cookie=11510937752390796259 reconnecting=0 rev1=1 crypto rx=0 tx=0 comp rx=0 tx=0).handle_message received message m=0x4187600 seq=26 from=mon.1 type=66 paxos(lease_ack lc 1 fc 1 pn 0 opn 0)
2026-02-17T00:35:00.295+0000 7f67695f9640 20 -- v2:127.0.0.1:7127/0 queue 0x4187600 prio 196
2026-02-17T00:35:00.295+0000 7f67695f9640 15 --2- v2:127.0.0.1:7127/0 >> v2:127.0.0.1:7128/0 conn(0x32f6800 0x32c0b00 crc :-1 s=READY pgs=4 gs=4 cs=0 l=0 c_cookie=18038808035868614088 s_cookie=11510937752390796259 reconnecting=0 rev1=1 crypto rx=0 tx=0 comp rx=0 tx=0).handle_message_ack seq=27
2026-02-17T00:35:00.295+0000 7f67695f9640 20 --2- v2:127.0.0.1:7127/0 >> v2:127.0.0.1:7128/0 conn(0x32f6800 0x32c0b00 crc :-1 s=READY pgs=4 gs=4 cs=0 l=0 c_cookie=18038808035868614088 s_cookie=11510937752390796259 reconnecting=0 rev1=1 crypto rx=0 tx=0 comp rx=0 tx=0).read_frame
2026-02-17T00:35:00.295+0000 7f67695f9640 20 -- v2:127.0.0.1:7127/0 >> v2:127.0.0.1:7128/0 conn(0x32f6800 msgr2=0x32c0b00 crc :-1 s=STATE_CONNECTION_ESTABLISHED l=0).read start len=32
2026-02-17T00:35:00.295+0000 7f67695f9640 10 -- v2:127.0.0.1:7127/0 >> v2:127.0.0.1:7128/0 conn(0x32f6800 msgr2=0x32c0b00 crc :-1 s=STATE_CONNECTION_ESTABLISHED l=0).handle_write
2026-02-17T00:35:00.295+0000 7f67695f9640 10 --2- v2:127.0.0.1:7127/0 >> v2:127.0.0.1:7128/0 conn(0x32f6800 0x32c0b00 crc :-1 s=READY pgs=4 gs=4 cs=0 l=0 c_cookie=18038808035868614088 s_cookie=11510937752390796259 reconnecting=0 rev1=1 crypto rx=0 tx=0 comp rx=0 tx=0).write_event
2026-02-17T00:35:00.295+0000 7f67695f9640 10 --2- v2:127.0.0.1:7127/0 >> v2:127.0.0.1:7128/0 conn(0x32f6800 0x32c0b00 crc :-1 s=READY pgs=4 gs=4 cs=0 l=0 c_cookie=18038808035868614088 s_cookie=11510937752390796259 reconnecting=0 rev1=1 crypto rx=0 tx=0 comp rx=0 tx=0).write_event try send msg ack, acked 1 messages
2026-02-17T00:35:00.295+0000 7f67695f9640 10 -- v2:127.0.0.1:7127/0 >> v2:127.0.0.1:7128/0 conn(0x32f6800 msgr2=0x32c0b00 crc :-1 s=STATE_CONNECTION_ESTABLISHED l=0)._try_send sent bytes 44 remaining bytes 0
2026-02-17T00:35:00.295+0000 7f67655f1640 10 mon.a@0(leader).mgr e0 prime_mgr_client
2026-02-17T00:35:00.295+0000 7f67655f1640 10 mon.a@0(leader).paxosservice(mgrstat 0..0) refresh
2026-02-17T00:35:00.295+0000 7f67655f1640 10 mon.a@0(leader).mgrstat 0
2026-02-17T00:35:00.295+0000 7f67655f1640 10 mon.a@0(leader).mgrstat check_subs
2026-02-17T00:35:00.295+0000 7f67655f1640 20 mon.a@0(leader).mgrstat update_logger
2026-02-17T00:35:00.295+0000 7f67655f1640 20 mon.a@0(leader).osd e0 notify_new_pg_digest
2026-02-17T00:35:00.295+0000 7f67655f1640 20 mon.a@0(leader).mgrstat should_calc_pool_availability
2026-02-17T00:35:00.295+0000 7f67655f1640 20 mon.a@0(leader).mgrstat calc_pool_availability
2026-02-17T00:35:00.295+0000 7f67655f1640 20 mon.a@0(leader).mgrstat calc_pool_availability tracking availability score is disabled
2026-02-17T00:35:00.295+0000 7f67655f1640 10 mon.a@0(leader).paxosservice(health 0..0) refresh
2026-02-17T00:35:00.295+0000 7f67655f1640 10 mon.a@0(leader).health update_from_paxos
2026-02-17T00:35:00.295+0000 7f67655f1640 20 mon.a@0(leader).health dump:{ "quorum_health": {}, "leader_health": {} }
2026-02-17T00:35:00.295+0000 7f67655f1640 10 mon.a@0(leader).paxosservice(config 0..0) refresh
2026-02-17T00:35:00.295+0000 7f67655f1640 10 mon.a@0(leader).paxosservice(kv 0..0) refresh
2026-02-17T00:35:00.295+0000 7f67655f1640 10 mon.a@0(leader).paxosservice(nvmeofgw 0..0) refresh
2026-02-17T00:35:00.295+0000 7f67655f1640 20 nvmeofgw virtual void NVMeofGwMon::update_from_paxos(bool*) has BEACON_DIFF: 1
2026-02-17T00:35:00.295+0000 7f67655f1640 10 mon.a@0(leader).paxosservice(mdsmap 0..0) post_refresh
2026-02-17T00:35:00.295+0000 7f67655f1640 10 mon.a@0(leader).paxosservice(osdmap 0..0) post_refresh
2026-02-17T00:35:00.295+0000 7f67655f1640 10 mon.a@0(leader).paxosservice(logm 0..0) post_refresh
2026-02-17T00:35:00.295+0000 7f67655f1640 10 mon.a@0(leader).paxosservice(monmap 1..1) post_refresh
2026-02-17T00:35:00.295+0000 7f67655f1640 10 mon.a@0(leader).paxosservice(auth 0..0) post_refresh
2026-02-17T00:35:00.295+0000 7f67655f1640 10 mon.a@0(leader).paxosservice(mgr 0..0) post_refresh
2026-02-17T00:35:00.295+0000 7f67655f1640 10 mon.a@0(leader).paxosservice(mgrstat 0..0) post_refresh
2026-02-17T00:35:00.295+0000 7f67655f1640 10 mon.a@0(leader).paxosservice(health 0..0) post_refresh
2026-02-17T00:35:00.295+0000 7f67655f1640 10 mon.a@0(leader).paxosservice(config 0..0) post_refresh
2026-02-17T00:35:00.295+0000 7f67655f1640 10 mon.a@0(leader).paxosservice(kv 0..0) post_refresh
2026-02-17T00:35:00.295+0000 7f67655f1640 10 mon.a@0(leader).paxosservice(nvmeofgw 0..0) post_refresh
2026-02-17T00:35:00.295+0000 7f67655f1640 10 mon.a@0(leader).paxos(paxos recovering c 1..1) finish_round
2026-02-17T00:35:00.295+0000 7f67655f1640 20 mon.a@0(leader).paxos(paxos active c 1..1) finish_round waiting_for_acting
2026-02-17T00:35:00.295+0000 7f67655f1640 10 mon.a@0(leader).paxosservice(monmap 1..1) _active
2026-02-17T00:35:00.295+0000 7f67655f1640 7 mon.a@0(leader).paxosservice(monmap 1..1) _active creating new pending
2026-02-17T00:35:00.295+0000 7f67655f1640 10 mon.a@0(leader).monmap v1 noting that i was, once, part of an active quorum.
2026-02-17T00:35:00.296+0000 7f67655f1640 0 log_channel(cluster) log [DBG] : monmap epoch 1
2026-02-17T00:35:00.296+0000 7f67655f1640 1 -- v2:127.0.0.1:7127/0 --> v2:127.0.0.1:7127/0 -- log(1 entries from seq 5 at
2026-02-17T00:35:00.296793+0000) -- 0x41c2540 con 0x31edc00
2026-02-17T00:35:00.296+0000 7f67655f1640 20 -- v2:127.0.0.1:7127/0 >> v2:127.0.0.1:7127/0 conn(0x31edc00 msgr2=0x3295000 unknown :-1 s=STATE_NONE l=0).send_message log(1 entries from seq 5 at
2026-02-17T00:35:00.296793+0000) local
2026-02-17T00:35:00.296+0000 7f67655f1640 0 log_channel(cluster) log [DBG] : fsid 4e835410-cb7e-42ec-b559-cd6c9cd9e5c6
2026-02-17T00:35:00.296+0000 7f67655f1640 1 -- v2:127.0.0.1:7127/0 --> v2:127.0.0.1:7127/0 -- log(1 entries from seq 6 at
2026-02-17T00:35:00.296803+0000) -- 0x41c2a80 con 0x31edc00
2026-02-17T00:35:00.296+0000 7f67655f1640 20 -- v2:127.0.0.1:7127/0 >> v2:127.0.0.1:7127/0 conn(0x31edc00 msgr2=0x3295000 unknown :-1 s=STATE_NONE l=0).send_message log(1 entries from seq 6 at
2026-02-17T00:35:00.296803+0000) local
2026-02-17T00:35:00.296+0000 7f67655f1640 0 log_channel(cluster) log [DBG] : last_changed
2026-02-17T00:34:50.056332+0000
2026-02-17T00:35:00.296+0000 7f6764df0640 20 -- v2:127.0.0.1:7127/0 queue 0x41c2540 prio 196
2026-02-17T00:35:00.296+0000 7f6764df0640 20 -- v2:127.0.0.1:7127/0 queue 0x41c2a80 prio 196
2026-02-17T00:35:00.296+0000 7f67655f1640 1 -- v2:127.0.0.1:7127/0 --> v2:127.0.0.1:7127/0 -- log(1 entries from seq 7 at
2026-02-17T00:35:00.296808+0000) -- 0x41c2c40 con 0x31edc00
2026-02-17T00:35:00.296+0000 7f67655f1640 20 -- v2:127.0.0.1:7127/0 >> v2:127.0.0.1:7127/0 conn(0x31edc00 msgr2=0x3295000 unknown :-1 s=STATE_NONE l=0).send_message log(1 entries from seq 7 at
2026-02-17T00:35:00.296808+0000) local
2026-02-17T00:35:00.296+0000 7f67655f1640 0 log_channel(cluster) log [DBG] : created
2026-02-17T00:34:50.056332+0000
2026-02-17T00:35:00.296+0000 7f6764df0640 20 -- v2:127.0.0.1:7127/0 queue 0x41c2c40 prio 196
2026-02-17T00:35:00.296+0000 7f67655f1640 1 -- v2:127.0.0.1:7127/0 --> v2:127.0.0.1:7127/0 -- log(1 entries from seq 8 at
2026-02-17T00:35:00.296817+0000) -- 0x41c2e00 con 0x31edc00
2026-02-17T00:35:00.296+0000 7f67655f1640 20 -- v2:127.0.0.1:7127/0 >> v2:127.0.0.1:7127/0 conn(0x31edc00 msgr2=0x3295000 unknown :-1 s=STATE_NONE l=0).send_message log(1 entries from seq 8 at
2026-02-17T00:35:00.296817+0000) local
2026-02-17T00:35:00.296+0000 7f67655f1640 0 log_channel(cluster) log [DBG] : min_mon_release 0 (unknown)
2026-02-17T00:35:00.296+0000 7f67655f1640 1 -- v2:127.0.0.1:7127/0 --> v2:127.0.0.1:7127/0 -- log(1 entries from seq 9 at
2026-02-17T00:35:00.296829+0000) -- 0x41c2fc0 con 0x31edc00
2026-02-17T00:35:00.296+0000 7f6764df0640 20 -- v2:127.0.0.1:7127/0 queue 0x41c2e00 prio 196
2026-02-17T00:35:00.296+0000 7f67655f1640 20 -- v2:127.0.0.1:7127/0 >> v2:127.0.0.1:7127/0 conn(0x31edc00 msgr2=0x3295000 unknown :-1 s=STATE_NONE l=0).send_message log(1 entries from seq 9 at
2026-02-17T00:35:00.296829+0000) local
2026-02-17T00:35:00.296+0000 7f67655f1640 0 log_channel(cluster) log [DBG] : election_strategy: 1
2026-02-17T00:35:00.296+0000 7f6764df0640 20 -- v2:127.0.0.1:7127/0 queue 0x41c2fc0 prio 196
2026-02-17T00:35:00.296+0000 7f67655f1640 1 -- v2:127.0.0.1:7127/0 --> v2:127.0.0.1:7127/0 -- log(1 entries from seq 10 at
2026-02-17T00:35:00.296841+0000) -- 0x41c3180 con 0x31edc00
2026-02-17T00:35:00.296+0000 7f67655f1640 20 -- v2:127.0.0.1:7127/0 >> v2:127.0.0.1:7127/0 conn(0x31edc00 msgr2=0x3295000 unknown :-1 s=STATE_NONE l=0).send_message log(1 entries from seq 10 at
2026-02-17T00:35:00.296841+0000) local
2026-02-17T00:35:00.296+0000 7f67655f1640 0 log_channel(cluster) log [DBG] : 0: v2:127.0.0.1:7127/0 mon.a
2026-02-17T00:35:00.296+0000 7f67655f1640 1 -- v2:127.0.0.1:7127/0 --> v2:127.0.0.1:7127/0 -- log(1 entries from seq 11 at
2026-02-17T00:35:00.296852+0000) -- 0x41c3340 con 0x31edc00
2026-02-17T00:35:00.296+0000 7f67655f1640 20 -- v2:127.0.0.1:7127/0 >> v2:127.0.0.1:7127/0 conn(0x31edc00 msgr2=0x3295000 unknown :-1 s=STATE_NONE l=0).send_message log(1 entries from seq 11 at
2026-02-17T00:35:00.296852+0000) local
2026-02-17T00:35:00.296+0000 7f67655f1640 0 log_channel(cluster) log [DBG] : 1: v2:127.0.0.1:7128/0 mon.b
2026-02-17T00:35:00.296+0000 7f6764df0640 20 -- v2:127.0.0.1:7127/0 queue 0x41c3180 prio 196
2026-02-17T00:35:00.296+0000 7f6764df0640 20 -- v2:127.0.0.1:7127/0 queue 0x41c3340 prio 196
2026-02-17T00:35:00.296+0000 7f67655f1640 1 -- v2:127.0.0.1:7127/0 --> v2:127.0.0.1:7127/0 -- log(1 entries from seq 12 at
2026-02-17T00:35:00.296857+0000) -- 0x41c3500 con 0x31edc00
2026-02-17T00:35:00.296+0000 7f67655f1640 20 -- v2:127.0.0.1:7127/0 >> v2:127.0.0.1:7127/0 conn(0x31edc00 msgr2=0x3295000 unknown :-1 s=STATE_NONE l=0).send_message log(1 entries from seq 12 at
2026-02-17T00:35:00.296857+0000) local
2026-02-17T00:35:00.296+0000 7f67655f1640 0 log_channel(cluster) log [DBG] : 2: v2:127.0.0.1:7129/0 mon.noname-c
2026-02-17T00:35:00.296+0000 7f6764df0640 20 -- v2:127.0.0.1:7127/0 queue 0x41c3500 prio 196
2026-02-17T00:35:00.296+0000 7f67655f1640 1 -- v2:127.0.0.1:7127/0 --> v2:127.0.0.1:7127/0 -- log(1 entries from seq 13 at
2026-02-17T00:35:00.296868+0000) -- 0x41c36c0 con 0x31edc00
2026-02-17T00:35:00.296+0000 7f67655f1640 20 -- v2:127.0.0.1:7127/0 >> v2:127.0.0.1:7127/0 conn(0x31edc00 msgr2=0x3295000 unknown :-1 s=STATE_NONE l=0).send_message log(1 entries from seq 13 at
2026-02-17T00:35:00.296868+0000) local
2026-02-17T00:35:00.296+0000 7f6764df0640 20 -- v2:127.0.0.1:7127/0 queue 0x41c36c0 prio 196
2026-02-17T00:35:00.296+0000 7f67655f1640 10 mon.a@0(leader).paxosservice(mdsmap 0..0) _active
2026-02-17T00:35:00.296+0000 7f67655f1640 7 mon.a@0(leader).paxosservice(mdsmap 0..0) _active creating new pending
2026-02-17T00:35:00.296+0000 7f67655f1640 5 mon.a@0(leader).paxos(paxos active c 1..1) is_readable = 1 - now=2026-02-17T00:35:00.297125+0000 lease_expire=2026-02-17T00:35:05.296254+0000 has v0 lc 1
2026-02-17T00:35:00.296+0000 7f67655f1640 10 mon.a@0(leader).mds e0 create_pending e1
2026-02-17T00:35:00.296+0000 7f67655f1640 10 mon.a@0(leader).mds e0 create_initial
2026-02-17T00:35:00.296+0000 7f67655f1640 10 mon.a@0(leader).paxosservice(mdsmap 0..0) propose_pending
2026-02-17T00:35:00.296+0000 7f67655f1640 10 mon.a@0(leader).mds e0 encode_pending e1
2026-02-17T00:35:00.296+0000 7f67655f1640 10 mon.a@0(leader) e1 log_health updated 0 previous 0
2026-02-17T00:35:00.296+0000 7f67655f1640 5 mon.a@0(leader).paxos(paxos active c 1..1) queue_pending_finisher 0x313ef50
2026-02-17T00:35:00.296+0000 7f67655f1640 10 mon.a@0(leader).paxos(paxos active c 1..1) trigger_propose active, proposing now
2026-02-17T00:35:00.296+0000 7f67655f1640 10 mon.a@0(leader).paxos(paxos active c 1..1) propose_pending 2 2699 bytes
2026-02-17T00:35:00.296+0000 7f67655f1640 10 mon.a@0(leader).paxos(paxos updating c 1..1) begin for 2 2699 bytes
2026-02-17T00:35:00.296+0000 7f67655f1640 10 mon.a@0(leader).paxos(paxos updating c 1..1) sending begin to mon.1
2026-02-17T00:35:00.296+0000 7f67655f1640 1 -- v2:127.0.0.1:7127/0 send_to--> mon v2:127.0.0.1:7128/0 -- paxos(begin lc 1 fc 0 pn 200 opn 0) -- ?+0 0x4187400
2026-02-17T00:35:00.296+0000 7f67655f1640 10 -- v2:127.0.0.1:7127/0 connect_to v2:127.0.0.1:7128/0 existing 0x32f6800
2026-02-17T00:35:00.296+0000 7f67655f1640 1 -- v2:127.0.0.1:7127/0 --> v2:127.0.0.1:7128/0 -- paxos(begin lc 1 fc 0 pn 200 opn 0) -- 0x4187400 con 0x32f6800
