2026-02-17T00:35:00.298+0000 7f67695f9640 20 --2- v2:127.0.0.1:7127/0 >> v2:127.0.0.1:7128/0 conn(0x32f6800 0x32c0b00 crc :-1 s=READY pgs=4 gs=4 cs=0 l=0 c_cookie=18038808035868614088 s_cookie=11510937752390796259 reconnecting=0 rev1=1 crypto rx=0 tx=0 comp rx=0 tx=0).read_frame
2026-02-17T00:35:00.298+0000 7f67695f9640 20 -- v2:127.0.0.1:7127/0 >> v2:127.0.0.1:7128/0 conn(0x32f6800 msgr2=0x32c0b00 crc :-1 s=STATE_CONNECTION_ESTABLISHED l=0).read start len=32
2026-02-17T00:35:00.298+0000 7f6762dec640 10 mon.a@0(leader).osd e1 check_osdmap_subs
2026-02-17T00:35:00.298+0000 7f6762dec640 10 mon.a@0(leader).osd e1 share_map_with_random_osd no up osds, don't share with anyone
2026-02-17T00:35:00.298+0000 7f6762dec640 10 mon.a@0(leader).osd e1 update_logger
2026-02-17T00:35:00.298+0000 7f6762dec640 0 mon.a@0(leader).osd e1 crush map has features 3314932999778484224, adjusting msgr requires
2026-02-17T00:35:00.298+0000 7f6762dec640 0 mon.a@0(leader).osd e1 crush map has features 288514050185494528, adjusting msgr requires
2026-02-17T00:35:00.298+0000 7f6762dec640 0 mon.a@0(leader).osd e1 crush map has features 288514050185494528, adjusting msgr requires
2026-02-17T00:35:00.298+0000 7f6762dec640 0 mon.a@0(leader).osd e1 crush map has features 288514050185494528, adjusting msgr requires
2026-02-17T00:35:00.298+0000 7f6762dec640 20 mon.a@0(leader) e1 try_disable_stretch_mode
2026-02-17T00:35:00.298+0000 7f6762dec640 10 mon.a@0(leader).paxosservice(logm 0..0) refresh
2026-02-17T00:35:00.298+0000 7f6762dec640 10 mon.a@0(leader).log v1 update_from_paxos
2026-02-17T00:35:00.298+0000 7f6762dec640 10 mon.a@0(leader).log v1 update_from_paxos version 1 summary v 0
2026-02-17T00:35:00.298+0000 7f6762dec640 10 mon.a@0(leader).log v1 log_external_backlog initialized external_log_to = 0 (summary v 0)
2026-02-17T00:35:00.298+0000 7f6762dec640 10 mon.a@0(leader).log v1 update_from_paxos latest full 0
2026-02-17T00:35:00.298+0000 7f6762dec640 7 mon.a@0(leader).log v1 update_from_paxos applying incremental log 1
2026-02-17T00:35:00.297366+0000 mon.a (mon.0) 0 : cluster [INF] mkfs 4e835410-cb7e-42ec-b559-cd6c9cd9e5c6
2026-02-17T00:35:00.298+0000 7f6762dec640 10 mon.a@0(leader).log v1 summary.channel_info {}
2026-02-17T00:35:00.299+0000 7f6762dec640 10 mon.a@0(leader).log v1 check_subs
2026-02-17T00:35:00.299+0000 7f6762dec640 10 mon.a@0(leader).paxosservice(monmap 1..1) refresh
2026-02-17T00:35:00.299+0000 7f6762dec640 10 mon.a@0(leader).paxosservice(auth 0..0) refresh
2026-02-17T00:35:00.299+0000 7f6762dec640 1 mon.a@0(leader).paxosservice(auth 1..1) refresh upgraded, format 0 -> 3
2026-02-17T00:35:00.299+0000 7f6762dec640 10 mon.a@0(leader).auth v1 update_from_paxos
2026-02-17T00:35:00.299+0000 7f6762dec640 10 mon.a@0(leader).auth v1 update_from_paxos version 1 keys ver 0 latest 0
2026-02-17T00:35:00.299+0000 7f6762dec640 10 mon.a@0(leader).auth v1 update_from_paxos key server version 0
2026-02-17T00:35:00.299+0000 7f6762dec640 20 mon.a@0(leader).auth v1 update_from_paxos walking through version 1 len 819
2026-02-17T00:35:00.299+0000 7f6762dec640 10 mon.a@0(leader).auth v1 update_from_paxos last_allocated_id initialized to 4096
2026-02-17T00:35:00.299+0000 7f6762dec640 10 mon.a@0(leader).auth v1 update_from_paxos max_global_id=4096 format_version 3
2026-02-17T00:35:00.299+0000 7f6762dec640 10 mon.a@0(leader).paxosservice(mgr 0..0) refresh
2026-02-17T00:35:00.299+0000 7f6762dec640 4 mon.a@0(leader).mgr e0 loading version 1
2026-02-17T00:35:00.299+0000 7f6762dec640 4 mon.a@0(leader).mgr e1 active server: (0)
2026-02-17T00:35:00.299+0000 7f6762dec640 4 mon.a@0(leader).mgr e1 mkfs or daemon transitioned to available, loading commands
2026-02-17T00:35:00.299+0000 7f6762dec640 10 mon.a@0(leader).config load_config got 0 keys
2026-02-17T00:35:00.299+0000 7f6762dec640 10 mon.a@0(leader).mgr e1 prime_mgr_client
2026-02-17T00:35:00.299+0000 7f6762dec640 10 mon.a@0(leader).paxosservice(mgrstat 0..0) refresh
2026-02-17T00:35:00.299+0000 7f6762dec640 10 mon.a@0(leader).mgrstat 1
2026-02-17T00:35:00.299+0000 7f6762dec640 10 mon.a@0(leader).mgrstat update_from_paxos v1 service_map e1 0 progress events 0 pools availability tracked
2026-02-17T00:35:00.299+0000 7f6762dec640 10 mon.a@0(leader).mgrstat check_subs
2026-02-17T00:35:00.299+0000 7f6762dec640 20 mon.a@0(leader).mgrstat update_logger
2026-02-17T00:35:00.299+0000 7f6762dec640 20 mon.a@0(leader).osd e1 notify_new_pg_digest
2026-02-17T00:35:00.299+0000 7f6762dec640 20 mon.a@0(leader).mgrstat should_calc_pool_availability
2026-02-17T00:35:00.299+0000 7f6762dec640 20 mon.a@0(leader).mgrstat calc_pool_availability
2026-02-17T00:35:00.299+0000 7f6762dec640 20 mon.a@0(leader).mgrstat calc_pool_availability tracking availability score is disabled
2026-02-17T00:35:00.299+0000 7f6762dec640 10 mon.a@0(leader).paxosservice(health 0..0) refresh
2026-02-17T00:35:00.299+0000 7f6762dec640 10 mon.a@0(leader).health update_from_paxos
2026-02-17T00:35:00.299+0000 7f6762dec640 20 mon.a@0(leader).health dump:{ "quorum_health": {}, "leader_health": {} }
2026-02-17T00:35:00.299+0000 7f6762dec640 10 mon.a@0(leader).paxosservice(config 0..0) refresh
2026-02-17T00:35:00.299+0000 7f6762dec640 10 mon.a@0(leader).config update_from_paxos 1
2026-02-17T00:35:00.299+0000 7f6762dec640 10 mon.a@0(leader).config load_config got 0 keys
2026-02-17T00:35:00.299+0000 7f6762dec640 10 mon.a@0(leader).config check_all_subs
2026-02-17T00:35:00.299+0000 7f6762dec640 10 mon.a@0(leader).paxosservice(kv 0..0) refresh
2026-02-17T00:35:00.299+0000 7f6762dec640 10 mon.a@0(leader).kv update_from_paxos 1
2026-02-17T00:35:00.299+0000 7f6762dec640 10 mon.a@0(leader).kv check_all_subs
2026-02-17T00:35:00.299+0000 7f6762dec640 10 mon.a@0(leader).kv check_all_subs updated 0 / 0
2026-02-17T00:35:00.299+0000 7f6762dec640 10 mon.a@0(leader).paxosservice(nvmeofgw 0..0) refresh
2026-02-17T00:35:00.299+0000 7f6762dec640 20 nvmeofgw virtual void NVMeofGwMon::update_from_paxos(bool*) has BEACON_DIFF: 1
2026-02-17T00:35:00.299+0000 7f6762dec640 10 nvmeofgw virtual void NVMeofGwMon::update_from_paxos(bool*) NVMeGW loading version 1 0
2026-02-17T00:35:00.299+0000 7f6762dec640 10 nvmeofgw void NVMeofGwMon::check_subs(bool) count 0
2026-02-17T00:35:00.299+0000 7f6762dec640 10 mon.a@0(leader).paxosservice(mdsmap 1..1) post_refresh
2026-02-17T00:35:00.299+0000 7f6762dec640 10 mon.a@0(leader).paxosservice(osdmap 1..1) post_refresh
2026-02-17T00:35:00.299+0000 7f6762dec640 10 mon.a@0(leader).paxosservice(logm 1..1) post_refresh
2026-02-17T00:35:00.299+0000 7f6762dec640 10 mon.a@0(leader).paxosservice(monmap 1..1) post_refresh
2026-02-17T00:35:00.299+0000 7f6762dec640 10 mon.a@0(leader).paxosservice(auth 1..1) post_refresh
2026-02-17T00:35:00.299+0000 7f6762dec640 10 mon.a@0(leader).paxosservice(mgr 1..1) post_refresh
2026-02-17T00:35:00.299+0000 7f6762dec640 10 mon.a@0(leader).paxosservice(mgrstat 1..1) post_refresh
2026-02-17T00:35:00.299+0000 7f6762dec640 10 mon.a@0(leader).paxosservice(health 1..1) post_refresh
2026-02-17T00:35:00.299+0000 7f6762dec640 10 mon.a@0(leader).paxosservice(config 1..1) post_refresh
2026-02-17T00:35:00.299+0000 7f6762dec640 10 mon.a@0(leader).paxosservice(kv 1..1) post_refresh
2026-02-17T00:35:00.299+0000 7f6762dec640 10 mon.a@0(leader).paxosservice(nvmeofgw 1..1) post_refresh
2026-02-17T00:35:00.299+0000 7f6762dec640 10 mon.a@0(leader).paxos(paxos refresh c 1..3) commit_proposal
2026-02-17T00:35:00.299+0000 7f6762dec640 10 mon.a@0(leader).paxosservice(osdmap 1..1) _active - not active
2026-02-17T00:35:00.299+0000 7f6762dec640 10 mon.a@0(leader).paxosservice(logm 1..1) _active - not active
2026-02-17T00:35:00.299+0000 7f6762dec640 10 mon.a@0(leader).paxosservice(auth 1..1) _active - not active
2026-02-17T00:35:00.299+0000 7f6762dec640 10 mon.a@0(leader).paxosservice(mgr 1..1) _active - not active
2026-02-17T00:35:00.299+0000 7f6762dec640 10 mon.a@0(leader).paxosservice(mgrstat 1..1) _active - not active
2026-02-17T00:35:00.299+0000 7f6762dec640 10 mon.a@0(leader).paxosservice(health 1..1) _active - not active
2026-02-17T00:35:00.299+0000 7f6762dec640 10 mon.a@0(leader).paxosservice(config 1..1) _active - not active
2026-02-17T00:35:00.299+0000 7f6762dec640 10 mon.a@0(leader).paxosservice(kv 1..1) _active - not active
2026-02-17T00:35:00.299+0000 7f6762dec640 10 mon.a@0(leader).paxosservice(nvmeofgw 1..1) _active - not active
2026-02-17T00:35:00.299+0000 7f6762dec640 7 mon.a@0(leader).paxos(paxos refresh c 1..3) extend_lease now+5 (2026-02-17T00:35:05.300386+0000)
2026-02-17T00:35:00.299+0000 7f6762dec640 1 -- v2:127.0.0.1:7127/0 send_to--> mon v2:127.0.0.1:7128/0 -- paxos(lease lc 3 fc 1 pn 0 opn 0) -- ?+0 0x43daa00
2026-02-17T00:35:00.299+0000 7f6762dec640 10 -- v2:127.0.0.1:7127/0 connect_to v2:127.0.0.1:7128/0 existing 0x32f6800
2026-02-17T00:35:00.299+0000 7f6762dec640 1 -- v2:127.0.0.1:7127/0 --> v2:127.0.0.1:7128/0 -- paxos(lease lc 3 fc 1 pn 0 opn 0) -- 0x43daa00 con 0x32f6800
2026-02-17T00:35:00.299+0000 7f6762dec640 5 --2- v2:127.0.0.1:7127/0 >> v2:127.0.0.1:7128/0 conn(0x32f6800 0x32c0b00 crc :-1 s=READY pgs=4 gs=4 cs=0 l=0 c_cookie=18038808035868614088 s_cookie=11510937752390796259 reconnecting=0 rev1=1 crypto rx=0 tx=0 comp rx=0 tx=0).send_message enqueueing message m=0x43daa00 type=66 paxos(lease lc 3 fc 1 pn 0 opn 0)
2026-02-17T00:35:00.299+0000 7f6762dec640 15 --2- v2:127.0.0.1:7127/0 >> v2:127.0.0.1:7128/0 conn(0x32f6800 0x32c0b00 crc :-1 s=READY pgs=4 gs=4 cs=0 l=0 c_cookie=18038808035868614088 s_cookie=11510937752390796259 reconnecting=0 rev1=1 crypto rx=0 tx=0 comp rx=0 tx=0).send_message message queued for async transmission m=0x43daa00
2026-02-17T00:35:00.299+0000 7f6762dec640 20 Event(0x31a6bc8 nevent=5000 time_id=5).wakeup
2026-02-17T00:35:00.299+0000 7f6762dec640 10 mon.a@0(leader).paxos(paxos refresh c 1..3) finish_round
2026-02-17T00:35:00.299+0000 7f6762dec640 20 mon.a@0(leader).paxos(paxos active c 1..3) finish_round waiting_for_acting
2026-02-17T00:35:00.299+0000 7f6762dec640 10 mon.a@0(leader).paxosservice(osdmap 1..1) _active
2026-02-17T00:35:00.299+0000 7f6762dec640 7 mon.a@0(leader).paxosservice(osdmap 1..1) _active creating new pending
2026-02-17T00:35:00.299+0000 7f6762dec640 10 mon.a@0(leader).osd e1 create_pending e 2
2026-02-17T00:35:00.299+0000 7f6762dec640 10 mon.a@0(leader).osd e1 update_logger
2026-02-17T00:35:00.299+0000 7f67695f9640 10 -- v2:127.0.0.1:7127/0 >> v2:127.0.0.1:7128/0 conn(0x32f6800 msgr2=0x32c0b00 crc :-1 s=STATE_CONNECTION_ESTABLISHED l=0).handle_write
2026-02-17T00:35:00.299+0000 7f6762dec640 0 log_channel(cluster) log [DBG] : osdmap e1: 0 total, 0 up, 0 in
2026-02-17T00:35:00.299+0000 7f67695f9640 10 --2- v2:127.0.0.1:7127/0 >> v2:127.0.0.1:7128/0 conn(0x32f6800 0x32c0b00 crc :-1 s=READY pgs=4 gs=4 cs=0 l=0 c_cookie=18038808035868614088 s_cookie=11510937752390796259 reconnecting=0 rev1=1 crypto rx=0 tx=0 comp rx=0 tx=0).write_event
2026-02-17T00:35:00.299+0000 7f67695f9640 20 --2- v2:127.0.0.1:7127/0 >> v2:127.0.0.1:7128/0 conn(0x32f6800 0x32c0b00 crc :-1 s=READY pgs=4 gs=4 cs=0 l=0 c_cookie=18038808035868614088 s_cookie=11510937752390796259 reconnecting=0 rev1=1 crypto rx=0 tx=0 comp rx=0 tx=0).prepare_send_message m=paxos(lease lc 3 fc 1 pn 0 opn 0)
2026-02-17T00:35:00.299+0000 7f67695f9640 20 --2- v2:127.0.0.1:7127/0 >> v2:127.0.0.1:7128/0 conn(0x32f6800 0x32c0b00 crc :-1 s=READY pgs=4 gs=4 cs=0 l=0 c_cookie=18038808035868614088 s_cookie=11510937752390796259 reconnecting=0 rev1=1 crypto rx=0 tx=0 comp rx=0 tx=0).prepare_send_message encoding features 4544132024016699391 0x43daa00 paxos(lease lc 3 fc 1 pn 0 opn 0)
2026-02-17T00:35:00.299+0000 7f6762dec640 1 -- v2:127.0.0.1:7127/0 --> v2:127.0.0.1:7127/0 -- log(1 entries from seq 15 at
2026-02-17T00:35:00.300402+0000) -- 0x4370380 con 0x31edc00
2026-02-17T00:35:00.299+0000 7f6762dec640 20 -- v2:127.0.0.1:7127/0 >> v2:127.0.0.1:7127/0 conn(0x31edc00 msgr2=0x3295000 unknown :-1 s=STATE_NONE l=0).send_message log(1 entries from seq 15 at
2026-02-17T00:35:00.300402+0000) local
2026-02-17T00:35:00.299+0000 7f67695f9640 2 --2- v2:127.0.0.1:7127/0 >> v2:127.0.0.1:7128/0 conn(0x32f6800 0x32c0b00 crc :-1 s=READY pgs=4 gs=4 cs=0 l=0 c_cookie=18038808035868614088 s_cookie=11510937752390796259 reconnecting=0 rev1=1 crypto rx=0 tx=0 comp rx=0 tx=0).write_message sending message m=0x43daa00 seq=34 paxos(lease lc 3 fc 1 pn 0 opn 0)
2026-02-17T00:35:00.299+0000 7f67695f9640 20 --2- v2:127.0.0.1:7127/0 >> v2:127.0.0.1:7128/0 conn(0x32f6800 0x32c0b00 crc :-1 s=READY pgs=4 gs=4 cs=0 l=0 c_cookie=18038808035868614088 s_cookie=11510937752390796259 reconnecting=0 rev1=1 crypto rx=0 tx=0 comp rx=0 tx=0).write_message sending m=0x43daa00 seq=34 src=mon.0 off=0
2026-02-17T00:35:00.299+0000 7f6764df0640 20 -- v2:127.0.0.1:7127/0 queue 0x4370380 prio 196
2026-02-17T00:35:00.299+0000 7f6762dec640 20 mon.a@0(leader).osd e1 convert_pool_priorities nothing to fix
2026-02-17T00:35:00.299+0000 7f6762dec640 10 mon.a@0(leader).osd e1 start_mapping no pools, no mapping job
2026-02-17T00:35:00.299+0000 7f6762dec640 10 mon.a@0(leader).paxosservice(logm 1..1) _active
2026-02-17T00:35:00.299+0000 7f6762dec640 7 mon.a@0(leader).paxosservice(logm 1..1) _active creating new pending
2026-02-17T00:35:00.299+0000 7f6762dec640 10 mon.a@0(leader).log v1 create_pending v 2
2026-02-17T00:35:00.299+0000 7f67695f9640 10 -- v2:127.0.0.1:7127/0 >> v2:127.0.0.1:7128/0 conn(0x32f6800 msgr2=0x32c0b00 crc :-1 s=STATE_CONNECTION_ESTABLISHED l=0)._try_send sent bytes 174 remaining bytes 0
2026-02-17T00:35:00.299+0000 7f6762dec640 10 mon.a@0(leader).paxosservice(logm 1..1) dispatch 0x41c2000 log(1 entries from seq 1 at
2026-02-17T00:34:50.288061+0000) from mon.0 v2:127.0.0.1:7127/0 con 0x31edc00
2026-02-17T00:35:00.299+0000 7f67695f9640 10 --2- v2:127.0.0.1:7127/0 >> v2:127.0.0.1:7128/0 conn(0x32f6800 0x32c0b00 crc :-1 s=READY pgs=4 gs=4 cs=0 l=0 c_cookie=18038808035868614088 s_cookie=11510937752390796259 reconnecting=0 rev1=1 crypto rx=0 tx=0 comp rx=0 tx=0).write_message sending 0x43daa00 done.
2026-02-17T00:35:00.299+0000 7f6762dec640 5 mon.a@0(leader).paxos(paxos active c 1..3) is_readable = 1 - now=2026-02-17T00:35:00.300420+0000 lease_expire=2026-02-17T00:35:05.300386+0000 has v0 lc 3
2026-02-17T00:35:00.299+0000 7f67655f1640 1 -- v2:127.0.0.1:7127/0 <== mon.0 v2:127.0.0.1:7127/0 0 ==== log(1 entries from seq 15 at
2026-02-17T00:35:00.300402+0000) ==== 0+0+0 (unknown 0 0 0) 0x4370380 con 0x31edc00
2026-02-17T00:35:00.299+0000 7f6762dec640 10 mon.a@0(leader).log v1 preprocess_query log(1 entries from seq 1 at
2026-02-17T00:34:50.288061+0000) from mon.0 v2:127.0.0.1:7127/0
2026-02-17T00:35:00.299+0000 7f6762dec640 10 mon.a@0(leader).log v1 preprocess_log log(1 entries from seq 1 at
2026-02-17T00:34:50.288061+0000) from mon.0
2026-02-17T00:35:00.299+0000 7f6762dec640 20 MonCap is_capable service=log command= write addr - on cap allow *
2026-02-17T00:35:00.299+0000 7f6762dec640 20 MonCap allow so far , doing grant allow *
2026-02-17T00:35:00.299+0000 7f6762dec640 20 MonCap allow all
2026-02-17T00:35:00.299+0000 7f6762dec640 10 mon.a@0(leader) e1 no_reply to mon.0 v2:127.0.0.1:7127/0 log(1 entries from seq 1 at
2026-02-17T00:34:50.288061+0000)
2026-02-17T00:35:00.299+0000 7f6762dec640 10 mon.a@0(leader).log v1 prepare_update log(1 entries from seq 1 at
2026-02-17T00:34:50.288061+0000) from mon.0 v2:127.0.0.1:7127/0
2026-02-17T00:35:00.299+0000 7f6762dec640 10 mon.a@0(leader).log v1 prepare_log log(1 entries from seq 1 at
2026-02-17T00:34:50.288061+0000) from mon.0
2026-02-17T00:35:00.299+0000 7f6762dec640 10 mon.a@0(leader).log v1 logging
2026-02-17T00:34:50.288061+0000 mon.a (mon.0) 1 : cluster [INF] mon.a calling monitor election
2026-02-17T00:35:00.299+0000 7f6762dec640 10 mon.a@0(leader).paxosservice(logm 1..1) propose_pending
2026-02-17T00:35:00.299+0000 7f6762dec640 10 mon.a@0(leader).log v1 encode_full log v 1
2026-02-17T00:35:00.299+0000 7f6762dec640 10 mon.a@0(leader).log v1 encode_pending v2
2026-02-17T00:35:00.299+0000 7f6762dec640 5 mon.a@0(leader).paxos(paxos active c 1..3) queue_pending_finisher 0x313e230
2026-02-17T00:35:00.299+0000 7f6762dec640 10 mon.a@0(leader).paxos(paxos active c 1..3) trigger_propose active, proposing now
2026-02-17T00:35:00.299+0000 7f6762dec640 10 mon.a@0(leader).paxos(paxos active c 1..3) propose_pending 4 511 bytes
2026-02-17T00:35:00.299+0000 7f6762dec640 10 mon.a@0(leader).paxos(paxos updating c 1..3) begin for 4 511 bytes
2026-02-17T00:35:00.299+0000 7f67695f9640 20 -- v2:127.0.0.1:7127/0 >> v2:127.0.0.1:7128/0 conn(0x32f6800 msgr2=0x32c0b00 crc :-1 s=STATE_CONNECTION_ESTABLISHED l=0).process
2026-02-17T00:35:00.299+0000 7f67695f9640 20 -- v2:127.0.0.1:7127/0 >> v2:127.0.0.1:7128/0 conn(0x32f6800 msgr2=0x32c0b00 crc :-1 s=STATE_CONNECTION_ESTABLISHED l=0).read continue len=32
2026-02-17T00:35:00.299+0000 7f67695f9640 20 --2- v2:127.0.0.1:7127/0 >> v2:127.0.0.1:7128/0 conn(0x32f6800 0x32c0b00 crc :-1 s=READY pgs=4 gs=4 cs=0 l=0 c_cookie=18038808035868614088 s_cookie=11510937752390796259 reconnecting=0 rev1=1 crypto rx=0 tx=0 comp rx=0 tx=0).handle_read_frame_preamble_main r=0
2026-02-17T00:35:00.299+0000 7f67695f9640 20 --2- v2:127.0.0.1:7127/0 >> v2:127.0.0.1:7128/0 conn(0x32f6800 0x32c0b00 crc :-1 s=READY pgs=4 gs=4 cs=0 l=0 c_cookie=18038808035868614088 s_cookie=11510937752390796259 reconnecting=0 rev1=1 crypto rx=0 tx=0 comp rx=0 tx=0).read_frame_segment seg_idx=0
2026-02-17T00:35:00.299+0000 7f67695f9640 20 -- v2:127.0.0.1:7127/0 >> v2:127.0.0.1:7128/0 conn(0x32f6800 msgr2=0x32c0b00 crc :-1 s=STATE_CONNECTION_ESTABLISHED l=0).read start len=12
2026-02-17T00:35:00.299+0000 7f67695f9640 20 --2- v2:127.0.0.1:7127/0 >> v2:127.0.0.1:7128/0 conn(0x32f6800 0x32c0b00 crc :-1 s=READY pgs=4 gs=4 cs=0 l=0 c_cookie=18038808035868614088 s_cookie=11510937752390796259 reconnecting=0 rev1=1 crypto rx=0 tx=0 comp rx=0 tx=0).handle_read_frame_segment r=0
2026-02-17T00:35:00.299+0000 7f67695f9640 10 --2- v2:127.0.0.1:7127/0 >> v2:127.0.0.1:7128/0 conn(0x32f6800 0x32c0b00 crc :-1 s=READY pgs=4 gs=4 cs=0 l=0 c_cookie=18038808035868614088 s_cookie=11510937752390796259 reconnecting=0 rev1=1 crypto rx=0 tx=0 comp rx=0 tx=0).handle_read_frame_dispatch tag=20
2026-02-17T00:35:00.299+0000 7f67695f9640 20 --2- v2:127.0.0.1:7127/0 >> v2:127.0.0.1:7128/0 conn(0x32f6800 0x32c0b00 crc :-1 s=READY pgs=4 gs=4 cs=0 l=0 c_cookie=18038808035868614088 s_cookie=11510937752390796259 reconnecting=0 rev1=1 crypto rx=0 tx=0 comp rx=0 tx=0).handle_message_ack payload.length()=8
2026-02-17T00:35:00.299+0000 7f67695f9640 15 --2- v2:127.0.0.1:7127/0 >> v2:127.0.0.1:7128/0 conn(0x32f6800 0x32c0b00 crc :-1 s=READY pgs=4 gs=4 cs=0 l=0 c_cookie=18038808035868614088 s_cookie=11510937752390796259 reconnecting=0 rev1=1 crypto rx=0 tx=0 comp rx=0 tx=0).handle_message_ack seq=34
2026-02-17T00:35:00.299+0000 7f67695f9640 10 --2- v2:127.0.0.1:7127/0 >> v2:127.0.0.1:7128/0 conn(0x32f6800 0x32c0b00 crc :-1 s=READY pgs=4 gs=4 cs=0 l=0 c_cookie=18038808035868614088 s_cookie=11510937752390796259 reconnecting=0 rev1=1 crypto rx=0 tx=0 comp rx=0 tx=0).handle_message_ack got ack seq 34 >= 34 on 0x43daa00 paxos(lease lc 3 fc 1 pn 0 opn 0)
2026-02-17T00:35:00.299+0000 7f67695f9640 20 --2- v2:127.0.0.1:7127/0 >> v2:127.0.0.1:7128/0 conn(0x32f6800 0x32c0b00 crc :-1 s=READY pgs=4 gs=4 cs=0 l=0 c_cookie=18038808035868614088 s_cookie=11510937752390796259 reconnecting=0 rev1=1 crypto rx=0 tx=0 comp rx=0 tx=0).read_frame
2026-02-17T00:35:00.299+0000 7f67695f9640 20 -- v2:127.0.0.1:7127/0 >> v2:127.0.0.1:7128/0 conn(0x32f6800 msgr2=0x32c0b00 crc :-1 s=STATE_CONNECTION_ESTABLISHED l=0).read start len=32
2026-02-17T00:35:00.299+0000 7f6762dec640 10 mon.a@0(leader).paxos(paxos updating c 1..3) sending begin to mon.1
2026-02-17T00:35:00.299+0000 7f6762dec640 1 -- v2:127.0.0.1:7127/0 send_to--> mon v2:127.0.0.1:7128/0 -- paxos(begin lc 3 fc 0 pn 200 opn 0) -- ?+0 0x43dac00
2026-02-17T00:35:00.299+0000 7f6762dec640 10 -- v2:127.0.0.1:7127/0 connect_to v2:127.0.0.1:7128/0 existing 0x32f6800
2026-02-17T00:35:00.299+0000 7f6762dec640 1 -- v2:127.0.0.1:7127/0 --> v2:127.0.0.1:7128/0 -- paxos(begin lc 3 fc 0 pn 200 opn 0) -- 0x43dac00 con 0x32f6800
2026-02-17T00:35:00.299+0000 7f6762dec640 5 --2- v2:127.0.0.1:7127/0 >> v2:127.0.0.1:7128/0 conn(0x32f6800 0x32c0b00 crc :-1 s=READY pgs=4 gs=4 cs=0 l=0 c_cookie=18038808035868614088 s_cookie=11510937752390796259 reconnecting=0 rev1=1 crypto rx=0 tx=0 comp rx=0 tx=0).send_message enqueueing message m=0x43dac00 type=66 paxos(begin lc 3 fc 0 pn 200 opn 0)
2026-02-17T00:35:00.299+0000 7f6762dec640 15 --2- v2:127.0.0.1:7127/0 >> v2:127.0.0.1:7128/0 conn(0x32f6800 0x32c0b00 crc :-1 s=READY pgs=4 gs=4 cs=0 l=0 c_cookie=18038808035868614088 s_cookie=11510937752390796259 reconnecting=0 rev1=1 crypto rx=0 tx=0 comp rx=0 tx=0).send_message message queued for async transmission m=0x43dac00
2026-02-17T00:35:00.299+0000 7f6762dec640 20 Event(0x31a6bc8 nevent=5000 time_id=5).wakeup
2026-02-17T00:35:00.299+0000 7f6762dec640 10 mon.a@0(leader).paxosservice(logm 1..1) dispatch 0x41c21c0 log(1 entries from seq 2 at
2026-02-17T00:34:55.289096+0000) from mon.0 v2:127.0.0.1:7127/0 con 0x31edc00
2026-02-17T00:35:00.299+0000 7f6762dec640 5 mon.a@0(leader).paxos(paxos updating c 1..3) is_readable = 1 - now=2026-02-17T00:35:00.300606+0000 lease_expire=2026-02-17T00:35:05.300386+0000 has v0 lc 3
2026-02-17T00:35:00.299+0000 7f67695f9640 10 -- v2:127.0.0.1:7127/0 >> v2:127.0.0.1:7128/0 conn(0x32f6800 msgr2=0x32c0b00 crc :-1 s=STATE_CONNECTION_ESTABLISHED l=0).handle_write
2026-02-17T00:35:00.299+0000 7f6762dec640 10 mon.a@0(leader).log v1 preprocess_query log(1 entries from seq 2 at
2026-02-17T00:34:55.289096+0000) from mon.0 v2:127.0.0.1:7127/0
2026-02-17T00:35:00.299+0000 7f67695f9640 10 --2- v2:127.0.0.1:7127/0 >> v2:127.0.0.1:7128/0 conn(0x32f6800 0x32c0b00 crc :-1 s=READY pgs=4 gs=4 cs=0 l=0 c_cookie=18038808035868614088 s_cookie=11510937752390796259 reconnecting=0 rev1=1 crypto rx=0 tx=0 comp rx=0 tx=0).write_event
2026-02-17T00:35:00.299+0000 7f6762dec640 10 mon.a@0(leader).log v1 preprocess_log log(1 entries from seq 2 at
2026-02-17T00:34:55.289096+0000) from mon.0
2026-02-17T00:35:00.299+0000 7f6762dec640 20 MonCap is_capable service=log command= write addr - on cap allow *
2026-02-17T00:35:00.299+0000 7f67695f9640 20 --2- v2:127.0.0.1:7127/0 >> v2:127.0.0.1:7128/0 conn(0x32f6800 0x32c0b00 crc :-1 s=READY pgs=4 gs=4 cs=0 l=0 c_cookie=18038808035868614088 s_cookie=11510937752390796259 reconnecting=0 rev1=1 crypto rx=0 tx=0 comp rx=0 tx=0).prepare_send_message m=paxos(begin lc 3 fc 0 pn 200 opn 0)
2026-02-17T00:35:00.299+0000 7f6762dec640 20 MonCap allow so far , doing grant allow *
2026-02-17T00:35:00.299+0000 7f6762dec640 20 MonCap allow all
2026-02-17T00:35:00.299+0000 7f67695f9640 20 --2- v2:127.0.0.1:7127/0 >> v2:127.0.0.1:7128/0 conn(0x32f6800 0x32c0b00 crc :-1 s=READY pgs=4 gs=4 cs=0 l=0 c_cookie=18038808035868614088 s_cookie=11510937752390796259 reconnecting=0 rev1=1 crypto rx=0 tx=0 comp rx=0 tx=0).prepare_send_message encoding features 4544132024016699391 0x43dac00 paxos(begin lc 3 fc 0 pn 200 opn 0)
2026-02-17T00:35:00.299+0000 7f6762dec640 10 mon.a@0(leader) e1 no_reply to mon.0 v2:127.0.0.1:7127/0 log(1 entries from seq 2 at
2026-02-17T00:34:55.289096+0000)
2026-02-17T00:35:00.299+0000 7f6762dec640 10 mon.a@0(leader).paxosservice(logm 1..1) waiting for paxos -> writeable
2026-02-17T00:35:00.299+0000 7f6762dec640 10 mon.a@0(leader).paxosservice(logm 1..1) dispatch 0x41c2380 log(1 entries from seq 3 at
2026-02-17T00:34:55.294734+0000) from mon.0 v2:127.0.0.1:7127/0 con 0x31edc00
2026-02-17T00:35:00.299+0000 7f67695f9640 2 --2- v2:127.0.0.1:7127/0 >> v2:127.0.0.1:7128/0 conn(0x32f6800 0x32c0b00 crc :-1 s=READY pgs=4 gs=4 cs=0 l=0 c_cookie=18038808035868614088 s_cookie=11510937752390796259 reconnecting=0 rev1=1 crypto rx=0 tx=0 comp rx=0 tx=0).write_message sending message m=0x43dac00 seq=35 paxos(begin lc 3 fc 0 pn 200 opn 0)
2026-02-17T00:35:00.299+0000 7f6762dec640 5 mon.a@0(leader).paxos(paxos updating c 1..3) is_readable = 1 - now=2026-02-17T00:35:00.300615+0000 lease_expire=2026-02-17T00:35:05.300386+0000 has v0 lc 3
2026-02-17T00:35:00.299+0000 7f67695f9640 20 --2- v2:127.0.0.1:7127/0 >> v2:127.0.0.1:7128/0 conn(0x32f6800 0x32c0b00 crc :-1 s=READY pgs=4 gs=4 cs=0 l=0 c_cookie=18038808035868614088 s_cookie=11510937752390796259 reconnecting=0 rev1=1 crypto rx=0 tx=0 comp rx=0 tx=0).write_message sending m=0x43dac00 seq=35 src=mon.0 off=0
2026-02-17T00:35:00.299+0000 7f6762dec640 10 mon.a@0(leader).log v1 preprocess_query log(1 entries from seq 3 at
2026-02-17T00:34:55.294734+0000) from mon.0 v2:127.0.0.1:7127/0
2026-02-17T00:35:00.299+0000 7f6762dec640 10 mon.a@0(leader).log v1 preprocess_log log(1 entries from seq 3 at
2026-02-17T00:34:55.294734+0000) from mon.0
2026-02-17T00:35:00.299+0000 7f6762dec640 20 MonCap is_capable service=log command= write addr - on cap allow *
2026-02-17T00:35:00.299+0000 7f6762dec640 20 MonCap allow so far , doing grant allow *
2026-02-17T00:35:00.299+0000 7f6762dec640 20 MonCap allow all
2026-02-17T00:35:00.299+0000 7f6762dec640 10 mon.a@0(leader) e1 no_reply to mon.0 v2:127.0.0.1:7127/0 log(1 entries from seq 3 at
2026-02-17T00:34:55.294734+0000)
2026-02-17T00:35:00.299+0000 7f6762dec640 10 mon.a@0(leader).paxosservice(logm 1..1) waiting for paxos -> writeable
2026-02-17T00:35:00.299+0000 7f6762dec640 10 mon.a@0(leader).paxosservice(logm 1..1) dispatch 0x41c2700 log(1 entries from seq 4 at
2026-02-17T00:35:00.295518+0000) from mon.0 v2:127.0.0.1:7127/0 con 0x31edc00
2026-02-17T00:35:00.299+0000 7f6762dec640 5 mon.a@0(leader).paxos(paxos updating c 1..3) is_readable = 1 - now=2026-02-17T00:35:00.300624+0000 lease_expire=2026-02-17T00:35:05.300386+0000 has v0 lc 3
2026-02-17T00:35:00.299+0000 7f6762dec640 10 mon.a@0(leader).log v1 preprocess_query log(1 entries from seq 4 at
2026-02-17T00:35:00.295518+0000) from mon.0 v2:127.0.0.1:7127/0
2026-02-17T00:35:00.299+0000 7f6762dec640 10 mon.a@0(leader).log v1 preprocess_log log(1 entries from seq 4 at
2026-02-17T00:35:00.295518+0000) from mon.0
2026-02-17T00:35:00.299+0000 7f67695f9640 10 -- v2:127.0.0.1:7127/0 >> v2:127.0.0.1:7128/0 conn(0x32f6800 msgr2=0x32c0b00 crc :-1 s=STATE_CONNECTION_ESTABLISHED l=0)._try_send sent bytes 697 remaining bytes 0
2026-02-17T00:35:00.299+0000 7f6762dec640 20 MonCap is_capable service=log command= write addr - on cap allow *
2026-02-17T00:35:00.299+0000 7f6762dec640 20 MonCap allow so far , doing grant allow *
2026-02-17T00:35:00.299+0000 7f6762dec640 20 MonCap allow all
2026-02-17T00:35:00.299+0000 7f67695f9640 10 --2- v2:127.0.0.1:7127/0 >> v2:127.0.0.1:7128/0 conn(0x32f6800 0x32c0b00 crc :-1 s=READY pgs=4 gs=4 cs=0 l=0 c_cookie=18038808035868614088 s_cookie=11510937752390796259 reconnecting=0 rev1=1 crypto rx=0 tx=0 comp rx=0 tx=0).write_message sending 0x43dac00 done.
2026-02-17T00:35:00.299+0000 7f6762dec640 10 mon.a@0(leader) e1 no_reply to mon.0 v2:127.0.0.1:7127/0 log(1 entries from seq 4 at
2026-02-17T00:35:00.295518+0000)
2026-02-17T00:35:00.299+0000 7f6762dec640 10 mon.a@0(leader).paxosservice(logm 1..1) waiting for paxos -> writeable
2026-02-17T00:35:00.299+0000 7f6762dec640 10 mon.a@0(leader).paxosservice(logm 1..1) dispatch 0x41c2540 log(1 entries from seq 5 at
2026-02-17T00:35:00.296793+0000) from mon.0 v2:127.0.0.1:7127/0 con 0x31edc00
2026-02-17T00:35:00.299+0000 7f6762dec640 5 mon.a@0(leader).paxos(paxos updating c 1..3) is_readable = 1 - now=2026-02-17T00:35:00.300632+0000 lease_expire=2026-02-17T00:35:05.300386+0000 has v0 lc 3
2026-02-17T00:35:00.299+0000 7f6762dec640 10 mon.a@0(leader).log v1 preprocess_query log(1 entries from seq 5 at
2026-02-17T00:35:00.296793+0000) from mon.0 v2:127.0.0.1:7127/0
2026-02-17T00:35:00.299+0000 7f6762dec640 10 mon.a@0(leader).log v1 preprocess_log log(1 entries from seq 5 at
2026-02-17T00:35:00.296793+0000) from mon.0
2026-02-17T00:35:00.299+0000 7f6762dec640 20 MonCap is_capable service=log command= write addr - on cap allow *
2026-02-17T00:35:00.299+0000 7f6762dec640 20 MonCap allow so far , doing grant allow *
2026-02-17T00:35:00.299+0000 7f6762dec640 20 MonCap allow all
2026-02-17T00:35:00.299+0000 7f6762dec640 10 mon.a@0(leader) e1 no_reply to mon.0 v2:127.0.0.1:7127/0 log(1 entries from seq 5 at
2026-02-17T00:35:00.296793+0000)
2026-02-17T00:35:00.299+0000 7f6762dec640 10 mon.a@0(leader).paxosservice(logm 1..1) waiting for paxos -> writeable
2026-02-17T00:35:00.299+0000 7f6762dec640 10 mon.a@0(leader).paxosservice(logm 1..1) dispatch 0x41c2a80 log(1 entries from seq 6 at
2026-02-17T00:35:00.296803+0000) from mon.0 v2:127.0.0.1:7127/0 con 0x31edc00
2026-02-17T00:35:00.299+0000 7f6762dec640 5 mon.a@0(leader).paxos(paxos updating c 1..3) is_readable = 1 - now=2026-02-17T00:35:00.300639+0000 lease_expire=2026-02-17T00:35:05.300386+0000 has v0 lc 3
2026-02-17T00:35:00.299+0000 7f6762dec640 10 mon.a@0(leader).log v1 preprocess_query log(1 entries from seq 6 at
2026-02-17T00:35:00.296803+0000) from mon.0 v2:127.0.0.1:7127/0
2026-02-17T00:35:00.299+0000 7f6762dec640 10 mon.a@0(leader).log v1 preprocess_log log(1 entries from seq 6 at
2026-02-17T00:35:00.296803+0000) from mon.0
2026-02-17T00:35:00.299+0000 7f6762dec640 20 MonCap is_capable service=log command= write addr - on cap allow *
2026-02-17T00:35:00.299+0000 7f6762dec640 20 MonCap allow so far , doing grant allow *
2026-02-17T00:35:00.299+0000 7f6762dec640 20 MonCap allow all
2026-02-17T00:35:00.299+0000 7f6762dec640 10 mon.a@0(leader) e1 no_reply to mon.0 v2:127.0.0.1:7127/0 log(1 entries from seq 6 at
2026-02-17T00:35:00.296803+0000)
2026-02-17T00:35:00.299+0000 7f6762dec640 10 mon.a@0(leader).paxosservice(logm 1..1) waiting for paxos -> writeable
2026-02-17T00:35:00.299+0000 7f6762dec640 10 mon.a@0(leader).paxosservice(logm 1..1) dispatch 0x41c2c40 log(1 entries from seq 7 at
2026-02-17T00:35:00.296808+0000) from mon.0 v2:127.0.0.1:7127/0 con 0x31edc00
2026-02-17T00:35:00.299+0000 7f6762dec640 5 mon.a@0(leader).paxos(paxos updating c 1..3) is_readable = 1 - now=2026-02-17T00:35:00.300647+0000 lease_expire=2026-02-17T00:35:05.300386+0000 has v0 lc 3
2026-02-17T00:35:00.299+0000 7f6762dec640 10 mon.a@0(leader).log v1 preprocess_query log(1 entries from seq 7 at
2026-02-17T00:35:00.296808+0000) from mon.0 v2:127.0.0.1:7127/0
2026-02-17T00:35:00.299+0000 7f6762dec640 10 mon.a@0(leader).log v1 preprocess_log log(1 entries from seq 7 at
2026-02-17T00:35:00.296808+0000) from mon.0
2026-02-17T00:35:00.299+0000 7f6762dec640 20 MonCap is_capable service=log command= write addr - on cap allow *
2026-02-17T00:35:00.299+0000 7f6762dec640 20 MonCap allow so far , doing grant allow *
2026-02-17T00:35:00.299+0000 7f6762dec640 20 MonCap allow all
2026-02-17T00:35:00.299+0000 7f6762dec640 10 mon.a@0(leader) e1 no_reply to mon.0 v2:127.0.0.1:7127/0 log(1 entries from seq 7 at
2026-02-17T00:35:00.296808+0000)
2026-02-17T00:35:00.299+0000 7f6762dec640 10 mon.a@0(leader).paxosservice(logm 1..1) waiting for paxos -> writeable
2026-02-17T00:35:00.299+0000 7f6762dec640 10 mon.a@0(leader).paxosservice(logm 1..1) dispatch 0x41c2e00 log(1 entries from seq 8 at
2026-02-17T00:35:00.296817+0000) from mon.0 v2:127.0.0.1:7127/0 con 0x31edc00
2026-02-17T00:35:00.299+0000 7f6762dec640 5 mon.a@0(leader).paxos(paxos updating c 1..3) is_readable = 1 - now=2026-02-17T00:35:00.300654+0000 lease_expire=2026-02-17T00:35:05.300386+0000 has v0 lc 3
2026-02-17T00:35:00.299+0000 7f6762dec640 10 mon.a@0(leader).log v1 preprocess_query log(1 entries from seq 8 at
2026-02-17T00:35:00.296817+0000) from mon.0 v2:127.0.0.1:7127/0
2026-02-17T00:35:00.299+0000 7f6762dec640 10 mon.a@0(leader).log v1 preprocess_log log(1 entries from seq 8 at
2026-02-17T00:35:00.296817+0000) from mon.0
2026-02-17T00:35:00.299+0000 7f6762dec640 20 MonCap is_capable service=log command= write addr - on cap allow *
2026-02-17T00:35:00.299+0000 7f6762dec640 20 MonCap allow so far , doing grant allow *
2026-02-17T00:35:00.299+0000 7f6762dec640 20 MonCap allow all
2026-02-17T00:35:00.299+0000 7f6762dec640 10 mon.a@0(leader) e1 no_reply to mon.0 v2:127.0.0.1:7127/0 log(1 entries from seq 8 at
2026-02-17T00:35:00.296817+0000)
2026-02-17T00:35:00.299+0000 7f6762dec640 10 mon.a@0(leader).paxosservice(logm 1..1) waiting for paxos -> writeable
2026-02-17T00:35:00.299+0000 7f6762dec640 10 mon.a@0(leader).paxosservice(logm 1..1) dispatch 0x41c2fc0 log(1 entries from seq 9 at
2026-02-17T00:35:00.296829+0000) from mon.0 v2:127.0.0.1:7127/0 con 0x31edc00
2026-02-17T00:35:00.299+0000 7f6762dec640 5 mon.a@0(leader).paxos(paxos updating c 1..3) is_readable = 1 - now=2026-02-17T00:35:00.300661+0000 lease_expire=2026-02-17T00:35:05.300386+0000 has v0 lc 3
2026-02-17T00:35:00.299+0000 7f6762dec640 10 mon.a@0(leader).log v1 preprocess_query log(1 entries from seq 9 at
2026-02-17T00:35:00.296829+0000) from mon.0 v2:127.0.0.1:7127/0
2026-02-17T00:35:00.299+0000 7f6762dec640 10 mon.a@0(leader).log v1 preprocess_log log(1 entries from seq 9 at
2026-02-17T00:35:00.296829+0000) from mon.0
2026-02-17T00:35:00.299+0000 7f6762dec640 20 MonCap is_capable service=log command= write addr - on cap allow *
2026-02-17T00:35:00.299+0000 7f6762dec640 20 MonCap allow so far , doing grant allow *
2026-02-17T00:35:00.299+0000 7f6762dec640 20 MonCap allow all
2026-02-17T00:35:00.299+0000 7f6762dec640 10 mon.a@0(leader) e1 no_reply to mon.0 v2:127.0.0.1:7127/0 log(1 entries from seq 9 at
2026-02-17T00:35:00.296829+0000)
2026-02-17T00:35:00.299+0000 7f6762dec640 10 mon.a@0(leader).paxosservice(logm 1..1) waiting for paxos -> writeable
2026-02-17T00:35:00.299+0000 7f6762dec640 10 mon.a@0(leader).paxosservice(logm 1..1) dispatch 0x41c3180 log(1 entries from seq 10 at
2026-02-17T00:35:00.296841+0000) from mon.0 v2:127.0.0.1:7127/0 con 0x31edc00
2026-02-17T00:35:00.299+0000 7f6762dec640 5 mon.a@0(leader).paxos(paxos updating c 1..3) is_readable = 1 - now=2026-02-17T00:35:00.300668+0000 lease_expire=2026-02-17T00:35:05.300386+0000 has v0 lc 3
2026-02-17T00:35:00.299+0000 7f6762dec640 10 mon.a@0(leader).log v1 preprocess_query log(1 entries from seq 10 at
2026-02-17T00:35:00.296841+0000) from mon.0 v2:127.0.0.1:7127/0
2026-02-17T00:35:00.299+0000 7f6762dec640 10 mon.a@0(leader).log v1 preprocess_log log(1 entries from seq 10 at
2026-02-17T00:35:00.296841+0000) from mon.0
2026-02-17T00:35:00.299+0000 7f6762dec640 20 MonCap is_capable service=log command= write addr - on cap allow *
2026-02-17T00:35:00.299+0000 7f6762dec640 20 MonCap allow so far , doing grant allow *
2026-02-17T00:35:00.299+0000 7f6762dec640 20 MonCap allow all
2026-02-17T00:35:00.299+0000 7f6762dec640 10 mon.a@0(leader) e1 no_reply to mon.0 v2:127.0.0.1:7127/0 log(1 entries from seq 10 at
2026-02-17T00:35:00.296841+0000)
2026-02-17T00:35:00.299+0000 7f6762dec640 10 mon.a@0(leader).paxosservice(logm 1..1) waiting for paxos -> writeable
2026-02-17T00:35:00.299+0000 7f6762dec640 10 mon.a@0(leader).paxosservice(logm 1..1) dispatch 0x41c3340 log(1 entries from seq 11 at
2026-02-17T00:35:00.296852+0000) from mon.0 v2:127.0.0.1:7127/0 con 0x31edc00
2026-02-17T00:35:00.299+0000 7f6762dec640 5 mon.a@0(leader).paxos(paxos updating c 1..3) is_readable = 1 - now=2026-02-17T00:35:00.300675+0000 lease_expire=2026-02-17T00:35:05.300386+0000 has v0 lc 3
2026-02-17T00:35:00.299+0000 7f67695f9640 20 -- v2:127.0.0.1:7127/0 >> v2:127.0.0.1:7128/0 conn(0x32f6800 msgr2=0x32c0b00 crc :-1 s=STATE_CONNECTION_ESTABLISHED l=0).process
2026-02-17T00:35:00.299+0000 7f6762dec640 10 mon.a@0(leader).log v1 preprocess_query log(1 entries from seq 11 at
2026-02-17T00:35:00.296852+0000) from mon.0 v2:127.0.0.1:7127/0
2026-02-17T00:35:00.299+0000 7f67695f9640 20 -- v2:127.0.0.1:7127/0 >> v2:127.0.0.1:7128/0 conn(0x32f6800 msgr2=0x32c0b00 crc :-1 s=STATE_CONNECTION_ESTABLISHED l=0).read continue len=32
2026-02-17T00:35:00.299+0000 7f6762dec640 10 mon.a@0(leader).log v1 preprocess_log log(1 entries from seq 11 at
2026-02-17T00:35:00.296852+0000) from mon.0
2026-02-17T00:35:00.299+0000 7f6762dec640 20 MonCap is_capable service=log command= write addr - on cap allow *
2026-02-17T00:35:00.299+0000 7f6762dec640 20 MonCap allow so far , doing grant allow *
2026-02-17T00:35:00.299+0000 7f6762dec640 20 MonCap allow all
2026-02-17T00:35:00.299+0000 7f6762dec640 10 mon.a@0(leader) e1 no_reply to mon.0 v2:127.0.0.1:7127/0 log(1 entries from seq 11 at
2026-02-17T00:35:00.296852+0000)
2026-02-17T00:35:00.299+0000 7f6762dec640 10 mon.a@0(leader).paxosservice(logm 1..1) waiting for paxos -> writeable
2026-02-17T00:35:00.299+0000 7f67695f9640 20 --2- v2:127.0.0.1:7127/0 >> v2:127.0.0.1:7128/0 conn(0x32f6800 0x32c0b00 crc :-1 s=READY pgs=4 gs=4 cs=0 l=0 c_cookie=18038808035868614088 s_cookie=11510937752390796259 reconnecting=0 rev1=1 crypto rx=0 tx=0 comp rx=0 tx=0).handle_read_frame_preamble_main r=0
2026-02-17T00:35:00.299+0000 7f67695f9640 20 --2- v2:127.0.0.1:7127/0 >> v2:127.0.0.1:7128/0 conn(0x32f6800 0x32c0b00 crc :-1 s=READY pgs=4 gs=4 cs=0 l=0 c_cookie=18038808035868614088 s_cookie=11510937752390796259 reconnecting=0 rev1=1 crypto rx=0 tx=0 comp rx=0 tx=0).read_frame_segment seg_idx=0
2026-02-17T00:35:00.299+0000 7f6762dec640 10 mon.a@0(leader).paxosservice(logm 1..1) dispatch 0x41c3500 log(1 entries from seq 12 at
2026-02-17T00:35:00.296857+0000) from mon.0 v2:127.0.0.1:7127/0 con 0x31edc00
2026-02-17T00:35:00.299+0000 7f67695f9640 20 -- v2:127.0.0.1:7127/0 >> v2:127.0.0.1:7128/0 conn(0x32f6800 msgr2=0x32c0b00 crc :-1 s=STATE_CONNECTION_ESTABLISHED l=0).read start len=12
2026-02-17T00:35:00.299+0000 7f67695f9640 20 --2- v2:127.0.0.1:7127/0 >> v2:127.0.0.1:7128/0 conn(0x32f6800 0x32c0b00 crc :-1 s=READY pgs=4 gs=4 cs=0 l=0 c_cookie=18038808035868614088 s_cookie=11510937752390796259 reconnecting=0 rev1=1 crypto rx=0 tx=0 comp rx=0 tx=0).handle_read_frame_segment r=0
2026-02-17T00:35:00.299+0000 7f6762dec640 5 mon.a@0(leader).paxos(paxos updating c 1..3) is_readable = 1 - now=2026-02-17T00:35:00.300683+0000 lease_expire=2026-02-17T00:35:05.300386+0000 has v0 lc 3
2026-02-17T00:35:00.299+0000 7f67695f9640 10 --2- v2:127.0.0.1:7127/0 >> v2:127.0.0.1:7128/0 conn(0x32f6800 0x32c0b00 crc :-1 s=READY pgs=4 gs=4 cs=0 l=0 c_cookie=18038808035868614088 s_cookie=11510937752390796259 reconnecting=0 rev1=1 crypto rx=0 tx=0 comp rx=0 tx=0).handle_read_frame_dispatch tag=20
2026-02-17T00:35:00.299+0000 7f6762dec640 10 mon.a@0(leader).log v1 preprocess_query log(1 entries from seq 12 at
2026-02-17T00:35:00.296857+0000) from mon.0 v2:127.0.0.1:7127/0
2026-02-17T00:35:00.299+0000 7f67695f9640 20 --2- v2:127.0.0.1:7127/0 >> v2:127.0.0.1:7128/0 conn(0x32f6800 0x32c0b00 crc :-1 s=READY pgs=4 gs=4 cs=0 l=0 c_cookie=18038808035868614088 s_cookie=11510937752390796259 reconnecting=0 rev1=1 crypto rx=0 tx=0 comp rx=0 tx=0).handle_message_ack payload.length()=8
2026-02-17T00:35:00.299+0000 7f6762dec640 10 mon.a@0(leader).log v1 preprocess_log log(1 entries from seq 12 at
2026-02-17T00:35:00.296857+0000) from mon.0
2026-02-17T00:35:00.299+0000 7f6762dec640 20 MonCap is_capable service=log command= write addr - on cap allow *
2026-02-17T00:35:00.299+0000 7f6762dec640 20 MonCap allow so far , doing grant allow *
2026-02-17T00:35:00.299+0000 7f6762dec640 20 MonCap allow all
2026-02-17T00:35:00.299+0000 7f67695f9640 15 --2- v2:127.0.0.1:7127/0 >> v2:127.0.0.1:7128/0 conn(0x32f6800 0x32c0b00 crc :-1 s=READY pgs=4 gs=4 cs=0 l=0 c_cookie=18038808035868614088 s_cookie=11510937752390796259 reconnecting=0 rev1=1 crypto rx=0 tx=0 comp rx=0 tx=0).handle_message_ack seq=35
2026-02-17T00:35:00.299+0000 7f6762dec640 10 mon.a@0(leader) e1 no_reply to mon.0 v2:127.0.0.1:7127/0 log(1 entries from seq 12 at
2026-02-17T00:35:00.296857+0000)
2026-02-17T00:35:00.299+0000 7f67695f9640 10 --2- v2:127.0.0.1:7127/0 >> v2:127.0.0.1:7128/0 conn(0x32f6800 0x32c0b00 crc :-1 s=READY pgs=4 gs=4 cs=0 l=0 c_cookie=18038808035868614088 s_cookie=11510937752390796259 reconnecting=0 rev1=1 crypto rx=0 tx=0 comp rx=0 tx=0).handle_message_ack got ack seq 35 >= 35 on 0x43dac00 paxos(begin lc 3 fc 0 pn 200 opn 0)
2026-02-17T00:35:00.299+0000 7f6762dec640 10 mon.a@0(leader).paxosservice(logm 1..1) waiting for paxos -> writeable
2026-02-17T00:35:00.299+0000 7f67695f9640 20 --2- v2:127.0.0.1:7127/0 >> v2:127.0.0.1:7128/0 conn(0x32f6800 0x32c0b00 crc :-1 s=READY pgs=4 gs=4 cs=0 l=0 c_cookie=18038808035868614088 s_cookie=11510937752390796259 reconnecting=0 rev1=1 crypto rx=0 tx=0 comp rx=0 tx=0).read_frame
2026-02-17T00:35:00.299+0000 7f6762dec640 10 mon.a@0(leader).paxosservice(logm 1..1) dispatch 0x41c36c0 log(1 entries from seq 13 at
2026-02-17T00:35:00.296868+0000) from mon.0 v2:127.0.0.1:7127/0 con 0x31edc00
2026-02-17T00:35:00.299+0000 7f67695f9640 20 -- v2:127.0.0.1:7127/0 >> v2:127.0.0.1:7128/0 conn(0x32f6800 msgr2=0x32c0b00 crc :-1 s=STATE_CONNECTION_ESTABLISHED l=0).read start len=32
2026-02-17T00:35:00.299+0000 7f6762dec640 5 mon.a@0(leader).paxos(paxos updating c 1..3) is_readable = 1 - now=2026-02-17T00:35:00.300690+0000 lease_expire=2026-02-17T00:35:05.300386+0000 has v0 lc 3
2026-02-17T00:35:00.299+0000 7f6762dec640 10 mon.a@0(leader).log v1 preprocess_query log(1 entries from seq 13 at
2026-02-17T00:35:00.296868+0000) from mon.0 v2:127.0.0.1:7127/0
2026-02-17T00:35:00.299+0000 7f6762dec640 10 mon.a@0(leader).log v1 preprocess_log log(1 entries from seq 13 at
2026-02-17T00:35:00.296868+0000) from mon.0
2026-02-17T00:35:00.299+0000 7f6762dec640 20 MonCap is_capable service=log command= write addr - on cap allow *
2026-02-17T00:35:00.299+0000 7f6762dec640 20 MonCap allow so far , doing grant allow *
2026-02-17T00:35:00.299+0000 7f6762dec640 20 MonCap allow all
2026-02-17T00:35:00.299+0000 7f6762dec640 10 mon.a@0(leader) e1 no_reply to mon.0 v2:127.0.0.1:7127/0 log(1 entries from seq 13 at
2026-02-17T00:35:00.296868+0000)
2026-02-17T00:35:00.299+0000 7f6762dec640 10 mon.a@0(leader).paxosservice(logm 1..1) waiting for paxos -> writeable
2026-02-17T00:35:00.299+0000 7f6762dec640 10 mon.a@0(leader).paxosservice(logm 1..1) dispatch 0x43701c0 log(1 entries from seq 14 at
2026-02-17T00:35:00.298004+0000) from mon.0 v2:127.0.0.1:7127/0 con 0x31edc00
2026-02-17T00:35:00.299+0000 7f6762dec640 5 mon.a@0(leader).paxos(paxos updating c 1..3) is_readable = 1 - now=2026-02-17T00:35:00.300697+0000 lease_expire=2026-02-17T00:35:05.300386+0000 has v0 lc 3
2026-02-17T00:35:00.299+0000 7f6762dec640 10 mon.a@0(leader).log v1 preprocess_query log(1 entries from seq 14 at
2026-02-17T00:35:00.298004+0000) from mon.0 v2:127.0.0.1:7127/0
2026-02-17T00:35:00.299+0000 7f6762dec640 10 mon.a@0(leader).log v1 preprocess_log log(1 entries from seq 14 at
2026-02-17T00:35:00.298004+0000) from mon.0
2026-02-17T00:35:00.299+0000 7f6762dec640 20 MonCap is_capable service=log command= write addr - on cap allow *
2026-02-17T00:35:00.299+0000 7f6762dec640 20 MonCap allow so far , doing grant allow *
2026-02-17T00:35:00.299+0000 7f6762dec640 20 MonCap allow all
2026-02-17T00:35:00.299+0000 7f6762dec640 10 mon.a@0(leader) e1 no_reply to mon.0 v2:127.0.0.1:7127/0 log(1 entries from seq 14 at
2026-02-17T00:35:00.298004+0000)
2026-02-17T00:35:00.299+0000 7f6762dec640 10 mon.a@0(leader).paxosservice(logm 1..1) waiting for paxos -> writeable
2026-02-17T00:35:00.299+0000 7f6762dec640 10 mon.a@0(leader).paxosservice(auth 1..1) _active
2026-02-17T00:35:00.299+0000 7f6762dec640 7 mon.a@0(leader).paxosservice(auth 1..1) _active creating new pending
2026-02-17T00:35:00.299+0000 7f6762dec640 10 mon.a@0(leader).auth v1 create_pending v 2
2026-02-17T00:35:00.299+0000 7f6762dec640 20 mon.a@0(leader).auth v1 upgrade_format format 3 is current
2026-02-17T00:35:00.299+0000 7f6762dec640 10 mon.a@0(leader).auth v1 AuthMonitor::on_active()
2026-02-17T00:35:00.299+0000 7f6762dec640 10 mon.a@0(leader).auth v1 increasing max_global_id to 14096
2026-02-17T00:35:00.299+0000 7f6762dec640 10 mon.a@0(leader).paxosservice(auth 1..1) propose_pending
2026-02-17T00:35:00.299+0000 7f6762dec640 10 mon.a@0(leader).auth v1 encode_full auth v 1
2026-02-17T00:35:00.299+0000 7f6762dec640 20 mon.a@0(leader).auth v1 encode_full key server has no secrets!
2026-02-17T00:35:00.299+0000 7f6762dec640 10 mon.a@0(leader).auth v1 encode_pending v 2
2026-02-17T00:35:00.299+0000 7f6762dec640 10 mon.a@0(leader) e1 log_health updated 0 previous 0
2026-02-17T00:35:00.299+0000 7f6762dec640 5 mon.a@0(leader).paxos(paxos updating c 1..3) queue_pending_finisher 0x313f040
2026-02-17T00:35:00.299+0000 7f6762dec640 10 mon.a@0(leader).paxos(paxos updating c 1..3) trigger_propose not active, will propose later
2026-02-17T00:35:00.299+0000 7f6762dec640 10 mon.a@0(leader).paxosservice(mgr 1..1) _active
2026-02-17T00:35:00.299+0000 7f6762dec640 7 mon.a@0(leader).paxosservice(mgr 1..1) _active creating new pending
2026-02-17T00:35:00.299+0000 7f6762dec640 0 log_channel(cluster) log [DBG] : mgrmap e1: no daemons active
2026-02-17T00:35:00.299+0000 7f6762dec640 1 -- v2:127.0.0.1:7127/0 --> v2:127.0.0.1:7127/0 -- log(1 entries from seq 16 at
2026-02-17T00:35:00.300737+0000) -- 0x4370540 con 0x31edc00
2026-02-17T00:35:00.299+0000 7f6762dec640 20 -- v2:127.0.0.1:7127/0 >> v2:127.0.0.1:7127/0 conn(0x31edc00 msgr2=0x3295000 unknown :-1 s=STATE_NONE l=0).send_message log(1 entries from seq 16 at
2026-02-17T00:35:00.300737+0000) local
2026-02-17T00:35:00.299+0000 7f6762dec640 10 mon.a@0(leader).paxosservice(mgrstat 1..1) _active
2026-02-17T00:35:00.299+0000 7f6762dec640 7 mon.a@0(leader).paxosservice(mgrstat 1..1) _active creating new pending
2026-02-17T00:35:00.299+0000 7f6762dec640 10 mon.a@0(leader).mgrstat 1
2026-02-17T00:35:00.300+0000 7f6764df0640 20 -- v2:127.0.0.1:7127/0 queue 0x4370540 prio 196
2026-02-17T00:35:00.300+0000 7f6762dec640 20 mon.a@0(leader).mgrstat update_logger
2026-02-17T00:35:00.300+0000 7f6762dec640 10 mon.a@0(leader).paxosservice(health 1..1) _active
2026-02-17T00:35:00.300+0000 7f6762dec640 7 mon.a@0(leader).paxosservice(health 1..1) _active creating new pending
2026-02-17T00:35:00.300+0000 7f6762dec640 10 mon.a@0(leader).health 1
2026-02-17T00:35:00.300+0000 7f6762dec640 10 mon.a@0(leader) e1 do_health_to_clog_interval
2026-02-17T00:35:00.300+0000 7f6762dec640 10 mon.a@0(leader) e1 do_health_to_clog (force)
2026-02-17T00:35:00.300+0000 7f6762dec640 0 log_channel(cluster) log [INF] : overall HEALTH_OK
2026-02-17T00:35:00.300+0000 7f6762dec640 1 -- v2:127.0.0.1:7127/0 --> v2:127.0.0.1:7127/0 -- log(1 entries from seq 17 at
2026-02-17T00:35:00.300760+0000) -- 0x4370700 con 0x31edc00
2026-02-17T00:35:00.300+0000 7f6762dec640 20 -- v2:127.0.0.1:7127/0 >> v2:127.0.0.1:7127/0 conn(0x31edc00 msgr2=0x3295000 unknown :-1 s=STATE_NONE l=0).send_message log(1 entries from seq 17 at
2026-02-17T00:35:00.300760+0000) local
2026-02-17T00:35:00.300+0000 7f6762dec640 15 mon.a@0(leader) e1 health_interval_start
2026-02-17T00:35:00.300+0000 7f6762dec640 15 mon.a@0(leader) e1 health_interval_stop
2026-02-17T00:35:00.300+0000 7f6762dec640 20 mon.a@0(leader) e1 health_interval_calc_next_update now:
2026-02-17T00:35:00.300767+0000, next: 1771288800s, interval: 600
2026-02-17T00:35:00.300+0000 7f6762dec640 10 mon.a@0(leader).paxosservice(config 1..1) _active
2026-02-17T00:35:00.300+0000 7f6762dec640 7 mon.a@0(leader).paxosservice(config 1..1) _active creating new pending
2026-02-17T00:35:00.300+0000 7f6764df0640 20 -- v2:127.0.0.1:7127/0 queue 0x4370700 prio 196
2026-02-17T00:35:00.300+0000 7f6762dec640 10 mon.a@0(leader).config 1
2026-02-17T00:35:00.300+0000 7f6762dec640 10 mon.a@0(leader).paxosservice(kv 1..1) _active
2026-02-17T00:35:00.300+0000 7f6762dec640 7 mon.a@0(leader).paxosservice(kv 1..1) _active creating new pending
2026-02-17T00:35:00.300+0000 7f6762dec640 10 mon.a@0(leader).kv 1
2026-02-17T00:35:00.300+0000 7f6762dec640 10 mon.a@0(leader).paxosservice(nvmeofgw 1..1) _active
2026-02-17T00:35:00.300+0000 7f6762dec640 7 mon.a@0(leader).paxosservice(nvmeofgw 1..1) _active creating new pending
2026-02-17T00:35:00.300+0000 7f6762dec640 10 nvmeofgw virtual void NVMeofGwMon::create_pending() pending nvmeofgw == NVMeofGwMap [ Created_gws: epoch 2
2026-02-17T00:35:00.300+0000 7f6762dec640 20 mon.a@0(leader).paxos(paxos updating c 1..3) finish_round waiting_for_readable
2026-02-17T00:35:00.300+0000 7f6762dec640 20 mon.a@0(leader).paxos(paxos updating c 1..3) finish_round waiting_for_writeable
2026-02-17T00:35:00.300+0000 7f6762dec640 10 mon.a@0(leader).paxos(paxos updating c 1..3) finish_round done w/ waiters, state updating
2026-02-17T00:35:00.300+0000 7f67655f1640 20 mon.a@0(leader) e1 _ms_dispatch existing session 0x4171200 for mon.0
2026-02-17T00:35:00.300+0000 7f67655f1640 20 mon.a@0(leader) e1 entity_name global_id 0 (none) caps allow *
2026-02-17T00:35:00.300+0000 7f67655f1640 10 mon.a@0(leader).paxosservice(logm 1..1) dispatch 0x4370380 log(1 entries from seq 15 at
2026-02-17T00:35:00.300402+0000) from mon.0 v2:127.0.0.1:7127/0 con 0x31edc00
2026-02-17T00:35:00.300+0000 7f67655f1640 5 mon.a@0(leader).paxos(paxos updating c 1..3) is_readable = 1 - now=2026-02-17T00:35:00.300779+0000 lease_expire=2026-02-17T00:35:05.300386+0000 has v0 lc 3
2026-02-17T00:35:00.300+0000 7f67655f1640 10 mon.a@0(leader).log v1 preprocess_query log(1 entries from seq 15 at
2026-02-17T00:35:00.300402+0000) from mon.0 v2:127.0.0.1:7127/0
2026-02-17T00:35:00.300+0000 7f67655f1640 10 mon.a@0(leader).log v1 preprocess_log log(1 entries from seq 15 at
2026-02-17T00:35:00.300402+0000) from mon.0
2026-02-17T00:35:00.300+0000 7f67655f1640 20 MonCap is_capable service=log command= write addr - on cap allow *
2026-02-17T00:35:00.300+0000 7f67655f1640 20 MonCap allow so far , doing grant allow *
2026-02-17T00:35:00.300+0000 7f67655f1640 20 MonCap allow all
2026-02-17T00:35:00.300+0000 7f67655f1640 10 mon.a@0(leader) e1 no_reply to mon.0 v2:127.0.0.1:7127/0 log(1 entries from seq 15 at
2026-02-17T00:35:00.300402+0000)
2026-02-17T00:35:00.300+0000 7f67655f1640 10 mon.a@0(leader).paxosservice(logm 1..1) waiting for paxos -> writeable
2026-02-17T00:35:00.300+0000 7f67655f1640 20 -- v2:127.0.0.1:7127/0 done calling dispatch on 0x4370380
