2026-02-17T00:35:00.300+0000 7f67695f9640 20 --2- v2:127.0.0.1:7127/0 >> v2:127.0.0.1:7128/0 conn(0x32f6800 0x32c0b00 crc :-1 s=READY pgs=4 gs=4 cs=0 l=0 c_cookie=18038808035868614088 s_cookie=11510937752390796259 reconnecting=0 rev1=1 crypto rx=0 tx=0 comp rx=0 tx=0).read_frame_segment seg_idx=0
2026-02-17T00:35:00.300+0000 7f67695f9640 20 -- v2:127.0.0.1:7127/0 >> v2:127.0.0.1:7128/0 conn(0x32f6800 msgr2=0x32c0b00 crc :-1 s=STATE_CONNECTION_ESTABLISHED l=0).read start len=12
2026-02-17T00:35:00.300+0000 7f67695f9640 20 --2- v2:127.0.0.1:7127/0 >> v2:127.0.0.1:7128/0 conn(0x32f6800 0x32c0b00 crc :-1 s=READY pgs=4 gs=4 cs=0 l=0 c_cookie=18038808035868614088 s_cookie=11510937752390796259 reconnecting=0 rev1=1 crypto rx=0 tx=0 comp rx=0 tx=0).handle_read_frame_segment r=0
2026-02-17T00:35:00.300+0000 7f67695f9640 10 --2- v2:127.0.0.1:7127/0 >> v2:127.0.0.1:7128/0 conn(0x32f6800 0x32c0b00 crc :-1 s=READY pgs=4 gs=4 cs=0 l=0 c_cookie=18038808035868614088 s_cookie=11510937752390796259 reconnecting=0 rev1=1 crypto rx=0 tx=0 comp rx=0 tx=0).handle_read_frame_dispatch tag=20
2026-02-17T00:35:00.300+0000 7f67695f9640 20 --2- v2:127.0.0.1:7127/0 >> v2:127.0.0.1:7128/0 conn(0x32f6800 0x32c0b00 crc :-1 s=READY pgs=4 gs=4 cs=0 l=0 c_cookie=18038808035868614088 s_cookie=11510937752390796259 reconnecting=0 rev1=1 crypto rx=0 tx=0 comp rx=0 tx=0).handle_message_ack payload.length()=8
2026-02-17T00:35:00.300+0000 7f67695f9640 15 --2- v2:127.0.0.1:7127/0 >> v2:127.0.0.1:7128/0 conn(0x32f6800 0x32c0b00 crc :-1 s=READY pgs=4 gs=4 cs=0 l=0 c_cookie=18038808035868614088 s_cookie=11510937752390796259 reconnecting=0 rev1=1 crypto rx=0 tx=0 comp rx=0 tx=0).handle_message_ack seq=38
2026-02-17T00:35:00.300+0000 7f67695f9640 10 --2- v2:127.0.0.1:7127/0 >> v2:127.0.0.1:7128/0 conn(0x32f6800 0x32c0b00 crc :-1 s=READY pgs=4 gs=4 cs=0 l=0 c_cookie=18038808035868614088 s_cookie=11510937752390796259 reconnecting=0 rev1=1 crypto rx=0 tx=0 comp rx=0 tx=0).handle_message_ack got ack seq 38 >= 38 on 0x43dae00 paxos(commit lc 4 fc 0 pn 200 opn 0)
2026-02-17T00:35:00.300+0000 7f67695f9640 20 --2- v2:127.0.0.1:7127/0 >> v2:127.0.0.1:7128/0 conn(0x32f6800 0x32c0b00 crc :-1 s=READY pgs=4 gs=4 cs=0 l=0 c_cookie=18038808035868614088 s_cookie=11510937752390796259 reconnecting=0 rev1=1 crypto rx=0 tx=0 comp rx=0 tx=0).read_frame
2026-02-17T00:35:00.300+0000 7f67695f9640 20 -- v2:127.0.0.1:7127/0 >> v2:127.0.0.1:7128/0 conn(0x32f6800 msgr2=0x32c0b00 crc :-1 s=STATE_CONNECTION_ESTABLISHED l=0).read start len=32
2026-02-17T00:35:00.300+0000 7f6762dec640 10 mon.a@0(leader).log v2 check_subs
2026-02-17T00:35:00.300+0000 7f6762dec640 10 mon.a@0(leader).paxosservice(monmap 1..1) refresh
2026-02-17T00:35:00.300+0000 7f6762dec640 10 mon.a@0(leader).paxosservice(auth 1..1) refresh
2026-02-17T00:35:00.300+0000 7f6762dec640 10 mon.a@0(leader).auth v1 update_from_paxos
2026-02-17T00:35:00.300+0000 7f6762dec640 10 mon.a@0(leader).paxosservice(mgr 1..1) refresh
2026-02-17T00:35:00.300+0000 7f6762dec640 10 mon.a@0(leader).config load_config got 0 keys
2026-02-17T00:35:00.300+0000 7f6762dec640 10 mon.a@0(leader).mgr e1 prime_mgr_client
2026-02-17T00:35:00.300+0000 7f6762dec640 10 mon.a@0(leader).paxosservice(mgrstat 1..1) refresh
2026-02-17T00:35:00.300+0000 7f6762dec640 10 mon.a@0(leader).mgrstat 1
2026-02-17T00:35:00.301+0000 7f6762dec640 10 mon.a@0(leader).mgrstat update_from_paxos v1 service_map e1 0 progress events 0 pools availability tracked
2026-02-17T00:35:00.301+0000 7f6762dec640 10 mon.a@0(leader).mgrstat check_subs
2026-02-17T00:35:00.301+0000 7f6762dec640 20 mon.a@0(leader).mgrstat update_logger
2026-02-17T00:35:00.301+0000 7f6762dec640 20 mon.a@0(leader).osd e1 notify_new_pg_digest
2026-02-17T00:35:00.301+0000 7f6762dec640 20 mon.a@0(leader).mgrstat should_calc_pool_availability
2026-02-17T00:35:00.301+0000 7f6762dec640 20 mon.a@0(leader).mgrstat calc_pool_availability
2026-02-17T00:35:00.301+0000 7f6762dec640 20 mon.a@0(leader).mgrstat calc_pool_availability tracking availability score is disabled
2026-02-17T00:35:00.301+0000 7f6762dec640 10 mon.a@0(leader).paxosservice(health 1..1) refresh
2026-02-17T00:35:00.301+0000 7f6762dec640 10 mon.a@0(leader).health update_from_paxos
2026-02-17T00:35:00.301+0000 7f6762dec640 20 mon.a@0(leader).health dump:{ "quorum_health": {}, "leader_health": {} }
2026-02-17T00:35:00.301+0000 7f6762dec640 10 mon.a@0(leader).paxosservice(config 1..1) refresh
2026-02-17T00:35:00.301+0000 7f6762dec640 10 mon.a@0(leader).paxosservice(kv 1..1) refresh
2026-02-17T00:35:00.301+0000 7f6762dec640 10 mon.a@0(leader).paxosservice(nvmeofgw 1..1) refresh
2026-02-17T00:35:00.301+0000 7f6762dec640 20 nvmeofgw virtual void NVMeofGwMon::update_from_paxos(bool*) has BEACON_DIFF: 1
2026-02-17T00:35:00.301+0000 7f6762dec640 10 mon.a@0(leader).paxosservice(mdsmap 1..1) post_refresh
2026-02-17T00:35:00.301+0000 7f6762dec640 10 mon.a@0(leader).paxosservice(osdmap 1..1) post_refresh
2026-02-17T00:35:00.301+0000 7f6762dec640 10 mon.a@0(leader).paxosservice(logm 1..2) post_refresh
2026-02-17T00:35:00.301+0000 7f6762dec640 10 mon.a@0(leader).paxosservice(monmap 1..1) post_refresh
2026-02-17T00:35:00.301+0000 7f6762dec640 10 mon.a@0(leader).paxosservice(auth 1..1) post_refresh
2026-02-17T00:35:00.301+0000 7f6762dec640 10 mon.a@0(leader).paxosservice(mgr 1..1) post_refresh
2026-02-17T00:35:00.301+0000 7f6762dec640 10 mon.a@0(leader).paxosservice(mgrstat 1..1) post_refresh
2026-02-17T00:35:00.301+0000 7f6762dec640 10 mon.a@0(leader).paxosservice(health 1..1) post_refresh
2026-02-17T00:35:00.301+0000 7f6762dec640 10 mon.a@0(leader).paxosservice(config 1..1) post_refresh
2026-02-17T00:35:00.301+0000 7f6762dec640 10 mon.a@0(leader).paxosservice(kv 1..1) post_refresh
2026-02-17T00:35:00.301+0000 7f6762dec640 10 mon.a@0(leader).paxosservice(nvmeofgw 1..1) post_refresh
2026-02-17T00:35:00.301+0000 7f6762dec640 10 mon.a@0(leader).paxos(paxos refresh c 1..4) commit_proposal
2026-02-17T00:35:00.301+0000 7f6762dec640 10 mon.a@0(leader).paxosservice(logm 1..2) _active - not active
2026-02-17T00:35:00.301+0000 7f6762dec640 7 mon.a@0(leader).paxos(paxos refresh c 1..4) extend_lease now+5 (2026-02-17T00:35:05.301791+0000)
2026-02-17T00:35:00.301+0000 7f6762dec640 1 -- v2:127.0.0.1:7127/0 send_to--> mon v2:127.0.0.1:7128/0 -- paxos(lease lc 4 fc 1 pn 0 opn 0) -- ?+0 0x43db000
2026-02-17T00:35:00.301+0000 7f6762dec640 10 -- v2:127.0.0.1:7127/0 connect_to v2:127.0.0.1:7128/0 existing 0x32f6800
2026-02-17T00:35:00.301+0000 7f6762dec640 1 -- v2:127.0.0.1:7127/0 --> v2:127.0.0.1:7128/0 -- paxos(lease lc 4 fc 1 pn 0 opn 0) -- 0x43db000 con 0x32f6800
2026-02-17T00:35:00.301+0000 7f6762dec640 5 --2- v2:127.0.0.1:7127/0 >> v2:127.0.0.1:7128/0 conn(0x32f6800 0x32c0b00 crc :-1 s=READY pgs=4 gs=4 cs=0 l=0 c_cookie=18038808035868614088 s_cookie=11510937752390796259 reconnecting=0 rev1=1 crypto rx=0 tx=0 comp rx=0 tx=0).send_message enqueueing message m=0x43db000 type=66 paxos(lease lc 4 fc 1 pn 0 opn 0)
2026-02-17T00:35:00.301+0000 7f6762dec640 15 --2- v2:127.0.0.1:7127/0 >> v2:127.0.0.1:7128/0 conn(0x32f6800 0x32c0b00 crc :-1 s=READY pgs=4 gs=4 cs=0 l=0 c_cookie=18038808035868614088 s_cookie=11510937752390796259 reconnecting=0 rev1=1 crypto rx=0 tx=0 comp rx=0 tx=0).send_message message queued for async transmission m=0x43db000
2026-02-17T00:35:00.301+0000 7f6762dec640 20 Event(0x31a6bc8 nevent=5000 time_id=5).wakeup
2026-02-17T00:35:00.301+0000 7f6762dec640 10 mon.a@0(leader).paxos(paxos refresh c 1..4) finish_round
2026-02-17T00:35:00.301+0000 7f6762dec640 20 mon.a@0(leader).paxos(paxos active c 1..4) finish_round waiting_for_acting
2026-02-17T00:35:00.301+0000 7f6762dec640 10 mon.a@0(leader).paxosservice(logm 1..2) _active
2026-02-17T00:35:00.301+0000 7f6762dec640 7 mon.a@0(leader).paxosservice(logm 1..2) _active creating new pending
2026-02-17T00:35:00.301+0000 7f6762dec640 10 mon.a@0(leader).log v2 create_pending v 3
2026-02-17T00:35:00.301+0000 7f67695f9640 10 -- v2:127.0.0.1:7127/0 >> v2:127.0.0.1:7128/0 conn(0x32f6800 msgr2=0x32c0b00 crc :-1 s=STATE_CONNECTION_ESTABLISHED l=0).handle_write
2026-02-17T00:35:00.301+0000 7f67695f9640 10 --2- v2:127.0.0.1:7127/0 >> v2:127.0.0.1:7128/0 conn(0x32f6800 0x32c0b00 crc :-1 s=READY pgs=4 gs=4 cs=0 l=0 c_cookie=18038808035868614088 s_cookie=11510937752390796259 reconnecting=0 rev1=1 crypto rx=0 tx=0 comp rx=0 tx=0).write_event
2026-02-17T00:35:00.301+0000 7f67695f9640 20 --2- v2:127.0.0.1:7127/0 >> v2:127.0.0.1:7128/0 conn(0x32f6800 0x32c0b00 crc :-1 s=READY pgs=4 gs=4 cs=0 l=0 c_cookie=18038808035868614088 s_cookie=11510937752390796259 reconnecting=0 rev1=1 crypto rx=0 tx=0 comp rx=0 tx=0).prepare_send_message m=paxos(lease lc 4 fc 1 pn 0 opn 0)
2026-02-17T00:35:00.301+0000 7f6762dec640 10 mon.a@0(leader).paxosservice(logm 1..2) dispatch 0x41c21c0 log(1 entries from seq 2 at
2026-02-17T00:34:55.289096+0000) from mon.0 v2:127.0.0.1:7127/0 con 0x31edc00
2026-02-17T00:35:00.301+0000 7f67695f9640 20 --2- v2:127.0.0.1:7127/0 >> v2:127.0.0.1:7128/0 conn(0x32f6800 0x32c0b00 crc :-1 s=READY pgs=4 gs=4 cs=0 l=0 c_cookie=18038808035868614088 s_cookie=11510937752390796259 reconnecting=0 rev1=1 crypto rx=0 tx=0 comp rx=0 tx=0).prepare_send_message encoding features 4544132024016699391 0x43db000 paxos(lease lc 4 fc 1 pn 0 opn 0)
2026-02-17T00:35:00.301+0000 7f6762dec640 5 mon.a@0(leader).paxos(paxos active c 1..4) is_readable = 1 - now=2026-02-17T00:35:00.301809+0000 lease_expire=2026-02-17T00:35:05.301791+0000 has v0 lc 4
2026-02-17T00:35:00.301+0000 7f67695f9640 2 --2- v2:127.0.0.1:7127/0 >> v2:127.0.0.1:7128/0 conn(0x32f6800 0x32c0b00 crc :-1 s=READY pgs=4 gs=4 cs=0 l=0 c_cookie=18038808035868614088 s_cookie=11510937752390796259 reconnecting=0 rev1=1 crypto rx=0 tx=0 comp rx=0 tx=0).write_message sending message m=0x43db000 seq=39 paxos(lease lc 4 fc 1 pn 0 opn 0)
2026-02-17T00:35:00.301+0000 7f6762dec640 10 mon.a@0(leader).log v2 preprocess_query log(1 entries from seq 2 at
2026-02-17T00:34:55.289096+0000) from mon.0 v2:127.0.0.1:7127/0
2026-02-17T00:35:00.301+0000 7f67695f9640 20 --2- v2:127.0.0.1:7127/0 >> v2:127.0.0.1:7128/0 conn(0x32f6800 0x32c0b00 crc :-1 s=READY pgs=4 gs=4 cs=0 l=0 c_cookie=18038808035868614088 s_cookie=11510937752390796259 reconnecting=0 rev1=1 crypto rx=0 tx=0 comp rx=0 tx=0).write_message sending m=0x43db000 seq=39 src=mon.0 off=0
2026-02-17T00:35:00.301+0000 7f6762dec640 10 mon.a@0(leader).log v2 preprocess_log log(1 entries from seq 2 at
2026-02-17T00:34:55.289096+0000) from mon.0
2026-02-17T00:35:00.301+0000 7f6762dec640 20 MonCap is_capable service=log command= write addr - on cap allow *
2026-02-17T00:35:00.301+0000 7f6762dec640 20 MonCap allow so far , doing grant allow *
2026-02-17T00:35:00.301+0000 7f6762dec640 20 MonCap allow all
2026-02-17T00:35:00.301+0000 7f6762dec640 10 mon.a@0(leader) e1 no_reply to mon.0 v2:127.0.0.1:7127/0 log(1 entries from seq 2 at
2026-02-17T00:34:55.289096+0000)
2026-02-17T00:35:00.301+0000 7f67695f9640 10 -- v2:127.0.0.1:7127/0 >> v2:127.0.0.1:7128/0 conn(0x32f6800 msgr2=0x32c0b00 crc :-1 s=STATE_CONNECTION_ESTABLISHED l=0)._try_send sent bytes 174 remaining bytes 0
2026-02-17T00:35:00.301+0000 7f6762dec640 10 mon.a@0(leader).log v2 prepare_update log(1 entries from seq 2 at
2026-02-17T00:34:55.289096+0000) from mon.0 v2:127.0.0.1:7127/0
2026-02-17T00:35:00.301+0000 7f67695f9640 10 --2- v2:127.0.0.1:7127/0 >> v2:127.0.0.1:7128/0 conn(0x32f6800 0x32c0b00 crc :-1 s=READY pgs=4 gs=4 cs=0 l=0 c_cookie=18038808035868614088 s_cookie=11510937752390796259 reconnecting=0 rev1=1 crypto rx=0 tx=0 comp rx=0 tx=0).write_message sending 0x43db000 done.
2026-02-17T00:35:00.301+0000 7f6762dec640 10 mon.a@0(leader).log v2 prepare_log log(1 entries from seq 2 at
2026-02-17T00:34:55.289096+0000) from mon.0
2026-02-17T00:35:00.301+0000 7f6762dec640 10 mon.a@0(leader).log v2 logging
2026-02-17T00:34:55.289096+0000 mon.a (mon.0) 2 : cluster [INF] mon.a is new leader, mons a,b in quorum (ranks 0,1)
2026-02-17T00:35:00.301+0000 7f6762dec640 10 mon.a@0(leader).paxosservice(logm 1..2) setting proposal_timer 0x43751c0 with delay of 0.0993757
2026-02-17T00:35:00.301+0000 7f6762dec640 10 mon.a@0(leader).paxosservice(logm 1..2) dispatch 0x41c2380 log(1 entries from seq 3 at
2026-02-17T00:34:55.294734+0000) from mon.0 v2:127.0.0.1:7127/0 con 0x31edc00
2026-02-17T00:35:00.301+0000 7f6762dec640 5 mon.a@0(leader).paxos(paxos active c 1..4) is_readable = 1 - now=2026-02-17T00:35:00.301824+0000 lease_expire=2026-02-17T00:35:05.301791+0000 has v0 lc 4
2026-02-17T00:35:00.301+0000 7f6762dec640 10 mon.a@0(leader).log v2 preprocess_query log(1 entries from seq 3 at
2026-02-17T00:34:55.294734+0000) from mon.0 v2:127.0.0.1:7127/0
2026-02-17T00:35:00.301+0000 7f6762dec640 10 mon.a@0(leader).log v2 preprocess_log log(1 entries from seq 3 at
2026-02-17T00:34:55.294734+0000) from mon.0
2026-02-17T00:35:00.301+0000 7f6762dec640 20 MonCap is_capable service=log command= write addr - on cap allow *
2026-02-17T00:35:00.301+0000 7f6762dec640 20 MonCap allow so far , doing grant allow *
2026-02-17T00:35:00.301+0000 7f6762dec640 20 MonCap allow all
2026-02-17T00:35:00.301+0000 7f6762dec640 10 mon.a@0(leader) e1 no_reply to mon.0 v2:127.0.0.1:7127/0 log(1 entries from seq 3 at
2026-02-17T00:34:55.294734+0000)
2026-02-17T00:35:00.301+0000 7f6762dec640 10 mon.a@0(leader).log v2 prepare_update log(1 entries from seq 3 at
2026-02-17T00:34:55.294734+0000) from mon.0 v2:127.0.0.1:7127/0
2026-02-17T00:35:00.301+0000 7f6762dec640 10 mon.a@0(leader).log v2 prepare_log log(1 entries from seq 3 at
2026-02-17T00:34:55.294734+0000) from mon.0
2026-02-17T00:35:00.301+0000 7f6762dec640 10 mon.a@0(leader).log v2 logging
2026-02-17T00:34:55.294734+0000 mon.a (mon.0) 3 : cluster [INF] mon.a calling monitor election
2026-02-17T00:35:00.301+0000 7f6762dec640 10 mon.a@0(leader).paxosservice(logm 1..2) proposal_timer already set
2026-02-17T00:35:00.301+0000 7f6762dec640 10 mon.a@0(leader).paxosservice(logm 1..2) dispatch 0x41c2700 log(1 entries from seq 4 at
2026-02-17T00:35:00.295518+0000) from mon.0 v2:127.0.0.1:7127/0 con 0x31edc00
2026-02-17T00:35:00.301+0000 7f6762dec640 5 mon.a@0(leader).paxos(paxos active c 1..4) is_readable = 1 - now=2026-02-17T00:35:00.301835+0000 lease_expire=2026-02-17T00:35:05.301791+0000 has v0 lc 4
2026-02-17T00:35:00.301+0000 7f6762dec640 10 mon.a@0(leader).log v2 preprocess_query log(1 entries from seq 4 at
2026-02-17T00:35:00.295518+0000) from mon.0 v2:127.0.0.1:7127/0
2026-02-17T00:35:00.301+0000 7f6762dec640 10 mon.a@0(leader).log v2 preprocess_log log(1 entries from seq 4 at
2026-02-17T00:35:00.295518+0000) from mon.0
2026-02-17T00:35:00.301+0000 7f6762dec640 20 MonCap is_capable service=log command= write addr - on cap allow *
2026-02-17T00:35:00.301+0000 7f6762dec640 20 MonCap allow so far , doing grant allow *
2026-02-17T00:35:00.301+0000 7f6762dec640 20 MonCap allow all
2026-02-17T00:35:00.301+0000 7f6762dec640 10 mon.a@0(leader) e1 no_reply to mon.0 v2:127.0.0.1:7127/0 log(1 entries from seq 4 at
2026-02-17T00:35:00.295518+0000)
2026-02-17T00:35:00.301+0000 7f6762dec640 10 mon.a@0(leader).log v2 prepare_update log(1 entries from seq 4 at
2026-02-17T00:35:00.295518+0000) from mon.0 v2:127.0.0.1:7127/0
2026-02-17T00:35:00.301+0000 7f6762dec640 10 mon.a@0(leader).log v2 prepare_log log(1 entries from seq 4 at
2026-02-17T00:35:00.295518+0000) from mon.0
2026-02-17T00:35:00.301+0000 7f6762dec640 10 mon.a@0(leader).log v2 logging
2026-02-17T00:35:00.295518+0000 mon.a (mon.0) 4 : cluster [INF] mon.a is new leader, mons a,b in quorum (ranks 0,1)
2026-02-17T00:35:00.301+0000 7f6762dec640 10 mon.a@0(leader).paxosservice(logm 1..2) proposal_timer already set
2026-02-17T00:35:00.301+0000 7f6762dec640 10 mon.a@0(leader).paxosservice(logm 1..2) dispatch 0x41c2540 log(1 entries from seq 5 at
2026-02-17T00:35:00.296793+0000) from mon.0 v2:127.0.0.1:7127/0 con 0x31edc00
2026-02-17T00:35:00.301+0000 7f6762dec640 5 mon.a@0(leader).paxos(paxos active c 1..4) is_readable = 1 - now=2026-02-17T00:35:00.301846+0000 lease_expire=2026-02-17T00:35:05.301791+0000 has v0 lc 4
2026-02-17T00:35:00.301+0000 7f6762dec640 10 mon.a@0(leader).log v2 preprocess_query log(1 entries from seq 5 at
2026-02-17T00:35:00.296793+0000) from mon.0 v2:127.0.0.1:7127/0
2026-02-17T00:35:00.301+0000 7f6762dec640 10 mon.a@0(leader).log v2 preprocess_log log(1 entries from seq 5 at
2026-02-17T00:35:00.296793+0000) from mon.0
2026-02-17T00:35:00.301+0000 7f6762dec640 20 MonCap is_capable service=log command= write addr - on cap allow *
2026-02-17T00:35:00.301+0000 7f6762dec640 20 MonCap allow so far , doing grant allow *
2026-02-17T00:35:00.301+0000 7f6762dec640 20 MonCap allow all
2026-02-17T00:35:00.301+0000 7f6762dec640 10 mon.a@0(leader) e1 no_reply to mon.0 v2:127.0.0.1:7127/0 log(1 entries from seq 5 at
2026-02-17T00:35:00.296793+0000)
2026-02-17T00:35:00.301+0000 7f6762dec640 10 mon.a@0(leader).log v2 prepare_update log(1 entries from seq 5 at
2026-02-17T00:35:00.296793+0000) from mon.0 v2:127.0.0.1:7127/0
2026-02-17T00:35:00.301+0000 7f6762dec640 10 mon.a@0(leader).log v2 prepare_log log(1 entries from seq 5 at
2026-02-17T00:35:00.296793+0000) from mon.0
2026-02-17T00:35:00.301+0000 7f6762dec640 10 mon.a@0(leader).log v2 logging
2026-02-17T00:35:00.296793+0000 mon.a (mon.0) 5 : cluster [DBG] monmap epoch 1
2026-02-17T00:35:00.301+0000 7f6762dec640 10 mon.a@0(leader).paxosservice(logm 1..2) proposal_timer already set
2026-02-17T00:35:00.301+0000 7f6762dec640 10 mon.a@0(leader).paxosservice(logm 1..2) dispatch 0x41c2a80 log(1 entries from seq 6 at
2026-02-17T00:35:00.296803+0000) from mon.0 v2:127.0.0.1:7127/0 con 0x31edc00
2026-02-17T00:35:00.301+0000 7f6762dec640 5 mon.a@0(leader).paxos(paxos active c 1..4) is_readable = 1 - now=2026-02-17T00:35:00.301857+0000 lease_expire=2026-02-17T00:35:05.301791+0000 has v0 lc 4
2026-02-17T00:35:00.301+0000 7f6762dec640 10 mon.a@0(leader).log v2 preprocess_query log(1 entries from seq 6 at
2026-02-17T00:35:00.296803+0000) from mon.0 v2:127.0.0.1:7127/0
2026-02-17T00:35:00.301+0000 7f6762dec640 10 mon.a@0(leader).log v2 preprocess_log log(1 entries from seq 6 at
2026-02-17T00:35:00.296803+0000) from mon.0
2026-02-17T00:35:00.301+0000 7f6762dec640 20 MonCap is_capable service=log command= write addr - on cap allow *
2026-02-17T00:35:00.301+0000 7f6762dec640 20 MonCap allow so far , doing grant allow *
2026-02-17T00:35:00.301+0000 7f6762dec640 20 MonCap allow all
2026-02-17T00:35:00.301+0000 7f6762dec640 10 mon.a@0(leader) e1 no_reply to mon.0 v2:127.0.0.1:7127/0 log(1 entries from seq 6 at
2026-02-17T00:35:00.296803+0000)
2026-02-17T00:35:00.301+0000 7f6762dec640 10 mon.a@0(leader).log v2 prepare_update log(1 entries from seq 6 at
2026-02-17T00:35:00.296803+0000) from mon.0 v2:127.0.0.1:7127/0
2026-02-17T00:35:00.301+0000 7f6762dec640 10 mon.a@0(leader).log v2 prepare_log log(1 entries from seq 6 at
2026-02-17T00:35:00.296803+0000) from mon.0
2026-02-17T00:35:00.301+0000 7f6762dec640 10 mon.a@0(leader).log v2 logging
2026-02-17T00:35:00.296803+0000 mon.a (mon.0) 6 : cluster [DBG] fsid 4e835410-cb7e-42ec-b559-cd6c9cd9e5c6
2026-02-17T00:35:00.301+0000 7f6762dec640 10 mon.a@0(leader).paxosservice(logm 1..2) proposal_timer already set
2026-02-17T00:35:00.301+0000 7f6762dec640 10 mon.a@0(leader).paxosservice(logm 1..2) dispatch 0x41c2c40 log(1 entries from seq 7 at
2026-02-17T00:35:00.296808+0000) from mon.0 v2:127.0.0.1:7127/0 con 0x31edc00
2026-02-17T00:35:00.301+0000 7f6762dec640 5 mon.a@0(leader).paxos(paxos active c 1..4) is_readable = 1 - now=2026-02-17T00:35:00.301868+0000 lease_expire=2026-02-17T00:35:05.301791+0000 has v0 lc 4
2026-02-17T00:35:00.301+0000 7f6762dec640 10 mon.a@0(leader).log v2 preprocess_query log(1 entries from seq 7 at
2026-02-17T00:35:00.296808+0000) from mon.0 v2:127.0.0.1:7127/0
2026-02-17T00:35:00.301+0000 7f6762dec640 10 mon.a@0(leader).log v2 preprocess_log log(1 entries from seq 7 at
2026-02-17T00:35:00.296808+0000) from mon.0
2026-02-17T00:35:00.301+0000 7f6762dec640 20 MonCap is_capable service=log command= write addr - on cap allow *
2026-02-17T00:35:00.301+0000 7f6762dec640 20 MonCap allow so far , doing grant allow *
2026-02-17T00:35:00.301+0000 7f6762dec640 20 MonCap allow all
2026-02-17T00:35:00.301+0000 7f6762dec640 10 mon.a@0(leader) e1 no_reply to mon.0 v2:127.0.0.1:7127/0 log(1 entries from seq 7 at
2026-02-17T00:35:00.296808+0000)
2026-02-17T00:35:00.301+0000 7f67695f9640 20 -- v2:127.0.0.1:7127/0 >> v2:127.0.0.1:7128/0 conn(0x32f6800 msgr2=0x32c0b00 crc :-1 s=STATE_CONNECTION_ESTABLISHED l=0).process
2026-02-17T00:35:00.301+0000 7f67695f9640 20 -- v2:127.0.0.1:7127/0 >> v2:127.0.0.1:7128/0 conn(0x32f6800 msgr2=0x32c0b00 crc :-1 s=STATE_CONNECTION_ESTABLISHED l=0).read continue len=32
2026-02-17T00:35:00.301+0000 7f6762dec640 10 mon.a@0(leader).log v2 prepare_update log(1 entries from seq 7 at
2026-02-17T00:35:00.296808+0000) from mon.0 v2:127.0.0.1:7127/0
2026-02-17T00:35:00.301+0000 7f6762dec640 10 mon.a@0(leader).log v2 prepare_log log(1 entries from seq 7 at
2026-02-17T00:35:00.296808+0000) from mon.0
2026-02-17T00:35:00.301+0000 7f6762dec640 10 mon.a@0(leader).log v2 logging
2026-02-17T00:35:00.296808+0000 mon.a (mon.0) 7 : cluster [DBG] last_changed
2026-02-17T00:34:50.056332+0000
2026-02-17T00:35:00.301+0000 7f6762dec640 10 mon.a@0(leader).paxosservice(logm 1..2) proposal_timer already set
2026-02-17T00:35:00.301+0000 7f67695f9640 20 --2- v2:127.0.0.1:7127/0 >> v2:127.0.0.1:7128/0 conn(0x32f6800 0x32c0b00 crc :-1 s=READY pgs=4 gs=4 cs=0 l=0 c_cookie=18038808035868614088 s_cookie=11510937752390796259 reconnecting=0 rev1=1 crypto rx=0 tx=0 comp rx=0 tx=0).handle_read_frame_preamble_main r=0
2026-02-17T00:35:00.301+0000 7f6762dec640 10 mon.a@0(leader).paxosservice(logm 1..2) dispatch 0x41c2e00 log(1 entries from seq 8 at
2026-02-17T00:35:00.296817+0000) from mon.0 v2:127.0.0.1:7127/0 con 0x31edc00
2026-02-17T00:35:00.301+0000 7f67695f9640 20 --2- v2:127.0.0.1:7127/0 >> v2:127.0.0.1:7128/0 conn(0x32f6800 0x32c0b00 crc :-1 s=READY pgs=4 gs=4 cs=0 l=0 c_cookie=18038808035868614088 s_cookie=11510937752390796259 reconnecting=0 rev1=1 crypto rx=0 tx=0 comp rx=0 tx=0).read_frame_segment seg_idx=0
2026-02-17T00:35:00.301+0000 7f6762dec640 5 mon.a@0(leader).paxos(paxos active c 1..4) is_readable = 1 - now=2026-02-17T00:35:00.301885+0000 lease_expire=2026-02-17T00:35:05.301791+0000 has v0 lc 4
2026-02-17T00:35:00.301+0000 7f67695f9640 20 -- v2:127.0.0.1:7127/0 >> v2:127.0.0.1:7128/0 conn(0x32f6800 msgr2=0x32c0b00 crc :-1 s=STATE_CONNECTION_ESTABLISHED l=0).read start len=12
2026-02-17T00:35:00.301+0000 7f6762dec640 10 mon.a@0(leader).log v2 preprocess_query log(1 entries from seq 8 at
2026-02-17T00:35:00.296817+0000) from mon.0 v2:127.0.0.1:7127/0
2026-02-17T00:35:00.301+0000 7f67695f9640 20 --2- v2:127.0.0.1:7127/0 >> v2:127.0.0.1:7128/0 conn(0x32f6800 0x32c0b00 crc :-1 s=READY pgs=4 gs=4 cs=0 l=0 c_cookie=18038808035868614088 s_cookie=11510937752390796259 reconnecting=0 rev1=1 crypto rx=0 tx=0 comp rx=0 tx=0).handle_read_frame_segment r=0
2026-02-17T00:35:00.301+0000 7f6762dec640 10 mon.a@0(leader).log v2 preprocess_log log(1 entries from seq 8 at
2026-02-17T00:35:00.296817+0000) from mon.0
2026-02-17T00:35:00.301+0000 7f6762dec640 20 MonCap is_capable service=log command= write addr - on cap allow *
2026-02-17T00:35:00.301+0000 7f6762dec640 20 MonCap allow so far , doing grant allow *
2026-02-17T00:35:00.301+0000 7f6762dec640 20 MonCap allow all
2026-02-17T00:35:00.301+0000 7f67695f9640 10 --2- v2:127.0.0.1:7127/0 >> v2:127.0.0.1:7128/0 conn(0x32f6800 0x32c0b00 crc :-1 s=READY pgs=4 gs=4 cs=0 l=0 c_cookie=18038808035868614088 s_cookie=11510937752390796259 reconnecting=0 rev1=1 crypto rx=0 tx=0 comp rx=0 tx=0).handle_read_frame_dispatch tag=20
2026-02-17T00:35:00.301+0000 7f6762dec640 10 mon.a@0(leader) e1 no_reply to mon.0 v2:127.0.0.1:7127/0 log(1 entries from seq 8 at
2026-02-17T00:35:00.296817+0000)
2026-02-17T00:35:00.301+0000 7f67695f9640 20 --2- v2:127.0.0.1:7127/0 >> v2:127.0.0.1:7128/0 conn(0x32f6800 0x32c0b00 crc :-1 s=READY pgs=4 gs=4 cs=0 l=0 c_cookie=18038808035868614088 s_cookie=11510937752390796259 reconnecting=0 rev1=1 crypto rx=0 tx=0 comp rx=0 tx=0).handle_message_ack payload.length()=8
2026-02-17T00:35:00.301+0000 7f6762dec640 10 mon.a@0(leader).log v2 prepare_update log(1 entries from seq 8 at
2026-02-17T00:35:00.296817+0000) from mon.0 v2:127.0.0.1:7127/0
2026-02-17T00:35:00.301+0000 7f67695f9640 15 --2- v2:127.0.0.1:7127/0 >> v2:127.0.0.1:7128/0 conn(0x32f6800 0x32c0b00 crc :-1 s=READY pgs=4 gs=4 cs=0 l=0 c_cookie=18038808035868614088 s_cookie=11510937752390796259 reconnecting=0 rev1=1 crypto rx=0 tx=0 comp rx=0 tx=0).handle_message_ack seq=39
2026-02-17T00:35:00.301+0000 7f6762dec640 10 mon.a@0(leader).log v2 prepare_log log(1 entries from seq 8 at
2026-02-17T00:35:00.296817+0000) from mon.0
2026-02-17T00:35:00.301+0000 7f67695f9640 10 --2- v2:127.0.0.1:7127/0 >> v2:127.0.0.1:7128/0 conn(0x32f6800 0x32c0b00 crc :-1 s=READY pgs=4 gs=4 cs=0 l=0 c_cookie=18038808035868614088 s_cookie=11510937752390796259 reconnecting=0 rev1=1 crypto rx=0 tx=0 comp rx=0 tx=0).handle_message_ack got ack seq 39 >= 39 on 0x43db000 paxos(lease lc 4 fc 1 pn 0 opn 0)
2026-02-17T00:35:00.301+0000 7f6762dec640 10 mon.a@0(leader).log v2 logging
2026-02-17T00:35:00.296817+0000 mon.a (mon.0) 8 : cluster [DBG] created
2026-02-17T00:34:50.056332+0000
2026-02-17T00:35:00.301+0000 7f6762dec640 10 mon.a@0(leader).paxosservice(logm 1..2) proposal_timer already set
2026-02-17T00:35:00.301+0000 7f67695f9640 20 --2- v2:127.0.0.1:7127/0 >> v2:127.0.0.1:7128/0 conn(0x32f6800 0x32c0b00 crc :-1 s=READY pgs=4 gs=4 cs=0 l=0 c_cookie=18038808035868614088 s_cookie=11510937752390796259 reconnecting=0 rev1=1 crypto rx=0 tx=0 comp rx=0 tx=0).read_frame
2026-02-17T00:35:00.301+0000 7f67695f9640 20 -- v2:127.0.0.1:7127/0 >> v2:127.0.0.1:7128/0 conn(0x32f6800 msgr2=0x32c0b00 crc :-1 s=STATE_CONNECTION_ESTABLISHED l=0).read start len=32
2026-02-17T00:35:00.301+0000 7f6762dec640 10 mon.a@0(leader).paxosservice(logm 1..2) dispatch 0x41c2fc0 log(1 entries from seq 9 at
2026-02-17T00:35:00.296829+0000) from mon.0 v2:127.0.0.1:7127/0 con 0x31edc00
2026-02-17T00:35:00.301+0000 7f6762dec640 5 mon.a@0(leader).paxos(paxos active c 1..4) is_readable = 1 - now=2026-02-17T00:35:00.301899+0000 lease_expire=2026-02-17T00:35:05.301791+0000 has v0 lc 4
2026-02-17T00:35:00.301+0000 7f6762dec640 10 mon.a@0(leader).log v2 preprocess_query log(1 entries from seq 9 at
2026-02-17T00:35:00.296829+0000) from mon.0 v2:127.0.0.1:7127/0
2026-02-17T00:35:00.301+0000 7f6762dec640 10 mon.a@0(leader).log v2 preprocess_log log(1 entries from seq 9 at
2026-02-17T00:35:00.296829+0000) from mon.0
2026-02-17T00:35:00.301+0000 7f6762dec640 20 MonCap is_capable service=log command= write addr - on cap allow *
2026-02-17T00:35:00.301+0000 7f6762dec640 20 MonCap allow so far , doing grant allow *
2026-02-17T00:35:00.301+0000 7f6762dec640 20 MonCap allow all
2026-02-17T00:35:00.301+0000 7f6762dec640 10 mon.a@0(leader) e1 no_reply to mon.0 v2:127.0.0.1:7127/0 log(1 entries from seq 9 at
2026-02-17T00:35:00.296829+0000)
2026-02-17T00:35:00.301+0000 7f6762dec640 10 mon.a@0(leader).log v2 prepare_update log(1 entries from seq 9 at
2026-02-17T00:35:00.296829+0000) from mon.0 v2:127.0.0.1:7127/0
2026-02-17T00:35:00.301+0000 7f6762dec640 10 mon.a@0(leader).log v2 prepare_log log(1 entries from seq 9 at
2026-02-17T00:35:00.296829+0000) from mon.0
2026-02-17T00:35:00.301+0000 7f6762dec640 10 mon.a@0(leader).log v2 logging
2026-02-17T00:35:00.296829+0000 mon.a (mon.0) 9 : cluster [DBG] min_mon_release 0 (unknown)
2026-02-17T00:35:00.301+0000 7f6762dec640 10 mon.a@0(leader).paxosservice(logm 1..2) proposal_timer already set
2026-02-17T00:35:00.301+0000 7f6762dec640 10 mon.a@0(leader).paxosservice(logm 1..2) dispatch 0x41c3180 log(1 entries from seq 10 at
2026-02-17T00:35:00.296841+0000) from mon.0 v2:127.0.0.1:7127/0 con 0x31edc00
2026-02-17T00:35:00.301+0000 7f6762dec640 5 mon.a@0(leader).paxos(paxos active c 1..4) is_readable = 1 - now=2026-02-17T00:35:00.301912+0000 lease_expire=2026-02-17T00:35:05.301791+0000 has v0 lc 4
2026-02-17T00:35:00.301+0000 7f6762dec640 10 mon.a@0(leader).log v2 preprocess_query log(1 entries from seq 10 at
2026-02-17T00:35:00.296841+0000) from mon.0 v2:127.0.0.1:7127/0
2026-02-17T00:35:00.301+0000 7f6762dec640 10 mon.a@0(leader).log v2 preprocess_log log(1 entries from seq 10 at
2026-02-17T00:35:00.296841+0000) from mon.0
2026-02-17T00:35:00.301+0000 7f6762dec640 20 MonCap is_capable service=log command= write addr - on cap allow *
2026-02-17T00:35:00.301+0000 7f6762dec640 20 MonCap allow so far , doing grant allow *
2026-02-17T00:35:00.301+0000 7f6762dec640 20 MonCap allow all
2026-02-17T00:35:00.301+0000 7f6762dec640 10 mon.a@0(leader) e1 no_reply to mon.0 v2:127.0.0.1:7127/0 log(1 entries from seq 10 at
2026-02-17T00:35:00.296841+0000)
2026-02-17T00:35:00.301+0000 7f6762dec640 10 mon.a@0(leader).log v2 prepare_update log(1 entries from seq 10 at
2026-02-17T00:35:00.296841+0000) from mon.0 v2:127.0.0.1:7127/0
2026-02-17T00:35:00.301+0000 7f6762dec640 10 mon.a@0(leader).log v2 prepare_log log(1 entries from seq 10 at
2026-02-17T00:35:00.296841+0000) from mon.0
2026-02-17T00:35:00.301+0000 7f6762dec640 10 mon.a@0(leader).log v2 logging
2026-02-17T00:35:00.296841+0000 mon.a (mon.0) 10 : cluster [DBG] election_strategy: 1
2026-02-17T00:35:00.301+0000 7f6762dec640 10 mon.a@0(leader).paxosservice(logm 1..2) proposal_timer already set
2026-02-17T00:35:00.301+0000 7f6762dec640 10 mon.a@0(leader).paxosservice(logm 1..2) dispatch 0x41c3340 log(1 entries from seq 11 at
2026-02-17T00:35:00.296852+0000) from mon.0 v2:127.0.0.1:7127/0 con 0x31edc00
2026-02-17T00:35:00.301+0000 7f6762dec640 5 mon.a@0(leader).paxos(paxos active c 1..4) is_readable = 1 - now=2026-02-17T00:35:00.301924+0000 lease_expire=2026-02-17T00:35:05.301791+0000 has v0 lc 4
2026-02-17T00:35:00.301+0000 7f6762dec640 10 mon.a@0(leader).log v2 preprocess_query log(1 entries from seq 11 at
2026-02-17T00:35:00.296852+0000) from mon.0 v2:127.0.0.1:7127/0
2026-02-17T00:35:00.301+0000 7f6762dec640 10 mon.a@0(leader).log v2 preprocess_log log(1 entries from seq 11 at
2026-02-17T00:35:00.296852+0000) from mon.0
2026-02-17T00:35:00.301+0000 7f6762dec640 20 MonCap is_capable service=log command= write addr - on cap allow *
2026-02-17T00:35:00.301+0000 7f6762dec640 20 MonCap allow so far , doing grant allow *
2026-02-17T00:35:00.301+0000 7f6762dec640 20 MonCap allow all
2026-02-17T00:35:00.301+0000 7f6762dec640 10 mon.a@0(leader) e1 no_reply to mon.0 v2:127.0.0.1:7127/0 log(1 entries from seq 11 at
2026-02-17T00:35:00.296852+0000)
2026-02-17T00:35:00.301+0000 7f6762dec640 10 mon.a@0(leader).log v2 prepare_update log(1 entries from seq 11 at
2026-02-17T00:35:00.296852+0000) from mon.0 v2:127.0.0.1:7127/0
2026-02-17T00:35:00.301+0000 7f6762dec640 10 mon.a@0(leader).log v2 prepare_log log(1 entries from seq 11 at
2026-02-17T00:35:00.296852+0000) from mon.0
2026-02-17T00:35:00.301+0000 7f6762dec640 10 mon.a@0(leader).log v2 logging
2026-02-17T00:35:00.296852+0000 mon.a (mon.0) 11 : cluster [DBG] 0: v2:127.0.0.1:7127/0 mon.a
2026-02-17T00:35:00.301+0000 7f6762dec640 10 mon.a@0(leader).paxosservice(logm 1..2) proposal_timer already set
2026-02-17T00:35:00.301+0000 7f6762dec640 10 mon.a@0(leader).paxosservice(logm 1..2) dispatch 0x41c3500 log(1 entries from seq 12 at
2026-02-17T00:35:00.296857+0000) from mon.0 v2:127.0.0.1:7127/0 con 0x31edc00
2026-02-17T00:35:00.301+0000 7f6762dec640 5 mon.a@0(leader).paxos(paxos active c 1..4) is_readable = 1 - now=2026-02-17T00:35:00.301936+0000 lease_expire=2026-02-17T00:35:05.301791+0000 has v0 lc 4
2026-02-17T00:35:00.301+0000 7f6762dec640 10 mon.a@0(leader).log v2 preprocess_query log(1 entries from seq 12 at
2026-02-17T00:35:00.296857+0000) from mon.0 v2:127.0.0.1:7127/0
2026-02-17T00:35:00.301+0000 7f6762dec640 10 mon.a@0(leader).log v2 preprocess_log log(1 entries from seq 12 at
2026-02-17T00:35:00.296857+0000) from mon.0
2026-02-17T00:35:00.301+0000 7f6762dec640 20 MonCap is_capable service=log command= write addr - on cap allow *
2026-02-17T00:35:00.301+0000 7f6762dec640 20 MonCap allow so far , doing grant allow *
2026-02-17T00:35:00.301+0000 7f6762dec640 20 MonCap allow all
2026-02-17T00:35:00.301+0000 7f6762dec640 10 mon.a@0(leader) e1 no_reply to mon.0 v2:127.0.0.1:7127/0 log(1 entries from seq 12 at
2026-02-17T00:35:00.296857+0000)
2026-02-17T00:35:00.301+0000 7f6762dec640 10 mon.a@0(leader).log v2 prepare_update log(1 entries from seq 12 at
2026-02-17T00:35:00.296857+0000) from mon.0 v2:127.0.0.1:7127/0
2026-02-17T00:35:00.301+0000 7f6762dec640 10 mon.a@0(leader).log v2 prepare_log log(1 entries from seq 12 at
2026-02-17T00:35:00.296857+0000) from mon.0
2026-02-17T00:35:00.301+0000 7f6762dec640 10 mon.a@0(leader).log v2 logging
2026-02-17T00:35:00.296857+0000 mon.a (mon.0) 12 : cluster [DBG] 1: v2:127.0.0.1:7128/0 mon.b
2026-02-17T00:35:00.301+0000 7f6762dec640 10 mon.a@0(leader).paxosservice(logm 1..2) proposal_timer already set
2026-02-17T00:35:00.301+0000 7f6762dec640 10 mon.a@0(leader).paxosservice(logm 1..2) dispatch 0x41c36c0 log(1 entries from seq 13 at
2026-02-17T00:35:00.296868+0000) from mon.0 v2:127.0.0.1:7127/0 con 0x31edc00
2026-02-17T00:35:00.301+0000 7f6762dec640 5 mon.a@0(leader).paxos(paxos active c 1..4) is_readable = 1 - now=2026-02-17T00:35:00.301949+0000 lease_expire=2026-02-17T00:35:05.301791+0000 has v0 lc 4
2026-02-17T00:35:00.301+0000 7f6762dec640 10 mon.a@0(leader).log v2 preprocess_query log(1 entries from seq 13 at
2026-02-17T00:35:00.296868+0000) from mon.0 v2:127.0.0.1:7127/0
2026-02-17T00:35:00.301+0000 7f6762dec640 10 mon.a@0(leader).log v2 preprocess_log log(1 entries from seq 13 at
2026-02-17T00:35:00.296868+0000) from mon.0
2026-02-17T00:35:00.301+0000 7f6762dec640 20 MonCap is_capable service=log command= write addr - on cap allow *
2026-02-17T00:35:00.301+0000 7f6762dec640 20 MonCap allow so far , doing grant allow *
2026-02-17T00:35:00.301+0000 7f6762dec640 20 MonCap allow all
2026-02-17T00:35:00.301+0000 7f6762dec640 10 mon.a@0(leader) e1 no_reply to mon.0 v2:127.0.0.1:7127/0 log(1 entries from seq 13 at
2026-02-17T00:35:00.296868+0000)
2026-02-17T00:35:00.301+0000 7f6762dec640 10 mon.a@0(leader).log v2 prepare_update log(1 entries from seq 13 at
2026-02-17T00:35:00.296868+0000) from mon.0 v2:127.0.0.1:7127/0
2026-02-17T00:35:00.301+0000 7f6762dec640 10 mon.a@0(leader).log v2 prepare_log log(1 entries from seq 13 at
2026-02-17T00:35:00.296868+0000) from mon.0
2026-02-17T00:35:00.301+0000 7f6762dec640 10 mon.a@0(leader).log v2 logging
2026-02-17T00:35:00.296868+0000 mon.a (mon.0) 13 : cluster [DBG] 2: v2:127.0.0.1:7129/0 mon.noname-c
2026-02-17T00:35:00.301+0000 7f6762dec640 10 mon.a@0(leader).paxosservice(logm 1..2) proposal_timer already set
2026-02-17T00:35:00.301+0000 7f6762dec640 10 mon.a@0(leader).paxosservice(logm 1..2) dispatch 0x43701c0 log(1 entries from seq 14 at
2026-02-17T00:35:00.298004+0000) from mon.0 v2:127.0.0.1:7127/0 con 0x31edc00
2026-02-17T00:35:00.301+0000 7f6762dec640 5 mon.a@0(leader).paxos(paxos active c 1..4) is_readable = 1 - now=2026-02-17T00:35:00.301964+0000 lease_expire=2026-02-17T00:35:05.301791+0000 has v0 lc 4
2026-02-17T00:35:00.301+0000 7f6762dec640 10 mon.a@0(leader).log v2 preprocess_query log(1 entries from seq 14 at
2026-02-17T00:35:00.298004+0000) from mon.0 v2:127.0.0.1:7127/0
2026-02-17T00:35:00.301+0000 7f6762dec640 10 mon.a@0(leader).log v2 preprocess_log log(1 entries from seq 14 at
2026-02-17T00:35:00.298004+0000) from mon.0
2026-02-17T00:35:00.301+0000 7f6762dec640 20 MonCap is_capable service=log command= write addr - on cap allow *
2026-02-17T00:35:00.301+0000 7f6762dec640 20 MonCap allow so far , doing grant allow *
2026-02-17T00:35:00.301+0000 7f6762dec640 20 MonCap allow all
2026-02-17T00:35:00.301+0000 7f6762dec640 10 mon.a@0(leader) e1 no_reply to mon.0 v2:127.0.0.1:7127/0 log(1 entries from seq 14 at
2026-02-17T00:35:00.298004+0000)
2026-02-17T00:35:00.301+0000 7f6762dec640 10 mon.a@0(leader).log v2 prepare_update log(1 entries from seq 14 at
2026-02-17T00:35:00.298004+0000) from mon.0 v2:127.0.0.1:7127/0
2026-02-17T00:35:00.301+0000 7f6762dec640 10 mon.a@0(leader).log v2 prepare_log log(1 entries from seq 14 at
2026-02-17T00:35:00.298004+0000) from mon.0
2026-02-17T00:35:00.301+0000 7f6762dec640 10 mon.a@0(leader).log v2 logging
2026-02-17T00:35:00.298004+0000 mon.a (mon.0) 14 : cluster [DBG] fsmap
2026-02-17T00:35:00.301+0000 7f6762dec640 10 mon.a@0(leader).paxosservice(logm 1..2) proposal_timer already set
2026-02-17T00:35:00.301+0000 7f6762dec640 10 mon.a@0(leader).paxosservice(logm 1..2) dispatch 0x4370380 log(1 entries from seq 15 at
2026-02-17T00:35:00.300402+0000) from mon.0 v2:127.0.0.1:7127/0 con 0x31edc00
2026-02-17T00:35:00.301+0000 7f6762dec640 5 mon.a@0(leader).paxos(paxos active c 1..4) is_readable = 1 - now=2026-02-17T00:35:00.301976+0000 lease_expire=2026-02-17T00:35:05.301791+0000 has v0 lc 4
2026-02-17T00:35:00.301+0000 7f6762dec640 10 mon.a@0(leader).log v2 preprocess_query log(1 entries from seq 15 at
2026-02-17T00:35:00.300402+0000) from mon.0 v2:127.0.0.1:7127/0
2026-02-17T00:35:00.301+0000 7f6762dec640 10 mon.a@0(leader).log v2 preprocess_log log(1 entries from seq 15 at
2026-02-17T00:35:00.300402+0000) from mon.0
2026-02-17T00:35:00.301+0000 7f6762dec640 20 MonCap is_capable service=log command= write addr - on cap allow *
2026-02-17T00:35:00.301+0000 7f6762dec640 20 MonCap allow so far , doing grant allow *
2026-02-17T00:35:00.301+0000 7f6762dec640 20 MonCap allow all
2026-02-17T00:35:00.301+0000 7f6762dec640 10 mon.a@0(leader) e1 no_reply to mon.0 v2:127.0.0.1:7127/0 log(1 entries from seq 15 at
2026-02-17T00:35:00.300402+0000)
2026-02-17T00:35:00.301+0000 7f6762dec640 10 mon.a@0(leader).log v2 prepare_update log(1 entries from seq 15 at
2026-02-17T00:35:00.300402+0000) from mon.0 v2:127.0.0.1:7127/0
2026-02-17T00:35:00.301+0000 7f6762dec640 10 mon.a@0(leader).log v2 prepare_log log(1 entries from seq 15 at
2026-02-17T00:35:00.300402+0000) from mon.0
2026-02-17T00:35:00.301+0000 7f6762dec640 10 mon.a@0(leader).log v2 logging
2026-02-17T00:35:00.300402+0000 mon.a (mon.0) 15 : cluster [DBG] osdmap e1: 0 total, 0 up, 0 in
2026-02-17T00:35:00.301+0000 7f6762dec640 10 mon.a@0(leader).paxosservice(logm 1..2) proposal_timer already set
2026-02-17T00:35:00.301+0000 7f6762dec640 10 mon.a@0(leader).paxosservice(logm 1..2) dispatch 0x4370540 log(1 entries from seq 16 at
2026-02-17T00:35:00.300737+0000) from mon.0 v2:127.0.0.1:7127/0 con 0x31edc00
2026-02-17T00:35:00.301+0000 7f6762dec640 5 mon.a@0(leader).paxos(paxos active c 1..4) is_readable = 1 - now=2026-02-17T00:35:00.301989+0000 lease_expire=2026-02-17T00:35:05.301791+0000 has v0 lc 4
2026-02-17T00:35:00.301+0000 7f6762dec640 10 mon.a@0(leader).log v2 preprocess_query log(1 entries from seq 16 at
2026-02-17T00:35:00.300737+0000) from mon.0 v2:127.0.0.1:7127/0
2026-02-17T00:35:00.301+0000 7f6762dec640 10 mon.a@0(leader).log v2 preprocess_log log(1 entries from seq 16 at
2026-02-17T00:35:00.300737+0000) from mon.0
2026-02-17T00:35:00.301+0000 7f6762dec640 20 MonCap is_capable service=log command= write addr - on cap allow *
2026-02-17T00:35:00.301+0000 7f6762dec640 20 MonCap allow so far , doing grant allow *
2026-02-17T00:35:00.301+0000 7f6762dec640 20 MonCap allow all
2026-02-17T00:35:00.301+0000 7f6762dec640 10 mon.a@0(leader) e1 no_reply to mon.0 v2:127.0.0.1:7127/0 log(1 entries from seq 16 at
2026-02-17T00:35:00.300737+0000)
2026-02-17T00:35:00.301+0000 7f6762dec640 10 mon.a@0(leader).log v2 prepare_update log(1 entries from seq 16 at
2026-02-17T00:35:00.300737+0000) from mon.0 v2:127.0.0.1:7127/0
2026-02-17T00:35:00.301+0000 7f6762dec640 10 mon.a@0(leader).log v2 prepare_log log(1 entries from seq 16 at
2026-02-17T00:35:00.300737+0000) from mon.0
2026-02-17T00:35:00.301+0000 7f6762dec640 10 mon.a@0(leader).log v2 logging
2026-02-17T00:35:00.300737+0000 mon.a (mon.0) 16 : cluster [DBG] mgrmap e1: no daemons active
2026-02-17T00:35:00.301+0000 7f6762dec640 10 mon.a@0(leader).paxosservice(logm 1..2) proposal_timer already set
2026-02-17T00:35:00.301+0000 7f6762dec640 10 mon.a@0(leader).paxosservice(logm 1..2) dispatch 0x4370700 log(1 entries from seq 17 at
2026-02-17T00:35:00.300760+0000) from mon.0 v2:127.0.0.1:7127/0 con 0x31edc00
2026-02-17T00:35:00.301+0000 7f6762dec640 5 mon.a@0(leader).paxos(paxos active c 1..4) is_readable = 1 - now=2026-02-17T00:35:00.302004+0000 lease_expire=2026-02-17T00:35:05.301791+0000 has v0 lc 4
2026-02-17T00:35:00.301+0000 7f6762dec640 10 mon.a@0(leader).log v2 preprocess_query log(1 entries from seq 17 at
2026-02-17T00:35:00.300760+0000) from mon.0 v2:127.0.0.1:7127/0
2026-02-17T00:35:00.301+0000 7f6762dec640 10 mon.a@0(leader).log v2 preprocess_log log(1 entries from seq 17 at
2026-02-17T00:35:00.300760+0000) from mon.0
2026-02-17T00:35:00.301+0000 7f6762dec640 20 MonCap is_capable service=log command= write addr - on cap allow *
2026-02-17T00:35:00.301+0000 7f6762dec640 20 MonCap allow so far , doing grant allow *
2026-02-17T00:35:00.301+0000 7f6762dec640 20 MonCap allow all
2026-02-17T00:35:00.301+0000 7f6762dec640 10 mon.a@0(leader) e1 no_reply to mon.0 v2:127.0.0.1:7127/0 log(1 entries from seq 17 at
2026-02-17T00:35:00.300760+0000)
2026-02-17T00:35:00.301+0000 7f6762dec640 10 mon.a@0(leader).log v2 prepare_update log(1 entries from seq 17 at
2026-02-17T00:35:00.300760+0000) from mon.0 v2:127.0.0.1:7127/0
2026-02-17T00:35:00.301+0000 7f6762dec640 10 mon.a@0(leader).log v2 prepare_log log(1 entries from seq 17 at
2026-02-17T00:35:00.300760+0000) from mon.0
2026-02-17T00:35:00.301+0000 7f6762dec640 10 mon.a@0(leader).log v2 logging
2026-02-17T00:35:00.300760+0000 mon.a (mon.0) 17 : cluster [INF] overall HEALTH_OK
2026-02-17T00:35:00.301+0000 7f6762dec640 10 mon.a@0(leader).paxosservice(logm 1..2) proposal_timer already set
2026-02-17T00:35:00.301+0000 7f6762dec640 10 mon.a@0(leader).paxosservice(logm 1..2) dispatch 0x41c3880 log(1 entries from seq 1 at
2026-02-17T00:34:50.288048+0000) from mon.1 v2:127.0.0.1:7128/0 con 0x41c3a40
2026-02-17T00:35:00.301+0000 7f6762dec640 5 mon.a@0(leader).paxos(paxos active c 1..4) is_readable = 1 - now=2026-02-17T00:35:00.302018+0000 lease_expire=2026-02-17T00:35:05.301791+0000 has v0 lc 4
2026-02-17T00:35:00.301+0000 7f6762dec640 10 mon.a@0(leader).log v2 preprocess_query log(1 entries from seq 1 at
2026-02-17T00:34:50.288048+0000) from mon.1 v2:127.0.0.1:7128/0
2026-02-17T00:35:00.301+0000 7f6762dec640 10 mon.a@0(leader).log v2 preprocess_log log(1 entries from seq 1 at
2026-02-17T00:34:50.288048+0000) from mon.1
2026-02-17T00:35:00.301+0000 7f6762dec640 20 MonCap is_capable service=log command= write addr - on cap allow *
2026-02-17T00:35:00.301+0000 7f6762dec640 20 MonCap allow so far , doing grant allow *
2026-02-17T00:35:00.301+0000 7f6762dec640 20 MonCap allow all
2026-02-17T00:35:00.301+0000 7f6762dec640 10 mon.a@0(leader) e1 no_reply to mon.1 v2:127.0.0.1:7128/0 via v2:127.0.0.1:7128/0 for request log(1 entries from seq 1 at
2026-02-17T00:34:50.288048+0000)
2026-02-17T00:35:00.301+0000 7f6762dec640 1 -- v2:127.0.0.1:7127/0 --> v2:127.0.0.1:7128/0 -- route(no-reply tid 1) -- 0x31d0420 con 0x32f6800
2026-02-17T00:35:00.301+0000 7f6762dec640 5 --2- v2:127.0.0.1:7127/0 >> v2:127.0.0.1:7128/0 conn(0x32f6800 0x32c0b00 crc :-1 s=READY pgs=4 gs=4 cs=0 l=0 c_cookie=18038808035868614088 s_cookie=11510937752390796259 reconnecting=0 rev1=1 crypto rx=0 tx=0 comp rx=0 tx=0).send_message enqueueing message m=0x31d0420 type=47 route(no-reply tid 1)
2026-02-17T00:35:00.301+0000 7f6762dec640 15 --2- v2:127.0.0.1:7127/0 >> v2:127.0.0.1:7128/0 conn(0x32f6800 0x32c0b00 crc :-1 s=READY pgs=4 gs=4 cs=0 l=0 c_cookie=18038808035868614088 s_cookie=11510937752390796259 reconnecting=0 rev1=1 crypto rx=0 tx=0 comp rx=0 tx=0).send_message message queued for async transmission m=0x31d0420
2026-02-17T00:35:00.301+0000 7f6762dec640 20 Event(0x31a6bc8 nevent=5000 time_id=5).wakeup
2026-02-17T00:35:00.301+0000 7f6762dec640 10 mon.a@0(leader).log v2 prepare_update log(1 entries from seq 1 at
2026-02-17T00:34:50.288048+0000) from mon.1 v2:127.0.0.1:7128/0
2026-02-17T00:35:00.301+0000 7f6762dec640 10 mon.a@0(leader).log v2 prepare_log log(1 entries from seq 1 at
2026-02-17T00:34:50.288048+0000) from mon.1
2026-02-17T00:35:00.301+0000 7f6762dec640 10 mon.a@0(leader).log v2 logging
2026-02-17T00:34:50.288048+0000 mon.b (mon.1) 1 : cluster [INF] mon.b calling monitor election
2026-02-17T00:35:00.301+0000 7f67695f9640 10 -- v2:127.0.0.1:7127/0 >> v2:127.0.0.1:7128/0 conn(0x32f6800 msgr2=0x32c0b00 crc :-1 s=STATE_CONNECTION_ESTABLISHED l=0).handle_write
2026-02-17T00:35:00.301+0000 7f6762dec640 10 mon.a@0(leader).paxosservice(logm 1..2) proposal_timer already set
2026-02-17T00:35:00.301+0000 7f67695f9640 10 --2- v2:127.0.0.1:7127/0 >> v2:127.0.0.1:7128/0 conn(0x32f6800 0x32c0b00 crc :-1 s=READY pgs=4 gs=4 cs=0 l=0 c_cookie=18038808035868614088 s_cookie=11510937752390796259 reconnecting=0 rev1=1 crypto rx=0 tx=0 comp rx=0 tx=0).write_event
2026-02-17T00:35:00.301+0000 7f6762dec640 10 mon.a@0(leader).paxosservice(logm 1..2) dispatch 0x4370a80 log(1 entries from seq 2 at
2026-02-17T00:34:55.294782+0000) from mon.1 v2:127.0.0.1:7128/0 con 0x41c3c00
2026-02-17T00:35:00.301+0000 7f67695f9640 20 --2- v2:127.0.0.1:7127/0 >> v2:127.0.0.1:7128/0 conn(0x32f6800 0x32c0b00 crc :-1 s=READY pgs=4 gs=4 cs=0 l=0 c_cookie=18038808035868614088 s_cookie=11510937752390796259 reconnecting=0 rev1=1 crypto rx=0 tx=0 comp rx=0 tx=0).prepare_send_message m=route(no-reply tid 1)
2026-02-17T00:35:00.301+0000 7f6762dec640 5 mon.a@0(leader).paxos(paxos active c 1..4) is_readable = 1 - now=2026-02-17T00:35:00.302044+0000 lease_expire=2026-02-17T00:35:05.301791+0000 has v0 lc 4
2026-02-17T00:35:00.301+0000 7f67695f9640 20 --2- v2:127.0.0.1:7127/0 >> v2:127.0.0.1:7128/0 conn(0x32f6800 0x32c0b00 crc :-1 s=READY pgs=4 gs=4 cs=0 l=0 c_cookie=18038808035868614088 s_cookie=11510937752390796259 reconnecting=0 rev1=1 crypto rx=0 tx=0 comp rx=0 tx=0).prepare_send_message encoding features 4544132024016699391 0x31d0420 route(no-reply tid 1)
2026-02-17T00:35:00.301+0000 7f6762dec640 10 mon.a@0(leader).log v2 preprocess_query log(1 entries from seq 2 at
2026-02-17T00:34:55.294782+0000) from mon.1 v2:127.0.0.1:7128/0
2026-02-17T00:35:00.301+0000 7f6762dec640 10 mon.a@0(leader).log v2 preprocess_log log(1 entries from seq 2 at
2026-02-17T00:34:55.294782+0000) from mon.1
2026-02-17T00:35:00.301+0000 7f6762dec640 20 MonCap is_capable service=log command= write addr - on cap allow *
2026-02-17T00:35:00.301+0000 7f6762dec640 20 MonCap allow so far , doing grant allow *
2026-02-17T00:35:00.301+0000 7f6762dec640 20 MonCap allow all
2026-02-17T00:35:00.301+0000 7f67695f9640 2 --2- v2:127.0.0.1:7127/0 >> v2:127.0.0.1:7128/0 conn(0x32f6800 0x32c0b00 crc :-1 s=READY pgs=4 gs=4 cs=0 l=0 c_cookie=18038808035868614088 s_cookie=11510937752390796259 reconnecting=0 rev1=1 crypto rx=0 tx=0 comp rx=0 tx=0).write_message sending message m=0x31d0420 seq=40 route(no-reply tid 1)
2026-02-17T00:35:00.301+0000 7f6762dec640 10 mon.a@0(leader) e1 no_reply to mon.1 v2:127.0.0.1:7128/0 via v2:127.0.0.1:7128/0 for request log(1 entries from seq 2 at
2026-02-17T00:34:55.294782+0000)
2026-02-17T00:35:00.301+0000 7f67695f9640 20 --2- v2:127.0.0.1:7127/0 >> v2:127.0.0.1:7128/0 conn(0x32f6800 0x32c0b00 crc :-1 s=READY pgs=4 gs=4 cs=0 l=0 c_cookie=18038808035868614088 s_cookie=11510937752390796259 reconnecting=0 rev1=1 crypto rx=0 tx=0 comp rx=0 tx=0).write_message sending m=0x31d0420 seq=40 src=mon.0 off=0
2026-02-17T00:35:00.301+0000 7f6762dec640 1 -- v2:127.0.0.1:7127/0 --> v2:127.0.0.1:7128/0 -- route(no-reply tid 2) -- 0x31d0580 con 0x32f6800
2026-02-17T00:35:00.301+0000 7f6762dec640 5 --2- v2:127.0.0.1:7127/0 >> v2:127.0.0.1:7128/0 conn(0x32f6800 0x32c0b00 crc :-1 s=READY pgs=4 gs=4 cs=0 l=0 c_cookie=18038808035868614088 s_cookie=11510937752390796259 reconnecting=0 rev1=1 crypto rx=0 tx=0 comp rx=0 tx=0).send_message enqueueing message m=0x31d0580 type=47 route(no-reply tid 2)
2026-02-17T00:35:00.301+0000 7f6762dec640 15 --2- v2:127.0.0.1:7127/0 >> v2:127.0.0.1:7128/0 conn(0x32f6800 0x32c0b00 crc :-1 s=READY pgs=4 gs=4 cs=0 l=0 c_cookie=18038808035868614088 s_cookie=11510937752390796259 reconnecting=0 rev1=1 crypto rx=0 tx=0 comp rx=0 tx=0).send_message message queued for async transmission m=0x31d0580
2026-02-17T00:35:00.301+0000 7f6762dec640 10 mon.a@0(leader).log v2 prepare_update log(1 entries from seq 2 at
2026-02-17T00:34:55.294782+0000) from mon.1 v2:127.0.0.1:7128/0
2026-02-17T00:35:00.301+0000 7f6762dec640 10 mon.a@0(leader).log v2 prepare_log log(1 entries from seq 2 at
2026-02-17T00:34:55.294782+0000) from mon.1
2026-02-17T00:35:00.301+0000 7f6762dec640 10 mon.a@0(leader).log v2 logging
2026-02-17T00:34:55.294782+0000 mon.b (mon.1) 2 : cluster [INF] mon.b calling monitor election
2026-02-17T00:35:00.301+0000 7f6762dec640 10 mon.a@0(leader).paxosservice(logm 1..2) proposal_timer already set
2026-02-17T00:35:00.301+0000 7f6762dec640 20 mon.a@0(leader).paxos(paxos active c 1..4) finish_round waiting_for_readable
2026-02-17T00:35:00.301+0000 7f67695f9640 10 -- v2:127.0.0.1:7127/0 >> v2:127.0.0.1:7128/0 conn(0x32f6800 msgr2=0x32c0b00 crc :-1 s=STATE_CONNECTION_ESTABLISHED l=0)._try_send sent bytes 159 remaining bytes 0
2026-02-17T00:35:00.301+0000 7f6762dec640 20 mon.a@0(leader).paxos(paxos active c 1..4) finish_round waiting_for_writeable
2026-02-17T00:35:00.301+0000 7f6762dec640 10 mon.a@0(leader).paxos(paxos active c 1..4) finish_round done w/ waiters, state active
2026-02-17T00:35:00.301+0000 7f67695f9640 10 --2- v2:127.0.0.1:7127/0 >> v2:127.0.0.1:7128/0 conn(0x32f6800 0x32c0b00 crc :-1 s=READY pgs=4 gs=4 cs=0 l=0 c_cookie=18038808035868614088 s_cookie=11510937752390796259 reconnecting=0 rev1=1 crypto rx=0 tx=0 comp rx=0 tx=0).write_message sending 0x31d0420 done.
