2026-02-17T00:36:31.895+0000 7fb990fbd640 20 --2- 127.0.0.1:0/1071223443 >> v2:127.0.0.1:7114/0 conn(0x559fb586a000 0x559fb5890000 crc :-1 s=THROTTLE_MESSAGE pgs=18 gs=2 cs=0 l=1 c_cookie=6931106495102326716 s_cookie=0 reconnecting=0 rev1=1 crypto rx=0 tx=0 comp rx=0 tx=0).throttle_message
2026-02-17T00:36:31.895+0000 7fb990fbd640 20 --2- 127.0.0.1:0/1071223443 >> v2:127.0.0.1:7114/0 conn(0x559fb586a000 0x559fb5890000 crc :-1 s=THROTTLE_BYTES pgs=18 gs=2 cs=0 l=1 c_cookie=6931106495102326716 s_cookie=0 reconnecting=0 rev1=1 crypto rx=0 tx=0 comp rx=0 tx=0).throttle_bytes
2026-02-17T00:36:31.895+0000 7fb990fbd640 20 --2- 127.0.0.1:0/1071223443 >> v2:127.0.0.1:7114/0 conn(0x559fb586a000 0x559fb5890000 crc :-1 s=THROTTLE_DISPATCH_QUEUE pgs=18 gs=2 cs=0 l=1 c_cookie=6931106495102326716 s_cookie=0 reconnecting=0 rev1=1 crypto rx=0 tx=0 comp rx=0 tx=0).throttle_dispatch_queue
2026-02-17T00:36:31.895+0000 7fb990fbd640 20 --2- 127.0.0.1:0/1071223443 >> v2:127.0.0.1:7114/0 conn(0x559fb586a000 0x559fb5890000 crc :-1 s=THROTTLE_DONE pgs=18 gs=2 cs=0 l=1 c_cookie=6931106495102326716 s_cookie=0 reconnecting=0 rev1=1 crypto rx=0 tx=0 comp rx=0 tx=0).read_frame_segment seg_idx=0
2026-02-17T00:36:31.895+0000 7fb990fbd640 20 -- 127.0.0.1:0/1071223443 >> v2:127.0.0.1:7114/0 conn(0x559fb586a000 msgr2=0x559fb5890000 crc :-1 s=STATE_CONNECTION_ESTABLISHED l=1).read start len=45
2026-02-17T00:36:31.895+0000 7fb990fbd640 20 --2- 127.0.0.1:0/1071223443 >> v2:127.0.0.1:7114/0 conn(0x559fb586a000 0x559fb5890000 crc :-1 s=THROTTLE_DONE pgs=18 gs=2 cs=0 l=1 c_cookie=6931106495102326716 s_cookie=0 reconnecting=0 rev1=1 crypto rx=0 tx=0 comp rx=0 tx=0).handle_read_frame_segment r=0
2026-02-17T00:36:31.895+0000 7fb990fbd640 20 --2- 127.0.0.1:0/1071223443 >> v2:127.0.0.1:7114/0 conn(0x559fb586a000 0x559fb5890000 crc :-1 s=THROTTLE_DONE pgs=18 gs=2 cs=0 l=1 c_cookie=6931106495102326716 s_cookie=0 reconnecting=0 rev1=1 crypto rx=0 tx=0 comp rx=0 tx=0).read_frame_segment seg_idx=1
2026-02-17T00:36:31.895+0000 7fb990fbd640 20 -- 127.0.0.1:0/1071223443 >> v2:127.0.0.1:7114/0 conn(0x559fb586a000 msgr2=0x559fb5890000 crc :-1 s=STATE_CONNECTION_ESTABLISHED l=1).read start len=1235
2026-02-17T00:36:31.895+0000 7fb990fbd640 20 --2- 127.0.0.1:0/1071223443 >> v2:127.0.0.1:7114/0 conn(0x559fb586a000 0x559fb5890000 crc :-1 s=THROTTLE_DONE pgs=18 gs=2 cs=0 l=1 c_cookie=6931106495102326716 s_cookie=0 reconnecting=0 rev1=1 crypto rx=0 tx=0 comp rx=0 tx=0).handle_read_frame_segment r=0
2026-02-17T00:36:31.895+0000 7fb990fbd640 20 -- 127.0.0.1:0/1071223443 >> v2:127.0.0.1:7114/0 conn(0x559fb586a000 msgr2=0x559fb5890000 crc :-1 s=STATE_CONNECTION_ESTABLISHED l=1).read start len=13
2026-02-17T00:36:31.895+0000 7fb990fbd640 20 --2- 127.0.0.1:0/1071223443 >> v2:127.0.0.1:7114/0 conn(0x559fb586a000 0x559fb5890000 crc :-1 s=THROTTLE_DONE pgs=18 gs=2 cs=0 l=1 c_cookie=6931106495102326716 s_cookie=0 reconnecting=0 rev1=1 crypto rx=0 tx=0 comp rx=0 tx=0).handle_read_frame_epilogue_main r=0
2026-02-17T00:36:31.895+0000 7fb990fbd640 10 --2- 127.0.0.1:0/1071223443 >> v2:127.0.0.1:7114/0 conn(0x559fb586a000 0x559fb5890000 crc :-1 s=THROTTLE_DONE pgs=18 gs=2 cs=0 l=1 c_cookie=6931106495102326716 s_cookie=0 reconnecting=0 rev1=1 crypto rx=0 tx=0 comp rx=0 tx=0).handle_read_frame_dispatch tag=17
2026-02-17T00:36:31.895+0000 7fb990fbd640 20 --2- 127.0.0.1:0/1071223443 >> v2:127.0.0.1:7114/0 conn(0x559fb586a000 0x559fb5890000 crc :-1 s=THROTTLE_DONE pgs=18 gs=2 cs=0 l=1 c_cookie=6931106495102326716 s_cookie=0 reconnecting=0 rev1=1 crypto rx=0 tx=0 comp rx=0 tx=0).handle_message
2026-02-17T00:36:31.895+0000 7fb990fbd640 5 --2- 127.0.0.1:0/1071223443 >> v2:127.0.0.1:7114/0 conn(0x559fb586a000 0x559fb5890000 crc :-1 s=THROTTLE_DONE pgs=18 gs=2 cs=0 l=1 c_cookie=6931106495102326716 s_cookie=0 reconnecting=0 rev1=1 crypto rx=0 tx=0 comp rx=0 tx=0).handle_message got 1235 + 0 + 0 byte message. envelope type=52 src mon.0 off 0
2026-02-17T00:36:31.895+0000 7fb990fbd640 5 --2- 127.0.0.1:0/1071223443 >> v2:127.0.0.1:7114/0 conn(0x559fb586a000 0x559fb5890000 crc :-1 s=READ_MESSAGE_COMPLETE pgs=18 gs=2 cs=0 l=1 c_cookie=6931106495102326716 s_cookie=0 reconnecting=0 rev1=1 crypto rx=0 tx=0 comp rx=0 tx=0).handle_message received message m=0x559fb578e800 seq=33 from=mon.0 type=52 log(7 entries from seq 34 at
2026-02-17T00:36:31.847908+0000)
2026-02-17T00:36:31.895+0000 7fb990fbd640 20 -- 127.0.0.1:0/1071223443 queue 0x559fb578e800 prio 196
2026-02-17T00:36:31.895+0000 7fb990fbd640 20 --2- 127.0.0.1:0/1071223443 >> v2:127.0.0.1:7114/0 conn(0x559fb586a000 0x559fb5890000 crc :-1 s=READY pgs=18 gs=2 cs=0 l=1 c_cookie=6931106495102326716 s_cookie=0 reconnecting=0 rev1=1 crypto rx=0 tx=0 comp rx=0 tx=0).read_frame
2026-02-17T00:36:31.895+0000 7fb990fbd640 20 -- 127.0.0.1:0/1071223443 >> v2:127.0.0.1:7114/0 conn(0x559fb586a000 msgr2=0x559fb5890000 crc :-1 s=STATE_CONNECTION_ESTABLISHED l=1).read start len=32
2026-02-17T00:36:31.895+0000 7fb98cfb5640 1 -- 127.0.0.1:0/1071223443 <== mon.0 v2:127.0.0.1:7114/0 33 ==== log(7 entries from seq 34 at
2026-02-17T00:36:31.847908+0000) ==== 1235+0+0 (crc 0 0 0) 0x559fb578e800 con 0x559fb586a000
2026-02-17T00:36:31.895+0000 7fb98cfb5640 10 mgr.4100.objecter ms_dispatch2 0x559fabb6a000 log(7 entries from seq 34 at
2026-02-17T00:36:31.847908+0000)
2026-02-17T00:36:31.895+0000 7fb98cfb5640 10 mgr ms_dispatch2 active log(7 entries from seq 34 at
2026-02-17T00:36:31.847908+0000)
2026-02-17T00:36:31.895+0000 7fb98cfb5640 10 mgr ms_dispatch2 log(7 entries from seq 34 at
2026-02-17T00:36:31.847908+0000)
2026-02-17T00:36:31.895+0000 7fb98cfb5640 10 mgr notify_all notify_all: notify_all (clog)
2026-02-17T00:36:31.895+0000 7fb98cfb5640 10 mgr notify_all notify_all: notify_all (clog)
2026-02-17T00:36:31.895+0000 7fb98cfb5640 10 mgr notify_all notify_all: notify_all (clog)
2026-02-17T00:36:31.895+0000 7fb98cfb5640 10 mgr notify_all notify_all: notify_all (clog)
2026-02-17T00:36:31.895+0000 7fb98cfb5640 10 mgr notify_all notify_all: notify_all (clog)
2026-02-17T00:36:31.895+0000 7fb98cfb5640 10 mgr notify_all notify_all: notify_all (clog)
2026-02-17T00:36:31.895+0000 7fb98cfb5640 10 mgr notify_all notify_all: notify_all (clog)
2026-02-17T00:36:31.895+0000 7fb98cfb5640 10 -- 127.0.0.1:0/1071223443 dispatch_throttle_release 1235 to dispatch throttler 1235/104857600
2026-02-17T00:36:31.895+0000 7fb98cfb5640 20 -- 127.0.0.1:0/1071223443 done calling dispatch on 0x559fb578e800
2026-02-17T00:36:31.947+0000 7fb990fbd640 20 -- 127.0.0.1:0/1071223443 >> v2:127.0.0.1:7114/0 conn(0x559fb586a000 msgr2=0x559fb5890000 crc :-1 s=STATE_CONNECTION_ESTABLISHED l=1).process
2026-02-17T00:36:31.947+0000 7fb990fbd640 20 -- 127.0.0.1:0/1071223443 >> v2:127.0.0.1:7114/0 conn(0x559fb586a000 msgr2=0x559fb5890000 crc :-1 s=STATE_CONNECTION_ESTABLISHED l=1).read continue len=32
2026-02-17T00:36:31.947+0000 7fb990fbd640 20 --2- 127.0.0.1:0/1071223443 >> v2:127.0.0.1:7114/0 conn(0x559fb586a000 0x559fb5890000 crc :-1 s=READY pgs=18 gs=2 cs=0 l=1 c_cookie=6931106495102326716 s_cookie=0 reconnecting=0 rev1=1 crypto rx=0 tx=0 comp rx=0 tx=0).handle_read_frame_preamble_main r=0
2026-02-17T00:36:31.947+0000 7fb990fbd640 20 --2- 127.0.0.1:0/1071223443 >> v2:127.0.0.1:7114/0 conn(0x559fb586a000 0x559fb5890000 crc :-1 s=THROTTLE_MESSAGE pgs=18 gs=2 cs=0 l=1 c_cookie=6931106495102326716 s_cookie=0 reconnecting=0 rev1=1 crypto rx=0 tx=0 comp rx=0 tx=0).throttle_message
2026-02-17T00:36:31.947+0000 7fb990fbd640 20 --2- 127.0.0.1:0/1071223443 >> v2:127.0.0.1:7114/0 conn(0x559fb586a000 0x559fb5890000 crc :-1 s=THROTTLE_BYTES pgs=18 gs=2 cs=0 l=1 c_cookie=6931106495102326716 s_cookie=0 reconnecting=0 rev1=1 crypto rx=0 tx=0 comp rx=0 tx=0).throttle_bytes
2026-02-17T00:36:31.947+0000 7fb990fbd640 20 --2- 127.0.0.1:0/1071223443 >> v2:127.0.0.1:7114/0 conn(0x559fb586a000 0x559fb5890000 crc :-1 s=THROTTLE_DISPATCH_QUEUE pgs=18 gs=2 cs=0 l=1 c_cookie=6931106495102326716 s_cookie=0 reconnecting=0 rev1=1 crypto rx=0 tx=0 comp rx=0 tx=0).throttle_dispatch_queue
2026-02-17T00:36:31.947+0000 7fb990fbd640 20 --2- 127.0.0.1:0/1071223443 >> v2:127.0.0.1:7114/0 conn(0x559fb586a000 0x559fb5890000 crc :-1 s=THROTTLE_DONE pgs=18 gs=2 cs=0 l=1 c_cookie=6931106495102326716 s_cookie=0 reconnecting=0 rev1=1 crypto rx=0 tx=0 comp rx=0 tx=0).read_frame_segment seg_idx=0
2026-02-17T00:36:31.947+0000 7fb990fbd640 20 -- 127.0.0.1:0/1071223443 >> v2:127.0.0.1:7114/0 conn(0x559fb586a000 msgr2=0x559fb5890000 crc :-1 s=STATE_CONNECTION_ESTABLISHED l=1).read start len=45
2026-02-17T00:36:31.947+0000 7fb990fbd640 20 --2- 127.0.0.1:0/1071223443 >> v2:127.0.0.1:7114/0 conn(0x559fb586a000 0x559fb5890000 crc :-1 s=THROTTLE_DONE pgs=18 gs=2 cs=0 l=1 c_cookie=6931106495102326716 s_cookie=0 reconnecting=0 rev1=1 crypto rx=0 tx=0 comp rx=0 tx=0).handle_read_frame_segment r=0
2026-02-17T00:36:31.947+0000 7fb990fbd640 20 --2- 127.0.0.1:0/1071223443 >> v2:127.0.0.1:7114/0 conn(0x559fb586a000 0x559fb5890000 crc :-1 s=THROTTLE_DONE pgs=18 gs=2 cs=0 l=1 c_cookie=6931106495102326716 s_cookie=0 reconnecting=0 rev1=1 crypto rx=0 tx=0 comp rx=0 tx=0).read_frame_segment seg_idx=1
2026-02-17T00:36:31.947+0000 7fb990fbd640 20 -- 127.0.0.1:0/1071223443 >> v2:127.0.0.1:7114/0 conn(0x559fb586a000 msgr2=0x559fb5890000 crc :-1 s=STATE_CONNECTION_ESTABLISHED l=1).read start len=53784
2026-02-17T00:36:31.947+0000 7fb990fbd640 20 --2- 127.0.0.1:0/1071223443 >> v2:127.0.0.1:7114/0 conn(0x559fb586a000 0x559fb5890000 crc :-1 s=THROTTLE_DONE pgs=18 gs=2 cs=0 l=1 c_cookie=6931106495102326716 s_cookie=0 reconnecting=0 rev1=1 crypto rx=0 tx=0 comp rx=0 tx=0).handle_read_frame_segment r=0
2026-02-17T00:36:31.947+0000 7fb990fbd640 20 -- 127.0.0.1:0/1071223443 >> v2:127.0.0.1:7114/0 conn(0x559fb586a000 msgr2=0x559fb5890000 crc :-1 s=STATE_CONNECTION_ESTABLISHED l=1).read start len=13
2026-02-17T00:36:31.947+0000 7fb990fbd640 20 --2- 127.0.0.1:0/1071223443 >> v2:127.0.0.1:7114/0 conn(0x559fb586a000 0x559fb5890000 crc :-1 s=THROTTLE_DONE pgs=18 gs=2 cs=0 l=1 c_cookie=6931106495102326716 s_cookie=0 reconnecting=0 rev1=1 crypto rx=0 tx=0 comp rx=0 tx=0).handle_read_frame_epilogue_main r=0
2026-02-17T00:36:31.947+0000 7fb990fbd640 10 --2- 127.0.0.1:0/1071223443 >> v2:127.0.0.1:7114/0 conn(0x559fb586a000 0x559fb5890000 crc :-1 s=THROTTLE_DONE pgs=18 gs=2 cs=0 l=1 c_cookie=6931106495102326716 s_cookie=0 reconnecting=0 rev1=1 crypto rx=0 tx=0 comp rx=0 tx=0).handle_read_frame_dispatch tag=17
2026-02-17T00:36:31.947+0000 7fb990fbd640 20 --2- 127.0.0.1:0/1071223443 >> v2:127.0.0.1:7114/0 conn(0x559fb586a000 0x559fb5890000 crc :-1 s=THROTTLE_DONE pgs=18 gs=2 cs=0 l=1 c_cookie=6931106495102326716 s_cookie=0 reconnecting=0 rev1=1 crypto rx=0 tx=0 comp rx=0 tx=0).handle_message
2026-02-17T00:36:31.947+0000 7fb990fbd640 5 --2- 127.0.0.1:0/1071223443 >> v2:127.0.0.1:7114/0 conn(0x559fb586a000 0x559fb5890000 crc :-1 s=THROTTLE_DONE pgs=18 gs=2 cs=0 l=1 c_cookie=6931106495102326716 s_cookie=0 reconnecting=0 rev1=1 crypto rx=0 tx=0 comp rx=0 tx=0).handle_message got 53784 + 0 + 0 byte message. envelope type=1796 src mon.0 off 0
2026-02-17T00:36:31.947+0000 7fb98efb9640 20 -- 127.0.0.1:0/3395327458 >> v2:127.0.0.1:7114/0 conn(0x559fb5b8e000 msgr2=0x559fb5891600 crc :-1 s=STATE_CONNECTION_ESTABLISHED l=1).process
2026-02-17T00:36:31.947+0000 7fb98efb9640 20 -- 127.0.0.1:0/3395327458 >> v2:127.0.0.1:7114/0 conn(0x559fb5b8e000 msgr2=0x559fb5891600 crc :-1 s=STATE_CONNECTION_ESTABLISHED l=1).read continue len=32
2026-02-17T00:36:31.947+0000 7fb98efb9640 20 --2- 127.0.0.1:0/3395327458 >> v2:127.0.0.1:7114/0 conn(0x559fb5b8e000 0x559fb5891600 crc :-1 s=READY pgs=24 gs=1 cs=0 l=1 c_cookie=0 s_cookie=0 reconnecting=0 rev1=1 crypto rx=0 tx=0 comp rx=0 tx=0).handle_read_frame_preamble_main r=0
2026-02-17T00:36:31.947+0000 7fb9907bc640 20 -- 127.0.0.1:0/1520923114 >> v2:127.0.0.1:7114/0 conn(0x559fb586bc00 msgr2=0x559fb5891080 crc :-1 s=STATE_CONNECTION_ESTABLISHED l=1).process
2026-02-17T00:36:31.947+0000 7fb98efb9640 20 --2- 127.0.0.1:0/3395327458 >> v2:127.0.0.1:7114/0 conn(0x559fb5b8e000 0x559fb5891600 crc :-1 s=THROTTLE_MESSAGE pgs=24 gs=1 cs=0 l=1 c_cookie=0 s_cookie=0 reconnecting=0 rev1=1 crypto rx=0 tx=0 comp rx=0 tx=0).throttle_message
2026-02-17T00:36:31.947+0000 7fb9907bc640 20 -- 127.0.0.1:0/1520923114 >> v2:127.0.0.1:7114/0 conn(0x559fb586bc00 msgr2=0x559fb5891080 crc :-1 s=STATE_CONNECTION_ESTABLISHED l=1).read continue len=32
2026-02-17T00:36:31.947+0000 7fb98efb9640 20 --2- 127.0.0.1:0/3395327458 >> v2:127.0.0.1:7114/0 conn(0x559fb5b8e000 0x559fb5891600 crc :-1 s=THROTTLE_BYTES pgs=24 gs=1 cs=0 l=1 c_cookie=0 s_cookie=0 reconnecting=0 rev1=1 crypto rx=0 tx=0 comp rx=0 tx=0).throttle_bytes
2026-02-17T00:36:31.947+0000 7fb98efb9640 20 --2- 127.0.0.1:0/3395327458 >> v2:127.0.0.1:7114/0 conn(0x559fb5b8e000 0x559fb5891600 crc :-1 s=THROTTLE_DISPATCH_QUEUE pgs=24 gs=1 cs=0 l=1 c_cookie=0 s_cookie=0 reconnecting=0 rev1=1 crypto rx=0 tx=0 comp rx=0 tx=0).throttle_dispatch_queue
2026-02-17T00:36:31.947+0000 7fb98efb9640 20 --2- 127.0.0.1:0/3395327458 >> v2:127.0.0.1:7114/0 conn(0x559fb5b8e000 0x559fb5891600 crc :-1 s=THROTTLE_DONE pgs=24 gs=1 cs=0 l=1 c_cookie=0 s_cookie=0 reconnecting=0 rev1=1 crypto rx=0 tx=0 comp rx=0 tx=0).read_frame_segment seg_idx=0
2026-02-17T00:36:31.947+0000 7fb98efb9640 20 -- 127.0.0.1:0/3395327458 >> v2:127.0.0.1:7114/0 conn(0x559fb5b8e000 msgr2=0x559fb5891600 crc :-1 s=STATE_CONNECTION_ESTABLISHED l=1).read start len=45
2026-02-17T00:36:31.947+0000 7fb98efb9640 20 --2- 127.0.0.1:0/3395327458 >> v2:127.0.0.1:7114/0 conn(0x559fb5b8e000 0x559fb5891600 crc :-1 s=THROTTLE_DONE pgs=24 gs=1 cs=0 l=1 c_cookie=0 s_cookie=0 reconnecting=0 rev1=1 crypto rx=0 tx=0 comp rx=0 tx=0).handle_read_frame_segment r=0
2026-02-17T00:36:31.947+0000 7fb98efb9640 20 --2- 127.0.0.1:0/3395327458 >> v2:127.0.0.1:7114/0 conn(0x559fb5b8e000 0x559fb5891600 crc :-1 s=THROTTLE_DONE pgs=24 gs=1 cs=0 l=1 c_cookie=0 s_cookie=0 reconnecting=0 rev1=1 crypto rx=0 tx=0 comp rx=0 tx=0).read_frame_segment seg_idx=1
2026-02-17T00:36:31.947+0000 7fb98efb9640 20 -- 127.0.0.1:0/3395327458 >> v2:127.0.0.1:7114/0 conn(0x559fb5b8e000 msgr2=0x559fb5891600 crc :-1 s=STATE_CONNECTION_ESTABLISHED l=1).read start len=53784
2026-02-17T00:36:31.947+0000 7fb9907bc640 20 --2- 127.0.0.1:0/1520923114 >> v2:127.0.0.1:7114/0 conn(0x559fb586bc00 0x559fb5891080 crc :-1 s=READY pgs=22 gs=1 cs=0 l=1 c_cookie=0 s_cookie=0 reconnecting=0 rev1=1 crypto rx=0 tx=0 comp rx=0 tx=0).handle_read_frame_preamble_main r=0
2026-02-17T00:36:31.947+0000 7fb9907bc640 20 --2- 127.0.0.1:0/1520923114 >> v2:127.0.0.1:7114/0 conn(0x559fb586bc00 0x559fb5891080 crc :-1 s=THROTTLE_MESSAGE pgs=22 gs=1 cs=0 l=1 c_cookie=0 s_cookie=0 reconnecting=0 rev1=1 crypto rx=0 tx=0 comp rx=0 tx=0).throttle_message
2026-02-17T00:36:31.947+0000 7fb9907bc640 20 --2- 127.0.0.1:0/1520923114 >> v2:127.0.0.1:7114/0 conn(0x559fb586bc00 0x559fb5891080 crc :-1 s=THROTTLE_BYTES pgs=22 gs=1 cs=0 l=1 c_cookie=0 s_cookie=0 reconnecting=0 rev1=1 crypto rx=0 tx=0 comp rx=0 tx=0).throttle_bytes
2026-02-17T00:36:31.947+0000 7fb9907bc640 20 --2- 127.0.0.1:0/1520923114 >> v2:127.0.0.1:7114/0 conn(0x559fb586bc00 0x559fb5891080 crc :-1 s=THROTTLE_DISPATCH_QUEUE pgs=22 gs=1 cs=0 l=1 c_cookie=0 s_cookie=0 reconnecting=0 rev1=1 crypto rx=0 tx=0 comp rx=0 tx=0).throttle_dispatch_queue
2026-02-17T00:36:31.947+0000 7fb9907bc640 20 --2- 127.0.0.1:0/1520923114 >> v2:127.0.0.1:7114/0 conn(0x559fb586bc00 0x559fb5891080 crc :-1 s=THROTTLE_DONE pgs=22 gs=1 cs=0 l=1 c_cookie=0 s_cookie=0 reconnecting=0 rev1=1 crypto rx=0 tx=0 comp rx=0 tx=0).read_frame_segment seg_idx=0
2026-02-17T00:36:31.947+0000 7fb9907bc640 20 -- 127.0.0.1:0/1520923114 >> v2:127.0.0.1:7114/0 conn(0x559fb586bc00 msgr2=0x559fb5891080 crc :-1 s=STATE_CONNECTION_ESTABLISHED l=1).read start len=45
2026-02-17T00:36:31.947+0000 7fb9907bc640 20 --2- 127.0.0.1:0/1520923114 >> v2:127.0.0.1:7114/0 conn(0x559fb586bc00 0x559fb5891080 crc :-1 s=THROTTLE_DONE pgs=22 gs=1 cs=0 l=1 c_cookie=0 s_cookie=0 reconnecting=0 rev1=1 crypto rx=0 tx=0 comp rx=0 tx=0).handle_read_frame_segment r=0
2026-02-17T00:36:31.947+0000 7fb9907bc640 20 --2- 127.0.0.1:0/1520923114 >> v2:127.0.0.1:7114/0 conn(0x559fb586bc00 0x559fb5891080 crc :-1 s=THROTTLE_DONE pgs=22 gs=1 cs=0 l=1 c_cookie=0 s_cookie=0 reconnecting=0 rev1=1 crypto rx=0 tx=0 comp rx=0 tx=0).read_frame_segment seg_idx=1
2026-02-17T00:36:31.947+0000 7fb9907bc640 20 -- 127.0.0.1:0/1520923114 >> v2:127.0.0.1:7114/0 conn(0x559fb586bc00 msgr2=0x559fb5891080 crc :-1 s=STATE_CONNECTION_ESTABLISHED l=1).read start len=53784
2026-02-17T00:36:31.947+0000 7fb98efb9640 20 --2- 127.0.0.1:0/3395327458 >> v2:127.0.0.1:7114/0 conn(0x559fb5b8e000 0x559fb5891600 crc :-1 s=THROTTLE_DONE pgs=24 gs=1 cs=0 l=1 c_cookie=0 s_cookie=0 reconnecting=0 rev1=1 crypto rx=0 tx=0 comp rx=0 tx=0).handle_read_frame_segment r=0
2026-02-17T00:36:31.947+0000 7fb98efb9640 20 -- 127.0.0.1:0/3395327458 >> v2:127.0.0.1:7114/0 conn(0x559fb5b8e000 msgr2=0x559fb5891600 crc :-1 s=STATE_CONNECTION_ESTABLISHED l=1).read start len=13
2026-02-17T00:36:31.947+0000 7fb98efb9640 20 --2- 127.0.0.1:0/3395327458 >> v2:127.0.0.1:7114/0 conn(0x559fb5b8e000 0x559fb5891600 crc :-1 s=THROTTLE_DONE pgs=24 gs=1 cs=0 l=1 c_cookie=0 s_cookie=0 reconnecting=0 rev1=1 crypto rx=0 tx=0 comp rx=0 tx=0).handle_read_frame_epilogue_main r=0
2026-02-17T00:36:31.947+0000 7fb98efb9640 10 --2- 127.0.0.1:0/3395327458 >> v2:127.0.0.1:7114/0 conn(0x559fb5b8e000 0x559fb5891600 crc :-1 s=THROTTLE_DONE pgs=24 gs=1 cs=0 l=1 c_cookie=0 s_cookie=0 reconnecting=0 rev1=1 crypto rx=0 tx=0 comp rx=0 tx=0).handle_read_frame_dispatch tag=17
2026-02-17T00:36:31.947+0000 7fb98efb9640 20 --2- 127.0.0.1:0/3395327458 >> v2:127.0.0.1:7114/0 conn(0x559fb5b8e000 0x559fb5891600 crc :-1 s=THROTTLE_DONE pgs=24 gs=1 cs=0 l=1 c_cookie=0 s_cookie=0 reconnecting=0 rev1=1 crypto rx=0 tx=0 comp rx=0 tx=0).handle_message
2026-02-17T00:36:31.947+0000 7fb98efb9640 5 --2- 127.0.0.1:0/3395327458 >> v2:127.0.0.1:7114/0 conn(0x559fb5b8e000 0x559fb5891600 crc :-1 s=THROTTLE_DONE pgs=24 gs=1 cs=0 l=1 c_cookie=0 s_cookie=0 reconnecting=0 rev1=1 crypto rx=0 tx=0 comp rx=0 tx=0).handle_message got 53784 + 0 + 0 byte message. envelope type=1796 src mon.0 off 0
2026-02-17T00:36:31.947+0000 7fb9907bc640 20 --2- 127.0.0.1:0/1520923114 >> v2:127.0.0.1:7114/0 conn(0x559fb586bc00 0x559fb5891080 crc :-1 s=THROTTLE_DONE pgs=22 gs=1 cs=0 l=1 c_cookie=0 s_cookie=0 reconnecting=0 rev1=1 crypto rx=0 tx=0 comp rx=0 tx=0).handle_read_frame_segment r=0
2026-02-17T00:36:31.947+0000 7fb9907bc640 20 -- 127.0.0.1:0/1520923114 >> v2:127.0.0.1:7114/0 conn(0x559fb586bc00 msgr2=0x559fb5891080 crc :-1 s=STATE_CONNECTION_ESTABLISHED l=1).read start len=13
2026-02-17T00:36:31.947+0000 7fb990fbd640 5 --2- 127.0.0.1:0/1071223443 >> v2:127.0.0.1:7114/0 conn(0x559fb586a000 0x559fb5890000 crc :-1 s=READ_MESSAGE_COMPLETE pgs=18 gs=2 cs=0 l=1 c_cookie=6931106495102326716 s_cookie=0 reconnecting=0 rev1=1 crypto rx=0 tx=0 comp rx=0 tx=0).handle_message received message m=0x559fb5c66000 seq=34 from=mon.0 type=1796 mgrmap(e 3)
2026-02-17T00:36:31.947+0000 7fb9907bc640 20 --2- 127.0.0.1:0/1520923114 >> v2:127.0.0.1:7114/0 conn(0x559fb586bc00 0x559fb5891080 crc :-1 s=THROTTLE_DONE pgs=22 gs=1 cs=0 l=1 c_cookie=0 s_cookie=0 reconnecting=0 rev1=1 crypto rx=0 tx=0 comp rx=0 tx=0).handle_read_frame_epilogue_main r=0
2026-02-17T00:36:31.947+0000 7fb990fbd640 20 -- 127.0.0.1:0/1071223443 queue 0x559fb5c66000 prio 196
2026-02-17T00:36:31.947+0000 7fb990fbd640 20 --2- 127.0.0.1:0/1071223443 >> v2:127.0.0.1:7114/0 conn(0x559fb586a000 0x559fb5890000 crc :-1 s=READY pgs=18 gs=2 cs=0 l=1 c_cookie=6931106495102326716 s_cookie=0 reconnecting=0 rev1=1 crypto rx=0 tx=0 comp rx=0 tx=0).read_frame
2026-02-17T00:36:31.947+0000 7fb9907bc640 10 --2- 127.0.0.1:0/1520923114 >> v2:127.0.0.1:7114/0 conn(0x559fb586bc00 0x559fb5891080 crc :-1 s=THROTTLE_DONE pgs=22 gs=1 cs=0 l=1 c_cookie=0 s_cookie=0 reconnecting=0 rev1=1 crypto rx=0 tx=0 comp rx=0 tx=0).handle_read_frame_dispatch tag=17
2026-02-17T00:36:31.947+0000 7fb990fbd640 20 -- 127.0.0.1:0/1071223443 >> v2:127.0.0.1:7114/0 conn(0x559fb586a000 msgr2=0x559fb5890000 crc :-1 s=STATE_CONNECTION_ESTABLISHED l=1).read start len=32
2026-02-17T00:36:31.947+0000 7fb9907bc640 20 --2- 127.0.0.1:0/1520923114 >> v2:127.0.0.1:7114/0 conn(0x559fb586bc00 0x559fb5891080 crc :-1 s=THROTTLE_DONE pgs=22 gs=1 cs=0 l=1 c_cookie=0 s_cookie=0 reconnecting=0 rev1=1 crypto rx=0 tx=0 comp rx=0 tx=0).handle_message
2026-02-17T00:36:31.947+0000 7fb9907bc640 5 --2- 127.0.0.1:0/1520923114 >> v2:127.0.0.1:7114/0 conn(0x559fb586bc00 0x559fb5891080 crc :-1 s=THROTTLE_DONE pgs=22 gs=1 cs=0 l=1 c_cookie=0 s_cookie=0 reconnecting=0 rev1=1 crypto rx=0 tx=0 comp rx=0 tx=0).handle_message got 53784 + 0 + 0 byte message. envelope type=1796 src mon.0 off 0
2026-02-17T00:36:31.947+0000 7fb990fbd640 20 -- 127.0.0.1:0/1240251755 >> v2:127.0.0.1:7114/0 conn(0x559fb586b000 msgr2=0x559fb5890580 crc :-1 s=STATE_CONNECTION_ESTABLISHED l=1).process
2026-02-17T00:36:31.947+0000 7fb990fbd640 20 -- 127.0.0.1:0/1240251755 >> v2:127.0.0.1:7114/0 conn(0x559fb586b000 msgr2=0x559fb5890580 crc :-1 s=STATE_CONNECTION_ESTABLISHED l=1).read continue len=32
2026-02-17T00:36:31.947+0000 7fb98cfb5640 1 -- 127.0.0.1:0/1071223443 <== mon.0 v2:127.0.0.1:7114/0 34 ==== mgrmap(e 3) ==== 53784+0+0 (crc 0 0 0) 0x559fb5c66000 con 0x559fb586a000
2026-02-17T00:36:31.947+0000 7fb98cfb5640 10 mgr.4100.objecter ms_dispatch2 0x559fabb6a000 mgrmap(e 3)
2026-02-17T00:36:31.947+0000 7fb98cfb5640 10 mgr ms_dispatch2 active mgrmap(e 3)
2026-02-17T00:36:31.947+0000 7fb98cfb5640 4 mgr handle_mgr_map received map epoch 3
2026-02-17T00:36:31.947+0000 7fb98cfb5640 4 mgr handle_mgr_map active in map: 1 active is 4100
2026-02-17T00:36:31.947+0000 7fb990fbd640 20 --2- 127.0.0.1:0/1240251755 >> v2:127.0.0.1:7114/0 conn(0x559fb586b000 0x559fb5890580 crc :-1 s=READY pgs=20 gs=1 cs=0 l=1 c_cookie=0 s_cookie=0 reconnecting=0 rev1=1 crypto rx=0 tx=0 comp rx=0 tx=0).handle_read_frame_preamble_main r=0
2026-02-17T00:36:31.947+0000 7fb990fbd640 20 --2- 127.0.0.1:0/1240251755 >> v2:127.0.0.1:7114/0 conn(0x559fb586b000 0x559fb5890580 crc :-1 s=THROTTLE_MESSAGE pgs=20 gs=1 cs=0 l=1 c_cookie=0 s_cookie=0 reconnecting=0 rev1=1 crypto rx=0 tx=0 comp rx=0 tx=0).throttle_message
2026-02-17T00:36:31.947+0000 7fb990fbd640 20 --2- 127.0.0.1:0/1240251755 >> v2:127.0.0.1:7114/0 conn(0x559fb586b000 0x559fb5890580 crc :-1 s=THROTTLE_BYTES pgs=20 gs=1 cs=0 l=1 c_cookie=0 s_cookie=0 reconnecting=0 rev1=1 crypto rx=0 tx=0 comp rx=0 tx=0).throttle_bytes
2026-02-17T00:36:31.947+0000 7fb990fbd640 20 --2- 127.0.0.1:0/1240251755 >> v2:127.0.0.1:7114/0 conn(0x559fb586b000 0x559fb5890580 crc :-1 s=THROTTLE_DISPATCH_QUEUE pgs=20 gs=1 cs=0 l=1 c_cookie=0 s_cookie=0 reconnecting=0 rev1=1 crypto rx=0 tx=0 comp rx=0 tx=0).throttle_dispatch_queue
2026-02-17T00:36:31.947+0000 7fb990fbd640 20 --2- 127.0.0.1:0/1240251755 >> v2:127.0.0.1:7114/0 conn(0x559fb586b000 0x559fb5890580 crc :-1 s=THROTTLE_DONE pgs=20 gs=1 cs=0 l=1 c_cookie=0 s_cookie=0 reconnecting=0 rev1=1 crypto rx=0 tx=0 comp rx=0 tx=0).read_frame_segment seg_idx=0
2026-02-17T00:36:31.947+0000 7fb990fbd640 20 -- 127.0.0.1:0/1240251755 >> v2:127.0.0.1:7114/0 conn(0x559fb586b000 msgr2=0x559fb5890580 crc :-1 s=STATE_CONNECTION_ESTABLISHED l=1).read start len=45
2026-02-17T00:36:31.947+0000 7fb990fbd640 20 --2- 127.0.0.1:0/1240251755 >> v2:127.0.0.1:7114/0 conn(0x559fb586b000 0x559fb5890580 crc :-1 s=THROTTLE_DONE pgs=20 gs=1 cs=0 l=1 c_cookie=0 s_cookie=0 reconnecting=0 rev1=1 crypto rx=0 tx=0 comp rx=0 tx=0).handle_read_frame_segment r=0
2026-02-17T00:36:31.947+0000 7fb990fbd640 20 --2- 127.0.0.1:0/1240251755 >> v2:127.0.0.1:7114/0 conn(0x559fb586b000 0x559fb5890580 crc :-1 s=THROTTLE_DONE pgs=20 gs=1 cs=0 l=1 c_cookie=0 s_cookie=0 reconnecting=0 rev1=1 crypto rx=0 tx=0 comp rx=0 tx=0).read_frame_segment seg_idx=1
2026-02-17T00:36:31.947+0000 7fb98cfb5640 10 mgr handle_mgr_map I was already active
2026-02-17T00:36:31.947+0000 7fb98cfb5640 10 mgr got_mgr_map x(active, since 0.104531s)
2026-02-17T00:36:31.947+0000 7fb990fbd640 20 -- 127.0.0.1:0/1240251755 >> v2:127.0.0.1:7114/0 conn(0x559fb586b000 msgr2=0x559fb5890580 crc :-1 s=STATE_CONNECTION_ESTABLISHED l=1).read start len=53784
2026-02-17T00:36:31.947+0000 7fb990fbd640 20 --2- 127.0.0.1:0/1240251755 >> v2:127.0.0.1:7114/0 conn(0x559fb586b000 0x559fb5890580 crc :-1 s=THROTTLE_DONE pgs=20 gs=1 cs=0 l=1 c_cookie=0 s_cookie=0 reconnecting=0 rev1=1 crypto rx=0 tx=0 comp rx=0 tx=0).handle_read_frame_segment r=0
2026-02-17T00:36:31.947+0000 7fb990fbd640 20 -- 127.0.0.1:0/1240251755 >> v2:127.0.0.1:7114/0 conn(0x559fb586b000 msgr2=0x559fb5890580 crc :-1 s=STATE_CONNECTION_ESTABLISHED l=1).read start len=13
2026-02-17T00:36:31.947+0000 7fb990fbd640 20 --2- 127.0.0.1:0/1240251755 >> v2:127.0.0.1:7114/0 conn(0x559fb586b000 0x559fb5890580 crc :-1 s=THROTTLE_DONE pgs=20 gs=1 cs=0 l=1 c_cookie=0 s_cookie=0 reconnecting=0 rev1=1 crypto rx=0 tx=0 comp rx=0 tx=0).handle_read_frame_epilogue_main r=0
2026-02-17T00:36:31.947+0000 7fb990fbd640 10 --2- 127.0.0.1:0/1240251755 >> v2:127.0.0.1:7114/0 conn(0x559fb586b000 0x559fb5890580 crc :-1 s=THROTTLE_DONE pgs=20 gs=1 cs=0 l=1 c_cookie=0 s_cookie=0 reconnecting=0 rev1=1 crypto rx=0 tx=0 comp rx=0 tx=0).handle_read_frame_dispatch tag=17
2026-02-17T00:36:31.947+0000 7fb990fbd640 20 --2- 127.0.0.1:0/1240251755 >> v2:127.0.0.1:7114/0 conn(0x559fb586b000 0x559fb5890580 crc :-1 s=THROTTLE_DONE pgs=20 gs=1 cs=0 l=1 c_cookie=0 s_cookie=0 reconnecting=0 rev1=1 crypto rx=0 tx=0 comp rx=0 tx=0).handle_message
2026-02-17T00:36:31.947+0000 7fb990fbd640 5 --2- 127.0.0.1:0/1240251755 >> v2:127.0.0.1:7114/0 conn(0x559fb586b000 0x559fb5890580 crc :-1 s=THROTTLE_DONE pgs=20 gs=1 cs=0 l=1 c_cookie=0 s_cookie=0 reconnecting=0 rev1=1 crypto rx=0 tx=0 comp rx=0 tx=0).handle_message got 53784 + 0 + 0 byte message. envelope type=1796 src mon.0 off 0
2026-02-17T00:36:31.947+0000 7fb98cfb5640 4 mgr handle_mgr_map Map now says I am available
2026-02-17T00:36:31.947+0000 7fb98cfb5640 10 mgr ms_dispatch2 mgrmap(e 3)
2026-02-17T00:36:31.947+0000 7fb98cfb5640 10 -- 127.0.0.1:0/1071223443 create_connect [v2:127.0.0.1:6808/3443224338,v1:127.0.0.1:6809/3443224338], creating connection and registering
2026-02-17T00:36:31.947+0000 7fb98cfb5640 10 -- 127.0.0.1:0/1071223443 >> [v2:127.0.0.1:6808/3443224338,v1:127.0.0.1:6809/3443224338] conn(0x559fabc7e000 msgr2=0x559fb5892c00 unknown :-1 s=STATE_NONE l=0)._connect
2026-02-17T00:36:31.947+0000 7fb98cfb5640 1 --2- 127.0.0.1:0/1071223443 >> [v2:127.0.0.1:6808/3443224338,v1:127.0.0.1:6809/3443224338] conn(0x559fabc7e000 0x559fb5892c00 unknown :-1 s=NONE pgs=0 gs=0 cs=0 l=0 c_cookie=0 s_cookie=0 reconnecting=0 rev1=0 crypto rx=0 tx=0 comp rx=0 tx=0).connect
2026-02-17T00:36:31.947+0000 7fb98cfb5640 20 Event(0x559fabb3c508 nevent=5000 time_id=5).wakeup
2026-02-17T00:36:31.947+0000 7fb98cfb5640 10 -- 127.0.0.1:0/1071223443 create_connect 0x559fabc7e000 [v2:127.0.0.1:6808/3443224338,v1:127.0.0.1:6809/3443224338] [v2:127.0.0.1:6808/3443224338,v1:127.0.0.1:6809/3443224338]
2026-02-17T00:36:31.947+0000 7fb98cfb5640 10 -- 127.0.0.1:0/1071223443 connect_to [v2:127.0.0.1:6808/3443224338,v1:127.0.0.1:6809/3443224338] new 0x559fabc7e000
2026-02-17T00:36:31.947+0000 7fb98efb9640 5 --2- 127.0.0.1:0/3395327458 >> v2:127.0.0.1:7114/0 conn(0x559fb5b8e000 0x559fb5891600 crc :-1 s=READ_MESSAGE_COMPLETE pgs=24 gs=1 cs=0 l=1 c_cookie=0 s_cookie=0 reconnecting=0 rev1=1 crypto rx=0 tx=0 comp rx=0 tx=0).handle_message received message m=0x559fb5c67180 seq=6 from=mon.0 type=1796 mgrmap(e 3)
2026-02-17T00:36:31.947+0000 7fb98efb9640 20 -- 127.0.0.1:0/3395327458 queue 0x559fb5c67180 prio 196
2026-02-17T00:36:31.947+0000 7fb9907bc640 5 --2- 127.0.0.1:0/1520923114 >> v2:127.0.0.1:7114/0 conn(0x559fb586bc00 0x559fb5891080 crc :-1 s=READ_MESSAGE_COMPLETE pgs=22 gs=1 cs=0 l=1 c_cookie=0 s_cookie=0 reconnecting=0 rev1=1 crypto rx=0 tx=0 comp rx=0 tx=0).handle_message received message m=0x559fb5c67880 seq=7 from=mon.0 type=1796 mgrmap(e 3)
2026-02-17T00:36:31.947+0000 7fb9907bc640 20 -- 127.0.0.1:0/1520923114 queue 0x559fb5c67880 prio 196
2026-02-17T00:36:31.947+0000 7fb98efb9640 20 --2- 127.0.0.1:0/3395327458 >> v2:127.0.0.1:7114/0 conn(0x559fb5b8e000 0x559fb5891600 crc :-1 s=READY pgs=24 gs=1 cs=0 l=1 c_cookie=0 s_cookie=0 reconnecting=0 rev1=1 crypto rx=0 tx=0 comp rx=0 tx=0).read_frame
2026-02-17T00:36:31.947+0000 7fb98efb9640 20 -- 127.0.0.1:0/3395327458 >> v2:127.0.0.1:7114/0 conn(0x559fb5b8e000 msgr2=0x559fb5891600 crc :-1 s=STATE_CONNECTION_ESTABLISHED l=1).read start len=32
2026-02-17T00:36:31.947+0000 7fb9907bc640 20 --2- 127.0.0.1:0/1520923114 >> v2:127.0.0.1:7114/0 conn(0x559fb586bc00 0x559fb5891080 crc :-1 s=READY pgs=22 gs=1 cs=0 l=1 c_cookie=0 s_cookie=0 reconnecting=0 rev1=1 crypto rx=0 tx=0 comp rx=0 tx=0).read_frame
2026-02-17T00:36:31.947+0000 7fb9907bc640 20 -- 127.0.0.1:0/1520923114 >> v2:127.0.0.1:7114/0 conn(0x559fb586bc00 msgr2=0x559fb5891080 crc :-1 s=STATE_CONNECTION_ESTABLISHED l=1).read start len=32
2026-02-17T00:36:31.947+0000 7fb892a58640 1 -- 127.0.0.1:0/3395327458 <== mon.0 v2:127.0.0.1:7114/0 6 ==== mgrmap(e 3) ==== 53784+0+0 (crc 0 0 0) 0x559fb5c67180 con 0x559fb5b8e000
2026-02-17T00:36:31.947+0000 7fb9907bc640 20 -- 127.0.0.1:0/1071223443 >> [v2:127.0.0.1:6808/3443224338,v1:127.0.0.1:6809/3443224338] conn(0x559fabc7e000 msgr2=0x559fb5892c00 unknown :-1 s=STATE_CONNECTING l=0).process
2026-02-17T00:36:31.947+0000 7fb89c26b640 1 -- 127.0.0.1:0/1520923114 <== mon.0 v2:127.0.0.1:7114/0 7 ==== mgrmap(e 3) ==== 53784+0+0 (crc 0 0 0) 0x559fb5c67880 con 0x559fb586bc00
2026-02-17T00:36:31.947+0000 7fb990fbd640 5 --2- 127.0.0.1:0/1240251755 >> v2:127.0.0.1:7114/0 conn(0x559fb586b000 0x559fb5890580 crc :-1 s=READ_MESSAGE_COMPLETE pgs=20 gs=1 cs=0 l=1 c_cookie=0 s_cookie=0 reconnecting=0 rev1=1 crypto rx=0 tx=0 comp rx=0 tx=0).handle_message received message m=0x559fb5c66380 seq=6 from=mon.0 type=1796 mgrmap(e 3)
2026-02-17T00:36:31.947+0000 7fb990fbd640 20 -- 127.0.0.1:0/1240251755 queue 0x559fb5c66380 prio 196
2026-02-17T00:36:31.947+0000 7fb990fbd640 20 --2- 127.0.0.1:0/1240251755 >> v2:127.0.0.1:7114/0 conn(0x559fb586b000 0x559fb5890580 crc :-1 s=READY pgs=20 gs=1 cs=0 l=1 c_cookie=0 s_cookie=0 reconnecting=0 rev1=1 crypto rx=0 tx=0 comp rx=0 tx=0).read_frame
2026-02-17T00:36:31.947+0000 7fb990fbd640 20 -- 127.0.0.1:0/1240251755 >> v2:127.0.0.1:7114/0 conn(0x559fb586b000 msgr2=0x559fb5890580 crc :-1 s=STATE_CONNECTION_ESTABLISHED l=1).read start len=32
2026-02-17T00:36:31.947+0000 7fb9907bc640 20 Event(0x559fabb3c508 nevent=5000 time_id=6).create_file_event create event started fd=30 mask=1 original mask is 0
2026-02-17T00:36:31.947+0000 7fb8a7a82640 1 -- 127.0.0.1:0/1240251755 <== mon.0 v2:127.0.0.1:7114/0 6 ==== mgrmap(e 3) ==== 53784+0+0 (crc 0 0 0) 0x559fb5c66380 con 0x559fb586b000
2026-02-17T00:36:31.947+0000 7fb9907bc640 20 EpollDriver.add_event add event fd=30 cur_mask=0 add_mask=1 to 10
2026-02-17T00:36:31.947+0000 7fb9907bc640 20 Event(0x559fabb3c508 nevent=5000 time_id=6).create_file_event create event end fd=30 mask=1 current mask is 1
2026-02-17T00:36:31.947+0000 7fb9907bc640 20 EpollDriver.del_event del event fd=30 cur_mask=1 delmask=2 to 10
2026-02-17T00:36:31.947+0000 7fb9907bc640 10 -- 127.0.0.1:0/1071223443 >> [v2:127.0.0.1:6808/3443224338,v1:127.0.0.1:6809/3443224338] conn(0x559fabc7e000 msgr2=0x559fb5892c00 unknown :-1 s=STATE_CONNECTING_RE l=0).process connect successfully, ready to send banner
2026-02-17T00:36:31.947+0000 7fb9907bc640 20 --2- 127.0.0.1:0/1071223443 >> [v2:127.0.0.1:6808/3443224338,v1:127.0.0.1:6809/3443224338] conn(0x559fabc7e000 0x559fb5892c00 unknown :-1 s=START_CONNECT pgs=0 gs=0 cs=0 l=0 c_cookie=0 s_cookie=0 reconnecting=0 rev1=0 crypto rx=0 tx=0 comp rx=0 tx=0).read_event
2026-02-17T00:36:31.947+0000 7fb9907bc640 20 --2- 127.0.0.1:0/1071223443 >> [v2:127.0.0.1:6808/3443224338,v1:127.0.0.1:6809/3443224338] conn(0x559fabc7e000 0x559fb5892c00 unknown :-1 s=START_CONNECT pgs=0 gs=0 cs=0 l=0 c_cookie=0 s_cookie=0 reconnecting=0 rev1=0 crypto rx=0 tx=0 comp rx=0 tx=0).start_client_banner_exchange
2026-02-17T00:36:31.947+0000 7fb9907bc640 10 -- 127.0.0.1:0/1071223443 get_global_seq increment to global_seq=3
2026-02-17T00:36:31.947+0000 7fb9907bc640 20 --2- 127.0.0.1:0/1071223443 >> [v2:127.0.0.1:6808/3443224338,v1:127.0.0.1:6809/3443224338] conn(0x559fabc7e000 0x559fb5892c00 unknown :-1 s=BANNER_CONNECTING pgs=0 gs=3 cs=0 l=0 c_cookie=0 s_cookie=0 reconnecting=0 rev1=0 crypto rx=0 tx=0 comp rx=0 tx=0)._banner_exchange
2026-02-17T00:36:31.947+0000 7fb9907bc640 10 -- 127.0.0.1:0/1071223443 >> [v2:127.0.0.1:6808/3443224338,v1:127.0.0.1:6809/3443224338] conn(0x559fabc7e000 msgr2=0x559fb5892c00 unknown :-1 s=STATE_CONNECTION_ESTABLISHED l=0)._try_send sent bytes 26 remaining bytes 0
2026-02-17T00:36:31.947+0000 7fb9907bc640 20 -- 127.0.0.1:0/1071223443 >> [v2:127.0.0.1:6808/3443224338,v1:127.0.0.1:6809/3443224338] conn(0x559fabc7e000 msgr2=0x559fb5892c00 unknown :-1 s=STATE_CONNECTION_ESTABLISHED l=0).read start len=10
2026-02-17T00:36:31.947+0000 7fb892a58640 10 -- 127.0.0.1:0/3395327458 create_connect [v2:127.0.0.1:6808/3443224338,v1:127.0.0.1:6809/3443224338], creating connection and registering
2026-02-17T00:36:31.947+0000 7fb9907bc640 10 Processor -- accept listen_fd=25
2026-02-17T00:36:31.947+0000 7fb892a58640 10 -- 127.0.0.1:0/3395327458 >> [v2:127.0.0.1:6808/3443224338,v1:127.0.0.1:6809/3443224338] conn(0x559fb5b8f800 msgr2=0x559fb5892680 unknown :-1 s=STATE_NONE l=1)._connect
2026-02-17T00:36:31.947+0000 7fb892a58640 1 --2- 127.0.0.1:0/3395327458 >> [v2:127.0.0.1:6808/3443224338,v1:127.0.0.1:6809/3443224338] conn(0x559fb5b8f800 0x559fb5892680 unknown :-1 s=NONE pgs=0 gs=0 cs=0 l=1 c_cookie=0 s_cookie=0 reconnecting=0 rev1=0 crypto rx=0 tx=0 comp rx=0 tx=0).connect
2026-02-17T00:36:31.947+0000 7fb9907bc640 10 Processor -- accept accepted incoming on sd 31
2026-02-17T00:36:31.947+0000 7fb892a58640 20 Event(0x559fabb3c748 nevent=5000 time_id=9).wakeup
2026-02-17T00:36:31.947+0000 7fb892a58640 10 -- 127.0.0.1:0/3395327458 create_connect 0x559fb5b8f800 [v2:127.0.0.1:6808/3443224338,v1:127.0.0.1:6809/3443224338] [v2:127.0.0.1:6808/3443224338,v1:127.0.0.1:6809/3443224338]
2026-02-17T00:36:31.947+0000 7fb892a58640 10 -- 127.0.0.1:0/3395327458 connect_to [v2:127.0.0.1:6808/3443224338,v1:127.0.0.1:6809/3443224338] new 0x559fb5b8f800
2026-02-17T00:36:31.947+0000 7fb892a58640 10 -- 127.0.0.1:0/3395327458 dispatch_throttle_release 53784 to dispatch throttler 53784/104857600
2026-02-17T00:36:31.947+0000 7fb892a58640 20 -- 127.0.0.1:0/3395327458 done calling dispatch on 0x559fb5c67180
2026-02-17T00:36:31.947+0000 7fb9907bc640 10 -- [v2:127.0.0.1:6808/3443224338,v1:127.0.0.1:6809/3443224338] >> conn(0x559fb5b8fc00 msgr2=0x559fb5893700 unknown :-1 s=STATE_NONE l=0).accept sd=31 listen_addr v2:127.0.0.1:6808/3443224338 peer_addr v2:127.0.0.1:59740/0
2026-02-17T00:36:31.947+0000 7fb9907bc640 1 --2- [v2:127.0.0.1:6808/3443224338,v1:127.0.0.1:6809/3443224338] >> conn(0x559fb5b8fc00 0x559fb5893700 unknown :-1 s=NONE pgs=0 gs=0 cs=0 l=0 c_cookie=0 s_cookie=0 reconnecting=0 rev1=0 crypto rx=0 tx=0 comp rx=0 tx=0).accept
2026-02-17T00:36:31.947+0000 7fb990fbd640 20 -- 127.0.0.1:0/3395327458 >> [v2:127.0.0.1:6808/3443224338,v1:127.0.0.1:6809/3443224338] conn(0x559fb5b8f800 msgr2=0x559fb5892680 unknown :-1 s=STATE_CONNECTING l=1).process
2026-02-17T00:36:31.947+0000 7fb9907bc640 20 Event(0x559fabb3c088 nevent=5000 time_id=5).wakeup
2026-02-17T00:36:31.947+0000 7fb9907bc640 10 Processor -- accept accepted incoming on sd 33
2026-02-17T00:36:31.947+0000 7fb89c26b640 10 -- 127.0.0.1:0/1520923114 create_connect [v2:127.0.0.1:6808/3443224338,v1:127.0.0.1:6809/3443224338], creating connection and registering
2026-02-17T00:36:31.947+0000 7fb98efb9640 20 -- [v2:127.0.0.1:6808/3443224338,v1:127.0.0.1:6809/3443224338] >> conn(0x559fb5b8fc00 msgr2=0x559fb5893700 unknown :-1 s=STATE_ACCEPTING l=0).process
2026-02-17T00:36:31.947+0000 7fb98efb9640 20 Event(0x559fabb3c088 nevent=5000 time_id=5).create_file_event create event started fd=31 mask=1 original mask is 0
2026-02-17T00:36:31.947+0000 7fb9907bc640 10 -- [v2:127.0.0.1:6808/3443224338,v1:127.0.0.1:6809/3443224338] >> conn(0x559fb5d50000 msgr2=0x559fb5d74000 unknown :-1 s=STATE_NONE l=0).accept sd=33 listen_addr v2:127.0.0.1:6808/3443224338 peer_addr v2:127.0.0.1:59750/0
2026-02-17T00:36:31.947+0000 7fb98efb9640 20 EpollDriver.add_event add event fd=31 cur_mask=0 add_mask=1 to 14
2026-02-17T00:36:31.947+0000 7fb9907bc640 1 --2- [v2:127.0.0.1:6808/3443224338,v1:127.0.0.1:6809/3443224338] >> conn(0x559fb5d50000 0x559fb5d74000 unknown :-1 s=NONE pgs=0 gs=0 cs=0 l=0 c_cookie=0 s_cookie=0 reconnecting=0 rev1=0 crypto rx=0 tx=0 comp rx=0 tx=0).accept
2026-02-17T00:36:31.947+0000 7fb98efb9640 20 Event(0x559fabb3c088 nevent=5000 time_id=5).create_file_event create event end fd=31 mask=1 current mask is 1
2026-02-17T00:36:31.947+0000 7fb990fbd640 20 Event(0x559fabb3c748 nevent=5000 time_id=10).create_file_event create event started fd=32 mask=1 original mask is 0
2026-02-17T00:36:31.947+0000 7fb990fbd640 20 EpollDriver.add_event add event fd=32 cur_mask=0 add_mask=1 to 12
2026-02-17T00:36:31.947+0000 7fb9907bc640 10 Processor -- accept accepted incoming on sd 34
2026-02-17T00:36:31.947+0000 7fb98efb9640 20 --2- [v2:127.0.0.1:6808/3443224338,v1:127.0.0.1:6809/3443224338] >> conn(0x559fb5b8fc00 0x559fb5893700 unknown :-1 s=START_ACCEPT pgs=0 gs=0 cs=0 l=0 c_cookie=0 s_cookie=0 reconnecting=0 rev1=0 crypto rx=0 tx=0 comp rx=0 tx=0).read_event
2026-02-17T00:36:31.947+0000 7fb990fbd640 20 Event(0x559fabb3c748 nevent=5000 time_id=10).create_file_event create event end fd=32 mask=1 current mask is 1
2026-02-17T00:36:31.947+0000 7fb990fbd640 20 EpollDriver.del_event del event fd=32 cur_mask=1 delmask=2 to 12
2026-02-17T00:36:31.947+0000 7fb98efb9640 20 --2- [v2:127.0.0.1:6808/3443224338,v1:127.0.0.1:6809/3443224338] >> conn(0x559fb5b8fc00 0x559fb5893700 unknown :-1 s=START_ACCEPT pgs=0 gs=0 cs=0 l=0 c_cookie=0 s_cookie=0 reconnecting=0 rev1=0 crypto rx=0 tx=0 comp rx=0 tx=0).start_server_banner_exchange
2026-02-17T00:36:31.947+0000 7fb990fbd640 10 -- 127.0.0.1:0/3395327458 >> [v2:127.0.0.1:6808/3443224338,v1:127.0.0.1:6809/3443224338] conn(0x559fb5b8f800 msgr2=0x559fb5892680 unknown :-1 s=STATE_CONNECTING_RE l=1).process connect successfully, ready to send banner
2026-02-17T00:36:31.947+0000 7fb98efb9640 20 --2- [v2:127.0.0.1:6808/3443224338,v1:127.0.0.1:6809/3443224338] >> conn(0x559fb5b8fc00 0x559fb5893700 unknown :-1 s=BANNER_ACCEPTING pgs=0 gs=0 cs=0 l=0 c_cookie=0 s_cookie=0 reconnecting=0 rev1=0 crypto rx=0 tx=0 comp rx=0 tx=0)._banner_exchange
2026-02-17T00:36:31.947+0000 7fb990fbd640 20 --2- 127.0.0.1:0/3395327458 >> [v2:127.0.0.1:6808/3443224338,v1:127.0.0.1:6809/3443224338] conn(0x559fb5b8f800 0x559fb5892680 unknown :-1 s=START_CONNECT pgs=0 gs=0 cs=0 l=1 c_cookie=0 s_cookie=0 reconnecting=0 rev1=0 crypto rx=0 tx=0 comp rx=0 tx=0).read_event
2026-02-17T00:36:31.947+0000 7fb990fbd640 20 --2- 127.0.0.1:0/3395327458 >> [v2:127.0.0.1:6808/3443224338,v1:127.0.0.1:6809/3443224338] conn(0x559fb5b8f800 0x559fb5892680 unknown :-1 s=START_CONNECT pgs=0 gs=0 cs=0 l=1 c_cookie=0 s_cookie=0 reconnecting=0 rev1=0 crypto rx=0 tx=0 comp rx=0 tx=0).start_client_banner_exchange
2026-02-17T00:36:31.947+0000 7fb990fbd640 10 -- 127.0.0.1:0/3395327458 get_global_seq increment to global_seq=2
2026-02-17T00:36:31.947+0000 7fb990fbd640 20 --2- 127.0.0.1:0/3395327458 >> [v2:127.0.0.1:6808/3443224338,v1:127.0.0.1:6809/3443224338] conn(0x559fb5b8f800 0x559fb5892680 unknown :-1 s=BANNER_CONNECTING pgs=0 gs=2 cs=0 l=1 c_cookie=0 s_cookie=0 reconnecting=0 rev1=0 crypto rx=0 tx=0 comp rx=0 tx=0)._banner_exchange
2026-02-17T00:36:31.947+0000 7fb8a7a82640 10 -- 127.0.0.1:0/1240251755 create_connect [v2:127.0.0.1:6808/3443224338,v1:127.0.0.1:6809/3443224338], creating connection and registering
2026-02-17T00:36:31.947+0000 7fb990fbd640 10 -- 127.0.0.1:0/3395327458 >> [v2:127.0.0.1:6808/3443224338,v1:127.0.0.1:6809/3443224338] conn(0x559fb5b8f800 msgr2=0x559fb5892680 unknown :-1 s=STATE_CONNECTION_ESTABLISHED l=1)._try_send sent bytes 26 remaining bytes 0
2026-02-17T00:36:31.947+0000 7fb990fbd640 20 -- 127.0.0.1:0/3395327458 >> [v2:127.0.0.1:6808/3443224338,v1:127.0.0.1:6809/3443224338] conn(0x559fb5b8f800 msgr2=0x559fb5892680 unknown :-1 s=STATE_CONNECTION_ESTABLISHED l=1).read start len=10
2026-02-17T00:36:31.947+0000 7fb98efb9640 10 -- [v2:127.0.0.1:6808/3443224338,v1:127.0.0.1:6809/3443224338] >> conn(0x559fb5b8fc00 msgr2=0x559fb5893700 unknown :-1 s=STATE_CONNECTION_ESTABLISHED l=0)._try_send sent bytes 26 remaining bytes 0
2026-02-17T00:36:31.947+0000 7fb98efb9640 20 -- [v2:127.0.0.1:6808/3443224338,v1:127.0.0.1:6809/3443224338] >> conn(0x559fb5b8fc00 msgr2=0x559fb5893700 unknown :-1 s=STATE_CONNECTION_ESTABLISHED l=0).read start len=10
2026-02-17T00:36:31.947+0000 7fb98efb9640 20 --2- [v2:127.0.0.1:6808/3443224338,v1:127.0.0.1:6809/3443224338] >> conn(0x559fb5b8fc00 0x559fb5893700 unknown :-1 s=BANNER_ACCEPTING pgs=0 gs=0 cs=0 l=0 c_cookie=0 s_cookie=0 reconnecting=0 rev1=0 crypto rx=0 tx=0 comp rx=0 tx=0)._handle_peer_banner r=0
2026-02-17T00:36:31.947+0000 7fb98efb9640 20 -- [v2:127.0.0.1:6808/3443224338,v1:127.0.0.1:6809/3443224338] >> conn(0x559fb5b8fc00 msgr2=0x559fb5893700 unknown :-1 s=STATE_CONNECTION_ESTABLISHED l=0).read start len=16
2026-02-17T00:36:31.947+0000 7fb98efb9640 20 --2- [v2:127.0.0.1:6808/3443224338,v1:127.0.0.1:6809/3443224338] >> conn(0x559fb5b8fc00 0x559fb5893700 unknown :-1 s=BANNER_ACCEPTING pgs=0 gs=0 cs=0 l=0 c_cookie=0 s_cookie=0 reconnecting=0 rev1=0 crypto rx=0 tx=0 comp rx=0 tx=0)._handle_peer_banner_payload r=0
2026-02-17T00:36:31.947+0000 7fb98efb9640 1 --2- [v2:127.0.0.1:6808/3443224338,v1:127.0.0.1:6809/3443224338] >> conn(0x559fb5b8fc00 0x559fb5893700 unknown :-1 s=BANNER_ACCEPTING pgs=0 gs=0 cs=0 l=0 c_cookie=0 s_cookie=0 reconnecting=0 rev1=0 crypto rx=0 tx=0 comp rx=0 tx=0)._handle_peer_banner_payload supported=3 required=0
2026-02-17T00:36:31.947+0000 7fb89c26b640 10 -- 127.0.0.1:0/1520923114 >> [v2:127.0.0.1:6808/3443224338,v1:127.0.0.1:6809/3443224338] conn(0x559fb5d50800 msgr2=0x559fb5892100 unknown :-1 s=STATE_NONE l=1)._connect
2026-02-17T00:36:31.947+0000 7fb89c26b640 1 --2- 127.0.0.1:0/1520923114 >> [v2:127.0.0.1:6808/3443224338,v1:127.0.0.1:6809/3443224338] conn(0x559fb5d50800 0x559fb5892100 unknown :-1 s=NONE pgs=0 gs=0 cs=0 l=1 c_cookie=0 s_cookie=0 reconnecting=0 rev1=0 crypto rx=0 tx=0 comp rx=0 tx=0).connect
2026-02-17T00:36:31.947+0000 7fb98efb9640 10 -- [v2:127.0.0.1:6808/3443224338,v1:127.0.0.1:6809/3443224338] >> conn(0x559fb5b8fc00 msgr2=0x559fb5893700 unknown :-1 s=STATE_CONNECTION_ESTABLISHED l=0)._try_send sent bytes 72 remaining bytes 0
2026-02-17T00:36:31.947+0000 7fb9907bc640 10 -- [v2:127.0.0.1:6808/3443224338,v1:127.0.0.1:6809/3443224338] >> conn(0x559fb5d50400 msgr2=0x559fb5d74580 unknown :-1 s=STATE_NONE l=0).accept sd=34 listen_addr v2:127.0.0.1:6808/3443224338 peer_addr v2:127.0.0.1:59756/0
2026-02-17T00:36:31.947+0000 7fb89c26b640 20 Event(0x559fabb3c748 nevent=5000 time_id=10).wakeup
2026-02-17T00:36:31.947+0000 7fb9907bc640 1 --2- [v2:127.0.0.1:6808/3443224338,v1:127.0.0.1:6809/3443224338] >> conn(0x559fb5d50400 0x559fb5d74580 unknown :-1 s=NONE pgs=0 gs=0 cs=0 l=0 c_cookie=0 s_cookie=0 reconnecting=0 rev1=0 crypto rx=0 tx=0 comp rx=0 tx=0).accept
2026-02-17T00:36:31.947+0000 7fb9907bc640 20 Event(0x559fabb3c088 nevent=5000 time_id=5).wakeup
2026-02-17T00:36:31.947+0000 7fb98efb9640 20 --2- [v2:127.0.0.1:6808/3443224338,v1:127.0.0.1:6809/3443224338] >> conn(0x559fb5b8fc00 0x559fb5893700 unknown :-1 s=HELLO_ACCEPTING pgs=0 gs=0 cs=0 l=0 c_cookie=0 s_cookie=0 reconnecting=0 rev1=1 crypto rx=0 tx=0 comp rx=0 tx=0).read_frame
2026-02-17T00:36:31.947+0000 7fb98efb9640 20 -- [v2:127.0.0.1:6808/3443224338,v1:127.0.0.1:6809/3443224338] >> conn(0x559fb5b8fc00 msgr2=0x559fb5893700 unknown :-1 s=STATE_CONNECTION_ESTABLISHED l=0).read start len=32
2026-02-17T00:36:31.947+0000 7fb89c26b640 10 -- 127.0.0.1:0/1520923114 create_connect 0x559fb5d50800 [v2:127.0.0.1:6808/3443224338,v1:127.0.0.1:6809/3443224338] [v2:127.0.0.1:6808/3443224338,v1:127.0.0.1:6809/3443224338]
2026-02-17T00:36:31.947+0000 7fb9907bc640 10 Processor -- accept listen_fd=26
2026-02-17T00:36:31.947+0000 7fb89c26b640 10 -- 127.0.0.1:0/1520923114 connect_to [v2:127.0.0.1:6808/3443224338,v1:127.0.0.1:6809/3443224338] new 0x559fb5d50800
2026-02-17T00:36:31.947+0000 7fb98efb9640 20 --2- [v2:127.0.0.1:6808/3443224338,v1:127.0.0.1:6809/3443224338] >> conn(0x559fb5b8fc00 0x559fb5893700 unknown :-1 s=HELLO_ACCEPTING pgs=0 gs=0 cs=0 l=0 c_cookie=0 s_cookie=0 reconnecting=0 rev1=1 crypto rx=0 tx=0 comp rx=0 tx=0).handle_read_frame_preamble_main r=0
2026-02-17T00:36:31.947+0000 7fb89c26b640 10 -- 127.0.0.1:0/1520923114 dispatch_throttle_release 53784 to dispatch throttler 53784/104857600
2026-02-17T00:36:31.947+0000 7fb8a7a82640 10 -- 127.0.0.1:0/1240251755 >> [v2:127.0.0.1:6808/3443224338,v1:127.0.0.1:6809/3443224338] conn(0x559fb5d50c00 msgr2=0x559fb5890b00 unknown :-1 s=STATE_NONE l=1)._connect
2026-02-17T00:36:31.947+0000 7fb990fbd640 20 -- 127.0.0.1:0/1520923114 >> [v2:127.0.0.1:6808/3443224338,v1:127.0.0.1:6809/3443224338] conn(0x559fb5d50800 msgr2=0x559fb5892100 unknown :-1 s=STATE_CONNECTING l=1).process
2026-02-17T00:36:31.947+0000 7fb98efb9640 20 --2- [v2:127.0.0.1:6808/3443224338,v1:127.0.0.1:6809/3443224338] >> conn(0x559fb5b8fc00 0x559fb5893700 unknown :-1 s=HELLO_ACCEPTING pgs=0 gs=0 cs=0 l=0 c_cookie=0 s_cookie=0 reconnecting=0 rev1=1 crypto rx=0 tx=0 comp rx=0 tx=0).read_frame_segment seg_idx=0
2026-02-17T00:36:31.947+0000 7fb89c26b640 20 -- 127.0.0.1:0/1520923114 done calling dispatch on 0x559fb5c67880
2026-02-17T00:36:31.947+0000 7fb9907bc640 20 -- [v2:127.0.0.1:6808/3443224338,v1:127.0.0.1:6809/3443224338] >> conn(0x559fb5d50000 msgr2=0x559fb5d74000 unknown :-1 s=STATE_ACCEPTING l=0).process
2026-02-17T00:36:31.947+0000 7fb98efb9640 20 -- [v2:127.0.0.1:6808/3443224338,v1:127.0.0.1:6809/3443224338] >> conn(0x559fb5b8fc00 msgr2=0x559fb5893700 unknown :-1 s=STATE_CONNECTION_ESTABLISHED l=0).read start len=40
2026-02-17T00:36:31.947+0000 7fb8a7a82640 1 --2- 127.0.0.1:0/1240251755 >> [v2:127.0.0.1:6808/3443224338,v1:127.0.0.1:6809/3443224338] conn(0x559fb5d50c00 0x559fb5890b00 unknown :-1 s=NONE pgs=0 gs=0 cs=0 l=1 c_cookie=0 s_cookie=0 reconnecting=0 rev1=0 crypto rx=0 tx=0 comp rx=0 tx=0).connect
2026-02-17T00:36:31.947+0000 7fb8a7a82640 20 Event(0x559fabb3c508 nevent=5000 time_id=6).wakeup
2026-02-17T00:36:31.947+0000 7fb9907bc640 20 Event(0x559fabb3c508 nevent=5000 time_id=6).create_file_event create event started fd=33 mask=1 original mask is 0
2026-02-17T00:36:31.947+0000 7fb9907bc640 20 EpollDriver.add_event add event fd=33 cur_mask=0 add_mask=1 to 10
2026-02-17T00:36:31.947+0000 7fb98efb9640 20 --2- [v2:127.0.0.1:6808/3443224338,v1:127.0.0.1:6809/3443224338] >> conn(0x559fb5b8fc00 0x559fb5893700 unknown :-1 s=HELLO_ACCEPTING pgs=0 gs=0 cs=0 l=0 c_cookie=0 s_cookie=0 reconnecting=0 rev1=1 crypto rx=0 tx=0 comp rx=0 tx=0).handle_read_frame_segment r=0
2026-02-17T00:36:31.947+0000 7fb8a7a82640 10 -- 127.0.0.1:0/1240251755 create_connect 0x559fb5d50c00 [v2:127.0.0.1:6808/3443224338,v1:127.0.0.1:6809/3443224338] [v2:127.0.0.1:6808/3443224338,v1:127.0.0.1:6809/3443224338]
2026-02-17T00:36:31.947+0000 7fb9907bc640 20 Event(0x559fabb3c508 nevent=5000 time_id=6).create_file_event create event end fd=33 mask=1 current mask is 1
2026-02-17T00:36:31.947+0000 7fb8a7a82640 10 -- 127.0.0.1:0/1240251755 connect_to [v2:127.0.0.1:6808/3443224338,v1:127.0.0.1:6809/3443224338] new 0x559fb5d50c00
2026-02-17T00:36:31.947+0000 7fb98efb9640 10 --2- [v2:127.0.0.1:6808/3443224338,v1:127.0.0.1:6809/3443224338] >> conn(0x559fb5b8fc00 0x559fb5893700 unknown :-1 s=HELLO_ACCEPTING pgs=0 gs=0 cs=0 l=0 c_cookie=0 s_cookie=0 reconnecting=0 rev1=1 crypto rx=0 tx=0 comp rx=0 tx=0).handle_read_frame_dispatch tag=1
2026-02-17T00:36:31.947+0000 7fb8a7a82640 10 -- 127.0.0.1:0/1240251755 dispatch_throttle_release 53784 to dispatch throttler 53784/104857600
2026-02-17T00:36:31.947+0000 7fb9907bc640 20 --2- [v2:127.0.0.1:6808/3443224338,v1:127.0.0.1:6809/3443224338] >> conn(0x559fb5d50000 0x559fb5d74000 unknown :-1 s=START_ACCEPT pgs=0 gs=0 cs=0 l=0 c_cookie=0 s_cookie=0 reconnecting=0 rev1=0 crypto rx=0 tx=0 comp rx=0 tx=0).read_event
2026-02-17T00:36:31.947+0000 7fb8a7a82640 20 -- 127.0.0.1:0/1240251755 done calling dispatch on 0x559fb5c66380
2026-02-17T00:36:31.947+0000 7fb9907bc640 20 --2- [v2:127.0.0.1:6808/3443224338,v1:127.0.0.1:6809/3443224338] >> conn(0x559fb5d50000 0x559fb5d74000 unknown :-1 s=START_ACCEPT pgs=0 gs=0 cs=0 l=0 c_cookie=0 s_cookie=0 reconnecting=0 rev1=0 crypto rx=0 tx=0 comp rx=0 tx=0).start_server_banner_exchange
2026-02-17T00:36:31.947+0000 7fb98efb9640 20 --2- [v2:127.0.0.1:6808/3443224338,v1:127.0.0.1:6809/3443224338] >> conn(0x559fb5b8fc00 0x559fb5893700 unknown :-1 s=HELLO_ACCEPTING pgs=0 gs=0 cs=0 l=0 c_cookie=0 s_cookie=0 reconnecting=0 rev1=1 crypto rx=0 tx=0 comp rx=0 tx=0).handle_hello payload.length()=36
2026-02-17T00:36:31.947+0000 7fb9907bc640 20 --2- [v2:127.0.0.1:6808/3443224338,v1:127.0.0.1:6809/3443224338] >> conn(0x559fb5d50000 0x559fb5d74000 unknown :-1 s=BANNER_ACCEPTING pgs=0 gs=0 cs=0 l=0 c_cookie=0 s_cookie=0 reconnecting=0 rev1=0 crypto rx=0 tx=0 comp rx=0 tx=0)._banner_exchange
2026-02-17T00:36:31.947+0000 7fb98efb9640 5 --2- [v2:127.0.0.1:6808/3443224338,v1:127.0.0.1:6809/3443224338] >> conn(0x559fb5b8fc00 0x559fb5893700 unknown :-1 s=HELLO_ACCEPTING pgs=0 gs=0 cs=0 l=0 c_cookie=0 s_cookie=0 reconnecting=0 rev1=1 crypto rx=0 tx=0 comp rx=0 tx=0).handle_hello received hello: peer_type=4 peer_addr_for_me=v2:127.0.0.1:6808/3443224338
