2026-02-17T00:36:31.883+0000 7fb990fbd640 20 --2- 127.0.0.1:0/1071223443 >> v2:127.0.0.1:7114/0 conn(0x559fb586a000 0x559fb5890000 crc :-1 s=THROTTLE_DONE pgs=18 gs=2 cs=0 l=1 c_cookie=6931106495102326716 s_cookie=0 reconnecting=0 rev1=1 crypto rx=0 tx=0 comp rx=0 tx=0).read_frame_segment seg_idx=0
2026-02-17T00:36:31.883+0000 7fb98cfb5640 10 -- 127.0.0.1:0/1071223443 dispatch_throttle_release 24 to dispatch throttler 113/104857600
2026-02-17T00:36:31.883+0000 7fb990fbd640 20 -- 127.0.0.1:0/1071223443 >> v2:127.0.0.1:7114/0 conn(0x559fb586a000 msgr2=0x559fb5890000 crc :-1 s=STATE_CONNECTION_ESTABLISHED l=1).read start len=45
2026-02-17T00:36:31.883+0000 7fb98cfb5640 20 -- 127.0.0.1:0/1071223443 done calling dispatch on 0x559fb575f4a0
2026-02-17T00:36:31.883+0000 7fb990fbd640 20 --2- 127.0.0.1:0/1071223443 >> v2:127.0.0.1:7114/0 conn(0x559fb586a000 0x559fb5890000 crc :-1 s=THROTTLE_DONE pgs=18 gs=2 cs=0 l=1 c_cookie=6931106495102326716 s_cookie=0 reconnecting=0 rev1=1 crypto rx=0 tx=0 comp rx=0 tx=0).handle_read_frame_segment r=0
2026-02-17T00:36:31.883+0000 7fb98efb9640 20 -- 127.0.0.1:0/1544953362 queue 0x559fb5a19180 prio 196
2026-02-17T00:36:31.883+0000 7fb990fbd640 20 --2- 127.0.0.1:0/1071223443 >> v2:127.0.0.1:7114/0 conn(0x559fb586a000 0x559fb5890000 crc :-1 s=THROTTLE_DONE pgs=18 gs=2 cs=0 l=1 c_cookie=6931106495102326716 s_cookie=0 reconnecting=0 rev1=1 crypto rx=0 tx=0 comp rx=0 tx=0).read_frame_segment seg_idx=1
2026-02-17T00:36:31.883+0000 7fb990fbd640 20 -- 127.0.0.1:0/1071223443 >> v2:127.0.0.1:7114/0 conn(0x559fb586a000 msgr2=0x559fb5890000 crc :-1 s=STATE_CONNECTION_ESTABLISHED l=1).read start len=89
2026-02-17T00:36:31.883+0000 7fb98efb9640 20 --2- 127.0.0.1:0/1544953362 >> v2:127.0.0.1:7114/0 conn(0x559fb5b8e000 0x559fb5891600 crc :-1 s=READY pgs=23 gs=1 cs=0 l=1 c_cookie=2437310035215064990 s_cookie=0 reconnecting=0 rev1=1 crypto rx=0 tx=0 comp rx=0 tx=0).read_frame
2026-02-17T00:36:31.883+0000 7fb990fbd640 20 --2- 127.0.0.1:0/1071223443 >> v2:127.0.0.1:7114/0 conn(0x559fb586a000 0x559fb5890000 crc :-1 s=THROTTLE_DONE pgs=18 gs=2 cs=0 l=1 c_cookie=6931106495102326716 s_cookie=0 reconnecting=0 rev1=1 crypto rx=0 tx=0 comp rx=0 tx=0).handle_read_frame_segment r=0
2026-02-17T00:36:31.883+0000 7fb98efb9640 20 -- 127.0.0.1:0/1544953362 >> v2:127.0.0.1:7114/0 conn(0x559fb5b8e000 msgr2=0x559fb5891600 crc :-1 s=STATE_CONNECTION_ESTABLISHED l=1).read start len=32
2026-02-17T00:36:31.883+0000 7fb894a5c640 1 -- 127.0.0.1:0/1544953362 <== mon.0 v2:127.0.0.1:7114/0 2 ==== config(1 keys) ==== 25+0+0 (crc 0 0 0) 0x559fb5a19180 con 0x559fb5b8e000
2026-02-17T00:36:31.883+0000 7fb98efb9640 20 --2- 127.0.0.1:0/1544953362 >> v2:127.0.0.1:7114/0 conn(0x559fb5b8e000 0x559fb5891600 crc :-1 s=READY pgs=23 gs=1 cs=0 l=1 c_cookie=2437310035215064990 s_cookie=0 reconnecting=0 rev1=1 crypto rx=0 tx=0 comp rx=0 tx=0).handle_read_frame_preamble_main r=0
2026-02-17T00:36:31.883+0000 7fb990fbd640 20 -- 127.0.0.1:0/1071223443 >> v2:127.0.0.1:7114/0 conn(0x559fb586a000 msgr2=0x559fb5890000 crc :-1 s=STATE_CONNECTION_ESTABLISHED l=1).read start len=13
2026-02-17T00:36:31.883+0000 7fb98efb9640 20 --2- 127.0.0.1:0/1544953362 >> v2:127.0.0.1:7114/0 conn(0x559fb5b8e000 0x559fb5891600 crc :-1 s=THROTTLE_MESSAGE pgs=23 gs=1 cs=0 l=1 c_cookie=2437310035215064990 s_cookie=0 reconnecting=0 rev1=1 crypto rx=0 tx=0 comp rx=0 tx=0).throttle_message
2026-02-17T00:36:31.883+0000 7fb894a5c640 10 -- 127.0.0.1:0/1544953362 dispatch_throttle_release 25 to dispatch throttler 25/104857600
2026-02-17T00:36:31.883+0000 7fb98efb9640 20 --2- 127.0.0.1:0/1544953362 >> v2:127.0.0.1:7114/0 conn(0x559fb5b8e000 0x559fb5891600 crc :-1 s=THROTTLE_BYTES pgs=23 gs=1 cs=0 l=1 c_cookie=2437310035215064990 s_cookie=0 reconnecting=0 rev1=1 crypto rx=0 tx=0 comp rx=0 tx=0).throttle_bytes
2026-02-17T00:36:31.883+0000 7fb990fbd640 20 --2- 127.0.0.1:0/1071223443 >> v2:127.0.0.1:7114/0 conn(0x559fb586a000 0x559fb5890000 crc :-1 s=THROTTLE_DONE pgs=18 gs=2 cs=0 l=1 c_cookie=6931106495102326716 s_cookie=0 reconnecting=0 rev1=1 crypto rx=0 tx=0 comp rx=0 tx=0).handle_read_frame_epilogue_main r=0
2026-02-17T00:36:31.883+0000 7fb894a5c640 20 -- 127.0.0.1:0/1544953362 done calling dispatch on 0x559fb5a19180
2026-02-17T00:36:31.883+0000 7fb98efb9640 20 --2- 127.0.0.1:0/1544953362 >> v2:127.0.0.1:7114/0 conn(0x559fb5b8e000 0x559fb5891600 crc :-1 s=THROTTLE_DISPATCH_QUEUE pgs=23 gs=1 cs=0 l=1 c_cookie=2437310035215064990 s_cookie=0 reconnecting=0 rev1=1 crypto rx=0 tx=0 comp rx=0 tx=0).throttle_dispatch_queue
2026-02-17T00:36:31.883+0000 7fb990fbd640 10 --2- 127.0.0.1:0/1071223443 >> v2:127.0.0.1:7114/0 conn(0x559fb586a000 0x559fb5890000 crc :-1 s=THROTTLE_DONE pgs=18 gs=2 cs=0 l=1 c_cookie=6931106495102326716 s_cookie=0 reconnecting=0 rev1=1 crypto rx=0 tx=0 comp rx=0 tx=0).handle_read_frame_dispatch tag=17
2026-02-17T00:36:31.883+0000 7fb98efb9640 20 --2- 127.0.0.1:0/1544953362 >> v2:127.0.0.1:7114/0 conn(0x559fb5b8e000 0x559fb5891600 crc :-1 s=THROTTLE_DONE pgs=23 gs=1 cs=0 l=1 c_cookie=2437310035215064990 s_cookie=0 reconnecting=0 rev1=1 crypto rx=0 tx=0 comp rx=0 tx=0).read_frame_segment seg_idx=0
2026-02-17T00:36:31.883+0000 7fb990fbd640 20 --2- 127.0.0.1:0/1071223443 >> v2:127.0.0.1:7114/0 conn(0x559fb586a000 0x559fb5890000 crc :-1 s=THROTTLE_DONE pgs=18 gs=2 cs=0 l=1 c_cookie=6931106495102326716 s_cookie=0 reconnecting=0 rev1=1 crypto rx=0 tx=0 comp rx=0 tx=0).handle_message
2026-02-17T00:36:31.883+0000 7fb98efb9640 20 -- 127.0.0.1:0/1544953362 >> v2:127.0.0.1:7114/0 conn(0x559fb5b8e000 msgr2=0x559fb5891600 crc :-1 s=STATE_CONNECTION_ESTABLISHED l=1).read start len=45
2026-02-17T00:36:31.883+0000 7fb98efb9640 20 --2- 127.0.0.1:0/1544953362 >> v2:127.0.0.1:7114/0 conn(0x559fb5b8e000 0x559fb5891600 crc :-1 s=THROTTLE_DONE pgs=23 gs=1 cs=0 l=1 c_cookie=2437310035215064990 s_cookie=0 reconnecting=0 rev1=1 crypto rx=0 tx=0 comp rx=0 tx=0).handle_read_frame_segment r=0
2026-02-17T00:36:31.883+0000 7fb98efb9640 20 --2- 127.0.0.1:0/1544953362 >> v2:127.0.0.1:7114/0 conn(0x559fb5b8e000 0x559fb5891600 crc :-1 s=THROTTLE_DONE pgs=23 gs=1 cs=0 l=1 c_cookie=2437310035215064990 s_cookie=0 reconnecting=0 rev1=1 crypto rx=0 tx=0 comp rx=0 tx=0).read_frame_segment seg_idx=1
2026-02-17T00:36:31.883+0000 7fb990fbd640 5 --2- 127.0.0.1:0/1071223443 >> v2:127.0.0.1:7114/0 conn(0x559fb586a000 0x559fb5890000 crc :-1 s=THROTTLE_DONE pgs=18 gs=2 cs=0 l=1 c_cookie=6931106495102326716 s_cookie=0 reconnecting=0 rev1=1 crypto rx=0 tx=0 comp rx=0 tx=0).handle_message got 89 + 0 + 0 byte message. envelope type=54 src mon.0 off 0
2026-02-17T00:36:31.883+0000 7fb98efb9640 20 -- 127.0.0.1:0/1544953362 >> v2:127.0.0.1:7114/0 conn(0x559fb5b8e000 msgr2=0x559fb5891600 crc :-1 s=STATE_CONNECTION_ESTABLISHED l=1).read start len=178
2026-02-17T00:36:31.883+0000 7fb98efb9640 20 --2- 127.0.0.1:0/1544953362 >> v2:127.0.0.1:7114/0 conn(0x559fb5b8e000 0x559fb5891600 crc :-1 s=THROTTLE_DONE pgs=23 gs=1 cs=0 l=1 c_cookie=2437310035215064990 s_cookie=0 reconnecting=0 rev1=1 crypto rx=0 tx=0 comp rx=0 tx=0).handle_read_frame_segment r=0
2026-02-17T00:36:31.883+0000 7fb98efb9640 20 -- 127.0.0.1:0/1544953362 >> v2:127.0.0.1:7114/0 conn(0x559fb5b8e000 msgr2=0x559fb5891600 crc :-1 s=STATE_CONNECTION_ESTABLISHED l=1).read start len=13
2026-02-17T00:36:31.883+0000 7fb990fbd640 5 --2- 127.0.0.1:0/1071223443 >> v2:127.0.0.1:7114/0 conn(0x559fb586a000 0x559fb5890000 crc :-1 s=READ_MESSAGE_COMPLETE pgs=18 gs=2 cs=0 l=1 c_cookie=6931106495102326716 s_cookie=0 reconnecting=0 rev1=1 crypto rx=0 tx=0 comp rx=0 tx=0).handle_message received message m=0x559fb575f680 seq=23 from=mon.0 type=54 kv_data(v3 prefix mgr/, incremental, 1 keys)
2026-02-17T00:36:31.883+0000 7fb98efb9640 20 --2- 127.0.0.1:0/1544953362 >> v2:127.0.0.1:7114/0 conn(0x559fb5b8e000 0x559fb5891600 crc :-1 s=THROTTLE_DONE pgs=23 gs=1 cs=0 l=1 c_cookie=2437310035215064990 s_cookie=0 reconnecting=0 rev1=1 crypto rx=0 tx=0 comp rx=0 tx=0).handle_read_frame_epilogue_main r=0
2026-02-17T00:36:31.883+0000 7fb990fbd640 20 -- 127.0.0.1:0/1071223443 queue 0x559fb575f680 prio 196
2026-02-17T00:36:31.883+0000 7fb98efb9640 10 --2- 127.0.0.1:0/1544953362 >> v2:127.0.0.1:7114/0 conn(0x559fb5b8e000 0x559fb5891600 crc :-1 s=THROTTLE_DONE pgs=23 gs=1 cs=0 l=1 c_cookie=2437310035215064990 s_cookie=0 reconnecting=0 rev1=1 crypto rx=0 tx=0 comp rx=0 tx=0).handle_read_frame_dispatch tag=17
2026-02-17T00:36:31.883+0000 7fb98efb9640 20 --2- 127.0.0.1:0/1544953362 >> v2:127.0.0.1:7114/0 conn(0x559fb5b8e000 0x559fb5891600 crc :-1 s=THROTTLE_DONE pgs=23 gs=1 cs=0 l=1 c_cookie=2437310035215064990 s_cookie=0 reconnecting=0 rev1=1 crypto rx=0 tx=0 comp rx=0 tx=0).handle_message
2026-02-17T00:36:31.883+0000 7fb990fbd640 20 --2- 127.0.0.1:0/1071223443 >> v2:127.0.0.1:7114/0 conn(0x559fb586a000 0x559fb5890000 crc :-1 s=READY pgs=18 gs=2 cs=0 l=1 c_cookie=6931106495102326716 s_cookie=0 reconnecting=0 rev1=1 crypto rx=0 tx=0 comp rx=0 tx=0).read_frame
2026-02-17T00:36:31.883+0000 7fb98efb9640 5 --2- 127.0.0.1:0/1544953362 >> v2:127.0.0.1:7114/0 conn(0x559fb5b8e000 0x559fb5891600 crc :-1 s=THROTTLE_DONE pgs=23 gs=1 cs=0 l=1 c_cookie=2437310035215064990 s_cookie=0 reconnecting=0 rev1=1 crypto rx=0 tx=0 comp rx=0 tx=0).handle_message got 178 + 0 + 0 byte message. envelope type=4 src mon.0 off 0
2026-02-17T00:36:31.883+0000 7fb990fbd640 20 -- 127.0.0.1:0/1071223443 >> v2:127.0.0.1:7114/0 conn(0x559fb586a000 msgr2=0x559fb5890000 crc :-1 s=STATE_CONNECTION_ESTABLISHED l=1).read start len=32
2026-02-17T00:36:31.883+0000 7fb98efb9640 5 --2- 127.0.0.1:0/1544953362 >> v2:127.0.0.1:7114/0 conn(0x559fb5b8e000 0x559fb5891600 crc :-1 s=READ_MESSAGE_COMPLETE pgs=23 gs=1 cs=0 l=1 c_cookie=2437310035215064990 s_cookie=0 reconnecting=0 rev1=1 crypto rx=0 tx=0 comp rx=0 tx=0).handle_message received message m=0x559fb5bb01a0 seq=3 from=mon.0 type=4 mon_map magic: 0
2026-02-17T00:36:31.883+0000 7fb98efb9640 20 -- 127.0.0.1:0/1544953362 queue 0x559fb5bb01a0 prio 196
2026-02-17T00:36:31.883+0000 7fb98cfb5640 1 -- 127.0.0.1:0/1071223443 <== mon.0 v2:127.0.0.1:7114/0 23 ==== kv_data(v3 prefix mgr/, incremental, 1 keys) ==== 89+0+0 (crc 0 0 0) 0x559fb575f680 con 0x559fb586a000
2026-02-17T00:36:31.883+0000 7fb98cfb5640 10 mgr.4100.objecter ms_dispatch2 0x559fabb6a000 kv_data(v3 prefix mgr/, incremental, 1 keys)
2026-02-17T00:36:31.883+0000 7fb98cfb5640 10 mgr ms_dispatch2 active kv_data(v3 prefix mgr/, incremental, 1 keys)
2026-02-17T00:36:31.883+0000 7fb98cfb5640 10 mgr ms_dispatch2 kv_data(v3 prefix mgr/, incremental, 1 keys)
2026-02-17T00:36:31.883+0000 7fb98efb9640 20 --2- 127.0.0.1:0/1544953362 >> v2:127.0.0.1:7114/0 conn(0x559fb5b8e000 0x559fb5891600 crc :-1 s=READY pgs=23 gs=1 cs=0 l=1 c_cookie=2437310035215064990 s_cookie=0 reconnecting=0 rev1=1 crypto rx=0 tx=0 comp rx=0 tx=0).read_frame
2026-02-17T00:36:31.883+0000 7fb98efb9640 20 -- 127.0.0.1:0/1544953362 >> v2:127.0.0.1:7114/0 conn(0x559fb5b8e000 msgr2=0x559fb5891600 crc :-1 s=STATE_CONNECTION_ESTABLISHED l=1).read start len=32
2026-02-17T00:36:31.883+0000 7fb98cfb5640 10 mgr update_kv_data incremental update on mgr/
2026-02-17T00:36:31.883+0000 7fb894a5c640 1 -- 127.0.0.1:0/1544953362 <== mon.0 v2:127.0.0.1:7114/0 3 ==== mon_map magic: 0 ==== 178+0+0 (crc 0 0 0) 0x559fb5bb01a0 con 0x559fb5b8e000
2026-02-17T00:36:31.883+0000 7fb98cfb5640 20 mgr update_kv_data set mgr/telemetry/report_id = d3cc8d90-df0d-48be-bf03-381abb2e913c
2026-02-17T00:36:31.883+0000 7fb98cfb5640 10 -- 127.0.0.1:0/1071223443 dispatch_throttle_release 89 to dispatch throttler 89/104857600
2026-02-17T00:36:31.883+0000 7fb98cfb5640 20 -- 127.0.0.1:0/1071223443 done calling dispatch on 0x559fb575f680
2026-02-17T00:36:31.883+0000 7fb990fbd640 20 --2- 127.0.0.1:0/1071223443 >> v2:127.0.0.1:7114/0 conn(0x559fb586a000 0x559fb5890000 crc :-1 s=READY pgs=18 gs=2 cs=0 l=1 c_cookie=6931106495102326716 s_cookie=0 reconnecting=0 rev1=1 crypto rx=0 tx=0 comp rx=0 tx=0).handle_read_frame_preamble_main r=0
2026-02-17T00:36:31.883+0000 7fb990fbd640 20 --2- 127.0.0.1:0/1071223443 >> v2:127.0.0.1:7114/0 conn(0x559fb586a000 0x559fb5890000 crc :-1 s=THROTTLE_MESSAGE pgs=18 gs=2 cs=0 l=1 c_cookie=6931106495102326716 s_cookie=0 reconnecting=0 rev1=1 crypto rx=0 tx=0 comp rx=0 tx=0).throttle_message
2026-02-17T00:36:31.883+0000 7fb894a5c640 10 -- 127.0.0.1:0/1544953362 dispatch_throttle_release 178 to dispatch throttler 178/104857600
2026-02-17T00:36:31.883+0000 7fb894a5c640 20 -- 127.0.0.1:0/1544953362 done calling dispatch on 0x559fb5bb01a0
2026-02-17T00:36:31.883+0000 7fb990fbd640 20 --2- 127.0.0.1:0/1071223443 >> v2:127.0.0.1:7114/0 conn(0x559fb586a000 0x559fb5890000 crc :-1 s=THROTTLE_BYTES pgs=18 gs=2 cs=0 l=1 c_cookie=6931106495102326716 s_cookie=0 reconnecting=0 rev1=1 crypto rx=0 tx=0 comp rx=0 tx=0).throttle_bytes
2026-02-17T00:36:31.883+0000 7fb990fbd640 20 --2- 127.0.0.1:0/1071223443 >> v2:127.0.0.1:7114/0 conn(0x559fb586a000 0x559fb5890000 crc :-1 s=THROTTLE_DISPATCH_QUEUE pgs=18 gs=2 cs=0 l=1 c_cookie=6931106495102326716 s_cookie=0 reconnecting=0 rev1=1 crypto rx=0 tx=0 comp rx=0 tx=0).throttle_dispatch_queue
2026-02-17T00:36:31.883+0000 7fb990fbd640 20 --2- 127.0.0.1:0/1071223443 >> v2:127.0.0.1:7114/0 conn(0x559fb586a000 0x559fb5890000 crc :-1 s=THROTTLE_DONE pgs=18 gs=2 cs=0 l=1 c_cookie=6931106495102326716 s_cookie=0 reconnecting=0 rev1=1 crypto rx=0 tx=0 comp rx=0 tx=0).read_frame_segment seg_idx=0
2026-02-17T00:36:31.883+0000 7fb990fbd640 20 -- 127.0.0.1:0/1071223443 >> v2:127.0.0.1:7114/0 conn(0x559fb586a000 msgr2=0x559fb5890000 crc :-1 s=STATE_CONNECTION_ESTABLISHED l=1).read start len=45
2026-02-17T00:36:31.883+0000 7fb990fbd640 20 --2- 127.0.0.1:0/1071223443 >> v2:127.0.0.1:7114/0 conn(0x559fb586a000 0x559fb5890000 crc :-1 s=THROTTLE_DONE pgs=18 gs=2 cs=0 l=1 c_cookie=6931106495102326716 s_cookie=0 reconnecting=0 rev1=1 crypto rx=0 tx=0 comp rx=0 tx=0).handle_read_frame_segment r=0
2026-02-17T00:36:31.883+0000 7fb990fbd640 20 --2- 127.0.0.1:0/1071223443 >> v2:127.0.0.1:7114/0 conn(0x559fb586a000 0x559fb5890000 crc :-1 s=THROTTLE_DONE pgs=18 gs=2 cs=0 l=1 c_cookie=6931106495102326716 s_cookie=0 reconnecting=0 rev1=1 crypto rx=0 tx=0 comp rx=0 tx=0).read_frame_segment seg_idx=1
2026-02-17T00:36:31.883+0000 7fb990fbd640 20 -- 127.0.0.1:0/1071223443 >> v2:127.0.0.1:7114/0 conn(0x559fb586a000 msgr2=0x559fb5890000 crc :-1 s=STATE_CONNECTION_ESTABLISHED l=1).read start len=1696
2026-02-17T00:36:31.883+0000 7fb990fbd640 20 --2- 127.0.0.1:0/1071223443 >> v2:127.0.0.1:7114/0 conn(0x559fb586a000 0x559fb5890000 crc :-1 s=THROTTLE_DONE pgs=18 gs=2 cs=0 l=1 c_cookie=6931106495102326716 s_cookie=0 reconnecting=0 rev1=1 crypto rx=0 tx=0 comp rx=0 tx=0).handle_read_frame_segment r=0
2026-02-17T00:36:31.883+0000 7fb990fbd640 20 -- 127.0.0.1:0/1071223443 >> v2:127.0.0.1:7114/0 conn(0x559fb586a000 msgr2=0x559fb5890000 crc :-1 s=STATE_CONNECTION_ESTABLISHED l=1).read start len=13
2026-02-17T00:36:31.883+0000 7fb990fbd640 20 --2- 127.0.0.1:0/1071223443 >> v2:127.0.0.1:7114/0 conn(0x559fb586a000 0x559fb5890000 crc :-1 s=THROTTLE_DONE pgs=18 gs=2 cs=0 l=1 c_cookie=6931106495102326716 s_cookie=0 reconnecting=0 rev1=1 crypto rx=0 tx=0 comp rx=0 tx=0).handle_read_frame_epilogue_main r=0
2026-02-17T00:36:31.883+0000 7fb990fbd640 10 --2- 127.0.0.1:0/1071223443 >> v2:127.0.0.1:7114/0 conn(0x559fb586a000 0x559fb5890000 crc :-1 s=THROTTLE_DONE pgs=18 gs=2 cs=0 l=1 c_cookie=6931106495102326716 s_cookie=0 reconnecting=0 rev1=1 crypto rx=0 tx=0 comp rx=0 tx=0).handle_read_frame_dispatch tag=17
2026-02-17T00:36:31.883+0000 7fb990fbd640 20 --2- 127.0.0.1:0/1071223443 >> v2:127.0.0.1:7114/0 conn(0x559fb586a000 0x559fb5890000 crc :-1 s=THROTTLE_DONE pgs=18 gs=2 cs=0 l=1 c_cookie=6931106495102326716 s_cookie=0 reconnecting=0 rev1=1 crypto rx=0 tx=0 comp rx=0 tx=0).handle_message
2026-02-17T00:36:31.883+0000 7fb990fbd640 5 --2- 127.0.0.1:0/1071223443 >> v2:127.0.0.1:7114/0 conn(0x559fb586a000 0x559fb5890000 crc :-1 s=THROTTLE_DONE pgs=18 gs=2 cs=0 l=1 c_cookie=6931106495102326716 s_cookie=0 reconnecting=0 rev1=1 crypto rx=0 tx=0 comp rx=0 tx=0).handle_message got 1696 + 0 + 0 byte message. envelope type=1797 src mon.0 off 0
2026-02-17T00:36:31.883+0000 7fb990fbd640 5 --2- 127.0.0.1:0/1071223443 >> v2:127.0.0.1:7114/0 conn(0x559fb586a000 0x559fb5890000 crc :-1 s=READ_MESSAGE_COMPLETE pgs=18 gs=2 cs=0 l=1 c_cookie=6931106495102326716 s_cookie=0 reconnecting=0 rev1=1 crypto rx=0 tx=0 comp rx=0 tx=0).handle_message received message m=0x559fb5901340 seq=24 from=mon.0 type=1797 mgrdigest
2026-02-17T00:36:31.883+0000 7fb990fbd640 20 -- 127.0.0.1:0/1071223443 queue 0x559fb5901340 prio 196
2026-02-17T00:36:31.883+0000 7fb990fbd640 20 --2- 127.0.0.1:0/1071223443 >> v2:127.0.0.1:7114/0 conn(0x559fb586a000 0x559fb5890000 crc :-1 s=READY pgs=18 gs=2 cs=0 l=1 c_cookie=6931106495102326716 s_cookie=0 reconnecting=0 rev1=1 crypto rx=0 tx=0 comp rx=0 tx=0).read_frame
2026-02-17T00:36:31.883+0000 7fb990fbd640 20 -- 127.0.0.1:0/1071223443 >> v2:127.0.0.1:7114/0 conn(0x559fb586a000 msgr2=0x559fb5890000 crc :-1 s=STATE_CONNECTION_ESTABLISHED l=1).read start len=32
2026-02-17T00:36:31.883+0000 7fb98cfb5640 1 -- 127.0.0.1:0/1071223443 <== mon.0 v2:127.0.0.1:7114/0 24 ==== mgrdigest ==== 1696+0+0 (crc 0 0 0) 0x559fb5901340 con 0x559fb586a000
2026-02-17T00:36:31.883+0000 7fb990fbd640 10 -- 127.0.0.1:0/1071223443 >> v2:127.0.0.1:7114/0 conn(0x559fb586a000 msgr2=0x559fb5890000 crc :-1 s=STATE_CONNECTION_ESTABLISHED l=1).handle_write
2026-02-17T00:36:31.883+0000 7fb98cfb5640 10 mgr.4100.objecter ms_dispatch2 0x559fabb6a000 mgrdigest
2026-02-17T00:36:31.883+0000 7fb98cfb5640 10 mgr ms_dispatch2 active mgrdigest
2026-02-17T00:36:31.883+0000 7fb98cfb5640 10 mgr ms_dispatch2 mgrdigest
2026-02-17T00:36:31.883+0000 7fb98cfb5640 10 mgr handle_mgr_digest 1643
2026-02-17T00:36:31.883+0000 7fb98cfb5640 10 mgr handle_mgr_digest 45
2026-02-17T00:36:31.883+0000 7fb990fbd640 10 --2- 127.0.0.1:0/1071223443 >> v2:127.0.0.1:7114/0 conn(0x559fb586a000 0x559fb5890000 crc :-1 s=READY pgs=18 gs=2 cs=0 l=1 c_cookie=6931106495102326716 s_cookie=0 reconnecting=0 rev1=1 crypto rx=0 tx=0 comp rx=0 tx=0).write_event
2026-02-17T00:36:31.883+0000 7fb98cfb5640 10 mgr notify_all notify_all: notify_all health
2026-02-17T00:36:31.883+0000 7fb98cfb5640 10 mgr notify_all notify_all: notify_all pg_summary
2026-02-17T00:36:31.883+0000 7fb98cfb5640 10 mgr handle_mgr_digest done.
2026-02-17T00:36:31.883+0000 7fb98cfb5640 10 -- 127.0.0.1:0/1071223443 dispatch_throttle_release 1696 to dispatch throttler 1696/104857600
2026-02-17T00:36:31.883+0000 7fb98cfb5640 20 -- 127.0.0.1:0/1071223443 done calling dispatch on 0x559fb5901340
2026-02-17T00:36:31.883+0000 7fb990fbd640 20 --2- 127.0.0.1:0/1071223443 >> v2:127.0.0.1:7114/0 conn(0x559fb586a000 0x559fb5890000 crc :-1 s=READY pgs=18 gs=2 cs=0 l=1 c_cookie=6931106495102326716 s_cookie=0 reconnecting=0 rev1=1 crypto rx=0 tx=0 comp rx=0 tx=0).prepare_send_message m=mon_command([{prefix=config-key set, key=mgr/telemetry/salt}] v 0)
2026-02-17T00:36:31.883+0000 7fb990fbd640 20 --2- 127.0.0.1:0/1071223443 >> v2:127.0.0.1:7114/0 conn(0x559fb586a000 0x559fb5890000 crc :-1 s=READY pgs=18 gs=2 cs=0 l=1 c_cookie=6931106495102326716 s_cookie=0 reconnecting=0 rev1=1 crypto rx=0 tx=0 comp rx=0 tx=0).prepare_send_message encoding features 4544132024016699391 0x559fb5901500 mon_command([{prefix=config-key set, key=mgr/telemetry/salt}] v 0)
2026-02-17T00:36:31.883+0000 7fb990fbd640 2 --2- 127.0.0.1:0/1071223443 >> v2:127.0.0.1:7114/0 conn(0x559fb586a000 0x559fb5890000 crc :-1 s=READY pgs=18 gs=2 cs=0 l=1 c_cookie=6931106495102326716 s_cookie=0 reconnecting=0 rev1=1 crypto rx=0 tx=0 comp rx=0 tx=0).write_message sending message m=0x559fb5901500 seq=14 mon_command([{prefix=config-key set, key=mgr/telemetry/salt}] v 0)
2026-02-17T00:36:31.883+0000 7fb990fbd640 20 --2- 127.0.0.1:0/1071223443 >> v2:127.0.0.1:7114/0 conn(0x559fb586a000 0x559fb5890000 crc :-1 s=READY pgs=18 gs=2 cs=0 l=1 c_cookie=6931106495102326716 s_cookie=0 reconnecting=0 rev1=1 crypto rx=0 tx=0 comp rx=0 tx=0).write_message sending m=0x559fb5901500 seq=14 src=mgr.4100 off=0
2026-02-17T00:36:31.883+0000 7fb990fbd640 10 -- 127.0.0.1:0/1071223443 >> v2:127.0.0.1:7114/0 conn(0x559fb586a000 msgr2=0x559fb5890000 crc :-1 s=STATE_CONNECTION_ESTABLISHED l=1)._try_send sent bytes 231 remaining bytes 0
2026-02-17T00:36:31.883+0000 7fb990fbd640 10 --2- 127.0.0.1:0/1071223443 >> v2:127.0.0.1:7114/0 conn(0x559fb586a000 0x559fb5890000 crc :-1 s=READY pgs=18 gs=2 cs=0 l=1 c_cookie=6931106495102326716 s_cookie=0 reconnecting=0 rev1=1 crypto rx=0 tx=0 comp rx=0 tx=0).write_message sending 0x559fb5901500 done.
2026-02-17T00:36:31.883+0000 7fb8aba8a640 1 -- 127.0.0.1:0/1544953362 >> v2:127.0.0.1:7114/0 conn(0x559fb5b8e000 msgr2=0x559fb5891600 crc :-1 s=STATE_CONNECTION_ESTABLISHED l=1).mark_down
2026-02-17T00:36:31.883+0000 7fb8aba8a640 1 --2- 127.0.0.1:0/1544953362 >> v2:127.0.0.1:7114/0 conn(0x559fb5b8e000 0x559fb5891600 crc :-1 s=READY pgs=23 gs=1 cs=0 l=1 c_cookie=2437310035215064990 s_cookie=0 reconnecting=0 rev1=1 crypto rx=0 tx=0 comp rx=0 tx=0).stop
2026-02-17T00:36:31.883+0000 7fb8aba8a640 5 --2- 127.0.0.1:0/1544953362 >> v2:127.0.0.1:7114/0 conn(0x559fb5b8e000 0x559fb5891600 crc :-1 s=READY pgs=23 gs=1 cs=0 l=1 c_cookie=2437310035215064990 s_cookie=0 reconnecting=0 rev1=1 crypto rx=0 tx=0 comp rx=0 tx=0).reset_recv_state
2026-02-17T00:36:31.883+0000 7fb8aba8a640 20 Event(0x559fabb3c088 nevent=5000 time_id=3).wakeup
2026-02-17T00:36:31.883+0000 7fb8aba8a640 10 --2- 127.0.0.1:0/1544953362 >> v2:127.0.0.1:7114/0 conn(0x559fb5b8e000 0x559fb5891600 crc :-1 s=READY pgs=23 gs=1 cs=0 l=1 c_cookie=2437310035215064990 s_cookie=0 reconnecting=0 rev1=1 crypto rx=0 tx=0 comp rx=0 tx=0).discard_out_queue started
2026-02-17T00:36:31.883+0000 7fb98efb9640 5 --2- 127.0.0.1:0/1544953362 >> v2:127.0.0.1:7114/0 conn(0x559fb5b8e000 0x559fb5891600 crc :-1 s=CLOSED pgs=23 gs=1 cs=0 l=1 c_cookie=2437310035215064990 s_cookie=0 reconnecting=0 rev1=1 crypto rx=0 tx=0 comp rx=0 tx=0).reset_recv_state (warped) reseting crypto and compression handlers
2026-02-17T00:36:31.883+0000 7fb98efb9640 5 --2- 127.0.0.1:0/1544953362 >> v2:127.0.0.1:7114/0 conn(0x559fb5b8e000 0x559fb5891600 crc :-1 s=CLOSED pgs=23 gs=1 cs=0 l=1 c_cookie=2437310035215064990 s_cookie=0 reconnecting=0 rev1=1 crypto rx=0 tx=0 comp rx=0 tx=0).reset_security
2026-02-17T00:36:31.883+0000 7fb98efb9640 5 --2- 127.0.0.1:0/1544953362 >> v2:127.0.0.1:7114/0 conn(0x559fb5b8e000 0x559fb5891600 unknown :-1 s=CLOSED pgs=23 gs=1 cs=0 l=1 c_cookie=2437310035215064990 s_cookie=0 reconnecting=0 rev1=1 crypto rx=0 tx=0 comp rx=0 tx=0).reset_compression
2026-02-17T00:36:31.883+0000 7fb98efb9640 20 EpollDriver.del_event del event fd=29 cur_mask=1 delmask=3 to 14
2026-02-17T00:36:31.883+0000 7fb8aba8a640 10 -- 127.0.0.1:0/1544953362 shutdown 127.0.0.1:0/1544953362
2026-02-17T00:36:31.883+0000 7fb8aba8a640 20 Event(0x559fabb3c508 nevent=5000 time_id=5).wakeup
2026-02-17T00:36:31.883+0000 7fb8aba8a640 20 Event(0x559fabb3c748 nevent=5000 time_id=9).wakeup
2026-02-17T00:36:31.883+0000 7fb8aba8a640 20 Event(0x559fabb3c088 nevent=5000 time_id=3).wakeup
2026-02-17T00:36:31.883+0000 7fb8aba8a640 10 Processor -- stop
2026-02-17T00:36:31.883+0000 7fb8aba8a640 20 Event(0x559fabb3c508 nevent=5000 time_id=5).wakeup
2026-02-17T00:36:31.883+0000 7fb8aba8a640 1 -- 127.0.0.1:0/1544953362 shutdown_connections
2026-02-17T00:36:31.883+0000 7fb8aba8a640 5 -- 127.0.0.1:0/1544953362 shutdown_connections mark down v2:127.0.0.1:7114/0 0x559fb5b8e000
2026-02-17T00:36:31.883+0000 7fb8aba8a640 1 --2- 127.0.0.1:0/1544953362 >> v2:127.0.0.1:7114/0 conn(0x559fb5b8e000 0x559fb5891600 unknown :-1 s=CLOSED pgs=23 gs=1 cs=0 l=1 c_cookie=2437310035215064990 s_cookie=0 reconnecting=0 rev1=1 crypto rx=0 tx=0 comp rx=0 tx=0).stop
2026-02-17T00:36:31.883+0000 7fb8aba8a640 5 -- 127.0.0.1:0/1544953362 shutdown_connections delete 0x559fb5b8e000
2026-02-17T00:36:31.883+0000 7fb8aba8a640 1 -- 127.0.0.1:0/1544953362 >> 127.0.0.1:0/1544953362 conn(0x559fb586b800 msgr2=0x559fb58a7800 unknown :-1 s=STATE_NONE l=0).mark_down
2026-02-17T00:36:31.883+0000 7fb8aba8a640 20 --1- 127.0.0.1:0/1544953362 >> 127.0.0.1:0/1544953362 conn(0x559fb586b800 0x559fb58a7800 :-1 s=NONE pgs=0 gs=0 cs=0 l=0).stop
2026-02-17T00:36:31.883+0000 7fb8aba8a640 2 --1- 127.0.0.1:0/1544953362 >> 127.0.0.1:0/1544953362 conn(0x559fb586b800 0x559fb58a7800 :-1 s=NONE pgs=0 gs=0 cs=0 l=0).stop
2026-02-17T00:36:31.883+0000 7fb8aba8a640 5 --1- 127.0.0.1:0/1544953362 >> 127.0.0.1:0/1544953362 conn(0x559fb586b800 0x559fb58a7800 :-1 s=NONE pgs=0 gs=0 cs=0 l=0).reset_recv_state
2026-02-17T00:36:31.883+0000 7fb8aba8a640 20 Event(0x559fabb3c748 nevent=5000 time_id=9).wakeup
2026-02-17T00:36:31.883+0000 7fb8aba8a640 10 --1- 127.0.0.1:0/1544953362 >> 127.0.0.1:0/1544953362 conn(0x559fb586b800 0x559fb58a7800 :-1 s=NONE pgs=0 gs=0 cs=0 l=0).discard_out_queue started
2026-02-17T00:36:31.883+0000 7fb8aba8a640 10 -- 127.0.0.1:0/1544953362 wait: waiting for dispatch queue
2026-02-17T00:36:31.883+0000 7fb990fbd640 5 --1- 127.0.0.1:0/1544953362 >> 127.0.0.1:0/1544953362 conn(0x559fb586b800 0x559fb58a7800 :-1 s=CLOSED pgs=0 gs=0 cs=0 l=0).reset_recv_state (warped) reseting security handlers
2026-02-17T00:36:31.883+0000 7fb990fbd640 5 --1- 127.0.0.1:0/1544953362 >> 127.0.0.1:0/1544953362 conn(0x559fb586b800 0x559fb58a7800 :-1 s=CLOSED pgs=0 gs=0 cs=0 l=0).reset_security
2026-02-17T00:36:31.883+0000 7fb8aba8a640 10 -- 127.0.0.1:0/1544953362 wait: dispatch queue is stopped
2026-02-17T00:36:31.883+0000 7fb8aba8a640 1 -- 127.0.0.1:0/1544953362 shutdown_connections
2026-02-17T00:36:31.883+0000 7fb8aba8a640 5 -- 127.0.0.1:0/1544953362 shutdown_connections delete 0x559fb586b800
2026-02-17T00:36:31.883+0000 7fb8aba8a640 20 Event(0x559fabb3c508 nevent=5000 time_id=5).wakeup
2026-02-17T00:36:31.883+0000 7fb8aba8a640 20 Event(0x559fabb3c748 nevent=5000 time_id=9).wakeup
2026-02-17T00:36:31.883+0000 7fb8aba8a640 20 Event(0x559fabb3c088 nevent=5000 time_id=3).wakeup
2026-02-17T00:36:31.883+0000 7fb8aba8a640 10 -- 127.0.0.1:0/1544953362 wait: done.
2026-02-17T00:36:31.883+0000 7fb8aba8a640 1 -- 127.0.0.1:0/1544953362 wait complete.
2026-02-17T00:36:31.883+0000 7fb8aba8a640 20 CompressorRegistry(0x559fb58a7218) adding algorithm method: snappy
2026-02-17T00:36:31.883+0000 7fb8aba8a640 20 CompressorRegistry(0x559fb58a7218) _parse_method_list snappy -> [1]
2026-02-17T00:36:31.883+0000 7fb8aba8a640 10 CompressorRegistry(0x559fb58a7218) _refresh_config ms_osd_compression_mode 0 ms_osd_compression_methods [1] ms_osd_compress_above_min_size 1024 ms_compress_secure 0
2026-02-17T00:36:31.883+0000 7fb8aba8a640 10 -- operator() registering messenger radosclient using key radosclient-17036915835217679842 failed due to a name collision. messenger won't be available to "messenger dump"
2026-02-17T00:36:31.883+0000 7fb8aba8a640 10 -- ready
2026-02-17T00:36:31.883+0000 7fb8aba8a640 1 Processor -- start
2026-02-17T00:36:31.883+0000 7fb8aba8a640 20 Event(0x559fabb3c508 nevent=5000 time_id=5).wakeup
2026-02-17T00:36:31.883+0000 7fb8aba8a640 1 -- start start
2026-02-17T00:36:31.883+0000 7fb8aba8a640 10 -- create_connect v2:127.0.0.1:7114/0, creating connection and registering
2026-02-17T00:36:31.883+0000 7fb8aba8a640 10 -- >> v2:127.0.0.1:7114/0 conn(0x559fb5b8e000 msgr2=0x559fb5891600 unknown :-1 s=STATE_NONE l=1)._connect
2026-02-17T00:36:31.883+0000 7fb8aba8a640 1 --2- >> v2:127.0.0.1:7114/0 conn(0x559fb5b8e000 0x559fb5891600 unknown :-1 s=NONE pgs=0 gs=0 cs=0 l=1 c_cookie=0 s_cookie=0 reconnecting=0 rev1=0 crypto rx=0 tx=0 comp rx=0 tx=0).connect
2026-02-17T00:36:31.883+0000 7fb8aba8a640 20 Event(0x559fabb3c088 nevent=5000 time_id=3).wakeup
2026-02-17T00:36:31.883+0000 7fb8aba8a640 10 -- create_connect 0x559fb5b8e000 v2:127.0.0.1:7114/0 v2:127.0.0.1:7114/0
2026-02-17T00:36:31.883+0000 7fb8aba8a640 10 -- connect_to v2:127.0.0.1:7114/0 new 0x559fb5b8e000
2026-02-17T00:36:31.883+0000 7fb8aba8a640 1 -- --> v2:127.0.0.1:7114/0 -- mon_getmap magic: 0 -- 0x559fb579aa80 con 0x559fb5b8e000
2026-02-17T00:36:31.883+0000 7fb8aba8a640 5 --2- >> v2:127.0.0.1:7114/0 conn(0x559fb5b8e000 0x559fb5891600 unknown :-1 s=START_CONNECT pgs=0 gs=0 cs=0 l=1 c_cookie=0 s_cookie=0 reconnecting=0 rev1=0 crypto rx=0 tx=0 comp rx=0 tx=0).send_message enqueueing message m=0x559fb579aa80 type=5 mon_getmap magic: 0
2026-02-17T00:36:31.883+0000 7fb98efb9640 20 -- >> v2:127.0.0.1:7114/0 conn(0x559fb5b8e000 msgr2=0x559fb5891600 unknown :-1 s=STATE_CONNECTING l=1).process
2026-02-17T00:36:31.883+0000 7fb8aba8a640 15 --2- >> v2:127.0.0.1:7114/0 conn(0x559fb5b8e000 0x559fb5891600 unknown :-1 s=START_CONNECT pgs=0 gs=0 cs=0 l=1 c_cookie=0 s_cookie=0 reconnecting=0 rev1=0 crypto rx=0 tx=0 comp rx=0 tx=0).send_message message queued for async transmission m=0x559fb579aa80
2026-02-17T00:36:31.883+0000 7fb98efb9640 20 Event(0x559fabb3c088 nevent=5000 time_id=4).create_file_event create event started fd=29 mask=1 original mask is 0
2026-02-17T00:36:31.883+0000 7fb98efb9640 20 EpollDriver.add_event add event fd=29 cur_mask=0 add_mask=1 to 14
2026-02-17T00:36:31.883+0000 7fb98efb9640 20 Event(0x559fabb3c088 nevent=5000 time_id=4).create_file_event create event end fd=29 mask=1 current mask is 1
2026-02-17T00:36:31.883+0000 7fb98efb9640 20 EpollDriver.del_event del event fd=29 cur_mask=1 delmask=2 to 14
2026-02-17T00:36:31.883+0000 7fb98efb9640 10 -- >> v2:127.0.0.1:7114/0 conn(0x559fb5b8e000 msgr2=0x559fb5891600 unknown :-1 s=STATE_CONNECTING_RE l=1).process connect successfully, ready to send banner
2026-02-17T00:36:31.883+0000 7fb98efb9640 20 --2- >> v2:127.0.0.1:7114/0 conn(0x559fb5b8e000 0x559fb5891600 unknown :-1 s=START_CONNECT pgs=0 gs=0 cs=0 l=1 c_cookie=0 s_cookie=0 reconnecting=0 rev1=0 crypto rx=0 tx=0 comp rx=0 tx=0).read_event
2026-02-17T00:36:31.883+0000 7fb98efb9640 20 --2- >> v2:127.0.0.1:7114/0 conn(0x559fb5b8e000 0x559fb5891600 unknown :-1 s=START_CONNECT pgs=0 gs=0 cs=0 l=1 c_cookie=0 s_cookie=0 reconnecting=0 rev1=0 crypto rx=0 tx=0 comp rx=0 tx=0).start_client_banner_exchange
2026-02-17T00:36:31.883+0000 7fb98efb9640 10 -- get_global_seq increment to global_seq=1
2026-02-17T00:36:31.883+0000 7fb98efb9640 20 --2- >> v2:127.0.0.1:7114/0 conn(0x559fb5b8e000 0x559fb5891600 unknown :-1 s=BANNER_CONNECTING pgs=0 gs=1 cs=0 l=1 c_cookie=0 s_cookie=0 reconnecting=0 rev1=0 crypto rx=0 tx=0 comp rx=0 tx=0)._banner_exchange
2026-02-17T00:36:31.883+0000 7fb98efb9640 10 -- >> v2:127.0.0.1:7114/0 conn(0x559fb5b8e000 msgr2=0x559fb5891600 unknown :-1 s=STATE_CONNECTION_ESTABLISHED l=1)._try_send sent bytes 26 remaining bytes 0
2026-02-17T00:36:31.883+0000 7fb98efb9640 20 -- >> v2:127.0.0.1:7114/0 conn(0x559fb5b8e000 msgr2=0x559fb5891600 unknown :-1 s=STATE_CONNECTION_ESTABLISHED l=1).read start len=10
2026-02-17T00:36:31.883+0000 7fb98efb9640 20 -- >> v2:127.0.0.1:7114/0 conn(0x559fb5b8e000 msgr2=0x559fb5891600 unknown :-1 s=STATE_CONNECTION_ESTABLISHED l=1).process
2026-02-17T00:36:31.883+0000 7fb98efb9640 20 -- >> v2:127.0.0.1:7114/0 conn(0x559fb5b8e000 msgr2=0x559fb5891600 unknown :-1 s=STATE_CONNECTION_ESTABLISHED l=1).read continue len=10
2026-02-17T00:36:31.883+0000 7fb98efb9640 20 --2- >> v2:127.0.0.1:7114/0 conn(0x559fb5b8e000 0x559fb5891600 unknown :-1 s=BANNER_CONNECTING pgs=0 gs=1 cs=0 l=1 c_cookie=0 s_cookie=0 reconnecting=0 rev1=0 crypto rx=0 tx=0 comp rx=0 tx=0)._handle_peer_banner r=0
2026-02-17T00:36:31.883+0000 7fb98efb9640 20 -- >> v2:127.0.0.1:7114/0 conn(0x559fb5b8e000 msgr2=0x559fb5891600 unknown :-1 s=STATE_CONNECTION_ESTABLISHED l=1).read start len=16
2026-02-17T00:36:31.883+0000 7fb98efb9640 20 --2- >> v2:127.0.0.1:7114/0 conn(0x559fb5b8e000 0x559fb5891600 unknown :-1 s=BANNER_CONNECTING pgs=0 gs=1 cs=0 l=1 c_cookie=0 s_cookie=0 reconnecting=0 rev1=0 crypto rx=0 tx=0 comp rx=0 tx=0)._handle_peer_banner_payload r=0
2026-02-17T00:36:31.883+0000 7fb98efb9640 1 --2- >> v2:127.0.0.1:7114/0 conn(0x559fb5b8e000 0x559fb5891600 unknown :-1 s=BANNER_CONNECTING pgs=0 gs=1 cs=0 l=1 c_cookie=0 s_cookie=0 reconnecting=0 rev1=0 crypto rx=0 tx=0 comp rx=0 tx=0)._handle_peer_banner_payload supported=3 required=0
2026-02-17T00:36:31.883+0000 7fb98efb9640 10 -- >> v2:127.0.0.1:7114/0 conn(0x559fb5b8e000 msgr2=0x559fb5891600 unknown :-1 s=STATE_CONNECTION_ESTABLISHED l=1)._try_send sent bytes 72 remaining bytes 0
2026-02-17T00:36:31.883+0000 7fb98efb9640 20 --2- >> v2:127.0.0.1:7114/0 conn(0x559fb5b8e000 0x559fb5891600 unknown :-1 s=HELLO_CONNECTING pgs=0 gs=1 cs=0 l=1 c_cookie=0 s_cookie=0 reconnecting=0 rev1=1 crypto rx=0 tx=0 comp rx=0 tx=0).read_frame
2026-02-17T00:36:31.883+0000 7fb98efb9640 20 -- >> v2:127.0.0.1:7114/0 conn(0x559fb5b8e000 msgr2=0x559fb5891600 unknown :-1 s=STATE_CONNECTION_ESTABLISHED l=1).read start len=32
2026-02-17T00:36:31.883+0000 7fb98efb9640 20 --2- >> v2:127.0.0.1:7114/0 conn(0x559fb5b8e000 0x559fb5891600 unknown :-1 s=HELLO_CONNECTING pgs=0 gs=1 cs=0 l=1 c_cookie=0 s_cookie=0 reconnecting=0 rev1=1 crypto rx=0 tx=0 comp rx=0 tx=0).handle_read_frame_preamble_main r=0
2026-02-17T00:36:31.883+0000 7fb98efb9640 20 --2- >> v2:127.0.0.1:7114/0 conn(0x559fb5b8e000 0x559fb5891600 unknown :-1 s=HELLO_CONNECTING pgs=0 gs=1 cs=0 l=1 c_cookie=0 s_cookie=0 reconnecting=0 rev1=1 crypto rx=0 tx=0 comp rx=0 tx=0).read_frame_segment seg_idx=0
2026-02-17T00:36:31.883+0000 7fb98efb9640 20 -- >> v2:127.0.0.1:7114/0 conn(0x559fb5b8e000 msgr2=0x559fb5891600 unknown :-1 s=STATE_CONNECTION_ESTABLISHED l=1).read start len=40
2026-02-17T00:36:31.883+0000 7fb98efb9640 20 --2- >> v2:127.0.0.1:7114/0 conn(0x559fb5b8e000 0x559fb5891600 unknown :-1 s=HELLO_CONNECTING pgs=0 gs=1 cs=0 l=1 c_cookie=0 s_cookie=0 reconnecting=0 rev1=1 crypto rx=0 tx=0 comp rx=0 tx=0).handle_read_frame_segment r=0
2026-02-17T00:36:31.883+0000 7fb98efb9640 10 --2- >> v2:127.0.0.1:7114/0 conn(0x559fb5b8e000 0x559fb5891600 unknown :-1 s=HELLO_CONNECTING pgs=0 gs=1 cs=0 l=1 c_cookie=0 s_cookie=0 reconnecting=0 rev1=1 crypto rx=0 tx=0 comp rx=0 tx=0).handle_read_frame_dispatch tag=1
2026-02-17T00:36:31.883+0000 7fb98efb9640 20 --2- >> v2:127.0.0.1:7114/0 conn(0x559fb5b8e000 0x559fb5891600 unknown :-1 s=HELLO_CONNECTING pgs=0 gs=1 cs=0 l=1 c_cookie=0 s_cookie=0 reconnecting=0 rev1=1 crypto rx=0 tx=0 comp rx=0 tx=0).handle_hello payload.length()=36
2026-02-17T00:36:31.883+0000 7fb98efb9640 5 --2- >> v2:127.0.0.1:7114/0 conn(0x559fb5b8e000 0x559fb5891600 unknown :-1 s=HELLO_CONNECTING pgs=0 gs=1 cs=0 l=1 c_cookie=0 s_cookie=0 reconnecting=0 rev1=1 crypto rx=0 tx=0 comp rx=0 tx=0).handle_hello received hello: peer_type=1 peer_addr_for_me=v2:127.0.0.1:38772/0
2026-02-17T00:36:31.883+0000 7fb98efb9640 5 --2- >> v2:127.0.0.1:7114/0 conn(0x559fb5b8e000 0x559fb5891600 unknown :-1 s=HELLO_CONNECTING pgs=0 gs=1 cs=0 l=1 c_cookie=0 s_cookie=0 reconnecting=0 rev1=1 crypto rx=0 tx=0 comp rx=0 tx=0).handle_hello getsockname says I am 127.0.0.1:38772 when talking to v2:127.0.0.1:7114/0
2026-02-17T00:36:31.883+0000 7fb98efb9640 1 --2- >> v2:127.0.0.1:7114/0 conn(0x559fb5b8e000 0x559fb5891600 unknown :-1 s=HELLO_CONNECTING pgs=0 gs=1 cs=0 l=1 c_cookie=0 s_cookie=0 reconnecting=0 rev1=1 crypto rx=0 tx=0 comp rx=0 tx=0).handle_hello peer v2:127.0.0.1:7114/0 says I am v2:127.0.0.1:38772/0 (socket says 127.0.0.1:38772)
2026-02-17T00:36:31.883+0000 7fb98efb9640 10 -- 127.0.0.1:0/3395327458 learned_addr had no addrs
2026-02-17T00:36:31.883+0000 7fb98efb9640 1 -- 127.0.0.1:0/3395327458 learned_addr learned my addr 127.0.0.1:0/3395327458 (peer_addr_for_me v2:127.0.0.1:0/0)
2026-02-17T00:36:31.883+0000 7fb98efb9640 20 --2- 127.0.0.1:0/3395327458 >> v2:127.0.0.1:7114/0 conn(0x559fb5b8e000 0x559fb5891600 unknown :-1 s=HELLO_CONNECTING pgs=0 gs=1 cs=0 l=1 c_cookie=0 s_cookie=0 reconnecting=0 rev1=1 crypto rx=0 tx=0 comp rx=0 tx=0).post_client_banner_exchange
2026-02-17T00:36:31.883+0000 7fb98efb9640 20 --2- 127.0.0.1:0/3395327458 >> v2:127.0.0.1:7114/0 conn(0x559fb5b8e000 0x559fb5891600 unknown :-1 s=AUTH_CONNECTING pgs=0 gs=1 cs=0 l=1 c_cookie=0 s_cookie=0 reconnecting=0 rev1=1 crypto rx=0 tx=0 comp rx=0 tx=0).send_auth_request peer_type 1 auth_client 0x559fb58d10d0
2026-02-17T00:36:31.883+0000 7fb98efb9640 10 -- 127.0.0.1:0/3395327458 >> v2:127.0.0.1:7114/0 conn(0x559fb5b8e000 msgr2=0x559fb5891600 unknown :-1 s=STATE_CONNECTION_ESTABLISHED l=1)._try_send sent bytes 70 remaining bytes 0
2026-02-17T00:36:31.883+0000 7fb98efb9640 20 --2- 127.0.0.1:0/3395327458 >> v2:127.0.0.1:7114/0 conn(0x559fb5b8e000 0x559fb5891600 unknown :-1 s=AUTH_CONNECTING pgs=0 gs=1 cs=0 l=1 c_cookie=0 s_cookie=0 reconnecting=0 rev1=1 crypto rx=0 tx=0 comp rx=0 tx=0).read_frame
2026-02-17T00:36:31.883+0000 7fb98efb9640 20 -- 127.0.0.1:0/3395327458 >> v2:127.0.0.1:7114/0 conn(0x559fb5b8e000 msgr2=0x559fb5891600 unknown :-1 s=STATE_CONNECTION_ESTABLISHED l=1).read start len=32
2026-02-17T00:36:31.883+0000 7fb98efb9640 20 -- 127.0.0.1:0/3395327458 >> v2:127.0.0.1:7114/0 conn(0x559fb5b8e000 msgr2=0x559fb5891600 unknown :-1 s=STATE_CONNECTION_ESTABLISHED l=1).process
2026-02-17T00:36:31.883+0000 7fb98efb9640 20 -- 127.0.0.1:0/3395327458 >> v2:127.0.0.1:7114/0 conn(0x559fb5b8e000 msgr2=0x559fb5891600 unknown :-1 s=STATE_CONNECTION_ESTABLISHED l=1).read continue len=32
2026-02-17T00:36:31.883+0000 7fb98efb9640 20 --2- 127.0.0.1:0/3395327458 >> v2:127.0.0.1:7114/0 conn(0x559fb5b8e000 0x559fb5891600 unknown :-1 s=AUTH_CONNECTING pgs=0 gs=1 cs=0 l=1 c_cookie=0 s_cookie=0 reconnecting=0 rev1=1 crypto rx=0 tx=0 comp rx=0 tx=0).handle_read_frame_preamble_main r=0
2026-02-17T00:36:31.883+0000 7fb98efb9640 20 --2- 127.0.0.1:0/3395327458 >> v2:127.0.0.1:7114/0 conn(0x559fb5b8e000 0x559fb5891600 unknown :-1 s=AUTH_CONNECTING pgs=0 gs=1 cs=0 l=1 c_cookie=0 s_cookie=0 reconnecting=0 rev1=1 crypto rx=0 tx=0 comp rx=0 tx=0).read_frame_segment seg_idx=0
2026-02-17T00:36:31.883+0000 7fb98efb9640 20 -- 127.0.0.1:0/3395327458 >> v2:127.0.0.1:7114/0 conn(0x559fb5b8e000 msgr2=0x559fb5891600 unknown :-1 s=STATE_CONNECTION_ESTABLISHED l=1).read start len=20
2026-02-17T00:36:31.883+0000 7fb98efb9640 20 --2- 127.0.0.1:0/3395327458 >> v2:127.0.0.1:7114/0 conn(0x559fb5b8e000 0x559fb5891600 unknown :-1 s=AUTH_CONNECTING pgs=0 gs=1 cs=0 l=1 c_cookie=0 s_cookie=0 reconnecting=0 rev1=1 crypto rx=0 tx=0 comp rx=0 tx=0).handle_read_frame_segment r=0
2026-02-17T00:36:31.883+0000 7fb98efb9640 10 --2- 127.0.0.1:0/3395327458 >> v2:127.0.0.1:7114/0 conn(0x559fb5b8e000 0x559fb5891600 unknown :-1 s=AUTH_CONNECTING pgs=0 gs=1 cs=0 l=1 c_cookie=0 s_cookie=0 reconnecting=0 rev1=1 crypto rx=0 tx=0 comp rx=0 tx=0).handle_read_frame_dispatch tag=6
2026-02-17T00:36:31.883+0000 7fb98efb9640 20 --2- 127.0.0.1:0/3395327458 >> v2:127.0.0.1:7114/0 conn(0x559fb5b8e000 0x559fb5891600 unknown :-1 s=AUTH_CONNECTING pgs=0 gs=1 cs=0 l=1 c_cookie=0 s_cookie=0 reconnecting=0 rev1=1 crypto rx=0 tx=0 comp rx=0 tx=0).handle_auth_done payload.length()=16
2026-02-17T00:36:31.883+0000 7fb98efb9640 1 -- 127.0.0.1:0/3395327458 --> v2:127.0.0.1:7114/0 -- mon_subscribe({config=0+,monmap=0+}) -- 0x559fb575ef00 con 0x559fb5b8e000
2026-02-17T00:36:31.883+0000 7fb98efb9640 5 --2- 127.0.0.1:0/3395327458 >> v2:127.0.0.1:7114/0 conn(0x559fb5b8e000 0x559fb5891600 unknown :-1 s=AUTH_CONNECTING pgs=0 gs=1 cs=0 l=1 c_cookie=0 s_cookie=0 reconnecting=0 rev1=1 crypto rx=0 tx=0 comp rx=0 tx=0).send_message enqueueing message m=0x559fb575ef00 type=15 mon_subscribe({config=0+,monmap=0+})
2026-02-17T00:36:31.883+0000 7fb98efb9640 15 --2- 127.0.0.1:0/3395327458 >> v2:127.0.0.1:7114/0 conn(0x559fb5b8e000 0x559fb5891600 unknown :-1 s=AUTH_CONNECTING pgs=0 gs=1 cs=0 l=1 c_cookie=0 s_cookie=0 reconnecting=0 rev1=1 crypto rx=0 tx=0 comp rx=0 tx=0).send_message message queued for async transmission m=0x559fb575ef00
2026-02-17T00:36:31.883+0000 7fb98efb9640 10 -- 127.0.0.1:0/3395327458 >> v2:127.0.0.1:7114/0 conn(0x559fb5b8e000 msgr2=0x559fb5891600 crc :-1 s=STATE_CONNECTION_ESTABLISHED l=1)._try_send sent bytes 68 remaining bytes 0
2026-02-17T00:36:31.883+0000 7fb98efb9640 20 --2- 127.0.0.1:0/3395327458 >> v2:127.0.0.1:7114/0 conn(0x559fb5b8e000 0x559fb5891600 crc :-1 s=AUTH_CONNECTING_SIGN pgs=0 gs=1 cs=0 l=1 c_cookie=0 s_cookie=0 reconnecting=0 rev1=1 crypto rx=0 tx=0 comp rx=0 tx=0).read_frame
2026-02-17T00:36:31.883+0000 7fb98efb9640 20 -- 127.0.0.1:0/3395327458 >> v2:127.0.0.1:7114/0 conn(0x559fb5b8e000 msgr2=0x559fb5891600 crc :-1 s=STATE_CONNECTION_ESTABLISHED l=1).read start len=32
2026-02-17T00:36:31.883+0000 7fb98efb9640 20 --2- 127.0.0.1:0/3395327458 >> v2:127.0.0.1:7114/0 conn(0x559fb5b8e000 0x559fb5891600 crc :-1 s=AUTH_CONNECTING_SIGN pgs=0 gs=1 cs=0 l=1 c_cookie=0 s_cookie=0 reconnecting=0 rev1=1 crypto rx=0 tx=0 comp rx=0 tx=0).handle_read_frame_preamble_main r=0
2026-02-17T00:36:31.883+0000 7fb98efb9640 20 --2- 127.0.0.1:0/3395327458 >> v2:127.0.0.1:7114/0 conn(0x559fb5b8e000 0x559fb5891600 crc :-1 s=AUTH_CONNECTING_SIGN pgs=0 gs=1 cs=0 l=1 c_cookie=0 s_cookie=0 reconnecting=0 rev1=1 crypto rx=0 tx=0 comp rx=0 tx=0).read_frame_segment seg_idx=0
2026-02-17T00:36:31.883+0000 7fb98efb9640 20 -- 127.0.0.1:0/3395327458 >> v2:127.0.0.1:7114/0 conn(0x559fb5b8e000 msgr2=0x559fb5891600 crc :-1 s=STATE_CONNECTION_ESTABLISHED l=1).read start len=36
2026-02-17T00:36:31.883+0000 7fb98efb9640 20 --2- 127.0.0.1:0/3395327458 >> v2:127.0.0.1:7114/0 conn(0x559fb5b8e000 0x559fb5891600 crc :-1 s=AUTH_CONNECTING_SIGN pgs=0 gs=1 cs=0 l=1 c_cookie=0 s_cookie=0 reconnecting=0 rev1=1 crypto rx=0 tx=0 comp rx=0 tx=0).handle_read_frame_segment r=0
2026-02-17T00:36:31.883+0000 7fb98efb9640 10 --2- 127.0.0.1:0/3395327458 >> v2:127.0.0.1:7114/0 conn(0x559fb5b8e000 0x559fb5891600 crc :-1 s=AUTH_CONNECTING_SIGN pgs=0 gs=1 cs=0 l=1 c_cookie=0 s_cookie=0 reconnecting=0 rev1=1 crypto rx=0 tx=0 comp rx=0 tx=0).handle_read_frame_dispatch tag=7
2026-02-17T00:36:31.883+0000 7fb98efb9640 20 --2- 127.0.0.1:0/3395327458 >> v2:127.0.0.1:7114/0 conn(0x559fb5b8e000 0x559fb5891600 crc :-1 s=AUTH_CONNECTING_SIGN pgs=0 gs=1 cs=0 l=1 c_cookie=0 s_cookie=0 reconnecting=0 rev1=1 crypto rx=0 tx=0 comp rx=0 tx=0).handle_auth_signature payload.length()=32
2026-02-17T00:36:31.883+0000 7fb98efb9640 20 --2- 127.0.0.1:0/3395327458 >> v2:127.0.0.1:7114/0 conn(0x559fb5b8e000 0x559fb5891600 crc :-1 s=AUTH_CONNECTING_SIGN pgs=0 gs=1 cs=0 l=1 c_cookie=0 s_cookie=0 reconnecting=0 rev1=1 crypto rx=0 tx=0 comp rx=0 tx=0).handle_auth_signature pre-auth signature success sig_frame.signature()=0000000000000000000000000000000000000000000000000000000000000000
2026-02-17T00:36:31.883+0000 7fb98efb9640 20 --2- 127.0.0.1:0/3395327458 >> v2:127.0.0.1:7114/0 conn(0x559fb5b8e000 0x559fb5891600 crc :-1 s=AUTH_CONNECTING_SIGN pgs=0 gs=1 cs=0 l=1 c_cookie=0 s_cookie=0 reconnecting=0 rev1=1 crypto rx=0 tx=0 comp rx=0 tx=0).finish_client_auth
2026-02-17T00:36:31.883+0000 7fb98efb9640 20 CompressorRegistry(0x559fb58a7218) get_mode peer_type 1 is_secure 0
2026-02-17T00:36:31.883+0000 7fb98efb9640 10 -- 127.0.0.1:0/3395327458 >> v2:127.0.0.1:7114/0 conn(0x559fb5b8e000 msgr2=0x559fb5891600 crc :-1 s=STATE_CONNECTION_ESTABLISHED l=1)._try_send sent bytes 41 remaining bytes 0
2026-02-17T00:36:31.883+0000 7fb98efb9640 20 --2- 127.0.0.1:0/3395327458 >> v2:127.0.0.1:7114/0 conn(0x559fb5b8e000 0x559fb5891600 crc :-1 s=COMPRESSION_CONNECTING pgs=0 gs=1 cs=0 l=1 c_cookie=0 s_cookie=0 reconnecting=0 rev1=1 crypto rx=0 tx=0 comp rx=0 tx=0).read_frame
2026-02-17T00:36:31.883+0000 7fb98efb9640 20 -- 127.0.0.1:0/3395327458 >> v2:127.0.0.1:7114/0 conn(0x559fb5b8e000 msgr2=0x559fb5891600 crc :-1 s=STATE_CONNECTION_ESTABLISHED l=1).read start len=32
2026-02-17T00:36:31.883+0000 7fb98efb9640 20 -- 127.0.0.1:0/3395327458 >> v2:127.0.0.1:7114/0 conn(0x559fb5b8e000 msgr2=0x559fb5891600 crc :-1 s=STATE_CONNECTION_ESTABLISHED l=1).process
2026-02-17T00:36:31.883+0000 7fb98efb9640 20 -- 127.0.0.1:0/3395327458 >> v2:127.0.0.1:7114/0 conn(0x559fb5b8e000 msgr2=0x559fb5891600 crc :-1 s=STATE_CONNECTION_ESTABLISHED l=1).read continue len=32
2026-02-17T00:36:31.883+0000 7fb98efb9640 20 --2- 127.0.0.1:0/3395327458 >> v2:127.0.0.1:7114/0 conn(0x559fb5b8e000 0x559fb5891600 crc :-1 s=COMPRESSION_CONNECTING pgs=0 gs=1 cs=0 l=1 c_cookie=0 s_cookie=0 reconnecting=0 rev1=1 crypto rx=0 tx=0 comp rx=0 tx=0).handle_read_frame_preamble_main r=0
2026-02-17T00:36:31.883+0000 7fb98efb9640 20 --2- 127.0.0.1:0/3395327458 >> v2:127.0.0.1:7114/0 conn(0x559fb5b8e000 0x559fb5891600 crc :-1 s=COMPRESSION_CONNECTING pgs=0 gs=1 cs=0 l=1 c_cookie=0 s_cookie=0 reconnecting=0 rev1=1 crypto rx=0 tx=0 comp rx=0 tx=0).read_frame_segment seg_idx=0
2026-02-17T00:36:31.883+0000 7fb98efb9640 20 -- 127.0.0.1:0/3395327458 >> v2:127.0.0.1:7114/0 conn(0x559fb5b8e000 msgr2=0x559fb5891600 crc :-1 s=STATE_CONNECTION_ESTABLISHED l=1).read start len=9
2026-02-17T00:36:31.883+0000 7fb98efb9640 20 --2- 127.0.0.1:0/3395327458 >> v2:127.0.0.1:7114/0 conn(0x559fb5b8e000 0x559fb5891600 crc :-1 s=COMPRESSION_CONNECTING pgs=0 gs=1 cs=0 l=1 c_cookie=0 s_cookie=0 reconnecting=0 rev1=1 crypto rx=0 tx=0 comp rx=0 tx=0).handle_read_frame_segment r=0
2026-02-17T00:36:31.883+0000 7fb98efb9640 10 --2- 127.0.0.1:0/3395327458 >> v2:127.0.0.1:7114/0 conn(0x559fb5b8e000 0x559fb5891600 crc :-1 s=COMPRESSION_CONNECTING pgs=0 gs=1 cs=0 l=1 c_cookie=0 s_cookie=0 reconnecting=0 rev1=1 crypto rx=0 tx=0 comp rx=0 tx=0).handle_read_frame_dispatch tag=22
2026-02-17T00:36:31.883+0000 7fb98efb9640 10 --2- 127.0.0.1:0/3395327458 >> v2:127.0.0.1:7114/0 conn(0x559fb5b8e000 0x559fb5891600 crc :-1 s=COMPRESSION_CONNECTING pgs=0 gs=1 cs=0 l=1 c_cookie=0 s_cookie=0 reconnecting=0 rev1=1 crypto rx=0 tx=0 comp rx=0 tx=0).handle_compression_done CompressionDoneFrame(is_compress=0, method=0)
2026-02-17T00:36:31.883+0000 7fb98efb9640 20 --2- 127.0.0.1:0/3395327458 >> v2:127.0.0.1:7114/0 conn(0x559fb5b8e000 0x559fb5891600 crc :-1 s=COMPRESSION_CONNECTING pgs=0 gs=1 cs=0 l=1 c_cookie=0 s_cookie=0 reconnecting=0 rev1=1 crypto rx=0 tx=0 comp rx=0 tx=0).start_session_connect starting a new session
2026-02-17T00:36:31.883+0000 7fb98efb9640 20 --2- 127.0.0.1:0/3395327458 >> v2:127.0.0.1:7114/0 conn(0x559fb5b8e000 0x559fb5891600 crc :-1 s=SESSION_CONNECTING pgs=0 gs=1 cs=0 l=1 c_cookie=0 s_cookie=0 reconnecting=0 rev1=1 crypto rx=0 tx=0 comp rx=0 tx=0).send_client_ident
2026-02-17T00:36:31.883+0000 7fb98efb9640 5 --2- 127.0.0.1:0/3395327458 >> v2:127.0.0.1:7114/0 conn(0x559fb5b8e000 0x559fb5891600 crc :-1 s=SESSION_CONNECTING pgs=0 gs=1 cs=0 l=1 c_cookie=0 s_cookie=0 reconnecting=0 rev1=1 crypto rx=0 tx=0 comp rx=0 tx=0).send_client_ident sending identification: addrs=127.0.0.1:0/3395327458 target=v2:127.0.0.1:7114/0 gid=-1 global_seq=1 features_supported=3f0ffffffffdffff features_required=800000000001000 flags=1 cookie=0
2026-02-17T00:36:31.883+0000 7fb98efb9640 10 -- 127.0.0.1:0/3395327458 >> v2:127.0.0.1:7114/0 conn(0x559fb5b8e000 msgr2=0x559fb5891600 crc :-1 s=STATE_CONNECTION_ESTABLISHED l=1)._try_send sent bytes 159 remaining bytes 0
2026-02-17T00:36:31.883+0000 7fb98efb9640 20 --2- 127.0.0.1:0/3395327458 >> v2:127.0.0.1:7114/0 conn(0x559fb5b8e000 0x559fb5891600 crc :-1 s=SESSION_CONNECTING pgs=0 gs=1 cs=0 l=1 c_cookie=0 s_cookie=0 reconnecting=0 rev1=1 crypto rx=0 tx=0 comp rx=0 tx=0).read_frame
2026-02-17T00:36:31.883+0000 7fb98efb9640 20 -- 127.0.0.1:0/3395327458 >> v2:127.0.0.1:7114/0 conn(0x559fb5b8e000 msgr2=0x559fb5891600 crc :-1 s=STATE_CONNECTION_ESTABLISHED l=1).read start len=32
2026-02-17T00:36:31.883+0000 7fb98efb9640 20 -- 127.0.0.1:0/3395327458 >> v2:127.0.0.1:7114/0 conn(0x559fb5b8e000 msgr2=0x559fb5891600 crc :-1 s=STATE_CONNECTION_ESTABLISHED l=1).process
2026-02-17T00:36:31.883+0000 7fb98efb9640 20 -- 127.0.0.1:0/3395327458 >> v2:127.0.0.1:7114/0 conn(0x559fb5b8e000 msgr2=0x559fb5891600 crc :-1 s=STATE_CONNECTION_ESTABLISHED l=1).read continue len=32
2026-02-17T00:36:31.883+0000 7fb98efb9640 20 --2- 127.0.0.1:0/3395327458 >> v2:127.0.0.1:7114/0 conn(0x559fb5b8e000 0x559fb5891600 crc :-1 s=SESSION_CONNECTING pgs=0 gs=1 cs=0 l=1 c_cookie=0 s_cookie=0 reconnecting=0 rev1=1 crypto rx=0 tx=0 comp rx=0 tx=0).handle_read_frame_preamble_main r=0
2026-02-17T00:36:31.883+0000 7fb98efb9640 20 --2- 127.0.0.1:0/3395327458 >> v2:127.0.0.1:7114/0 conn(0x559fb5b8e000 0x559fb5891600 crc :-1 s=SESSION_CONNECTING pgs=0 gs=1 cs=0 l=1 c_cookie=0 s_cookie=0 reconnecting=0 rev1=1 crypto rx=0 tx=0 comp rx=0 tx=0).read_frame_segment seg_idx=0
2026-02-17T00:36:31.883+0000 7fb98efb9640 20 -- 127.0.0.1:0/3395327458 >> v2:127.0.0.1:7114/0 conn(0x559fb5b8e000 msgr2=0x559fb5891600 crc :-1 s=STATE_CONNECTION_ESTABLISHED l=1).read start len=92
2026-02-17T00:36:31.883+0000 7fb98efb9640 20 --2- 127.0.0.1:0/3395327458 >> v2:127.0.0.1:7114/0 conn(0x559fb5b8e000 0x559fb5891600 crc :-1 s=SESSION_CONNECTING pgs=0 gs=1 cs=0 l=1 c_cookie=0 s_cookie=0 reconnecting=0 rev1=1 crypto rx=0 tx=0 comp rx=0 tx=0).handle_read_frame_segment r=0
2026-02-17T00:36:31.883+0000 7fb98efb9640 10 --2- 127.0.0.1:0/3395327458 >> v2:127.0.0.1:7114/0 conn(0x559fb5b8e000 0x559fb5891600 crc :-1 s=SESSION_CONNECTING pgs=0 gs=1 cs=0 l=1 c_cookie=0 s_cookie=0 reconnecting=0 rev1=1 crypto rx=0 tx=0 comp rx=0 tx=0).handle_read_frame_dispatch tag=9
2026-02-17T00:36:31.883+0000 7fb98efb9640 20 --2- 127.0.0.1:0/3395327458 >> v2:127.0.0.1:7114/0 conn(0x559fb5b8e000 0x559fb5891600 crc :-1 s=SESSION_CONNECTING pgs=0 gs=1 cs=0 l=1 c_cookie=0 s_cookie=0 reconnecting=0 rev1=1 crypto rx=0 tx=0 comp rx=0 tx=0).handle_server_ident payload.length()=88
2026-02-17T00:36:31.883+0000 7fb98efb9640 5 --2- 127.0.0.1:0/3395327458 >> v2:127.0.0.1:7114/0 conn(0x559fb5b8e000 0x559fb5891600 crc :-1 s=SESSION_CONNECTING pgs=0 gs=1 cs=0 l=1 c_cookie=0 s_cookie=0 reconnecting=0 rev1=1 crypto rx=0 tx=0 comp rx=0 tx=0).handle_server_ident received server identification: addrs=v2:127.0.0.1:7114/0 gid=0 global_seq=24 features_supported=3f0ffffffffdffff features_required=c01020002040000 flags=1 cookie=0
