2026-02-17T00:36:31.883+0000 7fb98efb9640 20 -- 127.0.0.1:0/1544953362 >> v2:127.0.0.1:7114/0 conn(0x559fb5b8e000 msgr2=0x559fb5891600 unknown :-1 s=STATE_CONNECTION_ESTABLISHED l=0).read continue len=32
2026-02-17T00:36:31.883+0000 7fb89a267640 0 [rbd_support INFO root] setup complete
2026-02-17T00:36:31.883+0000 7fb98efb9640 20 --2- 127.0.0.1:0/1544953362 >> v2:127.0.0.1:7114/0 conn(0x559fb5b8e000 0x559fb5891600 unknown :-1 s=AUTH_CONNECTING pgs=0 gs=1 cs=0 l=0 c_cookie=0 s_cookie=0 reconnecting=0 rev1=1 crypto rx=0 tx=0 comp rx=0 tx=0).handle_read_frame_preamble_main r=0
2026-02-17T00:36:31.883+0000 7fb98efb9640 20 --2- 127.0.0.1:0/1544953362 >> v2:127.0.0.1:7114/0 conn(0x559fb5b8e000 0x559fb5891600 unknown :-1 s=AUTH_CONNECTING pgs=0 gs=1 cs=0 l=0 c_cookie=0 s_cookie=0 reconnecting=0 rev1=1 crypto rx=0 tx=0 comp rx=0 tx=0).read_frame_segment seg_idx=0
2026-02-17T00:36:31.883+0000 7fb98efb9640 20 -- 127.0.0.1:0/1544953362 >> v2:127.0.0.1:7114/0 conn(0x559fb5b8e000 msgr2=0x559fb5891600 unknown :-1 s=STATE_CONNECTION_ESTABLISHED l=0).read start len=20
2026-02-17T00:36:31.883+0000 7fb98efb9640 20 --2- 127.0.0.1:0/1544953362 >> v2:127.0.0.1:7114/0 conn(0x559fb5b8e000 0x559fb5891600 unknown :-1 s=AUTH_CONNECTING pgs=0 gs=1 cs=0 l=0 c_cookie=0 s_cookie=0 reconnecting=0 rev1=1 crypto rx=0 tx=0 comp rx=0 tx=0).handle_read_frame_segment r=0
2026-02-17T00:36:31.883+0000 7fb98efb9640 10 --2- 127.0.0.1:0/1544953362 >> v2:127.0.0.1:7114/0 conn(0x559fb5b8e000 0x559fb5891600 unknown :-1 s=AUTH_CONNECTING pgs=0 gs=1 cs=0 l=0 c_cookie=0 s_cookie=0 reconnecting=0 rev1=1 crypto rx=0 tx=0 comp rx=0 tx=0).handle_read_frame_dispatch tag=6
2026-02-17T00:36:31.883+0000 7fb98efb9640 20 --2- 127.0.0.1:0/1544953362 >> v2:127.0.0.1:7114/0 conn(0x559fb5b8e000 0x559fb5891600 unknown :-1 s=AUTH_CONNECTING pgs=0 gs=1 cs=0 l=0 c_cookie=0 s_cookie=0 reconnecting=0 rev1=1 crypto rx=0 tx=0 comp rx=0 tx=0).handle_auth_done payload.length()=16
2026-02-17T00:36:31.883+0000 7fb98efb9640 1 -- 127.0.0.1:0/1544953362 --> v2:127.0.0.1:7114/0 -- mon_subscribe({config=0+,monmap=0+}) -- 0x559fb575f2c0 con 0x559fb5b8e000
2026-02-17T00:36:31.883+0000 7fb98efb9640 5 --2- 127.0.0.1:0/1544953362 >> v2:127.0.0.1:7114/0 conn(0x559fb5b8e000 0x559fb5891600 unknown :-1 s=AUTH_CONNECTING pgs=0 gs=1 cs=0 l=0 c_cookie=0 s_cookie=0 reconnecting=0 rev1=1 crypto rx=0 tx=0 comp rx=0 tx=0).send_message enqueueing message m=0x559fb575f2c0 type=15 mon_subscribe({config=0+,monmap=0+})
2026-02-17T00:36:31.883+0000 7fb98efb9640 15 --2- 127.0.0.1:0/1544953362 >> v2:127.0.0.1:7114/0 conn(0x559fb5b8e000 0x559fb5891600 unknown :-1 s=AUTH_CONNECTING pgs=0 gs=1 cs=0 l=0 c_cookie=0 s_cookie=0 reconnecting=0 rev1=1 crypto rx=0 tx=0 comp rx=0 tx=0).send_message message queued for async transmission m=0x559fb575f2c0
2026-02-17T00:36:31.883+0000 7fb98efb9640 10 -- 127.0.0.1:0/1544953362 >> v2:127.0.0.1:7114/0 conn(0x559fb5b8e000 msgr2=0x559fb5891600 crc :-1 s=STATE_CONNECTION_ESTABLISHED l=0)._try_send sent bytes 68 remaining bytes 0
2026-02-17T00:36:31.883+0000 7fb98efb9640 20 --2- 127.0.0.1:0/1544953362 >> v2:127.0.0.1:7114/0 conn(0x559fb5b8e000 0x559fb5891600 crc :-1 s=AUTH_CONNECTING_SIGN pgs=0 gs=1 cs=0 l=0 c_cookie=0 s_cookie=0 reconnecting=0 rev1=1 crypto rx=0 tx=0 comp rx=0 tx=0).read_frame
2026-02-17T00:36:31.883+0000 7fb98efb9640 20 -- 127.0.0.1:0/1544953362 >> v2:127.0.0.1:7114/0 conn(0x559fb5b8e000 msgr2=0x559fb5891600 crc :-1 s=STATE_CONNECTION_ESTABLISHED l=0).read start len=32
2026-02-17T00:36:31.883+0000 7fb98efb9640 20 --2- 127.0.0.1:0/1544953362 >> v2:127.0.0.1:7114/0 conn(0x559fb5b8e000 0x559fb5891600 crc :-1 s=AUTH_CONNECTING_SIGN pgs=0 gs=1 cs=0 l=0 c_cookie=0 s_cookie=0 reconnecting=0 rev1=1 crypto rx=0 tx=0 comp rx=0 tx=0).handle_read_frame_preamble_main r=0
2026-02-17T00:36:31.883+0000 7fb98efb9640 20 --2- 127.0.0.1:0/1544953362 >> v2:127.0.0.1:7114/0 conn(0x559fb5b8e000 0x559fb5891600 crc :-1 s=AUTH_CONNECTING_SIGN pgs=0 gs=1 cs=0 l=0 c_cookie=0 s_cookie=0 reconnecting=0 rev1=1 crypto rx=0 tx=0 comp rx=0 tx=0).read_frame_segment seg_idx=0
2026-02-17T00:36:31.883+0000 7fb98efb9640 20 -- 127.0.0.1:0/1544953362 >> v2:127.0.0.1:7114/0 conn(0x559fb5b8e000 msgr2=0x559fb5891600 crc :-1 s=STATE_CONNECTION_ESTABLISHED l=0).read start len=36
2026-02-17T00:36:31.883+0000 7fb98efb9640 20 --2- 127.0.0.1:0/1544953362 >> v2:127.0.0.1:7114/0 conn(0x559fb5b8e000 0x559fb5891600 crc :-1 s=AUTH_CONNECTING_SIGN pgs=0 gs=1 cs=0 l=0 c_cookie=0 s_cookie=0 reconnecting=0 rev1=1 crypto rx=0 tx=0 comp rx=0 tx=0).handle_read_frame_segment r=0
2026-02-17T00:36:31.883+0000 7fb98efb9640 10 --2- 127.0.0.1:0/1544953362 >> v2:127.0.0.1:7114/0 conn(0x559fb5b8e000 0x559fb5891600 crc :-1 s=AUTH_CONNECTING_SIGN pgs=0 gs=1 cs=0 l=0 c_cookie=0 s_cookie=0 reconnecting=0 rev1=1 crypto rx=0 tx=0 comp rx=0 tx=0).handle_read_frame_dispatch tag=7
2026-02-17T00:36:31.883+0000 7fb98efb9640 20 --2- 127.0.0.1:0/1544953362 >> v2:127.0.0.1:7114/0 conn(0x559fb5b8e000 0x559fb5891600 crc :-1 s=AUTH_CONNECTING_SIGN pgs=0 gs=1 cs=0 l=0 c_cookie=0 s_cookie=0 reconnecting=0 rev1=1 crypto rx=0 tx=0 comp rx=0 tx=0).handle_auth_signature payload.length()=32
2026-02-17T00:36:31.883+0000 7fb98efb9640 20 --2- 127.0.0.1:0/1544953362 >> v2:127.0.0.1:7114/0 conn(0x559fb5b8e000 0x559fb5891600 crc :-1 s=AUTH_CONNECTING_SIGN pgs=0 gs=1 cs=0 l=0 c_cookie=0 s_cookie=0 reconnecting=0 rev1=1 crypto rx=0 tx=0 comp rx=0 tx=0).handle_auth_signature pre-auth signature success sig_frame.signature()=0000000000000000000000000000000000000000000000000000000000000000
2026-02-17T00:36:31.883+0000 7fb98efb9640 20 --2- 127.0.0.1:0/1544953362 >> v2:127.0.0.1:7114/0 conn(0x559fb5b8e000 0x559fb5891600 crc :-1 s=AUTH_CONNECTING_SIGN pgs=0 gs=1 cs=0 l=0 c_cookie=0 s_cookie=0 reconnecting=0 rev1=1 crypto rx=0 tx=0 comp rx=0 tx=0).finish_client_auth
2026-02-17T00:36:31.883+0000 7fb98efb9640 20 CompressorRegistry(0x559fb58a7218) get_mode peer_type 1 is_secure 0
2026-02-17T00:36:31.883+0000 7fb98efb9640 10 -- 127.0.0.1:0/1544953362 >> v2:127.0.0.1:7114/0 conn(0x559fb5b8e000 msgr2=0x559fb5891600 crc :-1 s=STATE_CONNECTION_ESTABLISHED l=0)._try_send sent bytes 41 remaining bytes 0
2026-02-17T00:36:31.883+0000 7fb98efb9640 20 --2- 127.0.0.1:0/1544953362 >> v2:127.0.0.1:7114/0 conn(0x559fb5b8e000 0x559fb5891600 crc :-1 s=COMPRESSION_CONNECTING pgs=0 gs=1 cs=0 l=0 c_cookie=0 s_cookie=0 reconnecting=0 rev1=1 crypto rx=0 tx=0 comp rx=0 tx=0).read_frame
2026-02-17T00:36:31.883+0000 7fb98efb9640 20 -- 127.0.0.1:0/1544953362 >> v2:127.0.0.1:7114/0 conn(0x559fb5b8e000 msgr2=0x559fb5891600 crc :-1 s=STATE_CONNECTION_ESTABLISHED l=0).read start len=32
2026-02-17T00:36:31.883+0000 7fb98efb9640 20 -- 127.0.0.1:0/1544953362 >> v2:127.0.0.1:7114/0 conn(0x559fb5b8e000 msgr2=0x559fb5891600 crc :-1 s=STATE_CONNECTION_ESTABLISHED l=0).process
2026-02-17T00:36:31.883+0000 7fb98efb9640 20 -- 127.0.0.1:0/1544953362 >> v2:127.0.0.1:7114/0 conn(0x559fb5b8e000 msgr2=0x559fb5891600 crc :-1 s=STATE_CONNECTION_ESTABLISHED l=0).read continue len=32
2026-02-17T00:36:31.883+0000 7fb98efb9640 20 --2- 127.0.0.1:0/1544953362 >> v2:127.0.0.1:7114/0 conn(0x559fb5b8e000 0x559fb5891600 crc :-1 s=COMPRESSION_CONNECTING pgs=0 gs=1 cs=0 l=0 c_cookie=0 s_cookie=0 reconnecting=0 rev1=1 crypto rx=0 tx=0 comp rx=0 tx=0).handle_read_frame_preamble_main r=0
2026-02-17T00:36:31.883+0000 7fb98efb9640 20 --2- 127.0.0.1:0/1544953362 >> v2:127.0.0.1:7114/0 conn(0x559fb5b8e000 0x559fb5891600 crc :-1 s=COMPRESSION_CONNECTING pgs=0 gs=1 cs=0 l=0 c_cookie=0 s_cookie=0 reconnecting=0 rev1=1 crypto rx=0 tx=0 comp rx=0 tx=0).read_frame_segment seg_idx=0
2026-02-17T00:36:31.883+0000 7fb98efb9640 20 -- 127.0.0.1:0/1544953362 >> v2:127.0.0.1:7114/0 conn(0x559fb5b8e000 msgr2=0x559fb5891600 crc :-1 s=STATE_CONNECTION_ESTABLISHED l=0).read start len=9
2026-02-17T00:36:31.883+0000 7fb98efb9640 20 --2- 127.0.0.1:0/1544953362 >> v2:127.0.0.1:7114/0 conn(0x559fb5b8e000 0x559fb5891600 crc :-1 s=COMPRESSION_CONNECTING pgs=0 gs=1 cs=0 l=0 c_cookie=0 s_cookie=0 reconnecting=0 rev1=1 crypto rx=0 tx=0 comp rx=0 tx=0).handle_read_frame_segment r=0
2026-02-17T00:36:31.883+0000 7fb98efb9640 10 --2- 127.0.0.1:0/1544953362 >> v2:127.0.0.1:7114/0 conn(0x559fb5b8e000 0x559fb5891600 crc :-1 s=COMPRESSION_CONNECTING pgs=0 gs=1 cs=0 l=0 c_cookie=0 s_cookie=0 reconnecting=0 rev1=1 crypto rx=0 tx=0 comp rx=0 tx=0).handle_read_frame_dispatch tag=22
2026-02-17T00:36:31.883+0000 7fb98efb9640 10 --2- 127.0.0.1:0/1544953362 >> v2:127.0.0.1:7114/0 conn(0x559fb5b8e000 0x559fb5891600 crc :-1 s=COMPRESSION_CONNECTING pgs=0 gs=1 cs=0 l=0 c_cookie=0 s_cookie=0 reconnecting=0 rev1=1 crypto rx=0 tx=0 comp rx=0 tx=0).handle_compression_done CompressionDoneFrame(is_compress=0, method=0)
2026-02-17T00:36:31.883+0000 7fb98efb9640 20 --2- 127.0.0.1:0/1544953362 >> v2:127.0.0.1:7114/0 conn(0x559fb5b8e000 0x559fb5891600 crc :-1 s=COMPRESSION_CONNECTING pgs=0 gs=1 cs=0 l=0 c_cookie=0 s_cookie=0 reconnecting=0 rev1=1 crypto rx=0 tx=0 comp rx=0 tx=0).start_session_connect starting a new session
2026-02-17T00:36:31.883+0000 7fb98efb9640 20 --2- 127.0.0.1:0/1544953362 >> v2:127.0.0.1:7114/0 conn(0x559fb5b8e000 0x559fb5891600 crc :-1 s=SESSION_CONNECTING pgs=0 gs=1 cs=0 l=0 c_cookie=0 s_cookie=0 reconnecting=0 rev1=1 crypto rx=0 tx=0 comp rx=0 tx=0).send_client_ident
2026-02-17T00:36:31.883+0000 7fb98efb9640 5 --2- 127.0.0.1:0/1544953362 >> v2:127.0.0.1:7114/0 conn(0x559fb5b8e000 0x559fb5891600 crc :-1 s=SESSION_CONNECTING pgs=0 gs=1 cs=0 l=0 c_cookie=2437310035215064990 s_cookie=0 reconnecting=0 rev1=1 crypto rx=0 tx=0 comp rx=0 tx=0).send_client_ident sending identification: addrs=127.0.0.1:0/1544953362 target=v2:127.0.0.1:7114/0 gid=-1 global_seq=1 features_supported=3f0ffffffffdffff features_required=800000000000000 flags=0 cookie=21d31090487d1f9e
2026-02-17T00:36:31.883+0000 7fb98efb9640 10 -- 127.0.0.1:0/1544953362 >> v2:127.0.0.1:7114/0 conn(0x559fb5b8e000 msgr2=0x559fb5891600 crc :-1 s=STATE_CONNECTION_ESTABLISHED l=0)._try_send sent bytes 159 remaining bytes 0
2026-02-17T00:36:31.883+0000 7fb98efb9640 20 --2- 127.0.0.1:0/1544953362 >> v2:127.0.0.1:7114/0 conn(0x559fb5b8e000 0x559fb5891600 crc :-1 s=SESSION_CONNECTING pgs=0 gs=1 cs=0 l=0 c_cookie=2437310035215064990 s_cookie=0 reconnecting=0 rev1=1 crypto rx=0 tx=0 comp rx=0 tx=0).read_frame
2026-02-17T00:36:31.883+0000 7fb98efb9640 20 -- 127.0.0.1:0/1544953362 >> v2:127.0.0.1:7114/0 conn(0x559fb5b8e000 msgr2=0x559fb5891600 crc :-1 s=STATE_CONNECTION_ESTABLISHED l=0).read start len=32
2026-02-17T00:36:31.883+0000 7fb98efb9640 20 -- 127.0.0.1:0/1544953362 >> v2:127.0.0.1:7114/0 conn(0x559fb5b8e000 msgr2=0x559fb5891600 crc :-1 s=STATE_CONNECTION_ESTABLISHED l=0).process
2026-02-17T00:36:31.883+0000 7fb98efb9640 20 -- 127.0.0.1:0/1544953362 >> v2:127.0.0.1:7114/0 conn(0x559fb5b8e000 msgr2=0x559fb5891600 crc :-1 s=STATE_CONNECTION_ESTABLISHED l=0).read continue len=32
2026-02-17T00:36:31.883+0000 7fb98efb9640 20 --2- 127.0.0.1:0/1544953362 >> v2:127.0.0.1:7114/0 conn(0x559fb5b8e000 0x559fb5891600 crc :-1 s=SESSION_CONNECTING pgs=0 gs=1 cs=0 l=0 c_cookie=2437310035215064990 s_cookie=0 reconnecting=0 rev1=1 crypto rx=0 tx=0 comp rx=0 tx=0).handle_read_frame_preamble_main r=0
2026-02-17T00:36:31.883+0000 7fb98efb9640 20 --2- 127.0.0.1:0/1544953362 >> v2:127.0.0.1:7114/0 conn(0x559fb5b8e000 0x559fb5891600 crc :-1 s=SESSION_CONNECTING pgs=0 gs=1 cs=0 l=0 c_cookie=2437310035215064990 s_cookie=0 reconnecting=0 rev1=1 crypto rx=0 tx=0 comp rx=0 tx=0).read_frame_segment seg_idx=0
2026-02-17T00:36:31.883+0000 7fb98efb9640 20 -- 127.0.0.1:0/1544953362 >> v2:127.0.0.1:7114/0 conn(0x559fb5b8e000 msgr2=0x559fb5891600 crc :-1 s=STATE_CONNECTION_ESTABLISHED l=0).read start len=92
2026-02-17T00:36:31.883+0000 7fb98efb9640 20 --2- 127.0.0.1:0/1544953362 >> v2:127.0.0.1:7114/0 conn(0x559fb5b8e000 0x559fb5891600 crc :-1 s=SESSION_CONNECTING pgs=0 gs=1 cs=0 l=0 c_cookie=2437310035215064990 s_cookie=0 reconnecting=0 rev1=1 crypto rx=0 tx=0 comp rx=0 tx=0).handle_read_frame_segment r=0
2026-02-17T00:36:31.883+0000 7fb98efb9640 10 --2- 127.0.0.1:0/1544953362 >> v2:127.0.0.1:7114/0 conn(0x559fb5b8e000 0x559fb5891600 crc :-1 s=SESSION_CONNECTING pgs=0 gs=1 cs=0 l=0 c_cookie=2437310035215064990 s_cookie=0 reconnecting=0 rev1=1 crypto rx=0 tx=0 comp rx=0 tx=0).handle_read_frame_dispatch tag=9
2026-02-17T00:36:31.883+0000 7fb98efb9640 20 --2- 127.0.0.1:0/1544953362 >> v2:127.0.0.1:7114/0 conn(0x559fb5b8e000 0x559fb5891600 crc :-1 s=SESSION_CONNECTING pgs=0 gs=1 cs=0 l=0 c_cookie=2437310035215064990 s_cookie=0 reconnecting=0 rev1=1 crypto rx=0 tx=0 comp rx=0 tx=0).handle_server_ident payload.length()=88
2026-02-17T00:36:31.883+0000 7fb98efb9640 5 --2- 127.0.0.1:0/1544953362 >> v2:127.0.0.1:7114/0 conn(0x559fb5b8e000 0x559fb5891600 crc :-1 s=SESSION_CONNECTING pgs=0 gs=1 cs=0 l=0 c_cookie=2437310035215064990 s_cookie=0 reconnecting=0 rev1=1 crypto rx=0 tx=0 comp rx=0 tx=0).handle_server_ident received server identification: addrs=v2:127.0.0.1:7114/0 gid=0 global_seq=23 features_supported=3f0ffffffffdffff features_required=c01020002040000 flags=1 cookie=0
2026-02-17T00:36:31.883+0000 7fb98efb9640 10 --2- 127.0.0.1:0/1544953362 >> v2:127.0.0.1:7114/0 conn(0x559fb5b8e000 0x559fb5891600 crc :-1 s=SESSION_CONNECTING pgs=23 gs=1 cs=0 l=1 c_cookie=2437310035215064990 s_cookie=0 reconnecting=0 rev1=1 crypto rx=0 tx=0 comp rx=0 tx=0).handle_server_ident connect success 0, lossy = 1, features 4544132024016699391
2026-02-17T00:36:31.883+0000 7fb98efb9640 1 --2- 127.0.0.1:0/1544953362 >> v2:127.0.0.1:7114/0 conn(0x559fb5b8e000 0x559fb5891600 crc :-1 s=READY pgs=23 gs=1 cs=0 l=1 c_cookie=2437310035215064990 s_cookie=0 reconnecting=0 rev1=1 crypto rx=0 tx=0 comp rx=0 tx=0).ready entity=mon.0 client_cookie=21d31090487d1f9e server_cookie=0 in_seq=0 out_seq=0
2026-02-17T00:36:31.883+0000 7fb98efb9640 20 --2- 127.0.0.1:0/1544953362 >> v2:127.0.0.1:7114/0 conn(0x559fb5b8e000 0x559fb5891600 crc :-1 s=READY pgs=23 gs=1 cs=0 l=1 c_cookie=2437310035215064990 s_cookie=0 reconnecting=0 rev1=1 crypto rx=0 tx=0 comp rx=0 tx=0).read_frame
2026-02-17T00:36:31.883+0000 7fb98efb9640 20 -- 127.0.0.1:0/1544953362 >> v2:127.0.0.1:7114/0 conn(0x559fb5b8e000 msgr2=0x559fb5891600 crc :-1 s=STATE_CONNECTION_ESTABLISHED l=1).read start len=32
2026-02-17T00:36:31.883+0000 7fb98efb9640 10 -- 127.0.0.1:0/1544953362 >> v2:127.0.0.1:7114/0 conn(0x559fb5b8e000 msgr2=0x559fb5891600 crc :-1 s=STATE_CONNECTION_ESTABLISHED l=1).handle_write
2026-02-17T00:36:31.883+0000 7fb98efb9640 10 --2- 127.0.0.1:0/1544953362 >> v2:127.0.0.1:7114/0 conn(0x559fb5b8e000 0x559fb5891600 crc :-1 s=READY pgs=23 gs=1 cs=0 l=1 c_cookie=2437310035215064990 s_cookie=0 reconnecting=0 rev1=1 crypto rx=0 tx=0 comp rx=0 tx=0).write_event
2026-02-17T00:36:31.883+0000 7fb98efb9640 20 --2- 127.0.0.1:0/1544953362 >> v2:127.0.0.1:7114/0 conn(0x559fb5b8e000 0x559fb5891600 crc :-1 s=READY pgs=23 gs=1 cs=0 l=1 c_cookie=2437310035215064990 s_cookie=0 reconnecting=0 rev1=1 crypto rx=0 tx=0 comp rx=0 tx=0).prepare_send_message m=mon_getmap magic: 0
2026-02-17T00:36:31.883+0000 7fb98efb9640 20 --2- 127.0.0.1:0/1544953362 >> v2:127.0.0.1:7114/0 conn(0x559fb5b8e000 0x559fb5891600 crc :-1 s=READY pgs=23 gs=1 cs=0 l=1 c_cookie=2437310035215064990 s_cookie=0 reconnecting=0 rev1=1 crypto rx=0 tx=0 comp rx=0 tx=0).prepare_send_message encoding features 4544132024016699391 0x559fb579b080 mon_getmap magic: 0
2026-02-17T00:36:31.883+0000 7fb98efb9640 2 --2- 127.0.0.1:0/1544953362 >> v2:127.0.0.1:7114/0 conn(0x559fb5b8e000 0x559fb5891600 crc :-1 s=READY pgs=23 gs=1 cs=0 l=1 c_cookie=2437310035215064990 s_cookie=0 reconnecting=0 rev1=1 crypto rx=0 tx=0 comp rx=0 tx=0).write_message sending message m=0x559fb579b080 seq=1 mon_getmap magic: 0
2026-02-17T00:36:31.883+0000 7fb98efb9640 20 --2- 127.0.0.1:0/1544953362 >> v2:127.0.0.1:7114/0 conn(0x559fb5b8e000 0x559fb5891600 crc :-1 s=READY pgs=23 gs=1 cs=0 l=1 c_cookie=2437310035215064990 s_cookie=0 reconnecting=0 rev1=1 crypto rx=0 tx=0 comp rx=0 tx=0).write_message sending m=0x559fb579b080 seq=1 src=client.? off=0
2026-02-17T00:36:31.883+0000 7fb98efb9640 10 -- 127.0.0.1:0/1544953362 >> v2:127.0.0.1:7114/0 conn(0x559fb5b8e000 msgr2=0x559fb5891600 crc :-1 s=STATE_CONNECTION_ESTABLISHED l=1)._try_send sent bytes 77 remaining bytes 0
2026-02-17T00:36:31.883+0000 7fb98efb9640 10 --2- 127.0.0.1:0/1544953362 >> v2:127.0.0.1:7114/0 conn(0x559fb5b8e000 0x559fb5891600 crc :-1 s=READY pgs=23 gs=1 cs=0 l=1 c_cookie=2437310035215064990 s_cookie=0 reconnecting=0 rev1=1 crypto rx=0 tx=0 comp rx=0 tx=0).write_message sending 0x559fb579b080 done.
2026-02-17T00:36:31.883+0000 7fb98efb9640 20 --2- 127.0.0.1:0/1544953362 >> v2:127.0.0.1:7114/0 conn(0x559fb5b8e000 0x559fb5891600 crc :-1 s=READY pgs=23 gs=1 cs=0 l=1 c_cookie=2437310035215064990 s_cookie=0 reconnecting=0 rev1=1 crypto rx=0 tx=0 comp rx=0 tx=0).prepare_send_message m=mon_subscribe({config=0+,monmap=0+})
2026-02-17T00:36:31.883+0000 7fb98efb9640 20 --2- 127.0.0.1:0/1544953362 >> v2:127.0.0.1:7114/0 conn(0x559fb5b8e000 0x559fb5891600 crc :-1 s=READY pgs=23 gs=1 cs=0 l=1 c_cookie=2437310035215064990 s_cookie=0 reconnecting=0 rev1=1 crypto rx=0 tx=0 comp rx=0 tx=0).prepare_send_message encoding features 4544132024016699391 0x559fb575f2c0 mon_subscribe({config=0+,monmap=0+})
2026-02-17T00:36:31.883+0000 7fb98efb9640 2 --2- 127.0.0.1:0/1544953362 >> v2:127.0.0.1:7114/0 conn(0x559fb5b8e000 0x559fb5891600 crc :-1 s=READY pgs=23 gs=1 cs=0 l=1 c_cookie=2437310035215064990 s_cookie=0 reconnecting=0 rev1=1 crypto rx=0 tx=0 comp rx=0 tx=0).write_message sending message m=0x559fb575f2c0 seq=2 mon_subscribe({config=0+,monmap=0+})
2026-02-17T00:36:31.883+0000 7fb98efb9640 20 --2- 127.0.0.1:0/1544953362 >> v2:127.0.0.1:7114/0 conn(0x559fb5b8e000 0x559fb5891600 crc :-1 s=READY pgs=23 gs=1 cs=0 l=1 c_cookie=2437310035215064990 s_cookie=0 reconnecting=0 rev1=1 crypto rx=0 tx=0 comp rx=0 tx=0).write_message sending m=0x559fb575f2c0 seq=2 src=client.? off=0
2026-02-17T00:36:31.883+0000 7fb98efb9640 10 -- 127.0.0.1:0/1544953362 >> v2:127.0.0.1:7114/0 conn(0x559fb5b8e000 msgr2=0x559fb5891600 crc :-1 s=STATE_CONNECTION_ESTABLISHED l=1)._try_send sent bytes 144 remaining bytes 0
2026-02-17T00:36:31.883+0000 7fb98efb9640 10 --2- 127.0.0.1:0/1544953362 >> v2:127.0.0.1:7114/0 conn(0x559fb5b8e000 0x559fb5891600 crc :-1 s=READY pgs=23 gs=1 cs=0 l=1 c_cookie=2437310035215064990 s_cookie=0 reconnecting=0 rev1=1 crypto rx=0 tx=0 comp rx=0 tx=0).write_message sending 0x559fb575f2c0 done.
2026-02-17T00:36:31.883+0000 7fb990fbd640 20 -- 127.0.0.1:0/1071223443 >> v2:127.0.0.1:7114/0 conn(0x559fb586a000 msgr2=0x559fb5890000 crc :-1 s=STATE_CONNECTION_ESTABLISHED l=1).process
2026-02-17T00:36:31.883+0000 7fb990fbd640 20 -- 127.0.0.1:0/1071223443 >> v2:127.0.0.1:7114/0 conn(0x559fb586a000 msgr2=0x559fb5890000 crc :-1 s=STATE_CONNECTION_ESTABLISHED l=1).read continue len=32
2026-02-17T00:36:31.883+0000 7fb990fbd640 20 --2- 127.0.0.1:0/1071223443 >> v2:127.0.0.1:7114/0 conn(0x559fb586a000 0x559fb5890000 crc :-1 s=READY pgs=18 gs=2 cs=0 l=1 c_cookie=6931106495102326716 s_cookie=0 reconnecting=0 rev1=1 crypto rx=0 tx=0 comp rx=0 tx=0).handle_read_frame_preamble_main r=0
2026-02-17T00:36:31.883+0000 7fb990fbd640 20 --2- 127.0.0.1:0/1071223443 >> v2:127.0.0.1:7114/0 conn(0x559fb586a000 0x559fb5890000 crc :-1 s=THROTTLE_MESSAGE pgs=18 gs=2 cs=0 l=1 c_cookie=6931106495102326716 s_cookie=0 reconnecting=0 rev1=1 crypto rx=0 tx=0 comp rx=0 tx=0).throttle_message
2026-02-17T00:36:31.883+0000 7fb990fbd640 20 --2- 127.0.0.1:0/1071223443 >> v2:127.0.0.1:7114/0 conn(0x559fb586a000 0x559fb5890000 crc :-1 s=THROTTLE_BYTES pgs=18 gs=2 cs=0 l=1 c_cookie=6931106495102326716 s_cookie=0 reconnecting=0 rev1=1 crypto rx=0 tx=0 comp rx=0 tx=0).throttle_bytes
2026-02-17T00:36:31.883+0000 7fb990fbd640 20 --2- 127.0.0.1:0/1071223443 >> v2:127.0.0.1:7114/0 conn(0x559fb586a000 0x559fb5890000 crc :-1 s=THROTTLE_DISPATCH_QUEUE pgs=18 gs=2 cs=0 l=1 c_cookie=6931106495102326716 s_cookie=0 reconnecting=0 rev1=1 crypto rx=0 tx=0 comp rx=0 tx=0).throttle_dispatch_queue
2026-02-17T00:36:31.883+0000 7fb990fbd640 20 --2- 127.0.0.1:0/1071223443 >> v2:127.0.0.1:7114/0 conn(0x559fb586a000 0x559fb5890000 crc :-1 s=THROTTLE_DONE pgs=18 gs=2 cs=0 l=1 c_cookie=6931106495102326716 s_cookie=0 reconnecting=0 rev1=1 crypto rx=0 tx=0 comp rx=0 tx=0).read_frame_segment seg_idx=0
2026-02-17T00:36:31.883+0000 7fb990fbd640 20 -- 127.0.0.1:0/1071223443 >> v2:127.0.0.1:7114/0 conn(0x559fb586a000 msgr2=0x559fb5890000 crc :-1 s=STATE_CONNECTION_ESTABLISHED l=1).read start len=45
2026-02-17T00:36:31.883+0000 7fb990fbd640 20 --2- 127.0.0.1:0/1071223443 >> v2:127.0.0.1:7114/0 conn(0x559fb586a000 0x559fb5890000 crc :-1 s=THROTTLE_DONE pgs=18 gs=2 cs=0 l=1 c_cookie=6931106495102326716 s_cookie=0 reconnecting=0 rev1=1 crypto rx=0 tx=0 comp rx=0 tx=0).handle_read_frame_segment r=0
2026-02-17T00:36:31.883+0000 7fb990fbd640 20 --2- 127.0.0.1:0/1071223443 >> v2:127.0.0.1:7114/0 conn(0x559fb586a000 0x559fb5890000 crc :-1 s=THROTTLE_DONE pgs=18 gs=2 cs=0 l=1 c_cookie=6931106495102326716 s_cookie=0 reconnecting=0 rev1=1 crypto rx=0 tx=0 comp rx=0 tx=0).read_frame_segment seg_idx=1
2026-02-17T00:36:31.883+0000 7fb990fbd640 20 -- 127.0.0.1:0/1071223443 >> v2:127.0.0.1:7114/0 conn(0x559fb586a000 msgr2=0x559fb5890000 crc :-1 s=STATE_CONNECTION_ESTABLISHED l=1).read start len=165
2026-02-17T00:36:31.883+0000 7fb990fbd640 20 --2- 127.0.0.1:0/1071223443 >> v2:127.0.0.1:7114/0 conn(0x559fb586a000 0x559fb5890000 crc :-1 s=THROTTLE_DONE pgs=18 gs=2 cs=0 l=1 c_cookie=6931106495102326716 s_cookie=0 reconnecting=0 rev1=1 crypto rx=0 tx=0 comp rx=0 tx=0).handle_read_frame_segment r=0
2026-02-17T00:36:31.883+0000 7fb990fbd640 20 -- 127.0.0.1:0/1071223443 >> v2:127.0.0.1:7114/0 conn(0x559fb586a000 msgr2=0x559fb5890000 crc :-1 s=STATE_CONNECTION_ESTABLISHED l=1).read start len=13
2026-02-17T00:36:31.883+0000 7fb98efb9640 20 -- 127.0.0.1:0/1544953362 >> v2:127.0.0.1:7114/0 conn(0x559fb5b8e000 msgr2=0x559fb5891600 crc :-1 s=STATE_CONNECTION_ESTABLISHED l=1).process
2026-02-17T00:36:31.883+0000 7fb98efb9640 20 -- 127.0.0.1:0/1544953362 >> v2:127.0.0.1:7114/0 conn(0x559fb5b8e000 msgr2=0x559fb5891600 crc :-1 s=STATE_CONNECTION_ESTABLISHED l=1).read continue len=32
2026-02-17T00:36:31.883+0000 7fb990fbd640 20 --2- 127.0.0.1:0/1071223443 >> v2:127.0.0.1:7114/0 conn(0x559fb586a000 0x559fb5890000 crc :-1 s=THROTTLE_DONE pgs=18 gs=2 cs=0 l=1 c_cookie=6931106495102326716 s_cookie=0 reconnecting=0 rev1=1 crypto rx=0 tx=0 comp rx=0 tx=0).handle_read_frame_epilogue_main r=0
2026-02-17T00:36:31.883+0000 7fb990fbd640 10 --2- 127.0.0.1:0/1071223443 >> v2:127.0.0.1:7114/0 conn(0x559fb586a000 0x559fb5890000 crc :-1 s=THROTTLE_DONE pgs=18 gs=2 cs=0 l=1 c_cookie=6931106495102326716 s_cookie=0 reconnecting=0 rev1=1 crypto rx=0 tx=0 comp rx=0 tx=0).handle_read_frame_dispatch tag=17
2026-02-17T00:36:31.883+0000 7fb98efb9640 20 --2- 127.0.0.1:0/1544953362 >> v2:127.0.0.1:7114/0 conn(0x559fb5b8e000 0x559fb5891600 crc :-1 s=READY pgs=23 gs=1 cs=0 l=1 c_cookie=2437310035215064990 s_cookie=0 reconnecting=0 rev1=1 crypto rx=0 tx=0 comp rx=0 tx=0).handle_read_frame_preamble_main r=0
2026-02-17T00:36:31.883+0000 7fb98efb9640 20 --2- 127.0.0.1:0/1544953362 >> v2:127.0.0.1:7114/0 conn(0x559fb5b8e000 0x559fb5891600 crc :-1 s=THROTTLE_MESSAGE pgs=23 gs=1 cs=0 l=1 c_cookie=2437310035215064990 s_cookie=0 reconnecting=0 rev1=1 crypto rx=0 tx=0 comp rx=0 tx=0).throttle_message
2026-02-17T00:36:31.883+0000 7fb990fbd640 20 --2- 127.0.0.1:0/1071223443 >> v2:127.0.0.1:7114/0 conn(0x559fb586a000 0x559fb5890000 crc :-1 s=THROTTLE_DONE pgs=18 gs=2 cs=0 l=1 c_cookie=6931106495102326716 s_cookie=0 reconnecting=0 rev1=1 crypto rx=0 tx=0 comp rx=0 tx=0).handle_message
2026-02-17T00:36:31.883+0000 7fb98efb9640 20 --2- 127.0.0.1:0/1544953362 >> v2:127.0.0.1:7114/0 conn(0x559fb5b8e000 0x559fb5891600 crc :-1 s=THROTTLE_BYTES pgs=23 gs=1 cs=0 l=1 c_cookie=2437310035215064990 s_cookie=0 reconnecting=0 rev1=1 crypto rx=0 tx=0 comp rx=0 tx=0).throttle_bytes
2026-02-17T00:36:31.883+0000 7fb98efb9640 20 --2- 127.0.0.1:0/1544953362 >> v2:127.0.0.1:7114/0 conn(0x559fb5b8e000 0x559fb5891600 crc :-1 s=THROTTLE_DISPATCH_QUEUE pgs=23 gs=1 cs=0 l=1 c_cookie=2437310035215064990 s_cookie=0 reconnecting=0 rev1=1 crypto rx=0 tx=0 comp rx=0 tx=0).throttle_dispatch_queue
2026-02-17T00:36:31.883+0000 7fb98efb9640 20 --2- 127.0.0.1:0/1544953362 >> v2:127.0.0.1:7114/0 conn(0x559fb5b8e000 0x559fb5891600 crc :-1 s=THROTTLE_DONE pgs=23 gs=1 cs=0 l=1 c_cookie=2437310035215064990 s_cookie=0 reconnecting=0 rev1=1 crypto rx=0 tx=0 comp rx=0 tx=0).read_frame_segment seg_idx=0
2026-02-17T00:36:31.883+0000 7fb990fbd640 5 --2- 127.0.0.1:0/1071223443 >> v2:127.0.0.1:7114/0 conn(0x559fb586a000 0x559fb5890000 crc :-1 s=THROTTLE_DONE pgs=18 gs=2 cs=0 l=1 c_cookie=6931106495102326716 s_cookie=0 reconnecting=0 rev1=1 crypto rx=0 tx=0 comp rx=0 tx=0).handle_message got 165 + 0 + 0 byte message. envelope type=51 src mon.0 off 0
2026-02-17T00:36:31.883+0000 7fb98efb9640 20 -- 127.0.0.1:0/1544953362 >> v2:127.0.0.1:7114/0 conn(0x559fb5b8e000 msgr2=0x559fb5891600 crc :-1 s=STATE_CONNECTION_ESTABLISHED l=1).read start len=45
2026-02-17T00:36:31.883+0000 7fb98efb9640 20 --2- 127.0.0.1:0/1544953362 >> v2:127.0.0.1:7114/0 conn(0x559fb5b8e000 0x559fb5891600 crc :-1 s=THROTTLE_DONE pgs=23 gs=1 cs=0 l=1 c_cookie=2437310035215064990 s_cookie=0 reconnecting=0 rev1=1 crypto rx=0 tx=0 comp rx=0 tx=0).handle_read_frame_segment r=0
2026-02-17T00:36:31.883+0000 7fb98efb9640 20 --2- 127.0.0.1:0/1544953362 >> v2:127.0.0.1:7114/0 conn(0x559fb5b8e000 0x559fb5891600 crc :-1 s=THROTTLE_DONE pgs=23 gs=1 cs=0 l=1 c_cookie=2437310035215064990 s_cookie=0 reconnecting=0 rev1=1 crypto rx=0 tx=0 comp rx=0 tx=0).read_frame_segment seg_idx=1
2026-02-17T00:36:31.883+0000 7fb98efb9640 20 -- 127.0.0.1:0/1544953362 >> v2:127.0.0.1:7114/0 conn(0x559fb5b8e000 msgr2=0x559fb5891600 crc :-1 s=STATE_CONNECTION_ESTABLISHED l=1).read start len=178
2026-02-17T00:36:31.883+0000 7fb98efb9640 20 --2- 127.0.0.1:0/1544953362 >> v2:127.0.0.1:7114/0 conn(0x559fb5b8e000 0x559fb5891600 crc :-1 s=THROTTLE_DONE pgs=23 gs=1 cs=0 l=1 c_cookie=2437310035215064990 s_cookie=0 reconnecting=0 rev1=1 crypto rx=0 tx=0 comp rx=0 tx=0).handle_read_frame_segment r=0
2026-02-17T00:36:31.883+0000 7fb98efb9640 20 -- 127.0.0.1:0/1544953362 >> v2:127.0.0.1:7114/0 conn(0x559fb5b8e000 msgr2=0x559fb5891600 crc :-1 s=STATE_CONNECTION_ESTABLISHED l=1).read start len=13
2026-02-17T00:36:31.883+0000 7fb98efb9640 20 --2- 127.0.0.1:0/1544953362 >> v2:127.0.0.1:7114/0 conn(0x559fb5b8e000 0x559fb5891600 crc :-1 s=THROTTLE_DONE pgs=23 gs=1 cs=0 l=1 c_cookie=2437310035215064990 s_cookie=0 reconnecting=0 rev1=1 crypto rx=0 tx=0 comp rx=0 tx=0).handle_read_frame_epilogue_main r=0
2026-02-17T00:36:31.883+0000 7fb98efb9640 10 --2- 127.0.0.1:0/1544953362 >> v2:127.0.0.1:7114/0 conn(0x559fb5b8e000 0x559fb5891600 crc :-1 s=THROTTLE_DONE pgs=23 gs=1 cs=0 l=1 c_cookie=2437310035215064990 s_cookie=0 reconnecting=0 rev1=1 crypto rx=0 tx=0 comp rx=0 tx=0).handle_read_frame_dispatch tag=17
2026-02-17T00:36:31.883+0000 7fb98efb9640 20 --2- 127.0.0.1:0/1544953362 >> v2:127.0.0.1:7114/0 conn(0x559fb5b8e000 0x559fb5891600 crc :-1 s=THROTTLE_DONE pgs=23 gs=1 cs=0 l=1 c_cookie=2437310035215064990 s_cookie=0 reconnecting=0 rev1=1 crypto rx=0 tx=0 comp rx=0 tx=0).handle_message
2026-02-17T00:36:31.883+0000 7fb990fbd640 5 --2- 127.0.0.1:0/1071223443 >> v2:127.0.0.1:7114/0 conn(0x559fb586a000 0x559fb5890000 crc :-1 s=READ_MESSAGE_COMPLETE pgs=18 gs=2 cs=0 l=1 c_cookie=6931106495102326716 s_cookie=0 reconnecting=0 rev1=1 crypto rx=0 tx=0 comp rx=0 tx=0).handle_message received message m=0x559fb57a43c0 seq=20 from=mon.0 type=51 mon_command_ack([{prefix=config-key set, key=mgr/telemetry/report_id}]=0 set mgr/telemetry/report_id v3)=0 set mgr/telemetry/report_id v3)
2026-02-17T00:36:31.883+0000 7fb98efb9640 5 --2- 127.0.0.1:0/1544953362 >> v2:127.0.0.1:7114/0 conn(0x559fb5b8e000 0x559fb5891600 crc :-1 s=THROTTLE_DONE pgs=23 gs=1 cs=0 l=1 c_cookie=2437310035215064990 s_cookie=0 reconnecting=0 rev1=1 crypto rx=0 tx=0 comp rx=0 tx=0).handle_message got 178 + 0 + 0 byte message. envelope type=4 src mon.0 off 0
2026-02-17T00:36:31.883+0000 7fb990fbd640 20 -- 127.0.0.1:0/1071223443 queue 0x559fb57a43c0 prio 196
2026-02-17T00:36:31.883+0000 7fb98efb9640 5 --2- 127.0.0.1:0/1544953362 >> v2:127.0.0.1:7114/0 conn(0x559fb5b8e000 0x559fb5891600 crc :-1 s=READ_MESSAGE_COMPLETE pgs=23 gs=1 cs=0 l=1 c_cookie=2437310035215064990 s_cookie=0 reconnecting=0 rev1=1 crypto rx=0 tx=0 comp rx=0 tx=0).handle_message received message m=0x559fb5bb0000 seq=1 from=mon.0 type=4 mon_map magic: 0
2026-02-17T00:36:31.883+0000 7fb98efb9640 20 -- 127.0.0.1:0/1544953362 queue 0x559fb5bb0000 prio 196
2026-02-17T00:36:31.883+0000 7fb990fbd640 20 --2- 127.0.0.1:0/1071223443 >> v2:127.0.0.1:7114/0 conn(0x559fb586a000 0x559fb5890000 crc :-1 s=READY pgs=18 gs=2 cs=0 l=1 c_cookie=6931106495102326716 s_cookie=0 reconnecting=0 rev1=1 crypto rx=0 tx=0 comp rx=0 tx=0).read_frame
2026-02-17T00:36:31.883+0000 7fb98efb9640 20 --2- 127.0.0.1:0/1544953362 >> v2:127.0.0.1:7114/0 conn(0x559fb5b8e000 0x559fb5891600 crc :-1 s=READY pgs=23 gs=1 cs=0 l=1 c_cookie=2437310035215064990 s_cookie=0 reconnecting=0 rev1=1 crypto rx=0 tx=0 comp rx=0 tx=0).read_frame
2026-02-17T00:36:31.883+0000 7fb990fbd640 20 -- 127.0.0.1:0/1071223443 >> v2:127.0.0.1:7114/0 conn(0x559fb586a000 msgr2=0x559fb5890000 crc :-1 s=STATE_CONNECTION_ESTABLISHED l=1).read start len=32
2026-02-17T00:36:31.883+0000 7fb98efb9640 20 -- 127.0.0.1:0/1544953362 >> v2:127.0.0.1:7114/0 conn(0x559fb5b8e000 msgr2=0x559fb5891600 crc :-1 s=STATE_CONNECTION_ESTABLISHED l=1).read start len=32
2026-02-17T00:36:31.883+0000 7fb990fbd640 20 --2- 127.0.0.1:0/1071223443 >> v2:127.0.0.1:7114/0 conn(0x559fb586a000 0x559fb5890000 crc :-1 s=READY pgs=18 gs=2 cs=0 l=1 c_cookie=6931106495102326716 s_cookie=0 reconnecting=0 rev1=1 crypto rx=0 tx=0 comp rx=0 tx=0).handle_read_frame_preamble_main r=0
2026-02-17T00:36:31.883+0000 7fb98cfb5640 1 -- 127.0.0.1:0/1071223443 <== mon.0 v2:127.0.0.1:7114/0 20 ==== mon_command_ack([{prefix=config-key set, key=mgr/telemetry/report_id}]=0 set mgr/telemetry/report_id v3)=0 set mgr/telemetry/report_id v3) ==== 165+0+0 (crc 0 0 0) 0x559fb57a43c0 con 0x559fb586a000
2026-02-17T00:36:31.883+0000 7fb990fbd640 20 --2- 127.0.0.1:0/1071223443 >> v2:127.0.0.1:7114/0 conn(0x559fb586a000 0x559fb5890000 crc :-1 s=THROTTLE_MESSAGE pgs=18 gs=2 cs=0 l=1 c_cookie=6931106495102326716 s_cookie=0 reconnecting=0 rev1=1 crypto rx=0 tx=0 comp rx=0 tx=0).throttle_message
2026-02-17T00:36:31.883+0000 7fb98cfb5640 10 -- 127.0.0.1:0/1071223443 dispatch_throttle_release 165 to dispatch throttler 165/104857600
2026-02-17T00:36:31.883+0000 7fb894a5c640 1 -- 127.0.0.1:0/1544953362 <== mon.0 v2:127.0.0.1:7114/0 1 ==== mon_map magic: 0 ==== 178+0+0 (crc 0 0 0) 0x559fb5bb0000 con 0x559fb5b8e000
2026-02-17T00:36:31.883+0000 7fb98cfb5640 20 -- 127.0.0.1:0/1071223443 done calling dispatch on 0x559fb57a43c0
2026-02-17T00:36:31.883+0000 7fb990fbd640 20 --2- 127.0.0.1:0/1071223443 >> v2:127.0.0.1:7114/0 conn(0x559fb586a000 0x559fb5890000 crc :-1 s=THROTTLE_BYTES pgs=18 gs=2 cs=0 l=1 c_cookie=6931106495102326716 s_cookie=0 reconnecting=0 rev1=1 crypto rx=0 tx=0 comp rx=0 tx=0).throttle_bytes
2026-02-17T00:36:31.883+0000 7fb990fbd640 20 --2- 127.0.0.1:0/1071223443 >> v2:127.0.0.1:7114/0 conn(0x559fb586a000 0x559fb5890000 crc :-1 s=THROTTLE_DISPATCH_QUEUE pgs=18 gs=2 cs=0 l=1 c_cookie=6931106495102326716 s_cookie=0 reconnecting=0 rev1=1 crypto rx=0 tx=0 comp rx=0 tx=0).throttle_dispatch_queue
2026-02-17T00:36:31.883+0000 7fb990fbd640 20 --2- 127.0.0.1:0/1071223443 >> v2:127.0.0.1:7114/0 conn(0x559fb586a000 0x559fb5890000 crc :-1 s=THROTTLE_DONE pgs=18 gs=2 cs=0 l=1 c_cookie=6931106495102326716 s_cookie=0 reconnecting=0 rev1=1 crypto rx=0 tx=0 comp rx=0 tx=0).read_frame_segment seg_idx=0
2026-02-17T00:36:31.883+0000 7fb990fbd640 20 -- 127.0.0.1:0/1071223443 >> v2:127.0.0.1:7114/0 conn(0x559fb586a000 msgr2=0x559fb5890000 crc :-1 s=STATE_CONNECTION_ESTABLISHED l=1).read start len=45
2026-02-17T00:36:31.883+0000 7fb990fbd640 20 --2- 127.0.0.1:0/1071223443 >> v2:127.0.0.1:7114/0 conn(0x559fb586a000 0x559fb5890000 crc :-1 s=THROTTLE_DONE pgs=18 gs=2 cs=0 l=1 c_cookie=6931106495102326716 s_cookie=0 reconnecting=0 rev1=1 crypto rx=0 tx=0 comp rx=0 tx=0).handle_read_frame_segment r=0
2026-02-17T00:36:31.883+0000 7fb990fbd640 20 --2- 127.0.0.1:0/1071223443 >> v2:127.0.0.1:7114/0 conn(0x559fb586a000 0x559fb5890000 crc :-1 s=THROTTLE_DONE pgs=18 gs=2 cs=0 l=1 c_cookie=6931106495102326716 s_cookie=0 reconnecting=0 rev1=1 crypto rx=0 tx=0 comp rx=0 tx=0).read_frame_segment seg_idx=1
2026-02-17T00:36:31.883+0000 7fb896a60640 4 mgr get_store get_store key: mgr/telemetry/salt
2026-02-17T00:36:31.883+0000 7fb896a60640 4 ceph_store_get salt not found
2026-02-17T00:36:31.883+0000 7fb990fbd640 20 -- 127.0.0.1:0/1071223443 >> v2:127.0.0.1:7114/0 conn(0x559fb586a000 msgr2=0x559fb5890000 crc :-1 s=STATE_CONNECTION_ESTABLISHED l=1).read start len=24
2026-02-17T00:36:31.883+0000 7fb894a5c640 10 -- 127.0.0.1:0/1544953362 dispatch_throttle_release 178 to dispatch throttler 178/104857600
2026-02-17T00:36:31.883+0000 7fb990fbd640 20 --2- 127.0.0.1:0/1071223443 >> v2:127.0.0.1:7114/0 conn(0x559fb586a000 0x559fb5890000 crc :-1 s=THROTTLE_DONE pgs=18 gs=2 cs=0 l=1 c_cookie=6931106495102326716 s_cookie=0 reconnecting=0 rev1=1 crypto rx=0 tx=0 comp rx=0 tx=0).handle_read_frame_segment r=0
2026-02-17T00:36:31.883+0000 7fb894a5c640 20 -- 127.0.0.1:0/1544953362 done calling dispatch on 0x559fb5bb0000
2026-02-17T00:36:31.883+0000 7fb990fbd640 20 -- 127.0.0.1:0/1071223443 >> v2:127.0.0.1:7114/0 conn(0x559fb586a000 msgr2=0x559fb5890000 crc :-1 s=STATE_CONNECTION_ESTABLISHED l=1).read start len=13
2026-02-17T00:36:31.883+0000 7fb990fbd640 20 --2- 127.0.0.1:0/1071223443 >> v2:127.0.0.1:7114/0 conn(0x559fb586a000 0x559fb5890000 crc :-1 s=THROTTLE_DONE pgs=18 gs=2 cs=0 l=1 c_cookie=6931106495102326716 s_cookie=0 reconnecting=0 rev1=1 crypto rx=0 tx=0 comp rx=0 tx=0).handle_read_frame_epilogue_main r=0
2026-02-17T00:36:31.883+0000 7fb990fbd640 10 --2- 127.0.0.1:0/1071223443 >> v2:127.0.0.1:7114/0 conn(0x559fb586a000 0x559fb5890000 crc :-1 s=THROTTLE_DONE pgs=18 gs=2 cs=0 l=1 c_cookie=6931106495102326716 s_cookie=0 reconnecting=0 rev1=1 crypto rx=0 tx=0 comp rx=0 tx=0).handle_read_frame_dispatch tag=17
2026-02-17T00:36:31.883+0000 7fb990fbd640 20 --2- 127.0.0.1:0/1071223443 >> v2:127.0.0.1:7114/0 conn(0x559fb586a000 0x559fb5890000 crc :-1 s=THROTTLE_DONE pgs=18 gs=2 cs=0 l=1 c_cookie=6931106495102326716 s_cookie=0 reconnecting=0 rev1=1 crypto rx=0 tx=0 comp rx=0 tx=0).handle_message
2026-02-17T00:36:31.883+0000 7fb990fbd640 5 --2- 127.0.0.1:0/1071223443 >> v2:127.0.0.1:7114/0 conn(0x559fb586a000 0x559fb5890000 crc :-1 s=THROTTLE_DONE pgs=18 gs=2 cs=0 l=1 c_cookie=6931106495102326716 s_cookie=0 reconnecting=0 rev1=1 crypto rx=0 tx=0 comp rx=0 tx=0).handle_message got 24 + 0 + 0 byte message. envelope type=54 src mon.0 off 0
2026-02-17T00:36:31.883+0000 7fb990fbd640 5 --2- 127.0.0.1:0/1071223443 >> v2:127.0.0.1:7114/0 conn(0x559fb586a000 0x559fb5890000 crc :-1 s=READ_MESSAGE_COMPLETE pgs=18 gs=2 cs=0 l=1 c_cookie=6931106495102326716 s_cookie=0 reconnecting=0 rev1=1 crypto rx=0 tx=0 comp rx=0 tx=0).handle_message received message m=0x559fb575f860 seq=21 from=mon.0 type=54 kv_data(v3 prefix config/, incremental, 0 keys)
2026-02-17T00:36:31.883+0000 7fb990fbd640 20 -- 127.0.0.1:0/1071223443 queue 0x559fb575f860 prio 196
2026-02-17T00:36:31.883+0000 7fb98efb9640 20 -- 127.0.0.1:0/1544953362 >> v2:127.0.0.1:7114/0 conn(0x559fb5b8e000 msgr2=0x559fb5891600 crc :-1 s=STATE_CONNECTION_ESTABLISHED l=1).process
2026-02-17T00:36:31.883+0000 7fb990fbd640 20 --2- 127.0.0.1:0/1071223443 >> v2:127.0.0.1:7114/0 conn(0x559fb586a000 0x559fb5890000 crc :-1 s=READY pgs=18 gs=2 cs=0 l=1 c_cookie=6931106495102326716 s_cookie=0 reconnecting=0 rev1=1 crypto rx=0 tx=0 comp rx=0 tx=0).read_frame
2026-02-17T00:36:31.883+0000 7fb98efb9640 20 -- 127.0.0.1:0/1544953362 >> v2:127.0.0.1:7114/0 conn(0x559fb5b8e000 msgr2=0x559fb5891600 crc :-1 s=STATE_CONNECTION_ESTABLISHED l=1).read continue len=32
2026-02-17T00:36:31.883+0000 7fb990fbd640 20 -- 127.0.0.1:0/1071223443 >> v2:127.0.0.1:7114/0 conn(0x559fb586a000 msgr2=0x559fb5890000 crc :-1 s=STATE_CONNECTION_ESTABLISHED l=1).read start len=32
2026-02-17T00:36:31.883+0000 7fb990fbd640 20 --2- 127.0.0.1:0/1071223443 >> v2:127.0.0.1:7114/0 conn(0x559fb586a000 0x559fb5890000 crc :-1 s=READY pgs=18 gs=2 cs=0 l=1 c_cookie=6931106495102326716 s_cookie=0 reconnecting=0 rev1=1 crypto rx=0 tx=0 comp rx=0 tx=0).handle_read_frame_preamble_main r=0
2026-02-17T00:36:31.883+0000 7fb990fbd640 20 --2- 127.0.0.1:0/1071223443 >> v2:127.0.0.1:7114/0 conn(0x559fb586a000 0x559fb5890000 crc :-1 s=THROTTLE_MESSAGE pgs=18 gs=2 cs=0 l=1 c_cookie=6931106495102326716 s_cookie=0 reconnecting=0 rev1=1 crypto rx=0 tx=0 comp rx=0 tx=0).throttle_message
2026-02-17T00:36:31.883+0000 7fb98cfb5640 1 -- 127.0.0.1:0/1071223443 <== mon.0 v2:127.0.0.1:7114/0 21 ==== kv_data(v3 prefix config/, incremental, 0 keys) ==== 24+0+0 (crc 0 0 0) 0x559fb575f860 con 0x559fb586a000
2026-02-17T00:36:31.883+0000 7fb98cfb5640 10 mgr.4100.objecter ms_dispatch2 0x559fabb6a000 kv_data(v3 prefix config/, incremental, 0 keys)
2026-02-17T00:36:31.883+0000 7fb990fbd640 20 --2- 127.0.0.1:0/1071223443 >> v2:127.0.0.1:7114/0 conn(0x559fb586a000 0x559fb5890000 crc :-1 s=THROTTLE_BYTES pgs=18 gs=2 cs=0 l=1 c_cookie=6931106495102326716 s_cookie=0 reconnecting=0 rev1=1 crypto rx=0 tx=0 comp rx=0 tx=0).throttle_bytes
2026-02-17T00:36:31.883+0000 7fb990fbd640 20 --2- 127.0.0.1:0/1071223443 >> v2:127.0.0.1:7114/0 conn(0x559fb586a000 0x559fb5890000 crc :-1 s=THROTTLE_DISPATCH_QUEUE pgs=18 gs=2 cs=0 l=1 c_cookie=6931106495102326716 s_cookie=0 reconnecting=0 rev1=1 crypto rx=0 tx=0 comp rx=0 tx=0).throttle_dispatch_queue
2026-02-17T00:36:31.883+0000 7fb98cfb5640 10 mgr ms_dispatch2 active kv_data(v3 prefix config/, incremental, 0 keys)
2026-02-17T00:36:31.883+0000 7fb98cfb5640 10 mgr ms_dispatch2 kv_data(v3 prefix config/, incremental, 0 keys)
2026-02-17T00:36:31.883+0000 7fb990fbd640 20 --2- 127.0.0.1:0/1071223443 >> v2:127.0.0.1:7114/0 conn(0x559fb586a000 0x559fb5890000 crc :-1 s=THROTTLE_DONE pgs=18 gs=2 cs=0 l=1 c_cookie=6931106495102326716 s_cookie=0 reconnecting=0 rev1=1 crypto rx=0 tx=0 comp rx=0 tx=0).read_frame_segment seg_idx=0
2026-02-17T00:36:31.883+0000 7fb98efb9640 20 --2- 127.0.0.1:0/1544953362 >> v2:127.0.0.1:7114/0 conn(0x559fb5b8e000 0x559fb5891600 crc :-1 s=READY pgs=23 gs=1 cs=0 l=1 c_cookie=2437310035215064990 s_cookie=0 reconnecting=0 rev1=1 crypto rx=0 tx=0 comp rx=0 tx=0).handle_read_frame_preamble_main r=0
2026-02-17T00:36:31.883+0000 7fb990fbd640 20 -- 127.0.0.1:0/1071223443 >> v2:127.0.0.1:7114/0 conn(0x559fb586a000 msgr2=0x559fb5890000 crc :-1 s=STATE_CONNECTION_ESTABLISHED l=1).read start len=45
2026-02-17T00:36:31.883+0000 7fb98efb9640 20 --2- 127.0.0.1:0/1544953362 >> v2:127.0.0.1:7114/0 conn(0x559fb5b8e000 0x559fb5891600 crc :-1 s=THROTTLE_MESSAGE pgs=23 gs=1 cs=0 l=1 c_cookie=2437310035215064990 s_cookie=0 reconnecting=0 rev1=1 crypto rx=0 tx=0 comp rx=0 tx=0).throttle_message
2026-02-17T00:36:31.883+0000 7fb990fbd640 20 --2- 127.0.0.1:0/1071223443 >> v2:127.0.0.1:7114/0 conn(0x559fb586a000 0x559fb5890000 crc :-1 s=THROTTLE_DONE pgs=18 gs=2 cs=0 l=1 c_cookie=6931106495102326716 s_cookie=0 reconnecting=0 rev1=1 crypto rx=0 tx=0 comp rx=0 tx=0).handle_read_frame_segment r=0
2026-02-17T00:36:31.883+0000 7fb98efb9640 20 --2- 127.0.0.1:0/1544953362 >> v2:127.0.0.1:7114/0 conn(0x559fb5b8e000 0x559fb5891600 crc :-1 s=THROTTLE_BYTES pgs=23 gs=1 cs=0 l=1 c_cookie=2437310035215064990 s_cookie=0 reconnecting=0 rev1=1 crypto rx=0 tx=0 comp rx=0 tx=0).throttle_bytes
2026-02-17T00:36:31.883+0000 7fb990fbd640 20 --2- 127.0.0.1:0/1071223443 >> v2:127.0.0.1:7114/0 conn(0x559fb586a000 0x559fb5890000 crc :-1 s=THROTTLE_DONE pgs=18 gs=2 cs=0 l=1 c_cookie=6931106495102326716 s_cookie=0 reconnecting=0 rev1=1 crypto rx=0 tx=0 comp rx=0 tx=0).read_frame_segment seg_idx=1
2026-02-17T00:36:31.883+0000 7fb98efb9640 20 --2- 127.0.0.1:0/1544953362 >> v2:127.0.0.1:7114/0 conn(0x559fb5b8e000 0x559fb5891600 crc :-1 s=THROTTLE_DISPATCH_QUEUE pgs=23 gs=1 cs=0 l=1 c_cookie=2437310035215064990 s_cookie=0 reconnecting=0 rev1=1 crypto rx=0 tx=0 comp rx=0 tx=0).throttle_dispatch_queue
2026-02-17T00:36:31.883+0000 7fb896a60640 1 -- 127.0.0.1:0/1071223443 --> v2:127.0.0.1:7114/0 -- mon_command([{prefix=config-key set, key=mgr/telemetry/salt}] v 0) -- 0x559fb5901500 con 0x559fb586a000
2026-02-17T00:36:31.883+0000 7fb990fbd640 20 -- 127.0.0.1:0/1071223443 >> v2:127.0.0.1:7114/0 conn(0x559fb586a000 msgr2=0x559fb5890000 crc :-1 s=STATE_CONNECTION_ESTABLISHED l=1).read start len=24
2026-02-17T00:36:31.883+0000 7fb98efb9640 20 --2- 127.0.0.1:0/1544953362 >> v2:127.0.0.1:7114/0 conn(0x559fb5b8e000 0x559fb5891600 crc :-1 s=THROTTLE_DONE pgs=23 gs=1 cs=0 l=1 c_cookie=2437310035215064990 s_cookie=0 reconnecting=0 rev1=1 crypto rx=0 tx=0 comp rx=0 tx=0).read_frame_segment seg_idx=0
2026-02-17T00:36:31.883+0000 7fb990fbd640 20 --2- 127.0.0.1:0/1071223443 >> v2:127.0.0.1:7114/0 conn(0x559fb586a000 0x559fb5890000 crc :-1 s=THROTTLE_DONE pgs=18 gs=2 cs=0 l=1 c_cookie=6931106495102326716 s_cookie=0 reconnecting=0 rev1=1 crypto rx=0 tx=0 comp rx=0 tx=0).handle_read_frame_segment r=0
2026-02-17T00:36:31.883+0000 7fb98efb9640 20 -- 127.0.0.1:0/1544953362 >> v2:127.0.0.1:7114/0 conn(0x559fb5b8e000 msgr2=0x559fb5891600 crc :-1 s=STATE_CONNECTION_ESTABLISHED l=1).read start len=45
2026-02-17T00:36:31.883+0000 7fb990fbd640 20 -- 127.0.0.1:0/1071223443 >> v2:127.0.0.1:7114/0 conn(0x559fb586a000 msgr2=0x559fb5890000 crc :-1 s=STATE_CONNECTION_ESTABLISHED l=1).read start len=13
2026-02-17T00:36:31.883+0000 7fb98efb9640 20 --2- 127.0.0.1:0/1544953362 >> v2:127.0.0.1:7114/0 conn(0x559fb5b8e000 0x559fb5891600 crc :-1 s=THROTTLE_DONE pgs=23 gs=1 cs=0 l=1 c_cookie=2437310035215064990 s_cookie=0 reconnecting=0 rev1=1 crypto rx=0 tx=0 comp rx=0 tx=0).handle_read_frame_segment r=0
2026-02-17T00:36:31.883+0000 7fb990fbd640 20 --2- 127.0.0.1:0/1071223443 >> v2:127.0.0.1:7114/0 conn(0x559fb586a000 0x559fb5890000 crc :-1 s=THROTTLE_DONE pgs=18 gs=2 cs=0 l=1 c_cookie=6931106495102326716 s_cookie=0 reconnecting=0 rev1=1 crypto rx=0 tx=0 comp rx=0 tx=0).handle_read_frame_epilogue_main r=0
2026-02-17T00:36:31.883+0000 7fb98efb9640 20 --2- 127.0.0.1:0/1544953362 >> v2:127.0.0.1:7114/0 conn(0x559fb5b8e000 0x559fb5891600 crc :-1 s=THROTTLE_DONE pgs=23 gs=1 cs=0 l=1 c_cookie=2437310035215064990 s_cookie=0 reconnecting=0 rev1=1 crypto rx=0 tx=0 comp rx=0 tx=0).read_frame_segment seg_idx=1
2026-02-17T00:36:31.883+0000 7fb896a60640 5 --2- 127.0.0.1:0/1071223443 >> v2:127.0.0.1:7114/0 conn(0x559fb586a000 0x559fb5890000 crc :-1 s=THROTTLE_DONE pgs=18 gs=2 cs=0 l=1 c_cookie=6931106495102326716 s_cookie=0 reconnecting=0 rev1=1 crypto rx=0 tx=0 comp rx=0 tx=0).send_message enqueueing message m=0x559fb5901500 type=50 mon_command([{prefix=config-key set, key=mgr/telemetry/salt}] v 0)
2026-02-17T00:36:31.883+0000 7fb990fbd640 10 --2- 127.0.0.1:0/1071223443 >> v2:127.0.0.1:7114/0 conn(0x559fb586a000 0x559fb5890000 crc :-1 s=THROTTLE_DONE pgs=18 gs=2 cs=0 l=1 c_cookie=6931106495102326716 s_cookie=0 reconnecting=0 rev1=1 crypto rx=0 tx=0 comp rx=0 tx=0).handle_read_frame_dispatch tag=17
2026-02-17T00:36:31.883+0000 7fb98efb9640 20 -- 127.0.0.1:0/1544953362 >> v2:127.0.0.1:7114/0 conn(0x559fb5b8e000 msgr2=0x559fb5891600 crc :-1 s=STATE_CONNECTION_ESTABLISHED l=1).read start len=25
2026-02-17T00:36:31.883+0000 7fb896a60640 15 --2- 127.0.0.1:0/1071223443 >> v2:127.0.0.1:7114/0 conn(0x559fb586a000 0x559fb5890000 crc :-1 s=THROTTLE_DONE pgs=18 gs=2 cs=0 l=1 c_cookie=6931106495102326716 s_cookie=0 reconnecting=0 rev1=1 crypto rx=0 tx=0 comp rx=0 tx=0).send_message message queued for async transmission m=0x559fb5901500
2026-02-17T00:36:31.883+0000 7fb990fbd640 20 --2- 127.0.0.1:0/1071223443 >> v2:127.0.0.1:7114/0 conn(0x559fb586a000 0x559fb5890000 crc :-1 s=THROTTLE_DONE pgs=18 gs=2 cs=0 l=1 c_cookie=6931106495102326716 s_cookie=0 reconnecting=0 rev1=1 crypto rx=0 tx=0 comp rx=0 tx=0).handle_message
2026-02-17T00:36:31.883+0000 7fb98efb9640 20 --2- 127.0.0.1:0/1544953362 >> v2:127.0.0.1:7114/0 conn(0x559fb5b8e000 0x559fb5891600 crc :-1 s=THROTTLE_DONE pgs=23 gs=1 cs=0 l=1 c_cookie=2437310035215064990 s_cookie=0 reconnecting=0 rev1=1 crypto rx=0 tx=0 comp rx=0 tx=0).handle_read_frame_segment r=0
2026-02-17T00:36:31.883+0000 7fb896a60640 20 Event(0x559fabb3c748 nevent=5000 time_id=9).wakeup
2026-02-17T00:36:31.883+0000 7fb990fbd640 5 --2- 127.0.0.1:0/1071223443 >> v2:127.0.0.1:7114/0 conn(0x559fb586a000 0x559fb5890000 crc :-1 s=THROTTLE_DONE pgs=18 gs=2 cs=0 l=1 c_cookie=6931106495102326716 s_cookie=0 reconnecting=0 rev1=1 crypto rx=0 tx=0 comp rx=0 tx=0).handle_message got 24 + 0 + 0 byte message. envelope type=54 src mon.0 off 0
2026-02-17T00:36:31.883+0000 7fb98efb9640 20 -- 127.0.0.1:0/1544953362 >> v2:127.0.0.1:7114/0 conn(0x559fb5b8e000 msgr2=0x559fb5891600 crc :-1 s=STATE_CONNECTION_ESTABLISHED l=1).read start len=13
2026-02-17T00:36:31.883+0000 7fb98efb9640 20 --2- 127.0.0.1:0/1544953362 >> v2:127.0.0.1:7114/0 conn(0x559fb5b8e000 0x559fb5891600 crc :-1 s=THROTTLE_DONE pgs=23 gs=1 cs=0 l=1 c_cookie=2437310035215064990 s_cookie=0 reconnecting=0 rev1=1 crypto rx=0 tx=0 comp rx=0 tx=0).handle_read_frame_epilogue_main r=0
2026-02-17T00:36:31.883+0000 7fb990fbd640 5 --2- 127.0.0.1:0/1071223443 >> v2:127.0.0.1:7114/0 conn(0x559fb586a000 0x559fb5890000 crc :-1 s=READ_MESSAGE_COMPLETE pgs=18 gs=2 cs=0 l=1 c_cookie=6931106495102326716 s_cookie=0 reconnecting=0 rev1=1 crypto rx=0 tx=0 comp rx=0 tx=0).handle_message received message m=0x559fb575f4a0 seq=22 from=mon.0 type=54 kv_data(v3 prefix device/, incremental, 0 keys)
2026-02-17T00:36:31.883+0000 7fb98efb9640 10 --2- 127.0.0.1:0/1544953362 >> v2:127.0.0.1:7114/0 conn(0x559fb5b8e000 0x559fb5891600 crc :-1 s=THROTTLE_DONE pgs=23 gs=1 cs=0 l=1 c_cookie=2437310035215064990 s_cookie=0 reconnecting=0 rev1=1 crypto rx=0 tx=0 comp rx=0 tx=0).handle_read_frame_dispatch tag=17
2026-02-17T00:36:31.883+0000 7fb990fbd640 20 -- 127.0.0.1:0/1071223443 queue 0x559fb575f4a0 prio 196
2026-02-17T00:36:31.883+0000 7fb98efb9640 20 --2- 127.0.0.1:0/1544953362 >> v2:127.0.0.1:7114/0 conn(0x559fb5b8e000 0x559fb5891600 crc :-1 s=THROTTLE_DONE pgs=23 gs=1 cs=0 l=1 c_cookie=2437310035215064990 s_cookie=0 reconnecting=0 rev1=1 crypto rx=0 tx=0 comp rx=0 tx=0).handle_message
2026-02-17T00:36:31.883+0000 7fb990fbd640 20 --2- 127.0.0.1:0/1071223443 >> v2:127.0.0.1:7114/0 conn(0x559fb586a000 0x559fb5890000 crc :-1 s=READY pgs=18 gs=2 cs=0 l=1 c_cookie=6931106495102326716 s_cookie=0 reconnecting=0 rev1=1 crypto rx=0 tx=0 comp rx=0 tx=0).read_frame
2026-02-17T00:36:31.883+0000 7fb98cfb5640 10 -- 127.0.0.1:0/1071223443 dispatch_throttle_release 24 to dispatch throttler 48/104857600
2026-02-17T00:36:31.883+0000 7fb98efb9640 5 --2- 127.0.0.1:0/1544953362 >> v2:127.0.0.1:7114/0 conn(0x559fb5b8e000 0x559fb5891600 crc :-1 s=THROTTLE_DONE pgs=23 gs=1 cs=0 l=1 c_cookie=2437310035215064990 s_cookie=0 reconnecting=0 rev1=1 crypto rx=0 tx=0 comp rx=0 tx=0).handle_message got 25 + 0 + 0 byte message. envelope type=62 src mon.0 off 0
2026-02-17T00:36:31.883+0000 7fb98cfb5640 20 -- 127.0.0.1:0/1071223443 done calling dispatch on 0x559fb575f860
2026-02-17T00:36:31.883+0000 7fb990fbd640 20 -- 127.0.0.1:0/1071223443 >> v2:127.0.0.1:7114/0 conn(0x559fb586a000 msgr2=0x559fb5890000 crc :-1 s=STATE_CONNECTION_ESTABLISHED l=1).read start len=32
2026-02-17T00:36:31.883+0000 7fb990fbd640 20 --2- 127.0.0.1:0/1071223443 >> v2:127.0.0.1:7114/0 conn(0x559fb586a000 0x559fb5890000 crc :-1 s=READY pgs=18 gs=2 cs=0 l=1 c_cookie=6931106495102326716 s_cookie=0 reconnecting=0 rev1=1 crypto rx=0 tx=0 comp rx=0 tx=0).handle_read_frame_preamble_main r=0
2026-02-17T00:36:31.883+0000 7fb98cfb5640 1 -- 127.0.0.1:0/1071223443 <== mon.0 v2:127.0.0.1:7114/0 22 ==== kv_data(v3 prefix device/, incremental, 0 keys) ==== 24+0+0 (crc 0 0 0) 0x559fb575f4a0 con 0x559fb586a000
2026-02-17T00:36:31.883+0000 7fb990fbd640 20 --2- 127.0.0.1:0/1071223443 >> v2:127.0.0.1:7114/0 conn(0x559fb586a000 0x559fb5890000 crc :-1 s=THROTTLE_MESSAGE pgs=18 gs=2 cs=0 l=1 c_cookie=6931106495102326716 s_cookie=0 reconnecting=0 rev1=1 crypto rx=0 tx=0 comp rx=0 tx=0).throttle_message
2026-02-17T00:36:31.883+0000 7fb990fbd640 20 --2- 127.0.0.1:0/1071223443 >> v2:127.0.0.1:7114/0 conn(0x559fb586a000 0x559fb5890000 crc :-1 s=THROTTLE_BYTES pgs=18 gs=2 cs=0 l=1 c_cookie=6931106495102326716 s_cookie=0 reconnecting=0 rev1=1 crypto rx=0 tx=0 comp rx=0 tx=0).throttle_bytes
2026-02-17T00:36:31.883+0000 7fb98cfb5640 10 mgr.4100.objecter ms_dispatch2 0x559fabb6a000 kv_data(v3 prefix device/, incremental, 0 keys)
2026-02-17T00:36:31.883+0000 7fb990fbd640 20 --2- 127.0.0.1:0/1071223443 >> v2:127.0.0.1:7114/0 conn(0x559fb586a000 0x559fb5890000 crc :-1 s=THROTTLE_DISPATCH_QUEUE pgs=18 gs=2 cs=0 l=1 c_cookie=6931106495102326716 s_cookie=0 reconnecting=0 rev1=1 crypto rx=0 tx=0 comp rx=0 tx=0).throttle_dispatch_queue
2026-02-17T00:36:31.883+0000 7fb98cfb5640 10 mgr ms_dispatch2 active kv_data(v3 prefix device/, incremental, 0 keys)
2026-02-17T00:36:31.883+0000 7fb98cfb5640 10 mgr ms_dispatch2 kv_data(v3 prefix device/, incremental, 0 keys)
2026-02-17T00:36:31.883+0000 7fb98efb9640 5 --2- 127.0.0.1:0/1544953362 >> v2:127.0.0.1:7114/0 conn(0x559fb5b8e000 0x559fb5891600 crc :-1 s=READ_MESSAGE_COMPLETE pgs=23 gs=1 cs=0 l=1 c_cookie=2437310035215064990 s_cookie=0 reconnecting=0 rev1=1 crypto rx=0 tx=0 comp rx=0 tx=0).handle_message received message m=0x559fb5a19180 seq=2 from=mon.0 type=62 config(1 keys)
