2026-02-17T00:36:31.847+0000 7fb990fbd640 20 --2- 127.0.0.1:0/1071223443 >> v2:127.0.0.1:7114/0 conn(0x559fb586a000 0x559fb5890000 crc :-1 s=THROTTLE_DISPATCH_QUEUE pgs=18 gs=2 cs=0 l=1 c_cookie=6931106495102326716 s_cookie=0 reconnecting=0 rev1=1 crypto rx=0 tx=0 comp rx=0 tx=0).throttle_dispatch_queue
2026-02-17T00:36:31.847+0000 7fb990fbd640 20 --2- 127.0.0.1:0/1071223443 >> v2:127.0.0.1:7114/0 conn(0x559fb586a000 0x559fb5890000 crc :-1 s=THROTTLE_DONE pgs=18 gs=2 cs=0 l=1 c_cookie=6931106495102326716 s_cookie=0 reconnecting=0 rev1=1 crypto rx=0 tx=0 comp rx=0 tx=0).read_frame_segment seg_idx=0
2026-02-17T00:36:31.847+0000 7fb990fbd640 20 -- 127.0.0.1:0/1071223443 >> v2:127.0.0.1:7114/0 conn(0x559fb586a000 msgr2=0x559fb5890000 crc :-1 s=STATE_CONNECTION_ESTABLISHED l=1).read start len=45
2026-02-17T00:36:31.847+0000 7fb990fbd640 20 --2- 127.0.0.1:0/1071223443 >> v2:127.0.0.1:7114/0 conn(0x559fb586a000 0x559fb5890000 crc :-1 s=THROTTLE_DONE pgs=18 gs=2 cs=0 l=1 c_cookie=6931106495102326716 s_cookie=0 reconnecting=0 rev1=1 crypto rx=0 tx=0 comp rx=0 tx=0).handle_read_frame_segment r=0
2026-02-17T00:36:31.847+0000 7fb9907bc640 10 PosixStack listen unable to bind to 0.0.0.0:6801: (98) Address already in use
2026-02-17T00:36:31.847+0000 7fb990fbd640 20 --2- 127.0.0.1:0/1071223443 >> v2:127.0.0.1:7114/0 conn(0x559fb586a000 0x559fb5890000 crc :-1 s=THROTTLE_DONE pgs=18 gs=2 cs=0 l=1 c_cookie=6931106495102326716 s_cookie=0 reconnecting=0 rev1=1 crypto rx=0 tx=0 comp rx=0 tx=0).read_frame_segment seg_idx=1
2026-02-17T00:36:31.847+0000 7fb990fbd640 20 -- 127.0.0.1:0/1071223443 >> v2:127.0.0.1:7114/0 conn(0x559fb586a000 msgr2=0x559fb5890000 crc :-1 s=STATE_CONNECTION_ESTABLISHED l=1).read start len=57
2026-02-17T00:36:31.847+0000 7fb990fbd640 20 --2- 127.0.0.1:0/1071223443 >> v2:127.0.0.1:7114/0 conn(0x559fb586a000 0x559fb5890000 crc :-1 s=THROTTLE_DONE pgs=18 gs=2 cs=0 l=1 c_cookie=6931106495102326716 s_cookie=0 reconnecting=0 rev1=1 crypto rx=0 tx=0 comp rx=0 tx=0).handle_read_frame_segment r=0
2026-02-17T00:36:31.847+0000 7fb990fbd640 20 -- 127.0.0.1:0/1071223443 >> v2:127.0.0.1:7114/0 conn(0x559fb586a000 msgr2=0x559fb5890000 crc :-1 s=STATE_CONNECTION_ESTABLISHED l=1).read start len=13
2026-02-17T00:36:31.847+0000 7fb990fbd640 20 --2- 127.0.0.1:0/1071223443 >> v2:127.0.0.1:7114/0 conn(0x559fb586a000 0x559fb5890000 crc :-1 s=THROTTLE_DONE pgs=18 gs=2 cs=0 l=1 c_cookie=6931106495102326716 s_cookie=0 reconnecting=0 rev1=1 crypto rx=0 tx=0 comp rx=0 tx=0).handle_read_frame_epilogue_main r=0
2026-02-17T00:36:31.847+0000 7fb990fbd640 10 --2- 127.0.0.1:0/1071223443 >> v2:127.0.0.1:7114/0 conn(0x559fb586a000 0x559fb5890000 crc :-1 s=THROTTLE_DONE pgs=18 gs=2 cs=0 l=1 c_cookie=6931106495102326716 s_cookie=0 reconnecting=0 rev1=1 crypto rx=0 tx=0 comp rx=0 tx=0).handle_read_frame_dispatch tag=17
2026-02-17T00:36:31.847+0000 7fb990fbd640 20 --2- 127.0.0.1:0/1071223443 >> v2:127.0.0.1:7114/0 conn(0x559fb586a000 0x559fb5890000 crc :-1 s=THROTTLE_DONE pgs=18 gs=2 cs=0 l=1 c_cookie=6931106495102326716 s_cookie=0 reconnecting=0 rev1=1 crypto rx=0 tx=0 comp rx=0 tx=0).handle_message
2026-02-17T00:36:31.847+0000 7fb990fbd640 5 --2- 127.0.0.1:0/1071223443 >> v2:127.0.0.1:7114/0 conn(0x559fb586a000 0x559fb5890000 crc :-1 s=THROTTLE_DONE pgs=18 gs=2 cs=0 l=1 c_cookie=6931106495102326716 s_cookie=0 reconnecting=0 rev1=1 crypto rx=0 tx=0 comp rx=0 tx=0).handle_message got 57 + 0 + 0 byte message. envelope type=54 src mon.0 off 0
2026-02-17T00:36:31.847+0000 7fb990fbd640 5 --2- 127.0.0.1:0/1071223443 >> v2:127.0.0.1:7114/0 conn(0x559fb586a000 0x559fb5890000 crc :-1 s=READ_MESSAGE_COMPLETE pgs=18 gs=2 cs=0 l=1 c_cookie=6931106495102326716 s_cookie=0 reconnecting=0 rev1=1 crypto rx=0 tx=0 comp rx=0 tx=0).handle_message received message m=0x559fb575f0e0 seq=4 from=mon.0 type=54 kv_data(v2 prefix config/, full, 1 keys)
2026-02-17T00:36:31.847+0000 7fb990fbd640 20 -- 127.0.0.1:0/1071223443 queue 0x559fb575f0e0 prio 196
2026-02-17T00:36:31.847+0000 7fb8aba8a640 20 Event(0x559fabb3c508 nevent=5000 time_id=1).wakeup
2026-02-17T00:36:31.847+0000 7fb990fbd640 20 --2- 127.0.0.1:0/1071223443 >> v2:127.0.0.1:7114/0 conn(0x559fb586a000 0x559fb5890000 crc :-1 s=READY pgs=18 gs=2 cs=0 l=1 c_cookie=6931106495102326716 s_cookie=0 reconnecting=0 rev1=1 crypto rx=0 tx=0 comp rx=0 tx=0).read_frame
2026-02-17T00:36:31.847+0000 7fb990fbd640 20 -- 127.0.0.1:0/1071223443 >> v2:127.0.0.1:7114/0 conn(0x559fb586a000 msgr2=0x559fb5890000 crc :-1 s=STATE_CONNECTION_ESTABLISHED l=1).read start len=32
2026-02-17T00:36:31.847+0000 7fb990fbd640 20 --2- 127.0.0.1:0/1071223443 >> v2:127.0.0.1:7114/0 conn(0x559fb586a000 0x559fb5890000 crc :-1 s=READY pgs=18 gs=2 cs=0 l=1 c_cookie=6931106495102326716 s_cookie=0 reconnecting=0 rev1=1 crypto rx=0 tx=0 comp rx=0 tx=0).handle_read_frame_preamble_main r=0
2026-02-17T00:36:31.847+0000 7fb990fbd640 20 --2- 127.0.0.1:0/1071223443 >> v2:127.0.0.1:7114/0 conn(0x559fb586a000 0x559fb5890000 crc :-1 s=THROTTLE_MESSAGE pgs=18 gs=2 cs=0 l=1 c_cookie=6931106495102326716 s_cookie=0 reconnecting=0 rev1=1 crypto rx=0 tx=0 comp rx=0 tx=0).throttle_message
2026-02-17T00:36:31.847+0000 7fb990fbd640 20 --2- 127.0.0.1:0/1071223443 >> v2:127.0.0.1:7114/0 conn(0x559fb586a000 0x559fb5890000 crc :-1 s=THROTTLE_BYTES pgs=18 gs=2 cs=0 l=1 c_cookie=6931106495102326716 s_cookie=0 reconnecting=0 rev1=1 crypto rx=0 tx=0 comp rx=0 tx=0).throttle_bytes
2026-02-17T00:36:31.847+0000 7fb990fbd640 20 --2- 127.0.0.1:0/1071223443 >> v2:127.0.0.1:7114/0 conn(0x559fb586a000 0x559fb5890000 crc :-1 s=THROTTLE_DISPATCH_QUEUE pgs=18 gs=2 cs=0 l=1 c_cookie=6931106495102326716 s_cookie=0 reconnecting=0 rev1=1 crypto rx=0 tx=0 comp rx=0 tx=0).throttle_dispatch_queue
2026-02-17T00:36:31.847+0000 7fb990fbd640 20 --2- 127.0.0.1:0/1071223443 >> v2:127.0.0.1:7114/0 conn(0x559fb586a000 0x559fb5890000 crc :-1 s=THROTTLE_DONE pgs=18 gs=2 cs=0 l=1 c_cookie=6931106495102326716 s_cookie=0 reconnecting=0 rev1=1 crypto rx=0 tx=0 comp rx=0 tx=0).read_frame_segment seg_idx=0
2026-02-17T00:36:31.847+0000 7fb990fbd640 20 -- 127.0.0.1:0/1071223443 >> v2:127.0.0.1:7114/0 conn(0x559fb586a000 msgr2=0x559fb5890000 crc :-1 s=STATE_CONNECTION_ESTABLISHED l=1).read start len=45
2026-02-17T00:36:31.847+0000 7fb990fbd640 20 --2- 127.0.0.1:0/1071223443 >> v2:127.0.0.1:7114/0 conn(0x559fb586a000 0x559fb5890000 crc :-1 s=THROTTLE_DONE pgs=18 gs=2 cs=0 l=1 c_cookie=6931106495102326716 s_cookie=0 reconnecting=0 rev1=1 crypto rx=0 tx=0 comp rx=0 tx=0).handle_read_frame_segment r=0
2026-02-17T00:36:31.847+0000 7fb990fbd640 20 --2- 127.0.0.1:0/1071223443 >> v2:127.0.0.1:7114/0 conn(0x559fb586a000 0x559fb5890000 crc :-1 s=THROTTLE_DONE pgs=18 gs=2 cs=0 l=1 c_cookie=6931106495102326716 s_cookie=0 reconnecting=0 rev1=1 crypto rx=0 tx=0 comp rx=0 tx=0).read_frame_segment seg_idx=1
2026-02-17T00:36:31.847+0000 7fb990fbd640 20 -- 127.0.0.1:0/1071223443 >> v2:127.0.0.1:7114/0 conn(0x559fb586a000 msgr2=0x559fb5890000 crc :-1 s=STATE_CONNECTION_ESTABLISHED l=1).read start len=24
2026-02-17T00:36:31.847+0000 7fb990fbd640 20 --2- 127.0.0.1:0/1071223443 >> v2:127.0.0.1:7114/0 conn(0x559fb586a000 0x559fb5890000 crc :-1 s=THROTTLE_DONE pgs=18 gs=2 cs=0 l=1 c_cookie=6931106495102326716 s_cookie=0 reconnecting=0 rev1=1 crypto rx=0 tx=0 comp rx=0 tx=0).handle_read_frame_segment r=0
2026-02-17T00:36:31.847+0000 7fb990fbd640 20 -- 127.0.0.1:0/1071223443 >> v2:127.0.0.1:7114/0 conn(0x559fb586a000 msgr2=0x559fb5890000 crc :-1 s=STATE_CONNECTION_ESTABLISHED l=1).read start len=13
2026-02-17T00:36:31.847+0000 7fb990fbd640 20 --2- 127.0.0.1:0/1071223443 >> v2:127.0.0.1:7114/0 conn(0x559fb586a000 0x559fb5890000 crc :-1 s=THROTTLE_DONE pgs=18 gs=2 cs=0 l=1 c_cookie=6931106495102326716 s_cookie=0 reconnecting=0 rev1=1 crypto rx=0 tx=0 comp rx=0 tx=0).handle_read_frame_epilogue_main r=0
2026-02-17T00:36:31.847+0000 7fb990fbd640 10 --2- 127.0.0.1:0/1071223443 >> v2:127.0.0.1:7114/0 conn(0x559fb586a000 0x559fb5890000 crc :-1 s=THROTTLE_DONE pgs=18 gs=2 cs=0 l=1 c_cookie=6931106495102326716 s_cookie=0 reconnecting=0 rev1=1 crypto rx=0 tx=0 comp rx=0 tx=0).handle_read_frame_dispatch tag=17
2026-02-17T00:36:31.847+0000 7fb990fbd640 20 --2- 127.0.0.1:0/1071223443 >> v2:127.0.0.1:7114/0 conn(0x559fb586a000 0x559fb5890000 crc :-1 s=THROTTLE_DONE pgs=18 gs=2 cs=0 l=1 c_cookie=6931106495102326716 s_cookie=0 reconnecting=0 rev1=1 crypto rx=0 tx=0 comp rx=0 tx=0).handle_message
2026-02-17T00:36:31.847+0000 7fb9907bc640 10 PosixStack listen unable to bind to 0.0.0.0:6802: (98) Address already in use
2026-02-17T00:36:31.847+0000 7fb990fbd640 5 --2- 127.0.0.1:0/1071223443 >> v2:127.0.0.1:7114/0 conn(0x559fb586a000 0x559fb5890000 crc :-1 s=THROTTLE_DONE pgs=18 gs=2 cs=0 l=1 c_cookie=6931106495102326716 s_cookie=0 reconnecting=0 rev1=1 crypto rx=0 tx=0 comp rx=0 tx=0).handle_message got 24 + 0 + 0 byte message. envelope type=54 src mon.0 off 0
2026-02-17T00:36:31.847+0000 7fb990fbd640 5 --2- 127.0.0.1:0/1071223443 >> v2:127.0.0.1:7114/0 conn(0x559fb586a000 0x559fb5890000 crc :-1 s=READ_MESSAGE_COMPLETE pgs=18 gs=2 cs=0 l=1 c_cookie=6931106495102326716 s_cookie=0 reconnecting=0 rev1=1 crypto rx=0 tx=0 comp rx=0 tx=0).handle_message received message m=0x559fb575ef00 seq=5 from=mon.0 type=54 kv_data(v2 prefix device/, full, 0 keys)
2026-02-17T00:36:31.847+0000 7fb990fbd640 20 -- 127.0.0.1:0/1071223443 queue 0x559fb575ef00 prio 196
2026-02-17T00:36:31.847+0000 7fb990fbd640 20 --2- 127.0.0.1:0/1071223443 >> v2:127.0.0.1:7114/0 conn(0x559fb586a000 0x559fb5890000 crc :-1 s=READY pgs=18 gs=2 cs=0 l=1 c_cookie=6931106495102326716 s_cookie=0 reconnecting=0 rev1=1 crypto rx=0 tx=0 comp rx=0 tx=0).read_frame
2026-02-17T00:36:31.847+0000 7fb990fbd640 20 -- 127.0.0.1:0/1071223443 >> v2:127.0.0.1:7114/0 conn(0x559fb586a000 msgr2=0x559fb5890000 crc :-1 s=STATE_CONNECTION_ESTABLISHED l=1).read start len=32
2026-02-17T00:36:31.847+0000 7fb990fbd640 20 --2- 127.0.0.1:0/1071223443 >> v2:127.0.0.1:7114/0 conn(0x559fb586a000 0x559fb5890000 crc :-1 s=READY pgs=18 gs=2 cs=0 l=1 c_cookie=6931106495102326716 s_cookie=0 reconnecting=0 rev1=1 crypto rx=0 tx=0 comp rx=0 tx=0).handle_read_frame_preamble_main r=0
2026-02-17T00:36:31.847+0000 7fb990fbd640 20 --2- 127.0.0.1:0/1071223443 >> v2:127.0.0.1:7114/0 conn(0x559fb586a000 0x559fb5890000 crc :-1 s=THROTTLE_MESSAGE pgs=18 gs=2 cs=0 l=1 c_cookie=6931106495102326716 s_cookie=0 reconnecting=0 rev1=1 crypto rx=0 tx=0 comp rx=0 tx=0).throttle_message
2026-02-17T00:36:31.847+0000 7fb990fbd640 20 --2- 127.0.0.1:0/1071223443 >> v2:127.0.0.1:7114/0 conn(0x559fb586a000 0x559fb5890000 crc :-1 s=THROTTLE_BYTES pgs=18 gs=2 cs=0 l=1 c_cookie=6931106495102326716 s_cookie=0 reconnecting=0 rev1=1 crypto rx=0 tx=0 comp rx=0 tx=0).throttle_bytes
2026-02-17T00:36:31.847+0000 7fb990fbd640 20 --2- 127.0.0.1:0/1071223443 >> v2:127.0.0.1:7114/0 conn(0x559fb586a000 0x559fb5890000 crc :-1 s=THROTTLE_DISPATCH_QUEUE pgs=18 gs=2 cs=0 l=1 c_cookie=6931106495102326716 s_cookie=0 reconnecting=0 rev1=1 crypto rx=0 tx=0 comp rx=0 tx=0).throttle_dispatch_queue
2026-02-17T00:36:31.847+0000 7fb990fbd640 20 --2- 127.0.0.1:0/1071223443 >> v2:127.0.0.1:7114/0 conn(0x559fb586a000 0x559fb5890000 crc :-1 s=THROTTLE_DONE pgs=18 gs=2 cs=0 l=1 c_cookie=6931106495102326716 s_cookie=0 reconnecting=0 rev1=1 crypto rx=0 tx=0 comp rx=0 tx=0).read_frame_segment seg_idx=0
2026-02-17T00:36:31.847+0000 7fb990fbd640 20 -- 127.0.0.1:0/1071223443 >> v2:127.0.0.1:7114/0 conn(0x559fb586a000 msgr2=0x559fb5890000 crc :-1 s=STATE_CONNECTION_ESTABLISHED l=1).read start len=45
2026-02-17T00:36:31.847+0000 7fb990fbd640 20 --2- 127.0.0.1:0/1071223443 >> v2:127.0.0.1:7114/0 conn(0x559fb586a000 0x559fb5890000 crc :-1 s=THROTTLE_DONE pgs=18 gs=2 cs=0 l=1 c_cookie=6931106495102326716 s_cookie=0 reconnecting=0 rev1=1 crypto rx=0 tx=0 comp rx=0 tx=0).handle_read_frame_segment r=0
2026-02-17T00:36:31.847+0000 7fb8aba8a640 20 Event(0x559fabb3c508 nevent=5000 time_id=1).wakeup
2026-02-17T00:36:31.847+0000 7fb990fbd640 20 --2- 127.0.0.1:0/1071223443 >> v2:127.0.0.1:7114/0 conn(0x559fb586a000 0x559fb5890000 crc :-1 s=THROTTLE_DONE pgs=18 gs=2 cs=0 l=1 c_cookie=6931106495102326716 s_cookie=0 reconnecting=0 rev1=1 crypto rx=0 tx=0 comp rx=0 tx=0).read_frame_segment seg_idx=1
2026-02-17T00:36:31.847+0000 7fb990fbd640 20 -- 127.0.0.1:0/1071223443 >> v2:127.0.0.1:7114/0 conn(0x559fb586a000 msgr2=0x559fb5890000 crc :-1 s=STATE_CONNECTION_ESTABLISHED l=1).read start len=21
2026-02-17T00:36:31.847+0000 7fb990fbd640 20 --2- 127.0.0.1:0/1071223443 >> v2:127.0.0.1:7114/0 conn(0x559fb586a000 0x559fb5890000 crc :-1 s=THROTTLE_DONE pgs=18 gs=2 cs=0 l=1 c_cookie=6931106495102326716 s_cookie=0 reconnecting=0 rev1=1 crypto rx=0 tx=0 comp rx=0 tx=0).handle_read_frame_segment r=0
2026-02-17T00:36:31.847+0000 7fb990fbd640 20 -- 127.0.0.1:0/1071223443 >> v2:127.0.0.1:7114/0 conn(0x559fb586a000 msgr2=0x559fb5890000 crc :-1 s=STATE_CONNECTION_ESTABLISHED l=1).read start len=13
2026-02-17T00:36:31.847+0000 7fb990fbd640 20 --2- 127.0.0.1:0/1071223443 >> v2:127.0.0.1:7114/0 conn(0x559fb586a000 0x559fb5890000 crc :-1 s=THROTTLE_DONE pgs=18 gs=2 cs=0 l=1 c_cookie=6931106495102326716 s_cookie=0 reconnecting=0 rev1=1 crypto rx=0 tx=0 comp rx=0 tx=0).handle_read_frame_epilogue_main r=0
2026-02-17T00:36:31.847+0000 7fb990fbd640 10 --2- 127.0.0.1:0/1071223443 >> v2:127.0.0.1:7114/0 conn(0x559fb586a000 0x559fb5890000 crc :-1 s=THROTTLE_DONE pgs=18 gs=2 cs=0 l=1 c_cookie=6931106495102326716 s_cookie=0 reconnecting=0 rev1=1 crypto rx=0 tx=0 comp rx=0 tx=0).handle_read_frame_dispatch tag=17
2026-02-17T00:36:31.847+0000 7fb990fbd640 20 --2- 127.0.0.1:0/1071223443 >> v2:127.0.0.1:7114/0 conn(0x559fb586a000 0x559fb5890000 crc :-1 s=THROTTLE_DONE pgs=18 gs=2 cs=0 l=1 c_cookie=6931106495102326716 s_cookie=0 reconnecting=0 rev1=1 crypto rx=0 tx=0 comp rx=0 tx=0).handle_message
2026-02-17T00:36:31.847+0000 7fb990fbd640 5 --2- 127.0.0.1:0/1071223443 >> v2:127.0.0.1:7114/0 conn(0x559fb586a000 0x559fb5890000 crc :-1 s=THROTTLE_DONE pgs=18 gs=2 cs=0 l=1 c_cookie=6931106495102326716 s_cookie=0 reconnecting=0 rev1=1 crypto rx=0 tx=0 comp rx=0 tx=0).handle_message got 21 + 0 + 0 byte message. envelope type=54 src mon.0 off 0
2026-02-17T00:36:31.847+0000 7fb990fbd640 5 --2- 127.0.0.1:0/1071223443 >> v2:127.0.0.1:7114/0 conn(0x559fb586a000 0x559fb5890000 crc :-1 s=READ_MESSAGE_COMPLETE pgs=18 gs=2 cs=0 l=1 c_cookie=6931106495102326716 s_cookie=0 reconnecting=0 rev1=1 crypto rx=0 tx=0 comp rx=0 tx=0).handle_message received message m=0x559fb575f4a0 seq=6 from=mon.0 type=54 kv_data(v2 prefix mgr/, full, 0 keys)
2026-02-17T00:36:31.847+0000 7fb990fbd640 20 -- 127.0.0.1:0/1071223443 queue 0x559fb575f4a0 prio 196
2026-02-17T00:36:31.847+0000 7fb990fbd640 20 --2- 127.0.0.1:0/1071223443 >> v2:127.0.0.1:7114/0 conn(0x559fb586a000 0x559fb5890000 crc :-1 s=READY pgs=18 gs=2 cs=0 l=1 c_cookie=6931106495102326716 s_cookie=0 reconnecting=0 rev1=1 crypto rx=0 tx=0 comp rx=0 tx=0).read_frame
2026-02-17T00:36:31.847+0000 7fb990fbd640 20 -- 127.0.0.1:0/1071223443 >> v2:127.0.0.1:7114/0 conn(0x559fb586a000 msgr2=0x559fb5890000 crc :-1 s=STATE_CONNECTION_ESTABLISHED l=1).read start len=32
2026-02-17T00:36:31.847+0000 7fb9907bc640 10 PosixStack listen unable to bind to 0.0.0.0:6803: (98) Address already in use
2026-02-17T00:36:31.847+0000 7fb990fbd640 20 --2- 127.0.0.1:0/1071223443 >> v2:127.0.0.1:7114/0 conn(0x559fb586a000 0x559fb5890000 crc :-1 s=READY pgs=18 gs=2 cs=0 l=1 c_cookie=6931106495102326716 s_cookie=0 reconnecting=0 rev1=1 crypto rx=0 tx=0 comp rx=0 tx=0).handle_read_frame_preamble_main r=0
2026-02-17T00:36:31.847+0000 7fb990fbd640 20 --2- 127.0.0.1:0/1071223443 >> v2:127.0.0.1:7114/0 conn(0x559fb586a000 0x559fb5890000 crc :-1 s=THROTTLE_MESSAGE pgs=18 gs=2 cs=0 l=1 c_cookie=6931106495102326716 s_cookie=0 reconnecting=0 rev1=1 crypto rx=0 tx=0 comp rx=0 tx=0).throttle_message
2026-02-17T00:36:31.847+0000 7fb990fbd640 20 --2- 127.0.0.1:0/1071223443 >> v2:127.0.0.1:7114/0 conn(0x559fb586a000 0x559fb5890000 crc :-1 s=THROTTLE_BYTES pgs=18 gs=2 cs=0 l=1 c_cookie=6931106495102326716 s_cookie=0 reconnecting=0 rev1=1 crypto rx=0 tx=0 comp rx=0 tx=0).throttle_bytes
2026-02-17T00:36:31.847+0000 7fb990fbd640 20 --2- 127.0.0.1:0/1071223443 >> v2:127.0.0.1:7114/0 conn(0x559fb586a000 0x559fb5890000 crc :-1 s=THROTTLE_DISPATCH_QUEUE pgs=18 gs=2 cs=0 l=1 c_cookie=6931106495102326716 s_cookie=0 reconnecting=0 rev1=1 crypto rx=0 tx=0 comp rx=0 tx=0).throttle_dispatch_queue
2026-02-17T00:36:31.847+0000 7fb990fbd640 20 --2- 127.0.0.1:0/1071223443 >> v2:127.0.0.1:7114/0 conn(0x559fb586a000 0x559fb5890000 crc :-1 s=THROTTLE_DONE pgs=18 gs=2 cs=0 l=1 c_cookie=6931106495102326716 s_cookie=0 reconnecting=0 rev1=1 crypto rx=0 tx=0 comp rx=0 tx=0).read_frame_segment seg_idx=0
2026-02-17T00:36:31.847+0000 7fb990fbd640 20 -- 127.0.0.1:0/1071223443 >> v2:127.0.0.1:7114/0 conn(0x559fb586a000 msgr2=0x559fb5890000 crc :-1 s=STATE_CONNECTION_ESTABLISHED l=1).read start len=45
2026-02-17T00:36:31.847+0000 7fb990fbd640 20 --2- 127.0.0.1:0/1071223443 >> v2:127.0.0.1:7114/0 conn(0x559fb586a000 0x559fb5890000 crc :-1 s=THROTTLE_DONE pgs=18 gs=2 cs=0 l=1 c_cookie=6931106495102326716 s_cookie=0 reconnecting=0 rev1=1 crypto rx=0 tx=0 comp rx=0 tx=0).handle_read_frame_segment r=0
2026-02-17T00:36:31.847+0000 7fb990fbd640 20 --2- 127.0.0.1:0/1071223443 >> v2:127.0.0.1:7114/0 conn(0x559fb586a000 0x559fb5890000 crc :-1 s=THROTTLE_DONE pgs=18 gs=2 cs=0 l=1 c_cookie=6931106495102326716 s_cookie=0 reconnecting=0 rev1=1 crypto rx=0 tx=0 comp rx=0 tx=0).read_frame_segment seg_idx=1
2026-02-17T00:36:31.847+0000 7fb990fbd640 20 -- 127.0.0.1:0/1071223443 >> v2:127.0.0.1:7114/0 conn(0x559fb586a000 msgr2=0x559fb5890000 crc :-1 s=STATE_CONNECTION_ESTABLISHED l=1).read start len=205
2026-02-17T00:36:31.847+0000 7fb990fbd640 20 --2- 127.0.0.1:0/1071223443 >> v2:127.0.0.1:7114/0 conn(0x559fb586a000 0x559fb5890000 crc :-1 s=THROTTLE_DONE pgs=18 gs=2 cs=0 l=1 c_cookie=6931106495102326716 s_cookie=0 reconnecting=0 rev1=1 crypto rx=0 tx=0 comp rx=0 tx=0).handle_read_frame_segment r=0
2026-02-17T00:36:31.847+0000 7fb990fbd640 20 -- 127.0.0.1:0/1071223443 >> v2:127.0.0.1:7114/0 conn(0x559fb586a000 msgr2=0x559fb5890000 crc :-1 s=STATE_CONNECTION_ESTABLISHED l=1).read start len=13
2026-02-17T00:36:31.847+0000 7fb990fbd640 20 --2- 127.0.0.1:0/1071223443 >> v2:127.0.0.1:7114/0 conn(0x559fb586a000 0x559fb5890000 crc :-1 s=THROTTLE_DONE pgs=18 gs=2 cs=0 l=1 c_cookie=6931106495102326716 s_cookie=0 reconnecting=0 rev1=1 crypto rx=0 tx=0 comp rx=0 tx=0).handle_read_frame_epilogue_main r=0
2026-02-17T00:36:31.847+0000 7fb8aba8a640 20 Event(0x559fabb3c508 nevent=5000 time_id=1).wakeup
2026-02-17T00:36:31.847+0000 7fb990fbd640 10 --2- 127.0.0.1:0/1071223443 >> v2:127.0.0.1:7114/0 conn(0x559fb586a000 0x559fb5890000 crc :-1 s=THROTTLE_DONE pgs=18 gs=2 cs=0 l=1 c_cookie=6931106495102326716 s_cookie=0 reconnecting=0 rev1=1 crypto rx=0 tx=0 comp rx=0 tx=0).handle_read_frame_dispatch tag=17
2026-02-17T00:36:31.847+0000 7fb990fbd640 20 --2- 127.0.0.1:0/1071223443 >> v2:127.0.0.1:7114/0 conn(0x559fb586a000 0x559fb5890000 crc :-1 s=THROTTLE_DONE pgs=18 gs=2 cs=0 l=1 c_cookie=6931106495102326716 s_cookie=0 reconnecting=0 rev1=1 crypto rx=0 tx=0 comp rx=0 tx=0).handle_message
2026-02-17T00:36:31.847+0000 7fb990fbd640 5 --2- 127.0.0.1:0/1071223443 >> v2:127.0.0.1:7114/0 conn(0x559fb586a000 0x559fb5890000 crc :-1 s=THROTTLE_DONE pgs=18 gs=2 cs=0 l=1 c_cookie=6931106495102326716 s_cookie=0 reconnecting=0 rev1=1 crypto rx=0 tx=0 comp rx=0 tx=0).handle_message got 205 + 0 + 0 byte message. envelope type=52 src mon.0 off 0
2026-02-17T00:36:31.847+0000 7fb990fbd640 5 --2- 127.0.0.1:0/1071223443 >> v2:127.0.0.1:7114/0 conn(0x559fb586a000 0x559fb5890000 crc :-1 s=READ_MESSAGE_COMPLETE pgs=18 gs=2 cs=0 l=1 c_cookie=6931106495102326716 s_cookie=0 reconnecting=0 rev1=1 crypto rx=0 tx=0 comp rx=0 tx=0).handle_message received message m=0x559fac8cd000 seq=7 from=mon.0 type=52 log(1 entries from seq 32 at
2026-02-17T00:36:31.639021+0000)
2026-02-17T00:36:31.847+0000 7fb990fbd640 20 -- 127.0.0.1:0/1071223443 queue 0x559fac8cd000 prio 196
2026-02-17T00:36:31.847+0000 7fb990fbd640 20 --2- 127.0.0.1:0/1071223443 >> v2:127.0.0.1:7114/0 conn(0x559fb586a000 0x559fb5890000 crc :-1 s=READY pgs=18 gs=2 cs=0 l=1 c_cookie=6931106495102326716 s_cookie=0 reconnecting=0 rev1=1 crypto rx=0 tx=0 comp rx=0 tx=0).read_frame
2026-02-17T00:36:31.847+0000 7fb990fbd640 20 -- 127.0.0.1:0/1071223443 >> v2:127.0.0.1:7114/0 conn(0x559fb586a000 msgr2=0x559fb5890000 crc :-1 s=STATE_CONNECTION_ESTABLISHED l=1).read start len=32
2026-02-17T00:36:31.847+0000 7fb990fbd640 20 --2- 127.0.0.1:0/1071223443 >> v2:127.0.0.1:7114/0 conn(0x559fb586a000 0x559fb5890000 crc :-1 s=READY pgs=18 gs=2 cs=0 l=1 c_cookie=6931106495102326716 s_cookie=0 reconnecting=0 rev1=1 crypto rx=0 tx=0 comp rx=0 tx=0).handle_read_frame_preamble_main r=0
2026-02-17T00:36:31.847+0000 7fb990fbd640 20 --2- 127.0.0.1:0/1071223443 >> v2:127.0.0.1:7114/0 conn(0x559fb586a000 0x559fb5890000 crc :-1 s=THROTTLE_MESSAGE pgs=18 gs=2 cs=0 l=1 c_cookie=6931106495102326716 s_cookie=0 reconnecting=0 rev1=1 crypto rx=0 tx=0 comp rx=0 tx=0).throttle_message
2026-02-17T00:36:31.847+0000 7fb990fbd640 20 --2- 127.0.0.1:0/1071223443 >> v2:127.0.0.1:7114/0 conn(0x559fb586a000 0x559fb5890000 crc :-1 s=THROTTLE_BYTES pgs=18 gs=2 cs=0 l=1 c_cookie=6931106495102326716 s_cookie=0 reconnecting=0 rev1=1 crypto rx=0 tx=0 comp rx=0 tx=0).throttle_bytes
2026-02-17T00:36:31.847+0000 7fb990fbd640 20 --2- 127.0.0.1:0/1071223443 >> v2:127.0.0.1:7114/0 conn(0x559fb586a000 0x559fb5890000 crc :-1 s=THROTTLE_DISPATCH_QUEUE pgs=18 gs=2 cs=0 l=1 c_cookie=6931106495102326716 s_cookie=0 reconnecting=0 rev1=1 crypto rx=0 tx=0 comp rx=0 tx=0).throttle_dispatch_queue
2026-02-17T00:36:31.847+0000 7fb9907bc640 10 PosixStack listen unable to bind to 0.0.0.0:6804: (98) Address already in use
2026-02-17T00:36:31.847+0000 7fb990fbd640 20 --2- 127.0.0.1:0/1071223443 >> v2:127.0.0.1:7114/0 conn(0x559fb586a000 0x559fb5890000 crc :-1 s=THROTTLE_DONE pgs=18 gs=2 cs=0 l=1 c_cookie=6931106495102326716 s_cookie=0 reconnecting=0 rev1=1 crypto rx=0 tx=0 comp rx=0 tx=0).read_frame_segment seg_idx=0
2026-02-17T00:36:31.847+0000 7fb990fbd640 20 -- 127.0.0.1:0/1071223443 >> v2:127.0.0.1:7114/0 conn(0x559fb586a000 msgr2=0x559fb5890000 crc :-1 s=STATE_CONNECTION_ESTABLISHED l=1).read start len=45
2026-02-17T00:36:31.847+0000 7fb990fbd640 20 --2- 127.0.0.1:0/1071223443 >> v2:127.0.0.1:7114/0 conn(0x559fb586a000 0x559fb5890000 crc :-1 s=THROTTLE_DONE pgs=18 gs=2 cs=0 l=1 c_cookie=6931106495102326716 s_cookie=0 reconnecting=0 rev1=1 crypto rx=0 tx=0 comp rx=0 tx=0).handle_read_frame_segment r=0
2026-02-17T00:36:31.847+0000 7fb990fbd640 20 --2- 127.0.0.1:0/1071223443 >> v2:127.0.0.1:7114/0 conn(0x559fb586a000 0x559fb5890000 crc :-1 s=THROTTLE_DONE pgs=18 gs=2 cs=0 l=1 c_cookie=6931106495102326716 s_cookie=0 reconnecting=0 rev1=1 crypto rx=0 tx=0 comp rx=0 tx=0).read_frame_segment seg_idx=1
2026-02-17T00:36:31.847+0000 7fb990fbd640 20 -- 127.0.0.1:0/1071223443 >> v2:127.0.0.1:7114/0 conn(0x559fb586a000 msgr2=0x559fb5890000 crc :-1 s=STATE_CONNECTION_ESTABLISHED l=1).read start len=1625
2026-02-17T00:36:31.847+0000 7fb990fbd640 20 --2- 127.0.0.1:0/1071223443 >> v2:127.0.0.1:7114/0 conn(0x559fb586a000 0x559fb5890000 crc :-1 s=THROTTLE_DONE pgs=18 gs=2 cs=0 l=1 c_cookie=6931106495102326716 s_cookie=0 reconnecting=0 rev1=1 crypto rx=0 tx=0 comp rx=0 tx=0).handle_read_frame_segment r=0
2026-02-17T00:36:31.847+0000 7fb990fbd640 20 -- 127.0.0.1:0/1071223443 >> v2:127.0.0.1:7114/0 conn(0x559fb586a000 msgr2=0x559fb5890000 crc :-1 s=STATE_CONNECTION_ESTABLISHED l=1).read start len=13
2026-02-17T00:36:31.847+0000 7fb990fbd640 20 --2- 127.0.0.1:0/1071223443 >> v2:127.0.0.1:7114/0 conn(0x559fb586a000 0x559fb5890000 crc :-1 s=THROTTLE_DONE pgs=18 gs=2 cs=0 l=1 c_cookie=6931106495102326716 s_cookie=0 reconnecting=0 rev1=1 crypto rx=0 tx=0 comp rx=0 tx=0).handle_read_frame_epilogue_main r=0
2026-02-17T00:36:31.847+0000 7fb990fbd640 10 --2- 127.0.0.1:0/1071223443 >> v2:127.0.0.1:7114/0 conn(0x559fb586a000 0x559fb5890000 crc :-1 s=THROTTLE_DONE pgs=18 gs=2 cs=0 l=1 c_cookie=6931106495102326716 s_cookie=0 reconnecting=0 rev1=1 crypto rx=0 tx=0 comp rx=0 tx=0).handle_read_frame_dispatch tag=17
2026-02-17T00:36:31.847+0000 7fb990fbd640 20 --2- 127.0.0.1:0/1071223443 >> v2:127.0.0.1:7114/0 conn(0x559fb586a000 0x559fb5890000 crc :-1 s=THROTTLE_DONE pgs=18 gs=2 cs=0 l=1 c_cookie=6931106495102326716 s_cookie=0 reconnecting=0 rev1=1 crypto rx=0 tx=0 comp rx=0 tx=0).handle_message
2026-02-17T00:36:31.847+0000 7fb990fbd640 5 --2- 127.0.0.1:0/1071223443 >> v2:127.0.0.1:7114/0 conn(0x559fb586a000 0x559fb5890000 crc :-1 s=THROTTLE_DONE pgs=18 gs=2 cs=0 l=1 c_cookie=6931106495102326716 s_cookie=0 reconnecting=0 rev1=1 crypto rx=0 tx=0 comp rx=0 tx=0).handle_message got 1625 + 0 + 0 byte message. envelope type=1797 src mon.0 off 0
2026-02-17T00:36:31.847+0000 7fb8aba8a640 20 Event(0x559fabb3c508 nevent=5000 time_id=1).wakeup
2026-02-17T00:36:31.847+0000 7fb990fbd640 5 --2- 127.0.0.1:0/1071223443 >> v2:127.0.0.1:7114/0 conn(0x559fb586a000 0x559fb5890000 crc :-1 s=READ_MESSAGE_COMPLETE pgs=18 gs=2 cs=0 l=1 c_cookie=6931106495102326716 s_cookie=0 reconnecting=0 rev1=1 crypto rx=0 tx=0 comp rx=0 tx=0).handle_message received message m=0x559fabb43180 seq=8 from=mon.0 type=1797 mgrdigest
2026-02-17T00:36:31.847+0000 7fb990fbd640 20 -- 127.0.0.1:0/1071223443 queue 0x559fabb43180 prio 196
2026-02-17T00:36:31.847+0000 7fb990fbd640 20 --2- 127.0.0.1:0/1071223443 >> v2:127.0.0.1:7114/0 conn(0x559fb586a000 0x559fb5890000 crc :-1 s=READY pgs=18 gs=2 cs=0 l=1 c_cookie=6931106495102326716 s_cookie=0 reconnecting=0 rev1=1 crypto rx=0 tx=0 comp rx=0 tx=0).read_frame
2026-02-17T00:36:31.847+0000 7fb990fbd640 20 -- 127.0.0.1:0/1071223443 >> v2:127.0.0.1:7114/0 conn(0x559fb586a000 msgr2=0x559fb5890000 crc :-1 s=STATE_CONNECTION_ESTABLISHED l=1).read start len=32
2026-02-17T00:36:31.847+0000 7fb9907bc640 10 PosixStack listen unable to bind to 0.0.0.0:6805: (98) Address already in use
2026-02-17T00:36:31.847+0000 7fb8aba8a640 20 Event(0x559fabb3c508 nevent=5000 time_id=1).wakeup
2026-02-17T00:36:31.847+0000 7fb9907bc640 10 PosixStack listen unable to bind to 0.0.0.0:6806: (98) Address already in use
2026-02-17T00:36:31.847+0000 7fb8aba8a640 20 Event(0x559fabb3c508 nevent=5000 time_id=1).wakeup
2026-02-17T00:36:31.847+0000 7fb9907bc640 10 PosixStack listen unable to bind to 0.0.0.0:6807: (98) Address already in use
2026-02-17T00:36:31.847+0000 7fb8aba8a640 20 Event(0x559fabb3c508 nevent=5000 time_id=1).wakeup
2026-02-17T00:36:31.847+0000 7fb9907bc640 10 PosixStack listen unable to bind to 0.0.0.0:6808: (98) Address already in use
2026-02-17T00:36:31.847+0000 7fb8aba8a640 20 Event(0x559fabb3c508 nevent=5000 time_id=1).wakeup
2026-02-17T00:36:31.847+0000 7fb8aba8a640 10 Processor -- bind bound on random port v1:0.0.0.0:6809/0
2026-02-17T00:36:31.847+0000 7fb8aba8a640 10 Processor -- bind bound to [v2:0.0.0.0:6808/0,v1:0.0.0.0:6809/0]
2026-02-17T00:36:31.847+0000 7fb8aba8a640 1 -- [v2:0.0.0.0:6808/3443224338,v1:0.0.0.0:6809/3443224338] _finish_bind bind my_addrs is [v2:0.0.0.0:6808/3443224338,v1:0.0.0.0:6809/3443224338]
2026-02-17T00:36:31.847+0000 7fb8aba8a640 1 -- [v2:0.0.0.0:6808/3443224338,v1:0.0.0.0:6809/3443224338] set_addr_unknowns 127.0.0.1:0/1071223443
2026-02-17T00:36:31.847+0000 7fb8aba8a640 1 -- [v2:0.0.0.0:6808/3443224338,v1:0.0.0.0:6809/3443224338] set_addr_unknowns assuming my addr v2:0.0.0.0:6808/3443224338 matches provided addr 127.0.0.1:0/1071223443
2026-02-17T00:36:31.847+0000 7fb8aba8a640 1 -- [v2:0.0.0.0:6808/3443224338,v1:0.0.0.0:6809/3443224338] set_addr_unknowns assuming my addr v1:0.0.0.0:6809/3443224338 matches provided addr 127.0.0.1:0/1071223443
2026-02-17T00:36:31.847+0000 7fb8aba8a640 1 -- [v2:127.0.0.1:6808/3443224338,v1:127.0.0.1:6809/3443224338] set_addr_unknowns now [v2:127.0.0.1:6808/3443224338,v1:127.0.0.1:6809/3443224338]
2026-02-17T00:36:31.847+0000 7fb8aba8a640 1 -- [v2:127.0.0.1:6808/3443224338,v1:127.0.0.1:6809/3443224338] start start
2026-02-17T00:36:31.847+0000 7fb8aba8a640 10 -- [v2:127.0.0.1:6808/3443224338,v1:127.0.0.1:6809/3443224338] ready [v2:127.0.0.1:6808/3443224338,v1:127.0.0.1:6809/3443224338]
2026-02-17T00:36:31.847+0000 7fb8aba8a640 1 Processor -- start
2026-02-17T00:36:31.847+0000 7fb8aba8a640 20 Event(0x559fabb3c508 nevent=5000 time_id=1).wakeup
2026-02-17T00:36:31.847+0000 7fb9907bc640 20 Event(0x559fabb3c508 nevent=5000 time_id=1).create_file_event create event started fd=25 mask=1 original mask is 0
2026-02-17T00:36:31.847+0000 7fb9907bc640 20 EpollDriver.add_event add event fd=25 cur_mask=0 add_mask=1 to 10
2026-02-17T00:36:31.847+0000 7fb9907bc640 20 Event(0x559fabb3c508 nevent=5000 time_id=1).create_file_event create event end fd=25 mask=1 current mask is 1
2026-02-17T00:36:31.847+0000 7fb9907bc640 20 Event(0x559fabb3c508 nevent=5000 time_id=1).create_file_event create event started fd=26 mask=1 original mask is 0
2026-02-17T00:36:31.847+0000 7fb9907bc640 20 EpollDriver.add_event add event fd=26 cur_mask=0 add_mask=1 to 10
2026-02-17T00:36:31.847+0000 7fb9907bc640 20 Event(0x559fabb3c508 nevent=5000 time_id=1).create_file_event create event end fd=26 mask=1 current mask is 1
2026-02-17T00:36:31.847+0000 7fb990fbd640 20 -- 127.0.0.1:0/1071223443 >> v2:127.0.0.1:7114/0 conn(0x559fb586a000 msgr2=0x559fb5890000 crc :-1 s=STATE_CONNECTION_ESTABLISHED l=1).process
2026-02-17T00:36:31.847+0000 7fb990fbd640 20 -- 127.0.0.1:0/1071223443 >> v2:127.0.0.1:7114/0 conn(0x559fb586a000 msgr2=0x559fb5890000 crc :-1 s=STATE_CONNECTION_ESTABLISHED l=1).read continue len=32
2026-02-17T00:36:31.847+0000 7fb990fbd640 20 --2- 127.0.0.1:0/1071223443 >> v2:127.0.0.1:7114/0 conn(0x559fb586a000 0x559fb5890000 crc :-1 s=READY pgs=18 gs=2 cs=0 l=1 c_cookie=6931106495102326716 s_cookie=0 reconnecting=0 rev1=1 crypto rx=0 tx=0 comp rx=0 tx=0).handle_read_frame_preamble_main r=0
2026-02-17T00:36:31.847+0000 7fb990fbd640 20 --2- 127.0.0.1:0/1071223443 >> v2:127.0.0.1:7114/0 conn(0x559fb586a000 0x559fb5890000 crc :-1 s=THROTTLE_MESSAGE pgs=18 gs=2 cs=0 l=1 c_cookie=6931106495102326716 s_cookie=0 reconnecting=0 rev1=1 crypto rx=0 tx=0 comp rx=0 tx=0).throttle_message
2026-02-17T00:36:31.847+0000 7fb990fbd640 20 --2- 127.0.0.1:0/1071223443 >> v2:127.0.0.1:7114/0 conn(0x559fb586a000 0x559fb5890000 crc :-1 s=THROTTLE_BYTES pgs=18 gs=2 cs=0 l=1 c_cookie=6931106495102326716 s_cookie=0 reconnecting=0 rev1=1 crypto rx=0 tx=0 comp rx=0 tx=0).throttle_bytes
2026-02-17T00:36:31.847+0000 7fb990fbd640 20 --2- 127.0.0.1:0/1071223443 >> v2:127.0.0.1:7114/0 conn(0x559fb586a000 0x559fb5890000 crc :-1 s=THROTTLE_DISPATCH_QUEUE pgs=18 gs=2 cs=0 l=1 c_cookie=6931106495102326716 s_cookie=0 reconnecting=0 rev1=1 crypto rx=0 tx=0 comp rx=0 tx=0).throttle_dispatch_queue
2026-02-17T00:36:31.847+0000 7fb990fbd640 20 --2- 127.0.0.1:0/1071223443 >> v2:127.0.0.1:7114/0 conn(0x559fb586a000 0x559fb5890000 crc :-1 s=THROTTLE_DONE pgs=18 gs=2 cs=0 l=1 c_cookie=6931106495102326716 s_cookie=0 reconnecting=0 rev1=1 crypto rx=0 tx=0 comp rx=0 tx=0).read_frame_segment seg_idx=0
2026-02-17T00:36:31.847+0000 7fb990fbd640 20 -- 127.0.0.1:0/1071223443 >> v2:127.0.0.1:7114/0 conn(0x559fb586a000 msgr2=0x559fb5890000 crc :-1 s=STATE_CONNECTION_ESTABLISHED l=1).read start len=45
2026-02-17T00:36:31.847+0000 7fb990fbd640 20 --2- 127.0.0.1:0/1071223443 >> v2:127.0.0.1:7114/0 conn(0x559fb586a000 0x559fb5890000 crc :-1 s=THROTTLE_DONE pgs=18 gs=2 cs=0 l=1 c_cookie=6931106495102326716 s_cookie=0 reconnecting=0 rev1=1 crypto rx=0 tx=0 comp rx=0 tx=0).handle_read_frame_segment r=0
2026-02-17T00:36:31.847+0000 7fb990fbd640 20 --2- 127.0.0.1:0/1071223443 >> v2:127.0.0.1:7114/0 conn(0x559fb586a000 0x559fb5890000 crc :-1 s=THROTTLE_DONE pgs=18 gs=2 cs=0 l=1 c_cookie=6931106495102326716 s_cookie=0 reconnecting=0 rev1=1 crypto rx=0 tx=0 comp rx=0 tx=0).read_frame_segment seg_idx=1
2026-02-17T00:36:31.847+0000 7fb990fbd640 20 -- 127.0.0.1:0/1071223443 >> v2:127.0.0.1:7114/0 conn(0x559fb586a000 msgr2=0x559fb5890000 crc :-1 s=STATE_CONNECTION_ESTABLISHED l=1).read start len=53657
2026-02-17T00:36:31.847+0000 7fb990fbd640 20 --2- 127.0.0.1:0/1071223443 >> v2:127.0.0.1:7114/0 conn(0x559fb586a000 0x559fb5890000 crc :-1 s=THROTTLE_DONE pgs=18 gs=2 cs=0 l=1 c_cookie=6931106495102326716 s_cookie=0 reconnecting=0 rev1=1 crypto rx=0 tx=0 comp rx=0 tx=0).handle_read_frame_segment r=0
2026-02-17T00:36:31.847+0000 7fb990fbd640 20 -- 127.0.0.1:0/1071223443 >> v2:127.0.0.1:7114/0 conn(0x559fb586a000 msgr2=0x559fb5890000 crc :-1 s=STATE_CONNECTION_ESTABLISHED l=1).read start len=13
2026-02-17T00:36:31.847+0000 7fb990fbd640 20 --2- 127.0.0.1:0/1071223443 >> v2:127.0.0.1:7114/0 conn(0x559fb586a000 0x559fb5890000 crc :-1 s=THROTTLE_DONE pgs=18 gs=2 cs=0 l=1 c_cookie=6931106495102326716 s_cookie=0 reconnecting=0 rev1=1 crypto rx=0 tx=0 comp rx=0 tx=0).handle_read_frame_epilogue_main r=0
2026-02-17T00:36:31.847+0000 7fb990fbd640 10 --2- 127.0.0.1:0/1071223443 >> v2:127.0.0.1:7114/0 conn(0x559fb586a000 0x559fb5890000 crc :-1 s=THROTTLE_DONE pgs=18 gs=2 cs=0 l=1 c_cookie=6931106495102326716 s_cookie=0 reconnecting=0 rev1=1 crypto rx=0 tx=0 comp rx=0 tx=0).handle_read_frame_dispatch tag=17
2026-02-17T00:36:31.847+0000 7fb990fbd640 20 --2- 127.0.0.1:0/1071223443 >> v2:127.0.0.1:7114/0 conn(0x559fb586a000 0x559fb5890000 crc :-1 s=THROTTLE_DONE pgs=18 gs=2 cs=0 l=1 c_cookie=6931106495102326716 s_cookie=0 reconnecting=0 rev1=1 crypto rx=0 tx=0 comp rx=0 tx=0).handle_message
2026-02-17T00:36:31.847+0000 7fb990fbd640 5 --2- 127.0.0.1:0/1071223443 >> v2:127.0.0.1:7114/0 conn(0x559fb586a000 0x559fb5890000 crc :-1 s=THROTTLE_DONE pgs=18 gs=2 cs=0 l=1 c_cookie=6931106495102326716 s_cookie=0 reconnecting=0 rev1=1 crypto rx=0 tx=0 comp rx=0 tx=0).handle_message got 53657 + 0 + 0 byte message. envelope type=1796 src mon.0 off 0
2026-02-17T00:36:31.847+0000 7fb8aba8a640 4 mgr init Initialized server at [v2:127.0.0.1:6808/3443224338,v1:127.0.0.1:6809/3443224338]
2026-02-17T00:36:31.847+0000 7fb8aba8a640 4 mgr init Loading daemon metadata...
2026-02-17T00:36:31.847+0000 7fb8aba8a640 1 -- 127.0.0.1:0/1071223443 --> v2:127.0.0.1:7114/0 -- mon_command({"prefix": "mds metadata"} v 0) -- 0x559fabb42a80 con 0x559fb586a000
2026-02-17T00:36:31.847+0000 7fb8aba8a640 5 --2- 127.0.0.1:0/1071223443 >> v2:127.0.0.1:7114/0 conn(0x559fb586a000 0x559fb5890000 crc :-1 s=THROTTLE_DONE pgs=18 gs=2 cs=0 l=1 c_cookie=6931106495102326716 s_cookie=0 reconnecting=0 rev1=1 crypto rx=0 tx=0 comp rx=0 tx=0).send_message enqueueing message m=0x559fabb42a80 type=50 mon_command({"prefix": "mds metadata"} v 0)
2026-02-17T00:36:31.847+0000 7fb8aba8a640 15 --2- 127.0.0.1:0/1071223443 >> v2:127.0.0.1:7114/0 conn(0x559fb586a000 0x559fb5890000 crc :-1 s=THROTTLE_DONE pgs=18 gs=2 cs=0 l=1 c_cookie=6931106495102326716 s_cookie=0 reconnecting=0 rev1=1 crypto rx=0 tx=0 comp rx=0 tx=0).send_message message queued for async transmission m=0x559fabb42a80
2026-02-17T00:36:31.847+0000 7fb8aba8a640 20 Event(0x559fabb3c748 nevent=5000 time_id=5).wakeup
2026-02-17T00:36:31.847+0000 7fb8aba8a640 1 -- 127.0.0.1:0/1071223443 --> v2:127.0.0.1:7114/0 -- mon_command({"prefix": "osd metadata"} v 0) -- 0x559fabb436c0 con 0x559fb586a000
2026-02-17T00:36:31.847+0000 7fb8aba8a640 5 --2- 127.0.0.1:0/1071223443 >> v2:127.0.0.1:7114/0 conn(0x559fb586a000 0x559fb5890000 crc :-1 s=THROTTLE_DONE pgs=18 gs=2 cs=0 l=1 c_cookie=6931106495102326716 s_cookie=0 reconnecting=0 rev1=1 crypto rx=0 tx=0 comp rx=0 tx=0).send_message enqueueing message m=0x559fabb436c0 type=50 mon_command({"prefix": "osd metadata"} v 0)
2026-02-17T00:36:31.847+0000 7fb8aba8a640 15 --2- 127.0.0.1:0/1071223443 >> v2:127.0.0.1:7114/0 conn(0x559fb586a000 0x559fb5890000 crc :-1 s=THROTTLE_DONE pgs=18 gs=2 cs=0 l=1 c_cookie=6931106495102326716 s_cookie=0 reconnecting=0 rev1=1 crypto rx=0 tx=0 comp rx=0 tx=0).send_message message queued for async transmission m=0x559fabb436c0
2026-02-17T00:36:31.847+0000 7fb8aba8a640 1 -- 127.0.0.1:0/1071223443 --> v2:127.0.0.1:7114/0 -- mon_command({"prefix": "mon metadata"} v 0) -- 0x559fabb42000 con 0x559fb586a000
2026-02-17T00:36:31.847+0000 7fb8aba8a640 5 --2- 127.0.0.1:0/1071223443 >> v2:127.0.0.1:7114/0 conn(0x559fb586a000 0x559fb5890000 crc :-1 s=THROTTLE_DONE pgs=18 gs=2 cs=0 l=1 c_cookie=6931106495102326716 s_cookie=0 reconnecting=0 rev1=1 crypto rx=0 tx=0 comp rx=0 tx=0).send_message enqueueing message m=0x559fabb42000 type=50 mon_command({"prefix": "mon metadata"} v 0)
2026-02-17T00:36:31.847+0000 7fb8aba8a640 15 --2- 127.0.0.1:0/1071223443 >> v2:127.0.0.1:7114/0 conn(0x559fb586a000 0x559fb5890000 crc :-1 s=THROTTLE_DONE pgs=18 gs=2 cs=0 l=1 c_cookie=6931106495102326716 s_cookie=0 reconnecting=0 rev1=1 crypto rx=0 tx=0 comp rx=0 tx=0).send_message message queued for async transmission m=0x559fabb42000
2026-02-17T00:36:31.847+0000 7fb98cfb5640 20 mgr handle_mon_map handle_mon_map
2026-02-17T00:36:31.847+0000 7fb990fbd640 5 --2- 127.0.0.1:0/1071223443 >> v2:127.0.0.1:7114/0 conn(0x559fb586a000 0x559fb5890000 crc :-1 s=READ_MESSAGE_COMPLETE pgs=18 gs=2 cs=0 l=1 c_cookie=6931106495102326716 s_cookie=0 reconnecting=0 rev1=1 crypto rx=0 tx=0 comp rx=0 tx=0).handle_message received message m=0x559fb58ac380 seq=9 from=mon.0 type=1796 mgrmap(e 2)
2026-02-17T00:36:31.847+0000 7fb990fbd640 20 -- 127.0.0.1:0/1071223443 queue 0x559fb58ac380 prio 196
2026-02-17T00:36:31.847+0000 7fb990fbd640 20 --2- 127.0.0.1:0/1071223443 >> v2:127.0.0.1:7114/0 conn(0x559fb586a000 0x559fb5890000 crc :-1 s=READY pgs=18 gs=2 cs=0 l=1 c_cookie=6931106495102326716 s_cookie=0 reconnecting=0 rev1=1 crypto rx=0 tx=0 comp rx=0 tx=0).read_frame
2026-02-17T00:36:31.847+0000 7fb990fbd640 20 -- 127.0.0.1:0/1071223443 >> v2:127.0.0.1:7114/0 conn(0x559fb586a000 msgr2=0x559fb5890000 crc :-1 s=STATE_CONNECTION_ESTABLISHED l=1).read start len=32
2026-02-17T00:36:31.847+0000 7fb990fbd640 20 --2- 127.0.0.1:0/1071223443 >> v2:127.0.0.1:7114/0 conn(0x559fb586a000 0x559fb5890000 crc :-1 s=READY pgs=18 gs=2 cs=0 l=1 c_cookie=6931106495102326716 s_cookie=0 reconnecting=0 rev1=1 crypto rx=0 tx=0 comp rx=0 tx=0).handle_read_frame_preamble_main r=0
2026-02-17T00:36:31.847+0000 7fb990fbd640 20 --2- 127.0.0.1:0/1071223443 >> v2:127.0.0.1:7114/0 conn(0x559fb586a000 0x559fb5890000 crc :-1 s=THROTTLE_MESSAGE pgs=18 gs=2 cs=0 l=1 c_cookie=6931106495102326716 s_cookie=0 reconnecting=0 rev1=1 crypto rx=0 tx=0 comp rx=0 tx=0).throttle_message
2026-02-17T00:36:31.847+0000 7fb990fbd640 20 --2- 127.0.0.1:0/1071223443 >> v2:127.0.0.1:7114/0 conn(0x559fb586a000 0x559fb5890000 crc :-1 s=THROTTLE_BYTES pgs=18 gs=2 cs=0 l=1 c_cookie=6931106495102326716 s_cookie=0 reconnecting=0 rev1=1 crypto rx=0 tx=0 comp rx=0 tx=0).throttle_bytes
2026-02-17T00:36:31.847+0000 7fb98cfb5640 1 -- 127.0.0.1:0/1071223443 --> v2:127.0.0.1:7114/0 -- mon_command({"prefix": "mon metadata", "id": "a"} v 0) -- 0x559fb5900000 con 0x559fb586a000
2026-02-17T00:36:31.847+0000 7fb990fbd640 20 --2- 127.0.0.1:0/1071223443 >> v2:127.0.0.1:7114/0 conn(0x559fb586a000 0x559fb5890000 crc :-1 s=THROTTLE_DISPATCH_QUEUE pgs=18 gs=2 cs=0 l=1 c_cookie=6931106495102326716 s_cookie=0 reconnecting=0 rev1=1 crypto rx=0 tx=0 comp rx=0 tx=0).throttle_dispatch_queue
2026-02-17T00:36:31.847+0000 7fb990fbd640 20 --2- 127.0.0.1:0/1071223443 >> v2:127.0.0.1:7114/0 conn(0x559fb586a000 0x559fb5890000 crc :-1 s=THROTTLE_DONE pgs=18 gs=2 cs=0 l=1 c_cookie=6931106495102326716 s_cookie=0 reconnecting=0 rev1=1 crypto rx=0 tx=0 comp rx=0 tx=0).read_frame_segment seg_idx=0
2026-02-17T00:36:31.847+0000 7fb990fbd640 20 -- 127.0.0.1:0/1071223443 >> v2:127.0.0.1:7114/0 conn(0x559fb586a000 msgr2=0x559fb5890000 crc :-1 s=STATE_CONNECTION_ESTABLISHED l=1).read start len=45
2026-02-17T00:36:31.847+0000 7fb990fbd640 20 --2- 127.0.0.1:0/1071223443 >> v2:127.0.0.1:7114/0 conn(0x559fb586a000 0x559fb5890000 crc :-1 s=THROTTLE_DONE pgs=18 gs=2 cs=0 l=1 c_cookie=6931106495102326716 s_cookie=0 reconnecting=0 rev1=1 crypto rx=0 tx=0 comp rx=0 tx=0).handle_read_frame_segment r=0
2026-02-17T00:36:31.847+0000 7fb990fbd640 20 --2- 127.0.0.1:0/1071223443 >> v2:127.0.0.1:7114/0 conn(0x559fb586a000 0x559fb5890000 crc :-1 s=THROTTLE_DONE pgs=18 gs=2 cs=0 l=1 c_cookie=6931106495102326716 s_cookie=0 reconnecting=0 rev1=1 crypto rx=0 tx=0 comp rx=0 tx=0).read_frame_segment seg_idx=1
2026-02-17T00:36:31.847+0000 7fb990fbd640 20 -- 127.0.0.1:0/1071223443 >> v2:127.0.0.1:7114/0 conn(0x559fb586a000 msgr2=0x559fb5890000 crc :-1 s=STATE_CONNECTION_ESTABLISHED l=1).read start len=2480
2026-02-17T00:36:31.847+0000 7fb990fbd640 20 --2- 127.0.0.1:0/1071223443 >> v2:127.0.0.1:7114/0 conn(0x559fb586a000 0x559fb5890000 crc :-1 s=THROTTLE_DONE pgs=18 gs=2 cs=0 l=1 c_cookie=6931106495102326716 s_cookie=0 reconnecting=0 rev1=1 crypto rx=0 tx=0 comp rx=0 tx=0).handle_read_frame_segment r=0
2026-02-17T00:36:31.847+0000 7fb990fbd640 20 -- 127.0.0.1:0/1071223443 >> v2:127.0.0.1:7114/0 conn(0x559fb586a000 msgr2=0x559fb5890000 crc :-1 s=STATE_CONNECTION_ESTABLISHED l=1).read start len=13
2026-02-17T00:36:31.847+0000 7fb98cfb5640 5 --2- 127.0.0.1:0/1071223443 >> v2:127.0.0.1:7114/0 conn(0x559fb586a000 0x559fb5890000 crc :-1 s=THROTTLE_DONE pgs=18 gs=2 cs=0 l=1 c_cookie=6931106495102326716 s_cookie=0 reconnecting=0 rev1=1 crypto rx=0 tx=0 comp rx=0 tx=0).send_message enqueueing message m=0x559fb5900000 type=50 mon_command({"prefix": "mon metadata", "id": "a"} v 0)
2026-02-17T00:36:31.847+0000 7fb990fbd640 20 --2- 127.0.0.1:0/1071223443 >> v2:127.0.0.1:7114/0 conn(0x559fb586a000 0x559fb5890000 crc :-1 s=THROTTLE_DONE pgs=18 gs=2 cs=0 l=1 c_cookie=6931106495102326716 s_cookie=0 reconnecting=0 rev1=1 crypto rx=0 tx=0 comp rx=0 tx=0).handle_read_frame_epilogue_main r=0
2026-02-17T00:36:31.847+0000 7fb98cfb5640 15 --2- 127.0.0.1:0/1071223443 >> v2:127.0.0.1:7114/0 conn(0x559fb586a000 0x559fb5890000 crc :-1 s=THROTTLE_DONE pgs=18 gs=2 cs=0 l=1 c_cookie=6931106495102326716 s_cookie=0 reconnecting=0 rev1=1 crypto rx=0 tx=0 comp rx=0 tx=0).send_message message queued for async transmission m=0x559fb5900000
2026-02-17T00:36:31.847+0000 7fb990fbd640 10 --2- 127.0.0.1:0/1071223443 >> v2:127.0.0.1:7114/0 conn(0x559fb586a000 0x559fb5890000 crc :-1 s=THROTTLE_DONE pgs=18 gs=2 cs=0 l=1 c_cookie=6931106495102326716 s_cookie=0 reconnecting=0 rev1=1 crypto rx=0 tx=0 comp rx=0 tx=0).handle_read_frame_dispatch tag=17
2026-02-17T00:36:31.847+0000 7fb98cfb5640 10 -- 127.0.0.1:0/1071223443 dispatch_throttle_release 178 to dispatch throttler 58710/104857600
2026-02-17T00:36:31.847+0000 7fb98cfb5640 20 -- 127.0.0.1:0/1071223443 done calling dispatch on 0x559fb575ba00
2026-02-17T00:36:31.847+0000 7fb990fbd640 20 --2- 127.0.0.1:0/1071223443 >> v2:127.0.0.1:7114/0 conn(0x559fb586a000 0x559fb5890000 crc :-1 s=THROTTLE_DONE pgs=18 gs=2 cs=0 l=1 c_cookie=6931106495102326716 s_cookie=0 reconnecting=0 rev1=1 crypto rx=0 tx=0 comp rx=0 tx=0).handle_message
2026-02-17T00:36:31.847+0000 7fb990fbd640 5 --2- 127.0.0.1:0/1071223443 >> v2:127.0.0.1:7114/0 conn(0x559fb586a000 0x559fb5890000 crc :-1 s=THROTTLE_DONE pgs=18 gs=2 cs=0 l=1 c_cookie=6931106495102326716 s_cookie=0 reconnecting=0 rev1=1 crypto rx=0 tx=0 comp rx=0 tx=0).handle_message got 2480 + 0 + 0 byte message. envelope type=41 src mon.0 off 0
2026-02-17T00:36:31.847+0000 7fb98cfb5640 1 -- 127.0.0.1:0/1071223443 <== mon.0 v2:127.0.0.1:7114/0 2 ==== config(1 keys) ==== 25+0+0 (crc 0 0 0) 0x559fabb43880 con 0x559fb586a000
2026-02-17T00:36:31.847+0000 7fb990fbd640 5 --2- 127.0.0.1:0/1071223443 >> v2:127.0.0.1:7114/0 conn(0x559fb586a000 0x559fb5890000 crc :-1 s=READ_MESSAGE_COMPLETE pgs=18 gs=2 cs=0 l=1 c_cookie=6931106495102326716 s_cookie=0 reconnecting=0 rev1=1 crypto rx=0 tx=0 comp rx=0 tx=0).handle_message received message m=0x559fb578e200 seq=10 from=mon.0 type=41 osd_map(2..5 src has 1..5)
2026-02-17T00:36:31.847+0000 7fb990fbd640 20 -- 127.0.0.1:0/1071223443 queue 0x559fb578e200 prio 196
2026-02-17T00:36:31.847+0000 7fb990fbd640 20 --2- 127.0.0.1:0/1071223443 >> v2:127.0.0.1:7114/0 conn(0x559fb586a000 0x559fb5890000 crc :-1 s=READY pgs=18 gs=2 cs=0 l=1 c_cookie=6931106495102326716 s_cookie=0 reconnecting=0 rev1=1 crypto rx=0 tx=0 comp rx=0 tx=0).read_frame
2026-02-17T00:36:31.847+0000 7fb98cfb5640 10 -- 127.0.0.1:0/1071223443 dispatch_throttle_release 25 to dispatch throttler 58532/104857600
2026-02-17T00:36:31.847+0000 7fb990fbd640 20 -- 127.0.0.1:0/1071223443 >> v2:127.0.0.1:7114/0 conn(0x559fb586a000 msgr2=0x559fb5890000 crc :-1 s=STATE_CONNECTION_ESTABLISHED l=1).read start len=32
2026-02-17T00:36:31.847+0000 7fb98cfb5640 20 -- 127.0.0.1:0/1071223443 done calling dispatch on 0x559fabb43880
2026-02-17T00:36:31.847+0000 7fb990fbd640 20 --2- 127.0.0.1:0/1071223443 >> v2:127.0.0.1:7114/0 conn(0x559fb586a000 0x559fb5890000 crc :-1 s=READY pgs=18 gs=2 cs=0 l=1 c_cookie=6931106495102326716 s_cookie=0 reconnecting=0 rev1=1 crypto rx=0 tx=0 comp rx=0 tx=0).handle_read_frame_preamble_main r=0
2026-02-17T00:36:31.847+0000 7fb990fbd640 20 --2- 127.0.0.1:0/1071223443 >> v2:127.0.0.1:7114/0 conn(0x559fb586a000 0x559fb5890000 crc :-1 s=THROTTLE_MESSAGE pgs=18 gs=2 cs=0 l=1 c_cookie=6931106495102326716 s_cookie=0 reconnecting=0 rev1=1 crypto rx=0 tx=0 comp rx=0 tx=0).throttle_message
2026-02-17T00:36:31.847+0000 7fb98cfb5640 1 -- 127.0.0.1:0/1071223443 <== mon.0 v2:127.0.0.1:7114/0 3 ==== fsmap(e 1) ==== 438+0+0 (crc 0 0 0) 0x559fabb49c00 con 0x559fb586a000
2026-02-17T00:36:31.847+0000 7fb990fbd640 20 --2- 127.0.0.1:0/1071223443 >> v2:127.0.0.1:7114/0 conn(0x559fb586a000 0x559fb5890000 crc :-1 s=THROTTLE_BYTES pgs=18 gs=2 cs=0 l=1 c_cookie=6931106495102326716 s_cookie=0 reconnecting=0 rev1=1 crypto rx=0 tx=0 comp rx=0 tx=0).throttle_bytes
2026-02-17T00:36:31.847+0000 7fb98cfb5640 10 mgr.4100.objecter ms_dispatch2 0x559fabb6a000 fsmap(e 1)
2026-02-17T00:36:31.847+0000 7fb98cfb5640 10 mgr ms_dispatch2 active (starting) fsmap(e 1)
2026-02-17T00:36:31.847+0000 7fb990fbd640 20 --2- 127.0.0.1:0/1071223443 >> v2:127.0.0.1:7114/0 conn(0x559fb586a000 0x559fb5890000 crc :-1 s=THROTTLE_DISPATCH_QUEUE pgs=18 gs=2 cs=0 l=1 c_cookie=6931106495102326716 s_cookie=0 reconnecting=0 rev1=1 crypto rx=0 tx=0 comp rx=0 tx=0).throttle_dispatch_queue
2026-02-17T00:36:31.847+0000 7fb98cfb5640 10 mgr ms_dispatch2 fsmap(e 1)
2026-02-17T00:36:31.847+0000 7fb990fbd640 20 --2- 127.0.0.1:0/1071223443 >> v2:127.0.0.1:7114/0 conn(0x559fb586a000 0x559fb5890000 crc :-1 s=THROTTLE_DONE pgs=18 gs=2 cs=0 l=1 c_cookie=6931106495102326716 s_cookie=0 reconnecting=0 rev1=1 crypto rx=0 tx=0 comp rx=0 tx=0).read_frame_segment seg_idx=0
2026-02-17T00:36:31.847+0000 7fb990fbd640 20 -- 127.0.0.1:0/1071223443 >> v2:127.0.0.1:7114/0 conn(0x559fb586a000 msgr2=0x559fb5890000 crc :-1 s=STATE_CONNECTION_ESTABLISHED l=1).read start len=45
2026-02-17T00:36:31.847+0000 7fb990fbd640 20 --2- 127.0.0.1:0/1071223443 >> v2:127.0.0.1:7114/0 conn(0x559fb586a000 0x559fb5890000 crc :-1 s=THROTTLE_DONE pgs=18 gs=2 cs=0 l=1 c_cookie=6931106495102326716 s_cookie=0 reconnecting=0 rev1=1 crypto rx=0 tx=0 comp rx=0 tx=0).handle_read_frame_segment r=0
2026-02-17T00:36:31.847+0000 7fb990fbd640 20 --2- 127.0.0.1:0/1071223443 >> v2:127.0.0.1:7114/0 conn(0x559fb586a000 0x559fb5890000 crc :-1 s=THROTTLE_DONE pgs=18 gs=2 cs=0 l=1 c_cookie=6931106495102326716 s_cookie=0 reconnecting=0 rev1=1 crypto rx=0 tx=0 comp rx=0 tx=0).read_frame_segment seg_idx=1
2026-02-17T00:36:31.847+0000 7fb990fbd640 20 -- 127.0.0.1:0/1071223443 >> v2:127.0.0.1:7114/0 conn(0x559fb586a000 msgr2=0x559fb5890000 crc :-1 s=STATE_CONNECTION_ESTABLISHED l=1).read start len=22
2026-02-17T00:36:31.847+0000 7fb98cfb5640 10 -- 127.0.0.1:0/1071223443 dispatch_throttle_release 438 to dispatch throttler 58529/104857600
2026-02-17T00:36:31.847+0000 7fb990fbd640 20 --2- 127.0.0.1:0/1071223443 >> v2:127.0.0.1:7114/0 conn(0x559fb586a000 0x559fb5890000 crc :-1 s=THROTTLE_DONE pgs=18 gs=2 cs=0 l=1 c_cookie=6931106495102326716 s_cookie=0 reconnecting=0 rev1=1 crypto rx=0 tx=0 comp rx=0 tx=0).handle_read_frame_segment r=0
2026-02-17T00:36:31.847+0000 7fb98cfb5640 20 -- 127.0.0.1:0/1071223443 done calling dispatch on 0x559fabb49c00
2026-02-17T00:36:31.847+0000 7fb990fbd640 20 -- 127.0.0.1:0/1071223443 >> v2:127.0.0.1:7114/0 conn(0x559fb586a000 msgr2=0x559fb5890000 crc :-1 s=STATE_CONNECTION_ESTABLISHED l=1).read start len=13
2026-02-17T00:36:31.847+0000 7fb990fbd640 20 --2- 127.0.0.1:0/1071223443 >> v2:127.0.0.1:7114/0 conn(0x559fb586a000 0x559fb5890000 crc :-1 s=THROTTLE_DONE pgs=18 gs=2 cs=0 l=1 c_cookie=6931106495102326716 s_cookie=0 reconnecting=0 rev1=1 crypto rx=0 tx=0 comp rx=0 tx=0).handle_read_frame_epilogue_main r=0
2026-02-17T00:36:31.847+0000 7fb990fbd640 10 --2- 127.0.0.1:0/1071223443 >> v2:127.0.0.1:7114/0 conn(0x559fb586a000 0x559fb5890000 crc :-1 s=THROTTLE_DONE pgs=18 gs=2 cs=0 l=1 c_cookie=6931106495102326716 s_cookie=0 reconnecting=0 rev1=1 crypto rx=0 tx=0 comp rx=0 tx=0).handle_read_frame_dispatch tag=17
2026-02-17T00:36:31.847+0000 7fb98cfb5640 1 -- 127.0.0.1:0/1071223443 <== mon.0 v2:127.0.0.1:7114/0 4 ==== kv_data(v2 prefix config/, full, 1 keys) ==== 57+0+0 (crc 0 0 0) 0x559fb575f0e0 con 0x559fb586a000
2026-02-17T00:36:31.847+0000 7fb990fbd640 20 --2- 127.0.0.1:0/1071223443 >> v2:127.0.0.1:7114/0 conn(0x559fb586a000 0x559fb5890000 crc :-1 s=THROTTLE_DONE pgs=18 gs=2 cs=0 l=1 c_cookie=6931106495102326716 s_cookie=0 reconnecting=0 rev1=1 crypto rx=0 tx=0 comp rx=0 tx=0).handle_message
2026-02-17T00:36:31.847+0000 7fb98cfb5640 10 mgr.4100.objecter ms_dispatch2 0x559fabb6a000 kv_data(v2 prefix config/, full, 1 keys)
2026-02-17T00:36:31.847+0000 7fb98cfb5640 10 mgr ms_dispatch2 active (starting) kv_data(v2 prefix config/, full, 1 keys)
