2026-02-17T00:36:31.879+0000 7fb9907bc640 10 --2- 127.0.0.1:0/1520923114 >> v2:127.0.0.1:7114/0 conn(0x559fb586bc00 0x559fb5891080 crc :-1 s=SESSION_CONNECTING pgs=22 gs=1 cs=0 l=1 c_cookie=0 s_cookie=0 reconnecting=0 rev1=1 crypto rx=0 tx=0 comp rx=0 tx=0).handle_server_ident connect success 0, lossy = 1, features 4544132024016699391
2026-02-17T00:36:31.879+0000 7fb9907bc640 1 --2- 127.0.0.1:0/1520923114 >> v2:127.0.0.1:7114/0 conn(0x559fb586bc00 0x559fb5891080 crc :-1 s=READY pgs=22 gs=1 cs=0 l=1 c_cookie=0 s_cookie=0 reconnecting=0 rev1=1 crypto rx=0 tx=0 comp rx=0 tx=0).ready entity=mon.0 client_cookie=0 server_cookie=0 in_seq=0 out_seq=0
2026-02-17T00:36:31.879+0000 7fb9907bc640 20 --2- 127.0.0.1:0/1520923114 >> v2:127.0.0.1:7114/0 conn(0x559fb586bc00 0x559fb5891080 crc :-1 s=READY pgs=22 gs=1 cs=0 l=1 c_cookie=0 s_cookie=0 reconnecting=0 rev1=1 crypto rx=0 tx=0 comp rx=0 tx=0).read_frame
2026-02-17T00:36:31.879+0000 7fb9907bc640 20 -- 127.0.0.1:0/1520923114 >> v2:127.0.0.1:7114/0 conn(0x559fb586bc00 msgr2=0x559fb5891080 crc :-1 s=STATE_CONNECTION_ESTABLISHED l=1).read start len=32
2026-02-17T00:36:31.879+0000 7fb9907bc640 10 -- 127.0.0.1:0/1520923114 >> v2:127.0.0.1:7114/0 conn(0x559fb586bc00 msgr2=0x559fb5891080 crc :-1 s=STATE_CONNECTION_ESTABLISHED l=1).handle_write
2026-02-17T00:36:31.879+0000 7fb9907bc640 10 --2- 127.0.0.1:0/1520923114 >> v2:127.0.0.1:7114/0 conn(0x559fb586bc00 0x559fb5891080 crc :-1 s=READY pgs=22 gs=1 cs=0 l=1 c_cookie=0 s_cookie=0 reconnecting=0 rev1=1 crypto rx=0 tx=0 comp rx=0 tx=0).write_event
2026-02-17T00:36:31.879+0000 7fb9907bc640 20 --2- 127.0.0.1:0/1520923114 >> v2:127.0.0.1:7114/0 conn(0x559fb586bc00 0x559fb5891080 crc :-1 s=READY pgs=22 gs=1 cs=0 l=1 c_cookie=0 s_cookie=0 reconnecting=0 rev1=1 crypto rx=0 tx=0 comp rx=0 tx=0).prepare_send_message m=mon_getmap magic: 0
2026-02-17T00:36:31.879+0000 7fb89c26b640 10 client.?.objecter ms_handle_connect 0x559fb586bc00
2026-02-17T00:36:31.879+0000 7fb9907bc640 20 --2- 127.0.0.1:0/1520923114 >> v2:127.0.0.1:7114/0 conn(0x559fb586bc00 0x559fb5891080 crc :-1 s=READY pgs=22 gs=1 cs=0 l=1 c_cookie=0 s_cookie=0 reconnecting=0 rev1=1 crypto rx=0 tx=0 comp rx=0 tx=0).prepare_send_message encoding features 4544132024016699391 0x559fb579af00 mon_getmap magic: 0
2026-02-17T00:36:31.879+0000 7fb89c26b640 10 client.?.objecter resend_mon_ops
2026-02-17T00:36:31.879+0000 7fb9907bc640 2 --2- 127.0.0.1:0/1520923114 >> v2:127.0.0.1:7114/0 conn(0x559fb586bc00 0x559fb5891080 crc :-1 s=READY pgs=22 gs=1 cs=0 l=1 c_cookie=0 s_cookie=0 reconnecting=0 rev1=1 crypto rx=0 tx=0 comp rx=0 tx=0).write_message sending message m=0x559fb579af00 seq=1 mon_getmap magic: 0
2026-02-17T00:36:31.879+0000 7fb9907bc640 20 --2- 127.0.0.1:0/1520923114 >> v2:127.0.0.1:7114/0 conn(0x559fb586bc00 0x559fb5891080 crc :-1 s=READY pgs=22 gs=1 cs=0 l=1 c_cookie=0 s_cookie=0 reconnecting=0 rev1=1 crypto rx=0 tx=0 comp rx=0 tx=0).write_message sending m=0x559fb579af00 seq=1 src=client.? off=0
2026-02-17T00:36:31.879+0000 7fb9907bc640 10 -- 127.0.0.1:0/1520923114 >> v2:127.0.0.1:7114/0 conn(0x559fb586bc00 msgr2=0x559fb5891080 crc :-1 s=STATE_CONNECTION_ESTABLISHED l=1)._try_send sent bytes 77 remaining bytes 0
2026-02-17T00:36:31.879+0000 7fb9907bc640 10 --2- 127.0.0.1:0/1520923114 >> v2:127.0.0.1:7114/0 conn(0x559fb586bc00 0x559fb5891080 crc :-1 s=READY pgs=22 gs=1 cs=0 l=1 c_cookie=0 s_cookie=0 reconnecting=0 rev1=1 crypto rx=0 tx=0 comp rx=0 tx=0).write_message sending 0x559fb579af00 done.
2026-02-17T00:36:31.879+0000 7fb9907bc640 20 --2- 127.0.0.1:0/1520923114 >> v2:127.0.0.1:7114/0 conn(0x559fb586bc00 0x559fb5891080 crc :-1 s=READY pgs=22 gs=1 cs=0 l=1 c_cookie=0 s_cookie=0 reconnecting=0 rev1=1 crypto rx=0 tx=0 comp rx=0 tx=0).prepare_send_message m=mon_subscribe({config=0+,monmap=0+})
2026-02-17T00:36:31.879+0000 7fb9907bc640 20 --2- 127.0.0.1:0/1520923114 >> v2:127.0.0.1:7114/0 conn(0x559fb586bc00 0x559fb5891080 crc :-1 s=READY pgs=22 gs=1 cs=0 l=1 c_cookie=0 s_cookie=0 reconnecting=0 rev1=1 crypto rx=0 tx=0 comp rx=0 tx=0).prepare_send_message encoding features 4544132024016699391 0x559fb575fa40 mon_subscribe({config=0+,monmap=0+})
2026-02-17T00:36:31.879+0000 7fb9907bc640 2 --2- 127.0.0.1:0/1520923114 >> v2:127.0.0.1:7114/0 conn(0x559fb586bc00 0x559fb5891080 crc :-1 s=READY pgs=22 gs=1 cs=0 l=1 c_cookie=0 s_cookie=0 reconnecting=0 rev1=1 crypto rx=0 tx=0 comp rx=0 tx=0).write_message sending message m=0x559fb575fa40 seq=2 mon_subscribe({config=0+,monmap=0+})
2026-02-17T00:36:31.879+0000 7fb9907bc640 20 --2- 127.0.0.1:0/1520923114 >> v2:127.0.0.1:7114/0 conn(0x559fb586bc00 0x559fb5891080 crc :-1 s=READY pgs=22 gs=1 cs=0 l=1 c_cookie=0 s_cookie=0 reconnecting=0 rev1=1 crypto rx=0 tx=0 comp rx=0 tx=0).write_message sending m=0x559fb575fa40 seq=2 src=client.? off=0
2026-02-17T00:36:31.879+0000 7fb9907bc640 10 -- 127.0.0.1:0/1520923114 >> v2:127.0.0.1:7114/0 conn(0x559fb586bc00 msgr2=0x559fb5891080 crc :-1 s=STATE_CONNECTION_ESTABLISHED l=1)._try_send sent bytes 144 remaining bytes 0
2026-02-17T00:36:31.879+0000 7fb9907bc640 10 --2- 127.0.0.1:0/1520923114 >> v2:127.0.0.1:7114/0 conn(0x559fb586bc00 0x559fb5891080 crc :-1 s=READY pgs=22 gs=1 cs=0 l=1 c_cookie=0 s_cookie=0 reconnecting=0 rev1=1 crypto rx=0 tx=0 comp rx=0 tx=0).write_message sending 0x559fb575fa40 done.
2026-02-17T00:36:31.879+0000 7fb9907bc640 20 -- 127.0.0.1:0/1520923114 >> v2:127.0.0.1:7114/0 conn(0x559fb586bc00 msgr2=0x559fb5891080 crc :-1 s=STATE_CONNECTION_ESTABLISHED l=1).process
2026-02-17T00:36:31.879+0000 7fb9907bc640 20 -- 127.0.0.1:0/1520923114 >> v2:127.0.0.1:7114/0 conn(0x559fb586bc00 msgr2=0x559fb5891080 crc :-1 s=STATE_CONNECTION_ESTABLISHED l=1).read continue len=32
2026-02-17T00:36:31.879+0000 7fb9907bc640 20 --2- 127.0.0.1:0/1520923114 >> v2:127.0.0.1:7114/0 conn(0x559fb586bc00 0x559fb5891080 crc :-1 s=READY pgs=22 gs=1 cs=0 l=1 c_cookie=0 s_cookie=0 reconnecting=0 rev1=1 crypto rx=0 tx=0 comp rx=0 tx=0).handle_read_frame_preamble_main r=0
2026-02-17T00:36:31.879+0000 7fb9907bc640 20 --2- 127.0.0.1:0/1520923114 >> v2:127.0.0.1:7114/0 conn(0x559fb586bc00 0x559fb5891080 crc :-1 s=THROTTLE_MESSAGE pgs=22 gs=1 cs=0 l=1 c_cookie=0 s_cookie=0 reconnecting=0 rev1=1 crypto rx=0 tx=0 comp rx=0 tx=0).throttle_message
2026-02-17T00:36:31.879+0000 7fb9907bc640 20 --2- 127.0.0.1:0/1520923114 >> v2:127.0.0.1:7114/0 conn(0x559fb586bc00 0x559fb5891080 crc :-1 s=THROTTLE_BYTES pgs=22 gs=1 cs=0 l=1 c_cookie=0 s_cookie=0 reconnecting=0 rev1=1 crypto rx=0 tx=0 comp rx=0 tx=0).throttle_bytes
2026-02-17T00:36:31.879+0000 7fb9907bc640 20 --2- 127.0.0.1:0/1520923114 >> v2:127.0.0.1:7114/0 conn(0x559fb586bc00 0x559fb5891080 crc :-1 s=THROTTLE_DISPATCH_QUEUE pgs=22 gs=1 cs=0 l=1 c_cookie=0 s_cookie=0 reconnecting=0 rev1=1 crypto rx=0 tx=0 comp rx=0 tx=0).throttle_dispatch_queue
2026-02-17T00:36:31.879+0000 7fb9907bc640 20 --2- 127.0.0.1:0/1520923114 >> v2:127.0.0.1:7114/0 conn(0x559fb586bc00 0x559fb5891080 crc :-1 s=THROTTLE_DONE pgs=22 gs=1 cs=0 l=1 c_cookie=0 s_cookie=0 reconnecting=0 rev1=1 crypto rx=0 tx=0 comp rx=0 tx=0).read_frame_segment seg_idx=0
2026-02-17T00:36:31.879+0000 7fb9907bc640 20 -- 127.0.0.1:0/1520923114 >> v2:127.0.0.1:7114/0 conn(0x559fb586bc00 msgr2=0x559fb5891080 crc :-1 s=STATE_CONNECTION_ESTABLISHED l=1).read start len=45
2026-02-17T00:36:31.879+0000 7fb9907bc640 20 --2- 127.0.0.1:0/1520923114 >> v2:127.0.0.1:7114/0 conn(0x559fb586bc00 0x559fb5891080 crc :-1 s=THROTTLE_DONE pgs=22 gs=1 cs=0 l=1 c_cookie=0 s_cookie=0 reconnecting=0 rev1=1 crypto rx=0 tx=0 comp rx=0 tx=0).handle_read_frame_segment r=0
2026-02-17T00:36:31.879+0000 7fb9907bc640 20 --2- 127.0.0.1:0/1520923114 >> v2:127.0.0.1:7114/0 conn(0x559fb586bc00 0x559fb5891080 crc :-1 s=THROTTLE_DONE pgs=22 gs=1 cs=0 l=1 c_cookie=0 s_cookie=0 reconnecting=0 rev1=1 crypto rx=0 tx=0 comp rx=0 tx=0).read_frame_segment seg_idx=1
2026-02-17T00:36:31.879+0000 7fb9907bc640 20 -- 127.0.0.1:0/1520923114 >> v2:127.0.0.1:7114/0 conn(0x559fb586bc00 msgr2=0x559fb5891080 crc :-1 s=STATE_CONNECTION_ESTABLISHED l=1).read start len=178
2026-02-17T00:36:31.879+0000 7fb9907bc640 20 --2- 127.0.0.1:0/1520923114 >> v2:127.0.0.1:7114/0 conn(0x559fb586bc00 0x559fb5891080 crc :-1 s=THROTTLE_DONE pgs=22 gs=1 cs=0 l=1 c_cookie=0 s_cookie=0 reconnecting=0 rev1=1 crypto rx=0 tx=0 comp rx=0 tx=0).handle_read_frame_segment r=0
2026-02-17T00:36:31.879+0000 7fb9907bc640 20 -- 127.0.0.1:0/1520923114 >> v2:127.0.0.1:7114/0 conn(0x559fb586bc00 msgr2=0x559fb5891080 crc :-1 s=STATE_CONNECTION_ESTABLISHED l=1).read start len=13
2026-02-17T00:36:31.879+0000 7fb9907bc640 20 --2- 127.0.0.1:0/1520923114 >> v2:127.0.0.1:7114/0 conn(0x559fb586bc00 0x559fb5891080 crc :-1 s=THROTTLE_DONE pgs=22 gs=1 cs=0 l=1 c_cookie=0 s_cookie=0 reconnecting=0 rev1=1 crypto rx=0 tx=0 comp rx=0 tx=0).handle_read_frame_epilogue_main r=0
2026-02-17T00:36:31.879+0000 7fb9907bc640 10 --2- 127.0.0.1:0/1520923114 >> v2:127.0.0.1:7114/0 conn(0x559fb586bc00 0x559fb5891080 crc :-1 s=THROTTLE_DONE pgs=22 gs=1 cs=0 l=1 c_cookie=0 s_cookie=0 reconnecting=0 rev1=1 crypto rx=0 tx=0 comp rx=0 tx=0).handle_read_frame_dispatch tag=17
2026-02-17T00:36:31.879+0000 7fb9907bc640 20 --2- 127.0.0.1:0/1520923114 >> v2:127.0.0.1:7114/0 conn(0x559fb586bc00 0x559fb5891080 crc :-1 s=THROTTLE_DONE pgs=22 gs=1 cs=0 l=1 c_cookie=0 s_cookie=0 reconnecting=0 rev1=1 crypto rx=0 tx=0 comp rx=0 tx=0).handle_message
2026-02-17T00:36:31.879+0000 7fb9907bc640 5 --2- 127.0.0.1:0/1520923114 >> v2:127.0.0.1:7114/0 conn(0x559fb586bc00 0x559fb5891080 crc :-1 s=THROTTLE_DONE pgs=22 gs=1 cs=0 l=1 c_cookie=0 s_cookie=0 reconnecting=0 rev1=1 crypto rx=0 tx=0 comp rx=0 tx=0).handle_message got 178 + 0 + 0 byte message. envelope type=4 src mon.0 off 0
2026-02-17T00:36:31.879+0000 7fb9907bc640 5 --2- 127.0.0.1:0/1520923114 >> v2:127.0.0.1:7114/0 conn(0x559fb586bc00 0x559fb5891080 crc :-1 s=READ_MESSAGE_COMPLETE pgs=22 gs=1 cs=0 l=1 c_cookie=0 s_cookie=0 reconnecting=0 rev1=1 crypto rx=0 tx=0 comp rx=0 tx=0).handle_message received message m=0x559fb596fd40 seq=1 from=mon.0 type=4 mon_map magic: 0
2026-02-17T00:36:31.879+0000 7fb9907bc640 20 -- 127.0.0.1:0/1520923114 queue 0x559fb596fd40 prio 196
2026-02-17T00:36:31.879+0000 7fb9907bc640 20 --2- 127.0.0.1:0/1520923114 >> v2:127.0.0.1:7114/0 conn(0x559fb586bc00 0x559fb5891080 crc :-1 s=READY pgs=22 gs=1 cs=0 l=1 c_cookie=0 s_cookie=0 reconnecting=0 rev1=1 crypto rx=0 tx=0 comp rx=0 tx=0).read_frame
2026-02-17T00:36:31.879+0000 7fb9907bc640 20 -- 127.0.0.1:0/1520923114 >> v2:127.0.0.1:7114/0 conn(0x559fb586bc00 msgr2=0x559fb5891080 crc :-1 s=STATE_CONNECTION_ESTABLISHED l=1).read start len=32
2026-02-17T00:36:31.879+0000 7fb9907bc640 20 --2- 127.0.0.1:0/1520923114 >> v2:127.0.0.1:7114/0 conn(0x559fb586bc00 0x559fb5891080 crc :-1 s=READY pgs=22 gs=1 cs=0 l=1 c_cookie=0 s_cookie=0 reconnecting=0 rev1=1 crypto rx=0 tx=0 comp rx=0 tx=0).handle_read_frame_preamble_main r=0
2026-02-17T00:36:31.879+0000 7fb9907bc640 20 --2- 127.0.0.1:0/1520923114 >> v2:127.0.0.1:7114/0 conn(0x559fb586bc00 0x559fb5891080 crc :-1 s=THROTTLE_MESSAGE pgs=22 gs=1 cs=0 l=1 c_cookie=0 s_cookie=0 reconnecting=0 rev1=1 crypto rx=0 tx=0 comp rx=0 tx=0).throttle_message
2026-02-17T00:36:31.879+0000 7fb9907bc640 20 --2- 127.0.0.1:0/1520923114 >> v2:127.0.0.1:7114/0 conn(0x559fb586bc00 0x559fb5891080 crc :-1 s=THROTTLE_BYTES pgs=22 gs=1 cs=0 l=1 c_cookie=0 s_cookie=0 reconnecting=0 rev1=1 crypto rx=0 tx=0 comp rx=0 tx=0).throttle_bytes
2026-02-17T00:36:31.879+0000 7fb89c26b640 1 -- 127.0.0.1:0/1520923114 <== mon.0 v2:127.0.0.1:7114/0 1 ==== mon_map magic: 0 ==== 178+0+0 (crc 0 0 0) 0x559fb596fd40 con 0x559fb586bc00
2026-02-17T00:36:31.879+0000 7fb9907bc640 20 --2- 127.0.0.1:0/1520923114 >> v2:127.0.0.1:7114/0 conn(0x559fb586bc00 0x559fb5891080 crc :-1 s=THROTTLE_DISPATCH_QUEUE pgs=22 gs=1 cs=0 l=1 c_cookie=0 s_cookie=0 reconnecting=0 rev1=1 crypto rx=0 tx=0 comp rx=0 tx=0).throttle_dispatch_queue
2026-02-17T00:36:31.879+0000 7fb9907bc640 20 --2- 127.0.0.1:0/1520923114 >> v2:127.0.0.1:7114/0 conn(0x559fb586bc00 0x559fb5891080 crc :-1 s=THROTTLE_DONE pgs=22 gs=1 cs=0 l=1 c_cookie=0 s_cookie=0 reconnecting=0 rev1=1 crypto rx=0 tx=0 comp rx=0 tx=0).read_frame_segment seg_idx=0
2026-02-17T00:36:31.879+0000 7fb9907bc640 20 -- 127.0.0.1:0/1520923114 >> v2:127.0.0.1:7114/0 conn(0x559fb586bc00 msgr2=0x559fb5891080 crc :-1 s=STATE_CONNECTION_ESTABLISHED l=1).read start len=45
2026-02-17T00:36:31.879+0000 7fb9907bc640 20 --2- 127.0.0.1:0/1520923114 >> v2:127.0.0.1:7114/0 conn(0x559fb586bc00 0x559fb5891080 crc :-1 s=THROTTLE_DONE pgs=22 gs=1 cs=0 l=1 c_cookie=0 s_cookie=0 reconnecting=0 rev1=1 crypto rx=0 tx=0 comp rx=0 tx=0).handle_read_frame_segment r=0
2026-02-17T00:36:31.879+0000 7fb9907bc640 20 --2- 127.0.0.1:0/1520923114 >> v2:127.0.0.1:7114/0 conn(0x559fb586bc00 0x559fb5891080 crc :-1 s=THROTTLE_DONE pgs=22 gs=1 cs=0 l=1 c_cookie=0 s_cookie=0 reconnecting=0 rev1=1 crypto rx=0 tx=0 comp rx=0 tx=0).read_frame_segment seg_idx=1
2026-02-17T00:36:31.879+0000 7fb9907bc640 20 -- 127.0.0.1:0/1520923114 >> v2:127.0.0.1:7114/0 conn(0x559fb586bc00 msgr2=0x559fb5891080 crc :-1 s=STATE_CONNECTION_ESTABLISHED l=1).read start len=25
2026-02-17T00:36:31.879+0000 7fb9907bc640 20 --2- 127.0.0.1:0/1520923114 >> v2:127.0.0.1:7114/0 conn(0x559fb586bc00 0x559fb5891080 crc :-1 s=THROTTLE_DONE pgs=22 gs=1 cs=0 l=1 c_cookie=0 s_cookie=0 reconnecting=0 rev1=1 crypto rx=0 tx=0 comp rx=0 tx=0).handle_read_frame_segment r=0
2026-02-17T00:36:31.879+0000 7fb9907bc640 20 -- 127.0.0.1:0/1520923114 >> v2:127.0.0.1:7114/0 conn(0x559fb586bc00 msgr2=0x559fb5891080 crc :-1 s=STATE_CONNECTION_ESTABLISHED l=1).read start len=13
2026-02-17T00:36:31.879+0000 7fb9907bc640 20 --2- 127.0.0.1:0/1520923114 >> v2:127.0.0.1:7114/0 conn(0x559fb586bc00 0x559fb5891080 crc :-1 s=THROTTLE_DONE pgs=22 gs=1 cs=0 l=1 c_cookie=0 s_cookie=0 reconnecting=0 rev1=1 crypto rx=0 tx=0 comp rx=0 tx=0).handle_read_frame_epilogue_main r=0
2026-02-17T00:36:31.879+0000 7fb9907bc640 10 --2- 127.0.0.1:0/1520923114 >> v2:127.0.0.1:7114/0 conn(0x559fb586bc00 0x559fb5891080 crc :-1 s=THROTTLE_DONE pgs=22 gs=1 cs=0 l=1 c_cookie=0 s_cookie=0 reconnecting=0 rev1=1 crypto rx=0 tx=0 comp rx=0 tx=0).handle_read_frame_dispatch tag=17
2026-02-17T00:36:31.879+0000 7fb9907bc640 20 --2- 127.0.0.1:0/1520923114 >> v2:127.0.0.1:7114/0 conn(0x559fb586bc00 0x559fb5891080 crc :-1 s=THROTTLE_DONE pgs=22 gs=1 cs=0 l=1 c_cookie=0 s_cookie=0 reconnecting=0 rev1=1 crypto rx=0 tx=0 comp rx=0 tx=0).handle_message
2026-02-17T00:36:31.879+0000 7fb9907bc640 5 --2- 127.0.0.1:0/1520923114 >> v2:127.0.0.1:7114/0 conn(0x559fb586bc00 0x559fb5891080 crc :-1 s=THROTTLE_DONE pgs=22 gs=1 cs=0 l=1 c_cookie=0 s_cookie=0 reconnecting=0 rev1=1 crypto rx=0 tx=0 comp rx=0 tx=0).handle_message got 25 + 0 + 0 byte message. envelope type=62 src mon.0 off 0
2026-02-17T00:36:31.879+0000 7fb9907bc640 5 --2- 127.0.0.1:0/1520923114 >> v2:127.0.0.1:7114/0 conn(0x559fb586bc00 0x559fb5891080 crc :-1 s=READ_MESSAGE_COMPLETE pgs=22 gs=1 cs=0 l=1 c_cookie=0 s_cookie=0 reconnecting=0 rev1=1 crypto rx=0 tx=0 comp rx=0 tx=0).handle_message received message m=0x559fb5901c00 seq=2 from=mon.0 type=62 config(1 keys)
2026-02-17T00:36:31.879+0000 7fb9907bc640 20 -- 127.0.0.1:0/1520923114 queue 0x559fb5901c00 prio 196
2026-02-17T00:36:31.879+0000 7fb89c26b640 10 -- 127.0.0.1:0/1520923114 dispatch_throttle_release 178 to dispatch throttler 203/104857600
2026-02-17T00:36:31.879+0000 7fb89c26b640 20 -- 127.0.0.1:0/1520923114 done calling dispatch on 0x559fb596fd40
2026-02-17T00:36:31.879+0000 7fb9907bc640 20 --2- 127.0.0.1:0/1520923114 >> v2:127.0.0.1:7114/0 conn(0x559fb586bc00 0x559fb5891080 crc :-1 s=READY pgs=22 gs=1 cs=0 l=1 c_cookie=0 s_cookie=0 reconnecting=0 rev1=1 crypto rx=0 tx=0 comp rx=0 tx=0).read_frame
2026-02-17T00:36:31.879+0000 7fb89c26b640 1 -- 127.0.0.1:0/1520923114 <== mon.0 v2:127.0.0.1:7114/0 2 ==== config(1 keys) ==== 25+0+0 (crc 0 0 0) 0x559fb5901c00 con 0x559fb586bc00
2026-02-17T00:36:31.879+0000 7fb9907bc640 20 -- 127.0.0.1:0/1520923114 >> v2:127.0.0.1:7114/0 conn(0x559fb586bc00 msgr2=0x559fb5891080 crc :-1 s=STATE_CONNECTION_ESTABLISHED l=1).read start len=32
2026-02-17T00:36:31.879+0000 7fb9907bc640 20 --2- 127.0.0.1:0/1520923114 >> v2:127.0.0.1:7114/0 conn(0x559fb586bc00 0x559fb5891080 crc :-1 s=READY pgs=22 gs=1 cs=0 l=1 c_cookie=0 s_cookie=0 reconnecting=0 rev1=1 crypto rx=0 tx=0 comp rx=0 tx=0).handle_read_frame_preamble_main r=0
2026-02-17T00:36:31.879+0000 7fb9907bc640 20 --2- 127.0.0.1:0/1520923114 >> v2:127.0.0.1:7114/0 conn(0x559fb586bc00 0x559fb5891080 crc :-1 s=THROTTLE_MESSAGE pgs=22 gs=1 cs=0 l=1 c_cookie=0 s_cookie=0 reconnecting=0 rev1=1 crypto rx=0 tx=0 comp rx=0 tx=0).throttle_message
2026-02-17T00:36:31.879+0000 7fb9907bc640 20 --2- 127.0.0.1:0/1520923114 >> v2:127.0.0.1:7114/0 conn(0x559fb586bc00 0x559fb5891080 crc :-1 s=THROTTLE_BYTES pgs=22 gs=1 cs=0 l=1 c_cookie=0 s_cookie=0 reconnecting=0 rev1=1 crypto rx=0 tx=0 comp rx=0 tx=0).throttle_bytes
2026-02-17T00:36:31.879+0000 7fb9907bc640 20 --2- 127.0.0.1:0/1520923114 >> v2:127.0.0.1:7114/0 conn(0x559fb586bc00 0x559fb5891080 crc :-1 s=THROTTLE_DISPATCH_QUEUE pgs=22 gs=1 cs=0 l=1 c_cookie=0 s_cookie=0 reconnecting=0 rev1=1 crypto rx=0 tx=0 comp rx=0 tx=0).throttle_dispatch_queue
2026-02-17T00:36:31.879+0000 7fb9907bc640 20 --2- 127.0.0.1:0/1520923114 >> v2:127.0.0.1:7114/0 conn(0x559fb586bc00 0x559fb5891080 crc :-1 s=THROTTLE_DONE pgs=22 gs=1 cs=0 l=1 c_cookie=0 s_cookie=0 reconnecting=0 rev1=1 crypto rx=0 tx=0 comp rx=0 tx=0).read_frame_segment seg_idx=0
2026-02-17T00:36:31.879+0000 7fb89c26b640 10 -- 127.0.0.1:0/1520923114 dispatch_throttle_release 25 to dispatch throttler 203/104857600
2026-02-17T00:36:31.879+0000 7fb9907bc640 20 -- 127.0.0.1:0/1520923114 >> v2:127.0.0.1:7114/0 conn(0x559fb586bc00 msgr2=0x559fb5891080 crc :-1 s=STATE_CONNECTION_ESTABLISHED l=1).read start len=45
2026-02-17T00:36:31.879+0000 7fb89c26b640 20 -- 127.0.0.1:0/1520923114 done calling dispatch on 0x559fb5901c00
2026-02-17T00:36:31.879+0000 7fb9907bc640 20 --2- 127.0.0.1:0/1520923114 >> v2:127.0.0.1:7114/0 conn(0x559fb586bc00 0x559fb5891080 crc :-1 s=THROTTLE_DONE pgs=22 gs=1 cs=0 l=1 c_cookie=0 s_cookie=0 reconnecting=0 rev1=1 crypto rx=0 tx=0 comp rx=0 tx=0).handle_read_frame_segment r=0
2026-02-17T00:36:31.879+0000 7fb9907bc640 20 --2- 127.0.0.1:0/1520923114 >> v2:127.0.0.1:7114/0 conn(0x559fb586bc00 0x559fb5891080 crc :-1 s=THROTTLE_DONE pgs=22 gs=1 cs=0 l=1 c_cookie=0 s_cookie=0 reconnecting=0 rev1=1 crypto rx=0 tx=0 comp rx=0 tx=0).read_frame_segment seg_idx=1
2026-02-17T00:36:31.879+0000 7fb9907bc640 20 -- 127.0.0.1:0/1520923114 >> v2:127.0.0.1:7114/0 conn(0x559fb586bc00 msgr2=0x559fb5891080 crc :-1 s=STATE_CONNECTION_ESTABLISHED l=1).read start len=178
2026-02-17T00:36:31.879+0000 7fb9907bc640 20 --2- 127.0.0.1:0/1520923114 >> v2:127.0.0.1:7114/0 conn(0x559fb586bc00 0x559fb5891080 crc :-1 s=THROTTLE_DONE pgs=22 gs=1 cs=0 l=1 c_cookie=0 s_cookie=0 reconnecting=0 rev1=1 crypto rx=0 tx=0 comp rx=0 tx=0).handle_read_frame_segment r=0
2026-02-17T00:36:31.879+0000 7fb9907bc640 20 -- 127.0.0.1:0/1520923114 >> v2:127.0.0.1:7114/0 conn(0x559fb586bc00 msgr2=0x559fb5891080 crc :-1 s=STATE_CONNECTION_ESTABLISHED l=1).read start len=13
2026-02-17T00:36:31.879+0000 7fb9907bc640 20 --2- 127.0.0.1:0/1520923114 >> v2:127.0.0.1:7114/0 conn(0x559fb586bc00 0x559fb5891080 crc :-1 s=THROTTLE_DONE pgs=22 gs=1 cs=0 l=1 c_cookie=0 s_cookie=0 reconnecting=0 rev1=1 crypto rx=0 tx=0 comp rx=0 tx=0).handle_read_frame_epilogue_main r=0
2026-02-17T00:36:31.879+0000 7fb9907bc640 10 --2- 127.0.0.1:0/1520923114 >> v2:127.0.0.1:7114/0 conn(0x559fb586bc00 0x559fb5891080 crc :-1 s=THROTTLE_DONE pgs=22 gs=1 cs=0 l=1 c_cookie=0 s_cookie=0 reconnecting=0 rev1=1 crypto rx=0 tx=0 comp rx=0 tx=0).handle_read_frame_dispatch tag=17
2026-02-17T00:36:31.879+0000 7fb8aba8a640 1 -- 127.0.0.1:0/1520923114 --> v2:127.0.0.1:7114/0 -- mon_subscribe({mgrmap=0+}) -- 0x559fb57a4780 con 0x559fb586bc00
2026-02-17T00:36:31.879+0000 7fb9907bc640 20 --2- 127.0.0.1:0/1520923114 >> v2:127.0.0.1:7114/0 conn(0x559fb586bc00 0x559fb5891080 crc :-1 s=THROTTLE_DONE pgs=22 gs=1 cs=0 l=1 c_cookie=0 s_cookie=0 reconnecting=0 rev1=1 crypto rx=0 tx=0 comp rx=0 tx=0).handle_message
2026-02-17T00:36:31.879+0000 7fb9907bc640 5 --2- 127.0.0.1:0/1520923114 >> v2:127.0.0.1:7114/0 conn(0x559fb586bc00 0x559fb5891080 crc :-1 s=THROTTLE_DONE pgs=22 gs=1 cs=0 l=1 c_cookie=0 s_cookie=0 reconnecting=0 rev1=1 crypto rx=0 tx=0 comp rx=0 tx=0).handle_message got 178 + 0 + 0 byte message. envelope type=4 src mon.0 off 0
2026-02-17T00:36:31.879+0000 7fb9907bc640 5 --2- 127.0.0.1:0/1520923114 >> v2:127.0.0.1:7114/0 conn(0x559fb586bc00 0x559fb5891080 crc :-1 s=READ_MESSAGE_COMPLETE pgs=22 gs=1 cs=0 l=1 c_cookie=0 s_cookie=0 reconnecting=0 rev1=1 crypto rx=0 tx=0 comp rx=0 tx=0).handle_message received message m=0x559fb596fa00 seq=3 from=mon.0 type=4 mon_map magic: 0
2026-02-17T00:36:31.879+0000 7fb8aba8a640 5 --2- 127.0.0.1:0/1520923114 >> v2:127.0.0.1:7114/0 conn(0x559fb586bc00 0x559fb5891080 crc :-1 s=READ_MESSAGE_COMPLETE pgs=22 gs=1 cs=0 l=1 c_cookie=0 s_cookie=0 reconnecting=0 rev1=1 crypto rx=0 tx=0 comp rx=0 tx=0).send_message enqueueing message m=0x559fb57a4780 type=15 mon_subscribe({mgrmap=0+})
2026-02-17T00:36:31.879+0000 7fb9907bc640 20 -- 127.0.0.1:0/1520923114 queue 0x559fb596fa00 prio 196
2026-02-17T00:36:31.879+0000 7fb9907bc640 20 --2- 127.0.0.1:0/1520923114 >> v2:127.0.0.1:7114/0 conn(0x559fb586bc00 0x559fb5891080 crc :-1 s=READY pgs=22 gs=1 cs=0 l=1 c_cookie=0 s_cookie=0 reconnecting=0 rev1=1 crypto rx=0 tx=0 comp rx=0 tx=0).read_frame
2026-02-17T00:36:31.879+0000 7fb9907bc640 20 -- 127.0.0.1:0/1520923114 >> v2:127.0.0.1:7114/0 conn(0x559fb586bc00 msgr2=0x559fb5891080 crc :-1 s=STATE_CONNECTION_ESTABLISHED l=1).read start len=32
2026-02-17T00:36:31.879+0000 7fb8aba8a640 15 --2- 127.0.0.1:0/1520923114 >> v2:127.0.0.1:7114/0 conn(0x559fb586bc00 0x559fb5891080 crc :-1 s=READY pgs=22 gs=1 cs=0 l=1 c_cookie=0 s_cookie=0 reconnecting=0 rev1=1 crypto rx=0 tx=0 comp rx=0 tx=0).send_message message queued for async transmission m=0x559fb57a4780
2026-02-17T00:36:31.879+0000 7fb8aba8a640 20 Event(0x559fabb3c508 nevent=5000 time_id=5).wakeup
2026-02-17T00:36:31.879+0000 7fb9907bc640 10 -- 127.0.0.1:0/1520923114 >> v2:127.0.0.1:7114/0 conn(0x559fb586bc00 msgr2=0x559fb5891080 crc :-1 s=STATE_CONNECTION_ESTABLISHED l=1).handle_write
2026-02-17T00:36:31.879+0000 7fb9907bc640 10 --2- 127.0.0.1:0/1520923114 >> v2:127.0.0.1:7114/0 conn(0x559fb586bc00 0x559fb5891080 crc :-1 s=READY pgs=22 gs=1 cs=0 l=1 c_cookie=0 s_cookie=0 reconnecting=0 rev1=1 crypto rx=0 tx=0 comp rx=0 tx=0).write_event
2026-02-17T00:36:31.879+0000 7fb89c26b640 1 -- 127.0.0.1:0/1520923114 <== mon.0 v2:127.0.0.1:7114/0 3 ==== mon_map magic: 0 ==== 178+0+0 (crc 0 0 0) 0x559fb596fa00 con 0x559fb586bc00
2026-02-17T00:36:31.879+0000 7fb9907bc640 20 --2- 127.0.0.1:0/1520923114 >> v2:127.0.0.1:7114/0 conn(0x559fb586bc00 0x559fb5891080 crc :-1 s=READY pgs=22 gs=1 cs=0 l=1 c_cookie=0 s_cookie=0 reconnecting=0 rev1=1 crypto rx=0 tx=0 comp rx=0 tx=0).prepare_send_message m=mon_subscribe({mgrmap=0+})
2026-02-17T00:36:31.879+0000 7fb9907bc640 20 --2- 127.0.0.1:0/1520923114 >> v2:127.0.0.1:7114/0 conn(0x559fb586bc00 0x559fb5891080 crc :-1 s=READY pgs=22 gs=1 cs=0 l=1 c_cookie=0 s_cookie=0 reconnecting=0 rev1=1 crypto rx=0 tx=0 comp rx=0 tx=0).prepare_send_message encoding features 4544132024016699391 0x559fb57a4780 mon_subscribe({mgrmap=0+})
2026-02-17T00:36:31.879+0000 7fb9907bc640 2 --2- 127.0.0.1:0/1520923114 >> v2:127.0.0.1:7114/0 conn(0x559fb586bc00 0x559fb5891080 crc :-1 s=READY pgs=22 gs=1 cs=0 l=1 c_cookie=0 s_cookie=0 reconnecting=0 rev1=1 crypto rx=0 tx=0 comp rx=0 tx=0).write_message sending message m=0x559fb57a4780 seq=3 mon_subscribe({mgrmap=0+})
2026-02-17T00:36:31.879+0000 7fb9907bc640 20 --2- 127.0.0.1:0/1520923114 >> v2:127.0.0.1:7114/0 conn(0x559fb586bc00 0x559fb5891080 crc :-1 s=READY pgs=22 gs=1 cs=0 l=1 c_cookie=0 s_cookie=0 reconnecting=0 rev1=1 crypto rx=0 tx=0 comp rx=0 tx=0).write_message sending m=0x559fb57a4780 seq=3 src=client.4117 off=0
2026-02-17T00:36:31.879+0000 7fb89c26b640 10 -- 127.0.0.1:0/1520923114 dispatch_throttle_release 178 to dispatch throttler 178/104857600
2026-02-17T00:36:31.879+0000 7fb89c26b640 20 -- 127.0.0.1:0/1520923114 done calling dispatch on 0x559fb596fa00
2026-02-17T00:36:31.879+0000 7fb9907bc640 10 -- 127.0.0.1:0/1520923114 >> v2:127.0.0.1:7114/0 conn(0x559fb586bc00 msgr2=0x559fb5891080 crc :-1 s=STATE_CONNECTION_ESTABLISHED l=1)._try_send sent bytes 125 remaining bytes 0
2026-02-17T00:36:31.879+0000 7fb9907bc640 10 --2- 127.0.0.1:0/1520923114 >> v2:127.0.0.1:7114/0 conn(0x559fb586bc00 0x559fb5891080 crc :-1 s=READY pgs=22 gs=1 cs=0 l=1 c_cookie=0 s_cookie=0 reconnecting=0 rev1=1 crypto rx=0 tx=0 comp rx=0 tx=0).write_message sending 0x559fb57a4780 done.
2026-02-17T00:36:31.879+0000 7fb8aba8a640 10 client.4117.objecter _maybe_request_map subscribing (onetime) to next osd map
2026-02-17T00:36:31.879+0000 7fb8aba8a640 1 -- 127.0.0.1:0/1520923114 --> v2:127.0.0.1:7114/0 -- mon_subscribe({osdmap=0}) -- 0x559fb575fc20 con 0x559fb586bc00
2026-02-17T00:36:31.879+0000 7fb8aba8a640 5 --2- 127.0.0.1:0/1520923114 >> v2:127.0.0.1:7114/0 conn(0x559fb586bc00 0x559fb5891080 crc :-1 s=READY pgs=22 gs=1 cs=0 l=1 c_cookie=0 s_cookie=0 reconnecting=0 rev1=1 crypto rx=0 tx=0 comp rx=0 tx=0).send_message enqueueing message m=0x559fb575fc20 type=15 mon_subscribe({osdmap=0})
2026-02-17T00:36:31.879+0000 7fb8aba8a640 15 --2- 127.0.0.1:0/1520923114 >> v2:127.0.0.1:7114/0 conn(0x559fb586bc00 0x559fb5891080 crc :-1 s=READY pgs=22 gs=1 cs=0 l=1 c_cookie=0 s_cookie=0 reconnecting=0 rev1=1 crypto rx=0 tx=0 comp rx=0 tx=0).send_message message queued for async transmission m=0x559fb575fc20
2026-02-17T00:36:31.879+0000 7fb8aba8a640 20 Event(0x559fabb3c508 nevent=5000 time_id=5).wakeup
2026-02-17T00:36:31.879+0000 7fb9907bc640 10 -- 127.0.0.1:0/1520923114 >> v2:127.0.0.1:7114/0 conn(0x559fb586bc00 msgr2=0x559fb5891080 crc :-1 s=STATE_CONNECTION_ESTABLISHED l=1).handle_write
2026-02-17T00:36:31.879+0000 7fb9907bc640 10 --2- 127.0.0.1:0/1520923114 >> v2:127.0.0.1:7114/0 conn(0x559fb586bc00 0x559fb5891080 crc :-1 s=READY pgs=22 gs=1 cs=0 l=1 c_cookie=0 s_cookie=0 reconnecting=0 rev1=1 crypto rx=0 tx=0 comp rx=0 tx=0).write_event
2026-02-17T00:36:31.879+0000 7fb9907bc640 20 --2- 127.0.0.1:0/1520923114 >> v2:127.0.0.1:7114/0 conn(0x559fb586bc00 0x559fb5891080 crc :-1 s=READY pgs=22 gs=1 cs=0 l=1 c_cookie=0 s_cookie=0 reconnecting=0 rev1=1 crypto rx=0 tx=0 comp rx=0 tx=0).prepare_send_message m=mon_subscribe({osdmap=0})
2026-02-17T00:36:31.879+0000 7fb9907bc640 20 --2- 127.0.0.1:0/1520923114 >> v2:127.0.0.1:7114/0 conn(0x559fb586bc00 0x559fb5891080 crc :-1 s=READY pgs=22 gs=1 cs=0 l=1 c_cookie=0 s_cookie=0 reconnecting=0 rev1=1 crypto rx=0 tx=0 comp rx=0 tx=0).prepare_send_message encoding features 4544132024016699391 0x559fb575fc20 mon_subscribe({osdmap=0})
2026-02-17T00:36:31.879+0000 7fb9907bc640 2 --2- 127.0.0.1:0/1520923114 >> v2:127.0.0.1:7114/0 conn(0x559fb586bc00 0x559fb5891080 crc :-1 s=READY pgs=22 gs=1 cs=0 l=1 c_cookie=0 s_cookie=0 reconnecting=0 rev1=1 crypto rx=0 tx=0 comp rx=0 tx=0).write_message sending message m=0x559fb575fc20 seq=4 mon_subscribe({osdmap=0})
2026-02-17T00:36:31.879+0000 7fb9907bc640 20 --2- 127.0.0.1:0/1520923114 >> v2:127.0.0.1:7114/0 conn(0x559fb586bc00 0x559fb5891080 crc :-1 s=READY pgs=22 gs=1 cs=0 l=1 c_cookie=0 s_cookie=0 reconnecting=0 rev1=1 crypto rx=0 tx=0 comp rx=0 tx=0).write_message sending m=0x559fb575fc20 seq=4 src=client.4117 off=0
2026-02-17T00:36:31.879+0000 7fb9907bc640 10 -- 127.0.0.1:0/1520923114 >> v2:127.0.0.1:7114/0 conn(0x559fb586bc00 msgr2=0x559fb5891080 crc :-1 s=STATE_CONNECTION_ESTABLISHED l=1)._try_send sent bytes 125 remaining bytes 0
2026-02-17T00:36:31.879+0000 7fb9907bc640 10 --2- 127.0.0.1:0/1520923114 >> v2:127.0.0.1:7114/0 conn(0x559fb586bc00 0x559fb5891080 crc :-1 s=READY pgs=22 gs=1 cs=0 l=1 c_cookie=0 s_cookie=0 reconnecting=0 rev1=1 crypto rx=0 tx=0 comp rx=0 tx=0).write_message sending 0x559fb575fc20 done.
2026-02-17T00:36:31.879+0000 7fb8aba8a640 7 mgr register_client registering msgr client handle v2:127.0.0.1:0/1520923114 (replace=0)
2026-02-17T00:36:31.879+0000 7fb9907bc640 20 -- 127.0.0.1:0/1520923114 >> v2:127.0.0.1:7114/0 conn(0x559fb586bc00 msgr2=0x559fb5891080 crc :-1 s=STATE_CONNECTION_ESTABLISHED l=1).process
2026-02-17T00:36:31.879+0000 7fb9907bc640 20 -- 127.0.0.1:0/1520923114 >> v2:127.0.0.1:7114/0 conn(0x559fb586bc00 msgr2=0x559fb5891080 crc :-1 s=STATE_CONNECTION_ESTABLISHED l=1).read continue len=32
2026-02-17T00:36:31.879+0000 7fb89a267640 0 [rbd_support INFO root] recovery thread starting
2026-02-17T00:36:31.879+0000 7fb9907bc640 20 --2- 127.0.0.1:0/1520923114 >> v2:127.0.0.1:7114/0 conn(0x559fb586bc00 0x559fb5891080 crc :-1 s=READY pgs=22 gs=1 cs=0 l=1 c_cookie=0 s_cookie=0 reconnecting=0 rev1=1 crypto rx=0 tx=0 comp rx=0 tx=0).handle_read_frame_preamble_main r=0
2026-02-17T00:36:31.879+0000 7fb9907bc640 20 --2- 127.0.0.1:0/1520923114 >> v2:127.0.0.1:7114/0 conn(0x559fb586bc00 0x559fb5891080 crc :-1 s=THROTTLE_MESSAGE pgs=22 gs=1 cs=0 l=1 c_cookie=0 s_cookie=0 reconnecting=0 rev1=1 crypto rx=0 tx=0 comp rx=0 tx=0).throttle_message
2026-02-17T00:36:31.879+0000 7fb9907bc640 20 --2- 127.0.0.1:0/1520923114 >> v2:127.0.0.1:7114/0 conn(0x559fb586bc00 0x559fb5891080 crc :-1 s=THROTTLE_BYTES pgs=22 gs=1 cs=0 l=1 c_cookie=0 s_cookie=0 reconnecting=0 rev1=1 crypto rx=0 tx=0 comp rx=0 tx=0).throttle_bytes
2026-02-17T00:36:31.879+0000 7fb9907bc640 20 --2- 127.0.0.1:0/1520923114 >> v2:127.0.0.1:7114/0 conn(0x559fb586bc00 0x559fb5891080 crc :-1 s=THROTTLE_DISPATCH_QUEUE pgs=22 gs=1 cs=0 l=1 c_cookie=0 s_cookie=0 reconnecting=0 rev1=1 crypto rx=0 tx=0 comp rx=0 tx=0).throttle_dispatch_queue
2026-02-17T00:36:31.879+0000 7fb9907bc640 20 --2- 127.0.0.1:0/1520923114 >> v2:127.0.0.1:7114/0 conn(0x559fb586bc00 0x559fb5891080 crc :-1 s=THROTTLE_DONE pgs=22 gs=1 cs=0 l=1 c_cookie=0 s_cookie=0 reconnecting=0 rev1=1 crypto rx=0 tx=0 comp rx=0 tx=0).read_frame_segment seg_idx=0
2026-02-17T00:36:31.879+0000 7fb9907bc640 20 -- 127.0.0.1:0/1520923114 >> v2:127.0.0.1:7114/0 conn(0x559fb586bc00 msgr2=0x559fb5891080 crc :-1 s=STATE_CONNECTION_ESTABLISHED l=1).read start len=45
2026-02-17T00:36:31.879+0000 7fb9907bc640 20 --2- 127.0.0.1:0/1520923114 >> v2:127.0.0.1:7114/0 conn(0x559fb586bc00 0x559fb5891080 crc :-1 s=THROTTLE_DONE pgs=22 gs=1 cs=0 l=1 c_cookie=0 s_cookie=0 reconnecting=0 rev1=1 crypto rx=0 tx=0 comp rx=0 tx=0).handle_read_frame_segment r=0
2026-02-17T00:36:31.879+0000 7fb89a267640 0 [rbd_support INFO root] starting setup
2026-02-17T00:36:31.879+0000 7fb9907bc640 20 --2- 127.0.0.1:0/1520923114 >> v2:127.0.0.1:7114/0 conn(0x559fb586bc00 0x559fb5891080 crc :-1 s=THROTTLE_DONE pgs=22 gs=1 cs=0 l=1 c_cookie=0 s_cookie=0 reconnecting=0 rev1=1 crypto rx=0 tx=0 comp rx=0 tx=0).read_frame_segment seg_idx=1
2026-02-17T00:36:31.879+0000 7fb9907bc640 20 -- 127.0.0.1:0/1520923114 >> v2:127.0.0.1:7114/0 conn(0x559fb586bc00 msgr2=0x559fb5891080 crc :-1 s=STATE_CONNECTION_ESTABLISHED l=1).read start len=53657
2026-02-17T00:36:31.879+0000 7fb9907bc640 20 --2- 127.0.0.1:0/1520923114 >> v2:127.0.0.1:7114/0 conn(0x559fb586bc00 0x559fb5891080 crc :-1 s=THROTTLE_DONE pgs=22 gs=1 cs=0 l=1 c_cookie=0 s_cookie=0 reconnecting=0 rev1=1 crypto rx=0 tx=0 comp rx=0 tx=0).handle_read_frame_segment r=0
2026-02-17T00:36:31.879+0000 7fb9907bc640 20 -- 127.0.0.1:0/1520923114 >> v2:127.0.0.1:7114/0 conn(0x559fb586bc00 msgr2=0x559fb5891080 crc :-1 s=STATE_CONNECTION_ESTABLISHED l=1).read start len=13
2026-02-17T00:36:31.879+0000 7fb9907bc640 20 --2- 127.0.0.1:0/1520923114 >> v2:127.0.0.1:7114/0 conn(0x559fb586bc00 0x559fb5891080 crc :-1 s=THROTTLE_DONE pgs=22 gs=1 cs=0 l=1 c_cookie=0 s_cookie=0 reconnecting=0 rev1=1 crypto rx=0 tx=0 comp rx=0 tx=0).handle_read_frame_epilogue_main r=0
2026-02-17T00:36:31.879+0000 7fb9907bc640 10 --2- 127.0.0.1:0/1520923114 >> v2:127.0.0.1:7114/0 conn(0x559fb586bc00 0x559fb5891080 crc :-1 s=THROTTLE_DONE pgs=22 gs=1 cs=0 l=1 c_cookie=0 s_cookie=0 reconnecting=0 rev1=1 crypto rx=0 tx=0 comp rx=0 tx=0).handle_read_frame_dispatch tag=17
2026-02-17T00:36:31.879+0000 7fb8aba8a640 1 mgr load Constructed class from module: rbd_support
2026-02-17T00:36:31.879+0000 7fb9907bc640 20 --2- 127.0.0.1:0/1520923114 >> v2:127.0.0.1:7114/0 conn(0x559fb586bc00 0x559fb5891080 crc :-1 s=THROTTLE_DONE pgs=22 gs=1 cs=0 l=1 c_cookie=0 s_cookie=0 reconnecting=0 rev1=1 crypto rx=0 tx=0 comp rx=0 tx=0).handle_message
2026-02-17T00:36:31.879+0000 7fb8aba8a640 20 mgr ~Gil Destroying new thread state 0x559fb5828fc0
2026-02-17T00:36:31.879+0000 7fb89a267640 1 -- 127.0.0.1:0/1520923114 --> v2:127.0.0.1:7114/0 -- mon_get_version(what=osdmap handle=1) -- 0x559fb596fd40 con 0x559fb586bc00
2026-02-17T00:36:31.879+0000 7fb9907bc640 5 --2- 127.0.0.1:0/1520923114 >> v2:127.0.0.1:7114/0 conn(0x559fb586bc00 0x559fb5891080 crc :-1 s=THROTTLE_DONE pgs=22 gs=1 cs=0 l=1 c_cookie=0 s_cookie=0 reconnecting=0 rev1=1 crypto rx=0 tx=0 comp rx=0 tx=0).handle_message got 53657 + 0 + 0 byte message. envelope type=1796 src mon.0 off 0
2026-02-17T00:36:31.879+0000 7fb89a267640 5 --2- 127.0.0.1:0/1520923114 >> v2:127.0.0.1:7114/0 conn(0x559fb586bc00 0x559fb5891080 crc :-1 s=THROTTLE_DONE pgs=22 gs=1 cs=0 l=1 c_cookie=0 s_cookie=0 reconnecting=0 rev1=1 crypto rx=0 tx=0 comp rx=0 tx=0).send_message enqueueing message m=0x559fb596fd40 type=19 mon_get_version(what=osdmap handle=1)
2026-02-17T00:36:31.879+0000 7fb8aba8a640 4 mgr operator() Starting thread for rbd_support
2026-02-17T00:36:31.879+0000 7fb89a267640 15 --2- 127.0.0.1:0/1520923114 >> v2:127.0.0.1:7114/0 conn(0x559fb586bc00 0x559fb5891080 crc :-1 s=THROTTLE_DONE pgs=22 gs=1 cs=0 l=1 c_cookie=0 s_cookie=0 reconnecting=0 rev1=1 crypto rx=0 tx=0 comp rx=0 tx=0).send_message message queued for async transmission m=0x559fb596fd40
2026-02-17T00:36:31.879+0000 7fb89a267640 20 Event(0x559fabb3c508 nevent=5000 time_id=5).wakeup
2026-02-17T00:36:31.879+0000 7fb8aba8a640 4 mgr operator() Starting active module rbd_support finisher thread m-fin-rbd_suppo
2026-02-17T00:36:31.879+0000 7fb899a66640 4 mgr entry Entering thread for rbd_support
2026-02-17T00:36:31.879+0000 7fb899a66640 20 mgr Gil Switched to new thread state 0x559fb58286c0
2026-02-17T00:36:31.879+0000 7fb899a66640 20 mgr ~Gil Destroying new thread state 0x559fb58286c0
2026-02-17T00:36:31.879+0000 7fb8aba8a640 20 mgr Gil Switched to new thread state 0x559fb5828fc0
2026-02-17T00:36:31.879+0000 7fb8aba8a640 10 ceph_option_get debug_mgr found: 20/20
2026-02-17T00:36:31.879+0000 7fb8aba8a640 20 mgr get_config key: mgr/status/log_level
2026-02-17T00:36:31.879+0000 7fb8aba8a640 10 mgr get_typed_config log_level not found
2026-02-17T00:36:31.879+0000 7fb8aba8a640 20 mgr get_config key: mgr/status/log_to_cluster_level
2026-02-17T00:36:31.879+0000 7fb8aba8a640 10 mgr get_typed_config log_to_cluster_level not found
2026-02-17T00:36:31.879+0000 7fb8aba8a640 20 mgr get_config key: mgr/status/log_to_file
2026-02-17T00:36:31.879+0000 7fb8aba8a640 10 mgr get_typed_config log_to_file not found
2026-02-17T00:36:31.879+0000 7fb8aba8a640 20 mgr get_config key: mgr/status/log_to_cluster
2026-02-17T00:36:31.879+0000 7fb8aba8a640 10 mgr get_typed_config log_to_cluster not found
2026-02-17T00:36:31.879+0000 7fb8aba8a640 10 ceph_option_get log_file found: td/osd-backfill-prio/mgr.x.log
2026-02-17T00:36:31.879+0000 7fb9907bc640 5 --2- 127.0.0.1:0/1520923114 >> v2:127.0.0.1:7114/0 conn(0x559fb586bc00 0x559fb5891080 crc :-1 s=READ_MESSAGE_COMPLETE pgs=22 gs=1 cs=0 l=1 c_cookie=0 s_cookie=0 reconnecting=0 rev1=1 crypto rx=0 tx=0 comp rx=0 tx=0).handle_message received message m=0x559fb5837c00 seq=4 from=mon.0 type=1796 mgrmap(e 2)
2026-02-17T00:36:31.879+0000 7fb9907bc640 20 -- 127.0.0.1:0/1520923114 queue 0x559fb5837c00 prio 196
2026-02-17T00:36:31.879+0000 7fb9907bc640 20 --2- 127.0.0.1:0/1520923114 >> v2:127.0.0.1:7114/0 conn(0x559fb586bc00 0x559fb5891080 crc :-1 s=READY pgs=22 gs=1 cs=0 l=1 c_cookie=0 s_cookie=0 reconnecting=0 rev1=1 crypto rx=0 tx=0 comp rx=0 tx=0).read_frame
2026-02-17T00:36:31.879+0000 7fb9907bc640 20 -- 127.0.0.1:0/1520923114 >> v2:127.0.0.1:7114/0 conn(0x559fb586bc00 msgr2=0x559fb5891080 crc :-1 s=STATE_CONNECTION_ESTABLISHED l=1).read start len=32
2026-02-17T00:36:31.879+0000 7fb9907bc640 20 --2- 127.0.0.1:0/1520923114 >> v2:127.0.0.1:7114/0 conn(0x559fb586bc00 0x559fb5891080 crc :-1 s=READY pgs=22 gs=1 cs=0 l=1 c_cookie=0 s_cookie=0 reconnecting=0 rev1=1 crypto rx=0 tx=0 comp rx=0 tx=0).handle_read_frame_preamble_main r=0
2026-02-17T00:36:31.879+0000 7fb89c26b640 1 -- 127.0.0.1:0/1520923114 <== mon.0 v2:127.0.0.1:7114/0 4 ==== mgrmap(e 2) ==== 53657+0+0 (crc 0 0 0) 0x559fb5837c00 con 0x559fb586bc00
2026-02-17T00:36:31.879+0000 7fb9907bc640 20 --2- 127.0.0.1:0/1520923114 >> v2:127.0.0.1:7114/0 conn(0x559fb586bc00 0x559fb5891080 crc :-1 s=THROTTLE_MESSAGE pgs=22 gs=1 cs=0 l=1 c_cookie=0 s_cookie=0 reconnecting=0 rev1=1 crypto rx=0 tx=0 comp rx=0 tx=0).throttle_message
2026-02-17T00:36:31.879+0000 7fb9907bc640 20 --2- 127.0.0.1:0/1520923114 >> v2:127.0.0.1:7114/0 conn(0x559fb586bc00 0x559fb5891080 crc :-1 s=THROTTLE_BYTES pgs=22 gs=1 cs=0 l=1 c_cookie=0 s_cookie=0 reconnecting=0 rev1=1 crypto rx=0 tx=0 comp rx=0 tx=0).throttle_bytes
2026-02-17T00:36:31.879+0000 7fb9907bc640 20 --2- 127.0.0.1:0/1520923114 >> v2:127.0.0.1:7114/0 conn(0x559fb586bc00 0x559fb5891080 crc :-1 s=THROTTLE_DISPATCH_QUEUE pgs=22 gs=1 cs=0 l=1 c_cookie=0 s_cookie=0 reconnecting=0 rev1=1 crypto rx=0 tx=0 comp rx=0 tx=0).throttle_dispatch_queue
2026-02-17T00:36:31.879+0000 7fb9907bc640 20 --2- 127.0.0.1:0/1520923114 >> v2:127.0.0.1:7114/0 conn(0x559fb586bc00 0x559fb5891080 crc :-1 s=THROTTLE_DONE pgs=22 gs=1 cs=0 l=1 c_cookie=0 s_cookie=0 reconnecting=0 rev1=1 crypto rx=0 tx=0 comp rx=0 tx=0).read_frame_segment seg_idx=0
2026-02-17T00:36:31.879+0000 7fb9907bc640 20 -- 127.0.0.1:0/1520923114 >> v2:127.0.0.1:7114/0 conn(0x559fb586bc00 msgr2=0x559fb5891080 crc :-1 s=STATE_CONNECTION_ESTABLISHED l=1).read start len=45
2026-02-17T00:36:31.879+0000 7fb9907bc640 20 --2- 127.0.0.1:0/1520923114 >> v2:127.0.0.1:7114/0 conn(0x559fb586bc00 0x559fb5891080 crc :-1 s=THROTTLE_DONE pgs=22 gs=1 cs=0 l=1 c_cookie=0 s_cookie=0 reconnecting=0 rev1=1 crypto rx=0 tx=0 comp rx=0 tx=0).handle_read_frame_segment r=0
2026-02-17T00:36:31.879+0000 7fb9907bc640 20 --2- 127.0.0.1:0/1520923114 >> v2:127.0.0.1:7114/0 conn(0x559fb586bc00 0x559fb5891080 crc :-1 s=THROTTLE_DONE pgs=22 gs=1 cs=0 l=1 c_cookie=0 s_cookie=0 reconnecting=0 rev1=1 crypto rx=0 tx=0 comp rx=0 tx=0).read_frame_segment seg_idx=1
2026-02-17T00:36:31.879+0000 7fb9907bc640 20 -- 127.0.0.1:0/1520923114 >> v2:127.0.0.1:7114/0 conn(0x559fb586bc00 msgr2=0x559fb5891080 crc :-1 s=STATE_CONNECTION_ESTABLISHED l=1).read start len=1299
2026-02-17T00:36:31.879+0000 7fb9907bc640 20 --2- 127.0.0.1:0/1520923114 >> v2:127.0.0.1:7114/0 conn(0x559fb586bc00 0x559fb5891080 crc :-1 s=THROTTLE_DONE pgs=22 gs=1 cs=0 l=1 c_cookie=0 s_cookie=0 reconnecting=0 rev1=1 crypto rx=0 tx=0 comp rx=0 tx=0).handle_read_frame_segment r=0
2026-02-17T00:36:31.879+0000 7fb9907bc640 20 -- 127.0.0.1:0/1520923114 >> v2:127.0.0.1:7114/0 conn(0x559fb586bc00 msgr2=0x559fb5891080 crc :-1 s=STATE_CONNECTION_ESTABLISHED l=1).read start len=13
2026-02-17T00:36:31.879+0000 7fb9907bc640 20 --2- 127.0.0.1:0/1520923114 >> v2:127.0.0.1:7114/0 conn(0x559fb586bc00 0x559fb5891080 crc :-1 s=THROTTLE_DONE pgs=22 gs=1 cs=0 l=1 c_cookie=0 s_cookie=0 reconnecting=0 rev1=1 crypto rx=0 tx=0 comp rx=0 tx=0).handle_read_frame_epilogue_main r=0
2026-02-17T00:36:31.879+0000 7fb9907bc640 10 --2- 127.0.0.1:0/1520923114 >> v2:127.0.0.1:7114/0 conn(0x559fb586bc00 0x559fb5891080 crc :-1 s=THROTTLE_DONE pgs=22 gs=1 cs=0 l=1 c_cookie=0 s_cookie=0 reconnecting=0 rev1=1 crypto rx=0 tx=0 comp rx=0 tx=0).handle_read_frame_dispatch tag=17
2026-02-17T00:36:31.879+0000 7fb9907bc640 20 --2- 127.0.0.1:0/1520923114 >> v2:127.0.0.1:7114/0 conn(0x559fb586bc00 0x559fb5891080 crc :-1 s=THROTTLE_DONE pgs=22 gs=1 cs=0 l=1 c_cookie=0 s_cookie=0 reconnecting=0 rev1=1 crypto rx=0 tx=0 comp rx=0 tx=0).handle_message
2026-02-17T00:36:31.879+0000 7fb9907bc640 5 --2- 127.0.0.1:0/1520923114 >> v2:127.0.0.1:7114/0 conn(0x559fb586bc00 0x559fb5891080 crc :-1 s=THROTTLE_DONE pgs=22 gs=1 cs=0 l=1 c_cookie=0 s_cookie=0 reconnecting=0 rev1=1 crypto rx=0 tx=0 comp rx=0 tx=0).handle_message got 1299 + 0 + 0 byte message. envelope type=41 src mon.0 off 0
2026-02-17T00:36:31.879+0000 7fb9907bc640 5 --2- 127.0.0.1:0/1520923114 >> v2:127.0.0.1:7114/0 conn(0x559fb586bc00 0x559fb5891080 crc :-1 s=READ_MESSAGE_COMPLETE pgs=22 gs=1 cs=0 l=1 c_cookie=0 s_cookie=0 reconnecting=0 rev1=1 crypto rx=0 tx=0 comp rx=0 tx=0).handle_message received message m=0x559fabbf3600 seq=5 from=mon.0 type=41 osd_map(5..5 src has 1..5)
2026-02-17T00:36:31.879+0000 7fb9907bc640 20 -- 127.0.0.1:0/1520923114 queue 0x559fabbf3600 prio 196
2026-02-17T00:36:31.879+0000 7fb9907bc640 20 --2- 127.0.0.1:0/1520923114 >> v2:127.0.0.1:7114/0 conn(0x559fb586bc00 0x559fb5891080 crc :-1 s=READY pgs=22 gs=1 cs=0 l=1 c_cookie=0 s_cookie=0 reconnecting=0 rev1=1 crypto rx=0 tx=0 comp rx=0 tx=0).read_frame
2026-02-17T00:36:31.879+0000 7fb9907bc640 20 -- 127.0.0.1:0/1520923114 >> v2:127.0.0.1:7114/0 conn(0x559fb586bc00 msgr2=0x559fb5891080 crc :-1 s=STATE_CONNECTION_ESTABLISHED l=1).read start len=32
2026-02-17T00:36:31.879+0000 7fb9907bc640 10 -- 127.0.0.1:0/1520923114 >> v2:127.0.0.1:7114/0 conn(0x559fb586bc00 msgr2=0x559fb5891080 crc :-1 s=STATE_CONNECTION_ESTABLISHED l=1).handle_write
2026-02-17T00:36:31.879+0000 7fb9907bc640 10 --2- 127.0.0.1:0/1520923114 >> v2:127.0.0.1:7114/0 conn(0x559fb586bc00 0x559fb5891080 crc :-1 s=READY pgs=22 gs=1 cs=0 l=1 c_cookie=0 s_cookie=0 reconnecting=0 rev1=1 crypto rx=0 tx=0 comp rx=0 tx=0).write_event
2026-02-17T00:36:31.879+0000 7fb9907bc640 20 --2- 127.0.0.1:0/1520923114 >> v2:127.0.0.1:7114/0 conn(0x559fb586bc00 0x559fb5891080 crc :-1 s=READY pgs=22 gs=1 cs=0 l=1 c_cookie=0 s_cookie=0 reconnecting=0 rev1=1 crypto rx=0 tx=0 comp rx=0 tx=0).prepare_send_message m=mon_get_version(what=osdmap handle=1)
2026-02-17T00:36:31.879+0000 7fb9907bc640 20 --2- 127.0.0.1:0/1520923114 >> v2:127.0.0.1:7114/0 conn(0x559fb586bc00 0x559fb5891080 crc :-1 s=READY pgs=22 gs=1 cs=0 l=1 c_cookie=0 s_cookie=0 reconnecting=0 rev1=1 crypto rx=0 tx=0 comp rx=0 tx=0).prepare_send_message encoding features 4544132024016699391 0x559fb596fd40 mon_get_version(what=osdmap handle=1)
2026-02-17T00:36:31.879+0000 7fb9907bc640 2 --2- 127.0.0.1:0/1520923114 >> v2:127.0.0.1:7114/0 conn(0x559fb586bc00 0x559fb5891080 crc :-1 s=READY pgs=22 gs=1 cs=0 l=1 c_cookie=0 s_cookie=0 reconnecting=0 rev1=1 crypto rx=0 tx=0 comp rx=0 tx=0).write_message sending message m=0x559fb596fd40 seq=5 mon_get_version(what=osdmap handle=1)
2026-02-17T00:36:31.879+0000 7fb9907bc640 20 --2- 127.0.0.1:0/1520923114 >> v2:127.0.0.1:7114/0 conn(0x559fb586bc00 0x559fb5891080 crc :-1 s=READY pgs=22 gs=1 cs=0 l=1 c_cookie=0 s_cookie=0 reconnecting=0 rev1=1 crypto rx=0 tx=0 comp rx=0 tx=0).write_message sending m=0x559fb596fd40 seq=5 src=client.4117 off=0
2026-02-17T00:36:31.879+0000 7fb9907bc640 10 -- 127.0.0.1:0/1520923114 >> v2:127.0.0.1:7114/0 conn(0x559fb586bc00 msgr2=0x559fb5891080 crc :-1 s=STATE_CONNECTION_ESTABLISHED l=1)._try_send sent bytes 108 remaining bytes 0
2026-02-17T00:36:31.879+0000 7fb9907bc640 10 --2- 127.0.0.1:0/1520923114 >> v2:127.0.0.1:7114/0 conn(0x559fb586bc00 0x559fb5891080 crc :-1 s=READY pgs=22 gs=1 cs=0 l=1 c_cookie=0 s_cookie=0 reconnecting=0 rev1=1 crypto rx=0 tx=0 comp rx=0 tx=0).write_message sending 0x559fb596fd40 done.
2026-02-17T00:36:31.879+0000 7fb9907bc640 20 -- 127.0.0.1:0/1520923114 >> v2:127.0.0.1:7114/0 conn(0x559fb586bc00 msgr2=0x559fb5891080 crc :-1 s=STATE_CONNECTION_ESTABLISHED l=1).process
2026-02-17T00:36:31.879+0000 7fb9907bc640 20 -- 127.0.0.1:0/1520923114 >> v2:127.0.0.1:7114/0 conn(0x559fb586bc00 msgr2=0x559fb5891080 crc :-1 s=STATE_CONNECTION_ESTABLISHED l=1).read continue len=32
2026-02-17T00:36:31.879+0000 7fb9907bc640 20 --2- 127.0.0.1:0/1520923114 >> v2:127.0.0.1:7114/0 conn(0x559fb586bc00 0x559fb5891080 crc :-1 s=READY pgs=22 gs=1 cs=0 l=1 c_cookie=0 s_cookie=0 reconnecting=0 rev1=1 crypto rx=0 tx=0 comp rx=0 tx=0).handle_read_frame_preamble_main r=0
2026-02-17T00:36:31.879+0000 7fb9907bc640 20 --2- 127.0.0.1:0/1520923114 >> v2:127.0.0.1:7114/0 conn(0x559fb586bc00 0x559fb5891080 crc :-1 s=THROTTLE_MESSAGE pgs=22 gs=1 cs=0 l=1 c_cookie=0 s_cookie=0 reconnecting=0 rev1=1 crypto rx=0 tx=0 comp rx=0 tx=0).throttle_message
2026-02-17T00:36:31.879+0000 7fb9907bc640 20 --2- 127.0.0.1:0/1520923114 >> v2:127.0.0.1:7114/0 conn(0x559fb586bc00 0x559fb5891080 crc :-1 s=THROTTLE_BYTES pgs=22 gs=1 cs=0 l=1 c_cookie=0 s_cookie=0 reconnecting=0 rev1=1 crypto rx=0 tx=0 comp rx=0 tx=0).throttle_bytes
2026-02-17T00:36:31.879+0000 7fb9907bc640 20 --2- 127.0.0.1:0/1520923114 >> v2:127.0.0.1:7114/0 conn(0x559fb586bc00 0x559fb5891080 crc :-1 s=THROTTLE_DISPATCH_QUEUE pgs=22 gs=1 cs=0 l=1 c_cookie=0 s_cookie=0 reconnecting=0 rev1=1 crypto rx=0 tx=0 comp rx=0 tx=0).throttle_dispatch_queue
2026-02-17T00:36:31.879+0000 7fb9907bc640 20 --2- 127.0.0.1:0/1520923114 >> v2:127.0.0.1:7114/0 conn(0x559fb586bc00 0x559fb5891080 crc :-1 s=THROTTLE_DONE pgs=22 gs=1 cs=0 l=1 c_cookie=0 s_cookie=0 reconnecting=0 rev1=1 crypto rx=0 tx=0 comp rx=0 tx=0).read_frame_segment seg_idx=0
2026-02-17T00:36:31.879+0000 7fb9907bc640 20 -- 127.0.0.1:0/1520923114 >> v2:127.0.0.1:7114/0 conn(0x559fb586bc00 msgr2=0x559fb5891080 crc :-1 s=STATE_CONNECTION_ESTABLISHED l=1).read start len=45
2026-02-17T00:36:31.879+0000 7fb9907bc640 20 --2- 127.0.0.1:0/1520923114 >> v2:127.0.0.1:7114/0 conn(0x559fb586bc00 0x559fb5891080 crc :-1 s=THROTTLE_DONE pgs=22 gs=1 cs=0 l=1 c_cookie=0 s_cookie=0 reconnecting=0 rev1=1 crypto rx=0 tx=0 comp rx=0 tx=0).handle_read_frame_segment r=0
2026-02-17T00:36:31.879+0000 7fb9907bc640 20 --2- 127.0.0.1:0/1520923114 >> v2:127.0.0.1:7114/0 conn(0x559fb586bc00 0x559fb5891080 crc :-1 s=THROTTLE_DONE pgs=22 gs=1 cs=0 l=1 c_cookie=0 s_cookie=0 reconnecting=0 rev1=1 crypto rx=0 tx=0 comp rx=0 tx=0).read_frame_segment seg_idx=1
2026-02-17T00:36:31.879+0000 7fb9907bc640 20 -- 127.0.0.1:0/1520923114 >> v2:127.0.0.1:7114/0 conn(0x559fb586bc00 msgr2=0x559fb5891080 crc :-1 s=STATE_CONNECTION_ESTABLISHED l=1).read start len=24
2026-02-17T00:36:31.879+0000 7fb9907bc640 20 --2- 127.0.0.1:0/1520923114 >> v2:127.0.0.1:7114/0 conn(0x559fb586bc00 0x559fb5891080 crc :-1 s=THROTTLE_DONE pgs=22 gs=1 cs=0 l=1 c_cookie=0 s_cookie=0 reconnecting=0 rev1=1 crypto rx=0 tx=0 comp rx=0 tx=0).handle_read_frame_segment r=0
2026-02-17T00:36:31.879+0000 7fb9907bc640 20 -- 127.0.0.1:0/1520923114 >> v2:127.0.0.1:7114/0 conn(0x559fb586bc00 msgr2=0x559fb5891080 crc :-1 s=STATE_CONNECTION_ESTABLISHED l=1).read start len=13
2026-02-17T00:36:31.879+0000 7fb9907bc640 20 --2- 127.0.0.1:0/1520923114 >> v2:127.0.0.1:7114/0 conn(0x559fb586bc00 0x559fb5891080 crc :-1 s=THROTTLE_DONE pgs=22 gs=1 cs=0 l=1 c_cookie=0 s_cookie=0 reconnecting=0 rev1=1 crypto rx=0 tx=0 comp rx=0 tx=0).handle_read_frame_epilogue_main r=0
2026-02-17T00:36:31.879+0000 7fb9907bc640 10 --2- 127.0.0.1:0/1520923114 >> v2:127.0.0.1:7114/0 conn(0x559fb586bc00 0x559fb5891080 crc :-1 s=THROTTLE_DONE pgs=22 gs=1 cs=0 l=1 c_cookie=0 s_cookie=0 reconnecting=0 rev1=1 crypto rx=0 tx=0 comp rx=0 tx=0).handle_read_frame_dispatch tag=17
2026-02-17T00:36:31.879+0000 7fb9907bc640 20 --2- 127.0.0.1:0/1520923114 >> v2:127.0.0.1:7114/0 conn(0x559fb586bc00 0x559fb5891080 crc :-1 s=THROTTLE_DONE pgs=22 gs=1 cs=0 l=1 c_cookie=0 s_cookie=0 reconnecting=0 rev1=1 crypto rx=0 tx=0 comp rx=0 tx=0).handle_message
2026-02-17T00:36:31.879+0000 7fb9907bc640 5 --2- 127.0.0.1:0/1520923114 >> v2:127.0.0.1:7114/0 conn(0x559fb586bc00 0x559fb5891080 crc :-1 s=THROTTLE_DONE pgs=22 gs=1 cs=0 l=1 c_cookie=0 s_cookie=0 reconnecting=0 rev1=1 crypto rx=0 tx=0 comp rx=0 tx=0).handle_message got 24 + 0 + 0 byte message. envelope type=20 src mon.0 off 0
2026-02-17T00:36:31.879+0000 7fb9907bc640 5 --2- 127.0.0.1:0/1520923114 >> v2:127.0.0.1:7114/0 conn(0x559fb586bc00 0x559fb5891080 crc :-1 s=READ_MESSAGE_COMPLETE pgs=22 gs=1 cs=0 l=1 c_cookie=0 s_cookie=0 reconnecting=0 rev1=1 crypto rx=0 tx=0 comp rx=0 tx=0).handle_message received message m=0x559fb596fd40 seq=6 from=mon.0 type=20 mon_get_version_reply(handle=1 version=5)
2026-02-17T00:36:31.879+0000 7fb9907bc640 20 -- 127.0.0.1:0/1520923114 queue 0x559fb596fd40 prio 196
2026-02-17T00:36:31.879+0000 7fb9907bc640 20 --2- 127.0.0.1:0/1520923114 >> v2:127.0.0.1:7114/0 conn(0x559fb586bc00 0x559fb5891080 crc :-1 s=READY pgs=22 gs=1 cs=0 l=1 c_cookie=0 s_cookie=0 reconnecting=0 rev1=1 crypto rx=0 tx=0 comp rx=0 tx=0).read_frame
2026-02-17T00:36:31.879+0000 7fb9907bc640 20 -- 127.0.0.1:0/1520923114 >> v2:127.0.0.1:7114/0 conn(0x559fb586bc00 msgr2=0x559fb5891080 crc :-1 s=STATE_CONNECTION_ESTABLISHED l=1).read start len=32
2026-02-17T00:36:31.879+0000 7fb89c26b640 10 -- 127.0.0.1:0/1520923114 dispatch_throttle_release 53657 to dispatch throttler 54980/104857600
2026-02-17T00:36:31.879+0000 7fb89c26b640 20 -- 127.0.0.1:0/1520923114 done calling dispatch on 0x559fb5837c00
2026-02-17T00:36:31.879+0000 7fb8aba8a640 0 [status DEBUG root] setting log level based on debug_mgr: DEBUG (20/20)
2026-02-17T00:36:31.879+0000 7fb8aba8a640 1 mgr load Constructed class from module: status
2026-02-17T00:36:31.879+0000 7fb8aba8a640 20 mgr ~Gil Destroying new thread state 0x559fb5828fc0
2026-02-17T00:36:31.879+0000 7fb8aba8a640 4 mgr operator() Starting thread for status
2026-02-17T00:36:31.879+0000 7fb89c26b640 1 -- 127.0.0.1:0/1520923114 <== mon.0 v2:127.0.0.1:7114/0 5 ==== osd_map(5..5 src has 1..5) ==== 1299+0+0 (crc 0 0 0) 0x559fabbf3600 con 0x559fb586bc00
