2026-02-17T01:05:49.359+0000 7fc1435fd640 20 --2- 127.0.0.1:0/1284566574 >> v2:127.0.0.1:7146/0 conn(0xb3ce400 0xb252580 crc :-1 s=READY pgs=20 gs=1 cs=0 l=1 c_cookie=0 s_cookie=0 reconnecting=0 rev1=1 crypto rx=0 tx=0 comp rx=0 tx=0).prepare_send_message encoding features 4544132024016699391 0xb2c5e00 mon_getmap magic: 0
2026-02-17T01:05:49.359+0000 7fc051425640 10 client.?.objecter resend_mon_ops
2026-02-17T01:05:49.359+0000 7fc1435fd640 2 --2- 127.0.0.1:0/1284566574 >> v2:127.0.0.1:7146/0 conn(0xb3ce400 0xb252580 crc :-1 s=READY pgs=20 gs=1 cs=0 l=1 c_cookie=0 s_cookie=0 reconnecting=0 rev1=1 crypto rx=0 tx=0 comp rx=0 tx=0).write_message sending message m=0xb2c5e00 seq=1 mon_getmap magic: 0
2026-02-17T01:05:49.359+0000 7fc1435fd640 20 --2- 127.0.0.1:0/1284566574 >> v2:127.0.0.1:7146/0 conn(0xb3ce400 0xb252580 crc :-1 s=READY pgs=20 gs=1 cs=0 l=1 c_cookie=0 s_cookie=0 reconnecting=0 rev1=1 crypto rx=0 tx=0 comp rx=0 tx=0).write_message sending m=0xb2c5e00 seq=1 src=client.? off=0
2026-02-17T01:05:49.359+0000 7fc1435fd640 10 -- 127.0.0.1:0/1284566574 >> v2:127.0.0.1:7146/0 conn(0xb3ce400 msgr2=0xb252580 crc :-1 s=STATE_CONNECTION_ESTABLISHED l=1)._try_send sent bytes 77 remaining bytes 0
2026-02-17T01:05:49.359+0000 7fc1435fd640 10 --2- 127.0.0.1:0/1284566574 >> v2:127.0.0.1:7146/0 conn(0xb3ce400 0xb252580 crc :-1 s=READY pgs=20 gs=1 cs=0 l=1 c_cookie=0 s_cookie=0 reconnecting=0 rev1=1 crypto rx=0 tx=0 comp rx=0 tx=0).write_message sending 0xb2c5e00 done.
2026-02-17T01:05:49.359+0000 7fc1435fd640 20 --2- 127.0.0.1:0/1284566574 >> v2:127.0.0.1:7146/0 conn(0xb3ce400 0xb252580 crc :-1 s=READY pgs=20 gs=1 cs=0 l=1 c_cookie=0 s_cookie=0 reconnecting=0 rev1=1 crypto rx=0 tx=0 comp rx=0 tx=0).prepare_send_message m=mon_subscribe({config=0+,monmap=0+})
2026-02-17T01:05:49.359+0000 7fc1435fd640 20 --2- 127.0.0.1:0/1284566574 >> v2:127.0.0.1:7146/0 conn(0xb3ce400 0xb252580 crc :-1 s=READY pgs=20 gs=1 cs=0 l=1 c_cookie=0 s_cookie=0 reconnecting=0 rev1=1 crypto rx=0 tx=0 comp rx=0 tx=0).prepare_send_message encoding features 4544132024016699391 0xb3c2ea0 mon_subscribe({config=0+,monmap=0+})
2026-02-17T01:05:49.359+0000 7fc1435fd640 2 --2- 127.0.0.1:0/1284566574 >> v2:127.0.0.1:7146/0 conn(0xb3ce400 0xb252580 crc :-1 s=READY pgs=20 gs=1 cs=0 l=1 c_cookie=0 s_cookie=0 reconnecting=0 rev1=1 crypto rx=0 tx=0 comp rx=0 tx=0).write_message sending message m=0xb3c2ea0 seq=2 mon_subscribe({config=0+,monmap=0+})
2026-02-17T01:05:49.359+0000 7fc1435fd640 20 --2- 127.0.0.1:0/1284566574 >> v2:127.0.0.1:7146/0 conn(0xb3ce400 0xb252580 crc :-1 s=READY pgs=20 gs=1 cs=0 l=1 c_cookie=0 s_cookie=0 reconnecting=0 rev1=1 crypto rx=0 tx=0 comp rx=0 tx=0).write_message sending m=0xb3c2ea0 seq=2 src=client.? off=0
2026-02-17T01:05:49.359+0000 7fc1435fd640 10 -- 127.0.0.1:0/1284566574 >> v2:127.0.0.1:7146/0 conn(0xb3ce400 msgr2=0xb252580 crc :-1 s=STATE_CONNECTION_ESTABLISHED l=1)._try_send sent bytes 144 remaining bytes 0
2026-02-17T01:05:49.359+0000 7fc1435fd640 10 --2- 127.0.0.1:0/1284566574 >> v2:127.0.0.1:7146/0 conn(0xb3ce400 0xb252580 crc :-1 s=READY pgs=20 gs=1 cs=0 l=1 c_cookie=0 s_cookie=0 reconnecting=0 rev1=1 crypto rx=0 tx=0 comp rx=0 tx=0).write_message sending 0xb3c2ea0 done.
2026-02-17T01:05:49.359+0000 7fc1435fd640 20 -- 127.0.0.1:0/1284566574 >> v2:127.0.0.1:7146/0 conn(0xb3ce400 msgr2=0xb252580 crc :-1 s=STATE_CONNECTION_ESTABLISHED l=1).process
2026-02-17T01:05:49.359+0000 7fc1435fd640 20 -- 127.0.0.1:0/1284566574 >> v2:127.0.0.1:7146/0 conn(0xb3ce400 msgr2=0xb252580 crc :-1 s=STATE_CONNECTION_ESTABLISHED l=1).read continue len=32
2026-02-17T01:05:49.359+0000 7fc1435fd640 20 --2- 127.0.0.1:0/1284566574 >> v2:127.0.0.1:7146/0 conn(0xb3ce400 0xb252580 crc :-1 s=READY pgs=20 gs=1 cs=0 l=1 c_cookie=0 s_cookie=0 reconnecting=0 rev1=1 crypto rx=0 tx=0 comp rx=0 tx=0).handle_read_frame_preamble_main r=0
2026-02-17T01:05:49.359+0000 7fc1435fd640 20 --2- 127.0.0.1:0/1284566574 >> v2:127.0.0.1:7146/0 conn(0xb3ce400 0xb252580 crc :-1 s=THROTTLE_MESSAGE pgs=20 gs=1 cs=0 l=1 c_cookie=0 s_cookie=0 reconnecting=0 rev1=1 crypto rx=0 tx=0 comp rx=0 tx=0).throttle_message
2026-02-17T01:05:49.359+0000 7fc1435fd640 20 --2- 127.0.0.1:0/1284566574 >> v2:127.0.0.1:7146/0 conn(0xb3ce400 0xb252580 crc :-1 s=THROTTLE_BYTES pgs=20 gs=1 cs=0 l=1 c_cookie=0 s_cookie=0 reconnecting=0 rev1=1 crypto rx=0 tx=0 comp rx=0 tx=0).throttle_bytes
2026-02-17T01:05:49.359+0000 7fc1435fd640 20 --2- 127.0.0.1:0/1284566574 >> v2:127.0.0.1:7146/0 conn(0xb3ce400 0xb252580 crc :-1 s=THROTTLE_DISPATCH_QUEUE pgs=20 gs=1 cs=0 l=1 c_cookie=0 s_cookie=0 reconnecting=0 rev1=1 crypto rx=0 tx=0 comp rx=0 tx=0).throttle_dispatch_queue
2026-02-17T01:05:49.359+0000 7fc1435fd640 20 --2- 127.0.0.1:0/1284566574 >> v2:127.0.0.1:7146/0 conn(0xb3ce400 0xb252580 crc :-1 s=THROTTLE_DONE pgs=20 gs=1 cs=0 l=1 c_cookie=0 s_cookie=0 reconnecting=0 rev1=1 crypto rx=0 tx=0 comp rx=0 tx=0).read_frame_segment seg_idx=0
2026-02-17T01:05:49.359+0000 7fc1435fd640 20 -- 127.0.0.1:0/1284566574 >> v2:127.0.0.1:7146/0 conn(0xb3ce400 msgr2=0xb252580 crc :-1 s=STATE_CONNECTION_ESTABLISHED l=1).read start len=45
2026-02-17T01:05:49.359+0000 7fc1435fd640 20 --2- 127.0.0.1:0/1284566574 >> v2:127.0.0.1:7146/0 conn(0xb3ce400 0xb252580 crc :-1 s=THROTTLE_DONE pgs=20 gs=1 cs=0 l=1 c_cookie=0 s_cookie=0 reconnecting=0 rev1=1 crypto rx=0 tx=0 comp rx=0 tx=0).handle_read_frame_segment r=0
2026-02-17T01:05:49.359+0000 7fc1435fd640 20 --2- 127.0.0.1:0/1284566574 >> v2:127.0.0.1:7146/0 conn(0xb3ce400 0xb252580 crc :-1 s=THROTTLE_DONE pgs=20 gs=1 cs=0 l=1 c_cookie=0 s_cookie=0 reconnecting=0 rev1=1 crypto rx=0 tx=0 comp rx=0 tx=0).read_frame_segment seg_idx=1
2026-02-17T01:05:49.359+0000 7fc1435fd640 20 -- 127.0.0.1:0/1284566574 >> v2:127.0.0.1:7146/0 conn(0xb3ce400 msgr2=0xb252580 crc :-1 s=STATE_CONNECTION_ESTABLISHED l=1).read start len=178
2026-02-17T01:05:49.359+0000 7fc1435fd640 20 --2- 127.0.0.1:0/1284566574 >> v2:127.0.0.1:7146/0 conn(0xb3ce400 0xb252580 crc :-1 s=THROTTLE_DONE pgs=20 gs=1 cs=0 l=1 c_cookie=0 s_cookie=0 reconnecting=0 rev1=1 crypto rx=0 tx=0 comp rx=0 tx=0).handle_read_frame_segment r=0
2026-02-17T01:05:49.359+0000 7fc1435fd640 20 -- 127.0.0.1:0/1284566574 >> v2:127.0.0.1:7146/0 conn(0xb3ce400 msgr2=0xb252580 crc :-1 s=STATE_CONNECTION_ESTABLISHED l=1).read start len=13
2026-02-17T01:05:49.359+0000 7fc1435fd640 20 --2- 127.0.0.1:0/1284566574 >> v2:127.0.0.1:7146/0 conn(0xb3ce400 0xb252580 crc :-1 s=THROTTLE_DONE pgs=20 gs=1 cs=0 l=1 c_cookie=0 s_cookie=0 reconnecting=0 rev1=1 crypto rx=0 tx=0 comp rx=0 tx=0).handle_read_frame_epilogue_main r=0
2026-02-17T01:05:49.359+0000 7fc1435fd640 10 --2- 127.0.0.1:0/1284566574 >> v2:127.0.0.1:7146/0 conn(0xb3ce400 0xb252580 crc :-1 s=THROTTLE_DONE pgs=20 gs=1 cs=0 l=1 c_cookie=0 s_cookie=0 reconnecting=0 rev1=1 crypto rx=0 tx=0 comp rx=0 tx=0).handle_read_frame_dispatch tag=17
2026-02-17T01:05:49.359+0000 7fc1435fd640 20 --2- 127.0.0.1:0/1284566574 >> v2:127.0.0.1:7146/0 conn(0xb3ce400 0xb252580 crc :-1 s=THROTTLE_DONE pgs=20 gs=1 cs=0 l=1 c_cookie=0 s_cookie=0 reconnecting=0 rev1=1 crypto rx=0 tx=0 comp rx=0 tx=0).handle_message
2026-02-17T01:05:49.359+0000 7fc1435fd640 5 --2- 127.0.0.1:0/1284566574 >> v2:127.0.0.1:7146/0 conn(0xb3ce400 0xb252580 crc :-1 s=THROTTLE_DONE pgs=20 gs=1 cs=0 l=1 c_cookie=0 s_cookie=0 reconnecting=0 rev1=1 crypto rx=0 tx=0 comp rx=0 tx=0).handle_message got 178 + 0 + 0 byte message. envelope type=4 src mon.0 off 0
2026-02-17T01:05:49.359+0000 7fc1435fd640 5 --2- 127.0.0.1:0/1284566574 >> v2:127.0.0.1:7146/0 conn(0xb3ce400 0xb252580 crc :-1 s=READ_MESSAGE_COMPLETE pgs=20 gs=1 cs=0 l=1 c_cookie=0 s_cookie=0 reconnecting=0 rev1=1 crypto rx=0 tx=0 comp rx=0 tx=0).handle_message received message m=0x1935ce0 seq=1 from=mon.0 type=4 mon_map magic: 0
2026-02-17T01:05:49.359+0000 7fc1435fd640 20 -- 127.0.0.1:0/1284566574 queue 0x1935ce0 prio 196
2026-02-17T01:05:49.359+0000 7fc1435fd640 20 --2- 127.0.0.1:0/1284566574 >> v2:127.0.0.1:7146/0 conn(0xb3ce400 0xb252580 crc :-1 s=READY pgs=20 gs=1 cs=0 l=1 c_cookie=0 s_cookie=0 reconnecting=0 rev1=1 crypto rx=0 tx=0 comp rx=0 tx=0).read_frame
2026-02-17T01:05:49.359+0000 7fc1435fd640 20 -- 127.0.0.1:0/1284566574 >> v2:127.0.0.1:7146/0 conn(0xb3ce400 msgr2=0xb252580 crc :-1 s=STATE_CONNECTION_ESTABLISHED l=1).read start len=32
2026-02-17T01:05:49.359+0000 7fc1435fd640 20 --2- 127.0.0.1:0/1284566574 >> v2:127.0.0.1:7146/0 conn(0xb3ce400 0xb252580 crc :-1 s=READY pgs=20 gs=1 cs=0 l=1 c_cookie=0 s_cookie=0 reconnecting=0 rev1=1 crypto rx=0 tx=0 comp rx=0 tx=0).handle_read_frame_preamble_main r=0
2026-02-17T01:05:49.359+0000 7fc1435fd640 20 --2- 127.0.0.1:0/1284566574 >> v2:127.0.0.1:7146/0 conn(0xb3ce400 0xb252580 crc :-1 s=THROTTLE_MESSAGE pgs=20 gs=1 cs=0 l=1 c_cookie=0 s_cookie=0 reconnecting=0 rev1=1 crypto rx=0 tx=0 comp rx=0 tx=0).throttle_message
2026-02-17T01:05:49.359+0000 7fc1435fd640 20 --2- 127.0.0.1:0/1284566574 >> v2:127.0.0.1:7146/0 conn(0xb3ce400 0xb252580 crc :-1 s=THROTTLE_BYTES pgs=20 gs=1 cs=0 l=1 c_cookie=0 s_cookie=0 reconnecting=0 rev1=1 crypto rx=0 tx=0 comp rx=0 tx=0).throttle_bytes
2026-02-17T01:05:49.359+0000 7fc1435fd640 20 --2- 127.0.0.1:0/1284566574 >> v2:127.0.0.1:7146/0 conn(0xb3ce400 0xb252580 crc :-1 s=THROTTLE_DISPATCH_QUEUE pgs=20 gs=1 cs=0 l=1 c_cookie=0 s_cookie=0 reconnecting=0 rev1=1 crypto rx=0 tx=0 comp rx=0 tx=0).throttle_dispatch_queue
2026-02-17T01:05:49.359+0000 7fc1435fd640 20 --2- 127.0.0.1:0/1284566574 >> v2:127.0.0.1:7146/0 conn(0xb3ce400 0xb252580 crc :-1 s=THROTTLE_DONE pgs=20 gs=1 cs=0 l=1 c_cookie=0 s_cookie=0 reconnecting=0 rev1=1 crypto rx=0 tx=0 comp rx=0 tx=0).read_frame_segment seg_idx=0
2026-02-17T01:05:49.359+0000 7fc1435fd640 20 -- 127.0.0.1:0/1284566574 >> v2:127.0.0.1:7146/0 conn(0xb3ce400 msgr2=0xb252580 crc :-1 s=STATE_CONNECTION_ESTABLISHED l=1).read start len=45
2026-02-17T01:05:49.359+0000 7fc1435fd640 20 --2- 127.0.0.1:0/1284566574 >> v2:127.0.0.1:7146/0 conn(0xb3ce400 0xb252580 crc :-1 s=THROTTLE_DONE pgs=20 gs=1 cs=0 l=1 c_cookie=0 s_cookie=0 reconnecting=0 rev1=1 crypto rx=0 tx=0 comp rx=0 tx=0).handle_read_frame_segment r=0
2026-02-17T01:05:49.359+0000 7fc1435fd640 20 --2- 127.0.0.1:0/1284566574 >> v2:127.0.0.1:7146/0 conn(0xb3ce400 0xb252580 crc :-1 s=THROTTLE_DONE pgs=20 gs=1 cs=0 l=1 c_cookie=0 s_cookie=0 reconnecting=0 rev1=1 crypto rx=0 tx=0 comp rx=0 tx=0).read_frame_segment seg_idx=1
2026-02-17T01:05:49.359+0000 7fc051425640 1 -- 127.0.0.1:0/1284566574 <== mon.0 v2:127.0.0.1:7146/0 1 ==== mon_map magic: 0 ==== 178+0+0 (crc 0 0 0) 0x1935ce0 con 0xb3ce400
2026-02-17T01:05:49.359+0000 7fc1435fd640 20 -- 127.0.0.1:0/1284566574 >> v2:127.0.0.1:7146/0 conn(0xb3ce400 msgr2=0xb252580 crc :-1 s=STATE_CONNECTION_ESTABLISHED l=1).read start len=25
2026-02-17T01:05:49.359+0000 7fc1435fd640 20 --2- 127.0.0.1:0/1284566574 >> v2:127.0.0.1:7146/0 conn(0xb3ce400 0xb252580 crc :-1 s=THROTTLE_DONE pgs=20 gs=1 cs=0 l=1 c_cookie=0 s_cookie=0 reconnecting=0 rev1=1 crypto rx=0 tx=0 comp rx=0 tx=0).handle_read_frame_segment r=0
2026-02-17T01:05:49.359+0000 7fc1435fd640 20 -- 127.0.0.1:0/1284566574 >> v2:127.0.0.1:7146/0 conn(0xb3ce400 msgr2=0xb252580 crc :-1 s=STATE_CONNECTION_ESTABLISHED l=1).read start len=13
2026-02-17T01:05:49.359+0000 7fc1435fd640 20 --2- 127.0.0.1:0/1284566574 >> v2:127.0.0.1:7146/0 conn(0xb3ce400 0xb252580 crc :-1 s=THROTTLE_DONE pgs=20 gs=1 cs=0 l=1 c_cookie=0 s_cookie=0 reconnecting=0 rev1=1 crypto rx=0 tx=0 comp rx=0 tx=0).handle_read_frame_epilogue_main r=0
2026-02-17T01:05:49.359+0000 7fc1435fd640 10 --2- 127.0.0.1:0/1284566574 >> v2:127.0.0.1:7146/0 conn(0xb3ce400 0xb252580 crc :-1 s=THROTTLE_DONE pgs=20 gs=1 cs=0 l=1 c_cookie=0 s_cookie=0 reconnecting=0 rev1=1 crypto rx=0 tx=0 comp rx=0 tx=0).handle_read_frame_dispatch tag=17
2026-02-17T01:05:49.359+0000 7fc1435fd640 20 --2- 127.0.0.1:0/1284566574 >> v2:127.0.0.1:7146/0 conn(0xb3ce400 0xb252580 crc :-1 s=THROTTLE_DONE pgs=20 gs=1 cs=0 l=1 c_cookie=0 s_cookie=0 reconnecting=0 rev1=1 crypto rx=0 tx=0 comp rx=0 tx=0).handle_message
2026-02-17T01:05:49.359+0000 7fc1435fd640 5 --2- 127.0.0.1:0/1284566574 >> v2:127.0.0.1:7146/0 conn(0xb3ce400 0xb252580 crc :-1 s=THROTTLE_DONE pgs=20 gs=1 cs=0 l=1 c_cookie=0 s_cookie=0 reconnecting=0 rev1=1 crypto rx=0 tx=0 comp rx=0 tx=0).handle_message got 25 + 0 + 0 byte message. envelope type=62 src mon.0 off 0
2026-02-17T01:05:49.359+0000 7fc1435fd640 5 --2- 127.0.0.1:0/1284566574 >> v2:127.0.0.1:7146/0 conn(0xb3ce400 0xb252580 crc :-1 s=READ_MESSAGE_COMPLETE pgs=20 gs=1 cs=0 l=1 c_cookie=0 s_cookie=0 reconnecting=0 rev1=1 crypto rx=0 tx=0 comp rx=0 tx=0).handle_message received message m=0x188ea80 seq=2 from=mon.0 type=62 config(1 keys)
2026-02-17T01:05:49.359+0000 7fc1435fd640 20 -- 127.0.0.1:0/1284566574 queue 0x188ea80 prio 196
2026-02-17T01:05:49.359+0000 7fc1435fd640 20 --2- 127.0.0.1:0/1284566574 >> v2:127.0.0.1:7146/0 conn(0xb3ce400 0xb252580 crc :-1 s=READY pgs=20 gs=1 cs=0 l=1 c_cookie=0 s_cookie=0 reconnecting=0 rev1=1 crypto rx=0 tx=0 comp rx=0 tx=0).read_frame
2026-02-17T01:05:49.359+0000 7fc1435fd640 20 -- 127.0.0.1:0/1284566574 >> v2:127.0.0.1:7146/0 conn(0xb3ce400 msgr2=0xb252580 crc :-1 s=STATE_CONNECTION_ESTABLISHED l=1).read start len=32
2026-02-17T01:05:49.359+0000 7fc051425640 10 -- 127.0.0.1:0/1284566574 dispatch_throttle_release 178 to dispatch throttler 203/104857600
2026-02-17T01:05:49.359+0000 7fc1435fd640 20 --2- 127.0.0.1:0/1284566574 >> v2:127.0.0.1:7146/0 conn(0xb3ce400 0xb252580 crc :-1 s=READY pgs=20 gs=1 cs=0 l=1 c_cookie=0 s_cookie=0 reconnecting=0 rev1=1 crypto rx=0 tx=0 comp rx=0 tx=0).handle_read_frame_preamble_main r=0
2026-02-17T01:05:49.359+0000 7fc051425640 20 -- 127.0.0.1:0/1284566574 done calling dispatch on 0x1935ce0
2026-02-17T01:05:49.359+0000 7fc1435fd640 20 --2- 127.0.0.1:0/1284566574 >> v2:127.0.0.1:7146/0 conn(0xb3ce400 0xb252580 crc :-1 s=THROTTLE_MESSAGE pgs=20 gs=1 cs=0 l=1 c_cookie=0 s_cookie=0 reconnecting=0 rev1=1 crypto rx=0 tx=0 comp rx=0 tx=0).throttle_message
2026-02-17T01:05:49.359+0000 7fc1435fd640 20 --2- 127.0.0.1:0/1284566574 >> v2:127.0.0.1:7146/0 conn(0xb3ce400 0xb252580 crc :-1 s=THROTTLE_BYTES pgs=20 gs=1 cs=0 l=1 c_cookie=0 s_cookie=0 reconnecting=0 rev1=1 crypto rx=0 tx=0 comp rx=0 tx=0).throttle_bytes
2026-02-17T01:05:49.359+0000 7fc051425640 1 -- 127.0.0.1:0/1284566574 <== mon.0 v2:127.0.0.1:7146/0 2 ==== config(1 keys) ==== 25+0+0 (crc 0 0 0) 0x188ea80 con 0xb3ce400
2026-02-17T01:05:49.359+0000 7fc1435fd640 20 --2- 127.0.0.1:0/1284566574 >> v2:127.0.0.1:7146/0 conn(0xb3ce400 0xb252580 crc :-1 s=THROTTLE_DISPATCH_QUEUE pgs=20 gs=1 cs=0 l=1 c_cookie=0 s_cookie=0 reconnecting=0 rev1=1 crypto rx=0 tx=0 comp rx=0 tx=0).throttle_dispatch_queue
2026-02-17T01:05:49.359+0000 7fc1435fd640 20 --2- 127.0.0.1:0/1284566574 >> v2:127.0.0.1:7146/0 conn(0xb3ce400 0xb252580 crc :-1 s=THROTTLE_DONE pgs=20 gs=1 cs=0 l=1 c_cookie=0 s_cookie=0 reconnecting=0 rev1=1 crypto rx=0 tx=0 comp rx=0 tx=0).read_frame_segment seg_idx=0
2026-02-17T01:05:49.359+0000 7fc060cc4640 1 -- 127.0.0.1:0/1284566574 --> v2:127.0.0.1:7146/0 -- mon_subscribe({mgrmap=0+}) -- 0xb3c3040 con 0xb3ce400
2026-02-17T01:05:49.359+0000 7fc1435fd640 20 -- 127.0.0.1:0/1284566574 >> v2:127.0.0.1:7146/0 conn(0xb3ce400 msgr2=0xb252580 crc :-1 s=STATE_CONNECTION_ESTABLISHED l=1).read start len=45
2026-02-17T01:05:49.359+0000 7fc1435fd640 20 --2- 127.0.0.1:0/1284566574 >> v2:127.0.0.1:7146/0 conn(0xb3ce400 0xb252580 crc :-1 s=THROTTLE_DONE pgs=20 gs=1 cs=0 l=1 c_cookie=0 s_cookie=0 reconnecting=0 rev1=1 crypto rx=0 tx=0 comp rx=0 tx=0).handle_read_frame_segment r=0
2026-02-17T01:05:49.359+0000 7fc060cc4640 5 --2- 127.0.0.1:0/1284566574 >> v2:127.0.0.1:7146/0 conn(0xb3ce400 0xb252580 crc :-1 s=THROTTLE_DONE pgs=20 gs=1 cs=0 l=1 c_cookie=0 s_cookie=0 reconnecting=0 rev1=1 crypto rx=0 tx=0 comp rx=0 tx=0).send_message enqueueing message m=0xb3c3040 type=15 mon_subscribe({mgrmap=0+})
2026-02-17T01:05:49.359+0000 7fc1435fd640 20 --2- 127.0.0.1:0/1284566574 >> v2:127.0.0.1:7146/0 conn(0xb3ce400 0xb252580 crc :-1 s=THROTTLE_DONE pgs=20 gs=1 cs=0 l=1 c_cookie=0 s_cookie=0 reconnecting=0 rev1=1 crypto rx=0 tx=0 comp rx=0 tx=0).read_frame_segment seg_idx=1
2026-02-17T01:05:49.359+0000 7fc060cc4640 15 --2- 127.0.0.1:0/1284566574 >> v2:127.0.0.1:7146/0 conn(0xb3ce400 0xb252580 crc :-1 s=THROTTLE_DONE pgs=20 gs=1 cs=0 l=1 c_cookie=0 s_cookie=0 reconnecting=0 rev1=1 crypto rx=0 tx=0 comp rx=0 tx=0).send_message message queued for async transmission m=0xb3c3040
2026-02-17T01:05:49.359+0000 7fc060cc4640 20 Event(0x17a6508 nevent=5000 time_id=5).wakeup
2026-02-17T01:05:49.359+0000 7fc1435fd640 20 -- 127.0.0.1:0/1284566574 >> v2:127.0.0.1:7146/0 conn(0xb3ce400 msgr2=0xb252580 crc :-1 s=STATE_CONNECTION_ESTABLISHED l=1).read start len=178
2026-02-17T01:05:49.359+0000 7fc1435fd640 20 --2- 127.0.0.1:0/1284566574 >> v2:127.0.0.1:7146/0 conn(0xb3ce400 0xb252580 crc :-1 s=THROTTLE_DONE pgs=20 gs=1 cs=0 l=1 c_cookie=0 s_cookie=0 reconnecting=0 rev1=1 crypto rx=0 tx=0 comp rx=0 tx=0).handle_read_frame_segment r=0
2026-02-17T01:05:49.359+0000 7fc1435fd640 20 -- 127.0.0.1:0/1284566574 >> v2:127.0.0.1:7146/0 conn(0xb3ce400 msgr2=0xb252580 crc :-1 s=STATE_CONNECTION_ESTABLISHED l=1).read start len=13
2026-02-17T01:05:49.359+0000 7fc1435fd640 20 --2- 127.0.0.1:0/1284566574 >> v2:127.0.0.1:7146/0 conn(0xb3ce400 0xb252580 crc :-1 s=THROTTLE_DONE pgs=20 gs=1 cs=0 l=1 c_cookie=0 s_cookie=0 reconnecting=0 rev1=1 crypto rx=0 tx=0 comp rx=0 tx=0).handle_read_frame_epilogue_main r=0
2026-02-17T01:05:49.359+0000 7fc1435fd640 10 --2- 127.0.0.1:0/1284566574 >> v2:127.0.0.1:7146/0 conn(0xb3ce400 0xb252580 crc :-1 s=THROTTLE_DONE pgs=20 gs=1 cs=0 l=1 c_cookie=0 s_cookie=0 reconnecting=0 rev1=1 crypto rx=0 tx=0 comp rx=0 tx=0).handle_read_frame_dispatch tag=17
2026-02-17T01:05:49.359+0000 7fc1435fd640 20 --2- 127.0.0.1:0/1284566574 >> v2:127.0.0.1:7146/0 conn(0xb3ce400 0xb252580 crc :-1 s=THROTTLE_DONE pgs=20 gs=1 cs=0 l=1 c_cookie=0 s_cookie=0 reconnecting=0 rev1=1 crypto rx=0 tx=0 comp rx=0 tx=0).handle_message
2026-02-17T01:05:49.359+0000 7fc1435fd640 5 --2- 127.0.0.1:0/1284566574 >> v2:127.0.0.1:7146/0 conn(0xb3ce400 0xb252580 crc :-1 s=THROTTLE_DONE pgs=20 gs=1 cs=0 l=1 c_cookie=0 s_cookie=0 reconnecting=0 rev1=1 crypto rx=0 tx=0 comp rx=0 tx=0).handle_message got 178 + 0 + 0 byte message. envelope type=4 src mon.0 off 0
2026-02-17T01:05:49.359+0000 7fc1435fd640 5 --2- 127.0.0.1:0/1284566574 >> v2:127.0.0.1:7146/0 conn(0xb3ce400 0xb252580 crc :-1 s=READ_MESSAGE_COMPLETE pgs=20 gs=1 cs=0 l=1 c_cookie=0 s_cookie=0 reconnecting=0 rev1=1 crypto rx=0 tx=0 comp rx=0 tx=0).handle_message received message m=0x19351e0 seq=3 from=mon.0 type=4 mon_map magic: 0
2026-02-17T01:05:49.359+0000 7fc1435fd640 20 -- 127.0.0.1:0/1284566574 queue 0x19351e0 prio 196
2026-02-17T01:05:49.359+0000 7fc051425640 10 -- 127.0.0.1:0/1284566574 dispatch_throttle_release 25 to dispatch throttler 203/104857600
2026-02-17T01:05:49.359+0000 7fc1435fd640 20 --2- 127.0.0.1:0/1284566574 >> v2:127.0.0.1:7146/0 conn(0xb3ce400 0xb252580 crc :-1 s=READY pgs=20 gs=1 cs=0 l=1 c_cookie=0 s_cookie=0 reconnecting=0 rev1=1 crypto rx=0 tx=0 comp rx=0 tx=0).read_frame
2026-02-17T01:05:49.359+0000 7fc051425640 20 -- 127.0.0.1:0/1284566574 done calling dispatch on 0x188ea80
2026-02-17T01:05:49.359+0000 7fc1435fd640 20 -- 127.0.0.1:0/1284566574 >> v2:127.0.0.1:7146/0 conn(0xb3ce400 msgr2=0xb252580 crc :-1 s=STATE_CONNECTION_ESTABLISHED l=1).read start len=32
2026-02-17T01:05:49.359+0000 7fc1435fd640 10 -- 127.0.0.1:0/1284566574 >> v2:127.0.0.1:7146/0 conn(0xb3ce400 msgr2=0xb252580 crc :-1 s=STATE_CONNECTION_ESTABLISHED l=1).handle_write
2026-02-17T01:05:49.359+0000 7fc1435fd640 10 --2- 127.0.0.1:0/1284566574 >> v2:127.0.0.1:7146/0 conn(0xb3ce400 0xb252580 crc :-1 s=READY pgs=20 gs=1 cs=0 l=1 c_cookie=0 s_cookie=0 reconnecting=0 rev1=1 crypto rx=0 tx=0 comp rx=0 tx=0).write_event
2026-02-17T01:05:49.359+0000 7fc051425640 1 -- 127.0.0.1:0/1284566574 <== mon.0 v2:127.0.0.1:7146/0 3 ==== mon_map magic: 0 ==== 178+0+0 (crc 0 0 0) 0x19351e0 con 0xb3ce400
2026-02-17T01:05:49.359+0000 7fc1435fd640 20 --2- 127.0.0.1:0/1284566574 >> v2:127.0.0.1:7146/0 conn(0xb3ce400 0xb252580 crc :-1 s=READY pgs=20 gs=1 cs=0 l=1 c_cookie=0 s_cookie=0 reconnecting=0 rev1=1 crypto rx=0 tx=0 comp rx=0 tx=0).prepare_send_message m=mon_subscribe({mgrmap=0+})
2026-02-17T01:05:49.359+0000 7fc1435fd640 20 --2- 127.0.0.1:0/1284566574 >> v2:127.0.0.1:7146/0 conn(0xb3ce400 0xb252580 crc :-1 s=READY pgs=20 gs=1 cs=0 l=1 c_cookie=0 s_cookie=0 reconnecting=0 rev1=1 crypto rx=0 tx=0 comp rx=0 tx=0).prepare_send_message encoding features 4544132024016699391 0xb3c3040 mon_subscribe({mgrmap=0+})
2026-02-17T01:05:49.359+0000 7fc1435fd640 2 --2- 127.0.0.1:0/1284566574 >> v2:127.0.0.1:7146/0 conn(0xb3ce400 0xb252580 crc :-1 s=READY pgs=20 gs=1 cs=0 l=1 c_cookie=0 s_cookie=0 reconnecting=0 rev1=1 crypto rx=0 tx=0 comp rx=0 tx=0).write_message sending message m=0xb3c3040 seq=3 mon_subscribe({mgrmap=0+})
2026-02-17T01:05:49.359+0000 7fc1435fd640 20 --2- 127.0.0.1:0/1284566574 >> v2:127.0.0.1:7146/0 conn(0xb3ce400 0xb252580 crc :-1 s=READY pgs=20 gs=1 cs=0 l=1 c_cookie=0 s_cookie=0 reconnecting=0 rev1=1 crypto rx=0 tx=0 comp rx=0 tx=0).write_message sending m=0xb3c3040 seq=3 src=client.4115 off=0
2026-02-17T01:05:49.359+0000 7fc060cc4640 10 client.4115.objecter _maybe_request_map subscribing (onetime) to next osd map
2026-02-17T01:05:49.359+0000 7fc051425640 10 -- 127.0.0.1:0/1284566574 dispatch_throttle_release 178 to dispatch throttler 178/104857600
2026-02-17T01:05:49.359+0000 7fc051425640 20 -- 127.0.0.1:0/1284566574 done calling dispatch on 0x19351e0
2026-02-17T01:05:49.359+0000 7fc060cc4640 1 -- 127.0.0.1:0/1284566574 --> v2:127.0.0.1:7146/0 -- mon_subscribe({osdmap=0}) -- 0xb3c31e0 con 0xb3ce400
2026-02-17T01:05:49.359+0000 7fc1435fd640 10 -- 127.0.0.1:0/1284566574 >> v2:127.0.0.1:7146/0 conn(0xb3ce400 msgr2=0xb252580 crc :-1 s=STATE_CONNECTION_ESTABLISHED l=1)._try_send sent bytes 125 remaining bytes 0
2026-02-17T01:05:49.359+0000 7fc060cc4640 5 --2- 127.0.0.1:0/1284566574 >> v2:127.0.0.1:7146/0 conn(0xb3ce400 0xb252580 crc :-1 s=READY pgs=20 gs=1 cs=0 l=1 c_cookie=0 s_cookie=0 reconnecting=0 rev1=1 crypto rx=0 tx=0 comp rx=0 tx=0).send_message enqueueing message m=0xb3c31e0 type=15 mon_subscribe({osdmap=0})
2026-02-17T01:05:49.359+0000 7fc1435fd640 10 --2- 127.0.0.1:0/1284566574 >> v2:127.0.0.1:7146/0 conn(0xb3ce400 0xb252580 crc :-1 s=READY pgs=20 gs=1 cs=0 l=1 c_cookie=0 s_cookie=0 reconnecting=0 rev1=1 crypto rx=0 tx=0 comp rx=0 tx=0).write_message sending 0xb3c3040 done.
2026-02-17T01:05:49.359+0000 7fc060cc4640 15 --2- 127.0.0.1:0/1284566574 >> v2:127.0.0.1:7146/0 conn(0xb3ce400 0xb252580 crc :-1 s=READY pgs=20 gs=1 cs=0 l=1 c_cookie=0 s_cookie=0 reconnecting=0 rev1=1 crypto rx=0 tx=0 comp rx=0 tx=0).send_message message queued for async transmission m=0xb3c31e0
2026-02-17T01:05:49.359+0000 7fc1435fd640 20 --2- 127.0.0.1:0/1284566574 >> v2:127.0.0.1:7146/0 conn(0xb3ce400 0xb252580 crc :-1 s=READY pgs=20 gs=1 cs=0 l=1 c_cookie=0 s_cookie=0 reconnecting=0 rev1=1 crypto rx=0 tx=0 comp rx=0 tx=0).prepare_send_message m=mon_subscribe({osdmap=0})
2026-02-17T01:05:49.359+0000 7fc1435fd640 20 --2- 127.0.0.1:0/1284566574 >> v2:127.0.0.1:7146/0 conn(0xb3ce400 0xb252580 crc :-1 s=READY pgs=20 gs=1 cs=0 l=1 c_cookie=0 s_cookie=0 reconnecting=0 rev1=1 crypto rx=0 tx=0 comp rx=0 tx=0).prepare_send_message encoding features 4544132024016699391 0xb3c31e0 mon_subscribe({osdmap=0})
2026-02-17T01:05:49.359+0000 7fc1435fd640 2 --2- 127.0.0.1:0/1284566574 >> v2:127.0.0.1:7146/0 conn(0xb3ce400 0xb252580 crc :-1 s=READY pgs=20 gs=1 cs=0 l=1 c_cookie=0 s_cookie=0 reconnecting=0 rev1=1 crypto rx=0 tx=0 comp rx=0 tx=0).write_message sending message m=0xb3c31e0 seq=4 mon_subscribe({osdmap=0})
2026-02-17T01:05:49.359+0000 7fc1435fd640 20 --2- 127.0.0.1:0/1284566574 >> v2:127.0.0.1:7146/0 conn(0xb3ce400 0xb252580 crc :-1 s=READY pgs=20 gs=1 cs=0 l=1 c_cookie=0 s_cookie=0 reconnecting=0 rev1=1 crypto rx=0 tx=0 comp rx=0 tx=0).write_message sending m=0xb3c31e0 seq=4 src=client.4115 off=0
2026-02-17T01:05:49.359+0000 7fc1435fd640 10 -- 127.0.0.1:0/1284566574 >> v2:127.0.0.1:7146/0 conn(0xb3ce400 msgr2=0xb252580 crc :-1 s=STATE_CONNECTION_ESTABLISHED l=1)._try_send sent bytes 125 remaining bytes 0
2026-02-17T01:05:49.359+0000 7fc1435fd640 10 --2- 127.0.0.1:0/1284566574 >> v2:127.0.0.1:7146/0 conn(0xb3ce400 0xb252580 crc :-1 s=READY pgs=20 gs=1 cs=0 l=1 c_cookie=0 s_cookie=0 reconnecting=0 rev1=1 crypto rx=0 tx=0 comp rx=0 tx=0).write_message sending 0xb3c31e0 done.
2026-02-17T01:05:49.359+0000 7fc060cc4640 7 mgr register_client registering msgr client handle v2:127.0.0.1:0/1284566574 (replace=0)
2026-02-17T01:05:49.359+0000 7fc04f421640 0 [rbd_support INFO root] recovery thread starting
2026-02-17T01:05:49.359+0000 7fc04f421640 0 [rbd_support INFO root] starting setup
2026-02-17T01:05:49.359+0000 7fc1435fd640 20 -- 127.0.0.1:0/1284566574 >> v2:127.0.0.1:7146/0 conn(0xb3ce400 msgr2=0xb252580 crc :-1 s=STATE_CONNECTION_ESTABLISHED l=1).process
2026-02-17T01:05:49.359+0000 7fc1435fd640 20 -- 127.0.0.1:0/1284566574 >> v2:127.0.0.1:7146/0 conn(0xb3ce400 msgr2=0xb252580 crc :-1 s=STATE_CONNECTION_ESTABLISHED l=1).read continue len=32
2026-02-17T01:05:49.359+0000 7fc060cc4640 1 mgr load Constructed class from module: rbd_support
2026-02-17T01:05:49.359+0000 7fc060cc4640 20 mgr ~Gil Destroying new thread state 0xb4425a0
2026-02-17T01:05:49.359+0000 7fc1435fd640 20 --2- 127.0.0.1:0/1284566574 >> v2:127.0.0.1:7146/0 conn(0xb3ce400 0xb252580 crc :-1 s=READY pgs=20 gs=1 cs=0 l=1 c_cookie=0 s_cookie=0 reconnecting=0 rev1=1 crypto rx=0 tx=0 comp rx=0 tx=0).handle_read_frame_preamble_main r=0
2026-02-17T01:05:49.359+0000 7fc060cc4640 4 mgr operator() Starting thread for rbd_support
2026-02-17T01:05:49.359+0000 7fc1435fd640 20 --2- 127.0.0.1:0/1284566574 >> v2:127.0.0.1:7146/0 conn(0xb3ce400 0xb252580 crc :-1 s=THROTTLE_MESSAGE pgs=20 gs=1 cs=0 l=1 c_cookie=0 s_cookie=0 reconnecting=0 rev1=1 crypto rx=0 tx=0 comp rx=0 tx=0).throttle_message
2026-02-17T01:05:49.359+0000 7fc04f421640 1 -- 127.0.0.1:0/1284566574 --> v2:127.0.0.1:7146/0 -- mon_get_version(what=osdmap handle=1) -- 0x1935ce0 con 0xb3ce400
2026-02-17T01:05:49.359+0000 7fc1435fd640 20 --2- 127.0.0.1:0/1284566574 >> v2:127.0.0.1:7146/0 conn(0xb3ce400 0xb252580 crc :-1 s=THROTTLE_BYTES pgs=20 gs=1 cs=0 l=1 c_cookie=0 s_cookie=0 reconnecting=0 rev1=1 crypto rx=0 tx=0 comp rx=0 tx=0).throttle_bytes
2026-02-17T01:05:49.359+0000 7fc1435fd640 20 --2- 127.0.0.1:0/1284566574 >> v2:127.0.0.1:7146/0 conn(0xb3ce400 0xb252580 crc :-1 s=THROTTLE_DISPATCH_QUEUE pgs=20 gs=1 cs=0 l=1 c_cookie=0 s_cookie=0 reconnecting=0 rev1=1 crypto rx=0 tx=0 comp rx=0 tx=0).throttle_dispatch_queue
2026-02-17T01:05:49.359+0000 7fc04f421640 5 --2- 127.0.0.1:0/1284566574 >> v2:127.0.0.1:7146/0 conn(0xb3ce400 0xb252580 crc :-1 s=THROTTLE_DISPATCH_QUEUE pgs=20 gs=1 cs=0 l=1 c_cookie=0 s_cookie=0 reconnecting=0 rev1=1 crypto rx=0 tx=0 comp rx=0 tx=0).send_message enqueueing message m=0x1935ce0 type=19 mon_get_version(what=osdmap handle=1)
2026-02-17T01:05:49.359+0000 7fc1435fd640 20 --2- 127.0.0.1:0/1284566574 >> v2:127.0.0.1:7146/0 conn(0xb3ce400 0xb252580 crc :-1 s=THROTTLE_DONE pgs=20 gs=1 cs=0 l=1 c_cookie=0 s_cookie=0 reconnecting=0 rev1=1 crypto rx=0 tx=0 comp rx=0 tx=0).read_frame_segment seg_idx=0
2026-02-17T01:05:49.359+0000 7fc1435fd640 20 -- 127.0.0.1:0/1284566574 >> v2:127.0.0.1:7146/0 conn(0xb3ce400 msgr2=0xb252580 crc :-1 s=STATE_CONNECTION_ESTABLISHED l=1).read start len=45
2026-02-17T01:05:49.359+0000 7fc04f421640 15 --2- 127.0.0.1:0/1284566574 >> v2:127.0.0.1:7146/0 conn(0xb3ce400 0xb252580 crc :-1 s=THROTTLE_DONE pgs=20 gs=1 cs=0 l=1 c_cookie=0 s_cookie=0 reconnecting=0 rev1=1 crypto rx=0 tx=0 comp rx=0 tx=0).send_message message queued for async transmission m=0x1935ce0
2026-02-17T01:05:49.359+0000 7fc1435fd640 20 --2- 127.0.0.1:0/1284566574 >> v2:127.0.0.1:7146/0 conn(0xb3ce400 0xb252580 crc :-1 s=THROTTLE_DONE pgs=20 gs=1 cs=0 l=1 c_cookie=0 s_cookie=0 reconnecting=0 rev1=1 crypto rx=0 tx=0 comp rx=0 tx=0).handle_read_frame_segment r=0
2026-02-17T01:05:49.359+0000 7fc04f421640 20 Event(0x17a6508 nevent=5000 time_id=5).wakeup
2026-02-17T01:05:49.359+0000 7fc1435fd640 20 --2- 127.0.0.1:0/1284566574 >> v2:127.0.0.1:7146/0 conn(0xb3ce400 0xb252580 crc :-1 s=THROTTLE_DONE pgs=20 gs=1 cs=0 l=1 c_cookie=0 s_cookie=0 reconnecting=0 rev1=1 crypto rx=0 tx=0 comp rx=0 tx=0).read_frame_segment seg_idx=1
2026-02-17T01:05:49.359+0000 7fc1435fd640 20 -- 127.0.0.1:0/1284566574 >> v2:127.0.0.1:7146/0 conn(0xb3ce400 msgr2=0xb252580 crc :-1 s=STATE_CONNECTION_ESTABLISHED l=1).read start len=53625
2026-02-17T01:05:49.359+0000 7fc060cc4640 4 mgr operator() Starting active module rbd_support finisher thread m-fin-rbd_suppo
2026-02-17T01:05:49.359+0000 7fc04ec20640 4 mgr entry Entering thread for rbd_support
2026-02-17T01:05:49.359+0000 7fc04ec20640 20 mgr Gil Switched to new thread state 0xb1c4900
2026-02-17T01:05:49.359+0000 7fc1435fd640 20 --2- 127.0.0.1:0/1284566574 >> v2:127.0.0.1:7146/0 conn(0xb3ce400 0xb252580 crc :-1 s=THROTTLE_DONE pgs=20 gs=1 cs=0 l=1 c_cookie=0 s_cookie=0 reconnecting=0 rev1=1 crypto rx=0 tx=0 comp rx=0 tx=0).handle_read_frame_segment r=0
2026-02-17T01:05:49.359+0000 7fc1435fd640 20 -- 127.0.0.1:0/1284566574 >> v2:127.0.0.1:7146/0 conn(0xb3ce400 msgr2=0xb252580 crc :-1 s=STATE_CONNECTION_ESTABLISHED l=1).read start len=13
2026-02-17T01:05:49.359+0000 7fc1435fd640 20 --2- 127.0.0.1:0/1284566574 >> v2:127.0.0.1:7146/0 conn(0xb3ce400 0xb252580 crc :-1 s=THROTTLE_DONE pgs=20 gs=1 cs=0 l=1 c_cookie=0 s_cookie=0 reconnecting=0 rev1=1 crypto rx=0 tx=0 comp rx=0 tx=0).handle_read_frame_epilogue_main r=0
2026-02-17T01:05:49.359+0000 7fc04ec20640 20 mgr ~Gil Destroying new thread state 0xb1c4900
2026-02-17T01:05:49.359+0000 7fc1435fd640 10 --2- 127.0.0.1:0/1284566574 >> v2:127.0.0.1:7146/0 conn(0xb3ce400 0xb252580 crc :-1 s=THROTTLE_DONE pgs=20 gs=1 cs=0 l=1 c_cookie=0 s_cookie=0 reconnecting=0 rev1=1 crypto rx=0 tx=0 comp rx=0 tx=0).handle_read_frame_dispatch tag=17
2026-02-17T01:05:49.359+0000 7fc1435fd640 20 --2- 127.0.0.1:0/1284566574 >> v2:127.0.0.1:7146/0 conn(0xb3ce400 0xb252580 crc :-1 s=THROTTLE_DONE pgs=20 gs=1 cs=0 l=1 c_cookie=0 s_cookie=0 reconnecting=0 rev1=1 crypto rx=0 tx=0 comp rx=0 tx=0).handle_message
2026-02-17T01:05:49.359+0000 7fc1435fd640 5 --2- 127.0.0.1:0/1284566574 >> v2:127.0.0.1:7146/0 conn(0xb3ce400 0xb252580 crc :-1 s=THROTTLE_DONE pgs=20 gs=1 cs=0 l=1 c_cookie=0 s_cookie=0 reconnecting=0 rev1=1 crypto rx=0 tx=0 comp rx=0 tx=0).handle_message got 53625 + 0 + 0 byte message. envelope type=1796 src mon.0 off 0
2026-02-17T01:05:49.359+0000 7fc060cc4640 20 mgr Gil Switched to new thread state 0xb4425a0
2026-02-17T01:05:49.359+0000 7fc060cc4640 10 ceph_option_get debug_mgr found: 20/20
2026-02-17T01:05:49.359+0000 7fc060cc4640 20 mgr get_config key: mgr/status/log_level
2026-02-17T01:05:49.359+0000 7fc060cc4640 10 mgr get_typed_config log_level not found
2026-02-17T01:05:49.359+0000 7fc060cc4640 20 mgr get_config key: mgr/status/log_to_cluster_level
2026-02-17T01:05:49.359+0000 7fc060cc4640 10 mgr get_typed_config log_to_cluster_level not found
2026-02-17T01:05:49.359+0000 7fc060cc4640 20 mgr get_config key: mgr/status/log_to_file
2026-02-17T01:05:49.359+0000 7fc060cc4640 10 mgr get_typed_config log_to_file not found
2026-02-17T01:05:49.359+0000 7fc060cc4640 20 mgr get_config key: mgr/status/log_to_cluster
2026-02-17T01:05:49.359+0000 7fc060cc4640 10 mgr get_typed_config log_to_cluster not found
2026-02-17T01:05:49.360+0000 7fc060cc4640 10 ceph_option_get log_file found: td/osd-bluefs-volume-ops/mgr.x.log
2026-02-17T01:05:49.360+0000 7fc1435fd640 5 --2- 127.0.0.1:0/1284566574 >> v2:127.0.0.1:7146/0 conn(0xb3ce400 0xb252580 crc :-1 s=READ_MESSAGE_COMPLETE pgs=20 gs=1 cs=0 l=1 c_cookie=0 s_cookie=0 reconnecting=0 rev1=1 crypto rx=0 tx=0 comp rx=0 tx=0).handle_message received message m=0xb3ea300 seq=4 from=mon.0 type=1796 mgrmap(e 2)
2026-02-17T01:05:49.360+0000 7fc1435fd640 20 -- 127.0.0.1:0/1284566574 queue 0xb3ea300 prio 196
2026-02-17T01:05:49.360+0000 7fc1435fd640 20 --2- 127.0.0.1:0/1284566574 >> v2:127.0.0.1:7146/0 conn(0xb3ce400 0xb252580 crc :-1 s=READY pgs=20 gs=1 cs=0 l=1 c_cookie=0 s_cookie=0 reconnecting=0 rev1=1 crypto rx=0 tx=0 comp rx=0 tx=0).read_frame
2026-02-17T01:05:49.360+0000 7fc1435fd640 20 -- 127.0.0.1:0/1284566574 >> v2:127.0.0.1:7146/0 conn(0xb3ce400 msgr2=0xb252580 crc :-1 s=STATE_CONNECTION_ESTABLISHED l=1).read start len=32
2026-02-17T01:05:49.360+0000 7fc1435fd640 20 --2- 127.0.0.1:0/1284566574 >> v2:127.0.0.1:7146/0 conn(0xb3ce400 0xb252580 crc :-1 s=READY pgs=20 gs=1 cs=0 l=1 c_cookie=0 s_cookie=0 reconnecting=0 rev1=1 crypto rx=0 tx=0 comp rx=0 tx=0).handle_read_frame_preamble_main r=0
2026-02-17T01:05:49.360+0000 7fc1435fd640 20 --2- 127.0.0.1:0/1284566574 >> v2:127.0.0.1:7146/0 conn(0xb3ce400 0xb252580 crc :-1 s=THROTTLE_MESSAGE pgs=20 gs=1 cs=0 l=1 c_cookie=0 s_cookie=0 reconnecting=0 rev1=1 crypto rx=0 tx=0 comp rx=0 tx=0).throttle_message
2026-02-17T01:05:49.360+0000 7fc051425640 1 -- 127.0.0.1:0/1284566574 <== mon.0 v2:127.0.0.1:7146/0 4 ==== mgrmap(e 2) ==== 53625+0+0 (crc 0 0 0) 0xb3ea300 con 0xb3ce400
2026-02-17T01:05:49.360+0000 7fc1435fd640 20 --2- 127.0.0.1:0/1284566574 >> v2:127.0.0.1:7146/0 conn(0xb3ce400 0xb252580 crc :-1 s=THROTTLE_BYTES pgs=20 gs=1 cs=0 l=1 c_cookie=0 s_cookie=0 reconnecting=0 rev1=1 crypto rx=0 tx=0 comp rx=0 tx=0).throttle_bytes
2026-02-17T01:05:49.360+0000 7fc1435fd640 20 --2- 127.0.0.1:0/1284566574 >> v2:127.0.0.1:7146/0 conn(0xb3ce400 0xb252580 crc :-1 s=THROTTLE_DISPATCH_QUEUE pgs=20 gs=1 cs=0 l=1 c_cookie=0 s_cookie=0 reconnecting=0 rev1=1 crypto rx=0 tx=0 comp rx=0 tx=0).throttle_dispatch_queue
2026-02-17T01:05:49.360+0000 7fc1435fd640 20 --2- 127.0.0.1:0/1284566574 >> v2:127.0.0.1:7146/0 conn(0xb3ce400 0xb252580 crc :-1 s=THROTTLE_DONE pgs=20 gs=1 cs=0 l=1 c_cookie=0 s_cookie=0 reconnecting=0 rev1=1 crypto rx=0 tx=0 comp rx=0 tx=0).read_frame_segment seg_idx=0
2026-02-17T01:05:49.360+0000 7fc1435fd640 20 -- 127.0.0.1:0/1284566574 >> v2:127.0.0.1:7146/0 conn(0xb3ce400 msgr2=0xb252580 crc :-1 s=STATE_CONNECTION_ESTABLISHED l=1).read start len=45
2026-02-17T01:05:49.360+0000 7fc1435fd640 20 --2- 127.0.0.1:0/1284566574 >> v2:127.0.0.1:7146/0 conn(0xb3ce400 0xb252580 crc :-1 s=THROTTLE_DONE pgs=20 gs=1 cs=0 l=1 c_cookie=0 s_cookie=0 reconnecting=0 rev1=1 crypto rx=0 tx=0 comp rx=0 tx=0).handle_read_frame_segment r=0
2026-02-17T01:05:49.360+0000 7fc1435fd640 20 --2- 127.0.0.1:0/1284566574 >> v2:127.0.0.1:7146/0 conn(0xb3ce400 0xb252580 crc :-1 s=THROTTLE_DONE pgs=20 gs=1 cs=0 l=1 c_cookie=0 s_cookie=0 reconnecting=0 rev1=1 crypto rx=0 tx=0 comp rx=0 tx=0).read_frame_segment seg_idx=1
2026-02-17T01:05:49.360+0000 7fc1435fd640 20 -- 127.0.0.1:0/1284566574 >> v2:127.0.0.1:7146/0 conn(0xb3ce400 msgr2=0xb252580 crc :-1 s=STATE_CONNECTION_ESTABLISHED l=1).read start len=895
2026-02-17T01:05:49.360+0000 7fc1435fd640 20 --2- 127.0.0.1:0/1284566574 >> v2:127.0.0.1:7146/0 conn(0xb3ce400 0xb252580 crc :-1 s=THROTTLE_DONE pgs=20 gs=1 cs=0 l=1 c_cookie=0 s_cookie=0 reconnecting=0 rev1=1 crypto rx=0 tx=0 comp rx=0 tx=0).handle_read_frame_segment r=0
2026-02-17T01:05:49.360+0000 7fc1435fd640 20 -- 127.0.0.1:0/1284566574 >> v2:127.0.0.1:7146/0 conn(0xb3ce400 msgr2=0xb252580 crc :-1 s=STATE_CONNECTION_ESTABLISHED l=1).read start len=13
2026-02-17T01:05:49.360+0000 7fc1435fd640 20 --2- 127.0.0.1:0/1284566574 >> v2:127.0.0.1:7146/0 conn(0xb3ce400 0xb252580 crc :-1 s=THROTTLE_DONE pgs=20 gs=1 cs=0 l=1 c_cookie=0 s_cookie=0 reconnecting=0 rev1=1 crypto rx=0 tx=0 comp rx=0 tx=0).handle_read_frame_epilogue_main r=0
2026-02-17T01:05:49.360+0000 7fc1435fd640 10 --2- 127.0.0.1:0/1284566574 >> v2:127.0.0.1:7146/0 conn(0xb3ce400 0xb252580 crc :-1 s=THROTTLE_DONE pgs=20 gs=1 cs=0 l=1 c_cookie=0 s_cookie=0 reconnecting=0 rev1=1 crypto rx=0 tx=0 comp rx=0 tx=0).handle_read_frame_dispatch tag=17
2026-02-17T01:05:49.360+0000 7fc1435fd640 20 --2- 127.0.0.1:0/1284566574 >> v2:127.0.0.1:7146/0 conn(0xb3ce400 0xb252580 crc :-1 s=THROTTLE_DONE pgs=20 gs=1 cs=0 l=1 c_cookie=0 s_cookie=0 reconnecting=0 rev1=1 crypto rx=0 tx=0 comp rx=0 tx=0).handle_message
2026-02-17T01:05:49.360+0000 7fc1435fd640 5 --2- 127.0.0.1:0/1284566574 >> v2:127.0.0.1:7146/0 conn(0xb3ce400 0xb252580 crc :-1 s=THROTTLE_DONE pgs=20 gs=1 cs=0 l=1 c_cookie=0 s_cookie=0 reconnecting=0 rev1=1 crypto rx=0 tx=0 comp rx=0 tx=0).handle_message got 895 + 0 + 0 byte message. envelope type=41 src mon.0 off 0
2026-02-17T01:05:49.360+0000 7fc1435fd640 5 --2- 127.0.0.1:0/1284566574 >> v2:127.0.0.1:7146/0 conn(0xb3ce400 0xb252580 crc :-1 s=READ_MESSAGE_COMPLETE pgs=20 gs=1 cs=0 l=1 c_cookie=0 s_cookie=0 reconnecting=0 rev1=1 crypto rx=0 tx=0 comp rx=0 tx=0).handle_message received message m=0x17af6c0 seq=5 from=mon.0 type=41 osd_map(3..3 src has 1..3)
2026-02-17T01:05:49.360+0000 7fc1435fd640 20 -- 127.0.0.1:0/1284566574 queue 0x17af6c0 prio 196
2026-02-17T01:05:49.360+0000 7fc1435fd640 20 --2- 127.0.0.1:0/1284566574 >> v2:127.0.0.1:7146/0 conn(0xb3ce400 0xb252580 crc :-1 s=READY pgs=20 gs=1 cs=0 l=1 c_cookie=0 s_cookie=0 reconnecting=0 rev1=1 crypto rx=0 tx=0 comp rx=0 tx=0).read_frame
2026-02-17T01:05:49.360+0000 7fc1435fd640 20 -- 127.0.0.1:0/1284566574 >> v2:127.0.0.1:7146/0 conn(0xb3ce400 msgr2=0xb252580 crc :-1 s=STATE_CONNECTION_ESTABLISHED l=1).read start len=32
2026-02-17T01:05:49.360+0000 7fc1435fd640 10 -- 127.0.0.1:0/1284566574 >> v2:127.0.0.1:7146/0 conn(0xb3ce400 msgr2=0xb252580 crc :-1 s=STATE_CONNECTION_ESTABLISHED l=1).handle_write
2026-02-17T01:05:49.360+0000 7fc1435fd640 10 --2- 127.0.0.1:0/1284566574 >> v2:127.0.0.1:7146/0 conn(0xb3ce400 0xb252580 crc :-1 s=READY pgs=20 gs=1 cs=0 l=1 c_cookie=0 s_cookie=0 reconnecting=0 rev1=1 crypto rx=0 tx=0 comp rx=0 tx=0).write_event
2026-02-17T01:05:49.360+0000 7fc1435fd640 20 --2- 127.0.0.1:0/1284566574 >> v2:127.0.0.1:7146/0 conn(0xb3ce400 0xb252580 crc :-1 s=READY pgs=20 gs=1 cs=0 l=1 c_cookie=0 s_cookie=0 reconnecting=0 rev1=1 crypto rx=0 tx=0 comp rx=0 tx=0).prepare_send_message m=mon_get_version(what=osdmap handle=1)
2026-02-17T01:05:49.360+0000 7fc1435fd640 20 --2- 127.0.0.1:0/1284566574 >> v2:127.0.0.1:7146/0 conn(0xb3ce400 0xb252580 crc :-1 s=READY pgs=20 gs=1 cs=0 l=1 c_cookie=0 s_cookie=0 reconnecting=0 rev1=1 crypto rx=0 tx=0 comp rx=0 tx=0).prepare_send_message encoding features 4544132024016699391 0x1935ce0 mon_get_version(what=osdmap handle=1)
2026-02-17T01:05:49.360+0000 7fc1435fd640 2 --2- 127.0.0.1:0/1284566574 >> v2:127.0.0.1:7146/0 conn(0xb3ce400 0xb252580 crc :-1 s=READY pgs=20 gs=1 cs=0 l=1 c_cookie=0 s_cookie=0 reconnecting=0 rev1=1 crypto rx=0 tx=0 comp rx=0 tx=0).write_message sending message m=0x1935ce0 seq=5 mon_get_version(what=osdmap handle=1)
2026-02-17T01:05:49.360+0000 7fc1435fd640 20 --2- 127.0.0.1:0/1284566574 >> v2:127.0.0.1:7146/0 conn(0xb3ce400 0xb252580 crc :-1 s=READY pgs=20 gs=1 cs=0 l=1 c_cookie=0 s_cookie=0 reconnecting=0 rev1=1 crypto rx=0 tx=0 comp rx=0 tx=0).write_message sending m=0x1935ce0 seq=5 src=client.4115 off=0
2026-02-17T01:05:49.360+0000 7fc1435fd640 10 -- 127.0.0.1:0/1284566574 >> v2:127.0.0.1:7146/0 conn(0xb3ce400 msgr2=0xb252580 crc :-1 s=STATE_CONNECTION_ESTABLISHED l=1)._try_send sent bytes 108 remaining bytes 0
2026-02-17T01:05:49.360+0000 7fc1435fd640 10 --2- 127.0.0.1:0/1284566574 >> v2:127.0.0.1:7146/0 conn(0xb3ce400 0xb252580 crc :-1 s=READY pgs=20 gs=1 cs=0 l=1 c_cookie=0 s_cookie=0 reconnecting=0 rev1=1 crypto rx=0 tx=0 comp rx=0 tx=0).write_message sending 0x1935ce0 done.
2026-02-17T01:05:49.360+0000 7fc1435fd640 20 -- 127.0.0.1:0/1284566574 >> v2:127.0.0.1:7146/0 conn(0xb3ce400 msgr2=0xb252580 crc :-1 s=STATE_CONNECTION_ESTABLISHED l=1).process
2026-02-17T01:05:49.360+0000 7fc1435fd640 20 -- 127.0.0.1:0/1284566574 >> v2:127.0.0.1:7146/0 conn(0xb3ce400 msgr2=0xb252580 crc :-1 s=STATE_CONNECTION_ESTABLISHED l=1).read continue len=32
2026-02-17T01:05:49.360+0000 7fc1435fd640 20 --2- 127.0.0.1:0/1284566574 >> v2:127.0.0.1:7146/0 conn(0xb3ce400 0xb252580 crc :-1 s=READY pgs=20 gs=1 cs=0 l=1 c_cookie=0 s_cookie=0 reconnecting=0 rev1=1 crypto rx=0 tx=0 comp rx=0 tx=0).handle_read_frame_preamble_main r=0
2026-02-17T01:05:49.360+0000 7fc051425640 10 -- 127.0.0.1:0/1284566574 dispatch_throttle_release 53625 to dispatch throttler 54520/104857600
2026-02-17T01:05:49.360+0000 7fc051425640 20 -- 127.0.0.1:0/1284566574 done calling dispatch on 0xb3ea300
2026-02-17T01:05:49.360+0000 7fc1435fd640 20 --2- 127.0.0.1:0/1284566574 >> v2:127.0.0.1:7146/0 conn(0xb3ce400 0xb252580 crc :-1 s=THROTTLE_MESSAGE pgs=20 gs=1 cs=0 l=1 c_cookie=0 s_cookie=0 reconnecting=0 rev1=1 crypto rx=0 tx=0 comp rx=0 tx=0).throttle_message
2026-02-17T01:05:49.360+0000 7fc1435fd640 20 --2- 127.0.0.1:0/1284566574 >> v2:127.0.0.1:7146/0 conn(0xb3ce400 0xb252580 crc :-1 s=THROTTLE_BYTES pgs=20 gs=1 cs=0 l=1 c_cookie=0 s_cookie=0 reconnecting=0 rev1=1 crypto rx=0 tx=0 comp rx=0 tx=0).throttle_bytes
2026-02-17T01:05:49.360+0000 7fc1435fd640 20 --2- 127.0.0.1:0/1284566574 >> v2:127.0.0.1:7146/0 conn(0xb3ce400 0xb252580 crc :-1 s=THROTTLE_DISPATCH_QUEUE pgs=20 gs=1 cs=0 l=1 c_cookie=0 s_cookie=0 reconnecting=0 rev1=1 crypto rx=0 tx=0 comp rx=0 tx=0).throttle_dispatch_queue
2026-02-17T01:05:49.360+0000 7fc1435fd640 20 --2- 127.0.0.1:0/1284566574 >> v2:127.0.0.1:7146/0 conn(0xb3ce400 0xb252580 crc :-1 s=THROTTLE_DONE pgs=20 gs=1 cs=0 l=1 c_cookie=0 s_cookie=0 reconnecting=0 rev1=1 crypto rx=0 tx=0 comp rx=0 tx=0).read_frame_segment seg_idx=0
2026-02-17T01:05:49.360+0000 7fc1435fd640 20 -- 127.0.0.1:0/1284566574 >> v2:127.0.0.1:7146/0 conn(0xb3ce400 msgr2=0xb252580 crc :-1 s=STATE_CONNECTION_ESTABLISHED l=1).read start len=45
2026-02-17T01:05:49.360+0000 7fc1435fd640 20 --2- 127.0.0.1:0/1284566574 >> v2:127.0.0.1:7146/0 conn(0xb3ce400 0xb252580 crc :-1 s=THROTTLE_DONE pgs=20 gs=1 cs=0 l=1 c_cookie=0 s_cookie=0 reconnecting=0 rev1=1 crypto rx=0 tx=0 comp rx=0 tx=0).handle_read_frame_segment r=0
2026-02-17T01:05:49.360+0000 7fc1435fd640 20 --2- 127.0.0.1:0/1284566574 >> v2:127.0.0.1:7146/0 conn(0xb3ce400 0xb252580 crc :-1 s=THROTTLE_DONE pgs=20 gs=1 cs=0 l=1 c_cookie=0 s_cookie=0 reconnecting=0 rev1=1 crypto rx=0 tx=0 comp rx=0 tx=0).read_frame_segment seg_idx=1
2026-02-17T01:05:49.360+0000 7fc1435fd640 20 -- 127.0.0.1:0/1284566574 >> v2:127.0.0.1:7146/0 conn(0xb3ce400 msgr2=0xb252580 crc :-1 s=STATE_CONNECTION_ESTABLISHED l=1).read start len=24
2026-02-17T01:05:49.360+0000 7fc1435fd640 20 --2- 127.0.0.1:0/1284566574 >> v2:127.0.0.1:7146/0 conn(0xb3ce400 0xb252580 crc :-1 s=THROTTLE_DONE pgs=20 gs=1 cs=0 l=1 c_cookie=0 s_cookie=0 reconnecting=0 rev1=1 crypto rx=0 tx=0 comp rx=0 tx=0).handle_read_frame_segment r=0
2026-02-17T01:05:49.360+0000 7fc1435fd640 20 -- 127.0.0.1:0/1284566574 >> v2:127.0.0.1:7146/0 conn(0xb3ce400 msgr2=0xb252580 crc :-1 s=STATE_CONNECTION_ESTABLISHED l=1).read start len=13
2026-02-17T01:05:49.360+0000 7fc1435fd640 20 --2- 127.0.0.1:0/1284566574 >> v2:127.0.0.1:7146/0 conn(0xb3ce400 0xb252580 crc :-1 s=THROTTLE_DONE pgs=20 gs=1 cs=0 l=1 c_cookie=0 s_cookie=0 reconnecting=0 rev1=1 crypto rx=0 tx=0 comp rx=0 tx=0).handle_read_frame_epilogue_main r=0
2026-02-17T01:05:49.360+0000 7fc1435fd640 10 --2- 127.0.0.1:0/1284566574 >> v2:127.0.0.1:7146/0 conn(0xb3ce400 0xb252580 crc :-1 s=THROTTLE_DONE pgs=20 gs=1 cs=0 l=1 c_cookie=0 s_cookie=0 reconnecting=0 rev1=1 crypto rx=0 tx=0 comp rx=0 tx=0).handle_read_frame_dispatch tag=17
2026-02-17T01:05:49.360+0000 7fc1435fd640 20 --2- 127.0.0.1:0/1284566574 >> v2:127.0.0.1:7146/0 conn(0xb3ce400 0xb252580 crc :-1 s=THROTTLE_DONE pgs=20 gs=1 cs=0 l=1 c_cookie=0 s_cookie=0 reconnecting=0 rev1=1 crypto rx=0 tx=0 comp rx=0 tx=0).handle_message
2026-02-17T01:05:49.360+0000 7fc1435fd640 5 --2- 127.0.0.1:0/1284566574 >> v2:127.0.0.1:7146/0 conn(0xb3ce400 0xb252580 crc :-1 s=THROTTLE_DONE pgs=20 gs=1 cs=0 l=1 c_cookie=0 s_cookie=0 reconnecting=0 rev1=1 crypto rx=0 tx=0 comp rx=0 tx=0).handle_message got 24 + 0 + 0 byte message. envelope type=20 src mon.0 off 0
2026-02-17T01:05:49.360+0000 7fc1435fd640 5 --2- 127.0.0.1:0/1284566574 >> v2:127.0.0.1:7146/0 conn(0xb3ce400 0xb252580 crc :-1 s=READ_MESSAGE_COMPLETE pgs=20 gs=1 cs=0 l=1 c_cookie=0 s_cookie=0 reconnecting=0 rev1=1 crypto rx=0 tx=0 comp rx=0 tx=0).handle_message received message m=0x1935ce0 seq=6 from=mon.0 type=20 mon_get_version_reply(handle=1 version=3)
2026-02-17T01:05:49.360+0000 7fc060cc4640 0 [status DEBUG root] setting log level based on debug_mgr: DEBUG (20/20)
2026-02-17T01:05:49.360+0000 7fc060cc4640 1 mgr load Constructed class from module: status
2026-02-17T01:05:49.360+0000 7fc060cc4640 20 mgr ~Gil Destroying new thread state 0xb4425a0
2026-02-17T01:05:49.360+0000 7fc060cc4640 4 mgr operator() Starting thread for status
2026-02-17T01:05:49.360+0000 7fc051425640 1 -- 127.0.0.1:0/1284566574 <== mon.0 v2:127.0.0.1:7146/0 5 ==== osd_map(3..3 src has 1..3) ==== 895+0+0 (crc 0 0 0) 0x17af6c0 con 0xb3ce400
2026-02-17T01:05:49.360+0000 7fc051425640 10 client.4115.objecter ms_dispatch2 0x1914000 osd_map(3..3 src has 1..3)
2026-02-17T01:05:49.360+0000 7fc051425640 3 client.4115.objecter handle_osd_map got epochs [3,3] > 0
2026-02-17T01:05:49.360+0000 7fc051425640 3 client.4115.objecter handle_osd_map decoding full epoch 3
2026-02-17T01:05:49.360+0000 7fc1435fd640 20 -- 127.0.0.1:0/1284566574 queue 0x1935ce0 prio 196
2026-02-17T01:05:49.360+0000 7fc1435fd640 20 --2- 127.0.0.1:0/1284566574 >> v2:127.0.0.1:7146/0 conn(0xb3ce400 0xb252580 crc :-1 s=READY pgs=20 gs=1 cs=0 l=1 c_cookie=0 s_cookie=0 reconnecting=0 rev1=1 crypto rx=0 tx=0 comp rx=0 tx=0).read_frame
2026-02-17T01:05:49.360+0000 7fc1435fd640 20 -- 127.0.0.1:0/1284566574 >> v2:127.0.0.1:7146/0 conn(0xb3ce400 msgr2=0xb252580 crc :-1 s=STATE_CONNECTION_ESTABLISHED l=1).read start len=32
2026-02-17T01:05:49.360+0000 7fc051425640 20 client.4115.objecter dump_active .. 0 homeless
2026-02-17T01:05:49.360+0000 7fc060cc4640 4 mgr operator() Starting active module status finisher thread m-fin-status
2026-02-17T01:05:49.360+0000 7fc051425640 10 -- 127.0.0.1:0/1284566574 dispatch_throttle_release 895 to dispatch throttler 919/104857600
2026-02-17T01:05:49.360+0000 7fc051425640 20 -- 127.0.0.1:0/1284566574 done calling dispatch on 0x17af6c0
2026-02-17T01:05:49.360+0000 7fc051425640 1 -- 127.0.0.1:0/1284566574 <== mon.0 v2:127.0.0.1:7146/0 6 ==== mon_get_version_reply(handle=1 version=3) ==== 24+0+0 (crc 0 0 0) 0x1935ce0 con 0xb3ce400
2026-02-17T01:05:49.360+0000 7fc051425640 10 -- 127.0.0.1:0/1284566574 dispatch_throttle_release 24 to dispatch throttler 24/104857600
2026-02-17T01:05:49.360+0000 7fc051425640 20 -- 127.0.0.1:0/1284566574 done calling dispatch on 0x1935ce0
2026-02-17T01:05:49.360+0000 7fc04dc1e640 4 mgr entry Entering thread for status
2026-02-17T01:05:49.360+0000 7fc04dc1e640 20 mgr Gil Switched to new thread state 0xb443200
2026-02-17T01:05:49.360+0000 7fc04dc1e640 20 mgr ~Gil Destroying new thread state 0xb443200
2026-02-17T01:05:49.360+0000 7fc052427640 10 client.4115.objecter _get_latest_version latest 3, have it
2026-02-17T01:05:49.360+0000 7fc060cc4640 20 mgr Gil Switched to new thread state 0xb4425a0
2026-02-17T01:05:49.360+0000 7fc060cc4640 10 ceph_option_get debug_mgr found: 20/20
2026-02-17T01:05:49.360+0000 7fc060cc4640 20 mgr get_config key: mgr/telemetry/log_level
2026-02-17T01:05:49.360+0000 7fc060cc4640 10 mgr get_typed_config log_level not found
2026-02-17T01:05:49.360+0000 7fc060cc4640 20 mgr get_config key: mgr/telemetry/log_to_cluster_level
2026-02-17T01:05:49.360+0000 7fc060cc4640 10 mgr get_typed_config log_to_cluster_level not found
2026-02-17T01:05:49.360+0000 7fc060cc4640 20 mgr get_config key: mgr/telemetry/log_to_file
2026-02-17T01:05:49.360+0000 7fc060cc4640 10 mgr get_typed_config log_to_file not found
2026-02-17T01:05:49.360+0000 7fc060cc4640 20 mgr get_config key: mgr/telemetry/log_to_cluster
2026-02-17T01:05:49.360+0000 7fc060cc4640 10 mgr get_typed_config log_to_cluster not found
2026-02-17T01:05:49.360+0000 7fc060cc4640 10 ceph_option_get log_file found: td/osd-bluefs-volume-ops/mgr.x.log
2026-02-17T01:05:49.360+0000 7fc060cc4640 0 [telemetry DEBUG root] setting log level based on debug_mgr: DEBUG (20/20)
2026-02-17T01:05:49.360+0000 7fc060cc4640 20 mgr get_config key: mgr/telemetry/url
2026-02-17T01:05:49.360+0000 7fc060cc4640 10 mgr get_typed_config url not found
2026-02-17T01:05:49.360+0000 7fc060cc4640 0 [telemetry DEBUG root] url = https://telemetry.ceph.com/report
2026-02-17T01:05:49.360+0000 7fc060cc4640 20 mgr get_config key: mgr/telemetry/device_url
2026-02-17T01:05:49.360+0000 7fc060cc4640 10 mgr get_typed_config device_url not found
2026-02-17T01:05:49.360+0000 7fc060cc4640 0 [telemetry DEBUG root] device_url = https://telemetry.ceph.com/device
2026-02-17T01:05:49.360+0000 7fc060cc4640 20 mgr get_config key: mgr/telemetry/enabled
2026-02-17T01:05:49.360+0000 7fc060cc4640 10 mgr get_typed_config enabled not found
2026-02-17T01:05:49.360+0000 7fc060cc4640 0 [telemetry DEBUG root] enabled = False
2026-02-17T01:05:49.360+0000 7fc060cc4640 20 mgr get_config key: mgr/telemetry/last_opt_revision
2026-02-17T01:05:49.360+0000 7fc060cc4640 10 mgr get_typed_config last_opt_revision not found
2026-02-17T01:05:49.360+0000 7fc060cc4640 0 [telemetry DEBUG root] last_opt_revision = 1
2026-02-17T01:05:49.360+0000 7fc060cc4640 20 mgr get_config key: mgr/telemetry/leaderboard
2026-02-17T01:05:49.360+0000 7fc060cc4640 10 mgr get_typed_config leaderboard not found
2026-02-17T01:05:49.360+0000 7fc060cc4640 0 [telemetry DEBUG root] leaderboard = False
2026-02-17T01:05:49.360+0000 7fc060cc4640 20 mgr get_config key: mgr/telemetry/leaderboard_description
2026-02-17T01:05:49.360+0000 7fc060cc4640 10 mgr get_typed_config leaderboard_description not found
2026-02-17T01:05:49.360+0000 7fc060cc4640 0 [telemetry DEBUG root] leaderboard_description = None
