2026-02-17T01:05:49.349+0000 7fc060cc4640 5 --2- 127.0.0.1:0/1959397615 >> v2:127.0.0.1:7146/0 conn(0xb22e000 0xb252000 crc :-1 s=THROTTLE_DONE pgs=16 gs=2 cs=0 l=1 c_cookie=7059410088652425621 s_cookie=0 reconnecting=0 rev1=1 crypto rx=0 tx=0 comp rx=0 tx=0).send_message enqueueing message m=0x188e480 type=50 mon_command({"prefix": "mds metadata"} v 0)
2026-02-17T01:05:49.349+0000 7fc143dfe640 20 --2- 127.0.0.1:0/1959397615 >> v2:127.0.0.1:7146/0 conn(0xb22e000 0xb252000 crc :-1 s=THROTTLE_DONE pgs=16 gs=2 cs=0 l=1 c_cookie=7059410088652425621 s_cookie=0 reconnecting=0 rev1=1 crypto rx=0 tx=0 comp rx=0 tx=0).handle_message
2026-02-17T01:05:49.349+0000 7fc060cc4640 15 --2- 127.0.0.1:0/1959397615 >> v2:127.0.0.1:7146/0 conn(0xb22e000 0xb252000 crc :-1 s=THROTTLE_DONE pgs=16 gs=2 cs=0 l=1 c_cookie=7059410088652425621 s_cookie=0 reconnecting=0 rev1=1 crypto rx=0 tx=0 comp rx=0 tx=0).send_message message queued for async transmission m=0x188e480
2026-02-17T01:05:49.349+0000 7fc143dfe640 5 --2- 127.0.0.1:0/1959397615 >> v2:127.0.0.1:7146/0 conn(0xb22e000 0xb252000 crc :-1 s=THROTTLE_DONE pgs=16 gs=2 cs=0 l=1 c_cookie=7059410088652425621 s_cookie=0 reconnecting=0 rev1=1 crypto rx=0 tx=0 comp rx=0 tx=0).handle_message got 1027 + 0 + 0 byte message. envelope type=41 src mon.0 off 0
2026-02-17T01:05:49.349+0000 7fc060cc4640 20 Event(0x17a6748 nevent=5000 time_id=5).wakeup
2026-02-17T01:05:49.349+0000 7fc143dfe640 5 --2- 127.0.0.1:0/1959397615 >> v2:127.0.0.1:7146/0 conn(0xb22e000 0xb252000 crc :-1 s=READ_MESSAGE_COMPLETE pgs=16 gs=2 cs=0 l=1 c_cookie=7059410088652425621 s_cookie=0 reconnecting=0 rev1=1 crypto rx=0 tx=0 comp rx=0 tx=0).handle_message received message m=0x18eaa80 seq=10 from=mon.0 type=41 osd_map(2..3 src has 1..3)
2026-02-17T01:05:49.349+0000 7fc143dfe640 20 -- 127.0.0.1:0/1959397615 queue 0x18eaa80 prio 196
2026-02-17T01:05:49.349+0000 7fc143dfe640 20 --2- 127.0.0.1:0/1959397615 >> v2:127.0.0.1:7146/0 conn(0xb22e000 0xb252000 crc :-1 s=READY pgs=16 gs=2 cs=0 l=1 c_cookie=7059410088652425621 s_cookie=0 reconnecting=0 rev1=1 crypto rx=0 tx=0 comp rx=0 tx=0).read_frame
2026-02-17T01:05:49.349+0000 7fc143dfe640 20 -- 127.0.0.1:0/1959397615 >> v2:127.0.0.1:7146/0 conn(0xb22e000 msgr2=0xb252000 crc :-1 s=STATE_CONNECTION_ESTABLISHED l=1).read start len=32
2026-02-17T01:05:49.349+0000 7fc060cc4640 1 -- 127.0.0.1:0/1959397615 --> v2:127.0.0.1:7146/0 -- mon_command({"prefix": "osd metadata"} v 0) -- 0x188e600 con 0xb22e000
2026-02-17T01:05:49.349+0000 7fc143dfe640 20 --2- 127.0.0.1:0/1959397615 >> v2:127.0.0.1:7146/0 conn(0xb22e000 0xb252000 crc :-1 s=READY pgs=16 gs=2 cs=0 l=1 c_cookie=7059410088652425621 s_cookie=0 reconnecting=0 rev1=1 crypto rx=0 tx=0 comp rx=0 tx=0).handle_read_frame_preamble_main r=0
2026-02-17T01:05:49.349+0000 7fc143dfe640 20 --2- 127.0.0.1:0/1959397615 >> v2:127.0.0.1:7146/0 conn(0xb22e000 0xb252000 crc :-1 s=THROTTLE_MESSAGE pgs=16 gs=2 cs=0 l=1 c_cookie=7059410088652425621 s_cookie=0 reconnecting=0 rev1=1 crypto rx=0 tx=0 comp rx=0 tx=0).throttle_message
2026-02-17T01:05:49.349+0000 7fc060cc4640 5 --2- 127.0.0.1:0/1959397615 >> v2:127.0.0.1:7146/0 conn(0xb22e000 0xb252000 crc :-1 s=READY pgs=16 gs=2 cs=0 l=1 c_cookie=7059410088652425621 s_cookie=0 reconnecting=0 rev1=1 crypto rx=0 tx=0 comp rx=0 tx=0).send_message enqueueing message m=0x188e600 type=50 mon_command({"prefix": "osd metadata"} v 0)
2026-02-17T01:05:49.349+0000 7fc143dfe640 20 --2- 127.0.0.1:0/1959397615 >> v2:127.0.0.1:7146/0 conn(0xb22e000 0xb252000 crc :-1 s=THROTTLE_BYTES pgs=16 gs=2 cs=0 l=1 c_cookie=7059410088652425621 s_cookie=0 reconnecting=0 rev1=1 crypto rx=0 tx=0 comp rx=0 tx=0).throttle_bytes
2026-02-17T01:05:49.349+0000 7fc143dfe640 20 --2- 127.0.0.1:0/1959397615 >> v2:127.0.0.1:7146/0 conn(0xb22e000 0xb252000 crc :-1 s=THROTTLE_DISPATCH_QUEUE pgs=16 gs=2 cs=0 l=1 c_cookie=7059410088652425621 s_cookie=0 reconnecting=0 rev1=1 crypto rx=0 tx=0 comp rx=0 tx=0).throttle_dispatch_queue
2026-02-17T01:05:49.349+0000 7fc143dfe640 20 --2- 127.0.0.1:0/1959397615 >> v2:127.0.0.1:7146/0 conn(0xb22e000 0xb252000 crc :-1 s=THROTTLE_DONE pgs=16 gs=2 cs=0 l=1 c_cookie=7059410088652425621 s_cookie=0 reconnecting=0 rev1=1 crypto rx=0 tx=0 comp rx=0 tx=0).read_frame_segment seg_idx=0
2026-02-17T01:05:49.349+0000 7fc060cc4640 15 --2- 127.0.0.1:0/1959397615 >> v2:127.0.0.1:7146/0 conn(0xb22e000 0xb252000 crc :-1 s=THROTTLE_DISPATCH_QUEUE pgs=16 gs=2 cs=0 l=1 c_cookie=7059410088652425621 s_cookie=0 reconnecting=0 rev1=1 crypto rx=0 tx=0 comp rx=0 tx=0).send_message message queued for async transmission m=0x188e600
2026-02-17T01:05:49.349+0000 7fc143dfe640 20 -- 127.0.0.1:0/1959397615 >> v2:127.0.0.1:7146/0 conn(0xb22e000 msgr2=0xb252000 crc :-1 s=STATE_CONNECTION_ESTABLISHED l=1).read start len=45
2026-02-17T01:05:49.349+0000 7fc143dfe640 20 --2- 127.0.0.1:0/1959397615 >> v2:127.0.0.1:7146/0 conn(0xb22e000 0xb252000 crc :-1 s=THROTTLE_DONE pgs=16 gs=2 cs=0 l=1 c_cookie=7059410088652425621 s_cookie=0 reconnecting=0 rev1=1 crypto rx=0 tx=0 comp rx=0 tx=0).handle_read_frame_segment r=0
2026-02-17T01:05:49.349+0000 7fc143dfe640 20 --2- 127.0.0.1:0/1959397615 >> v2:127.0.0.1:7146/0 conn(0xb22e000 0xb252000 crc :-1 s=THROTTLE_DONE pgs=16 gs=2 cs=0 l=1 c_cookie=7059410088652425621 s_cookie=0 reconnecting=0 rev1=1 crypto rx=0 tx=0 comp rx=0 tx=0).read_frame_segment seg_idx=1
2026-02-17T01:05:49.349+0000 7fc143dfe640 20 -- 127.0.0.1:0/1959397615 >> v2:127.0.0.1:7146/0 conn(0xb22e000 msgr2=0xb252000 crc :-1 s=STATE_CONNECTION_ESTABLISHED l=1).read start len=22
2026-02-17T01:05:49.349+0000 7fc143dfe640 20 --2- 127.0.0.1:0/1959397615 >> v2:127.0.0.1:7146/0 conn(0xb22e000 0xb252000 crc :-1 s=THROTTLE_DONE pgs=16 gs=2 cs=0 l=1 c_cookie=7059410088652425621 s_cookie=0 reconnecting=0 rev1=1 crypto rx=0 tx=0 comp rx=0 tx=0).handle_read_frame_segment r=0
2026-02-17T01:05:49.349+0000 7fc060cc4640 1 -- 127.0.0.1:0/1959397615 --> v2:127.0.0.1:7146/0 -- mon_command({"prefix": "mon metadata"} v 0) -- 0x188e780 con 0xb22e000
2026-02-17T01:05:49.349+0000 7fc143dfe640 20 -- 127.0.0.1:0/1959397615 >> v2:127.0.0.1:7146/0 conn(0xb22e000 msgr2=0xb252000 crc :-1 s=STATE_CONNECTION_ESTABLISHED l=1).read start len=13
2026-02-17T01:05:49.349+0000 7fc143dfe640 20 --2- 127.0.0.1:0/1959397615 >> v2:127.0.0.1:7146/0 conn(0xb22e000 0xb252000 crc :-1 s=THROTTLE_DONE pgs=16 gs=2 cs=0 l=1 c_cookie=7059410088652425621 s_cookie=0 reconnecting=0 rev1=1 crypto rx=0 tx=0 comp rx=0 tx=0).handle_read_frame_epilogue_main r=0
2026-02-17T01:05:49.349+0000 7fc060cc4640 5 --2- 127.0.0.1:0/1959397615 >> v2:127.0.0.1:7146/0 conn(0xb22e000 0xb252000 crc :-1 s=THROTTLE_DONE pgs=16 gs=2 cs=0 l=1 c_cookie=7059410088652425621 s_cookie=0 reconnecting=0 rev1=1 crypto rx=0 tx=0 comp rx=0 tx=0).send_message enqueueing message m=0x188e780 type=50 mon_command({"prefix": "mon metadata"} v 0)
2026-02-17T01:05:49.349+0000 7fc143dfe640 10 --2- 127.0.0.1:0/1959397615 >> v2:127.0.0.1:7146/0 conn(0xb22e000 0xb252000 crc :-1 s=THROTTLE_DONE pgs=16 gs=2 cs=0 l=1 c_cookie=7059410088652425621 s_cookie=0 reconnecting=0 rev1=1 crypto rx=0 tx=0 comp rx=0 tx=0).handle_read_frame_dispatch tag=17
2026-02-17T01:05:49.349+0000 7fc060cc4640 15 --2- 127.0.0.1:0/1959397615 >> v2:127.0.0.1:7146/0 conn(0xb22e000 0xb252000 crc :-1 s=THROTTLE_DONE pgs=16 gs=2 cs=0 l=1 c_cookie=7059410088652425621 s_cookie=0 reconnecting=0 rev1=1 crypto rx=0 tx=0 comp rx=0 tx=0).send_message message queued for async transmission m=0x188e780
2026-02-17T01:05:49.349+0000 7fc143dfe640 20 --2- 127.0.0.1:0/1959397615 >> v2:127.0.0.1:7146/0 conn(0xb22e000 0xb252000 crc :-1 s=THROTTLE_DONE pgs=16 gs=2 cs=0 l=1 c_cookie=7059410088652425621 s_cookie=0 reconnecting=0 rev1=1 crypto rx=0 tx=0 comp rx=0 tx=0).handle_message
2026-02-17T01:05:49.349+0000 7fc143dfe640 5 --2- 127.0.0.1:0/1959397615 >> v2:127.0.0.1:7146/0 conn(0xb22e000 0xb252000 crc :-1 s=THROTTLE_DONE pgs=16 gs=2 cs=0 l=1 c_cookie=7059410088652425621 s_cookie=0 reconnecting=0 rev1=1 crypto rx=0 tx=0 comp rx=0 tx=0).handle_message got 22 + 0 + 0 byte message. envelope type=1799 src mon.0 off 0
2026-02-17T01:05:49.349+0000 7fc13fdf6640 20 mgr handle_mon_map handle_mon_map
2026-02-17T01:05:49.349+0000 7fc143dfe640 5 --2- 127.0.0.1:0/1959397615 >> v2:127.0.0.1:7146/0 conn(0xb22e000 0xb252000 crc :-1 s=READ_MESSAGE_COMPLETE pgs=16 gs=2 cs=0 l=1 c_cookie=7059410088652425621 s_cookie=0 reconnecting=0 rev1=1 crypto rx=0 tx=0 comp rx=0 tx=0).handle_message received message m=0x188e180 seq=11 from=mon.0 type=1799 service_map(e1 0 svc)
2026-02-17T01:05:49.349+0000 7fc143dfe640 20 -- 127.0.0.1:0/1959397615 queue 0x188e180 prio 196
2026-02-17T01:05:49.349+0000 7fc143dfe640 20 --2- 127.0.0.1:0/1959397615 >> v2:127.0.0.1:7146/0 conn(0xb22e000 0xb252000 crc :-1 s=READY pgs=16 gs=2 cs=0 l=1 c_cookie=7059410088652425621 s_cookie=0 reconnecting=0 rev1=1 crypto rx=0 tx=0 comp rx=0 tx=0).read_frame
2026-02-17T01:05:49.349+0000 7fc143dfe640 20 -- 127.0.0.1:0/1959397615 >> v2:127.0.0.1:7146/0 conn(0xb22e000 msgr2=0xb252000 crc :-1 s=STATE_CONNECTION_ESTABLISHED l=1).read start len=32
2026-02-17T01:05:49.349+0000 7fc143dfe640 10 -- 127.0.0.1:0/1959397615 >> v2:127.0.0.1:7146/0 conn(0xb22e000 msgr2=0xb252000 crc :-1 s=STATE_CONNECTION_ESTABLISHED l=1).handle_write
2026-02-17T01:05:49.349+0000 7fc143dfe640 10 --2- 127.0.0.1:0/1959397615 >> v2:127.0.0.1:7146/0 conn(0xb22e000 0xb252000 crc :-1 s=READY pgs=16 gs=2 cs=0 l=1 c_cookie=7059410088652425621 s_cookie=0 reconnecting=0 rev1=1 crypto rx=0 tx=0 comp rx=0 tx=0).write_event
2026-02-17T01:05:49.349+0000 7fc143dfe640 20 --2- 127.0.0.1:0/1959397615 >> v2:127.0.0.1:7146/0 conn(0xb22e000 0xb252000 crc :-1 s=READY pgs=16 gs=2 cs=0 l=1 c_cookie=7059410088652425621 s_cookie=0 reconnecting=0 rev1=1 crypto rx=0 tx=0 comp rx=0 tx=0).prepare_send_message m=mon_command({"prefix": "mds metadata"} v 0)
2026-02-17T01:05:49.349+0000 7fc143dfe640 20 --2- 127.0.0.1:0/1959397615 >> v2:127.0.0.1:7146/0 conn(0xb22e000 0xb252000 crc :-1 s=READY pgs=16 gs=2 cs=0 l=1 c_cookie=7059410088652425621 s_cookie=0 reconnecting=0 rev1=1 crypto rx=0 tx=0 comp rx=0 tx=0).prepare_send_message encoding features 4544132024016699391 0x188e480 mon_command({"prefix": "mds metadata"} v 0)
2026-02-17T01:05:49.349+0000 7fc143dfe640 2 --2- 127.0.0.1:0/1959397615 >> v2:127.0.0.1:7146/0 conn(0xb22e000 0xb252000 crc :-1 s=READY pgs=16 gs=2 cs=0 l=1 c_cookie=7059410088652425621 s_cookie=0 reconnecting=0 rev1=1 crypto rx=0 tx=0 comp rx=0 tx=0).write_message sending message m=0x188e480 seq=3 mon_command({"prefix": "mds metadata"} v 0)
2026-02-17T01:05:49.349+0000 7fc13fdf6640 1 -- 127.0.0.1:0/1959397615 --> v2:127.0.0.1:7146/0 -- mon_command({"prefix": "mon metadata", "id": "a"} v 0) -- 0x188e900 con 0xb22e000
2026-02-17T01:05:49.349+0000 7fc143dfe640 20 --2- 127.0.0.1:0/1959397615 >> v2:127.0.0.1:7146/0 conn(0xb22e000 0xb252000 crc :-1 s=READY pgs=16 gs=2 cs=0 l=1 c_cookie=7059410088652425621 s_cookie=0 reconnecting=0 rev1=1 crypto rx=0 tx=0 comp rx=0 tx=0).write_message sending m=0x188e480 seq=3 src=mgr.4100 off=0
2026-02-17T01:05:49.349+0000 7fc143dfe640 10 -- 127.0.0.1:0/1959397615 >> v2:127.0.0.1:7146/0 conn(0xb22e000 msgr2=0xb252000 crc :-1 s=STATE_CONNECTION_ESTABLISHED l=1)._try_send sent bytes 158 remaining bytes 0
2026-02-17T01:05:49.349+0000 7fc13fdf6640 5 --2- 127.0.0.1:0/1959397615 >> v2:127.0.0.1:7146/0 conn(0xb22e000 0xb252000 crc :-1 s=READY pgs=16 gs=2 cs=0 l=1 c_cookie=7059410088652425621 s_cookie=0 reconnecting=0 rev1=1 crypto rx=0 tx=0 comp rx=0 tx=0).send_message enqueueing message m=0x188e900 type=50 mon_command({"prefix": "mon metadata", "id": "a"} v 0)
2026-02-17T01:05:49.349+0000 7fc143dfe640 10 --2- 127.0.0.1:0/1959397615 >> v2:127.0.0.1:7146/0 conn(0xb22e000 0xb252000 crc :-1 s=READY pgs=16 gs=2 cs=0 l=1 c_cookie=7059410088652425621 s_cookie=0 reconnecting=0 rev1=1 crypto rx=0 tx=0 comp rx=0 tx=0).write_message sending 0x188e480 done.
2026-02-17T01:05:49.349+0000 7fc13fdf6640 15 --2- 127.0.0.1:0/1959397615 >> v2:127.0.0.1:7146/0 conn(0xb22e000 0xb252000 crc :-1 s=READY pgs=16 gs=2 cs=0 l=1 c_cookie=7059410088652425621 s_cookie=0 reconnecting=0 rev1=1 crypto rx=0 tx=0 comp rx=0 tx=0).send_message message queued for async transmission m=0x188e900
2026-02-17T01:05:49.349+0000 7fc13fdf6640 10 -- 127.0.0.1:0/1959397615 dispatch_throttle_release 178 to dispatch throttler 57348/104857600
2026-02-17T01:05:49.349+0000 7fc13fdf6640 20 -- 127.0.0.1:0/1959397615 done calling dispatch on 0x17b0420
2026-02-17T01:05:49.349+0000 7fc13fdf6640 1 -- 127.0.0.1:0/1959397615 <== mon.0 v2:127.0.0.1:7146/0 2 ==== config(1 keys) ==== 25+0+0 (crc 0 0 0) 0x17b2c00 con 0xb22e000
2026-02-17T01:05:49.349+0000 7fc143dfe640 20 --2- 127.0.0.1:0/1959397615 >> v2:127.0.0.1:7146/0 conn(0xb22e000 0xb252000 crc :-1 s=READY pgs=16 gs=2 cs=0 l=1 c_cookie=7059410088652425621 s_cookie=0 reconnecting=0 rev1=1 crypto rx=0 tx=0 comp rx=0 tx=0).prepare_send_message m=mon_command({"prefix": "osd metadata"} v 0)
2026-02-17T01:05:49.349+0000 7fc143dfe640 20 --2- 127.0.0.1:0/1959397615 >> v2:127.0.0.1:7146/0 conn(0xb22e000 0xb252000 crc :-1 s=READY pgs=16 gs=2 cs=0 l=1 c_cookie=7059410088652425621 s_cookie=0 reconnecting=0 rev1=1 crypto rx=0 tx=0 comp rx=0 tx=0).prepare_send_message encoding features 4544132024016699391 0x188e600 mon_command({"prefix": "osd metadata"} v 0)
2026-02-17T01:05:49.349+0000 7fc13fdf6640 10 -- 127.0.0.1:0/1959397615 dispatch_throttle_release 25 to dispatch throttler 57170/104857600
2026-02-17T01:05:49.349+0000 7fc13fdf6640 20 -- 127.0.0.1:0/1959397615 done calling dispatch on 0x17b2c00
2026-02-17T01:05:49.349+0000 7fc143dfe640 2 --2- 127.0.0.1:0/1959397615 >> v2:127.0.0.1:7146/0 conn(0xb22e000 0xb252000 crc :-1 s=READY pgs=16 gs=2 cs=0 l=1 c_cookie=7059410088652425621 s_cookie=0 reconnecting=0 rev1=1 crypto rx=0 tx=0 comp rx=0 tx=0).write_message sending message m=0x188e600 seq=4 mon_command({"prefix": "osd metadata"} v 0)
2026-02-17T01:05:49.349+0000 7fc13fdf6640 1 -- 127.0.0.1:0/1959397615 <== mon.0 v2:127.0.0.1:7146/0 3 ==== fsmap(e 1) ==== 438+0+0 (crc 0 0 0) 0xb144f00 con 0xb22e000
2026-02-17T01:05:49.349+0000 7fc143dfe640 20 --2- 127.0.0.1:0/1959397615 >> v2:127.0.0.1:7146/0 conn(0xb22e000 0xb252000 crc :-1 s=READY pgs=16 gs=2 cs=0 l=1 c_cookie=7059410088652425621 s_cookie=0 reconnecting=0 rev1=1 crypto rx=0 tx=0 comp rx=0 tx=0).write_message sending m=0x188e600 seq=4 src=mgr.4100 off=0
2026-02-17T01:05:49.349+0000 7fc13fdf6640 10 mgr.4100.objecter ms_dispatch2 0x1914000 fsmap(e 1)
2026-02-17T01:05:49.349+0000 7fc13fdf6640 10 mgr ms_dispatch2 active (starting) fsmap(e 1)
2026-02-17T01:05:49.349+0000 7fc143dfe640 10 -- 127.0.0.1:0/1959397615 >> v2:127.0.0.1:7146/0 conn(0xb22e000 msgr2=0xb252000 crc :-1 s=STATE_CONNECTION_ESTABLISHED l=1)._try_send sent bytes 158 remaining bytes 0
2026-02-17T01:05:49.349+0000 7fc13fdf6640 10 mgr ms_dispatch2 fsmap(e 1)
2026-02-17T01:05:49.349+0000 7fc143dfe640 10 --2- 127.0.0.1:0/1959397615 >> v2:127.0.0.1:7146/0 conn(0xb22e000 0xb252000 crc :-1 s=READY pgs=16 gs=2 cs=0 l=1 c_cookie=7059410088652425621 s_cookie=0 reconnecting=0 rev1=1 crypto rx=0 tx=0 comp rx=0 tx=0).write_message sending 0x188e600 done.
2026-02-17T01:05:49.349+0000 7fc143dfe640 20 --2- 127.0.0.1:0/1959397615 >> v2:127.0.0.1:7146/0 conn(0xb22e000 0xb252000 crc :-1 s=READY pgs=16 gs=2 cs=0 l=1 c_cookie=7059410088652425621 s_cookie=0 reconnecting=0 rev1=1 crypto rx=0 tx=0 comp rx=0 tx=0).prepare_send_message m=mon_command({"prefix": "mon metadata"} v 0)
2026-02-17T01:05:49.349+0000 7fc143dfe640 20 --2- 127.0.0.1:0/1959397615 >> v2:127.0.0.1:7146/0 conn(0xb22e000 0xb252000 crc :-1 s=READY pgs=16 gs=2 cs=0 l=1 c_cookie=7059410088652425621 s_cookie=0 reconnecting=0 rev1=1 crypto rx=0 tx=0 comp rx=0 tx=0).prepare_send_message encoding features 4544132024016699391 0x188e780 mon_command({"prefix": "mon metadata"} v 0)
2026-02-17T01:05:49.349+0000 7fc13fdf6640 10 -- 127.0.0.1:0/1959397615 dispatch_throttle_release 438 to dispatch throttler 57145/104857600
2026-02-17T01:05:49.349+0000 7fc13fdf6640 20 -- 127.0.0.1:0/1959397615 done calling dispatch on 0xb144f00
2026-02-17T01:05:49.349+0000 7fc13e5f3640 10 mgr operator() config_callback: mgr_pool :
2026-02-17T01:05:49.349+0000 7fc143dfe640 2 --2- 127.0.0.1:0/1959397615 >> v2:127.0.0.1:7146/0 conn(0xb22e000 0xb252000 crc :-1 s=READY pgs=16 gs=2 cs=0 l=1 c_cookie=7059410088652425621 s_cookie=0 reconnecting=0 rev1=1 crypto rx=0 tx=0 comp rx=0 tx=0).write_message sending message m=0x188e780 seq=5 mon_command({"prefix": "mon metadata"} v 0)
2026-02-17T01:05:49.349+0000 7fc143dfe640 20 --2- 127.0.0.1:0/1959397615 >> v2:127.0.0.1:7146/0 conn(0xb22e000 0xb252000 crc :-1 s=READY pgs=16 gs=2 cs=0 l=1 c_cookie=7059410088652425621 s_cookie=0 reconnecting=0 rev1=1 crypto rx=0 tx=0 comp rx=0 tx=0).write_message sending m=0x188e780 seq=5 src=mgr.4100 off=0
2026-02-17T01:05:49.349+0000 7fc13fdf6640 1 -- 127.0.0.1:0/1959397615 <== mon.0 v2:127.0.0.1:7146/0 4 ==== kv_data(v2 prefix config/, full, 1 keys) ==== 57+0+0 (crc 0 0 0) 0xb262000 con 0xb22e000
2026-02-17T01:05:49.349+0000 7fc13fdf6640 10 mgr.4100.objecter ms_dispatch2 0x1914000 kv_data(v2 prefix config/, full, 1 keys)
2026-02-17T01:05:49.349+0000 7fc13fdf6640 10 mgr ms_dispatch2 active (starting) kv_data(v2 prefix config/, full, 1 keys)
2026-02-17T01:05:49.349+0000 7fc143dfe640 10 -- 127.0.0.1:0/1959397615 >> v2:127.0.0.1:7146/0 conn(0xb22e000 msgr2=0xb252000 crc :-1 s=STATE_CONNECTION_ESTABLISHED l=1)._try_send sent bytes 158 remaining bytes 0
2026-02-17T01:05:49.349+0000 7fc143dfe640 10 --2- 127.0.0.1:0/1959397615 >> v2:127.0.0.1:7146/0 conn(0xb22e000 0xb252000 crc :-1 s=READY pgs=16 gs=2 cs=0 l=1 c_cookie=7059410088652425621 s_cookie=0 reconnecting=0 rev1=1 crypto rx=0 tx=0 comp rx=0 tx=0).write_message sending 0x188e780 done.
2026-02-17T01:05:49.349+0000 7fc13fdf6640 10 mgr ms_dispatch2 kv_data(v2 prefix config/, full, 1 keys)
2026-02-17T01:05:49.349+0000 7fc13fdf6640 10 mgr ms_dispatch2 full update on config/
2026-02-17T01:05:49.349+0000 7fc143dfe640 20 --2- 127.0.0.1:0/1959397615 >> v2:127.0.0.1:7146/0 conn(0xb22e000 0xb252000 crc :-1 s=READY pgs=16 gs=2 cs=0 l=1 c_cookie=7059410088652425621 s_cookie=0 reconnecting=0 rev1=1 crypto rx=0 tx=0 comp rx=0 tx=0).prepare_send_message m=mon_command({"prefix": "mon metadata", "id": "a"} v 0)
2026-02-17T01:05:49.349+0000 7fc13fdf6640 20 mgr ms_dispatch2 set config/mgr/mgr_pool = false
2026-02-17T01:05:49.349+0000 7fc13fdf6640 10 -- 127.0.0.1:0/1959397615 dispatch_throttle_release 57 to dispatch throttler 56707/104857600
2026-02-17T01:05:49.349+0000 7fc143dfe640 20 --2- 127.0.0.1:0/1959397615 >> v2:127.0.0.1:7146/0 conn(0xb22e000 0xb252000 crc :-1 s=READY pgs=16 gs=2 cs=0 l=1 c_cookie=7059410088652425621 s_cookie=0 reconnecting=0 rev1=1 crypto rx=0 tx=0 comp rx=0 tx=0).prepare_send_message encoding features 4544132024016699391 0x188e900 mon_command({"prefix": "mon metadata", "id": "a"} v 0)
2026-02-17T01:05:49.349+0000 7fc13fdf6640 20 -- 127.0.0.1:0/1959397615 done calling dispatch on 0xb262000
2026-02-17T01:05:49.349+0000 7fc13fdf6640 1 -- 127.0.0.1:0/1959397615 <== mon.0 v2:127.0.0.1:7146/0 5 ==== kv_data(v2 prefix device/, full, 0 keys) ==== 24+0+0 (crc 0 0 0) 0xb20e000 con 0xb22e000
2026-02-17T01:05:49.349+0000 7fc143dfe640 2 --2- 127.0.0.1:0/1959397615 >> v2:127.0.0.1:7146/0 conn(0xb22e000 0xb252000 crc :-1 s=READY pgs=16 gs=2 cs=0 l=1 c_cookie=7059410088652425621 s_cookie=0 reconnecting=0 rev1=1 crypto rx=0 tx=0 comp rx=0 tx=0).write_message sending message m=0x188e900 seq=6 mon_command({"prefix": "mon metadata", "id": "a"} v 0)
2026-02-17T01:05:49.349+0000 7fc13fdf6640 10 mgr.4100.objecter ms_dispatch2 0x1914000 kv_data(v2 prefix device/, full, 0 keys)
2026-02-17T01:05:49.349+0000 7fc13fdf6640 10 mgr ms_dispatch2 active (starting) kv_data(v2 prefix device/, full, 0 keys)
2026-02-17T01:05:49.349+0000 7fc143dfe640 20 --2- 127.0.0.1:0/1959397615 >> v2:127.0.0.1:7146/0 conn(0xb22e000 0xb252000 crc :-1 s=READY pgs=16 gs=2 cs=0 l=1 c_cookie=7059410088652425621 s_cookie=0 reconnecting=0 rev1=1 crypto rx=0 tx=0 comp rx=0 tx=0).write_message sending m=0x188e900 seq=6 src=mgr.4100 off=0
2026-02-17T01:05:49.349+0000 7fc13fdf6640 10 mgr ms_dispatch2 kv_data(v2 prefix device/, full, 0 keys)
2026-02-17T01:05:49.349+0000 7fc13fdf6640 10 -- 127.0.0.1:0/1959397615 dispatch_throttle_release 24 to dispatch throttler 56650/104857600
2026-02-17T01:05:49.349+0000 7fc13fdf6640 20 -- 127.0.0.1:0/1959397615 done calling dispatch on 0xb20e000
2026-02-17T01:05:49.349+0000 7fc13fdf6640 1 -- 127.0.0.1:0/1959397615 <== mon.0 v2:127.0.0.1:7146/0 6 ==== kv_data(v2 prefix mgr/, full, 0 keys) ==== 21+0+0 (crc 0 0 0) 0xb1101a0 con 0xb22e000
2026-02-17T01:05:49.349+0000 7fc13fdf6640 10 mgr.4100.objecter ms_dispatch2 0x1914000 kv_data(v2 prefix mgr/, full, 0 keys)
2026-02-17T01:05:49.349+0000 7fc13fdf6640 10 mgr ms_dispatch2 active (starting) kv_data(v2 prefix mgr/, full, 0 keys)
2026-02-17T01:05:49.349+0000 7fc13fdf6640 10 mgr ms_dispatch2 kv_data(v2 prefix mgr/, full, 0 keys)
2026-02-17T01:05:49.349+0000 7fc13fdf6640 10 -- 127.0.0.1:0/1959397615 dispatch_throttle_release 21 to dispatch throttler 56626/104857600
2026-02-17T01:05:49.349+0000 7fc13fdf6640 20 -- 127.0.0.1:0/1959397615 done calling dispatch on 0xb1101a0
2026-02-17T01:05:49.349+0000 7fc143dfe640 10 -- 127.0.0.1:0/1959397615 >> v2:127.0.0.1:7146/0 conn(0xb22e000 msgr2=0xb252000 crc :-1 s=STATE_CONNECTION_ESTABLISHED l=1)._try_send sent bytes 169 remaining bytes 0
2026-02-17T01:05:49.349+0000 7fc13fdf6640 1 -- 127.0.0.1:0/1959397615 <== mon.0 v2:127.0.0.1:7146/0 7 ==== log(1 entries from seq 24 at
2026-02-17T01:05:49.258139+0000) ==== 306+0+0 (crc 0 0 0) 0x17af880 con 0xb22e000
2026-02-17T01:05:49.349+0000 7fc143dfe640 10 --2- 127.0.0.1:0/1959397615 >> v2:127.0.0.1:7146/0 conn(0xb22e000 0xb252000 crc :-1 s=READY pgs=16 gs=2 cs=0 l=1 c_cookie=7059410088652425621 s_cookie=0 reconnecting=0 rev1=1 crypto rx=0 tx=0 comp rx=0 tx=0).write_message sending 0x188e900 done.
2026-02-17T01:05:49.349+0000 7fc13fdf6640 10 mgr.4100.objecter ms_dispatch2 0x1914000 log(1 entries from seq 24 at
2026-02-17T01:05:49.258139+0000)
2026-02-17T01:05:49.349+0000 7fc13fdf6640 10 mgr ms_dispatch2 active (starting) log(1 entries from seq 24 at
2026-02-17T01:05:49.258139+0000)
2026-02-17T01:05:49.349+0000 7fc13fdf6640 10 mgr ms_dispatch2 log(1 entries from seq 24 at
2026-02-17T01:05:49.258139+0000)
2026-02-17T01:05:49.349+0000 7fc13fdf6640 10 -- 127.0.0.1:0/1959397615 dispatch_throttle_release 306 to dispatch throttler 56605/104857600
2026-02-17T01:05:49.349+0000 7fc13fdf6640 20 -- 127.0.0.1:0/1959397615 done calling dispatch on 0x17af880
2026-02-17T01:05:49.349+0000 7fc13fdf6640 1 -- 127.0.0.1:0/1959397615 <== mon.0 v2:127.0.0.1:7146/0 8 ==== mgrdigest ==== 1625+0+0 (crc 0 0 0) 0x188e000 con 0xb22e000
2026-02-17T01:05:49.349+0000 7fc13fdf6640 10 mgr.4100.objecter ms_dispatch2 0x1914000 mgrdigest
2026-02-17T01:05:49.349+0000 7fc13fdf6640 10 mgr ms_dispatch2 active (starting) mgrdigest
2026-02-17T01:05:49.349+0000 7fc13fdf6640 10 mgr ms_dispatch2 mgrdigest
2026-02-17T01:05:49.349+0000 7fc13fdf6640 10 mgr handle_mgr_digest 1572
2026-02-17T01:05:49.349+0000 7fc13fdf6640 10 mgr handle_mgr_digest 45
2026-02-17T01:05:49.349+0000 7fc13fdf6640 10 mgr handle_mgr_digest done.
2026-02-17T01:05:49.349+0000 7fc13fdf6640 10 -- 127.0.0.1:0/1959397615 dispatch_throttle_release 1625 to dispatch throttler 56299/104857600
2026-02-17T01:05:49.349+0000 7fc13fdf6640 20 -- 127.0.0.1:0/1959397615 done calling dispatch on 0x188e000
2026-02-17T01:05:49.349+0000 7fc13fdf6640 1 -- 127.0.0.1:0/1959397615 <== mon.0 v2:127.0.0.1:7146/0 9 ==== mgrmap(e 2) ==== 53625+0+0 (crc 0 0 0) 0xb145200 con 0xb22e000
2026-02-17T01:05:49.349+0000 7fc13fdf6640 10 mgr.4100.objecter ms_dispatch2 0x1914000 mgrmap(e 2)
2026-02-17T01:05:49.349+0000 7fc13fdf6640 10 mgr ms_dispatch2 active (starting) mgrmap(e 2)
2026-02-17T01:05:49.349+0000 7fc13fdf6640 4 mgr handle_mgr_map received map epoch 2
2026-02-17T01:05:49.349+0000 7fc13fdf6640 4 mgr handle_mgr_map active in map: 1 active is 4100
2026-02-17T01:05:49.349+0000 7fc13fdf6640 10 mgr handle_mgr_map I was already active
2026-02-17T01:05:49.349+0000 7fc13fdf6640 10 mgr got_mgr_map x(active, starting, since 0.00345954s)
2026-02-17T01:05:49.349+0000 7fc143dfe640 20 -- 127.0.0.1:0/1959397615 >> v2:127.0.0.1:7146/0 conn(0xb22e000 msgr2=0xb252000 crc :-1 s=STATE_CONNECTION_ESTABLISHED l=1).process
2026-02-17T01:05:49.349+0000 7fc143dfe640 20 -- 127.0.0.1:0/1959397615 >> v2:127.0.0.1:7146/0 conn(0xb22e000 msgr2=0xb252000 crc :-1 s=STATE_CONNECTION_ESTABLISHED l=1).read continue len=32
2026-02-17T01:05:49.349+0000 7fc143dfe640 20 --2- 127.0.0.1:0/1959397615 >> v2:127.0.0.1:7146/0 conn(0xb22e000 0xb252000 crc :-1 s=READY pgs=16 gs=2 cs=0 l=1 c_cookie=7059410088652425621 s_cookie=0 reconnecting=0 rev1=1 crypto rx=0 tx=0 comp rx=0 tx=0).handle_read_frame_preamble_main r=0
2026-02-17T01:05:49.349+0000 7fc143dfe640 20 --2- 127.0.0.1:0/1959397615 >> v2:127.0.0.1:7146/0 conn(0xb22e000 0xb252000 crc :-1 s=THROTTLE_MESSAGE pgs=16 gs=2 cs=0 l=1 c_cookie=7059410088652425621 s_cookie=0 reconnecting=0 rev1=1 crypto rx=0 tx=0 comp rx=0 tx=0).throttle_message
2026-02-17T01:05:49.349+0000 7fc143dfe640 20 --2- 127.0.0.1:0/1959397615 >> v2:127.0.0.1:7146/0 conn(0xb22e000 0xb252000 crc :-1 s=THROTTLE_BYTES pgs=16 gs=2 cs=0 l=1 c_cookie=7059410088652425621 s_cookie=0 reconnecting=0 rev1=1 crypto rx=0 tx=0 comp rx=0 tx=0).throttle_bytes
2026-02-17T01:05:49.349+0000 7fc143dfe640 20 --2- 127.0.0.1:0/1959397615 >> v2:127.0.0.1:7146/0 conn(0xb22e000 0xb252000 crc :-1 s=THROTTLE_DISPATCH_QUEUE pgs=16 gs=2 cs=0 l=1 c_cookie=7059410088652425621 s_cookie=0 reconnecting=0 rev1=1 crypto rx=0 tx=0 comp rx=0 tx=0).throttle_dispatch_queue
2026-02-17T01:05:49.349+0000 7fc143dfe640 20 --2- 127.0.0.1:0/1959397615 >> v2:127.0.0.1:7146/0 conn(0xb22e000 0xb252000 crc :-1 s=THROTTLE_DONE pgs=16 gs=2 cs=0 l=1 c_cookie=7059410088652425621 s_cookie=0 reconnecting=0 rev1=1 crypto rx=0 tx=0 comp rx=0 tx=0).read_frame_segment seg_idx=0
2026-02-17T01:05:49.349+0000 7fc143dfe640 20 -- 127.0.0.1:0/1959397615 >> v2:127.0.0.1:7146/0 conn(0xb22e000 msgr2=0xb252000 crc :-1 s=STATE_CONNECTION_ESTABLISHED l=1).read start len=45
2026-02-17T01:05:49.349+0000 7fc143dfe640 20 --2- 127.0.0.1:0/1959397615 >> v2:127.0.0.1:7146/0 conn(0xb22e000 0xb252000 crc :-1 s=THROTTLE_DONE pgs=16 gs=2 cs=0 l=1 c_cookie=7059410088652425621 s_cookie=0 reconnecting=0 rev1=1 crypto rx=0 tx=0 comp rx=0 tx=0).handle_read_frame_segment r=0
2026-02-17T01:05:49.349+0000 7fc143dfe640 20 --2- 127.0.0.1:0/1959397615 >> v2:127.0.0.1:7146/0 conn(0xb22e000 0xb252000 crc :-1 s=THROTTLE_DONE pgs=16 gs=2 cs=0 l=1 c_cookie=7059410088652425621 s_cookie=0 reconnecting=0 rev1=1 crypto rx=0 tx=0 comp rx=0 tx=0).read_frame_segment seg_idx=1
2026-02-17T01:05:49.349+0000 7fc143dfe640 20 -- 127.0.0.1:0/1959397615 >> v2:127.0.0.1:7146/0 conn(0xb22e000 msgr2=0xb252000 crc :-1 s=STATE_CONNECTION_ESTABLISHED l=1).read start len=60
2026-02-17T01:05:49.349+0000 7fc143dfe640 20 --2- 127.0.0.1:0/1959397615 >> v2:127.0.0.1:7146/0 conn(0xb22e000 0xb252000 crc :-1 s=THROTTLE_DONE pgs=16 gs=2 cs=0 l=1 c_cookie=7059410088652425621 s_cookie=0 reconnecting=0 rev1=1 crypto rx=0 tx=0 comp rx=0 tx=0).handle_read_frame_segment r=0
2026-02-17T01:05:49.349+0000 7fc143dfe640 20 --2- 127.0.0.1:0/1959397615 >> v2:127.0.0.1:7146/0 conn(0xb22e000 0xb252000 crc :-1 s=THROTTLE_DONE pgs=16 gs=2 cs=0 l=1 c_cookie=7059410088652425621 s_cookie=0 reconnecting=0 rev1=1 crypto rx=0 tx=0 comp rx=0 tx=0).read_frame_segment seg_idx=2
2026-02-17T01:05:49.349+0000 7fc143dfe640 20 --2- 127.0.0.1:0/1959397615 >> v2:127.0.0.1:7146/0 conn(0xb22e000 0xb252000 crc :-1 s=THROTTLE_DONE pgs=16 gs=2 cs=0 l=1 c_cookie=7059410088652425621 s_cookie=0 reconnecting=0 rev1=1 crypto rx=0 tx=0 comp rx=0 tx=0).read_frame_segment seg_idx=3
2026-02-17T01:05:49.349+0000 7fc143dfe640 20 -- 127.0.0.1:0/1959397615 >> v2:127.0.0.1:7146/0 conn(0xb22e000 msgr2=0xb252000 crc :-1 s=STATE_CONNECTION_ESTABLISHED l=1).read start len=3
2026-02-17T01:05:49.349+0000 7fc143dfe640 20 --2- 127.0.0.1:0/1959397615 >> v2:127.0.0.1:7146/0 conn(0xb22e000 0xb252000 crc :-1 s=THROTTLE_DONE pgs=16 gs=2 cs=0 l=1 c_cookie=7059410088652425621 s_cookie=0 reconnecting=0 rev1=1 crypto rx=0 tx=0 comp rx=0 tx=0).handle_read_frame_segment r=0
2026-02-17T01:05:49.349+0000 7fc143dfe640 20 -- 127.0.0.1:0/1959397615 >> v2:127.0.0.1:7146/0 conn(0xb22e000 msgr2=0xb252000 crc :-1 s=STATE_CONNECTION_ESTABLISHED l=1).read start len=13
2026-02-17T01:05:49.349+0000 7fc143dfe640 20 --2- 127.0.0.1:0/1959397615 >> v2:127.0.0.1:7146/0 conn(0xb22e000 0xb252000 crc :-1 s=THROTTLE_DONE pgs=16 gs=2 cs=0 l=1 c_cookie=7059410088652425621 s_cookie=0 reconnecting=0 rev1=1 crypto rx=0 tx=0 comp rx=0 tx=0).handle_read_frame_epilogue_main r=0
2026-02-17T01:05:49.349+0000 7fc143dfe640 10 --2- 127.0.0.1:0/1959397615 >> v2:127.0.0.1:7146/0 conn(0xb22e000 0xb252000 crc :-1 s=THROTTLE_DONE pgs=16 gs=2 cs=0 l=1 c_cookie=7059410088652425621 s_cookie=0 reconnecting=0 rev1=1 crypto rx=0 tx=0 comp rx=0 tx=0).handle_read_frame_dispatch tag=17
2026-02-17T01:05:49.349+0000 7fc143dfe640 20 --2- 127.0.0.1:0/1959397615 >> v2:127.0.0.1:7146/0 conn(0xb22e000 0xb252000 crc :-1 s=THROTTLE_DONE pgs=16 gs=2 cs=0 l=1 c_cookie=7059410088652425621 s_cookie=0 reconnecting=0 rev1=1 crypto rx=0 tx=0 comp rx=0 tx=0).handle_message
2026-02-17T01:05:49.349+0000 7fc143dfe640 5 --2- 127.0.0.1:0/1959397615 >> v2:127.0.0.1:7146/0 conn(0xb22e000 0xb252000 crc :-1 s=THROTTLE_DONE pgs=16 gs=2 cs=0 l=1 c_cookie=7059410088652425621 s_cookie=0 reconnecting=0 rev1=1 crypto rx=0 tx=0 comp rx=0 tx=0).handle_message got 60 + 0 + 3 byte message. envelope type=51 src mon.0 off 0
2026-02-17T01:05:49.349+0000 7fc143dfe640 5 --2- 127.0.0.1:0/1959397615 >> v2:127.0.0.1:7146/0 conn(0xb22e000 0xb252000 crc :-1 s=READ_MESSAGE_COMPLETE pgs=16 gs=2 cs=0 l=1 c_cookie=7059410088652425621 s_cookie=0 reconnecting=0 rev1=1 crypto rx=0 tx=0 comp rx=0 tx=0).handle_message received message m=0xb2c6000 seq=12 from=mon.0 type=51 mon_command_ack([{"prefix": "mds metadata"}]=0 v1)
2026-02-17T01:05:49.350+0000 7fc143dfe640 20 -- 127.0.0.1:0/1959397615 queue 0xb2c6000 prio 196
2026-02-17T01:05:49.350+0000 7fc143dfe640 20 --2- 127.0.0.1:0/1959397615 >> v2:127.0.0.1:7146/0 conn(0xb22e000 0xb252000 crc :-1 s=READY pgs=16 gs=2 cs=0 l=1 c_cookie=7059410088652425621 s_cookie=0 reconnecting=0 rev1=1 crypto rx=0 tx=0 comp rx=0 tx=0).read_frame
2026-02-17T01:05:49.350+0000 7fc143dfe640 20 -- 127.0.0.1:0/1959397615 >> v2:127.0.0.1:7146/0 conn(0xb22e000 msgr2=0xb252000 crc :-1 s=STATE_CONNECTION_ESTABLISHED l=1).read start len=32
2026-02-17T01:05:49.350+0000 7fc143dfe640 20 --2- 127.0.0.1:0/1959397615 >> v2:127.0.0.1:7146/0 conn(0xb22e000 0xb252000 crc :-1 s=READY pgs=16 gs=2 cs=0 l=1 c_cookie=7059410088652425621 s_cookie=0 reconnecting=0 rev1=1 crypto rx=0 tx=0 comp rx=0 tx=0).handle_read_frame_preamble_main r=0
2026-02-17T01:05:49.350+0000 7fc143dfe640 20 --2- 127.0.0.1:0/1959397615 >> v2:127.0.0.1:7146/0 conn(0xb22e000 0xb252000 crc :-1 s=THROTTLE_MESSAGE pgs=16 gs=2 cs=0 l=1 c_cookie=7059410088652425621 s_cookie=0 reconnecting=0 rev1=1 crypto rx=0 tx=0 comp rx=0 tx=0).throttle_message
2026-02-17T01:05:49.350+0000 7fc143dfe640 20 --2- 127.0.0.1:0/1959397615 >> v2:127.0.0.1:7146/0 conn(0xb22e000 0xb252000 crc :-1 s=THROTTLE_BYTES pgs=16 gs=2 cs=0 l=1 c_cookie=7059410088652425621 s_cookie=0 reconnecting=0 rev1=1 crypto rx=0 tx=0 comp rx=0 tx=0).throttle_bytes
2026-02-17T01:05:49.350+0000 7fc143dfe640 20 --2- 127.0.0.1:0/1959397615 >> v2:127.0.0.1:7146/0 conn(0xb22e000 0xb252000 crc :-1 s=THROTTLE_DISPATCH_QUEUE pgs=16 gs=2 cs=0 l=1 c_cookie=7059410088652425621 s_cookie=0 reconnecting=0 rev1=1 crypto rx=0 tx=0 comp rx=0 tx=0).throttle_dispatch_queue
2026-02-17T01:05:49.350+0000 7fc143dfe640 20 --2- 127.0.0.1:0/1959397615 >> v2:127.0.0.1:7146/0 conn(0xb22e000 0xb252000 crc :-1 s=THROTTLE_DONE pgs=16 gs=2 cs=0 l=1 c_cookie=7059410088652425621 s_cookie=0 reconnecting=0 rev1=1 crypto rx=0 tx=0 comp rx=0 tx=0).read_frame_segment seg_idx=0
2026-02-17T01:05:49.350+0000 7fc143dfe640 20 -- 127.0.0.1:0/1959397615 >> v2:127.0.0.1:7146/0 conn(0xb22e000 msgr2=0xb252000 crc :-1 s=STATE_CONNECTION_ESTABLISHED l=1).read start len=45
2026-02-17T01:05:49.350+0000 7fc143dfe640 20 --2- 127.0.0.1:0/1959397615 >> v2:127.0.0.1:7146/0 conn(0xb22e000 0xb252000 crc :-1 s=THROTTLE_DONE pgs=16 gs=2 cs=0 l=1 c_cookie=7059410088652425621 s_cookie=0 reconnecting=0 rev1=1 crypto rx=0 tx=0 comp rx=0 tx=0).handle_read_frame_segment r=0
2026-02-17T01:05:49.350+0000 7fc143dfe640 20 --2- 127.0.0.1:0/1959397615 >> v2:127.0.0.1:7146/0 conn(0xb22e000 0xb252000 crc :-1 s=THROTTLE_DONE pgs=16 gs=2 cs=0 l=1 c_cookie=7059410088652425621 s_cookie=0 reconnecting=0 rev1=1 crypto rx=0 tx=0 comp rx=0 tx=0).read_frame_segment seg_idx=1
2026-02-17T01:05:49.350+0000 7fc143dfe640 20 -- 127.0.0.1:0/1959397615 >> v2:127.0.0.1:7146/0 conn(0xb22e000 msgr2=0xb252000 crc :-1 s=STATE_CONNECTION_ESTABLISHED l=1).read start len=60
2026-02-17T01:05:49.350+0000 7fc143dfe640 20 --2- 127.0.0.1:0/1959397615 >> v2:127.0.0.1:7146/0 conn(0xb22e000 0xb252000 crc :-1 s=THROTTLE_DONE pgs=16 gs=2 cs=0 l=1 c_cookie=7059410088652425621 s_cookie=0 reconnecting=0 rev1=1 crypto rx=0 tx=0 comp rx=0 tx=0).handle_read_frame_segment r=0
2026-02-17T01:05:49.350+0000 7fc143dfe640 20 --2- 127.0.0.1:0/1959397615 >> v2:127.0.0.1:7146/0 conn(0xb22e000 0xb252000 crc :-1 s=THROTTLE_DONE pgs=16 gs=2 cs=0 l=1 c_cookie=7059410088652425621 s_cookie=0 reconnecting=0 rev1=1 crypto rx=0 tx=0 comp rx=0 tx=0).read_frame_segment seg_idx=2
2026-02-17T01:05:49.350+0000 7fc143dfe640 20 --2- 127.0.0.1:0/1959397615 >> v2:127.0.0.1:7146/0 conn(0xb22e000 0xb252000 crc :-1 s=THROTTLE_DONE pgs=16 gs=2 cs=0 l=1 c_cookie=7059410088652425621 s_cookie=0 reconnecting=0 rev1=1 crypto rx=0 tx=0 comp rx=0 tx=0).read_frame_segment seg_idx=3
2026-02-17T01:05:49.350+0000 7fc143dfe640 20 -- 127.0.0.1:0/1959397615 >> v2:127.0.0.1:7146/0 conn(0xb22e000 msgr2=0xb252000 crc :-1 s=STATE_CONNECTION_ESTABLISHED l=1).read start len=32
2026-02-17T01:05:49.350+0000 7fc143dfe640 20 --2- 127.0.0.1:0/1959397615 >> v2:127.0.0.1:7146/0 conn(0xb22e000 0xb252000 crc :-1 s=THROTTLE_DONE pgs=16 gs=2 cs=0 l=1 c_cookie=7059410088652425621 s_cookie=0 reconnecting=0 rev1=1 crypto rx=0 tx=0 comp rx=0 tx=0).handle_read_frame_segment r=0
2026-02-17T01:05:49.350+0000 7fc143dfe640 20 -- 127.0.0.1:0/1959397615 >> v2:127.0.0.1:7146/0 conn(0xb22e000 msgr2=0xb252000 crc :-1 s=STATE_CONNECTION_ESTABLISHED l=1).read start len=13
2026-02-17T01:05:49.350+0000 7fc143dfe640 20 --2- 127.0.0.1:0/1959397615 >> v2:127.0.0.1:7146/0 conn(0xb22e000 0xb252000 crc :-1 s=THROTTLE_DONE pgs=16 gs=2 cs=0 l=1 c_cookie=7059410088652425621 s_cookie=0 reconnecting=0 rev1=1 crypto rx=0 tx=0 comp rx=0 tx=0).handle_read_frame_epilogue_main r=0
2026-02-17T01:05:49.350+0000 7fc143dfe640 10 --2- 127.0.0.1:0/1959397615 >> v2:127.0.0.1:7146/0 conn(0xb22e000 0xb252000 crc :-1 s=THROTTLE_DONE pgs=16 gs=2 cs=0 l=1 c_cookie=7059410088652425621 s_cookie=0 reconnecting=0 rev1=1 crypto rx=0 tx=0 comp rx=0 tx=0).handle_read_frame_dispatch tag=17
2026-02-17T01:05:49.350+0000 7fc143dfe640 20 --2- 127.0.0.1:0/1959397615 >> v2:127.0.0.1:7146/0 conn(0xb22e000 0xb252000 crc :-1 s=THROTTLE_DONE pgs=16 gs=2 cs=0 l=1 c_cookie=7059410088652425621 s_cookie=0 reconnecting=0 rev1=1 crypto rx=0 tx=0 comp rx=0 tx=0).handle_message
2026-02-17T01:05:49.350+0000 7fc143dfe640 5 --2- 127.0.0.1:0/1959397615 >> v2:127.0.0.1:7146/0 conn(0xb22e000 0xb252000 crc :-1 s=THROTTLE_DONE pgs=16 gs=2 cs=0 l=1 c_cookie=7059410088652425621 s_cookie=0 reconnecting=0 rev1=1 crypto rx=0 tx=0 comp rx=0 tx=0).handle_message got 60 + 0 + 32 byte message. envelope type=51 src mon.0 off 0
2026-02-17T01:05:49.350+0000 7fc143dfe640 5 --2- 127.0.0.1:0/1959397615 >> v2:127.0.0.1:7146/0 conn(0xb22e000 0xb252000 crc :-1 s=READ_MESSAGE_COMPLETE pgs=16 gs=2 cs=0 l=1 c_cookie=7059410088652425621 s_cookie=0 reconnecting=0 rev1=1 crypto rx=0 tx=0 comp rx=0 tx=0).handle_message received message m=0xb2c61a0 seq=13 from=mon.0 type=51 mon_command_ack([{"prefix": "osd metadata"}]=0 v3)
2026-02-17T01:05:49.350+0000 7fc143dfe640 20 -- 127.0.0.1:0/1959397615 queue 0xb2c61a0 prio 196
2026-02-17T01:05:49.350+0000 7fc143dfe640 20 --2- 127.0.0.1:0/1959397615 >> v2:127.0.0.1:7146/0 conn(0xb22e000 0xb252000 crc :-1 s=READY pgs=16 gs=2 cs=0 l=1 c_cookie=7059410088652425621 s_cookie=0 reconnecting=0 rev1=1 crypto rx=0 tx=0 comp rx=0 tx=0).read_frame
2026-02-17T01:05:49.350+0000 7fc143dfe640 20 -- 127.0.0.1:0/1959397615 >> v2:127.0.0.1:7146/0 conn(0xb22e000 msgr2=0xb252000 crc :-1 s=STATE_CONNECTION_ESTABLISHED l=1).read start len=32
2026-02-17T01:05:49.350+0000 7fc143dfe640 20 -- 127.0.0.1:0/1959397615 >> v2:127.0.0.1:7146/0 conn(0xb22e000 msgr2=0xb252000 crc :-1 s=STATE_CONNECTION_ESTABLISHED l=1).process
2026-02-17T01:05:49.350+0000 7fc143dfe640 20 -- 127.0.0.1:0/1959397615 >> v2:127.0.0.1:7146/0 conn(0xb22e000 msgr2=0xb252000 crc :-1 s=STATE_CONNECTION_ESTABLISHED l=1).read continue len=32
2026-02-17T01:05:49.350+0000 7fc143dfe640 20 --2- 127.0.0.1:0/1959397615 >> v2:127.0.0.1:7146/0 conn(0xb22e000 0xb252000 crc :-1 s=READY pgs=16 gs=2 cs=0 l=1 c_cookie=7059410088652425621 s_cookie=0 reconnecting=0 rev1=1 crypto rx=0 tx=0 comp rx=0 tx=0).handle_read_frame_preamble_main r=0
2026-02-17T01:05:49.350+0000 7fc143dfe640 20 --2- 127.0.0.1:0/1959397615 >> v2:127.0.0.1:7146/0 conn(0xb22e000 0xb252000 crc :-1 s=THROTTLE_MESSAGE pgs=16 gs=2 cs=0 l=1 c_cookie=7059410088652425621 s_cookie=0 reconnecting=0 rev1=1 crypto rx=0 tx=0 comp rx=0 tx=0).throttle_message
2026-02-17T01:05:49.350+0000 7fc143dfe640 20 --2- 127.0.0.1:0/1959397615 >> v2:127.0.0.1:7146/0 conn(0xb22e000 0xb252000 crc :-1 s=THROTTLE_BYTES pgs=16 gs=2 cs=0 l=1 c_cookie=7059410088652425621 s_cookie=0 reconnecting=0 rev1=1 crypto rx=0 tx=0 comp rx=0 tx=0).throttle_bytes
2026-02-17T01:05:49.350+0000 7fc143dfe640 20 --2- 127.0.0.1:0/1959397615 >> v2:127.0.0.1:7146/0 conn(0xb22e000 0xb252000 crc :-1 s=THROTTLE_DISPATCH_QUEUE pgs=16 gs=2 cs=0 l=1 c_cookie=7059410088652425621 s_cookie=0 reconnecting=0 rev1=1 crypto rx=0 tx=0 comp rx=0 tx=0).throttle_dispatch_queue
2026-02-17T01:05:49.350+0000 7fc143dfe640 20 --2- 127.0.0.1:0/1959397615 >> v2:127.0.0.1:7146/0 conn(0xb22e000 0xb252000 crc :-1 s=THROTTLE_DONE pgs=16 gs=2 cs=0 l=1 c_cookie=7059410088652425621 s_cookie=0 reconnecting=0 rev1=1 crypto rx=0 tx=0 comp rx=0 tx=0).read_frame_segment seg_idx=0
2026-02-17T01:05:49.350+0000 7fc143dfe640 20 -- 127.0.0.1:0/1959397615 >> v2:127.0.0.1:7146/0 conn(0xb22e000 msgr2=0xb252000 crc :-1 s=STATE_CONNECTION_ESTABLISHED l=1).read start len=45
2026-02-17T01:05:49.350+0000 7fc143dfe640 20 --2- 127.0.0.1:0/1959397615 >> v2:127.0.0.1:7146/0 conn(0xb22e000 0xb252000 crc :-1 s=THROTTLE_DONE pgs=16 gs=2 cs=0 l=1 c_cookie=7059410088652425621 s_cookie=0 reconnecting=0 rev1=1 crypto rx=0 tx=0 comp rx=0 tx=0).handle_read_frame_segment r=0
2026-02-17T01:05:49.350+0000 7fc143dfe640 20 --2- 127.0.0.1:0/1959397615 >> v2:127.0.0.1:7146/0 conn(0xb22e000 0xb252000 crc :-1 s=THROTTLE_DONE pgs=16 gs=2 cs=0 l=1 c_cookie=7059410088652425621 s_cookie=0 reconnecting=0 rev1=1 crypto rx=0 tx=0 comp rx=0 tx=0).read_frame_segment seg_idx=1
2026-02-17T01:05:49.350+0000 7fc143dfe640 20 -- 127.0.0.1:0/1959397615 >> v2:127.0.0.1:7146/0 conn(0xb22e000 msgr2=0xb252000 crc :-1 s=STATE_CONNECTION_ESTABLISHED l=1).read start len=60
2026-02-17T01:05:49.350+0000 7fc143dfe640 20 --2- 127.0.0.1:0/1959397615 >> v2:127.0.0.1:7146/0 conn(0xb22e000 0xb252000 crc :-1 s=THROTTLE_DONE pgs=16 gs=2 cs=0 l=1 c_cookie=7059410088652425621 s_cookie=0 reconnecting=0 rev1=1 crypto rx=0 tx=0 comp rx=0 tx=0).handle_read_frame_segment r=0
2026-02-17T01:05:49.350+0000 7fc143dfe640 20 --2- 127.0.0.1:0/1959397615 >> v2:127.0.0.1:7146/0 conn(0xb22e000 0xb252000 crc :-1 s=THROTTLE_DONE pgs=16 gs=2 cs=0 l=1 c_cookie=7059410088652425621 s_cookie=0 reconnecting=0 rev1=1 crypto rx=0 tx=0 comp rx=0 tx=0).read_frame_segment seg_idx=2
2026-02-17T01:05:49.350+0000 7fc143dfe640 20 --2- 127.0.0.1:0/1959397615 >> v2:127.0.0.1:7146/0 conn(0xb22e000 0xb252000 crc :-1 s=THROTTLE_DONE pgs=16 gs=2 cs=0 l=1 c_cookie=7059410088652425621 s_cookie=0 reconnecting=0 rev1=1 crypto rx=0 tx=0 comp rx=0 tx=0).read_frame_segment seg_idx=3
2026-02-17T01:05:49.350+0000 7fc143dfe640 20 -- 127.0.0.1:0/1959397615 >> v2:127.0.0.1:7146/0 conn(0xb22e000 msgr2=0xb252000 crc :-1 s=STATE_CONNECTION_ESTABLISHED l=1).read start len=1200
2026-02-17T01:05:49.350+0000 7fc143dfe640 20 --2- 127.0.0.1:0/1959397615 >> v2:127.0.0.1:7146/0 conn(0xb22e000 0xb252000 crc :-1 s=THROTTLE_DONE pgs=16 gs=2 cs=0 l=1 c_cookie=7059410088652425621 s_cookie=0 reconnecting=0 rev1=1 crypto rx=0 tx=0 comp rx=0 tx=0).handle_read_frame_segment r=0
2026-02-17T01:05:49.350+0000 7fc143dfe640 20 -- 127.0.0.1:0/1959397615 >> v2:127.0.0.1:7146/0 conn(0xb22e000 msgr2=0xb252000 crc :-1 s=STATE_CONNECTION_ESTABLISHED l=1).read start len=13
2026-02-17T01:05:49.350+0000 7fc143dfe640 20 --2- 127.0.0.1:0/1959397615 >> v2:127.0.0.1:7146/0 conn(0xb22e000 0xb252000 crc :-1 s=THROTTLE_DONE pgs=16 gs=2 cs=0 l=1 c_cookie=7059410088652425621 s_cookie=0 reconnecting=0 rev1=1 crypto rx=0 tx=0 comp rx=0 tx=0).handle_read_frame_epilogue_main r=0
2026-02-17T01:05:49.350+0000 7fc143dfe640 10 --2- 127.0.0.1:0/1959397615 >> v2:127.0.0.1:7146/0 conn(0xb22e000 0xb252000 crc :-1 s=THROTTLE_DONE pgs=16 gs=2 cs=0 l=1 c_cookie=7059410088652425621 s_cookie=0 reconnecting=0 rev1=1 crypto rx=0 tx=0 comp rx=0 tx=0).handle_read_frame_dispatch tag=17
2026-02-17T01:05:49.350+0000 7fc143dfe640 20 --2- 127.0.0.1:0/1959397615 >> v2:127.0.0.1:7146/0 conn(0xb22e000 0xb252000 crc :-1 s=THROTTLE_DONE pgs=16 gs=2 cs=0 l=1 c_cookie=7059410088652425621 s_cookie=0 reconnecting=0 rev1=1 crypto rx=0 tx=0 comp rx=0 tx=0).handle_message
2026-02-17T01:05:49.350+0000 7fc143dfe640 5 --2- 127.0.0.1:0/1959397615 >> v2:127.0.0.1:7146/0 conn(0xb22e000 0xb252000 crc :-1 s=THROTTLE_DONE pgs=16 gs=2 cs=0 l=1 c_cookie=7059410088652425621 s_cookie=0 reconnecting=0 rev1=1 crypto rx=0 tx=0 comp rx=0 tx=0).handle_message got 60 + 0 + 1200 byte message. envelope type=51 src mon.0 off 0
2026-02-17T01:05:49.350+0000 7fc143dfe640 5 --2- 127.0.0.1:0/1959397615 >> v2:127.0.0.1:7146/0 conn(0xb22e000 0xb252000 crc :-1 s=READ_MESSAGE_COMPLETE pgs=16 gs=2 cs=0 l=1 c_cookie=7059410088652425621 s_cookie=0 reconnecting=0 rev1=1 crypto rx=0 tx=0 comp rx=0 tx=0).handle_message received message m=0xb2c6340 seq=14 from=mon.0 type=51 mon_command_ack([{"prefix": "mon metadata"}]=0 v0)
2026-02-17T01:05:49.350+0000 7fc143dfe640 20 -- 127.0.0.1:0/1959397615 queue 0xb2c6340 prio 196
2026-02-17T01:05:49.350+0000 7fc143dfe640 20 --2- 127.0.0.1:0/1959397615 >> v2:127.0.0.1:7146/0 conn(0xb22e000 0xb252000 crc :-1 s=READY pgs=16 gs=2 cs=0 l=1 c_cookie=7059410088652425621 s_cookie=0 reconnecting=0 rev1=1 crypto rx=0 tx=0 comp rx=0 tx=0).read_frame
2026-02-17T01:05:49.350+0000 7fc143dfe640 20 -- 127.0.0.1:0/1959397615 >> v2:127.0.0.1:7146/0 conn(0xb22e000 msgr2=0xb252000 crc :-1 s=STATE_CONNECTION_ESTABLISHED l=1).read start len=32
2026-02-17T01:05:49.350+0000 7fc143dfe640 20 -- 127.0.0.1:0/1959397615 >> v2:127.0.0.1:7146/0 conn(0xb22e000 msgr2=0xb252000 crc :-1 s=STATE_CONNECTION_ESTABLISHED l=1).process
2026-02-17T01:05:49.350+0000 7fc143dfe640 20 -- 127.0.0.1:0/1959397615 >> v2:127.0.0.1:7146/0 conn(0xb22e000 msgr2=0xb252000 crc :-1 s=STATE_CONNECTION_ESTABLISHED l=1).read continue len=32
2026-02-17T01:05:49.350+0000 7fc143dfe640 20 --2- 127.0.0.1:0/1959397615 >> v2:127.0.0.1:7146/0 conn(0xb22e000 0xb252000 crc :-1 s=READY pgs=16 gs=2 cs=0 l=1 c_cookie=7059410088652425621 s_cookie=0 reconnecting=0 rev1=1 crypto rx=0 tx=0 comp rx=0 tx=0).handle_read_frame_preamble_main r=0
2026-02-17T01:05:49.350+0000 7fc143dfe640 20 --2- 127.0.0.1:0/1959397615 >> v2:127.0.0.1:7146/0 conn(0xb22e000 0xb252000 crc :-1 s=THROTTLE_MESSAGE pgs=16 gs=2 cs=0 l=1 c_cookie=7059410088652425621 s_cookie=0 reconnecting=0 rev1=1 crypto rx=0 tx=0 comp rx=0 tx=0).throttle_message
2026-02-17T01:05:49.350+0000 7fc143dfe640 20 --2- 127.0.0.1:0/1959397615 >> v2:127.0.0.1:7146/0 conn(0xb22e000 0xb252000 crc :-1 s=THROTTLE_BYTES pgs=16 gs=2 cs=0 l=1 c_cookie=7059410088652425621 s_cookie=0 reconnecting=0 rev1=1 crypto rx=0 tx=0 comp rx=0 tx=0).throttle_bytes
2026-02-17T01:05:49.350+0000 7fc143dfe640 20 --2- 127.0.0.1:0/1959397615 >> v2:127.0.0.1:7146/0 conn(0xb22e000 0xb252000 crc :-1 s=THROTTLE_DISPATCH_QUEUE pgs=16 gs=2 cs=0 l=1 c_cookie=7059410088652425621 s_cookie=0 reconnecting=0 rev1=1 crypto rx=0 tx=0 comp rx=0 tx=0).throttle_dispatch_queue
2026-02-17T01:05:49.350+0000 7fc143dfe640 20 --2- 127.0.0.1:0/1959397615 >> v2:127.0.0.1:7146/0 conn(0xb22e000 0xb252000 crc :-1 s=THROTTLE_DONE pgs=16 gs=2 cs=0 l=1 c_cookie=7059410088652425621 s_cookie=0 reconnecting=0 rev1=1 crypto rx=0 tx=0 comp rx=0 tx=0).read_frame_segment seg_idx=0
2026-02-17T01:05:49.350+0000 7fc143dfe640 20 -- 127.0.0.1:0/1959397615 >> v2:127.0.0.1:7146/0 conn(0xb22e000 msgr2=0xb252000 crc :-1 s=STATE_CONNECTION_ESTABLISHED l=1).read start len=45
2026-02-17T01:05:49.350+0000 7fc143dfe640 20 --2- 127.0.0.1:0/1959397615 >> v2:127.0.0.1:7146/0 conn(0xb22e000 0xb252000 crc :-1 s=THROTTLE_DONE pgs=16 gs=2 cs=0 l=1 c_cookie=7059410088652425621 s_cookie=0 reconnecting=0 rev1=1 crypto rx=0 tx=0 comp rx=0 tx=0).handle_read_frame_segment r=0
2026-02-17T01:05:49.350+0000 7fc143dfe640 20 --2- 127.0.0.1:0/1959397615 >> v2:127.0.0.1:7146/0 conn(0xb22e000 0xb252000 crc :-1 s=THROTTLE_DONE pgs=16 gs=2 cs=0 l=1 c_cookie=7059410088652425621 s_cookie=0 reconnecting=0 rev1=1 crypto rx=0 tx=0 comp rx=0 tx=0).read_frame_segment seg_idx=1
2026-02-17T01:05:49.350+0000 7fc143dfe640 20 -- 127.0.0.1:0/1959397615 >> v2:127.0.0.1:7146/0 conn(0xb22e000 msgr2=0xb252000 crc :-1 s=STATE_CONNECTION_ESTABLISHED l=1).read start len=71
2026-02-17T01:05:49.350+0000 7fc143dfe640 20 --2- 127.0.0.1:0/1959397615 >> v2:127.0.0.1:7146/0 conn(0xb22e000 0xb252000 crc :-1 s=THROTTLE_DONE pgs=16 gs=2 cs=0 l=1 c_cookie=7059410088652425621 s_cookie=0 reconnecting=0 rev1=1 crypto rx=0 tx=0 comp rx=0 tx=0).handle_read_frame_segment r=0
2026-02-17T01:05:49.350+0000 7fc143dfe640 20 --2- 127.0.0.1:0/1959397615 >> v2:127.0.0.1:7146/0 conn(0xb22e000 0xb252000 crc :-1 s=THROTTLE_DONE pgs=16 gs=2 cs=0 l=1 c_cookie=7059410088652425621 s_cookie=0 reconnecting=0 rev1=1 crypto rx=0 tx=0 comp rx=0 tx=0).read_frame_segment seg_idx=2
2026-02-17T01:05:49.350+0000 7fc143dfe640 20 --2- 127.0.0.1:0/1959397615 >> v2:127.0.0.1:7146/0 conn(0xb22e000 0xb252000 crc :-1 s=THROTTLE_DONE pgs=16 gs=2 cs=0 l=1 c_cookie=7059410088652425621 s_cookie=0 reconnecting=0 rev1=1 crypto rx=0 tx=0 comp rx=0 tx=0).read_frame_segment seg_idx=3
2026-02-17T01:05:49.350+0000 7fc143dfe640 20 -- 127.0.0.1:0/1959397615 >> v2:127.0.0.1:7146/0 conn(0xb22e000 msgr2=0xb252000 crc :-1 s=STATE_CONNECTION_ESTABLISHED l=1).read start len=1083
2026-02-17T01:05:49.350+0000 7fc143dfe640 20 --2- 127.0.0.1:0/1959397615 >> v2:127.0.0.1:7146/0 conn(0xb22e000 0xb252000 crc :-1 s=THROTTLE_DONE pgs=16 gs=2 cs=0 l=1 c_cookie=7059410088652425621 s_cookie=0 reconnecting=0 rev1=1 crypto rx=0 tx=0 comp rx=0 tx=0).handle_read_frame_segment r=0
2026-02-17T01:05:49.350+0000 7fc143dfe640 20 -- 127.0.0.1:0/1959397615 >> v2:127.0.0.1:7146/0 conn(0xb22e000 msgr2=0xb252000 crc :-1 s=STATE_CONNECTION_ESTABLISHED l=1).read start len=13
2026-02-17T01:05:49.350+0000 7fc143dfe640 20 --2- 127.0.0.1:0/1959397615 >> v2:127.0.0.1:7146/0 conn(0xb22e000 0xb252000 crc :-1 s=THROTTLE_DONE pgs=16 gs=2 cs=0 l=1 c_cookie=7059410088652425621 s_cookie=0 reconnecting=0 rev1=1 crypto rx=0 tx=0 comp rx=0 tx=0).handle_read_frame_epilogue_main r=0
2026-02-17T01:05:49.350+0000 7fc143dfe640 10 --2- 127.0.0.1:0/1959397615 >> v2:127.0.0.1:7146/0 conn(0xb22e000 0xb252000 crc :-1 s=THROTTLE_DONE pgs=16 gs=2 cs=0 l=1 c_cookie=7059410088652425621 s_cookie=0 reconnecting=0 rev1=1 crypto rx=0 tx=0 comp rx=0 tx=0).handle_read_frame_dispatch tag=17
2026-02-17T01:05:49.350+0000 7fc143dfe640 20 --2- 127.0.0.1:0/1959397615 >> v2:127.0.0.1:7146/0 conn(0xb22e000 0xb252000 crc :-1 s=THROTTLE_DONE pgs=16 gs=2 cs=0 l=1 c_cookie=7059410088652425621 s_cookie=0 reconnecting=0 rev1=1 crypto rx=0 tx=0 comp rx=0 tx=0).handle_message
2026-02-17T01:05:49.350+0000 7fc143dfe640 5 --2- 127.0.0.1:0/1959397615 >> v2:127.0.0.1:7146/0 conn(0xb22e000 0xb252000 crc :-1 s=THROTTLE_DONE pgs=16 gs=2 cs=0 l=1 c_cookie=7059410088652425621 s_cookie=0 reconnecting=0 rev1=1 crypto rx=0 tx=0 comp rx=0 tx=0).handle_message got 71 + 0 + 1083 byte message. envelope type=51 src mon.0 off 0
2026-02-17T01:05:49.350+0000 7fc143dfe640 5 --2- 127.0.0.1:0/1959397615 >> v2:127.0.0.1:7146/0 conn(0xb22e000 0xb252000 crc :-1 s=READ_MESSAGE_COMPLETE pgs=16 gs=2 cs=0 l=1 c_cookie=7059410088652425621 s_cookie=0 reconnecting=0 rev1=1 crypto rx=0 tx=0 comp rx=0 tx=0).handle_message received message m=0xb2c64e0 seq=15 from=mon.0 type=51 mon_command_ack([{"prefix": "mon metadata", "id": "a"}]=0 v0)
2026-02-17T01:05:49.350+0000 7fc143dfe640 20 -- 127.0.0.1:0/1959397615 queue 0xb2c64e0 prio 196
2026-02-17T01:05:49.350+0000 7fc143dfe640 20 --2- 127.0.0.1:0/1959397615 >> v2:127.0.0.1:7146/0 conn(0xb22e000 0xb252000 crc :-1 s=READY pgs=16 gs=2 cs=0 l=1 c_cookie=7059410088652425621 s_cookie=0 reconnecting=0 rev1=1 crypto rx=0 tx=0 comp rx=0 tx=0).read_frame
2026-02-17T01:05:49.350+0000 7fc143dfe640 20 -- 127.0.0.1:0/1959397615 >> v2:127.0.0.1:7146/0 conn(0xb22e000 msgr2=0xb252000 crc :-1 s=STATE_CONNECTION_ESTABLISHED l=1).read start len=32
2026-02-17T01:05:49.350+0000 7fc13fdf6640 1 -- 127.0.0.1:0/1959397615 --> v2:127.0.0.1:7146/0 -- mon_command({"prefix": "mgr metadata", "who": "x", "id": "x"} v 0) -- 0x188e000 con 0xb22e000
