2026-02-17T19:04:35.024+0000 7f7d68bc1640 1 -- 10.20.193.22:0/1254802657 shutdown_connections
2026-02-17T19:04:38.414 INFO:teuthology.orchestra.run.trial022.stdout:/usr/bin/ceph: stderr
2026-02-17T19:04:35.024+0000 7f7d68bc1640 1 --2- 10.20.193.22:0/1254802657 >> [v2:10.20.193.22:3300/0,v1:10.20.193.22:6789/0] conn(0x7f7d6410a400 0x7f7d6410a800 unknown :-1 s=CLOSED pgs=59 cs=0 l=1 rev1=1 crypto rx=0 tx=0 comp rx=0 tx=0).stop
2026-02-17T19:04:38.414 INFO:teuthology.orchestra.run.trial022.stdout:/usr/bin/ceph: stderr
2026-02-17T19:04:35.024+0000 7f7d68bc1640 1 -- 10.20.193.22:0/1254802657 >> 10.20.193.22:0/1254802657 conn(0x7f7d6407db50 msgr2=0x7f7d64108670 unknown :-1 s=STATE_NONE l=0).mark_down
2026-02-17T19:04:38.414 INFO:teuthology.orchestra.run.trial022.stdout:/usr/bin/ceph: stderr
2026-02-17T19:04:35.024+0000 7f7d68bc1640 1 -- 10.20.193.22:0/1254802657 shutdown_connections
2026-02-17T19:04:38.414 INFO:teuthology.orchestra.run.trial022.stdout:/usr/bin/ceph: stderr
2026-02-17T19:04:35.024+0000 7f7d68bc1640 1 -- 10.20.193.22:0/1254802657 wait complete.
2026-02-17T19:04:38.414 INFO:teuthology.orchestra.run.trial022.stdout:/usr/bin/ceph: stderr
2026-02-17T19:04:35.024+0000 7f7d68bc1640 1 Processor -- start
2026-02-17T19:04:38.414 INFO:teuthology.orchestra.run.trial022.stdout:/usr/bin/ceph: stderr
2026-02-17T19:04:35.024+0000 7f7d68bc1640 1 -- start start
2026-02-17T19:04:38.414 INFO:teuthology.orchestra.run.trial022.stdout:/usr/bin/ceph: stderr
2026-02-17T19:04:35.024+0000 7f7d68bc1640 1 --2- >> [v2:10.20.193.22:3300/0,v1:10.20.193.22:6789/0] conn(0x7f7d6410a400 0x7f7d641a0260 unknown :-1 s=NONE pgs=0 cs=0 l=1 rev1=0 crypto rx=0 tx=0 comp rx=0 tx=0).connect
2026-02-17T19:04:38.414 INFO:teuthology.orchestra.run.trial022.stdout:/usr/bin/ceph: stderr
2026-02-17T19:04:35.024+0000 7f7d68bc1640 1 -- --> [v2:10.20.193.22:3300/0,v1:10.20.193.22:6789/0] -- mon_getmap magic: 0 -- 0x7f7d6410e960 con 0x7f7d6410a400
2026-02-17T19:04:38.415 INFO:teuthology.orchestra.run.trial022.stdout:/usr/bin/ceph: stderr
2026-02-17T19:04:35.024+0000 7f7d62575640 1 --2- >> [v2:10.20.193.22:3300/0,v1:10.20.193.22:6789/0] conn(0x7f7d6410a400 0x7f7d641a0260 unknown :-1 s=BANNER_CONNECTING pgs=0 cs=0 l=1 rev1=0 crypto rx=0 tx=0 comp rx=0 tx=0)._handle_peer_banner_payload supported=3 required=0
2026-02-17T19:04:38.415 INFO:teuthology.orchestra.run.trial022.stdout:/usr/bin/ceph: stderr
2026-02-17T19:04:35.024+0000 7f7d62575640 1 --2- >> [v2:10.20.193.22:3300/0,v1:10.20.193.22:6789/0] conn(0x7f7d6410a400 0x7f7d641a0260 unknown :-1 s=HELLO_CONNECTING pgs=0 cs=0 l=1 rev1=1 crypto rx=0 tx=0 comp rx=0 tx=0).handle_hello peer v2:10.20.193.22:3300/0 says I am v2:10.20.193.22:54996/0 (socket says 10.20.193.22:54996)
2026-02-17T19:04:38.415 INFO:teuthology.orchestra.run.trial022.stdout:/usr/bin/ceph: stderr
2026-02-17T19:04:35.024+0000 7f7d62575640 1 -- 10.20.193.22:0/2958406855 learned_addr learned my addr 10.20.193.22:0/2958406855 (peer_addr_for_me v2:10.20.193.22:0/0)
2026-02-17T19:04:38.415 INFO:teuthology.orchestra.run.trial022.stdout:/usr/bin/ceph: stderr
2026-02-17T19:04:35.024+0000 7f7d62575640 1 -- 10.20.193.22:0/2958406855 --> [v2:10.20.193.22:3300/0,v1:10.20.193.22:6789/0] -- mon_subscribe({config=0+,monmap=0+}) -- 0x7f7d641a07a0 con 0x7f7d6410a400
2026-02-17T19:04:38.415 INFO:teuthology.orchestra.run.trial022.stdout:/usr/bin/ceph: stderr
2026-02-17T19:04:35.024+0000 7f7d62575640 1 --2- 10.20.193.22:0/2958406855 >> [v2:10.20.193.22:3300/0,v1:10.20.193.22:6789/0] conn(0x7f7d6410a400 0x7f7d641a0260 secure :-1 s=READY pgs=60 cs=0 l=1 rev1=1 crypto rx=0x7f7d58039000 tx=0x7f7d58037890 comp rx=0 tx=0).ready entity=mon.0 client_cookie=0 server_cookie=0 in_seq=0 out_seq=0
2026-02-17T19:04:38.415 INFO:teuthology.orchestra.run.trial022.stdout:/usr/bin/ceph: stderr
2026-02-17T19:04:35.024+0000 7f7d4b7fe640 1 -- 10.20.193.22:0/2958406855 <== mon.0 v2:10.20.193.22:3300/0 1 ==== mon_map magic: 0 ==== 205+0+0 (secure 0 0 0) 0x7f7d58047070 con 0x7f7d6410a400
2026-02-17T19:04:38.415 INFO:teuthology.orchestra.run.trial022.stdout:/usr/bin/ceph: stderr
2026-02-17T19:04:35.024+0000 7f7d4b7fe640 1 -- 10.20.193.22:0/2958406855 <== mon.0 v2:10.20.193.22:3300/0 2 ==== config(26 keys) ==== 1076+0+0 (secure 0 0 0) 0x7f7d58042440 con 0x7f7d6410a400
2026-02-17T19:04:38.415 INFO:teuthology.orchestra.run.trial022.stdout:/usr/bin/ceph: stderr
2026-02-17T19:04:35.025+0000 7f7d68bc1640 1 -- 10.20.193.22:0/2958406855 --> [v2:10.20.193.22:3300/0,v1:10.20.193.22:6789/0] -- mon_subscribe({mgrmap=0+}) -- 0x7f7d641a0a30 con 0x7f7d6410a400
2026-02-17T19:04:38.415 INFO:teuthology.orchestra.run.trial022.stdout:/usr/bin/ceph: stderr
2026-02-17T19:04:35.025+0000 7f7d4b7fe640 1 -- 10.20.193.22:0/2958406855 <== mon.0 v2:10.20.193.22:3300/0 3 ==== mon_map magic: 0 ==== 205+0+0 (secure 0 0 0) 0x7f7d5803c070 con 0x7f7d6410a400
2026-02-17T19:04:38.415 INFO:teuthology.orchestra.run.trial022.stdout:/usr/bin/ceph: stderr
2026-02-17T19:04:35.025+0000 7f7d68bc1640 1 -- 10.20.193.22:0/2958406855 --> [v2:10.20.193.22:3300/0,v1:10.20.193.22:6789/0] -- mon_subscribe({osdmap=0}) -- 0x7f7d641a3720 con 0x7f7d6410a400
2026-02-17T19:04:38.415 INFO:teuthology.orchestra.run.trial022.stdout:/usr/bin/ceph: stderr
2026-02-17T19:04:35.025+0000 7f7d4b7fe640 1 -- 10.20.193.22:0/2958406855 <== mon.0 v2:10.20.193.22:3300/0 4 ==== mgrmap(e 9) ==== 50260+0+0 (secure 0 0 0) 0x7f7d580425f0 con 0x7f7d6410a400
2026-02-17T19:04:38.415 INFO:teuthology.orchestra.run.trial022.stdout:/usr/bin/ceph: stderr
2026-02-17T19:04:35.025+0000 7f7d4b7fe640 1 --2- 10.20.193.22:0/2958406855 >> [v2:10.20.193.22:6800/2523020381,v1:10.20.193.22:6801/2523020381] conn(0x7f7d3c03dbf0 0x7f7d3c0400b0 unknown :-1 s=NONE pgs=0 cs=0 l=1 rev1=0 crypto rx=0 tx=0 comp rx=0 tx=0).connect
2026-02-17T19:04:38.415 INFO:teuthology.orchestra.run.trial022.stdout:/usr/bin/ceph: stderr
2026-02-17T19:04:35.025+0000 7f7d4b7fe640 1 -- 10.20.193.22:0/2958406855 --> [v2:10.20.193.22:6800/2523020381,v1:10.20.193.22:6801/2523020381] -- command(tid 0: {"prefix": "get_command_descriptions"}) -- 0x7f7d3c0407c0 con 0x7f7d3c03dbf0
2026-02-17T19:04:38.415 INFO:teuthology.orchestra.run.trial022.stdout:/usr/bin/ceph: stderr
2026-02-17T19:04:35.025+0000 7f7d4b7fe640 1 -- 10.20.193.22:0/2958406855 <== mon.0 v2:10.20.193.22:3300/0 5 ==== osd_map(2..2 src has 1..2) ==== 940+0+0 (secure 0 0 0) 0x7f7d580767a0 con 0x7f7d6410a400
2026-02-17T19:04:38.415 INFO:teuthology.orchestra.run.trial022.stdout:/usr/bin/ceph: stderr
2026-02-17T19:04:35.025+0000 7f7d61d74640 1 -- 10.20.193.22:0/2958406855 >> [v2:10.20.193.22:6800/2523020381,v1:10.20.193.22:6801/2523020381] conn(0x7f7d3c03dbf0 msgr2=0x7f7d3c0400b0 unknown :-1 s=STATE_CONNECTING_RE l=1).process reconnect failed to v2:10.20.193.22:6800/2523020381
2026-02-17T19:04:38.415 INFO:teuthology.orchestra.run.trial022.stdout:/usr/bin/ceph: stderr
2026-02-17T19:04:35.025+0000 7f7d61d74640 1 --2- 10.20.193.22:0/2958406855 >> [v2:10.20.193.22:6800/2523020381,v1:10.20.193.22:6801/2523020381] conn(0x7f7d3c03dbf0 0x7f7d3c0400b0 unknown :-1 s=START_CONNECT pgs=0 cs=0 l=1 rev1=0 crypto rx=0 tx=0 comp rx=0 tx=0)._fault waiting 0.200000
2026-02-17T19:04:38.415 INFO:teuthology.orchestra.run.trial022.stdout:/usr/bin/ceph: stderr
2026-02-17T19:04:35.226+0000 7f7d61d74640 1 -- 10.20.193.22:0/2958406855 >> [v2:10.20.193.22:6800/2523020381,v1:10.20.193.22:6801/2523020381] conn(0x7f7d3c03dbf0 msgr2=0x7f7d3c0400b0 unknown :-1 s=STATE_CONNECTING_RE l=1).process reconnect failed to v2:10.20.193.22:6800/2523020381
2026-02-17T19:04:38.415 INFO:teuthology.orchestra.run.trial022.stdout:/usr/bin/ceph: stderr
2026-02-17T19:04:35.226+0000 7f7d61d74640 1 --2- 10.20.193.22:0/2958406855 >> [v2:10.20.193.22:6800/2523020381,v1:10.20.193.22:6801/2523020381] conn(0x7f7d3c03dbf0 0x7f7d3c0400b0 unknown :-1 s=START_CONNECT pgs=0 cs=0 l=1 rev1=0 crypto rx=0 tx=0 comp rx=0 tx=0)._fault waiting 0.400000
2026-02-17T19:04:38.415 INFO:teuthology.orchestra.run.trial022.stdout:/usr/bin/ceph: stderr
2026-02-17T19:04:35.627+0000 7f7d61d74640 1 -- 10.20.193.22:0/2958406855 >> [v2:10.20.193.22:6800/2523020381,v1:10.20.193.22:6801/2523020381] conn(0x7f7d3c03dbf0 msgr2=0x7f7d3c0400b0 unknown :-1 s=STATE_CONNECTING_RE l=1).process reconnect failed to v2:10.20.193.22:6800/2523020381
2026-02-17T19:04:38.415 INFO:teuthology.orchestra.run.trial022.stdout:/usr/bin/ceph: stderr
2026-02-17T19:04:35.627+0000 7f7d61d74640 1 --2- 10.20.193.22:0/2958406855 >> [v2:10.20.193.22:6800/2523020381,v1:10.20.193.22:6801/2523020381] conn(0x7f7d3c03dbf0 0x7f7d3c0400b0 unknown :-1 s=START_CONNECT pgs=0 cs=0 l=1 rev1=0 crypto rx=0 tx=0 comp rx=0 tx=0)._fault waiting 0.800000
2026-02-17T19:04:38.415 INFO:teuthology.orchestra.run.trial022.stdout:/usr/bin/ceph: stderr
2026-02-17T19:04:36.428+0000 7f7d61d74640 1 -- 10.20.193.22:0/2958406855 >> [v2:10.20.193.22:6800/2523020381,v1:10.20.193.22:6801/2523020381] conn(0x7f7d3c03dbf0 msgr2=0x7f7d3c0400b0 unknown :-1 s=STATE_CONNECTING_RE l=1).process reconnect failed to v2:10.20.193.22:6800/2523020381
2026-02-17T19:04:38.415 INFO:teuthology.orchestra.run.trial022.stdout:/usr/bin/ceph: stderr
2026-02-17T19:04:36.428+0000 7f7d61d74640 1 --2- 10.20.193.22:0/2958406855 >> [v2:10.20.193.22:6800/2523020381,v1:10.20.193.22:6801/2523020381] conn(0x7f7d3c03dbf0 0x7f7d3c0400b0 unknown :-1 s=START_CONNECT pgs=0 cs=0 l=1 rev1=0 crypto rx=0 tx=0 comp rx=0 tx=0)._fault waiting 1.600000
2026-02-17T19:04:38.415 INFO:teuthology.orchestra.run.trial022.stdout:/usr/bin/ceph: stderr
2026-02-17T19:04:37.347+0000 7f7d4b7fe640 1 -- 10.20.193.22:0/2958406855 <== mon.0 v2:10.20.193.22:3300/0 6 ==== mgrmap(e 10) ==== 50027+0+0 (secure 0 0 0) 0x7f7d580755a0 con 0x7f7d6410a400
2026-02-17T19:04:38.415 INFO:teuthology.orchestra.run.trial022.stdout:/usr/bin/ceph: stderr
2026-02-17T19:04:37.347+0000 7f7d4b7fe640 1 -- 10.20.193.22:0/2958406855 >> [v2:10.20.193.22:6800/2523020381,v1:10.20.193.22:6801/2523020381] conn(0x7f7d3c03dbf0 msgr2=0x7f7d3c0400b0 unknown :-1 s=STATE_CONNECTING l=1).mark_down
2026-02-17T19:04:38.415 INFO:teuthology.orchestra.run.trial022.stdout:/usr/bin/ceph: stderr
2026-02-17T19:04:37.348+0000 7f7d4b7fe640 1 --2- 10.20.193.22:0/2958406855 >> [v2:10.20.193.22:6800/2523020381,v1:10.20.193.22:6801/2523020381] conn(0x7f7d3c03dbf0 0x7f7d3c0400b0 unknown :-1 s=START_CONNECT pgs=0 cs=0 l=1 rev1=0 crypto rx=0 tx=0 comp rx=0 tx=0).stop
2026-02-17T19:04:38.415 INFO:teuthology.orchestra.run.trial022.stdout:/usr/bin/ceph: stderr
2026-02-17T19:04:38.349+0000 7f7d4b7fe640 1 -- 10.20.193.22:0/2958406855 <== mon.0 v2:10.20.193.22:3300/0 7 ==== mgrmap(e 11) ==== 50154+0+0 (secure 0 0 0) 0x7f7d58075920 con 0x7f7d6410a400
2026-02-17T19:04:38.415 INFO:teuthology.orchestra.run.trial022.stdout:/usr/bin/ceph: stderr
2026-02-17T19:04:38.349+0000 7f7d4b7fe640 1 --2- 10.20.193.22:0/2958406855 >> [v2:10.20.193.22:6800/4186475086,v1:10.20.193.22:6801/4186475086] conn(0x7f7d3c0416d0 0x7f7d3c043ac0 unknown :-1 s=NONE pgs=0 cs=0 l=1 rev1=0 crypto rx=0 tx=0 comp rx=0 tx=0).connect
2026-02-17T19:04:38.415 INFO:teuthology.orchestra.run.trial022.stdout:/usr/bin/ceph: stderr
2026-02-17T19:04:38.349+0000 7f7d4b7fe640 1 -- 10.20.193.22:0/2958406855 --> [v2:10.20.193.22:6800/4186475086,v1:10.20.193.22:6801/4186475086] -- command(tid 0: {"prefix": "get_command_descriptions"}) -- 0x7f7d58036e50 con 0x7f7d3c0416d0
2026-02-17T19:04:38.415 INFO:teuthology.orchestra.run.trial022.stdout:/usr/bin/ceph: stderr
2026-02-17T19:04:38.349+0000 7f7d61d74640 1 --2- 10.20.193.22:0/2958406855 >> [v2:10.20.193.22:6800/4186475086,v1:10.20.193.22:6801/4186475086] conn(0x7f7d3c0416d0 0x7f7d3c043ac0 unknown :-1 s=BANNER_CONNECTING pgs=0 cs=0 l=1 rev1=0 crypto rx=0 tx=0 comp rx=0 tx=0)._handle_peer_banner_payload supported=3 required=0
2026-02-17T19:04:38.415 INFO:teuthology.orchestra.run.trial022.stdout:/usr/bin/ceph: stderr
2026-02-17T19:04:38.349+0000 7f7d61d74640 1 --2- 10.20.193.22:0/2958406855 >> [v2:10.20.193.22:6800/4186475086,v1:10.20.193.22:6801/4186475086] conn(0x7f7d3c0416d0 0x7f7d3c043ac0 secure :-1 s=READY pgs=1 cs=0 l=1 rev1=1 crypto rx=0x7f7d4c003a80 tx=0x7f7d4c009290 comp rx=0 tx=0).ready entity=mgr.14150 client_cookie=0 server_cookie=0 in_seq=0 out_seq=0
2026-02-17T19:04:38.415 INFO:teuthology.orchestra.run.trial022.stdout:/usr/bin/ceph: stderr
2026-02-17T19:04:38.350+0000 7f7d4b7fe640 1 -- 10.20.193.22:0/2958406855 <== mgr.14150 v2:10.20.193.22:6800/4186475086 1 ==== command_reply(tid 0: 0 ) ==== 8+0+8901 (secure 0 0 0) 0x7f7d58036e50 con 0x7f7d3c0416d0
2026-02-17T19:04:38.415 INFO:teuthology.orchestra.run.trial022.stdout:/usr/bin/ceph: stderr
2026-02-17T19:04:38.353+0000 7f7d68bc1640 1 -- 10.20.193.22:0/2958406855 --> [v2:10.20.193.22:6800/4186475086,v1:10.20.193.22:6801/4186475086] -- command(tid 1: {"prefix": "mgr_status"}) -- 0x7f7d6410eae0 con 0x7f7d3c0416d0
2026-02-17T19:04:38.415 INFO:teuthology.orchestra.run.trial022.stdout:/usr/bin/ceph: stderr
2026-02-17T19:04:38.353+0000 7f7d4b7fe640 1 -- 10.20.193.22:0/2958406855 <== mgr.14150 v2:10.20.193.22:6800/4186475086 2 ==== command_reply(tid 1: 0 ) ==== 8+0+52 (secure 0 0 0) 0x7f7d6410eae0 con 0x7f7d3c0416d0
2026-02-17T19:04:38.415 INFO:teuthology.orchestra.run.trial022.stdout:/usr/bin/ceph: stderr
2026-02-17T19:04:38.353+0000 7f7d68bc1640 1 -- 10.20.193.22:0/2958406855 >> [v2:10.20.193.22:6800/4186475086,v1:10.20.193.22:6801/4186475086] conn(0x7f7d3c0416d0 msgr2=0x7f7d3c043ac0 secure :-1 s=STATE_CONNECTION_ESTABLISHED l=1).mark_down
2026-02-17T19:04:38.415 INFO:teuthology.orchestra.run.trial022.stdout:/usr/bin/ceph: stderr
2026-02-17T19:04:38.353+0000 7f7d68bc1640 1 --2- 10.20.193.22:0/2958406855 >> [v2:10.20.193.22:6800/4186475086,v1:10.20.193.22:6801/4186475086] conn(0x7f7d3c0416d0 0x7f7d3c043ac0 secure :-1 s=READY pgs=1 cs=0 l=1 rev1=1 crypto rx=0x7f7d4c003a80 tx=0x7f7d4c009290 comp rx=0 tx=0).stop
2026-02-17T19:04:38.415 INFO:teuthology.orchestra.run.trial022.stdout:/usr/bin/ceph: stderr
2026-02-17T19:04:38.353+0000 7f7d68bc1640 1 -- 10.20.193.22:0/2958406855 >> [v2:10.20.193.22:3300/0,v1:10.20.193.22:6789/0] conn(0x7f7d6410a400 msgr2=0x7f7d641a0260 secure :-1 s=STATE_CONNECTION_ESTABLISHED l=1).mark_down
2026-02-17T19:04:38.415 INFO:teuthology.orchestra.run.trial022.stdout:/usr/bin/ceph: stderr
2026-02-17T19:04:38.353+0000 7f7d68bc1640 1 --2- 10.20.193.22:0/2958406855 >> [v2:10.20.193.22:3300/0,v1:10.20.193.22:6789/0] conn(0x7f7d6410a400 0x7f7d641a0260 secure :-1 s=READY pgs=60 cs=0 l=1 rev1=1 crypto rx=0x7f7d58039000 tx=0x7f7d58037890 comp rx=0 tx=0).stop
2026-02-17T19:04:38.415 INFO:teuthology.orchestra.run.trial022.stdout:/usr/bin/ceph: stderr
2026-02-17T19:04:38.353+0000 7f7d68bc1640 1 -- 10.20.193.22:0/2958406855 shutdown_connections
2026-02-17T19:04:38.415 INFO:teuthology.orchestra.run.trial022.stdout:/usr/bin/ceph: stderr
2026-02-17T19:04:38.353+0000 7f7d68bc1640 1 --2- 10.20.193.22:0/2958406855 >> [v2:10.20.193.22:6800/4186475086,v1:10.20.193.22:6801/4186475086] conn(0x7f7d3c0416d0 0x7f7d3c043ac0 unknown :-1 s=CLOSED pgs=1 cs=0 l=1 rev1=1 crypto rx=0 tx=0 comp rx=0 tx=0).stop
2026-02-17T19:04:38.415 INFO:teuthology.orchestra.run.trial022.stdout:/usr/bin/ceph: stderr
2026-02-17T19:04:38.353+0000 7f7d68bc1640 1 --2- 10.20.193.22:0/2958406855 >> [v2:10.20.193.22:6800/2523020381,v1:10.20.193.22:6801/2523020381] conn(0x7f7d3c03dbf0 0x7f7d3c0400b0 unknown :-1 s=CLOSED pgs=0 cs=0 l=1 rev1=0 crypto rx=0 tx=0 comp rx=0 tx=0).stop
2026-02-17T19:04:38.415 INFO:teuthology.orchestra.run.trial022.stdout:/usr/bin/ceph: stderr
2026-02-17T19:04:38.353+0000 7f7d68bc1640 1 --2- 10.20.193.22:0/2958406855 >> [v2:10.20.193.22:3300/0,v1:10.20.193.22:6789/0] conn(0x7f7d6410a400 0x7f7d641a0260 unknown :-1 s=CLOSED pgs=60 cs=0 l=1 rev1=1 crypto rx=0 tx=0 comp rx=0 tx=0).stop
2026-02-17T19:04:38.415 INFO:teuthology.orchestra.run.trial022.stdout:/usr/bin/ceph: stderr
2026-02-17T19:04:38.353+0000 7f7d68bc1640 1 -- 10.20.193.22:0/2958406855 >> 10.20.193.22:0/2958406855 conn(0x7f7d6407db50 msgr2=0x7f7d64107da0 unknown :-1 s=STATE_NONE l=0).mark_down
2026-02-17T19:04:38.415 INFO:teuthology.orchestra.run.trial022.stdout:/usr/bin/ceph: stderr
2026-02-17T19:04:38.353+0000 7f7d68bc1640 1 -- 10.20.193.22:0/2958406855 shutdown_connections
2026-02-17T19:04:38.415 INFO:teuthology.orchestra.run.trial022.stdout:/usr/bin/ceph: stderr
2026-02-17T19:04:38.353+0000 7f7d68bc1640 1 -- 10.20.193.22:0/2958406855 wait complete.
2026-02-17T19:04:38.415 INFO:teuthology.orchestra.run.trial022.stdout:mgr epoch 9 is available
2026-02-17T19:04:38.416 INFO:teuthology.orchestra.run.trial022.stdout:Generating a dashboard self-signed certificate...
2026-02-17T19:04:38.684 INFO:teuthology.orchestra.run.trial022.stdout:/usr/bin/ceph: stdout Self-signed certificate created
2026-02-17T19:04:38.684 INFO:teuthology.orchestra.run.trial022.stdout:/usr/bin/ceph: stderr
2026-02-17T19:04:38.512+0000 7f0a7b606640 1 Processor -- start
2026-02-17T19:04:38.685 INFO:teuthology.orchestra.run.trial022.stdout:/usr/bin/ceph: stderr
2026-02-17T19:04:38.512+0000 7f0a7b606640 1 -- start start
2026-02-17T19:04:38.685 INFO:teuthology.orchestra.run.trial022.stdout:/usr/bin/ceph: stderr
2026-02-17T19:04:38.513+0000 7f0a7b606640 1 --2- >> [v2:10.20.193.22:3300/0,v1:10.20.193.22:6789/0] conn(0x7f0a7410ba80 0x7f0a7410be80 unknown :-1 s=NONE pgs=0 cs=0 l=0 rev1=0 crypto rx=0 tx=0 comp rx=0 tx=0).connect
2026-02-17T19:04:38.685 INFO:teuthology.orchestra.run.trial022.stdout:/usr/bin/ceph: stderr
2026-02-17T19:04:38.513+0000 7f0a7b606640 1 -- --> [v2:10.20.193.22:3300/0,v1:10.20.193.22:6789/0] -- mon_getmap magic: 0 -- 0x7f0a7410a010 con 0x7f0a7410ba80
2026-02-17T19:04:38.685 INFO:teuthology.orchestra.run.trial022.stdout:/usr/bin/ceph: stderr
2026-02-17T19:04:38.513+0000 7f0a7937b640 1 --2- >> [v2:10.20.193.22:3300/0,v1:10.20.193.22:6789/0] conn(0x7f0a7410ba80 0x7f0a7410be80 unknown :-1 s=BANNER_CONNECTING pgs=0 cs=0 l=0 rev1=0 crypto rx=0 tx=0 comp rx=0 tx=0)._handle_peer_banner_payload supported=3 required=0
2026-02-17T19:04:38.685 INFO:teuthology.orchestra.run.trial022.stdout:/usr/bin/ceph: stderr
2026-02-17T19:04:38.513+0000 7f0a7937b640 1 --2- >> [v2:10.20.193.22:3300/0,v1:10.20.193.22:6789/0] conn(0x7f0a7410ba80 0x7f0a7410be80 unknown :-1 s=HELLO_CONNECTING pgs=0 cs=0 l=0 rev1=1 crypto rx=0 tx=0 comp rx=0 tx=0).handle_hello peer v2:10.20.193.22:3300/0 says I am v2:10.20.193.22:57192/0 (socket says 10.20.193.22:57192)
2026-02-17T19:04:38.685 INFO:teuthology.orchestra.run.trial022.stdout:/usr/bin/ceph: stderr
2026-02-17T19:04:38.513+0000 7f0a7937b640 1 -- 10.20.193.22:0/268684604 learned_addr learned my addr 10.20.193.22:0/268684604 (peer_addr_for_me v2:10.20.193.22:0/0)
2026-02-17T19:04:38.685 INFO:teuthology.orchestra.run.trial022.stdout:/usr/bin/ceph: stderr
2026-02-17T19:04:38.513+0000 7f0a7937b640 1 -- 10.20.193.22:0/268684604 --> [v2:10.20.193.22:3300/0,v1:10.20.193.22:6789/0] -- mon_subscribe({config=0+,monmap=0+}) -- 0x7f0a7410a190 con 0x7f0a7410ba80
2026-02-17T19:04:38.685 INFO:teuthology.orchestra.run.trial022.stdout:/usr/bin/ceph: stderr
2026-02-17T19:04:38.513+0000 7f0a7937b640 1 --2- 10.20.193.22:0/268684604 >> [v2:10.20.193.22:3300/0,v1:10.20.193.22:6789/0] conn(0x7f0a7410ba80 0x7f0a7410be80 secure :-1 s=READY pgs=68 cs=0 l=1 rev1=1 crypto rx=0x7f0a64009920 tx=0x7f0a6402ef20 comp rx=0 tx=0).ready entity=mon.0 client_cookie=9591f5916cdcd586 server_cookie=0 in_seq=0 out_seq=0
2026-02-17T19:04:38.685 INFO:teuthology.orchestra.run.trial022.stdout:/usr/bin/ceph: stderr
2026-02-17T19:04:38.513+0000 7f0a63fff640 1 -- 10.20.193.22:0/268684604 <== mon.0 v2:10.20.193.22:3300/0 1 ==== mon_map magic: 0 ==== 205+0+0 (secure 0 0 0) 0x7f0a6403c070 con 0x7f0a7410ba80
2026-02-17T19:04:38.685 INFO:teuthology.orchestra.run.trial022.stdout:/usr/bin/ceph: stderr
2026-02-17T19:04:38.514+0000 7f0a63fff640 1 -- 10.20.193.22:0/268684604 <== mon.0 v2:10.20.193.22:3300/0 2 ==== config(26 keys) ==== 1076+0+0 (secure 0 0 0) 0x7f0a64037440 con 0x7f0a7410ba80
2026-02-17T19:04:38.685 INFO:teuthology.orchestra.run.trial022.stdout:/usr/bin/ceph: stderr
2026-02-17T19:04:38.514+0000 7f0a63fff640 1 -- 10.20.193.22:0/268684604 <== mon.0 v2:10.20.193.22:3300/0 3 ==== mon_map magic: 0 ==== 205+0+0 (secure 0 0 0) 0x7f0a640354d0 con 0x7f0a7410ba80
2026-02-17T19:04:38.686 INFO:teuthology.orchestra.run.trial022.stdout:/usr/bin/ceph: stderr
2026-02-17T19:04:38.514+0000 7f0a7b606640 1 -- 10.20.193.22:0/268684604 >> [v2:10.20.193.22:3300/0,v1:10.20.193.22:6789/0] conn(0x7f0a7410ba80 msgr2=0x7f0a7410be80 secure :-1 s=STATE_CONNECTION_ESTABLISHED l=1).mark_down
2026-02-17T19:04:38.686 INFO:teuthology.orchestra.run.trial022.stdout:/usr/bin/ceph: stderr
2026-02-17T19:04:38.514+0000 7f0a7b606640 1 --2- 10.20.193.22:0/268684604 >> [v2:10.20.193.22:3300/0,v1:10.20.193.22:6789/0] conn(0x7f0a7410ba80 0x7f0a7410be80 secure :-1 s=READY pgs=68 cs=0 l=1 rev1=1 crypto rx=0x7f0a64009920 tx=0x7f0a6402ef20 comp rx=0 tx=0).stop
2026-02-17T19:04:38.686 INFO:teuthology.orchestra.run.trial022.stdout:/usr/bin/ceph: stderr
2026-02-17T19:04:38.514+0000 7f0a7b606640 1 -- 10.20.193.22:0/268684604 shutdown_connections
2026-02-17T19:04:38.686 INFO:teuthology.orchestra.run.trial022.stdout:/usr/bin/ceph: stderr
2026-02-17T19:04:38.514+0000 7f0a7b606640 1 --2- 10.20.193.22:0/268684604 >> [v2:10.20.193.22:3300/0,v1:10.20.193.22:6789/0] conn(0x7f0a7410ba80 0x7f0a7410be80 unknown :-1 s=CLOSED pgs=68 cs=0 l=1 rev1=1 crypto rx=0 tx=0 comp rx=0 tx=0).stop
2026-02-17T19:04:38.686 INFO:teuthology.orchestra.run.trial022.stdout:/usr/bin/ceph: stderr
2026-02-17T19:04:38.514+0000 7f0a7b606640 1 -- 10.20.193.22:0/268684604 >> 10.20.193.22:0/268684604 conn(0x7f0a7407d8c0 msgr2=0x7f0a74108670 unknown :-1 s=STATE_NONE l=0).mark_down
2026-02-17T19:04:38.686 INFO:teuthology.orchestra.run.trial022.stdout:/usr/bin/ceph: stderr
2026-02-17T19:04:38.514+0000 7f0a7b606640 1 -- 10.20.193.22:0/268684604 shutdown_connections
2026-02-17T19:04:38.686 INFO:teuthology.orchestra.run.trial022.stdout:/usr/bin/ceph: stderr
2026-02-17T19:04:38.514+0000 7f0a7b606640 1 -- 10.20.193.22:0/268684604 wait complete.
2026-02-17T19:04:38.686 INFO:teuthology.orchestra.run.trial022.stdout:/usr/bin/ceph: stderr
2026-02-17T19:04:38.514+0000 7f0a7b606640 1 Processor -- start
2026-02-17T19:04:38.686 INFO:teuthology.orchestra.run.trial022.stdout:/usr/bin/ceph: stderr
2026-02-17T19:04:38.514+0000 7f0a7b606640 1 -- start start
2026-02-17T19:04:38.686 INFO:teuthology.orchestra.run.trial022.stdout:/usr/bin/ceph: stderr
2026-02-17T19:04:38.514+0000 7f0a7b606640 1 --2- >> [v2:10.20.193.22:3300/0,v1:10.20.193.22:6789/0] conn(0x7f0a7410ba80 0x7f0a741a0350 unknown :-1 s=NONE pgs=0 cs=0 l=1 rev1=0 crypto rx=0 tx=0 comp rx=0 tx=0).connect
2026-02-17T19:04:38.686 INFO:teuthology.orchestra.run.trial022.stdout:/usr/bin/ceph: stderr
2026-02-17T19:04:38.514+0000 7f0a7b606640 1 -- --> [v2:10.20.193.22:3300/0,v1:10.20.193.22:6789/0] -- mon_getmap magic: 0 -- 0x7f0a7410e950 con 0x7f0a7410ba80
2026-02-17T19:04:38.686 INFO:teuthology.orchestra.run.trial022.stdout:/usr/bin/ceph: stderr
2026-02-17T19:04:38.514+0000 7f0a7937b640 1 --2- >> [v2:10.20.193.22:3300/0,v1:10.20.193.22:6789/0] conn(0x7f0a7410ba80 0x7f0a741a0350 unknown :-1 s=BANNER_CONNECTING pgs=0 cs=0 l=1 rev1=0 crypto rx=0 tx=0 comp rx=0 tx=0)._handle_peer_banner_payload supported=3 required=0
2026-02-17T19:04:38.687 INFO:teuthology.orchestra.run.trial022.stdout:/usr/bin/ceph: stderr
2026-02-17T19:04:38.514+0000 7f0a7937b640 1 --2- >> [v2:10.20.193.22:3300/0,v1:10.20.193.22:6789/0] conn(0x7f0a7410ba80 0x7f0a741a0350 unknown :-1 s=HELLO_CONNECTING pgs=0 cs=0 l=1 rev1=1 crypto rx=0 tx=0 comp rx=0 tx=0).handle_hello peer v2:10.20.193.22:3300/0 says I am v2:10.20.193.22:57204/0 (socket says 10.20.193.22:57204)
2026-02-17T19:04:38.687 INFO:teuthology.orchestra.run.trial022.stdout:/usr/bin/ceph: stderr
2026-02-17T19:04:38.514+0000 7f0a7937b640 1 -- 10.20.193.22:0/2139405470 learned_addr learned my addr 10.20.193.22:0/2139405470 (peer_addr_for_me v2:10.20.193.22:0/0)
2026-02-17T19:04:38.687 INFO:teuthology.orchestra.run.trial022.stdout:/usr/bin/ceph: stderr
2026-02-17T19:04:38.514+0000 7f0a7937b640 1 -- 10.20.193.22:0/2139405470 --> [v2:10.20.193.22:3300/0,v1:10.20.193.22:6789/0] -- mon_subscribe({config=0+,monmap=0+}) -- 0x7f0a741a0890 con 0x7f0a7410ba80
2026-02-17T19:04:38.687 INFO:teuthology.orchestra.run.trial022.stdout:/usr/bin/ceph: stderr
2026-02-17T19:04:38.515+0000 7f0a7937b640 1 --2- 10.20.193.22:0/2139405470 >> [v2:10.20.193.22:3300/0,v1:10.20.193.22:6789/0] conn(0x7f0a7410ba80 0x7f0a741a0350 secure :-1 s=READY pgs=69 cs=0 l=1 rev1=1 crypto rx=0x7f0a64039000 tx=0x7f0a64037820 comp rx=0 tx=0).ready entity=mon.0 client_cookie=0 server_cookie=0 in_seq=0 out_seq=0
2026-02-17T19:04:38.687 INFO:teuthology.orchestra.run.trial022.stdout:/usr/bin/ceph: stderr
2026-02-17T19:04:38.515+0000 7f0a627fc640 1 -- 10.20.193.22:0/2139405470 <== mon.0 v2:10.20.193.22:3300/0 1 ==== mon_map magic: 0 ==== 205+0+0 (secure 0 0 0) 0x7f0a64047070 con 0x7f0a7410ba80
2026-02-17T19:04:38.687 INFO:teuthology.orchestra.run.trial022.stdout:/usr/bin/ceph: stderr
2026-02-17T19:04:38.515+0000 7f0a7b606640 1 -- 10.20.193.22:0/2139405470 --> [v2:10.20.193.22:3300/0,v1:10.20.193.22:6789/0] -- mon_subscribe({mgrmap=0+}) -- 0x7f0a741a0b20 con 0x7f0a7410ba80
2026-02-17T19:04:38.687 INFO:teuthology.orchestra.run.trial022.stdout:/usr/bin/ceph: stderr
2026-02-17T19:04:38.515+0000 7f0a627fc640 1 -- 10.20.193.22:0/2139405470 <== mon.0 v2:10.20.193.22:3300/0 2 ==== config(26 keys) ==== 1076+0+0 (secure 0 0 0) 0x7f0a64035df0 con 0x7f0a7410ba80
2026-02-17T19:04:38.687 INFO:teuthology.orchestra.run.trial022.stdout:/usr/bin/ceph: stderr
2026-02-17T19:04:38.515+0000 7f0a627fc640 1 -- 10.20.193.22:0/2139405470 <== mon.0 v2:10.20.193.22:3300/0 3 ==== mon_map magic: 0 ==== 205+0+0 (secure 0 0 0) 0x7f0a6403c070 con 0x7f0a7410ba80
2026-02-17T19:04:38.687 INFO:teuthology.orchestra.run.trial022.stdout:/usr/bin/ceph: stderr
2026-02-17T19:04:38.515+0000 7f0a7b606640 1 -- 10.20.193.22:0/2139405470 --> [v2:10.20.193.22:3300/0,v1:10.20.193.22:6789/0] -- mon_subscribe({osdmap=0}) -- 0x7f0a741a3810 con 0x7f0a7410ba80
2026-02-17T19:04:38.687 INFO:teuthology.orchestra.run.trial022.stdout:/usr/bin/ceph: stderr
2026-02-17T19:04:38.515+0000 7f0a7b606640 1 -- 10.20.193.22:0/2139405470 --> [v2:10.20.193.22:3300/0,v1:10.20.193.22:6789/0] -- mon_command({"prefix": "get_command_descriptions"} v 0) -- 0x7f0a7410bf00 con 0x7f0a7410ba80
2026-02-17T19:04:38.687 INFO:teuthology.orchestra.run.trial022.stdout:/usr/bin/ceph: stderr
2026-02-17T19:04:38.515+0000 7f0a627fc640 1 -- 10.20.193.22:0/2139405470 <== mon.0 v2:10.20.193.22:3300/0 4 ==== mgrmap(e 11) ==== 50154+0+0 (secure 0 0 0) 0x7f0a64042640 con 0x7f0a7410ba80
2026-02-17T19:04:38.687 INFO:teuthology.orchestra.run.trial022.stdout:/usr/bin/ceph: stderr
2026-02-17T19:04:38.515+0000 7f0a627fc640 1 --2- 10.20.193.22:0/2139405470 >> [v2:10.20.193.22:6800/4186475086,v1:10.20.193.22:6801/4186475086] conn(0x7f0a5003dad0 0x7f0a5003ff90 unknown :-1 s=NONE pgs=0 cs=0 l=1 rev1=0 crypto rx=0 tx=0 comp rx=0 tx=0).connect
2026-02-17T19:04:38.688 INFO:teuthology.orchestra.run.trial022.stdout:/usr/bin/ceph: stderr
2026-02-17T19:04:38.516+0000 7f0a627fc640 1 -- 10.20.193.22:0/2139405470 <== mon.0 v2:10.20.193.22:3300/0 5 ==== osd_map(3..3 src has 1..3) ==== 1155+0+0 (secure 0 0 0) 0x7f0a64076aa0 con 0x7f0a7410ba80
2026-02-17T19:04:38.688 INFO:teuthology.orchestra.run.trial022.stdout:/usr/bin/ceph: stderr
2026-02-17T19:04:38.516+0000 7f0a78b7a640 1 --2- 10.20.193.22:0/2139405470 >> [v2:10.20.193.22:6800/4186475086,v1:10.20.193.22:6801/4186475086] conn(0x7f0a5003dad0 0x7f0a5003ff90 unknown :-1 s=BANNER_CONNECTING pgs=0 cs=0 l=1 rev1=0 crypto rx=0 tx=0 comp rx=0 tx=0)._handle_peer_banner_payload supported=3 required=0
2026-02-17T19:04:38.688 INFO:teuthology.orchestra.run.trial022.stdout:/usr/bin/ceph: stderr
2026-02-17T19:04:38.516+0000 7f0a78b7a640 1 --2- 10.20.193.22:0/2139405470 >> [v2:10.20.193.22:6800/4186475086,v1:10.20.193.22:6801/4186475086] conn(0x7f0a5003dad0 0x7f0a5003ff90 secure :-1 s=READY pgs=7 cs=0 l=1 rev1=1 crypto rx=0x7f0a680099c0 tx=0x7f0a68006eb0 comp rx=0 tx=0).ready entity=mgr.14150 client_cookie=0 server_cookie=0 in_seq=0 out_seq=0
2026-02-17T19:04:38.688 INFO:teuthology.orchestra.run.trial022.stdout:/usr/bin/ceph: stderr
2026-02-17T19:04:38.518+0000 7f0a627fc640 1 -- 10.20.193.22:0/2139405470 <== mon.0 v2:10.20.193.22:3300/0 6 ==== mon_command_ack([{"prefix": "get_command_descriptions"}]=0 v0) ==== 72+0+195034 (secure 0 0 0) 0x7f0a64042440 con 0x7f0a7410ba80
2026-02-17T19:04:38.688 INFO:teuthology.orchestra.run.trial022.stdout:/usr/bin/ceph: stderr
2026-02-17T19:04:38.602+0000 7f0a7b606640 1 -- 10.20.193.22:0/2139405470 --> [v2:10.20.193.22:6800/4186475086,v1:10.20.193.22:6801/4186475086] -- mgr_command(tid 0: {"prefix": "dashboard create-self-signed-cert", "target": ["mon-mgr", ""]}) -- 0x7f0a74108600 con 0x7f0a5003dad0
2026-02-17T19:04:38.688 INFO:teuthology.orchestra.run.trial022.stdout:/usr/bin/ceph: stderr
2026-02-17T19:04:38.659+0000 7f0a627fc640 1 -- 10.20.193.22:0/2139405470 <== mgr.14150 v2:10.20.193.22:6800/4186475086 1 ==== mgr_command_reply(tid 0: 0 ) ==== 8+0+32 (secure 0 0 0) 0x7f0a74108600 con 0x7f0a5003dad0
2026-02-17T19:04:38.688 INFO:teuthology.orchestra.run.trial022.stdout:/usr/bin/ceph: stderr
2026-02-17T19:04:38.660+0000 7f0a7b606640 1 -- 10.20.193.22:0/2139405470 >> [v2:10.20.193.22:6800/4186475086,v1:10.20.193.22:6801/4186475086] conn(0x7f0a5003dad0 msgr2=0x7f0a5003ff90 secure :-1 s=STATE_CONNECTION_ESTABLISHED l=1).mark_down
2026-02-17T19:04:38.688 INFO:teuthology.orchestra.run.trial022.stdout:/usr/bin/ceph: stderr
2026-02-17T19:04:38.660+0000 7f0a7b606640 1 --2- 10.20.193.22:0/2139405470 >> [v2:10.20.193.22:6800/4186475086,v1:10.20.193.22:6801/4186475086] conn(0x7f0a5003dad0 0x7f0a5003ff90 secure :-1 s=READY pgs=7 cs=0 l=1 rev1=1 crypto rx=0x7f0a680099c0 tx=0x7f0a68006eb0 comp rx=0 tx=0).stop
2026-02-17T19:04:38.688 INFO:teuthology.orchestra.run.trial022.stdout:/usr/bin/ceph: stderr
2026-02-17T19:04:38.660+0000 7f0a7b606640 1 -- 10.20.193.22:0/2139405470 >> [v2:10.20.193.22:3300/0,v1:10.20.193.22:6789/0] conn(0x7f0a7410ba80 msgr2=0x7f0a741a0350 secure :-1 s=STATE_CONNECTION_ESTABLISHED l=1).mark_down
2026-02-17T19:04:38.688 INFO:teuthology.orchestra.run.trial022.stdout:/usr/bin/ceph: stderr
2026-02-17T19:04:38.660+0000 7f0a7b606640 1 --2- 10.20.193.22:0/2139405470 >> [v2:10.20.193.22:3300/0,v1:10.20.193.22:6789/0] conn(0x7f0a7410ba80 0x7f0a741a0350 secure :-1 s=READY pgs=69 cs=0 l=1 rev1=1 crypto rx=0x7f0a64039000 tx=0x7f0a64037820 comp rx=0 tx=0).stop
2026-02-17T19:04:38.688 INFO:teuthology.orchestra.run.trial022.stdout:/usr/bin/ceph: stderr
2026-02-17T19:04:38.660+0000 7f0a7b606640 1 -- 10.20.193.22:0/2139405470 shutdown_connections
2026-02-17T19:04:38.688 INFO:teuthology.orchestra.run.trial022.stdout:/usr/bin/ceph: stderr
2026-02-17T19:04:38.660+0000 7f0a7b606640 1 --2- 10.20.193.22:0/2139405470 >> [v2:10.20.193.22:6800/4186475086,v1:10.20.193.22:6801/4186475086] conn(0x7f0a5003dad0 0x7f0a5003ff90 unknown :-1 s=CLOSED pgs=7 cs=0 l=1 rev1=1 crypto rx=0 tx=0 comp rx=0 tx=0).stop
2026-02-17T19:04:38.689 INFO:teuthology.orchestra.run.trial022.stdout:/usr/bin/ceph: stderr
2026-02-17T19:04:38.660+0000 7f0a7b606640 1 --2- 10.20.193.22:0/2139405470 >> [v2:10.20.193.22:3300/0,v1:10.20.193.22:6789/0] conn(0x7f0a7410ba80 0x7f0a741a0350 unknown :-1 s=CLOSED pgs=69 cs=0 l=1 rev1=1 crypto rx=0 tx=0 comp rx=0 tx=0).stop
2026-02-17T19:04:38.689 INFO:teuthology.orchestra.run.trial022.stdout:/usr/bin/ceph: stderr
2026-02-17T19:04:38.660+0000 7f0a7b606640 1 -- 10.20.193.22:0/2139405470 >> 10.20.193.22:0/2139405470 conn(0x7f0a7407d8c0 msgr2=0x7f0a74107ef0 unknown :-1 s=STATE_NONE l=0).mark_down
2026-02-17T19:04:38.689 INFO:teuthology.orchestra.run.trial022.stdout:/usr/bin/ceph: stderr
2026-02-17T19:04:38.660+0000 7f0a7b606640 1 -- 10.20.193.22:0/2139405470 shutdown_connections
2026-02-17T19:04:38.689 INFO:teuthology.orchestra.run.trial022.stdout:/usr/bin/ceph: stderr
2026-02-17T19:04:38.660+0000 7f0a7b606640 1 -- 10.20.193.22:0/2139405470 wait complete.
2026-02-17T19:04:38.689 INFO:teuthology.orchestra.run.trial022.stdout:Creating initial admin user...
2026-02-17T19:04:38.867 INFO:journalctl@ceph.mon.a.trial022.stdout:Feb 17 19:04:38 trial022 ceph-mon[24629]: from='mgr.14150 10.20.193.22:0/1324785942' entity='mgr.x'
2026-02-17T19:04:38.867 INFO:journalctl@ceph.mon.a.trial022.stdout:Feb 17 19:04:38 trial022 ceph-mon[24629]: from='mgr.14150 10.20.193.22:0/1324785942' entity='mgr.x'
2026-02-17T19:04:38.867 INFO:journalctl@ceph.mon.a.trial022.stdout:Feb 17 19:04:38 trial022 ceph-mon[24629]: [17/Feb/2026:19:04:38] ENGINE Bus STARTING
2026-02-17T19:04:38.867 INFO:journalctl@ceph.mon.a.trial022.stdout:Feb 17 19:04:38 trial022 ceph-mon[24629]: [17/Feb/2026:19:04:38] ENGINE Serving on http://10.20.193.22:8765
2026-02-17T19:04:38.868 INFO:journalctl@ceph.mon.a.trial022.stdout:Feb 17 19:04:38 trial022 ceph-mon[24629]: from='client.14154 -' entity='client.admin' cmd=[{"prefix": "get_command_descriptions"}]: dispatch
2026-02-17T19:04:38.868 INFO:journalctl@ceph.mon.a.trial022.stdout:Feb 17 19:04:38 trial022 ceph-mon[24629]: mgrmap e11: x(active, since 1.00424s)
2026-02-17T19:04:38.868 INFO:journalctl@ceph.mon.a.trial022.stdout:Feb 17 19:04:38 trial022 ceph-mon[24629]: from='client.14154 -' entity='client.admin' cmd=[{"prefix": "mgr_status"}]: dispatch
2026-02-17T19:04:38.868 INFO:journalctl@ceph.mon.a.trial022.stdout:Feb 17 19:04:38 trial022 ceph-mon[24629]: [17/Feb/2026:19:04:38] ENGINE Serving on https://10.20.193.22:7150
2026-02-17T19:04:38.868 INFO:journalctl@ceph.mon.a.trial022.stdout:Feb 17 19:04:38 trial022 ceph-mon[24629]: [17/Feb/2026:19:04:38] ENGINE Bus STARTED
2026-02-17T19:04:38.868 INFO:journalctl@ceph.mon.a.trial022.stdout:Feb 17 19:04:38 trial022 ceph-mon[24629]: [17/Feb/2026:19:04:38] ENGINE Client ('10.20.193.22', 56844) lost — peer dropped the TLS connection suddenly, during handshake: (6, 'TLS/SSL connection has been closed (EOF) (_ssl.c:1147)')
2026-02-17T19:04:38.868 INFO:journalctl@ceph.mon.a.trial022.stdout:Feb 17 19:04:38 trial022 ceph-mon[24629]: from='client.14162 -' entity='client.admin' cmd=[{"prefix": "dashboard create-self-signed-cert", "target": ["mon-mgr", ""]}]: dispatch
2026-02-17T19:04:38.868 INFO:journalctl@ceph.mon.a.trial022.stdout:Feb 17 19:04:38 trial022 ceph-mon[24629]: from='mgr.14150 10.20.193.22:0/1324785942' entity='mgr.x'
2026-02-17T19:04:38.868 INFO:journalctl@ceph.mon.a.trial022.stdout:Feb 17 19:04:38 trial022 ceph-mon[24629]: from='mgr.14150 10.20.193.22:0/1324785942' entity='mgr.x'
2026-02-17T19:04:39.033 INFO:teuthology.orchestra.run.trial022.stdout:/usr/bin/ceph: stdout {"username": "admin", "password": "$2b$12$Jx9R.ag.ieyPX1fMJuSLweL6i.lErsRxi9lx6ZSTOPshl3c4I7BBy", "roles": ["administrator"], "name": null, "email": null, "lastUpdate": 1771355079, "enabled": true, "pwdExpirationDate": null, "pwdUpdateRequired": true}
2026-02-17T19:04:39.033 INFO:teuthology.orchestra.run.trial022.stdout:/usr/bin/ceph: stderr
2026-02-17T19:04:38.772+0000 7fa699df5640 1 Processor -- start
2026-02-17T19:04:39.033 INFO:teuthology.orchestra.run.trial022.stdout:/usr/bin/ceph: stderr
2026-02-17T19:04:38.773+0000 7fa699df5640 1 -- start start
2026-02-17T19:04:39.033 INFO:teuthology.orchestra.run.trial022.stdout:/usr/bin/ceph: stderr
2026-02-17T19:04:38.773+0000 7fa699df5640 1 --2- >> [v2:10.20.193.22:3300/0,v1:10.20.193.22:6789/0] conn(0x7fa69407de00 0x7fa69407c300 unknown :-1 s=NONE pgs=0 cs=0 l=0 rev1=0 crypto rx=0 tx=0 comp rx=0 tx=0).connect
2026-02-17T19:04:39.033 INFO:teuthology.orchestra.run.trial022.stdout:/usr/bin/ceph: stderr
2026-02-17T19:04:38.773+0000 7fa699df5640 1 -- --> [v2:10.20.193.22:3300/0,v1:10.20.193.22:6789/0] -- mon_getmap magic: 0 -- 0x7fa69407c840 con 0x7fa69407de00
2026-02-17T19:04:39.033 INFO:teuthology.orchestra.run.trial022.stdout:/usr/bin/ceph: stderr
2026-02-17T19:04:38.773+0000 7fa6937fe640 1 --2- >> [v2:10.20.193.22:3300/0,v1:10.20.193.22:6789/0] conn(0x7fa69407de00 0x7fa69407c300 unknown :-1 s=BANNER_CONNECTING pgs=0 cs=0 l=0 rev1=0 crypto rx=0 tx=0 comp rx=0 tx=0)._handle_peer_banner_payload supported=3 required=0
2026-02-17T19:04:39.033 INFO:teuthology.orchestra.run.trial022.stdout:/usr/bin/ceph: stderr
2026-02-17T19:04:38.773+0000 7fa6937fe640 1 --2- >> [v2:10.20.193.22:3300/0,v1:10.20.193.22:6789/0] conn(0x7fa69407de00 0x7fa69407c300 unknown :-1 s=HELLO_CONNECTING pgs=0 cs=0 l=0 rev1=1 crypto rx=0 tx=0 comp rx=0 tx=0).handle_hello peer v2:10.20.193.22:3300/0 says I am v2:10.20.193.22:57206/0 (socket says 10.20.193.22:57206)
2026-02-17T19:04:39.033 INFO:teuthology.orchestra.run.trial022.stdout:/usr/bin/ceph: stderr
2026-02-17T19:04:38.773+0000 7fa6937fe640 1 -- 10.20.193.22:0/3296775832 learned_addr learned my addr 10.20.193.22:0/3296775832 (peer_addr_for_me v2:10.20.193.22:0/0)
2026-02-17T19:04:39.034 INFO:teuthology.orchestra.run.trial022.stdout:/usr/bin/ceph: stderr
2026-02-17T19:04:38.773+0000 7fa6937fe640 1 -- 10.20.193.22:0/3296775832 --> [v2:10.20.193.22:3300/0,v1:10.20.193.22:6789/0] -- mon_subscribe({config=0+,monmap=0+}) -- 0x7fa69407c9c0 con 0x7fa69407de00
2026-02-17T19:04:39.034 INFO:teuthology.orchestra.run.trial022.stdout:/usr/bin/ceph: stderr
2026-02-17T19:04:38.773+0000 7fa6937fe640 1 --2- 10.20.193.22:0/3296775832 >> [v2:10.20.193.22:3300/0,v1:10.20.193.22:6789/0] conn(0x7fa69407de00 0x7fa69407c300 secure :-1 s=READY pgs=70 cs=0 l=1 rev1=1 crypto rx=0x7fa680009920 tx=0x7fa68002ef20 comp rx=0 tx=0).ready entity=mon.0 client_cookie=b817e9a1737b3f8 server_cookie=0 in_seq=0 out_seq=0
2026-02-17T19:04:39.034 INFO:teuthology.orchestra.run.trial022.stdout:/usr/bin/ceph: stderr
2026-02-17T19:04:38.774+0000 7fa6927fc640 1 -- 10.20.193.22:0/3296775832 <== mon.0 v2:10.20.193.22:3300/0 1 ==== mon_map magic: 0 ==== 205+0+0 (secure 0 0 0) 0x7fa68003c070 con 0x7fa69407de00
2026-02-17T19:04:39.034 INFO:teuthology.orchestra.run.trial022.stdout:/usr/bin/ceph: stderr
2026-02-17T19:04:38.774+0000 7fa6927fc640 1 -- 10.20.193.22:0/3296775832 <== mon.0 v2:10.20.193.22:3300/0 2 ==== config(26 keys) ==== 1076+0+0 (secure 0 0 0) 0x7fa680037440 con 0x7fa69407de00
2026-02-17T19:04:39.034 INFO:teuthology.orchestra.run.trial022.stdout:/usr/bin/ceph: stderr
2026-02-17T19:04:38.774+0000 7fa6927fc640 1 -- 10.20.193.22:0/3296775832 <== mon.0 v2:10.20.193.22:3300/0 3 ==== mon_map magic: 0 ==== 205+0+0 (secure 0 0 0) 0x7fa6800354d0 con 0x7fa69407de00
2026-02-17T19:04:39.034 INFO:teuthology.orchestra.run.trial022.stdout:/usr/bin/ceph: stderr
2026-02-17T19:04:38.774+0000 7fa699df5640 1 -- 10.20.193.22:0/3296775832 >> [v2:10.20.193.22:3300/0,v1:10.20.193.22:6789/0] conn(0x7fa69407de00 msgr2=0x7fa69407c300 secure :-1 s=STATE_CONNECTION_ESTABLISHED l=1).mark_down
2026-02-17T19:04:39.034 INFO:teuthology.orchestra.run.trial022.stdout:/usr/bin/ceph: stderr
2026-02-17T19:04:38.774+0000 7fa699df5640 1 --2- 10.20.193.22:0/3296775832 >> [v2:10.20.193.22:3300/0,v1:10.20.193.22:6789/0] conn(0x7fa69407de00 0x7fa69407c300 secure :-1 s=READY pgs=70 cs=0 l=1 rev1=1 crypto rx=0x7fa680009920 tx=0x7fa68002ef20 comp rx=0 tx=0).stop
2026-02-17T19:04:39.034 INFO:teuthology.orchestra.run.trial022.stdout:/usr/bin/ceph: stderr
2026-02-17T19:04:38.774+0000 7fa699df5640 1 -- 10.20.193.22:0/3296775832 shutdown_connections
2026-02-17T19:04:39.034 INFO:teuthology.orchestra.run.trial022.stdout:/usr/bin/ceph: stderr
2026-02-17T19:04:38.774+0000 7fa699df5640 1 --2- 10.20.193.22:0/3296775832 >> [v2:10.20.193.22:3300/0,v1:10.20.193.22:6789/0] conn(0x7fa69407de00 0x7fa69407c300 unknown :-1 s=CLOSED pgs=70 cs=0 l=1 rev1=1 crypto rx=0 tx=0 comp rx=0 tx=0).stop
2026-02-17T19:04:39.034 INFO:teuthology.orchestra.run.trial022.stdout:/usr/bin/ceph: stderr
2026-02-17T19:04:38.774+0000 7fa699df5640 1 -- 10.20.193.22:0/3296775832 >> 10.20.193.22:0/3296775832 conn(0x7fa694103950 msgr2=0x7fa694105d70 unknown :-1 s=STATE_NONE l=0).mark_down
2026-02-17T19:04:39.035 INFO:teuthology.orchestra.run.trial022.stdout:/usr/bin/ceph: stderr
2026-02-17T19:04:38.774+0000 7fa699df5640 1 -- 10.20.193.22:0/3296775832 shutdown_connections
2026-02-17T19:04:39.035 INFO:teuthology.orchestra.run.trial022.stdout:/usr/bin/ceph: stderr
2026-02-17T19:04:38.774+0000 7fa699df5640 1 -- 10.20.193.22:0/3296775832 wait complete.
2026-02-17T19:04:39.035 INFO:teuthology.orchestra.run.trial022.stdout:/usr/bin/ceph: stderr
2026-02-17T19:04:38.774+0000 7fa699df5640 1 Processor -- start
2026-02-17T19:04:39.035 INFO:teuthology.orchestra.run.trial022.stdout:/usr/bin/ceph: stderr
2026-02-17T19:04:38.774+0000 7fa699df5640 1 -- start start
2026-02-17T19:04:39.035 INFO:teuthology.orchestra.run.trial022.stdout:/usr/bin/ceph: stderr
2026-02-17T19:04:38.775+0000 7fa699df5640 1 --2- >> [v2:10.20.193.22:3300/0,v1:10.20.193.22:6789/0] conn(0x7fa69407de00 0x7fa6941a0240 unknown :-1 s=NONE pgs=0 cs=0 l=1 rev1=0 crypto rx=0 tx=0 comp rx=0 tx=0).connect
2026-02-17T19:04:39.035 INFO:teuthology.orchestra.run.trial022.stdout:/usr/bin/ceph: stderr
2026-02-17T19:04:38.775+0000 7fa699df5640 1 -- --> [v2:10.20.193.22:3300/0,v1:10.20.193.22:6789/0] -- mon_getmap magic: 0 -- 0x7fa69410e740 con 0x7fa69407de00
2026-02-17T19:04:39.035 INFO:teuthology.orchestra.run.trial022.stdout:/usr/bin/ceph: stderr
2026-02-17T19:04:38.775+0000 7fa6937fe640 1 --2- >> [v2:10.20.193.22:3300/0,v1:10.20.193.22:6789/0] conn(0x7fa69407de00 0x7fa6941a0240 unknown :-1 s=BANNER_CONNECTING pgs=0 cs=0 l=1 rev1=0 crypto rx=0 tx=0 comp rx=0 tx=0)._handle_peer_banner_payload supported=3 required=0
2026-02-17T19:04:39.035 INFO:teuthology.orchestra.run.trial022.stdout:/usr/bin/ceph: stderr
2026-02-17T19:04:38.775+0000 7fa6937fe640 1 --2- >> [v2:10.20.193.22:3300/0,v1:10.20.193.22:6789/0] conn(0x7fa69407de00 0x7fa6941a0240 unknown :-1 s=HELLO_CONNECTING pgs=0 cs=0 l=1 rev1=1 crypto rx=0 tx=0 comp rx=0 tx=0).handle_hello peer v2:10.20.193.22:3300/0 says I am v2:10.20.193.22:57212/0 (socket says 10.20.193.22:57212)
2026-02-17T19:04:39.035 INFO:teuthology.orchestra.run.trial022.stdout:/usr/bin/ceph: stderr
2026-02-17T19:04:38.775+0000 7fa6937fe640 1 -- 10.20.193.22:0/353656677 learned_addr learned my addr 10.20.193.22:0/353656677 (peer_addr_for_me v2:10.20.193.22:0/0)
2026-02-17T19:04:39.035 INFO:teuthology.orchestra.run.trial022.stdout:/usr/bin/ceph: stderr
2026-02-17T19:04:38.775+0000 7fa6937fe640 1 -- 10.20.193.22:0/353656677 --> [v2:10.20.193.22:3300/0,v1:10.20.193.22:6789/0] -- mon_subscribe({config=0+,monmap=0+}) -- 0x7fa6941a0780 con 0x7fa69407de00
2026-02-17T19:04:39.035 INFO:teuthology.orchestra.run.trial022.stdout:/usr/bin/ceph: stderr
2026-02-17T19:04:38.775+0000 7fa6937fe640 1 --2- 10.20.193.22:0/353656677 >> [v2:10.20.193.22:3300/0,v1:10.20.193.22:6789/0] conn(0x7fa69407de00 0x7fa6941a0240 secure :-1 s=READY pgs=71 cs=0 l=1 rev1=1 crypto rx=0x7fa680039000 tx=0x7fa680037820 comp rx=0 tx=0).ready entity=mon.0 client_cookie=0 server_cookie=0 in_seq=0 out_seq=0
2026-02-17T19:04:39.035 INFO:teuthology.orchestra.run.trial022.stdout:/usr/bin/ceph: stderr
2026-02-17T19:04:38.775+0000 7fa690ff9640 1 -- 10.20.193.22:0/353656677 <== mon.0 v2:10.20.193.22:3300/0 1 ==== mon_map magic: 0 ==== 205+0+0 (secure 0 0 0) 0x7fa680047070 con 0x7fa69407de00
2026-02-17T19:04:39.036 INFO:teuthology.orchestra.run.trial022.stdout:/usr/bin/ceph: stderr
2026-02-17T19:04:38.775+0000 7fa690ff9640 1 -- 10.20.193.22:0/353656677 <== mon.0 v2:10.20.193.22:3300/0 2 ==== config(26 keys) ==== 1076+0+0 (secure 0 0 0) 0x7fa680035df0 con 0x7fa69407de00
2026-02-17T19:04:39.036 INFO:teuthology.orchestra.run.trial022.stdout:/usr/bin/ceph: stderr
2026-02-17T19:04:38.775+0000 7fa699df5640 1 -- 10.20.193.22:0/353656677 --> [v2:10.20.193.22:3300/0,v1:10.20.193.22:6789/0] -- mon_subscribe({mgrmap=0+}) -- 0x7fa6941a0a10 con 0x7fa69407de00
2026-02-17T19:04:39.036 INFO:teuthology.orchestra.run.trial022.stdout:/usr/bin/ceph: stderr
2026-02-17T19:04:38.775+0000 7fa690ff9640 1 -- 10.20.193.22:0/353656677 <== mon.0 v2:10.20.193.22:3300/0 3 ==== mon_map magic: 0 ==== 205+0+0 (secure 0 0 0) 0x7fa68003c070 con 0x7fa69407de00
2026-02-17T19:04:39.036 INFO:teuthology.orchestra.run.trial022.stdout:/usr/bin/ceph: stderr
2026-02-17T19:04:38.775+0000 7fa699df5640 1 -- 10.20.193.22:0/353656677 --> [v2:10.20.193.22:3300/0,v1:10.20.193.22:6789/0] -- mon_subscribe({osdmap=0}) -- 0x7fa6941a3700 con 0x7fa69407de00
2026-02-17T19:04:39.036 INFO:teuthology.orchestra.run.trial022.stdout:/usr/bin/ceph: stderr
2026-02-17T19:04:38.776+0000 7fa699df5640 1 -- 10.20.193.22:0/353656677 --> [v2:10.20.193.22:3300/0,v1:10.20.193.22:6789/0] -- mon_command({"prefix": "get_command_descriptions"} v 0) -- 0x7fa69407c380 con 0x7fa69407de00
2026-02-17T19:04:39.036 INFO:teuthology.orchestra.run.trial022.stdout:/usr/bin/ceph: stderr
2026-02-17T19:04:38.776+0000 7fa690ff9640 1 -- 10.20.193.22:0/353656677 <== mon.0 v2:10.20.193.22:3300/0 4 ==== mgrmap(e 11) ==== 50154+0+0 (secure 0 0 0) 0x7fa680042640 con 0x7fa69407de00
2026-02-17T19:04:39.036 INFO:teuthology.orchestra.run.trial022.stdout:/usr/bin/ceph: stderr
2026-02-17T19:04:38.776+0000 7fa690ff9640 1 --2- 10.20.193.22:0/353656677 >> [v2:10.20.193.22:6800/4186475086,v1:10.20.193.22:6801/4186475086] conn(0x7fa66803db20 0x7fa66803ffe0 unknown :-1 s=NONE pgs=0 cs=0 l=1 rev1=0 crypto rx=0 tx=0 comp rx=0 tx=0).connect
2026-02-17T19:04:39.036 INFO:teuthology.orchestra.run.trial022.stdout:/usr/bin/ceph: stderr
2026-02-17T19:04:38.776+0000 7fa690ff9640 1 -- 10.20.193.22:0/353656677 <== mon.0 v2:10.20.193.22:3300/0 5 ==== osd_map(3..3 src has 1..3) ==== 1155+0+0 (secure 0 0 0) 0x7fa680076c60 con 0x7fa69407de00
2026-02-17T19:04:39.036 INFO:teuthology.orchestra.run.trial022.stdout:/usr/bin/ceph: stderr
2026-02-17T19:04:38.776+0000 7fa692ffd640 1 --2- 10.20.193.22:0/353656677 >> [v2:10.20.193.22:6800/4186475086,v1:10.20.193.22:6801/4186475086] conn(0x7fa66803db20 0x7fa66803ffe0 unknown :-1 s=BANNER_CONNECTING pgs=0 cs=0 l=1 rev1=0 crypto rx=0 tx=0 comp rx=0 tx=0)._handle_peer_banner_payload supported=3 required=0
2026-02-17T19:04:39.036 INFO:teuthology.orchestra.run.trial022.stdout:/usr/bin/ceph: stderr
2026-02-17T19:04:38.776+0000 7fa692ffd640 1 --2- 10.20.193.22:0/353656677 >> [v2:10.20.193.22:6800/4186475086,v1:10.20.193.22:6801/4186475086] conn(0x7fa66803db20 0x7fa66803ffe0 secure :-1 s=READY pgs=8 cs=0 l=1 rev1=1 crypto rx=0x7fa6840099c0 tx=0x7fa684006eb0 comp rx=0 tx=0).ready entity=mgr.14150 client_cookie=0 server_cookie=0 in_seq=0 out_seq=0
2026-02-17T19:04:39.036 INFO:teuthology.orchestra.run.trial022.stdout:/usr/bin/ceph: stderr
2026-02-17T19:04:38.779+0000 7fa690ff9640 1 -- 10.20.193.22:0/353656677 <== mon.0 v2:10.20.193.22:3300/0 6 ==== mon_command_ack([{"prefix": "get_command_descriptions"}]=0 v0) ==== 72+0+195034 (secure 0 0 0) 0x7fa680033c90 con 0x7fa69407de00
2026-02-17T19:04:39.036 INFO:teuthology.orchestra.run.trial022.stdout:/usr/bin/ceph: stderr
2026-02-17T19:04:38.866+0000 7fa699df5640 1 -- 10.20.193.22:0/353656677 --> [v2:10.20.193.22:6800/4186475086,v1:10.20.193.22:6801/4186475086] -- mgr_command(tid 0: {"prefix": "dashboard ac-user-create", "username": "admin", "rolename": "administrator", "force_password": true, "pwd_update_required": true, "target": ["mon-mgr", ""]}) -- 0x7fa694104bb0 con 0x7fa66803db20
2026-02-17T19:04:39.037 INFO:teuthology.orchestra.run.trial022.stdout:/usr/bin/ceph: stderr
2026-02-17T19:04:39.006+0000 7fa690ff9640 1 -- 10.20.193.22:0/353656677 <== mgr.14150 v2:10.20.193.22:6800/4186475086 1 ==== mgr_command_reply(tid 0: 0 ) ==== 8+0+252 (secure 0 0 0) 0x7fa694104bb0 con 0x7fa66803db20
2026-02-17T19:04:39.037 INFO:teuthology.orchestra.run.trial022.stdout:/usr/bin/ceph: stderr
2026-02-17T19:04:39.007+0000 7fa699df5640 1 -- 10.20.193.22:0/353656677 >> [v2:10.20.193.22:6800/4186475086,v1:10.20.193.22:6801/4186475086] conn(0x7fa66803db20 msgr2=0x7fa66803ffe0 secure :-1 s=STATE_CONNECTION_ESTABLISHED l=1).mark_down
2026-02-17T19:04:39.037 INFO:teuthology.orchestra.run.trial022.stdout:/usr/bin/ceph: stderr
2026-02-17T19:04:39.007+0000 7fa699df5640 1 --2- 10.20.193.22:0/353656677 >> [v2:10.20.193.22:6800/4186475086,v1:10.20.193.22:6801/4186475086] conn(0x7fa66803db20 0x7fa66803ffe0 secure :-1 s=READY pgs=8 cs=0 l=1 rev1=1 crypto rx=0x7fa6840099c0 tx=0x7fa684006eb0 comp rx=0 tx=0).stop
2026-02-17T19:04:39.037 INFO:teuthology.orchestra.run.trial022.stdout:/usr/bin/ceph: stderr
2026-02-17T19:04:39.007+0000 7fa699df5640 1 -- 10.20.193.22:0/353656677 >> [v2:10.20.193.22:3300/0,v1:10.20.193.22:6789/0] conn(0x7fa69407de00 msgr2=0x7fa6941a0240 secure :-1 s=STATE_CONNECTION_ESTABLISHED l=1).mark_down
2026-02-17T19:04:39.037 INFO:teuthology.orchestra.run.trial022.stdout:/usr/bin/ceph: stderr
2026-02-17T19:04:39.007+0000 7fa699df5640 1 --2- 10.20.193.22:0/353656677 >> [v2:10.20.193.22:3300/0,v1:10.20.193.22:6789/0] conn(0x7fa69407de00 0x7fa6941a0240 secure :-1 s=READY pgs=71 cs=0 l=1 rev1=1 crypto rx=0x7fa680039000 tx=0x7fa680037820 comp rx=0 tx=0).stop
2026-02-17T19:04:39.037 INFO:teuthology.orchestra.run.trial022.stdout:/usr/bin/ceph: stderr
2026-02-17T19:04:39.008+0000 7fa699df5640 1 -- 10.20.193.22:0/353656677 shutdown_connections
2026-02-17T19:04:39.037 INFO:teuthology.orchestra.run.trial022.stdout:/usr/bin/ceph: stderr
2026-02-17T19:04:39.008+0000 7fa699df5640 1 --2- 10.20.193.22:0/353656677 >> [v2:10.20.193.22:6800/4186475086,v1:10.20.193.22:6801/4186475086] conn(0x7fa66803db20 0x7fa66803ffe0 unknown :-1 s=CLOSED pgs=8 cs=0 l=1 rev1=1 crypto rx=0 tx=0 comp rx=0 tx=0).stop
2026-02-17T19:04:39.037 INFO:teuthology.orchestra.run.trial022.stdout:/usr/bin/ceph: stderr
2026-02-17T19:04:39.008+0000 7fa699df5640 1 --2- 10.20.193.22:0/353656677 >> [v2:10.20.193.22:3300/0,v1:10.20.193.22:6789/0] conn(0x7fa69407de00 0x7fa6941a0240 unknown :-1 s=CLOSED pgs=71 cs=0 l=1 rev1=1 crypto rx=0 tx=0 comp rx=0 tx=0).stop
2026-02-17T19:04:39.037 INFO:teuthology.orchestra.run.trial022.stdout:/usr/bin/ceph: stderr
2026-02-17T19:04:39.008+0000 7fa699df5640 1 -- 10.20.193.22:0/353656677 >> 10.20.193.22:0/353656677 conn(0x7fa694103950 msgr2=0x7fa6941044a0 unknown :-1 s=STATE_NONE l=0).mark_down
