2026-02-17T19:08:56.415+0000 7f5ec96cc640 1 --2- >> [v2:10.20.193.5:3300/0,v1:10.20.193.5:6789/0] conn(0x7f5ec410a3d0 0x7f5ec410a7d0 unknown :-1 s=BANNER_CONNECTING pgs=0 cs=0 l=0 rev1=0 crypto rx=0 tx=0 comp rx=0 tx=0)._handle_peer_banner_payload supported=3 required=0
2026-02-17T19:08:56.586 INFO:teuthology.orchestra.run.trial005.stdout:/usr/bin/ceph: stderr
2026-02-17T19:08:56.415+0000 7f5ec96cc640 1 --2- >> [v2:10.20.193.5:3300/0,v1:10.20.193.5:6789/0] conn(0x7f5ec410a3d0 0x7f5ec410a7d0 unknown :-1 s=HELLO_CONNECTING pgs=0 cs=0 l=0 rev1=1 crypto rx=0 tx=0 comp rx=0 tx=0).handle_hello peer v2:10.20.193.5:3300/0 says I am v2:10.20.193.5:34126/0 (socket says 10.20.193.5:34126)
2026-02-17T19:08:56.586 INFO:teuthology.orchestra.run.trial005.stdout:/usr/bin/ceph: stderr
2026-02-17T19:08:56.415+0000 7f5ec96cc640 1 -- 10.20.193.5:0/1948029119 learned_addr learned my addr 10.20.193.5:0/1948029119 (peer_addr_for_me v2:10.20.193.5:0/0)
2026-02-17T19:08:56.586 INFO:teuthology.orchestra.run.trial005.stdout:/usr/bin/ceph: stderr
2026-02-17T19:08:56.415+0000 7f5ec96cc640 1 -- 10.20.193.5:0/1948029119 --> [v2:10.20.193.5:3300/0,v1:10.20.193.5:6789/0] -- mon_subscribe({config=0+,monmap=0+}) -- 0x7f5ec410b470 con 0x7f5ec410a3d0
2026-02-17T19:08:56.586 INFO:teuthology.orchestra.run.trial005.stdout:/usr/bin/ceph: stderr
2026-02-17T19:08:56.416+0000 7f5ec96cc640 1 --2- 10.20.193.5:0/1948029119 >> [v2:10.20.193.5:3300/0,v1:10.20.193.5:6789/0] conn(0x7f5ec410a3d0 0x7f5ec410a7d0 secure :-1 s=READY pgs=57 cs=0 l=1 rev1=1 crypto rx=0x7f5eb4009920 tx=0x7f5eb402ef20 comp rx=0 tx=0).ready entity=mon.0 client_cookie=517f3956291eef0d server_cookie=0 in_seq=0 out_seq=0
2026-02-17T19:08:56.586 INFO:teuthology.orchestra.run.trial005.stdout:/usr/bin/ceph: stderr
2026-02-17T19:08:56.416+0000 7f5eb3fff640 1 -- 10.20.193.5:0/1948029119 <== mon.0 v2:10.20.193.5:3300/0 1 ==== mon_map magic: 0 ==== 205+0+0 (secure 0 0 0) 0x7f5eb403c070 con 0x7f5ec410a3d0
2026-02-17T19:08:56.586 INFO:teuthology.orchestra.run.trial005.stdout:/usr/bin/ceph: stderr
2026-02-17T19:08:56.416+0000 7f5eb3fff640 1 -- 10.20.193.5:0/1948029119 <== mon.0 v2:10.20.193.5:3300/0 2 ==== config(25 keys) ==== 1038+0+0 (secure 0 0 0) 0x7f5eb4037440 con 0x7f5ec410a3d0
2026-02-17T19:08:56.586 INFO:teuthology.orchestra.run.trial005.stdout:/usr/bin/ceph: stderr
2026-02-17T19:08:56.416+0000 7f5eb3fff640 1 -- 10.20.193.5:0/1948029119 <== mon.0 v2:10.20.193.5:3300/0 3 ==== mon_map magic: 0 ==== 205+0+0 (secure 0 0 0) 0x7f5eb40354d0 con 0x7f5ec410a3d0
2026-02-17T19:08:56.586 INFO:teuthology.orchestra.run.trial005.stdout:/usr/bin/ceph: stderr
2026-02-17T19:08:56.416+0000 7f5ecb957640 1 -- 10.20.193.5:0/1948029119 >> [v2:10.20.193.5:3300/0,v1:10.20.193.5:6789/0] conn(0x7f5ec410a3d0 msgr2=0x7f5ec410a7d0 secure :-1 s=STATE_CONNECTION_ESTABLISHED l=1).mark_down
2026-02-17T19:08:56.586 INFO:teuthology.orchestra.run.trial005.stdout:/usr/bin/ceph: stderr
2026-02-17T19:08:56.416+0000 7f5ecb957640 1 --2- 10.20.193.5:0/1948029119 >> [v2:10.20.193.5:3300/0,v1:10.20.193.5:6789/0] conn(0x7f5ec410a3d0 0x7f5ec410a7d0 secure :-1 s=READY pgs=57 cs=0 l=1 rev1=1 crypto rx=0x7f5eb4009920 tx=0x7f5eb402ef20 comp rx=0 tx=0).stop
2026-02-17T19:08:56.586 INFO:teuthology.orchestra.run.trial005.stdout:/usr/bin/ceph: stderr
2026-02-17T19:08:56.416+0000 7f5ecb957640 1 -- 10.20.193.5:0/1948029119 shutdown_connections
2026-02-17T19:08:56.586 INFO:teuthology.orchestra.run.trial005.stdout:/usr/bin/ceph: stderr
2026-02-17T19:08:56.416+0000 7f5ecb957640 1 --2- 10.20.193.5:0/1948029119 >> [v2:10.20.193.5:3300/0,v1:10.20.193.5:6789/0] conn(0x7f5ec410a3d0 0x7f5ec410a7d0 unknown :-1 s=CLOSED pgs=57 cs=0 l=1 rev1=1 crypto rx=0 tx=0 comp rx=0 tx=0).stop
2026-02-17T19:08:56.587 INFO:teuthology.orchestra.run.trial005.stdout:/usr/bin/ceph: stderr
2026-02-17T19:08:56.416+0000 7f5ecb957640 1 -- 10.20.193.5:0/1948029119 >> 10.20.193.5:0/1948029119 conn(0x7f5ec407dc20 msgr2=0x7f5ec41086a0 unknown :-1 s=STATE_NONE l=0).mark_down
2026-02-17T19:08:56.587 INFO:teuthology.orchestra.run.trial005.stdout:/usr/bin/ceph: stderr
2026-02-17T19:08:56.416+0000 7f5ecb957640 1 -- 10.20.193.5:0/1948029119 shutdown_connections
2026-02-17T19:08:56.587 INFO:teuthology.orchestra.run.trial005.stdout:/usr/bin/ceph: stderr
2026-02-17T19:08:56.416+0000 7f5ecb957640 1 -- 10.20.193.5:0/1948029119 wait complete.
2026-02-17T19:08:56.587 INFO:teuthology.orchestra.run.trial005.stdout:/usr/bin/ceph: stderr
2026-02-17T19:08:56.417+0000 7f5ecb957640 1 Processor -- start
2026-02-17T19:08:56.587 INFO:teuthology.orchestra.run.trial005.stdout:/usr/bin/ceph: stderr
2026-02-17T19:08:56.417+0000 7f5ecb957640 1 -- start start
2026-02-17T19:08:56.587 INFO:teuthology.orchestra.run.trial005.stdout:/usr/bin/ceph: stderr
2026-02-17T19:08:56.417+0000 7f5ecb957640 1 --2- >> [v2:10.20.193.5:3300/0,v1:10.20.193.5:6789/0] conn(0x7f5ec410a3d0 0x7f5ec41a00e0 unknown :-1 s=NONE pgs=0 cs=0 l=1 rev1=0 crypto rx=0 tx=0 comp rx=0 tx=0).connect
2026-02-17T19:08:56.587 INFO:teuthology.orchestra.run.trial005.stdout:/usr/bin/ceph: stderr
2026-02-17T19:08:56.417+0000 7f5ecb957640 1 -- --> [v2:10.20.193.5:3300/0,v1:10.20.193.5:6789/0] -- mon_getmap magic: 0 -- 0x7f5ec410e6a0 con 0x7f5ec410a3d0
2026-02-17T19:08:56.587 INFO:teuthology.orchestra.run.trial005.stdout:/usr/bin/ceph: stderr
2026-02-17T19:08:56.417+0000 7f5ec96cc640 1 --2- >> [v2:10.20.193.5:3300/0,v1:10.20.193.5:6789/0] conn(0x7f5ec410a3d0 0x7f5ec41a00e0 unknown :-1 s=BANNER_CONNECTING pgs=0 cs=0 l=1 rev1=0 crypto rx=0 tx=0 comp rx=0 tx=0)._handle_peer_banner_payload supported=3 required=0
2026-02-17T19:08:56.587 INFO:teuthology.orchestra.run.trial005.stdout:/usr/bin/ceph: stderr
2026-02-17T19:08:56.417+0000 7f5ec96cc640 1 --2- >> [v2:10.20.193.5:3300/0,v1:10.20.193.5:6789/0] conn(0x7f5ec410a3d0 0x7f5ec41a00e0 unknown :-1 s=HELLO_CONNECTING pgs=0 cs=0 l=1 rev1=1 crypto rx=0 tx=0 comp rx=0 tx=0).handle_hello peer v2:10.20.193.5:3300/0 says I am v2:10.20.193.5:34128/0 (socket says 10.20.193.5:34128)
2026-02-17T19:08:56.587 INFO:teuthology.orchestra.run.trial005.stdout:/usr/bin/ceph: stderr
2026-02-17T19:08:56.417+0000 7f5ec96cc640 1 -- 10.20.193.5:0/1660481379 learned_addr learned my addr 10.20.193.5:0/1660481379 (peer_addr_for_me v2:10.20.193.5:0/0)
2026-02-17T19:08:56.587 INFO:teuthology.orchestra.run.trial005.stdout:/usr/bin/ceph: stderr
2026-02-17T19:08:56.417+0000 7f5ec96cc640 1 -- 10.20.193.5:0/1660481379 --> [v2:10.20.193.5:3300/0,v1:10.20.193.5:6789/0] -- mon_subscribe({config=0+,monmap=0+}) -- 0x7f5ec41a0620 con 0x7f5ec410a3d0
2026-02-17T19:08:56.587 INFO:teuthology.orchestra.run.trial005.stdout:/usr/bin/ceph: stderr
2026-02-17T19:08:56.417+0000 7f5ec96cc640 1 --2- 10.20.193.5:0/1660481379 >> [v2:10.20.193.5:3300/0,v1:10.20.193.5:6789/0] conn(0x7f5ec410a3d0 0x7f5ec41a00e0 secure :-1 s=READY pgs=58 cs=0 l=1 rev1=1 crypto rx=0x7f5eb4037820 tx=0x7f5eb4037850 comp rx=0 tx=0).ready entity=mon.0 client_cookie=0 server_cookie=0 in_seq=0 out_seq=0
2026-02-17T19:08:56.588 INFO:teuthology.orchestra.run.trial005.stdout:/usr/bin/ceph: stderr
2026-02-17T19:08:56.417+0000 7f5eb27fc640 1 -- 10.20.193.5:0/1660481379 <== mon.0 v2:10.20.193.5:3300/0 1 ==== mon_map magic: 0 ==== 205+0+0 (secure 0 0 0) 0x7f5eb4047070 con 0x7f5ec410a3d0
2026-02-17T19:08:56.588 INFO:teuthology.orchestra.run.trial005.stdout:/usr/bin/ceph: stderr
2026-02-17T19:08:56.417+0000 7f5eb27fc640 1 -- 10.20.193.5:0/1660481379 <== mon.0 v2:10.20.193.5:3300/0 2 ==== config(25 keys) ==== 1038+0+0 (secure 0 0 0) 0x7f5eb4035d70 con 0x7f5ec410a3d0
2026-02-17T19:08:56.588 INFO:teuthology.orchestra.run.trial005.stdout:/usr/bin/ceph: stderr
2026-02-17T19:08:56.417+0000 7f5ecb957640 1 -- 10.20.193.5:0/1660481379 --> [v2:10.20.193.5:3300/0,v1:10.20.193.5:6789/0] -- mon_subscribe({mgrmap=0+}) -- 0x7f5ec41a08b0 con 0x7f5ec410a3d0
2026-02-17T19:08:56.588 INFO:teuthology.orchestra.run.trial005.stdout:/usr/bin/ceph: stderr
2026-02-17T19:08:56.417+0000 7f5eb27fc640 1 -- 10.20.193.5:0/1660481379 <== mon.0 v2:10.20.193.5:3300/0 3 ==== mon_map magic: 0 ==== 205+0+0 (secure 0 0 0) 0x7f5eb403c070 con 0x7f5ec410a3d0
2026-02-17T19:08:56.588 INFO:teuthology.orchestra.run.trial005.stdout:/usr/bin/ceph: stderr
2026-02-17T19:08:56.417+0000 7f5ecb957640 1 -- 10.20.193.5:0/1660481379 --> [v2:10.20.193.5:3300/0,v1:10.20.193.5:6789/0] -- mon_subscribe({osdmap=0}) -- 0x7f5ec41a35a0 con 0x7f5ec410a3d0
2026-02-17T19:08:56.588 INFO:teuthology.orchestra.run.trial005.stdout:/usr/bin/ceph: stderr
2026-02-17T19:08:56.418+0000 7f5ecb957640 1 -- 10.20.193.5:0/1660481379 --> [v2:10.20.193.5:3300/0,v1:10.20.193.5:6789/0] -- mon_command({"prefix": "get_command_descriptions"} v 0) -- 0x7f5ec410a850 con 0x7f5ec410a3d0
2026-02-17T19:08:56.588 INFO:teuthology.orchestra.run.trial005.stdout:/usr/bin/ceph: stderr
2026-02-17T19:08:56.418+0000 7f5eb27fc640 1 -- 10.20.193.5:0/1660481379 <== mon.0 v2:10.20.193.5:3300/0 4 ==== mgrmap(e 9) ==== 50260+0+0 (secure 0 0 0) 0x7f5eb4042620 con 0x7f5ec410a3d0
2026-02-17T19:08:56.588 INFO:teuthology.orchestra.run.trial005.stdout:/usr/bin/ceph: stderr
2026-02-17T19:08:56.418+0000 7f5eb27fc640 1 --2- 10.20.193.5:0/1660481379 >> [v2:10.20.193.5:6800/1084333446,v1:10.20.193.5:6801/1084333446] conn(0x7f5ea003dc40 0x7f5ea0040100 unknown :-1 s=NONE pgs=0 cs=0 l=1 rev1=0 crypto rx=0 tx=0 comp rx=0 tx=0).connect
2026-02-17T19:08:56.588 INFO:teuthology.orchestra.run.trial005.stdout:/usr/bin/ceph: stderr
2026-02-17T19:08:56.418+0000 7f5ec8ecb640 1 -- 10.20.193.5:0/1660481379 >> [v2:10.20.193.5:6800/1084333446,v1:10.20.193.5:6801/1084333446] conn(0x7f5ea003dc40 msgr2=0x7f5ea0040100 unknown :-1 s=STATE_CONNECTING_RE l=1).process reconnect failed to v2:10.20.193.5:6800/1084333446
2026-02-17T19:08:56.588 INFO:teuthology.orchestra.run.trial005.stdout:/usr/bin/ceph: stderr
2026-02-17T19:08:56.418+0000 7f5eb27fc640 1 -- 10.20.193.5:0/1660481379 <== mon.0 v2:10.20.193.5:3300/0 5 ==== osd_map(2..2 src has 1..2) ==== 940+0+0 (secure 0 0 0) 0x7f5eb4076960 con 0x7f5ec410a3d0
2026-02-17T19:08:56.588 INFO:teuthology.orchestra.run.trial005.stdout:/usr/bin/ceph: stderr
2026-02-17T19:08:56.418+0000 7f5ec8ecb640 1 --2- 10.20.193.5:0/1660481379 >> [v2:10.20.193.5:6800/1084333446,v1:10.20.193.5:6801/1084333446] conn(0x7f5ea003dc40 0x7f5ea0040100 unknown :-1 s=START_CONNECT pgs=0 cs=0 l=1 rev1=0 crypto rx=0 tx=0 comp rx=0 tx=0)._fault waiting 0.200000
2026-02-17T19:08:56.588 INFO:teuthology.orchestra.run.trial005.stdout:/usr/bin/ceph: stderr
2026-02-17T19:08:56.421+0000 7f5eb27fc640 1 -- 10.20.193.5:0/1660481379 <== mon.0 v2:10.20.193.5:3300/0 6 ==== mon_command_ack([{"prefix": "get_command_descriptions"}]=0 v0) ==== 72+0+195034 (secure 0 0 0) 0x7f5eb40342a0 con 0x7f5ec410a3d0
2026-02-17T19:08:56.589 INFO:teuthology.orchestra.run.trial005.stdout:/usr/bin/ceph: stderr
2026-02-17T19:08:56.529+0000 7f5ecb957640 1 -- 10.20.193.5:0/1660481379 --> [v2:10.20.193.5:3300/0,v1:10.20.193.5:6789/0] -- mon_command({"prefix": "mgr stat"} v 0) -- 0x7f5ec41a3c40 con 0x7f5ec410a3d0
2026-02-17T19:08:56.589 INFO:teuthology.orchestra.run.trial005.stdout:/usr/bin/ceph: stderr
2026-02-17T19:08:56.529+0000 7f5eb27fc640 1 -- 10.20.193.5:0/1660481379 <== mon.0 v2:10.20.193.5:3300/0 7 ==== mon_command_ack([{"prefix": "mgr stat"}]=0 v9) ==== 56+0+88 (secure 0 0 0) 0x7f5eb4033c90 con 0x7f5ec410a3d0
2026-02-17T19:08:56.589 INFO:teuthology.orchestra.run.trial005.stdout:/usr/bin/ceph: stderr
2026-02-17T19:08:56.531+0000 7f5ecb957640 1 -- 10.20.193.5:0/1660481379 >> [v2:10.20.193.5:6800/1084333446,v1:10.20.193.5:6801/1084333446] conn(0x7f5ea003dc40 msgr2=0x7f5ea0040100 unknown :-1 s=STATE_CONNECTING l=1).mark_down
2026-02-17T19:08:56.589 INFO:teuthology.orchestra.run.trial005.stdout:/usr/bin/ceph: stderr
2026-02-17T19:08:56.531+0000 7f5ecb957640 1 --2- 10.20.193.5:0/1660481379 >> [v2:10.20.193.5:6800/1084333446,v1:10.20.193.5:6801/1084333446] conn(0x7f5ea003dc40 0x7f5ea0040100 unknown :-1 s=START_CONNECT pgs=0 cs=0 l=1 rev1=0 crypto rx=0 tx=0 comp rx=0 tx=0).stop
2026-02-17T19:08:56.589 INFO:teuthology.orchestra.run.trial005.stdout:/usr/bin/ceph: stderr
2026-02-17T19:08:56.531+0000 7f5ecb957640 1 -- 10.20.193.5:0/1660481379 >> [v2:10.20.193.5:3300/0,v1:10.20.193.5:6789/0] conn(0x7f5ec410a3d0 msgr2=0x7f5ec41a00e0 secure :-1 s=STATE_CONNECTION_ESTABLISHED l=1).mark_down
2026-02-17T19:08:56.589 INFO:teuthology.orchestra.run.trial005.stdout:/usr/bin/ceph: stderr
2026-02-17T19:08:56.531+0000 7f5ecb957640 1 --2- 10.20.193.5:0/1660481379 >> [v2:10.20.193.5:3300/0,v1:10.20.193.5:6789/0] conn(0x7f5ec410a3d0 0x7f5ec41a00e0 secure :-1 s=READY pgs=58 cs=0 l=1 rev1=1 crypto rx=0x7f5eb4037820 tx=0x7f5eb4037850 comp rx=0 tx=0).stop
2026-02-17T19:08:56.589 INFO:teuthology.orchestra.run.trial005.stdout:/usr/bin/ceph: stderr
2026-02-17T19:08:56.531+0000 7f5ecb957640 1 -- 10.20.193.5:0/1660481379 shutdown_connections
2026-02-17T19:08:56.589 INFO:teuthology.orchestra.run.trial005.stdout:/usr/bin/ceph: stderr
2026-02-17T19:08:56.531+0000 7f5ecb957640 1 --2- 10.20.193.5:0/1660481379 >> [v2:10.20.193.5:6800/1084333446,v1:10.20.193.5:6801/1084333446] conn(0x7f5ea003dc40 0x7f5ea0040100 unknown :-1 s=CLOSED pgs=0 cs=0 l=1 rev1=0 crypto rx=0 tx=0 comp rx=0 tx=0).stop
2026-02-17T19:08:56.589 INFO:teuthology.orchestra.run.trial005.stdout:/usr/bin/ceph: stderr
2026-02-17T19:08:56.531+0000 7f5ecb957640 1 --2- 10.20.193.5:0/1660481379 >> [v2:10.20.193.5:3300/0,v1:10.20.193.5:6789/0] conn(0x7f5ec410a3d0 0x7f5ec41a00e0 unknown :-1 s=CLOSED pgs=58 cs=0 l=1 rev1=1 crypto rx=0 tx=0 comp rx=0 tx=0).stop
2026-02-17T19:08:56.589 INFO:teuthology.orchestra.run.trial005.stdout:/usr/bin/ceph: stderr
2026-02-17T19:08:56.531+0000 7f5ecb957640 1 -- 10.20.193.5:0/1660481379 >> 10.20.193.5:0/1660481379 conn(0x7f5ec407dc20 msgr2=0x7f5ec4107de0 unknown :-1 s=STATE_NONE l=0).mark_down
2026-02-17T19:08:56.589 INFO:teuthology.orchestra.run.trial005.stdout:/usr/bin/ceph: stderr
2026-02-17T19:08:56.531+0000 7f5ecb957640 1 -- 10.20.193.5:0/1660481379 shutdown_connections
2026-02-17T19:08:56.590 INFO:teuthology.orchestra.run.trial005.stdout:/usr/bin/ceph: stderr
2026-02-17T19:08:56.531+0000 7f5ecb957640 1 -- 10.20.193.5:0/1660481379 wait complete.
2026-02-17T19:08:56.590 INFO:teuthology.orchestra.run.trial005.stdout:Waiting for the mgr to restart...
2026-02-17T19:08:56.590 INFO:teuthology.orchestra.run.trial005.stdout:Waiting for mgr epoch 9...
2026-02-17T19:08:56.849 INFO:journalctl@ceph.mgr.x.trial005.stdout:Feb 17 19:08:56 trial005 ceph-0a912c74-0c34-11f1-98df-d404e6e7d460-mgr-x[24808]:
2026-02-17T19:08:56.705+0000 7f09d3bf2140 -1 mgr[py] Module snap_schedule has missing NOTIFY_TYPES member
2026-02-17T19:08:56.849 INFO:journalctl@ceph.mgr.x.trial005.stdout:Feb 17 19:08:56 trial005 ceph-0a912c74-0c34-11f1-98df-d404e6e7d460-mgr-x[24808]:
2026-02-17T19:08:56.849+0000 7f09d3bf2140 -1 mgr[py] Module prometheus has missing NOTIFY_TYPES member
2026-02-17T19:08:57.129 INFO:journalctl@ceph.mgr.x.trial005.stdout:Feb 17 19:08:56 trial005 ceph-0a912c74-0c34-11f1-98df-d404e6e7d460-mgr-x[24808]:
2026-02-17T19:08:56.884+0000 7f09d3bf2140 -1 mgr[py] Module balancer has missing NOTIFY_TYPES member
2026-02-17T19:08:57.129 INFO:journalctl@ceph.mgr.x.trial005.stdout:Feb 17 19:08:56 trial005 ceph-0a912c74-0c34-11f1-98df-d404e6e7d460-mgr-x[24808]:
2026-02-17T19:08:56.926+0000 7f09d3bf2140 -1 mgr[py] Module rbd_support has missing NOTIFY_TYPES member
2026-02-17T19:08:57.129 INFO:journalctl@ceph.mgr.x.trial005.stdout:Feb 17 19:08:56 trial005 ceph-0a912c74-0c34-11f1-98df-d404e6e7d460-mgr-x[24808]:
2026-02-17T19:08:56.957+0000 7f09d3bf2140 -1 mgr[py] Module devicehealth has missing NOTIFY_TYPES member
2026-02-17T19:08:57.129 INFO:journalctl@ceph.mgr.x.trial005.stdout:Feb 17 19:08:56 trial005 ceph-0a912c74-0c34-11f1-98df-d404e6e7d460-mgr-x[24808]:
2026-02-17T19:08:56.992+0000 7f09d3bf2140 -1 mgr[py] Module alerts has missing NOTIFY_TYPES member
2026-02-17T19:08:57.129 INFO:journalctl@ceph.mgr.x.trial005.stdout:Feb 17 19:08:57 trial005 ceph-0a912c74-0c34-11f1-98df-d404e6e7d460-mgr-x[24808]:
2026-02-17T19:08:57.057+0000 7f09d3bf2140 -1 mgr[py] Module telemetry has missing NOTIFY_TYPES member
2026-02-17T19:08:57.130 INFO:journalctl@ceph.mgr.x.trial005.stdout:Feb 17 19:08:57 trial005 ceph-0a912c74-0c34-11f1-98df-d404e6e7d460-mgr-x[24808]: /lib64/python3.9/site-packages/scipy/__init__.py:73: UserWarning: NumPy was imported from a Python sub-interpreter but NumPy does not properly support sub-interpreters. This will likely work for most users but might cause hard to track down issues or subtle bugs. A common user of the rare sub-interpreter feature is wsgi which also allows single-interpreter mode.
2026-02-17T19:08:57.130 INFO:journalctl@ceph.mgr.x.trial005.stdout:Feb 17 19:08:57 trial005 ceph-0a912c74-0c34-11f1-98df-d404e6e7d460-mgr-x[24808]: Improvements in the case of bugs are welcome, but is not on the NumPy roadmap, and full support may require significant effort to achieve.
2026-02-17T19:08:57.130 INFO:journalctl@ceph.mgr.x.trial005.stdout:Feb 17 19:08:57 trial005 ceph-0a912c74-0c34-11f1-98df-d404e6e7d460-mgr-x[24808]: from numpy import show_config as show_numpy_config
2026-02-17T19:08:57.392 INFO:journalctl@ceph.mon.a.trial005.stdout:Feb 17 19:08:57 trial005 ceph-mon[24559]: from='client.? 10.20.193.5:0/1677246219' entity='client.admin' cmd='[{"prefix": "mgr module enable", "module": "dashboard"}]': finished
2026-02-17T19:08:57.392 INFO:journalctl@ceph.mon.a.trial005.stdout:Feb 17 19:08:57 trial005 ceph-mon[24559]: mgrmap e9: x(active, since 5s)
2026-02-17T19:08:57.392 INFO:journalctl@ceph.mon.a.trial005.stdout:Feb 17 19:08:57 trial005 ceph-mon[24559]: from='client.? 10.20.193.5:0/1660481379' entity='client.admin' cmd=[{"prefix": "mgr stat"}]: dispatch
2026-02-17T19:08:57.392 INFO:journalctl@ceph.mgr.x.trial005.stdout:Feb 17 19:08:57 trial005 ceph-0a912c74-0c34-11f1-98df-d404e6e7d460-mgr-x[24808]:
2026-02-17T19:08:57.132+0000 7f09d3bf2140 -1 mgr[py] Module diskprediction_local has missing NOTIFY_TYPES member
2026-02-17T19:08:57.392 INFO:journalctl@ceph.mgr.x.trial005.stdout:Feb 17 19:08:57 trial005 ceph-0a912c74-0c34-11f1-98df-d404e6e7d460-mgr-x[24808]:
2026-02-17T19:08:57.166+0000 7f09d3bf2140 -1 mgr[py] Module status has missing NOTIFY_TYPES member
2026-02-17T19:08:57.392 INFO:journalctl@ceph.mgr.x.trial005.stdout:Feb 17 19:08:57 trial005 ceph-0a912c74-0c34-11f1-98df-d404e6e7d460-mgr-x[24808]:
2026-02-17T19:08:57.261+0000 7f09d3bf2140 -1 mgr[py] Module rgw has missing NOTIFY_TYPES member
2026-02-17T19:08:57.393 INFO:journalctl@ceph.mgr.x.trial005.stdout:Feb 17 19:08:57 trial005 ceph-0a912c74-0c34-11f1-98df-d404e6e7d460-mgr-x[24808]:
2026-02-17T19:08:57.322+0000 7f09d3bf2140 -1 mgr[py] Module iostat has missing NOTIFY_TYPES member
2026-02-17T19:08:57.393 INFO:journalctl@ceph.mgr.x.trial005.stdout:Feb 17 19:08:57 trial005 ceph-0a912c74-0c34-11f1-98df-d404e6e7d460-mgr-x[24808]:
2026-02-17T19:08:57.357+0000 7f09d3bf2140 -1 mgr[py] Module pg_autoscaler has missing NOTIFY_TYPES member
2026-02-17T19:08:57.393 INFO:journalctl@ceph.mgr.x.trial005.stdout:Feb 17 19:08:57 trial005 ceph-0a912c74-0c34-11f1-98df-d404e6e7d460-mgr-x[24808]:
2026-02-17T19:08:57.390+0000 7f09d3bf2140 -1 mgr[py] Module osd_perf_query has missing NOTIFY_TYPES member
2026-02-17T19:08:57.694 INFO:journalctl@ceph.mgr.x.trial005.stdout:Feb 17 19:08:57 trial005 ceph-0a912c74-0c34-11f1-98df-d404e6e7d460-mgr-x[24808]:
2026-02-17T19:08:57.425+0000 7f09d3bf2140 -1 mgr[py] Module crash has missing NOTIFY_TYPES member
2026-02-17T19:08:57.694 INFO:journalctl@ceph.mgr.x.trial005.stdout:Feb 17 19:08:57 trial005 ceph-0a912c74-0c34-11f1-98df-d404e6e7d460-mgr-x[24808]:
2026-02-17T19:08:57.456+0000 7f09d3bf2140 -1 mgr[py] Module progress has missing NOTIFY_TYPES member
2026-02-17T19:08:57.694 INFO:journalctl@ceph.mgr.x.trial005.stdout:Feb 17 19:08:57 trial005 ceph-0a912c74-0c34-11f1-98df-d404e6e7d460-mgr-x[24808]:
2026-02-17T19:08:57.692+0000 7f09d3bf2140 -1 mgr[py] Module rook has missing NOTIFY_TYPES member
2026-02-17T19:08:57.949 INFO:journalctl@ceph.mgr.x.trial005.stdout:Feb 17 19:08:57 trial005 ceph-0a912c74-0c34-11f1-98df-d404e6e7d460-mgr-x[24808]:
2026-02-17T19:08:57.792+0000 7f09d3bf2140 -1 mgr[py] Module nfs has missing NOTIFY_TYPES member
2026-02-17T19:08:57.950 INFO:journalctl@ceph.mgr.x.trial005.stdout:Feb 17 19:08:57 trial005 ceph-0a912c74-0c34-11f1-98df-d404e6e7d460-mgr-x[24808]:
2026-02-17T19:08:57.823+0000 7f09d3bf2140 -1 mgr[py] Module telegraf has missing NOTIFY_TYPES member
2026-02-17T19:08:57.950 INFO:journalctl@ceph.mgr.x.trial005.stdout:Feb 17 19:08:57 trial005 ceph-0a912c74-0c34-11f1-98df-d404e6e7d460-mgr-x[24808]:
2026-02-17T19:08:57.854+0000 7f09d3bf2140 -1 mgr[py] Module selftest has missing NOTIFY_TYPES member
2026-02-17T19:08:57.950 INFO:journalctl@ceph.mgr.x.trial005.stdout:Feb 17 19:08:57 trial005 ceph-0a912c74-0c34-11f1-98df-d404e6e7d460-mgr-x[24808]:
2026-02-17T19:08:57.948+0000 7f09d3bf2140 -1 mgr[py] Module test_orchestrator has missing NOTIFY_TYPES member
2026-02-17T19:08:58.249 INFO:journalctl@ceph.mgr.x.trial005.stdout:Feb 17 19:08:57 trial005 ceph-0a912c74-0c34-11f1-98df-d404e6e7d460-mgr-x[24808]:
2026-02-17T19:08:57.977+0000 7f09d3bf2140 -1 mgr[py] Module osd_support has missing NOTIFY_TYPES member
2026-02-17T19:08:58.250 INFO:journalctl@ceph.mgr.x.trial005.stdout:Feb 17 19:08:58 trial005 ceph-0a912c74-0c34-11f1-98df-d404e6e7d460-mgr-x[24808]:
2026-02-17T19:08:58.070+0000 7f09d3bf2140 -1 mgr[py] Module orchestrator has missing NOTIFY_TYPES member
2026-02-17T19:08:58.965 INFO:journalctl@ceph.mgr.x.trial005.stdout:Feb 17 19:08:58 trial005 ceph-0a912c74-0c34-11f1-98df-d404e6e7d460-mgr-x[24808]:
2026-02-17T19:08:58.535+0000 7f09d3bf2140 -1 mgr[py] Module volumes has missing NOTIFY_TYPES member
2026-02-17T19:08:58.965 INFO:journalctl@ceph.mgr.x.trial005.stdout:Feb 17 19:08:58 trial005 ceph-0a912c74-0c34-11f1-98df-d404e6e7d460-mgr-x[24808]:
2026-02-17T19:08:58.565+0000 7f09d3bf2140 -1 mgr[py] Module zabbix has missing NOTIFY_TYPES member
2026-02-17T19:08:58.965 INFO:journalctl@ceph.mgr.x.trial005.stdout:Feb 17 19:08:58 trial005 ceph-0a912c74-0c34-11f1-98df-d404e6e7d460-mgr-x[24808]:
2026-02-17T19:08:58.963+0000 7f09d3bf2140 -1 mgr[py] Module influx has missing NOTIFY_TYPES member
2026-02-17T19:08:59.249 INFO:journalctl@ceph.mon.a.trial005.stdout:Feb 17 19:08:59 trial005 ceph-mon[24559]: Active manager daemon x restarted
2026-02-17T19:08:59.250 INFO:journalctl@ceph.mon.a.trial005.stdout:Feb 17 19:08:59 trial005 ceph-mon[24559]: Activating manager daemon x
2026-02-17T19:08:59.250 INFO:journalctl@ceph.mon.a.trial005.stdout:Feb 17 19:08:59 trial005 ceph-mon[24559]: osdmap e3: 0 total, 0 up, 0 in
2026-02-17T19:08:59.250 INFO:journalctl@ceph.mon.a.trial005.stdout:Feb 17 19:08:59 trial005 ceph-mon[24559]: mgrmap e10: x(active, starting, since 0.00282403s)
2026-02-17T19:08:59.250 INFO:journalctl@ceph.mon.a.trial005.stdout:Feb 17 19:08:59 trial005 ceph-mon[24559]: from='mgr.14150 10.20.193.5:0/2418321747' entity='mgr.x' cmd=[{"prefix": "mon metadata", "id": "a"}]: dispatch
2026-02-17T19:08:59.250 INFO:journalctl@ceph.mon.a.trial005.stdout:Feb 17 19:08:59 trial005 ceph-mon[24559]: from='mgr.14150 10.20.193.5:0/2418321747' entity='mgr.x' cmd=[{"prefix": "mgr metadata", "who": "x", "id": "x"}]: dispatch
2026-02-17T19:08:59.250 INFO:journalctl@ceph.mon.a.trial005.stdout:Feb 17 19:08:59 trial005 ceph-mon[24559]: from='mgr.14150 10.20.193.5:0/2418321747' entity='mgr.x' cmd=[{"prefix": "mds metadata"}]: dispatch
2026-02-17T19:08:59.250 INFO:journalctl@ceph.mon.a.trial005.stdout:Feb 17 19:08:59 trial005 ceph-mon[24559]: from='mgr.14150 10.20.193.5:0/2418321747' entity='mgr.x' cmd=[{"prefix": "osd metadata"}]: dispatch
2026-02-17T19:08:59.250 INFO:journalctl@ceph.mon.a.trial005.stdout:Feb 17 19:08:59 trial005 ceph-mon[24559]: from='mgr.14150 10.20.193.5:0/2418321747' entity='mgr.x' cmd=[{"prefix": "mon metadata"}]: dispatch
2026-02-17T19:08:59.250 INFO:journalctl@ceph.mon.a.trial005.stdout:Feb 17 19:08:59 trial005 ceph-mon[24559]: Manager daemon x is now available
2026-02-17T19:08:59.251 INFO:journalctl@ceph.mon.a.trial005.stdout:Feb 17 19:08:59 trial005 ceph-mon[24559]: from='mgr.14150 10.20.193.5:0/2418321747' entity='mgr.x' cmd=[{"prefix": "config dump", "format": "json"}]: dispatch
2026-02-17T19:08:59.251 INFO:journalctl@ceph.mon.a.trial005.stdout:Feb 17 19:08:59 trial005 ceph-mon[24559]: from='mgr.14150 10.20.193.5:0/2418321747' entity='mgr.x' cmd=[{"prefix":"config rm","who":"mgr","name":"mgr/rbd_support/x/mirror_snapshot_schedule"}]: dispatch
2026-02-17T19:08:59.251 INFO:journalctl@ceph.mon.a.trial005.stdout:Feb 17 19:08:59 trial005 ceph-mon[24559]: from='mgr.14150 10.20.193.5:0/2418321747' entity='mgr.x' cmd=[{"prefix":"config rm","who":"mgr","name":"mgr/rbd_support/x/trash_purge_schedule"}]: dispatch
2026-02-17T19:08:59.999 INFO:teuthology.orchestra.run.trial005.stdout:/usr/bin/ceph: stdout {
2026-02-17T19:08:59.999 INFO:teuthology.orchestra.run.trial005.stdout:/usr/bin/ceph: stdout "mgrmap_epoch": 11,
2026-02-17T19:08:59.999 INFO:teuthology.orchestra.run.trial005.stdout:/usr/bin/ceph: stdout "initialized": true
2026-02-17T19:08:59.999 INFO:teuthology.orchestra.run.trial005.stdout:/usr/bin/ceph: stdout }
2026-02-17T19:09:00.000 INFO:teuthology.orchestra.run.trial005.stdout:/usr/bin/ceph: stderr
2026-02-17T19:08:56.695+0000 7ffa0bd4f640 1 Processor -- start
2026-02-17T19:09:00.000 INFO:teuthology.orchestra.run.trial005.stdout:/usr/bin/ceph: stderr
2026-02-17T19:08:56.695+0000 7ffa0bd4f640 1 -- start start
2026-02-17T19:09:00.000 INFO:teuthology.orchestra.run.trial005.stdout:/usr/bin/ceph: stderr
2026-02-17T19:08:56.695+0000 7ffa0bd4f640 1 --2- >> [v2:10.20.193.5:3300/0,v1:10.20.193.5:6789/0] conn(0x7ffa0410a3d0 0x7ffa0410a7d0 unknown :-1 s=NONE pgs=0 cs=0 l=0 rev1=0 crypto rx=0 tx=0 comp rx=0 tx=0).connect
2026-02-17T19:09:00.000 INFO:teuthology.orchestra.run.trial005.stdout:/usr/bin/ceph: stderr
2026-02-17T19:08:56.695+0000 7ffa0bd4f640 1 -- --> [v2:10.20.193.5:3300/0,v1:10.20.193.5:6789/0] -- mon_getmap magic: 0 -- 0x7ffa0410ada0 con 0x7ffa0410a3d0
2026-02-17T19:09:00.000 INFO:teuthology.orchestra.run.trial005.stdout:/usr/bin/ceph: stderr
2026-02-17T19:08:56.695+0000 7ffa09ac4640 1 --2- >> [v2:10.20.193.5:3300/0,v1:10.20.193.5:6789/0] conn(0x7ffa0410a3d0 0x7ffa0410a7d0 unknown :-1 s=BANNER_CONNECTING pgs=0 cs=0 l=0 rev1=0 crypto rx=0 tx=0 comp rx=0 tx=0)._handle_peer_banner_payload supported=3 required=0
2026-02-17T19:09:00.000 INFO:teuthology.orchestra.run.trial005.stdout:/usr/bin/ceph: stderr
2026-02-17T19:08:56.695+0000 7ffa09ac4640 1 --2- >> [v2:10.20.193.5:3300/0,v1:10.20.193.5:6789/0] conn(0x7ffa0410a3d0 0x7ffa0410a7d0 unknown :-1 s=HELLO_CONNECTING pgs=0 cs=0 l=0 rev1=1 crypto rx=0 tx=0 comp rx=0 tx=0).handle_hello peer v2:10.20.193.5:3300/0 says I am v2:10.20.193.5:34132/0 (socket says 10.20.193.5:34132)
2026-02-17T19:09:00.000 INFO:teuthology.orchestra.run.trial005.stdout:/usr/bin/ceph: stderr
2026-02-17T19:08:56.695+0000 7ffa09ac4640 1 -- 10.20.193.5:0/3478676691 learned_addr learned my addr 10.20.193.5:0/3478676691 (peer_addr_for_me v2:10.20.193.5:0/0)
2026-02-17T19:09:00.000 INFO:teuthology.orchestra.run.trial005.stdout:/usr/bin/ceph: stderr
2026-02-17T19:08:56.695+0000 7ffa09ac4640 1 -- 10.20.193.5:0/3478676691 --> [v2:10.20.193.5:3300/0,v1:10.20.193.5:6789/0] -- mon_subscribe({config=0+,monmap=0+}) -- 0x7ffa0410b470 con 0x7ffa0410a3d0
2026-02-17T19:09:00.000 INFO:teuthology.orchestra.run.trial005.stdout:/usr/bin/ceph: stderr
2026-02-17T19:08:56.696+0000 7ffa09ac4640 1 --2- 10.20.193.5:0/3478676691 >> [v2:10.20.193.5:3300/0,v1:10.20.193.5:6789/0] conn(0x7ffa0410a3d0 0x7ffa0410a7d0 secure :-1 s=READY pgs=59 cs=0 l=1 rev1=1 crypto rx=0x7ff9f4009920 tx=0x7ff9f402ef20 comp rx=0 tx=0).ready entity=mon.0 client_cookie=4de2a9e6007724f9 server_cookie=0 in_seq=0 out_seq=0
2026-02-17T19:09:00.000 INFO:teuthology.orchestra.run.trial005.stdout:/usr/bin/ceph: stderr
2026-02-17T19:08:56.696+0000 7ffa08ac2640 1 -- 10.20.193.5:0/3478676691 <== mon.0 v2:10.20.193.5:3300/0 1 ==== mon_map magic: 0 ==== 205+0+0 (secure 0 0 0) 0x7ff9f403c070 con 0x7ffa0410a3d0
2026-02-17T19:09:00.000 INFO:teuthology.orchestra.run.trial005.stdout:/usr/bin/ceph: stderr
2026-02-17T19:08:56.696+0000 7ffa08ac2640 1 -- 10.20.193.5:0/3478676691 <== mon.0 v2:10.20.193.5:3300/0 2 ==== config(25 keys) ==== 1038+0+0 (secure 0 0 0) 0x7ff9f4037440 con 0x7ffa0410a3d0
2026-02-17T19:09:00.001 INFO:teuthology.orchestra.run.trial005.stdout:/usr/bin/ceph: stderr
2026-02-17T19:08:56.696+0000 7ffa08ac2640 1 -- 10.20.193.5:0/3478676691 <== mon.0 v2:10.20.193.5:3300/0 3 ==== mon_map magic: 0 ==== 205+0+0 (secure 0 0 0) 0x7ff9f40354d0 con 0x7ffa0410a3d0
2026-02-17T19:09:00.001 INFO:teuthology.orchestra.run.trial005.stdout:/usr/bin/ceph: stderr
2026-02-17T19:08:56.696+0000 7ffa0bd4f640 1 -- 10.20.193.5:0/3478676691 >> [v2:10.20.193.5:3300/0,v1:10.20.193.5:6789/0] conn(0x7ffa0410a3d0 msgr2=0x7ffa0410a7d0 secure :-1 s=STATE_CONNECTION_ESTABLISHED l=1).mark_down
2026-02-17T19:09:00.001 INFO:teuthology.orchestra.run.trial005.stdout:/usr/bin/ceph: stderr
2026-02-17T19:08:56.696+0000 7ffa0bd4f640 1 --2- 10.20.193.5:0/3478676691 >> [v2:10.20.193.5:3300/0,v1:10.20.193.5:6789/0] conn(0x7ffa0410a3d0 0x7ffa0410a7d0 secure :-1 s=READY pgs=59 cs=0 l=1 rev1=1 crypto rx=0x7ff9f4009920 tx=0x7ff9f402ef20 comp rx=0 tx=0).stop
2026-02-17T19:09:00.001 INFO:teuthology.orchestra.run.trial005.stdout:/usr/bin/ceph: stderr
2026-02-17T19:08:56.696+0000 7ffa0bd4f640 1 -- 10.20.193.5:0/3478676691 shutdown_connections
2026-02-17T19:09:00.001 INFO:teuthology.orchestra.run.trial005.stdout:/usr/bin/ceph: stderr
2026-02-17T19:08:56.696+0000 7ffa0bd4f640 1 --2- 10.20.193.5:0/3478676691 >> [v2:10.20.193.5:3300/0,v1:10.20.193.5:6789/0] conn(0x7ffa0410a3d0 0x7ffa0410a7d0 unknown :-1 s=CLOSED pgs=59 cs=0 l=1 rev1=1 crypto rx=0 tx=0 comp rx=0 tx=0).stop
2026-02-17T19:09:00.001 INFO:teuthology.orchestra.run.trial005.stdout:/usr/bin/ceph: stderr
2026-02-17T19:08:56.696+0000 7ffa0bd4f640 1 -- 10.20.193.5:0/3478676691 >> 10.20.193.5:0/3478676691 conn(0x7ffa0407dc20 msgr2=0x7ffa041086a0 unknown :-1 s=STATE_NONE l=0).mark_down
2026-02-17T19:09:00.001 INFO:teuthology.orchestra.run.trial005.stdout:/usr/bin/ceph: stderr
2026-02-17T19:08:56.696+0000 7ffa0bd4f640 1 -- 10.20.193.5:0/3478676691 shutdown_connections
2026-02-17T19:09:00.001 INFO:teuthology.orchestra.run.trial005.stdout:/usr/bin/ceph: stderr
2026-02-17T19:08:56.696+0000 7ffa0bd4f640 1 -- 10.20.193.5:0/3478676691 wait complete.
2026-02-17T19:09:00.001 INFO:teuthology.orchestra.run.trial005.stdout:/usr/bin/ceph: stderr
2026-02-17T19:08:56.696+0000 7ffa0bd4f640 1 Processor -- start
2026-02-17T19:09:00.001 INFO:teuthology.orchestra.run.trial005.stdout:/usr/bin/ceph: stderr
2026-02-17T19:08:56.696+0000 7ffa0bd4f640 1 -- start start
2026-02-17T19:09:00.001 INFO:teuthology.orchestra.run.trial005.stdout:/usr/bin/ceph: stderr
2026-02-17T19:08:56.697+0000 7ffa0bd4f640 1 --2- >> [v2:10.20.193.5:3300/0,v1:10.20.193.5:6789/0] conn(0x7ffa0410a3d0 0x7ffa041a00e0 unknown :-1 s=NONE pgs=0 cs=0 l=1 rev1=0 crypto rx=0 tx=0 comp rx=0 tx=0).connect
2026-02-17T19:09:00.002 INFO:teuthology.orchestra.run.trial005.stdout:/usr/bin/ceph: stderr
2026-02-17T19:08:56.697+0000 7ffa0bd4f640 1 -- --> [v2:10.20.193.5:3300/0,v1:10.20.193.5:6789/0] -- mon_getmap magic: 0 -- 0x7ffa0410e6a0 con 0x7ffa0410a3d0
2026-02-17T19:09:00.002 INFO:teuthology.orchestra.run.trial005.stdout:/usr/bin/ceph: stderr
2026-02-17T19:08:56.697+0000 7ffa09ac4640 1 --2- >> [v2:10.20.193.5:3300/0,v1:10.20.193.5:6789/0] conn(0x7ffa0410a3d0 0x7ffa041a00e0 unknown :-1 s=BANNER_CONNECTING pgs=0 cs=0 l=1 rev1=0 crypto rx=0 tx=0 comp rx=0 tx=0)._handle_peer_banner_payload supported=3 required=0
2026-02-17T19:09:00.002 INFO:teuthology.orchestra.run.trial005.stdout:/usr/bin/ceph: stderr
2026-02-17T19:08:56.697+0000 7ffa09ac4640 1 --2- >> [v2:10.20.193.5:3300/0,v1:10.20.193.5:6789/0] conn(0x7ffa0410a3d0 0x7ffa041a00e0 unknown :-1 s=HELLO_CONNECTING pgs=0 cs=0 l=1 rev1=1 crypto rx=0 tx=0 comp rx=0 tx=0).handle_hello peer v2:10.20.193.5:3300/0 says I am v2:10.20.193.5:34136/0 (socket says 10.20.193.5:34136)
2026-02-17T19:09:00.002 INFO:teuthology.orchestra.run.trial005.stdout:/usr/bin/ceph: stderr
2026-02-17T19:08:56.697+0000 7ffa09ac4640 1 -- 10.20.193.5:0/4065155960 learned_addr learned my addr 10.20.193.5:0/4065155960 (peer_addr_for_me v2:10.20.193.5:0/0)
2026-02-17T19:09:00.002 INFO:teuthology.orchestra.run.trial005.stdout:/usr/bin/ceph: stderr
2026-02-17T19:08:56.697+0000 7ffa09ac4640 1 -- 10.20.193.5:0/4065155960 --> [v2:10.20.193.5:3300/0,v1:10.20.193.5:6789/0] -- mon_subscribe({config=0+,monmap=0+}) -- 0x7ffa041a0620 con 0x7ffa0410a3d0
2026-02-17T19:09:00.002 INFO:teuthology.orchestra.run.trial005.stdout:/usr/bin/ceph: stderr
2026-02-17T19:08:56.697+0000 7ffa09ac4640 1 --2- 10.20.193.5:0/4065155960 >> [v2:10.20.193.5:3300/0,v1:10.20.193.5:6789/0] conn(0x7ffa0410a3d0 0x7ffa041a00e0 secure :-1 s=READY pgs=60 cs=0 l=1 rev1=1 crypto rx=0x7ff9f4037820 tx=0x7ff9f4037850 comp rx=0 tx=0).ready entity=mon.0 client_cookie=0 server_cookie=0 in_seq=0 out_seq=0
2026-02-17T19:09:00.002 INFO:teuthology.orchestra.run.trial005.stdout:/usr/bin/ceph: stderr
2026-02-17T19:08:56.697+0000 7ff9f2ffd640 1 -- 10.20.193.5:0/4065155960 <== mon.0 v2:10.20.193.5:3300/0 1 ==== mon_map magic: 0 ==== 205+0+0 (secure 0 0 0) 0x7ff9f4047070 con 0x7ffa0410a3d0
2026-02-17T19:09:00.002 INFO:teuthology.orchestra.run.trial005.stdout:/usr/bin/ceph: stderr
2026-02-17T19:08:56.697+0000 7ff9f2ffd640 1 -- 10.20.193.5:0/4065155960 <== mon.0 v2:10.20.193.5:3300/0 2 ==== config(25 keys) ==== 1038+0+0 (secure 0 0 0) 0x7ff9f4035d70 con 0x7ffa0410a3d0
2026-02-17T19:09:00.002 INFO:teuthology.orchestra.run.trial005.stdout:/usr/bin/ceph: stderr
2026-02-17T19:08:56.697+0000 7ffa0bd4f640 1 -- 10.20.193.5:0/4065155960 --> [v2:10.20.193.5:3300/0,v1:10.20.193.5:6789/0] -- mon_subscribe({mgrmap=0+}) -- 0x7ffa041a08b0 con 0x7ffa0410a3d0
2026-02-17T19:09:00.002 INFO:teuthology.orchestra.run.trial005.stdout:/usr/bin/ceph: stderr
2026-02-17T19:08:56.697+0000 7ff9f2ffd640 1 -- 10.20.193.5:0/4065155960 <== mon.0 v2:10.20.193.5:3300/0 3 ==== mon_map magic: 0 ==== 205+0+0 (secure 0 0 0) 0x7ff9f403c070 con 0x7ffa0410a3d0
2026-02-17T19:09:00.002 INFO:teuthology.orchestra.run.trial005.stdout:/usr/bin/ceph: stderr
2026-02-17T19:08:56.697+0000 7ffa0bd4f640 1 -- 10.20.193.5:0/4065155960 --> [v2:10.20.193.5:3300/0,v1:10.20.193.5:6789/0] -- mon_subscribe({osdmap=0}) -- 0x7ffa041a35a0 con 0x7ffa0410a3d0
2026-02-17T19:09:00.003 INFO:teuthology.orchestra.run.trial005.stdout:/usr/bin/ceph: stderr
2026-02-17T19:08:56.697+0000 7ff9f2ffd640 1 -- 10.20.193.5:0/4065155960 <== mon.0 v2:10.20.193.5:3300/0 4 ==== mgrmap(e 9) ==== 50260+0+0 (secure 0 0 0) 0x7ff9f4042620 con 0x7ffa0410a3d0
2026-02-17T19:09:00.003 INFO:teuthology.orchestra.run.trial005.stdout:/usr/bin/ceph: stderr
2026-02-17T19:08:56.698+0000 7ff9f2ffd640 1 --2- 10.20.193.5:0/4065155960 >> [v2:10.20.193.5:6800/1084333446,v1:10.20.193.5:6801/1084333446] conn(0x7ff9e003dbf0 0x7ff9e00400b0 unknown :-1 s=NONE pgs=0 cs=0 l=1 rev1=0 crypto rx=0 tx=0 comp rx=0 tx=0).connect
2026-02-17T19:09:00.003 INFO:teuthology.orchestra.run.trial005.stdout:/usr/bin/ceph: stderr
2026-02-17T19:08:56.698+0000 7ff9f2ffd640 1 -- 10.20.193.5:0/4065155960 --> [v2:10.20.193.5:6800/1084333446,v1:10.20.193.5:6801/1084333446] -- command(tid 0: {"prefix": "get_command_descriptions"}) -- 0x7ff9e00407c0 con 0x7ff9e003dbf0
2026-02-17T19:09:00.003 INFO:teuthology.orchestra.run.trial005.stdout:/usr/bin/ceph: stderr
2026-02-17T19:08:56.698+0000 7ff9f2ffd640 1 -- 10.20.193.5:0/4065155960 <== mon.0 v2:10.20.193.5:3300/0 5 ==== osd_map(2..2 src has 1..2) ==== 940+0+0 (secure 0 0 0) 0x7ff9f40769b0 con 0x7ffa0410a3d0
2026-02-17T19:09:00.003 INFO:teuthology.orchestra.run.trial005.stdout:/usr/bin/ceph: stderr
2026-02-17T19:08:56.698+0000 7ffa092c3640 1 -- 10.20.193.5:0/4065155960 >> [v2:10.20.193.5:6800/1084333446,v1:10.20.193.5:6801/1084333446] conn(0x7ff9e003dbf0 msgr2=0x7ff9e00400b0 unknown :-1 s=STATE_CONNECTING_RE l=1).process reconnect failed to v2:10.20.193.5:6800/1084333446
2026-02-17T19:09:00.003 INFO:teuthology.orchestra.run.trial005.stdout:/usr/bin/ceph: stderr
2026-02-17T19:08:56.698+0000 7ffa092c3640 1 --2- 10.20.193.5:0/4065155960 >> [v2:10.20.193.5:6800/1084333446,v1:10.20.193.5:6801/1084333446] conn(0x7ff9e003dbf0 0x7ff9e00400b0 unknown :-1 s=START_CONNECT pgs=0 cs=0 l=1 rev1=0 crypto rx=0 tx=0 comp rx=0 tx=0)._fault waiting 0.200000
2026-02-17T19:09:00.003 INFO:teuthology.orchestra.run.trial005.stdout:/usr/bin/ceph: stderr
2026-02-17T19:08:56.898+0000 7ffa092c3640 1 -- 10.20.193.5:0/4065155960 >> [v2:10.20.193.5:6800/1084333446,v1:10.20.193.5:6801/1084333446] conn(0x7ff9e003dbf0 msgr2=0x7ff9e00400b0 unknown :-1 s=STATE_CONNECTING_RE l=1).process reconnect failed to v2:10.20.193.5:6800/1084333446
2026-02-17T19:09:00.003 INFO:teuthology.orchestra.run.trial005.stdout:/usr/bin/ceph: stderr
2026-02-17T19:08:56.898+0000 7ffa092c3640 1 --2- 10.20.193.5:0/4065155960 >> [v2:10.20.193.5:6800/1084333446,v1:10.20.193.5:6801/1084333446] conn(0x7ff9e003dbf0 0x7ff9e00400b0 unknown :-1 s=START_CONNECT pgs=0 cs=0 l=1 rev1=0 crypto rx=0 tx=0 comp rx=0 tx=0)._fault waiting 0.400000
2026-02-17T19:09:00.003 INFO:teuthology.orchestra.run.trial005.stdout:/usr/bin/ceph: stderr
2026-02-17T19:08:57.298+0000 7ffa092c3640 1 -- 10.20.193.5:0/4065155960 >> [v2:10.20.193.5:6800/1084333446,v1:10.20.193.5:6801/1084333446] conn(0x7ff9e003dbf0 msgr2=0x7ff9e00400b0 unknown :-1 s=STATE_CONNECTING_RE l=1).process reconnect failed to v2:10.20.193.5:6800/1084333446
2026-02-17T19:09:00.003 INFO:teuthology.orchestra.run.trial005.stdout:/usr/bin/ceph: stderr
2026-02-17T19:08:57.298+0000 7ffa092c3640 1 --2- 10.20.193.5:0/4065155960 >> [v2:10.20.193.5:6800/1084333446,v1:10.20.193.5:6801/1084333446] conn(0x7ff9e003dbf0 0x7ff9e00400b0 unknown :-1 s=START_CONNECT pgs=0 cs=0 l=1 rev1=0 crypto rx=0 tx=0 comp rx=0 tx=0)._fault waiting 0.800000
2026-02-17T19:09:00.003 INFO:teuthology.orchestra.run.trial005.stdout:/usr/bin/ceph: stderr
2026-02-17T19:08:58.099+0000 7ffa092c3640 1 -- 10.20.193.5:0/4065155960 >> [v2:10.20.193.5:6800/1084333446,v1:10.20.193.5:6801/1084333446] conn(0x7ff9e003dbf0 msgr2=0x7ff9e00400b0 unknown :-1 s=STATE_CONNECTING_RE l=1).process reconnect failed to v2:10.20.193.5:6800/1084333446
2026-02-17T19:09:00.003 INFO:teuthology.orchestra.run.trial005.stdout:/usr/bin/ceph: stderr
2026-02-17T19:08:58.099+0000 7ffa092c3640 1 --2- 10.20.193.5:0/4065155960 >> [v2:10.20.193.5:6800/1084333446,v1:10.20.193.5:6801/1084333446] conn(0x7ff9e003dbf0 0x7ff9e00400b0 unknown :-1 s=START_CONNECT pgs=0 cs=0 l=1 rev1=0 crypto rx=0 tx=0 comp rx=0 tx=0)._fault waiting 1.600000
2026-02-17T19:09:00.004 INFO:teuthology.orchestra.run.trial005.stdout:/usr/bin/ceph: stderr
2026-02-17T19:08:58.966+0000 7ff9f2ffd640 1 -- 10.20.193.5:0/4065155960 <== mon.0 v2:10.20.193.5:3300/0 6 ==== mgrmap(e 10) ==== 50027+0+0 (secure 0 0 0) 0x7ff9f4035900 con 0x7ffa0410a3d0
2026-02-17T19:09:00.004 INFO:teuthology.orchestra.run.trial005.stdout:/usr/bin/ceph: stderr
2026-02-17T19:08:58.966+0000 7ff9f2ffd640 1 -- 10.20.193.5:0/4065155960 >> [v2:10.20.193.5:6800/1084333446,v1:10.20.193.5:6801/1084333446] conn(0x7ff9e003dbf0 msgr2=0x7ff9e00400b0 unknown :-1 s=STATE_CONNECTING l=1).mark_down
2026-02-17T19:09:00.004 INFO:teuthology.orchestra.run.trial005.stdout:/usr/bin/ceph: stderr
2026-02-17T19:08:58.966+0000 7ff9f2ffd640 1 --2- 10.20.193.5:0/4065155960 >> [v2:10.20.193.5:6800/1084333446,v1:10.20.193.5:6801/1084333446] conn(0x7ff9e003dbf0 0x7ff9e00400b0 unknown :-1 s=START_CONNECT pgs=0 cs=0 l=1 rev1=0 crypto rx=0 tx=0 comp rx=0 tx=0).stop
2026-02-17T19:09:00.004 INFO:teuthology.orchestra.run.trial005.stdout:/usr/bin/ceph: stderr
2026-02-17T19:08:59.967+0000 7ff9f2ffd640 1 -- 10.20.193.5:0/4065155960 <== mon.0 v2:10.20.193.5:3300/0 7 ==== mgrmap(e 11) ==== 50154+0+0 (secure 0 0 0) 0x7ff9f403ec50 con 0x7ffa0410a3d0
2026-02-17T19:09:00.004 INFO:teuthology.orchestra.run.trial005.stdout:/usr/bin/ceph: stderr
2026-02-17T19:08:59.967+0000 7ff9f2ffd640 1 --2- 10.20.193.5:0/4065155960 >> [v2:10.20.193.5:6800/1903335060,v1:10.20.193.5:6801/1903335060] conn(0x7ff9e00416d0 0x7ff9e0043ac0 unknown :-1 s=NONE pgs=0 cs=0 l=1 rev1=0 crypto rx=0 tx=0 comp rx=0 tx=0).connect
2026-02-17T19:09:00.004 INFO:teuthology.orchestra.run.trial005.stdout:/usr/bin/ceph: stderr
2026-02-17T19:08:59.967+0000 7ff9f2ffd640 1 -- 10.20.193.5:0/4065155960 --> [v2:10.20.193.5:6800/1903335060,v1:10.20.193.5:6801/1903335060] -- command(tid 0: {"prefix": "get_command_descriptions"}) -- 0x7ff9f40476b0 con 0x7ff9e00416d0
2026-02-17T19:09:00.004 INFO:teuthology.orchestra.run.trial005.stdout:/usr/bin/ceph: stderr
2026-02-17T19:08:59.968+0000 7ffa092c3640 1 --2- 10.20.193.5:0/4065155960 >> [v2:10.20.193.5:6800/1903335060,v1:10.20.193.5:6801/1903335060] conn(0x7ff9e00416d0 0x7ff9e0043ac0 unknown :-1 s=BANNER_CONNECTING pgs=0 cs=0 l=1 rev1=0 crypto rx=0 tx=0 comp rx=0 tx=0)._handle_peer_banner_payload supported=3 required=0
2026-02-17T19:09:00.004 INFO:teuthology.orchestra.run.trial005.stdout:/usr/bin/ceph: stderr
2026-02-17T19:08:59.968+0000 7ffa092c3640 1 --2- 10.20.193.5:0/4065155960 >> [v2:10.20.193.5:6800/1903335060,v1:10.20.193.5:6801/1903335060] conn(0x7ff9e00416d0 0x7ff9e0043ac0 secure :-1 s=READY pgs=3 cs=0 l=1 rev1=1 crypto rx=0x7ff9f8003a80 tx=0x7ff9f8009290 comp rx=0 tx=0).ready entity=mgr.14150 client_cookie=0 server_cookie=0 in_seq=0 out_seq=0
2026-02-17T19:09:00.004 INFO:teuthology.orchestra.run.trial005.stdout:/usr/bin/ceph: stderr
2026-02-17T19:08:59.968+0000 7ff9f2ffd640 1 -- 10.20.193.5:0/4065155960 <== mgr.14150 v2:10.20.193.5:6800/1903335060 1 ==== command_reply(tid 0: 0 ) ==== 8+0+8901 (secure 0 0 0) 0x7ff9f40476b0 con 0x7ff9e00416d0
2026-02-17T19:09:00.004 INFO:teuthology.orchestra.run.trial005.stdout:/usr/bin/ceph: stderr
2026-02-17T19:08:59.972+0000 7ffa0bd4f640 1 -- 10.20.193.5:0/4065155960 --> [v2:10.20.193.5:6800/1903335060,v1:10.20.193.5:6801/1903335060] -- command(tid 1: {"prefix": "mgr_status"}) -- 0x7ffa0410a850 con 0x7ff9e00416d0
2026-02-17T19:09:00.004 INFO:teuthology.orchestra.run.trial005.stdout:/usr/bin/ceph: stderr
2026-02-17T19:08:59.972+0000 7ff9f2ffd640 1 -- 10.20.193.5:0/4065155960 <== mgr.14150 v2:10.20.193.5:6800/1903335060 2 ==== command_reply(tid 1: 0 ) ==== 8+0+52 (secure 0 0 0) 0x7ffa0410a850 con 0x7ff9e00416d0
2026-02-17T19:09:00.004 INFO:teuthology.orchestra.run.trial005.stdout:/usr/bin/ceph: stderr
2026-02-17T19:08:59.972+0000 7ffa0bd4f640 1 -- 10.20.193.5:0/4065155960 >> [v2:10.20.193.5:6800/1903335060,v1:10.20.193.5:6801/1903335060] conn(0x7ff9e00416d0 msgr2=0x7ff9e0043ac0 secure :-1 s=STATE_CONNECTION_ESTABLISHED l=1).mark_down
2026-02-17T19:09:00.005 INFO:teuthology.orchestra.run.trial005.stdout:/usr/bin/ceph: stderr
2026-02-17T19:08:59.972+0000 7ffa0bd4f640 1 --2- 10.20.193.5:0/4065155960 >> [v2:10.20.193.5:6800/1903335060,v1:10.20.193.5:6801/1903335060] conn(0x7ff9e00416d0 0x7ff9e0043ac0 secure :-1 s=READY pgs=3 cs=0 l=1 rev1=1 crypto rx=0x7ff9f8003a80 tx=0x7ff9f8009290 comp rx=0 tx=0).stop
2026-02-17T19:09:00.005 INFO:teuthology.orchestra.run.trial005.stdout:/usr/bin/ceph: stderr
2026-02-17T19:08:59.972+0000 7ffa0bd4f640 1 -- 10.20.193.5:0/4065155960 >> [v2:10.20.193.5:3300/0,v1:10.20.193.5:6789/0] conn(0x7ffa0410a3d0 msgr2=0x7ffa041a00e0 secure :-1 s=STATE_CONNECTION_ESTABLISHED l=1).mark_down
2026-02-17T19:09:00.005 INFO:teuthology.orchestra.run.trial005.stdout:/usr/bin/ceph: stderr
2026-02-17T19:08:59.972+0000 7ffa0bd4f640 1 --2- 10.20.193.5:0/4065155960 >> [v2:10.20.193.5:3300/0,v1:10.20.193.5:6789/0] conn(0x7ffa0410a3d0 0x7ffa041a00e0 secure :-1 s=READY pgs=60 cs=0 l=1 rev1=1 crypto rx=0x7ff9f4037820 tx=0x7ff9f4037850 comp rx=0 tx=0).stop
2026-02-17T19:09:00.005 INFO:teuthology.orchestra.run.trial005.stdout:/usr/bin/ceph: stderr
2026-02-17T19:08:59.972+0000 7ffa0bd4f640 1 -- 10.20.193.5:0/4065155960 shutdown_connections
2026-02-17T19:09:00.005 INFO:teuthology.orchestra.run.trial005.stdout:/usr/bin/ceph: stderr
2026-02-17T19:08:59.972+0000 7ffa0bd4f640 1 --2- 10.20.193.5:0/4065155960 >> [v2:10.20.193.5:6800/1903335060,v1:10.20.193.5:6801/1903335060] conn(0x7ff9e00416d0 0x7ff9e0043ac0 unknown :-1 s=CLOSED pgs=3 cs=0 l=1 rev1=1 crypto rx=0 tx=0 comp rx=0 tx=0).stop
2026-02-17T19:09:00.005 INFO:teuthology.orchestra.run.trial005.stdout:/usr/bin/ceph: stderr
2026-02-17T19:08:59.972+0000 7ffa0bd4f640 1 --2- 10.20.193.5:0/4065155960 >> [v2:10.20.193.5:6800/1084333446,v1:10.20.193.5:6801/1084333446] conn(0x7ff9e003dbf0 0x7ff9e00400b0 unknown :-1 s=CLOSED pgs=0 cs=0 l=1 rev1=0 crypto rx=0 tx=0 comp rx=0 tx=0).stop
2026-02-17T19:09:00.005 INFO:teuthology.orchestra.run.trial005.stdout:/usr/bin/ceph: stderr
2026-02-17T19:08:59.972+0000 7ffa0bd4f640 1 --2- 10.20.193.5:0/4065155960 >> [v2:10.20.193.5:3300/0,v1:10.20.193.5:6789/0] conn(0x7ffa0410a3d0 0x7ffa041a00e0 unknown :-1 s=CLOSED pgs=60 cs=0 l=1 rev1=1 crypto rx=0 tx=0 comp rx=0 tx=0).stop
2026-02-17T19:09:00.005 INFO:teuthology.orchestra.run.trial005.stdout:/usr/bin/ceph: stderr
2026-02-17T19:08:59.972+0000 7ffa0bd4f640 1 -- 10.20.193.5:0/4065155960 >> 10.20.193.5:0/4065155960 conn(0x7ffa0407dc20 msgr2=0x7ffa04107e20 unknown :-1 s=STATE_NONE l=0).mark_down
2026-02-17T19:09:00.005 INFO:teuthology.orchestra.run.trial005.stdout:/usr/bin/ceph: stderr
2026-02-17T19:08:59.973+0000 7ffa0bd4f640 1 -- 10.20.193.5:0/4065155960 shutdown_connections
2026-02-17T19:09:00.005 INFO:teuthology.orchestra.run.trial005.stdout:/usr/bin/ceph: stderr
2026-02-17T19:08:59.973+0000 7ffa0bd4f640 1 -- 10.20.193.5:0/4065155960 wait complete.
2026-02-17T19:09:00.005 INFO:teuthology.orchestra.run.trial005.stdout:mgr epoch 9 is available
2026-02-17T19:09:00.005 INFO:teuthology.orchestra.run.trial005.stdout:Generating a dashboard self-signed certificate...
2026-02-17T19:09:00.263 INFO:teuthology.orchestra.run.trial005.stdout:/usr/bin/ceph: stdout Self-signed certificate created
2026-02-17T19:09:00.264 INFO:teuthology.orchestra.run.trial005.stdout:/usr/bin/ceph: stderr
2026-02-17T19:09:00.099+0000 7fb4064c8640 1 Processor -- start
2026-02-17T19:09:00.264 INFO:teuthology.orchestra.run.trial005.stdout:/usr/bin/ceph: stderr
2026-02-17T19:09:00.099+0000 7fb4064c8640 1 -- start start
2026-02-17T19:09:00.264 INFO:teuthology.orchestra.run.trial005.stdout:/usr/bin/ceph: stderr
2026-02-17T19:09:00.099+0000 7fb4064c8640 1 --2- >> [v2:10.20.193.5:3300/0,v1:10.20.193.5:6789/0] conn(0x7fb40010a290 0x7fb40010a690 unknown :-1 s=NONE pgs=0 cs=0 l=0 rev1=0 crypto rx=0 tx=0 comp rx=0 tx=0).connect
2026-02-17T19:09:00.264 INFO:teuthology.orchestra.run.trial005.stdout:/usr/bin/ceph: stderr
2026-02-17T19:09:00.099+0000 7fb4064c8640 1 -- --> [v2:10.20.193.5:3300/0,v1:10.20.193.5:6789/0] -- mon_getmap magic: 0 -- 0x7fb40010ac60 con 0x7fb40010a290
2026-02-17T19:09:00.264 INFO:teuthology.orchestra.run.trial005.stdout:/usr/bin/ceph: stderr
2026-02-17T19:09:00.099+0000 7fb3fffff640 1 --2- >> [v2:10.20.193.5:3300/0,v1:10.20.193.5:6789/0] conn(0x7fb40010a290 0x7fb40010a690 unknown :-1 s=BANNER_CONNECTING pgs=0 cs=0 l=0 rev1=0 crypto rx=0 tx=0 comp rx=0 tx=0)._handle_peer_banner_payload supported=3 required=0
2026-02-17T19:09:00.264 INFO:teuthology.orchestra.run.trial005.stdout:/usr/bin/ceph: stderr
2026-02-17T19:09:00.100+0000 7fb3fffff640 1 --2- >> [v2:10.20.193.5:3300/0,v1:10.20.193.5:6789/0] conn(0x7fb40010a290 0x7fb40010a690 unknown :-1 s=HELLO_CONNECTING pgs=0 cs=0 l=0 rev1=1 crypto rx=0 tx=0 comp rx=0 tx=0).handle_hello peer v2:10.20.193.5:3300/0 says I am v2:10.20.193.5:34208/0 (socket says 10.20.193.5:34208)
2026-02-17T19:09:00.264 INFO:teuthology.orchestra.run.trial005.stdout:/usr/bin/ceph: stderr
2026-02-17T19:09:00.100+0000 7fb3fffff640 1 -- 10.20.193.5:0/3177473556 learned_addr learned my addr 10.20.193.5:0/3177473556 (peer_addr_for_me v2:10.20.193.5:0/0)
2026-02-17T19:09:00.264 INFO:teuthology.orchestra.run.trial005.stdout:/usr/bin/ceph: stderr
2026-02-17T19:09:00.100+0000 7fb3fffff640 1 -- 10.20.193.5:0/3177473556 --> [v2:10.20.193.5:3300/0,v1:10.20.193.5:6789/0] -- mon_subscribe({config=0+,monmap=0+}) -- 0x7fb40010b440 con 0x7fb40010a290
2026-02-17T19:09:00.264 INFO:teuthology.orchestra.run.trial005.stdout:/usr/bin/ceph: stderr
2026-02-17T19:09:00.100+0000 7fb3fffff640 1 --2- 10.20.193.5:0/3177473556 >> [v2:10.20.193.5:3300/0,v1:10.20.193.5:6789/0] conn(0x7fb40010a290 0x7fb40010a690 secure :-1 s=READY pgs=68 cs=0 l=1 rev1=1 crypto rx=0x7fb3ec009920 tx=0x7fb3ec02ef20 comp rx=0 tx=0).ready entity=mon.0 client_cookie=3d62f6e262f2073d server_cookie=0 in_seq=0 out_seq=0
2026-02-17T19:09:00.264 INFO:teuthology.orchestra.run.trial005.stdout:/usr/bin/ceph: stderr
2026-02-17T19:09:00.100+0000 7fb3feffd640 1 -- 10.20.193.5:0/3177473556 <== mon.0 v2:10.20.193.5:3300/0 1 ==== mon_map magic: 0 ==== 205+0+0 (secure 0 0 0) 0x7fb3ec03c070 con 0x7fb40010a290
2026-02-17T19:09:00.264 INFO:teuthology.orchestra.run.trial005.stdout:/usr/bin/ceph: stderr
2026-02-17T19:09:00.100+0000 7fb3feffd640 1 -- 10.20.193.5:0/3177473556 <== mon.0 v2:10.20.193.5:3300/0 2 ==== config(25 keys) ==== 1038+0+0 (secure 0 0 0) 0x7fb3ec037440 con 0x7fb40010a290
2026-02-17T19:09:00.265 INFO:teuthology.orchestra.run.trial005.stdout:/usr/bin/ceph: stderr
2026-02-17T19:09:00.100+0000 7fb3feffd640 1 -- 10.20.193.5:0/3177473556 <== mon.0 v2:10.20.193.5:3300/0 3 ==== mon_map magic: 0 ==== 205+0+0 (secure 0 0 0) 0x7fb3ec0354d0 con 0x7fb40010a290
2026-02-17T19:09:00.265 INFO:teuthology.orchestra.run.trial005.stdout:/usr/bin/ceph: stderr
2026-02-17T19:09:00.101+0000 7fb4064c8640 1 -- 10.20.193.5:0/3177473556 >> [v2:10.20.193.5:3300/0,v1:10.20.193.5:6789/0] conn(0x7fb40010a290 msgr2=0x7fb40010a690 secure :-1 s=STATE_CONNECTION_ESTABLISHED l=1).mark_down
2026-02-17T19:09:00.265 INFO:teuthology.orchestra.run.trial005.stdout:/usr/bin/ceph: stderr
