2026-02-17T19:10:10.174+0000 7f020a7fc640 1 --2- 10.20.193.70:0/756081404 >> [v2:10.20.193.70:6800/2180608375,v1:10.20.193.70:6801/2180608375] conn(0x7f01f803dbf0 0x7f01f80400b0 unknown :-1 s=NONE pgs=0 cs=0 l=1 rev1=0 crypto rx=0 tx=0 comp rx=0 tx=0).connect
2026-02-17T19:10:13.555 INFO:teuthology.orchestra.run.trial070.stdout:/usr/bin/ceph: stderr
2026-02-17T19:10:10.174+0000 7f020a7fc640 1 -- 10.20.193.70:0/756081404 --> [v2:10.20.193.70:6800/2180608375,v1:10.20.193.70:6801/2180608375] -- command(tid 0: {"prefix": "get_command_descriptions"}) -- 0x7f01f80407c0 con 0x7f01f803dbf0
2026-02-17T19:10:13.555 INFO:teuthology.orchestra.run.trial070.stdout:/usr/bin/ceph: stderr
2026-02-17T19:10:10.174+0000 7f0220969640 1 -- 10.20.193.70:0/756081404 >> [v2:10.20.193.70:6800/2180608375,v1:10.20.193.70:6801/2180608375] conn(0x7f01f803dbf0 msgr2=0x7f01f80400b0 unknown :-1 s=STATE_CONNECTING_RE l=1).process reconnect failed to v2:10.20.193.70:6800/2180608375
2026-02-17T19:10:13.555 INFO:teuthology.orchestra.run.trial070.stdout:/usr/bin/ceph: stderr
2026-02-17T19:10:10.174+0000 7f020a7fc640 1 -- 10.20.193.70:0/756081404 <== mon.0 v2:10.20.193.70:3300/0 5 ==== osd_map(2..2 src has 1..2) ==== 940+0+0 (secure 0 0 0) 0x7f020c0768c0 con 0x7f021c10ba30
2026-02-17T19:10:13.555 INFO:teuthology.orchestra.run.trial070.stdout:/usr/bin/ceph: stderr
2026-02-17T19:10:10.174+0000 7f0220969640 1 --2- 10.20.193.70:0/756081404 >> [v2:10.20.193.70:6800/2180608375,v1:10.20.193.70:6801/2180608375] conn(0x7f01f803dbf0 0x7f01f80400b0 unknown :-1 s=START_CONNECT pgs=0 cs=0 l=1 rev1=0 crypto rx=0 tx=0 comp rx=0 tx=0)._fault waiting 0.200000
2026-02-17T19:10:13.555 INFO:teuthology.orchestra.run.trial070.stdout:/usr/bin/ceph: stderr
2026-02-17T19:10:10.375+0000 7f0220969640 1 -- 10.20.193.70:0/756081404 >> [v2:10.20.193.70:6800/2180608375,v1:10.20.193.70:6801/2180608375] conn(0x7f01f803dbf0 msgr2=0x7f01f80400b0 unknown :-1 s=STATE_CONNECTING_RE l=1).process reconnect failed to v2:10.20.193.70:6800/2180608375
2026-02-17T19:10:13.555 INFO:teuthology.orchestra.run.trial070.stdout:/usr/bin/ceph: stderr
2026-02-17T19:10:10.375+0000 7f0220969640 1 --2- 10.20.193.70:0/756081404 >> [v2:10.20.193.70:6800/2180608375,v1:10.20.193.70:6801/2180608375] conn(0x7f01f803dbf0 0x7f01f80400b0 unknown :-1 s=START_CONNECT pgs=0 cs=0 l=1 rev1=0 crypto rx=0 tx=0 comp rx=0 tx=0)._fault waiting 0.400000
2026-02-17T19:10:13.555 INFO:teuthology.orchestra.run.trial070.stdout:/usr/bin/ceph: stderr
2026-02-17T19:10:10.776+0000 7f0220969640 1 -- 10.20.193.70:0/756081404 >> [v2:10.20.193.70:6800/2180608375,v1:10.20.193.70:6801/2180608375] conn(0x7f01f803dbf0 msgr2=0x7f01f80400b0 unknown :-1 s=STATE_CONNECTING_RE l=1).process reconnect failed to v2:10.20.193.70:6800/2180608375
2026-02-17T19:10:13.555 INFO:teuthology.orchestra.run.trial070.stdout:/usr/bin/ceph: stderr
2026-02-17T19:10:10.776+0000 7f0220969640 1 --2- 10.20.193.70:0/756081404 >> [v2:10.20.193.70:6800/2180608375,v1:10.20.193.70:6801/2180608375] conn(0x7f01f803dbf0 0x7f01f80400b0 unknown :-1 s=START_CONNECT pgs=0 cs=0 l=1 rev1=0 crypto rx=0 tx=0 comp rx=0 tx=0)._fault waiting 0.800000
2026-02-17T19:10:13.555 INFO:teuthology.orchestra.run.trial070.stdout:/usr/bin/ceph: stderr
2026-02-17T19:10:11.576+0000 7f0220969640 1 -- 10.20.193.70:0/756081404 >> [v2:10.20.193.70:6800/2180608375,v1:10.20.193.70:6801/2180608375] conn(0x7f01f803dbf0 msgr2=0x7f01f80400b0 unknown :-1 s=STATE_CONNECTING_RE l=1).process reconnect failed to v2:10.20.193.70:6800/2180608375
2026-02-17T19:10:13.556 INFO:teuthology.orchestra.run.trial070.stdout:/usr/bin/ceph: stderr
2026-02-17T19:10:11.576+0000 7f0220969640 1 --2- 10.20.193.70:0/756081404 >> [v2:10.20.193.70:6800/2180608375,v1:10.20.193.70:6801/2180608375] conn(0x7f01f803dbf0 0x7f01f80400b0 unknown :-1 s=START_CONNECT pgs=0 cs=0 l=1 rev1=0 crypto rx=0 tx=0 comp rx=0 tx=0)._fault waiting 1.600000
2026-02-17T19:10:13.556 INFO:teuthology.orchestra.run.trial070.stdout:/usr/bin/ceph: stderr
2026-02-17T19:10:12.494+0000 7f020a7fc640 1 -- 10.20.193.70:0/756081404 <== mon.0 v2:10.20.193.70:3300/0 6 ==== mgrmap(e 10) ==== 50027+0+0 (secure 0 0 0) 0x7f020c0756c0 con 0x7f021c10ba30
2026-02-17T19:10:13.556 INFO:teuthology.orchestra.run.trial070.stdout:/usr/bin/ceph: stderr
2026-02-17T19:10:12.494+0000 7f020a7fc640 1 -- 10.20.193.70:0/756081404 >> [v2:10.20.193.70:6800/2180608375,v1:10.20.193.70:6801/2180608375] conn(0x7f01f803dbf0 msgr2=0x7f01f80400b0 unknown :-1 s=STATE_CONNECTING l=1).mark_down
2026-02-17T19:10:13.556 INFO:teuthology.orchestra.run.trial070.stdout:/usr/bin/ceph: stderr
2026-02-17T19:10:12.494+0000 7f020a7fc640 1 --2- 10.20.193.70:0/756081404 >> [v2:10.20.193.70:6800/2180608375,v1:10.20.193.70:6801/2180608375] conn(0x7f01f803dbf0 0x7f01f80400b0 unknown :-1 s=START_CONNECT pgs=0 cs=0 l=1 rev1=0 crypto rx=0 tx=0 comp rx=0 tx=0).stop
2026-02-17T19:10:13.556 INFO:teuthology.orchestra.run.trial070.stdout:/usr/bin/ceph: stderr
2026-02-17T19:10:13.495+0000 7f020a7fc640 1 -- 10.20.193.70:0/756081404 <== mon.0 v2:10.20.193.70:3300/0 7 ==== mgrmap(e 11) ==== 50154+0+0 (secure 0 0 0) 0x7f020c03cce0 con 0x7f021c10ba30
2026-02-17T19:10:13.556 INFO:teuthology.orchestra.run.trial070.stdout:/usr/bin/ceph: stderr
2026-02-17T19:10:13.495+0000 7f020a7fc640 1 --2- 10.20.193.70:0/756081404 >> [v2:10.20.193.70:6800/3317856243,v1:10.20.193.70:6801/3317856243] conn(0x7f01f80416d0 0x7f01f8043ac0 unknown :-1 s=NONE pgs=0 cs=0 l=1 rev1=0 crypto rx=0 tx=0 comp rx=0 tx=0).connect
2026-02-17T19:10:13.556 INFO:teuthology.orchestra.run.trial070.stdout:/usr/bin/ceph: stderr
2026-02-17T19:10:13.495+0000 7f020a7fc640 1 -- 10.20.193.70:0/756081404 --> [v2:10.20.193.70:6800/3317856243,v1:10.20.193.70:6801/3317856243] -- command(tid 0: {"prefix": "get_command_descriptions"}) -- 0x7f020c030e50 con 0x7f01f80416d0
2026-02-17T19:10:13.556 INFO:teuthology.orchestra.run.trial070.stdout:/usr/bin/ceph: stderr
2026-02-17T19:10:13.495+0000 7f0220969640 1 --2- 10.20.193.70:0/756081404 >> [v2:10.20.193.70:6800/3317856243,v1:10.20.193.70:6801/3317856243] conn(0x7f01f80416d0 0x7f01f8043ac0 unknown :-1 s=BANNER_CONNECTING pgs=0 cs=0 l=1 rev1=0 crypto rx=0 tx=0 comp rx=0 tx=0)._handle_peer_banner_payload supported=3 required=0
2026-02-17T19:10:13.556 INFO:teuthology.orchestra.run.trial070.stdout:/usr/bin/ceph: stderr
2026-02-17T19:10:13.496+0000 7f0220969640 1 --2- 10.20.193.70:0/756081404 >> [v2:10.20.193.70:6800/3317856243,v1:10.20.193.70:6801/3317856243] conn(0x7f01f80416d0 0x7f01f8043ac0 secure :-1 s=READY pgs=1 cs=0 l=1 rev1=1 crypto rx=0x7f0210003a80 tx=0x7f0210009290 comp rx=0 tx=0).ready entity=mgr.14150 client_cookie=0 server_cookie=0 in_seq=0 out_seq=0
2026-02-17T19:10:13.556 INFO:teuthology.orchestra.run.trial070.stdout:/usr/bin/ceph: stderr
2026-02-17T19:10:13.496+0000 7f020a7fc640 1 -- 10.20.193.70:0/756081404 <== mgr.14150 v2:10.20.193.70:6800/3317856243 1 ==== command_reply(tid 0: 0 ) ==== 8+0+8901 (secure 0 0 0) 0x7f020c030e50 con 0x7f01f80416d0
2026-02-17T19:10:13.556 INFO:teuthology.orchestra.run.trial070.stdout:/usr/bin/ceph: stderr
2026-02-17T19:10:13.500+0000 7f02233f5640 1 -- 10.20.193.70:0/756081404 --> [v2:10.20.193.70:6800/3317856243,v1:10.20.193.70:6801/3317856243] -- command(tid 1: {"prefix": "mgr_status"}) -- 0x7f021c10beb0 con 0x7f01f80416d0
2026-02-17T19:10:13.556 INFO:teuthology.orchestra.run.trial070.stdout:/usr/bin/ceph: stderr
2026-02-17T19:10:13.500+0000 7f020a7fc640 1 -- 10.20.193.70:0/756081404 <== mgr.14150 v2:10.20.193.70:6800/3317856243 2 ==== command_reply(tid 1: 0 ) ==== 8+0+52 (secure 0 0 0) 0x7f021c10beb0 con 0x7f01f80416d0
2026-02-17T19:10:13.556 INFO:teuthology.orchestra.run.trial070.stdout:/usr/bin/ceph: stderr
2026-02-17T19:10:13.500+0000 7f02233f5640 1 -- 10.20.193.70:0/756081404 >> [v2:10.20.193.70:6800/3317856243,v1:10.20.193.70:6801/3317856243] conn(0x7f01f80416d0 msgr2=0x7f01f8043ac0 secure :-1 s=STATE_CONNECTION_ESTABLISHED l=1).mark_down
2026-02-17T19:10:13.557 INFO:teuthology.orchestra.run.trial070.stdout:/usr/bin/ceph: stderr
2026-02-17T19:10:13.500+0000 7f02233f5640 1 --2- 10.20.193.70:0/756081404 >> [v2:10.20.193.70:6800/3317856243,v1:10.20.193.70:6801/3317856243] conn(0x7f01f80416d0 0x7f01f8043ac0 secure :-1 s=READY pgs=1 cs=0 l=1 rev1=1 crypto rx=0x7f0210003a80 tx=0x7f0210009290 comp rx=0 tx=0).stop
2026-02-17T19:10:13.557 INFO:teuthology.orchestra.run.trial070.stdout:/usr/bin/ceph: stderr
2026-02-17T19:10:13.500+0000 7f02233f5640 1 -- 10.20.193.70:0/756081404 >> [v2:10.20.193.70:3300/0,v1:10.20.193.70:6789/0] conn(0x7f021c10ba30 msgr2=0x7f021c1a02d0 secure :-1 s=STATE_CONNECTION_ESTABLISHED l=1).mark_down
2026-02-17T19:10:13.557 INFO:teuthology.orchestra.run.trial070.stdout:/usr/bin/ceph: stderr
2026-02-17T19:10:13.500+0000 7f02233f5640 1 --2- 10.20.193.70:0/756081404 >> [v2:10.20.193.70:3300/0,v1:10.20.193.70:6789/0] conn(0x7f021c10ba30 0x7f021c1a02d0 secure :-1 s=READY pgs=60 cs=0 l=1 rev1=1 crypto rx=0x7f020c039000 tx=0x7f020c037820 comp rx=0 tx=0).stop
2026-02-17T19:10:13.557 INFO:teuthology.orchestra.run.trial070.stdout:/usr/bin/ceph: stderr
2026-02-17T19:10:13.500+0000 7f02233f5640 1 -- 10.20.193.70:0/756081404 shutdown_connections
2026-02-17T19:10:13.557 INFO:teuthology.orchestra.run.trial070.stdout:/usr/bin/ceph: stderr
2026-02-17T19:10:13.500+0000 7f02233f5640 1 --2- 10.20.193.70:0/756081404 >> [v2:10.20.193.70:6800/3317856243,v1:10.20.193.70:6801/3317856243] conn(0x7f01f80416d0 0x7f01f8043ac0 unknown :-1 s=CLOSED pgs=1 cs=0 l=1 rev1=1 crypto rx=0 tx=0 comp rx=0 tx=0).stop
2026-02-17T19:10:13.557 INFO:teuthology.orchestra.run.trial070.stdout:/usr/bin/ceph: stderr
2026-02-17T19:10:13.500+0000 7f02233f5640 1 --2- 10.20.193.70:0/756081404 >> [v2:10.20.193.70:6800/2180608375,v1:10.20.193.70:6801/2180608375] conn(0x7f01f803dbf0 0x7f01f80400b0 unknown :-1 s=CLOSED pgs=0 cs=0 l=1 rev1=0 crypto rx=0 tx=0 comp rx=0 tx=0).stop
2026-02-17T19:10:13.557 INFO:teuthology.orchestra.run.trial070.stdout:/usr/bin/ceph: stderr
2026-02-17T19:10:13.500+0000 7f02233f5640 1 --2- 10.20.193.70:0/756081404 >> [v2:10.20.193.70:3300/0,v1:10.20.193.70:6789/0] conn(0x7f021c10ba30 0x7f021c1a02d0 unknown :-1 s=CLOSED pgs=60 cs=0 l=1 rev1=1 crypto rx=0 tx=0 comp rx=0 tx=0).stop
2026-02-17T19:10:13.557 INFO:teuthology.orchestra.run.trial070.stdout:/usr/bin/ceph: stderr
2026-02-17T19:10:13.500+0000 7f02233f5640 1 -- 10.20.193.70:0/756081404 >> 10.20.193.70:0/756081404 conn(0x7f021c07d8f0 msgr2=0x7f021c108650 unknown :-1 s=STATE_NONE l=0).mark_down
2026-02-17T19:10:13.557 INFO:teuthology.orchestra.run.trial070.stdout:/usr/bin/ceph: stderr
2026-02-17T19:10:13.500+0000 7f02233f5640 1 -- 10.20.193.70:0/756081404 shutdown_connections
2026-02-17T19:10:13.557 INFO:teuthology.orchestra.run.trial070.stdout:/usr/bin/ceph: stderr
2026-02-17T19:10:13.500+0000 7f02233f5640 1 -- 10.20.193.70:0/756081404 wait complete.
2026-02-17T19:10:13.557 INFO:teuthology.orchestra.run.trial070.stdout:mgr epoch 9 is available
2026-02-17T19:10:13.557 INFO:teuthology.orchestra.run.trial070.stdout:Generating a dashboard self-signed certificate...
2026-02-17T19:10:13.801 INFO:teuthology.orchestra.run.trial070.stdout:/usr/bin/ceph: stdout Self-signed certificate created
2026-02-17T19:10:13.802 INFO:teuthology.orchestra.run.trial070.stdout:/usr/bin/ceph: stderr
2026-02-17T19:10:13.650+0000 7fcb6a24e640 1 Processor -- start
2026-02-17T19:10:13.802 INFO:teuthology.orchestra.run.trial070.stdout:/usr/bin/ceph: stderr
2026-02-17T19:10:13.650+0000 7fcb6a24e640 1 -- start start
2026-02-17T19:10:13.802 INFO:teuthology.orchestra.run.trial070.stdout:/usr/bin/ceph: stderr
2026-02-17T19:10:13.650+0000 7fcb6a24e640 1 --2- >> [v2:10.20.193.70:3300/0,v1:10.20.193.70:6789/0] conn(0x7fcb64108d20 0x7fcb6410b110 unknown :-1 s=NONE pgs=0 cs=0 l=0 rev1=0 crypto rx=0 tx=0 comp rx=0 tx=0).connect
2026-02-17T19:10:13.802 INFO:teuthology.orchestra.run.trial070.stdout:/usr/bin/ceph: stderr
2026-02-17T19:10:13.650+0000 7fcb6a24e640 1 -- --> [v2:10.20.193.70:3300/0,v1:10.20.193.70:6789/0] -- mon_getmap magic: 0 -- 0x7fcb6407cde0 con 0x7fcb64108d20
2026-02-17T19:10:13.802 INFO:teuthology.orchestra.run.trial070.stdout:/usr/bin/ceph: stderr
2026-02-17T19:10:13.650+0000 7fcb637fe640 1 --2- >> [v2:10.20.193.70:3300/0,v1:10.20.193.70:6789/0] conn(0x7fcb64108d20 0x7fcb6410b110 unknown :-1 s=BANNER_CONNECTING pgs=0 cs=0 l=0 rev1=0 crypto rx=0 tx=0 comp rx=0 tx=0)._handle_peer_banner_payload supported=3 required=0
2026-02-17T19:10:13.802 INFO:teuthology.orchestra.run.trial070.stdout:/usr/bin/ceph: stderr
2026-02-17T19:10:13.650+0000 7fcb637fe640 1 --2- >> [v2:10.20.193.70:3300/0,v1:10.20.193.70:6789/0] conn(0x7fcb64108d20 0x7fcb6410b110 unknown :-1 s=HELLO_CONNECTING pgs=0 cs=0 l=0 rev1=1 crypto rx=0 tx=0 comp rx=0 tx=0).handle_hello peer v2:10.20.193.70:3300/0 says I am v2:10.20.193.70:55400/0 (socket says 10.20.193.70:55400)
2026-02-17T19:10:13.802 INFO:teuthology.orchestra.run.trial070.stdout:/usr/bin/ceph: stderr
2026-02-17T19:10:13.650+0000 7fcb637fe640 1 -- 10.20.193.70:0/2814458758 learned_addr learned my addr 10.20.193.70:0/2814458758 (peer_addr_for_me v2:10.20.193.70:0/0)
2026-02-17T19:10:13.802 INFO:teuthology.orchestra.run.trial070.stdout:/usr/bin/ceph: stderr
2026-02-17T19:10:13.651+0000 7fcb637fe640 1 -- 10.20.193.70:0/2814458758 --> [v2:10.20.193.70:3300/0,v1:10.20.193.70:6789/0] -- mon_subscribe({config=0+,monmap=0+}) -- 0x7fcb6410b650 con 0x7fcb64108d20
2026-02-17T19:10:13.802 INFO:teuthology.orchestra.run.trial070.stdout:/usr/bin/ceph: stderr
2026-02-17T19:10:13.651+0000 7fcb637fe640 1 --2- 10.20.193.70:0/2814458758 >> [v2:10.20.193.70:3300/0,v1:10.20.193.70:6789/0] conn(0x7fcb64108d20 0x7fcb6410b110 secure :-1 s=READY pgs=68 cs=0 l=1 rev1=1 crypto rx=0x7fcb50009920 tx=0x7fcb5002ef20 comp rx=0 tx=0).ready entity=mon.0 client_cookie=cfec3e537e322467 server_cookie=0 in_seq=0 out_seq=0
2026-02-17T19:10:13.803 INFO:teuthology.orchestra.run.trial070.stdout:/usr/bin/ceph: stderr
2026-02-17T19:10:13.651+0000 7fcb627fc640 1 -- 10.20.193.70:0/2814458758 <== mon.0 v2:10.20.193.70:3300/0 1 ==== mon_map magic: 0 ==== 205+0+0 (secure 0 0 0) 0x7fcb5003c070 con 0x7fcb64108d20
2026-02-17T19:10:13.803 INFO:teuthology.orchestra.run.trial070.stdout:/usr/bin/ceph: stderr
2026-02-17T19:10:13.651+0000 7fcb627fc640 1 -- 10.20.193.70:0/2814458758 <== mon.0 v2:10.20.193.70:3300/0 2 ==== config(26 keys) ==== 1076+0+0 (secure 0 0 0) 0x7fcb50037440 con 0x7fcb64108d20
2026-02-17T19:10:13.803 INFO:teuthology.orchestra.run.trial070.stdout:/usr/bin/ceph: stderr
2026-02-17T19:10:13.651+0000 7fcb627fc640 1 -- 10.20.193.70:0/2814458758 <== mon.0 v2:10.20.193.70:3300/0 3 ==== mon_map magic: 0 ==== 205+0+0 (secure 0 0 0) 0x7fcb500354d0 con 0x7fcb64108d20
2026-02-17T19:10:13.803 INFO:teuthology.orchestra.run.trial070.stdout:/usr/bin/ceph: stderr
2026-02-17T19:10:13.651+0000 7fcb6a24e640 1 -- 10.20.193.70:0/2814458758 >> [v2:10.20.193.70:3300/0,v1:10.20.193.70:6789/0] conn(0x7fcb64108d20 msgr2=0x7fcb6410b110 secure :-1 s=STATE_CONNECTION_ESTABLISHED l=1).mark_down
2026-02-17T19:10:13.803 INFO:teuthology.orchestra.run.trial070.stdout:/usr/bin/ceph: stderr
2026-02-17T19:10:13.651+0000 7fcb6a24e640 1 --2- 10.20.193.70:0/2814458758 >> [v2:10.20.193.70:3300/0,v1:10.20.193.70:6789/0] conn(0x7fcb64108d20 0x7fcb6410b110 secure :-1 s=READY pgs=68 cs=0 l=1 rev1=1 crypto rx=0x7fcb50009920 tx=0x7fcb5002ef20 comp rx=0 tx=0).stop
2026-02-17T19:10:13.803 INFO:teuthology.orchestra.run.trial070.stdout:/usr/bin/ceph: stderr
2026-02-17T19:10:13.651+0000 7fcb6a24e640 1 -- 10.20.193.70:0/2814458758 shutdown_connections
2026-02-17T19:10:13.803 INFO:teuthology.orchestra.run.trial070.stdout:/usr/bin/ceph: stderr
2026-02-17T19:10:13.651+0000 7fcb6a24e640 1 --2- 10.20.193.70:0/2814458758 >> [v2:10.20.193.70:3300/0,v1:10.20.193.70:6789/0] conn(0x7fcb64108d20 0x7fcb6410b110 unknown :-1 s=CLOSED pgs=68 cs=0 l=1 rev1=1 crypto rx=0 tx=0 comp rx=0 tx=0).stop
2026-02-17T19:10:13.803 INFO:teuthology.orchestra.run.trial070.stdout:/usr/bin/ceph: stderr
2026-02-17T19:10:13.651+0000 7fcb6a24e640 1 -- 10.20.193.70:0/2814458758 >> 10.20.193.70:0/2814458758 conn(0x7fcb641027c0 msgr2=0x7fcb64104c40 unknown :-1 s=STATE_NONE l=0).mark_down
2026-02-17T19:10:13.803 INFO:teuthology.orchestra.run.trial070.stdout:/usr/bin/ceph: stderr
2026-02-17T19:10:13.651+0000 7fcb6a24e640 1 -- 10.20.193.70:0/2814458758 shutdown_connections
2026-02-17T19:10:13.803 INFO:teuthology.orchestra.run.trial070.stdout:/usr/bin/ceph: stderr
2026-02-17T19:10:13.651+0000 7fcb6a24e640 1 -- 10.20.193.70:0/2814458758 wait complete.
2026-02-17T19:10:13.803 INFO:teuthology.orchestra.run.trial070.stdout:/usr/bin/ceph: stderr
2026-02-17T19:10:13.652+0000 7fcb6a24e640 1 Processor -- start
2026-02-17T19:10:13.803 INFO:teuthology.orchestra.run.trial070.stdout:/usr/bin/ceph: stderr
2026-02-17T19:10:13.652+0000 7fcb6a24e640 1 -- start start
2026-02-17T19:10:13.804 INFO:teuthology.orchestra.run.trial070.stdout:/usr/bin/ceph: stderr
2026-02-17T19:10:13.652+0000 7fcb6a24e640 1 --2- >> [v2:10.20.193.70:3300/0,v1:10.20.193.70:6789/0] conn(0x7fcb64108d20 0x7fcb64108520 unknown :-1 s=NONE pgs=0 cs=0 l=1 rev1=0 crypto rx=0 tx=0 comp rx=0 tx=0).connect
2026-02-17T19:10:13.804 INFO:teuthology.orchestra.run.trial070.stdout:/usr/bin/ceph: stderr
2026-02-17T19:10:13.652+0000 7fcb6a24e640 1 -- --> [v2:10.20.193.70:3300/0,v1:10.20.193.70:6789/0] -- mon_getmap magic: 0 -- 0x7fcb6410c500 con 0x7fcb64108d20
2026-02-17T19:10:13.804 INFO:teuthology.orchestra.run.trial070.stdout:/usr/bin/ceph: stderr
2026-02-17T19:10:13.652+0000 7fcb637fe640 1 --2- >> [v2:10.20.193.70:3300/0,v1:10.20.193.70:6789/0] conn(0x7fcb64108d20 0x7fcb64108520 unknown :-1 s=BANNER_CONNECTING pgs=0 cs=0 l=1 rev1=0 crypto rx=0 tx=0 comp rx=0 tx=0)._handle_peer_banner_payload supported=3 required=0
2026-02-17T19:10:13.804 INFO:teuthology.orchestra.run.trial070.stdout:/usr/bin/ceph: stderr
2026-02-17T19:10:13.652+0000 7fcb637fe640 1 --2- >> [v2:10.20.193.70:3300/0,v1:10.20.193.70:6789/0] conn(0x7fcb64108d20 0x7fcb64108520 unknown :-1 s=HELLO_CONNECTING pgs=0 cs=0 l=1 rev1=1 crypto rx=0 tx=0 comp rx=0 tx=0).handle_hello peer v2:10.20.193.70:3300/0 says I am v2:10.20.193.70:55412/0 (socket says 10.20.193.70:55412)
2026-02-17T19:10:13.804 INFO:teuthology.orchestra.run.trial070.stdout:/usr/bin/ceph: stderr
2026-02-17T19:10:13.652+0000 7fcb637fe640 1 -- 10.20.193.70:0/1285012281 learned_addr learned my addr 10.20.193.70:0/1285012281 (peer_addr_for_me v2:10.20.193.70:0/0)
2026-02-17T19:10:13.804 INFO:teuthology.orchestra.run.trial070.stdout:/usr/bin/ceph: stderr
2026-02-17T19:10:13.652+0000 7fcb637fe640 1 -- 10.20.193.70:0/1285012281 --> [v2:10.20.193.70:3300/0,v1:10.20.193.70:6789/0] -- mon_subscribe({config=0+,monmap=0+}) -- 0x7fcb64108a60 con 0x7fcb64108d20
2026-02-17T19:10:13.804 INFO:teuthology.orchestra.run.trial070.stdout:/usr/bin/ceph: stderr
2026-02-17T19:10:13.652+0000 7fcb637fe640 1 --2- 10.20.193.70:0/1285012281 >> [v2:10.20.193.70:3300/0,v1:10.20.193.70:6789/0] conn(0x7fcb64108d20 0x7fcb64108520 secure :-1 s=READY pgs=69 cs=0 l=1 rev1=1 crypto rx=0x7fcb50039000 tx=0x7fcb50037820 comp rx=0 tx=0).ready entity=mon.0 client_cookie=0 server_cookie=0 in_seq=0 out_seq=0
2026-02-17T19:10:13.804 INFO:teuthology.orchestra.run.trial070.stdout:/usr/bin/ceph: stderr
2026-02-17T19:10:13.652+0000 7fcb60ff9640 1 -- 10.20.193.70:0/1285012281 <== mon.0 v2:10.20.193.70:3300/0 1 ==== mon_map magic: 0 ==== 205+0+0 (secure 0 0 0) 0x7fcb50047070 con 0x7fcb64108d20
2026-02-17T19:10:13.804 INFO:teuthology.orchestra.run.trial070.stdout:/usr/bin/ceph: stderr
2026-02-17T19:10:13.652+0000 7fcb6a24e640 1 -- 10.20.193.70:0/1285012281 --> [v2:10.20.193.70:3300/0,v1:10.20.193.70:6789/0] -- mon_subscribe({mgrmap=0+}) -- 0x7fcb64106c50 con 0x7fcb64108d20
2026-02-17T19:10:13.804 INFO:teuthology.orchestra.run.trial070.stdout:/usr/bin/ceph: stderr
2026-02-17T19:10:13.652+0000 7fcb60ff9640 1 -- 10.20.193.70:0/1285012281 <== mon.0 v2:10.20.193.70:3300/0 2 ==== config(26 keys) ==== 1076+0+0 (secure 0 0 0) 0x7fcb50035df0 con 0x7fcb64108d20
2026-02-17T19:10:13.804 INFO:teuthology.orchestra.run.trial070.stdout:/usr/bin/ceph: stderr
2026-02-17T19:10:13.652+0000 7fcb60ff9640 1 -- 10.20.193.70:0/1285012281 <== mon.0 v2:10.20.193.70:3300/0 3 ==== mon_map magic: 0 ==== 205+0+0 (secure 0 0 0) 0x7fcb5003c070 con 0x7fcb64108d20
2026-02-17T19:10:13.804 INFO:teuthology.orchestra.run.trial070.stdout:/usr/bin/ceph: stderr
2026-02-17T19:10:13.652+0000 7fcb6a24e640 1 -- 10.20.193.70:0/1285012281 --> [v2:10.20.193.70:3300/0,v1:10.20.193.70:6789/0] -- mon_subscribe({osdmap=0}) -- 0x7fcb64107130 con 0x7fcb64108d20
2026-02-17T19:10:13.805 INFO:teuthology.orchestra.run.trial070.stdout:/usr/bin/ceph: stderr
2026-02-17T19:10:13.653+0000 7fcb6a24e640 1 -- 10.20.193.70:0/1285012281 --> [v2:10.20.193.70:3300/0,v1:10.20.193.70:6789/0] -- mon_command({"prefix": "get_command_descriptions"} v 0) -- 0x7fcb64109180 con 0x7fcb64108d20
2026-02-17T19:10:13.805 INFO:teuthology.orchestra.run.trial070.stdout:/usr/bin/ceph: stderr
2026-02-17T19:10:13.653+0000 7fcb60ff9640 1 -- 10.20.193.70:0/1285012281 <== mon.0 v2:10.20.193.70:3300/0 4 ==== mgrmap(e 11) ==== 50154+0+0 (secure 0 0 0) 0x7fcb50042640 con 0x7fcb64108d20
2026-02-17T19:10:13.805 INFO:teuthology.orchestra.run.trial070.stdout:/usr/bin/ceph: stderr
2026-02-17T19:10:13.653+0000 7fcb60ff9640 1 --2- 10.20.193.70:0/1285012281 >> [v2:10.20.193.70:6800/3317856243,v1:10.20.193.70:6801/3317856243] conn(0x7fcb3803dad0 0x7fcb3803ff90 unknown :-1 s=NONE pgs=0 cs=0 l=1 rev1=0 crypto rx=0 tx=0 comp rx=0 tx=0).connect
2026-02-17T19:10:13.805 INFO:teuthology.orchestra.run.trial070.stdout:/usr/bin/ceph: stderr
2026-02-17T19:10:13.653+0000 7fcb60ff9640 1 -- 10.20.193.70:0/1285012281 <== mon.0 v2:10.20.193.70:3300/0 5 ==== osd_map(3..3 src has 1..3) ==== 1155+0+0 (secure 0 0 0) 0x7fcb50076b20 con 0x7fcb64108d20
2026-02-17T19:10:13.805 INFO:teuthology.orchestra.run.trial070.stdout:/usr/bin/ceph: stderr
2026-02-17T19:10:13.653+0000 7fcb62ffd640 1 --2- 10.20.193.70:0/1285012281 >> [v2:10.20.193.70:6800/3317856243,v1:10.20.193.70:6801/3317856243] conn(0x7fcb3803dad0 0x7fcb3803ff90 unknown :-1 s=BANNER_CONNECTING pgs=0 cs=0 l=1 rev1=0 crypto rx=0 tx=0 comp rx=0 tx=0)._handle_peer_banner_payload supported=3 required=0
2026-02-17T19:10:13.805 INFO:teuthology.orchestra.run.trial070.stdout:/usr/bin/ceph: stderr
2026-02-17T19:10:13.654+0000 7fcb62ffd640 1 --2- 10.20.193.70:0/1285012281 >> [v2:10.20.193.70:6800/3317856243,v1:10.20.193.70:6801/3317856243] conn(0x7fcb3803dad0 0x7fcb3803ff90 secure :-1 s=READY pgs=7 cs=0 l=1 rev1=1 crypto rx=0x7fcb540099c0 tx=0x7fcb54006eb0 comp rx=0 tx=0).ready entity=mgr.14150 client_cookie=0 server_cookie=0 in_seq=0 out_seq=0
2026-02-17T19:10:13.805 INFO:teuthology.orchestra.run.trial070.stdout:/usr/bin/ceph: stderr
2026-02-17T19:10:13.656+0000 7fcb60ff9640 1 -- 10.20.193.70:0/1285012281 <== mon.0 v2:10.20.193.70:3300/0 6 ==== mon_command_ack([{"prefix": "get_command_descriptions"}]=0 v0) ==== 72+0+195034 (secure 0 0 0) 0x7fcb500342a0 con 0x7fcb64108d20
2026-02-17T19:10:13.805 INFO:teuthology.orchestra.run.trial070.stdout:/usr/bin/ceph: stderr
2026-02-17T19:10:13.739+0000 7fcb6a24e640 1 -- 10.20.193.70:0/1285012281 --> [v2:10.20.193.70:6800/3317856243,v1:10.20.193.70:6801/3317856243] -- mgr_command(tid 0: {"prefix": "dashboard create-self-signed-cert", "target": ["mon-mgr", ""]}) -- 0x7fcb641079b0 con 0x7fcb3803dad0
2026-02-17T19:10:13.805 INFO:teuthology.orchestra.run.trial070.stdout:/usr/bin/ceph: stderr
2026-02-17T19:10:13.773+0000 7fcb60ff9640 1 -- 10.20.193.70:0/1285012281 <== mgr.14150 v2:10.20.193.70:6800/3317856243 1 ==== mgr_command_reply(tid 0: 0 ) ==== 8+0+32 (secure 0 0 0) 0x7fcb641079b0 con 0x7fcb3803dad0
2026-02-17T19:10:13.805 INFO:teuthology.orchestra.run.trial070.stdout:/usr/bin/ceph: stderr
2026-02-17T19:10:13.774+0000 7fcb6a24e640 1 -- 10.20.193.70:0/1285012281 >> [v2:10.20.193.70:6800/3317856243,v1:10.20.193.70:6801/3317856243] conn(0x7fcb3803dad0 msgr2=0x7fcb3803ff90 secure :-1 s=STATE_CONNECTION_ESTABLISHED l=1).mark_down
2026-02-17T19:10:13.805 INFO:teuthology.orchestra.run.trial070.stdout:/usr/bin/ceph: stderr
2026-02-17T19:10:13.774+0000 7fcb6a24e640 1 --2- 10.20.193.70:0/1285012281 >> [v2:10.20.193.70:6800/3317856243,v1:10.20.193.70:6801/3317856243] conn(0x7fcb3803dad0 0x7fcb3803ff90 secure :-1 s=READY pgs=7 cs=0 l=1 rev1=1 crypto rx=0x7fcb540099c0 tx=0x7fcb54006eb0 comp rx=0 tx=0).stop
2026-02-17T19:10:13.806 INFO:teuthology.orchestra.run.trial070.stdout:/usr/bin/ceph: stderr
2026-02-17T19:10:13.774+0000 7fcb6a24e640 1 -- 10.20.193.70:0/1285012281 >> [v2:10.20.193.70:3300/0,v1:10.20.193.70:6789/0] conn(0x7fcb64108d20 msgr2=0x7fcb64108520 secure :-1 s=STATE_CONNECTION_ESTABLISHED l=1).mark_down
2026-02-17T19:10:13.806 INFO:teuthology.orchestra.run.trial070.stdout:/usr/bin/ceph: stderr
2026-02-17T19:10:13.774+0000 7fcb6a24e640 1 --2- 10.20.193.70:0/1285012281 >> [v2:10.20.193.70:3300/0,v1:10.20.193.70:6789/0] conn(0x7fcb64108d20 0x7fcb64108520 secure :-1 s=READY pgs=69 cs=0 l=1 rev1=1 crypto rx=0x7fcb50039000 tx=0x7fcb50037820 comp rx=0 tx=0).stop
2026-02-17T19:10:13.806 INFO:teuthology.orchestra.run.trial070.stdout:/usr/bin/ceph: stderr
2026-02-17T19:10:13.774+0000 7fcb6a24e640 1 -- 10.20.193.70:0/1285012281 shutdown_connections
2026-02-17T19:10:13.806 INFO:teuthology.orchestra.run.trial070.stdout:/usr/bin/ceph: stderr
2026-02-17T19:10:13.774+0000 7fcb6a24e640 1 --2- 10.20.193.70:0/1285012281 >> [v2:10.20.193.70:6800/3317856243,v1:10.20.193.70:6801/3317856243] conn(0x7fcb3803dad0 0x7fcb3803ff90 unknown :-1 s=CLOSED pgs=7 cs=0 l=1 rev1=1 crypto rx=0 tx=0 comp rx=0 tx=0).stop
2026-02-17T19:10:13.806 INFO:teuthology.orchestra.run.trial070.stdout:/usr/bin/ceph: stderr
2026-02-17T19:10:13.774+0000 7fcb6a24e640 1 --2- 10.20.193.70:0/1285012281 >> [v2:10.20.193.70:3300/0,v1:10.20.193.70:6789/0] conn(0x7fcb64108d20 0x7fcb64108520 unknown :-1 s=CLOSED pgs=69 cs=0 l=1 rev1=1 crypto rx=0 tx=0 comp rx=0 tx=0).stop
2026-02-17T19:10:13.806 INFO:teuthology.orchestra.run.trial070.stdout:/usr/bin/ceph: stderr
2026-02-17T19:10:13.774+0000 7fcb6a24e640 1 -- 10.20.193.70:0/1285012281 >> 10.20.193.70:0/1285012281 conn(0x7fcb641027c0 msgr2=0x7fcb641033e0 unknown :-1 s=STATE_NONE l=0).mark_down
2026-02-17T19:10:13.806 INFO:teuthology.orchestra.run.trial070.stdout:/usr/bin/ceph: stderr
2026-02-17T19:10:13.774+0000 7fcb6a24e640 1 -- 10.20.193.70:0/1285012281 shutdown_connections
2026-02-17T19:10:13.806 INFO:teuthology.orchestra.run.trial070.stdout:/usr/bin/ceph: stderr
2026-02-17T19:10:13.774+0000 7fcb6a24e640 1 -- 10.20.193.70:0/1285012281 wait complete.
2026-02-17T19:10:13.806 INFO:teuthology.orchestra.run.trial070.stdout:Creating initial admin user...
2026-02-17T19:10:13.996 INFO:journalctl@ceph.mon.a.trial070.stdout:Feb 17 19:10:13 trial070 ceph-mon[24697]: from='mgr.14150 10.20.193.70:0/3217082624' entity='mgr.x'
2026-02-17T19:10:13.996 INFO:journalctl@ceph.mon.a.trial070.stdout:Feb 17 19:10:13 trial070 ceph-mon[24697]: from='mgr.14150 10.20.193.70:0/3217082624' entity='mgr.x'
2026-02-17T19:10:13.996 INFO:journalctl@ceph.mon.a.trial070.stdout:Feb 17 19:10:13 trial070 ceph-mon[24697]: [17/Feb/2026:19:10:13] ENGINE Bus STARTING
2026-02-17T19:10:13.996 INFO:journalctl@ceph.mon.a.trial070.stdout:Feb 17 19:10:13 trial070 ceph-mon[24697]: from='client.14154 -' entity='client.admin' cmd=[{"prefix": "get_command_descriptions"}]: dispatch
2026-02-17T19:10:13.996 INFO:journalctl@ceph.mon.a.trial070.stdout:Feb 17 19:10:13 trial070 ceph-mon[24697]: mgrmap e11: x(active, since 1.00485s)
2026-02-17T19:10:13.996 INFO:journalctl@ceph.mon.a.trial070.stdout:Feb 17 19:10:13 trial070 ceph-mon[24697]: from='client.14154 -' entity='client.admin' cmd=[{"prefix": "mgr_status"}]: dispatch
2026-02-17T19:10:13.996 INFO:journalctl@ceph.mon.a.trial070.stdout:Feb 17 19:10:13 trial070 ceph-mon[24697]: [17/Feb/2026:19:10:13] ENGINE Serving on http://10.20.193.70:8765
2026-02-17T19:10:13.996 INFO:journalctl@ceph.mon.a.trial070.stdout:Feb 17 19:10:13 trial070 ceph-mon[24697]: [17/Feb/2026:19:10:13] ENGINE Serving on https://10.20.193.70:7150
2026-02-17T19:10:13.997 INFO:journalctl@ceph.mon.a.trial070.stdout:Feb 17 19:10:13 trial070 ceph-mon[24697]: [17/Feb/2026:19:10:13] ENGINE Bus STARTED
2026-02-17T19:10:13.997 INFO:journalctl@ceph.mon.a.trial070.stdout:Feb 17 19:10:13 trial070 ceph-mon[24697]: [17/Feb/2026:19:10:13] ENGINE Client ('10.20.193.70', 36462) lost — peer dropped the TLS connection suddenly, during handshake: (6, 'TLS/SSL connection has been closed (EOF) (_ssl.c:1147)')
2026-02-17T19:10:13.997 INFO:journalctl@ceph.mon.a.trial070.stdout:Feb 17 19:10:13 trial070 ceph-mon[24697]: from='client.14162 -' entity='client.admin' cmd=[{"prefix": "dashboard create-self-signed-cert", "target": ["mon-mgr", ""]}]: dispatch
2026-02-17T19:10:13.997 INFO:journalctl@ceph.mon.a.trial070.stdout:Feb 17 19:10:13 trial070 ceph-mon[24697]: from='mgr.14150 10.20.193.70:0/3217082624' entity='mgr.x'
2026-02-17T19:10:13.997 INFO:journalctl@ceph.mon.a.trial070.stdout:Feb 17 19:10:13 trial070 ceph-mon[24697]: from='mgr.14150 10.20.193.70:0/3217082624' entity='mgr.x'
2026-02-17T19:10:14.161 INFO:teuthology.orchestra.run.trial070.stdout:/usr/bin/ceph: stdout {"username": "admin", "password": "$2b$12$j9CLddPaI9x8lPDwcX7wJ.JIiD8PYJOrRAeKeDLZjj4YT8gDPPyMq", "roles": ["administrator"], "name": null, "email": null, "lastUpdate": 1771355414, "enabled": true, "pwdExpirationDate": null, "pwdUpdateRequired": true}
2026-02-17T19:10:14.162 INFO:teuthology.orchestra.run.trial070.stdout:/usr/bin/ceph: stderr
2026-02-17T19:10:13.897+0000 7fdeab498640 1 Processor -- start
2026-02-17T19:10:14.162 INFO:teuthology.orchestra.run.trial070.stdout:/usr/bin/ceph: stderr
2026-02-17T19:10:13.897+0000 7fdeab498640 1 -- start start
2026-02-17T19:10:14.162 INFO:teuthology.orchestra.run.trial070.stdout:/usr/bin/ceph: stderr
2026-02-17T19:10:13.898+0000 7fdeab498640 1 --2- >> [v2:10.20.193.70:3300/0,v1:10.20.193.70:6789/0] conn(0x7fdea410ba30 0x7fdea410be30 unknown :-1 s=NONE pgs=0 cs=0 l=0 rev1=0 crypto rx=0 tx=0 comp rx=0 tx=0).connect
2026-02-17T19:10:14.162 INFO:teuthology.orchestra.run.trial070.stdout:/usr/bin/ceph: stderr
2026-02-17T19:10:13.898+0000 7fdeab498640 1 -- --> [v2:10.20.193.70:3300/0,v1:10.20.193.70:6789/0] -- mon_getmap magic: 0 -- 0x7fdea410c400 con 0x7fdea410ba30
2026-02-17T19:10:14.162 INFO:teuthology.orchestra.run.trial070.stdout:/usr/bin/ceph: stderr
2026-02-17T19:10:13.898+0000 7fdea920d640 1 --2- >> [v2:10.20.193.70:3300/0,v1:10.20.193.70:6789/0] conn(0x7fdea410ba30 0x7fdea410be30 unknown :-1 s=BANNER_CONNECTING pgs=0 cs=0 l=0 rev1=0 crypto rx=0 tx=0 comp rx=0 tx=0)._handle_peer_banner_payload supported=3 required=0
2026-02-17T19:10:14.162 INFO:teuthology.orchestra.run.trial070.stdout:/usr/bin/ceph: stderr
2026-02-17T19:10:13.898+0000 7fdea920d640 1 --2- >> [v2:10.20.193.70:3300/0,v1:10.20.193.70:6789/0] conn(0x7fdea410ba30 0x7fdea410be30 unknown :-1 s=HELLO_CONNECTING pgs=0 cs=0 l=0 rev1=1 crypto rx=0 tx=0 comp rx=0 tx=0).handle_hello peer v2:10.20.193.70:3300/0 says I am v2:10.20.193.70:55416/0 (socket says 10.20.193.70:55416)
2026-02-17T19:10:14.162 INFO:teuthology.orchestra.run.trial070.stdout:/usr/bin/ceph: stderr
2026-02-17T19:10:13.898+0000 7fdea920d640 1 -- 10.20.193.70:0/4115023606 learned_addr learned my addr 10.20.193.70:0/4115023606 (peer_addr_for_me v2:10.20.193.70:0/0)
2026-02-17T19:10:14.162 INFO:teuthology.orchestra.run.trial070.stdout:/usr/bin/ceph: stderr
2026-02-17T19:10:13.898+0000 7fdea920d640 1 -- 10.20.193.70:0/4115023606 --> [v2:10.20.193.70:3300/0,v1:10.20.193.70:6789/0] -- mon_subscribe({config=0+,monmap=0+}) -- 0x7fdea410a690 con 0x7fdea410ba30
2026-02-17T19:10:14.163 INFO:teuthology.orchestra.run.trial070.stdout:/usr/bin/ceph: stderr
2026-02-17T19:10:13.898+0000 7fdea920d640 1 --2- 10.20.193.70:0/4115023606 >> [v2:10.20.193.70:3300/0,v1:10.20.193.70:6789/0] conn(0x7fdea410ba30 0x7fdea410be30 secure :-1 s=READY pgs=70 cs=0 l=1 rev1=1 crypto rx=0x7fde94009920 tx=0x7fde9402ef20 comp rx=0 tx=0).ready entity=mon.0 client_cookie=4292047d7682cfa9 server_cookie=0 in_seq=0 out_seq=0
2026-02-17T19:10:14.163 INFO:teuthology.orchestra.run.trial070.stdout:/usr/bin/ceph: stderr
2026-02-17T19:10:13.898+0000 7fde93fff640 1 -- 10.20.193.70:0/4115023606 <== mon.0 v2:10.20.193.70:3300/0 1 ==== mon_map magic: 0 ==== 205+0+0 (secure 0 0 0) 0x7fde9403c070 con 0x7fdea410ba30
2026-02-17T19:10:14.163 INFO:teuthology.orchestra.run.trial070.stdout:/usr/bin/ceph: stderr
2026-02-17T19:10:13.898+0000 7fde93fff640 1 -- 10.20.193.70:0/4115023606 <== mon.0 v2:10.20.193.70:3300/0 2 ==== config(26 keys) ==== 1076+0+0 (secure 0 0 0) 0x7fde94037440 con 0x7fdea410ba30
2026-02-17T19:10:14.163 INFO:teuthology.orchestra.run.trial070.stdout:/usr/bin/ceph: stderr
2026-02-17T19:10:13.898+0000 7fde93fff640 1 -- 10.20.193.70:0/4115023606 <== mon.0 v2:10.20.193.70:3300/0 3 ==== mon_map magic: 0 ==== 205+0+0 (secure 0 0 0) 0x7fde940354d0 con 0x7fdea410ba30
2026-02-17T19:10:14.163 INFO:teuthology.orchestra.run.trial070.stdout:/usr/bin/ceph: stderr
2026-02-17T19:10:13.899+0000 7fdeab498640 1 -- 10.20.193.70:0/4115023606 >> [v2:10.20.193.70:3300/0,v1:10.20.193.70:6789/0] conn(0x7fdea410ba30 msgr2=0x7fdea410be30 secure :-1 s=STATE_CONNECTION_ESTABLISHED l=1).mark_down
2026-02-17T19:10:14.163 INFO:teuthology.orchestra.run.trial070.stdout:/usr/bin/ceph: stderr
2026-02-17T19:10:13.899+0000 7fdeab498640 1 --2- 10.20.193.70:0/4115023606 >> [v2:10.20.193.70:3300/0,v1:10.20.193.70:6789/0] conn(0x7fdea410ba30 0x7fdea410be30 secure :-1 s=READY pgs=70 cs=0 l=1 rev1=1 crypto rx=0x7fde94009920 tx=0x7fde9402ef20 comp rx=0 tx=0).stop
2026-02-17T19:10:14.163 INFO:teuthology.orchestra.run.trial070.stdout:/usr/bin/ceph: stderr
2026-02-17T19:10:13.899+0000 7fdeab498640 1 -- 10.20.193.70:0/4115023606 shutdown_connections
2026-02-17T19:10:14.163 INFO:teuthology.orchestra.run.trial070.stdout:/usr/bin/ceph: stderr
2026-02-17T19:10:13.899+0000 7fdeab498640 1 --2- 10.20.193.70:0/4115023606 >> [v2:10.20.193.70:3300/0,v1:10.20.193.70:6789/0] conn(0x7fdea410ba30 0x7fdea410be30 unknown :-1 s=CLOSED pgs=70 cs=0 l=1 rev1=1 crypto rx=0 tx=0 comp rx=0 tx=0).stop
2026-02-17T19:10:14.163 INFO:teuthology.orchestra.run.trial070.stdout:/usr/bin/ceph: stderr
2026-02-17T19:10:13.899+0000 7fdeab498640 1 -- 10.20.193.70:0/4115023606 >> 10.20.193.70:0/4115023606 conn(0x7fdea407da30 msgr2=0x7fdea407dea0 unknown :-1 s=STATE_NONE l=0).mark_down
2026-02-17T19:10:14.163 INFO:teuthology.orchestra.run.trial070.stdout:/usr/bin/ceph: stderr
2026-02-17T19:10:13.899+0000 7fdeab498640 1 -- 10.20.193.70:0/4115023606 shutdown_connections
2026-02-17T19:10:14.163 INFO:teuthology.orchestra.run.trial070.stdout:/usr/bin/ceph: stderr
2026-02-17T19:10:13.899+0000 7fdeab498640 1 -- 10.20.193.70:0/4115023606 wait complete.
2026-02-17T19:10:14.163 INFO:teuthology.orchestra.run.trial070.stdout:/usr/bin/ceph: stderr
2026-02-17T19:10:13.899+0000 7fdeab498640 1 Processor -- start
2026-02-17T19:10:14.164 INFO:teuthology.orchestra.run.trial070.stdout:/usr/bin/ceph: stderr
2026-02-17T19:10:13.899+0000 7fdeab498640 1 -- start start
2026-02-17T19:10:14.164 INFO:teuthology.orchestra.run.trial070.stdout:/usr/bin/ceph: stderr
2026-02-17T19:10:13.899+0000 7fdeab498640 1 --2- >> [v2:10.20.193.70:3300/0,v1:10.20.193.70:6789/0] conn(0x7fdea410ba30 0x7fdea41a0330 unknown :-1 s=NONE pgs=0 cs=0 l=1 rev1=0 crypto rx=0 tx=0 comp rx=0 tx=0).connect
2026-02-17T19:10:14.164 INFO:teuthology.orchestra.run.trial070.stdout:/usr/bin/ceph: stderr
2026-02-17T19:10:13.899+0000 7fdeab498640 1 -- --> [v2:10.20.193.70:3300/0,v1:10.20.193.70:6789/0] -- mon_getmap magic: 0 -- 0x7fdea410e8d0 con 0x7fdea410ba30
2026-02-17T19:10:14.164 INFO:teuthology.orchestra.run.trial070.stdout:/usr/bin/ceph: stderr
2026-02-17T19:10:13.899+0000 7fdea920d640 1 --2- >> [v2:10.20.193.70:3300/0,v1:10.20.193.70:6789/0] conn(0x7fdea410ba30 0x7fdea41a0330 unknown :-1 s=BANNER_CONNECTING pgs=0 cs=0 l=1 rev1=0 crypto rx=0 tx=0 comp rx=0 tx=0)._handle_peer_banner_payload supported=3 required=0
2026-02-17T19:10:14.164 INFO:teuthology.orchestra.run.trial070.stdout:/usr/bin/ceph: stderr
2026-02-17T19:10:13.899+0000 7fdea920d640 1 --2- >> [v2:10.20.193.70:3300/0,v1:10.20.193.70:6789/0] conn(0x7fdea410ba30 0x7fdea41a0330 unknown :-1 s=HELLO_CONNECTING pgs=0 cs=0 l=1 rev1=1 crypto rx=0 tx=0 comp rx=0 tx=0).handle_hello peer v2:10.20.193.70:3300/0 says I am v2:10.20.193.70:55430/0 (socket says 10.20.193.70:55430)
2026-02-17T19:10:14.164 INFO:teuthology.orchestra.run.trial070.stdout:/usr/bin/ceph: stderr
2026-02-17T19:10:13.899+0000 7fdea920d640 1 -- 10.20.193.70:0/3499058706 learned_addr learned my addr 10.20.193.70:0/3499058706 (peer_addr_for_me v2:10.20.193.70:0/0)
2026-02-17T19:10:14.164 INFO:teuthology.orchestra.run.trial070.stdout:/usr/bin/ceph: stderr
2026-02-17T19:10:13.899+0000 7fdea920d640 1 -- 10.20.193.70:0/3499058706 --> [v2:10.20.193.70:3300/0,v1:10.20.193.70:6789/0] -- mon_subscribe({config=0+,monmap=0+}) -- 0x7fdea41a0870 con 0x7fdea410ba30
2026-02-17T19:10:14.164 INFO:teuthology.orchestra.run.trial070.stdout:/usr/bin/ceph: stderr
2026-02-17T19:10:13.899+0000 7fdea920d640 1 --2- 10.20.193.70:0/3499058706 >> [v2:10.20.193.70:3300/0,v1:10.20.193.70:6789/0] conn(0x7fdea410ba30 0x7fdea41a0330 secure :-1 s=READY pgs=71 cs=0 l=1 rev1=1 crypto rx=0x7fde94039000 tx=0x7fde94037820 comp rx=0 tx=0).ready entity=mon.0 client_cookie=0 server_cookie=0 in_seq=0 out_seq=0
2026-02-17T19:10:14.164 INFO:teuthology.orchestra.run.trial070.stdout:/usr/bin/ceph: stderr
2026-02-17T19:10:13.900+0000 7fde927fc640 1 -- 10.20.193.70:0/3499058706 <== mon.0 v2:10.20.193.70:3300/0 1 ==== mon_map magic: 0 ==== 205+0+0 (secure 0 0 0) 0x7fde94047070 con 0x7fdea410ba30
2026-02-17T19:10:14.164 INFO:teuthology.orchestra.run.trial070.stdout:/usr/bin/ceph: stderr
2026-02-17T19:10:13.900+0000 7fde927fc640 1 -- 10.20.193.70:0/3499058706 <== mon.0 v2:10.20.193.70:3300/0 2 ==== config(26 keys) ==== 1076+0+0 (secure 0 0 0) 0x7fde94035df0 con 0x7fdea410ba30
2026-02-17T19:10:14.164 INFO:teuthology.orchestra.run.trial070.stdout:/usr/bin/ceph: stderr
2026-02-17T19:10:13.900+0000 7fdeab498640 1 -- 10.20.193.70:0/3499058706 --> [v2:10.20.193.70:3300/0,v1:10.20.193.70:6789/0] -- mon_subscribe({mgrmap=0+}) -- 0x7fdea41a0b00 con 0x7fdea410ba30
2026-02-17T19:10:14.164 INFO:teuthology.orchestra.run.trial070.stdout:/usr/bin/ceph: stderr
2026-02-17T19:10:13.900+0000 7fde927fc640 1 -- 10.20.193.70:0/3499058706 <== mon.0 v2:10.20.193.70:3300/0 3 ==== mon_map magic: 0 ==== 205+0+0 (secure 0 0 0) 0x7fde9403c070 con 0x7fdea410ba30
2026-02-17T19:10:14.165 INFO:teuthology.orchestra.run.trial070.stdout:/usr/bin/ceph: stderr
2026-02-17T19:10:13.900+0000 7fdeab498640 1 -- 10.20.193.70:0/3499058706 --> [v2:10.20.193.70:3300/0,v1:10.20.193.70:6789/0] -- mon_subscribe({osdmap=0}) -- 0x7fdea41a37f0 con 0x7fdea410ba30
2026-02-17T19:10:14.165 INFO:teuthology.orchestra.run.trial070.stdout:/usr/bin/ceph: stderr
2026-02-17T19:10:13.900+0000 7fdeab498640 1 -- 10.20.193.70:0/3499058706 --> [v2:10.20.193.70:3300/0,v1:10.20.193.70:6789/0] -- mon_command({"prefix": "get_command_descriptions"} v 0) -- 0x7fdea410beb0 con 0x7fdea410ba30
2026-02-17T19:10:14.165 INFO:teuthology.orchestra.run.trial070.stdout:/usr/bin/ceph: stderr
2026-02-17T19:10:13.900+0000 7fde927fc640 1 -- 10.20.193.70:0/3499058706 <== mon.0 v2:10.20.193.70:3300/0 4 ==== mgrmap(e 11) ==== 50154+0+0 (secure 0 0 0) 0x7fde94042640 con 0x7fdea410ba30
2026-02-17T19:10:14.165 INFO:teuthology.orchestra.run.trial070.stdout:/usr/bin/ceph: stderr
2026-02-17T19:10:13.900+0000 7fde927fc640 1 --2- 10.20.193.70:0/3499058706 >> [v2:10.20.193.70:6800/3317856243,v1:10.20.193.70:6801/3317856243] conn(0x7fde8003dad0 0x7fde8003ff90 unknown :-1 s=NONE pgs=0 cs=0 l=1 rev1=0 crypto rx=0 tx=0 comp rx=0 tx=0).connect
2026-02-17T19:10:14.165 INFO:teuthology.orchestra.run.trial070.stdout:/usr/bin/ceph: stderr
2026-02-17T19:10:13.900+0000 7fde927fc640 1 -- 10.20.193.70:0/3499058706 <== mon.0 v2:10.20.193.70:3300/0 5 ==== osd_map(3..3 src has 1..3) ==== 1155+0+0 (secure 0 0 0) 0x7fde94076af0 con 0x7fdea410ba30
2026-02-17T19:10:14.165 INFO:teuthology.orchestra.run.trial070.stdout:/usr/bin/ceph: stderr
2026-02-17T19:10:13.900+0000 7fdea8a0c640 1 --2- 10.20.193.70:0/3499058706 >> [v2:10.20.193.70:6800/3317856243,v1:10.20.193.70:6801/3317856243] conn(0x7fde8003dad0 0x7fde8003ff90 unknown :-1 s=BANNER_CONNECTING pgs=0 cs=0 l=1 rev1=0 crypto rx=0 tx=0 comp rx=0 tx=0)._handle_peer_banner_payload supported=3 required=0
2026-02-17T19:10:14.165 INFO:teuthology.orchestra.run.trial070.stdout:/usr/bin/ceph: stderr
2026-02-17T19:10:13.901+0000 7fdea8a0c640 1 --2- 10.20.193.70:0/3499058706 >> [v2:10.20.193.70:6800/3317856243,v1:10.20.193.70:6801/3317856243] conn(0x7fde8003dad0 0x7fde8003ff90 secure :-1 s=READY pgs=8 cs=0 l=1 rev1=1 crypto rx=0x7fde980099c0 tx=0x7fde98006eb0 comp rx=0 tx=0).ready entity=mgr.14150 client_cookie=0 server_cookie=0 in_seq=0 out_seq=0
2026-02-17T19:10:14.165 INFO:teuthology.orchestra.run.trial070.stdout:/usr/bin/ceph: stderr
2026-02-17T19:10:13.903+0000 7fde927fc640 1 -- 10.20.193.70:0/3499058706 <== mon.0 v2:10.20.193.70:3300/0 6 ==== mon_command_ack([{"prefix": "get_command_descriptions"}]=0 v0) ==== 72+0+195034 (secure 0 0 0) 0x7fde94033c90 con 0x7fdea410ba30
2026-02-17T19:10:14.165 INFO:teuthology.orchestra.run.trial070.stdout:/usr/bin/ceph: stderr
2026-02-17T19:10:13.992+0000 7fdeab498640 1 -- 10.20.193.70:0/3499058706 --> [v2:10.20.193.70:6800/3317856243,v1:10.20.193.70:6801/3317856243] -- mgr_command(tid 0: {"prefix": "dashboard ac-user-create", "username": "admin", "rolename": "administrator", "force_password": true, "pwd_update_required": true, "target": ["mon-mgr", ""]}) -- 0x7fdea4108df0 con 0x7fde8003dad0
2026-02-17T19:10:14.165 INFO:teuthology.orchestra.run.trial070.stdout:/usr/bin/ceph: stderr
2026-02-17T19:10:14.133+0000 7fde927fc640 1 -- 10.20.193.70:0/3499058706 <== mgr.14150 v2:10.20.193.70:6800/3317856243 1 ==== mgr_command_reply(tid 0: 0 ) ==== 8+0+252 (secure 0 0 0) 0x7fdea4108df0 con 0x7fde8003dad0
2026-02-17T19:10:14.165 INFO:teuthology.orchestra.run.trial070.stdout:/usr/bin/ceph: stderr
2026-02-17T19:10:14.134+0000 7fdeab498640 1 -- 10.20.193.70:0/3499058706 >> [v2:10.20.193.70:6800/3317856243,v1:10.20.193.70:6801/3317856243] conn(0x7fde8003dad0 msgr2=0x7fde8003ff90 secure :-1 s=STATE_CONNECTION_ESTABLISHED l=1).mark_down
2026-02-17T19:10:14.165 INFO:teuthology.orchestra.run.trial070.stdout:/usr/bin/ceph: stderr
2026-02-17T19:10:14.134+0000 7fdeab498640 1 --2- 10.20.193.70:0/3499058706 >> [v2:10.20.193.70:6800/3317856243,v1:10.20.193.70:6801/3317856243] conn(0x7fde8003dad0 0x7fde8003ff90 secure :-1 s=READY pgs=8 cs=0 l=1 rev1=1 crypto rx=0x7fde980099c0 tx=0x7fde98006eb0 comp rx=0 tx=0).stop
2026-02-17T19:10:14.166 INFO:teuthology.orchestra.run.trial070.stdout:/usr/bin/ceph: stderr
2026-02-17T19:10:14.134+0000 7fdeab498640 1 -- 10.20.193.70:0/3499058706 >> [v2:10.20.193.70:3300/0,v1:10.20.193.70:6789/0] conn(0x7fdea410ba30 msgr2=0x7fdea41a0330 secure :-1 s=STATE_CONNECTION_ESTABLISHED l=1).mark_down
2026-02-17T19:10:14.166 INFO:teuthology.orchestra.run.trial070.stdout:/usr/bin/ceph: stderr
2026-02-17T19:10:14.134+0000 7fdeab498640 1 --2- 10.20.193.70:0/3499058706 >> [v2:10.20.193.70:3300/0,v1:10.20.193.70:6789/0] conn(0x7fdea410ba30 0x7fdea41a0330 secure :-1 s=READY pgs=71 cs=0 l=1 rev1=1 crypto rx=0x7fde94039000 tx=0x7fde94037820 comp rx=0 tx=0).stop
2026-02-17T19:10:14.166 INFO:teuthology.orchestra.run.trial070.stdout:/usr/bin/ceph: stderr
2026-02-17T19:10:14.134+0000 7fdeab498640 1 -- 10.20.193.70:0/3499058706 shutdown_connections
2026-02-17T19:10:14.166 INFO:teuthology.orchestra.run.trial070.stdout:/usr/bin/ceph: stderr
2026-02-17T19:10:14.134+0000 7fdeab498640 1 --2- 10.20.193.70:0/3499058706 >> [v2:10.20.193.70:6800/3317856243,v1:10.20.193.70:6801/3317856243] conn(0x7fde8003dad0 0x7fde8003ff90 unknown :-1 s=CLOSED pgs=8 cs=0 l=1 rev1=1 crypto rx=0 tx=0 comp rx=0 tx=0).stop
2026-02-17T19:10:14.166 INFO:teuthology.orchestra.run.trial070.stdout:/usr/bin/ceph: stderr
2026-02-17T19:10:14.134+0000 7fdeab498640 1 --2- 10.20.193.70:0/3499058706 >> [v2:10.20.193.70:3300/0,v1:10.20.193.70:6789/0] conn(0x7fdea410ba30 0x7fdea41a0330 unknown :-1 s=CLOSED pgs=71 cs=0 l=1 rev1=1 crypto rx=0 tx=0 comp rx=0 tx=0).stop
2026-02-17T19:10:14.166 INFO:teuthology.orchestra.run.trial070.stdout:/usr/bin/ceph: stderr
2026-02-17T19:10:14.134+0000 7fdeab498640 1 -- 10.20.193.70:0/3499058706 >> 10.20.193.70:0/3499058706 conn(0x7fdea407da30 msgr2=0x7fdea41086e0 unknown :-1 s=STATE_NONE l=0).mark_down
2026-02-17T19:10:14.166 INFO:teuthology.orchestra.run.trial070.stdout:/usr/bin/ceph: stderr
2026-02-17T19:10:14.134+0000 7fdeab498640 1 -- 10.20.193.70:0/3499058706 shutdown_connections
2026-02-17T19:10:14.166 INFO:teuthology.orchestra.run.trial070.stdout:/usr/bin/ceph: stderr
2026-02-17T19:10:14.134+0000 7fdeab498640 1 -- 10.20.193.70:0/3499058706 wait complete.
2026-02-17T19:10:14.166 INFO:teuthology.orchestra.run.trial070.stdout:Fetching dashboard port number...
2026-02-17T19:10:14.362 INFO:teuthology.orchestra.run.trial070.stdout:/usr/bin/ceph: stdout 8443
2026-02-17T19:10:14.362 INFO:teuthology.orchestra.run.trial070.stdout:/usr/bin/ceph: stderr
2026-02-17T19:10:14.243+0000 7f03efaf5640 1 Processor -- start
2026-02-17T19:10:14.362 INFO:teuthology.orchestra.run.trial070.stdout:/usr/bin/ceph: stderr
2026-02-17T19:10:14.243+0000 7f03efaf5640 1 -- start start
2026-02-17T19:10:14.362 INFO:teuthology.orchestra.run.trial070.stdout:/usr/bin/ceph: stderr
2026-02-17T19:10:14.243+0000 7f03efaf5640 1 --2- >> [v2:10.20.193.70:3300/0,v1:10.20.193.70:6789/0] conn(0x7f03e807eeb0 0x7f03e807d310 unknown :-1 s=NONE pgs=0 cs=0 l=0 rev1=0 crypto rx=0 tx=0 comp rx=0 tx=0).connect
2026-02-17T19:10:14.362 INFO:teuthology.orchestra.run.trial070.stdout:/usr/bin/ceph: stderr
2026-02-17T19:10:14.244+0000 7f03efaf5640 1 -- --> [v2:10.20.193.70:3300/0,v1:10.20.193.70:6789/0] -- mon_getmap magic: 0 -- 0x7f03e807d850 con 0x7f03e807eeb0
2026-02-17T19:10:14.362 INFO:teuthology.orchestra.run.trial070.stdout:/usr/bin/ceph: stderr
2026-02-17T19:10:14.244+0000 7f03ed86a640 1 --2- >> [v2:10.20.193.70:3300/0,v1:10.20.193.70:6789/0] conn(0x7f03e807eeb0 0x7f03e807d310 unknown :-1 s=BANNER_CONNECTING pgs=0 cs=0 l=0 rev1=0 crypto rx=0 tx=0 comp rx=0 tx=0)._handle_peer_banner_payload supported=3 required=0
2026-02-17T19:10:14.362 INFO:teuthology.orchestra.run.trial070.stdout:/usr/bin/ceph: stderr
2026-02-17T19:10:14.244+0000 7f03ed86a640 1 --2- >> [v2:10.20.193.70:3300/0,v1:10.20.193.70:6789/0] conn(0x7f03e807eeb0 0x7f03e807d310 unknown :-1 s=HELLO_CONNECTING pgs=0 cs=0 l=0 rev1=1 crypto rx=0 tx=0 comp rx=0 tx=0).handle_hello peer v2:10.20.193.70:3300/0 says I am v2:10.20.193.70:55436/0 (socket says 10.20.193.70:55436)
2026-02-17T19:10:14.362 INFO:teuthology.orchestra.run.trial070.stdout:/usr/bin/ceph: stderr
2026-02-17T19:10:14.244+0000 7f03ed86a640 1 -- 10.20.193.70:0/2661278817 learned_addr learned my addr 10.20.193.70:0/2661278817 (peer_addr_for_me v2:10.20.193.70:0/0)
2026-02-17T19:10:14.362 INFO:teuthology.orchestra.run.trial070.stdout:/usr/bin/ceph: stderr
2026-02-17T19:10:14.244+0000 7f03ed86a640 1 -- 10.20.193.70:0/2661278817 --> [v2:10.20.193.70:3300/0,v1:10.20.193.70:6789/0] -- mon_subscribe({config=0+,monmap=0+}) -- 0x7f03e807d9d0 con 0x7f03e807eeb0
2026-02-17T19:10:14.363 INFO:teuthology.orchestra.run.trial070.stdout:/usr/bin/ceph: stderr
2026-02-17T19:10:14.244+0000 7f03ed86a640 1 --2- 10.20.193.70:0/2661278817 >> [v2:10.20.193.70:3300/0,v1:10.20.193.70:6789/0] conn(0x7f03e807eeb0 0x7f03e807d310 secure :-1 s=READY pgs=72 cs=0 l=1 rev1=1 crypto rx=0x7f03d8009920 tx=0x7f03d802ef20 comp rx=0 tx=0).ready entity=mon.0 client_cookie=7249c2eb4812980d server_cookie=0 in_seq=0 out_seq=0
2026-02-17T19:10:14.363 INFO:teuthology.orchestra.run.trial070.stdout:/usr/bin/ceph: stderr
2026-02-17T19:10:14.245+0000 7f03ec868640 1 -- 10.20.193.70:0/2661278817 <== mon.0 v2:10.20.193.70:3300/0 1 ==== mon_map magic: 0 ==== 205+0+0 (secure 0 0 0) 0x7f03d803c070 con 0x7f03e807eeb0
2026-02-17T19:10:14.363 INFO:teuthology.orchestra.run.trial070.stdout:/usr/bin/ceph: stderr
2026-02-17T19:10:14.245+0000 7f03ec868640 1 -- 10.20.193.70:0/2661278817 <== mon.0 v2:10.20.193.70:3300/0 2 ==== config(26 keys) ==== 1076+0+0 (secure 0 0 0) 0x7f03d8037440 con 0x7f03e807eeb0
2026-02-17T19:10:14.363 INFO:teuthology.orchestra.run.trial070.stdout:/usr/bin/ceph: stderr
2026-02-17T19:10:14.245+0000 7f03ec868640 1 -- 10.20.193.70:0/2661278817 <== mon.0 v2:10.20.193.70:3300/0 3 ==== mon_map magic: 0 ==== 205+0+0 (secure 0 0 0) 0x7f03d80354d0 con 0x7f03e807eeb0
2026-02-17T19:10:14.363 INFO:teuthology.orchestra.run.trial070.stdout:/usr/bin/ceph: stderr
2026-02-17T19:10:14.245+0000 7f03efaf5640 1 -- 10.20.193.70:0/2661278817 >> [v2:10.20.193.70:3300/0,v1:10.20.193.70:6789/0] conn(0x7f03e807eeb0 msgr2=0x7f03e807d310 secure :-1 s=STATE_CONNECTION_ESTABLISHED l=1).mark_down
2026-02-17T19:10:14.363 INFO:teuthology.orchestra.run.trial070.stdout:/usr/bin/ceph: stderr
2026-02-17T19:10:14.245+0000 7f03efaf5640 1 --2- 10.20.193.70:0/2661278817 >> [v2:10.20.193.70:3300/0,v1:10.20.193.70:6789/0] conn(0x7f03e807eeb0 0x7f03e807d310 secure :-1 s=READY pgs=72 cs=0 l=1 rev1=1 crypto rx=0x7f03d8009920 tx=0x7f03d802ef20 comp rx=0 tx=0).stop
2026-02-17T19:10:14.363 INFO:teuthology.orchestra.run.trial070.stdout:/usr/bin/ceph: stderr
2026-02-17T19:10:14.245+0000 7f03efaf5640 1 -- 10.20.193.70:0/2661278817 shutdown_connections
2026-02-17T19:10:14.363 INFO:teuthology.orchestra.run.trial070.stdout:/usr/bin/ceph: stderr
2026-02-17T19:10:14.245+0000 7f03efaf5640 1 --2- 10.20.193.70:0/2661278817 >> [v2:10.20.193.70:3300/0,v1:10.20.193.70:6789/0] conn(0x7f03e807eeb0 0x7f03e807d310 unknown :-1 s=CLOSED pgs=72 cs=0 l=1 rev1=1 crypto rx=0 tx=0 comp rx=0 tx=0).stop
2026-02-17T19:10:14.363 INFO:teuthology.orchestra.run.trial070.stdout:/usr/bin/ceph: stderr
