2026-02-17T19:15:13.762+0000 7f3b277fe640 1 --2- 10.20.193.54:0/3366805940 >> [v2:10.20.193.54:3300/0,v1:10.20.193.54:6789/0] conn(0x7f3b281085b0 0x7f3b281089b0 secure :-1 s=READY pgs=16 cs=0 l=1 rev1=1 crypto rx=0x7f3b14009920 tx=0x7f3b1402ef20 comp rx=0 tx=0).ready entity=mon.0 client_cookie=b2f990bcf1375268 server_cookie=0 in_seq=0 out_seq=0
2026-02-17T19:15:13.920 INFO:teuthology.orchestra.run.trial054.stdout:/usr/bin/ceph: stderr
2026-02-17T19:15:13.762+0000 7f3b267fc640 1 -- 10.20.193.54:0/3366805940 <== mon.0 v2:10.20.193.54:3300/0 1 ==== mon_map magic: 0 ==== 205+0+0 (secure 0 0 0) 0x7f3b1403c070 con 0x7f3b281085b0
2026-02-17T19:15:13.920 INFO:teuthology.orchestra.run.trial054.stdout:/usr/bin/ceph: stderr
2026-02-17T19:15:13.762+0000 7f3b267fc640 1 -- 10.20.193.54:0/3366805940 <== mon.0 v2:10.20.193.54:3300/0 2 ==== config(28 keys) ==== 1114+0+0 (secure 0 0 0) 0x7f3b14037440 con 0x7f3b281085b0
2026-02-17T19:15:13.920 INFO:teuthology.orchestra.run.trial054.stdout:/usr/bin/ceph: stderr
2026-02-17T19:15:13.762+0000 7f3b267fc640 1 -- 10.20.193.54:0/3366805940 <== mon.0 v2:10.20.193.54:3300/0 3 ==== mon_map magic: 0 ==== 205+0+0 (secure 0 0 0) 0x7f3b140355e0 con 0x7f3b281085b0
2026-02-17T19:15:13.921 INFO:teuthology.orchestra.run.trial054.stdout:/usr/bin/ceph: stderr
2026-02-17T19:15:13.762+0000 7f3b2dc65640 1 -- 10.20.193.54:0/3366805940 >> [v2:10.20.193.54:3300/0,v1:10.20.193.54:6789/0] conn(0x7f3b281085b0 msgr2=0x7f3b281089b0 secure :-1 s=STATE_CONNECTION_ESTABLISHED l=1).mark_down
2026-02-17T19:15:13.921 INFO:teuthology.orchestra.run.trial054.stdout:/usr/bin/ceph: stderr
2026-02-17T19:15:13.762+0000 7f3b2dc65640 1 --2- 10.20.193.54:0/3366805940 >> [v2:10.20.193.54:3300/0,v1:10.20.193.54:6789/0] conn(0x7f3b281085b0 0x7f3b281089b0 secure :-1 s=READY pgs=16 cs=0 l=1 rev1=1 crypto rx=0x7f3b14009920 tx=0x7f3b1402ef20 comp rx=0 tx=0).stop
2026-02-17T19:15:13.921 INFO:teuthology.orchestra.run.trial054.stdout:/usr/bin/ceph: stderr
2026-02-17T19:15:13.762+0000 7f3b2dc65640 1 -- 10.20.193.54:0/3366805940 shutdown_connections
2026-02-17T19:15:13.921 INFO:teuthology.orchestra.run.trial054.stdout:/usr/bin/ceph: stderr
2026-02-17T19:15:13.762+0000 7f3b2dc65640 1 --2- 10.20.193.54:0/3366805940 >> [v2:10.20.193.54:3300/0,v1:10.20.193.54:6789/0] conn(0x7f3b281085b0 0x7f3b281089b0 unknown :-1 s=CLOSED pgs=16 cs=0 l=1 rev1=1 crypto rx=0 tx=0 comp rx=0 tx=0).stop
2026-02-17T19:15:13.921 INFO:teuthology.orchestra.run.trial054.stdout:/usr/bin/ceph: stderr
2026-02-17T19:15:13.762+0000 7f3b2dc65640 1 -- 10.20.193.54:0/3366805940 >> 10.20.193.54:0/3366805940 conn(0x7f3b28103d20 msgr2=0x7f3b28106180 unknown :-1 s=STATE_NONE l=0).mark_down
2026-02-17T19:15:13.921 INFO:teuthology.orchestra.run.trial054.stdout:/usr/bin/ceph: stderr
2026-02-17T19:15:13.762+0000 7f3b2dc65640 1 -- 10.20.193.54:0/3366805940 shutdown_connections
2026-02-17T19:15:13.921 INFO:teuthology.orchestra.run.trial054.stdout:/usr/bin/ceph: stderr
2026-02-17T19:15:13.762+0000 7f3b2dc65640 1 -- 10.20.193.54:0/3366805940 wait complete.
2026-02-17T19:15:13.921 INFO:teuthology.orchestra.run.trial054.stdout:/usr/bin/ceph: stderr
2026-02-17T19:15:13.763+0000 7f3b2dc65640 1 Processor -- start
2026-02-17T19:15:13.921 INFO:teuthology.orchestra.run.trial054.stdout:/usr/bin/ceph: stderr
2026-02-17T19:15:13.763+0000 7f3b2dc65640 1 -- start start
2026-02-17T19:15:13.921 INFO:teuthology.orchestra.run.trial054.stdout:/usr/bin/ceph: stderr
2026-02-17T19:15:13.763+0000 7f3b2dc65640 1 --2- >> [v2:10.20.193.54:3300/0,v1:10.20.193.54:6789/0] conn(0x7f3b281085b0 0x7f3b2807da30 unknown :-1 s=NONE pgs=0 cs=0 l=1 rev1=0 crypto rx=0 tx=0 comp rx=0 tx=0).connect
2026-02-17T19:15:13.921 INFO:teuthology.orchestra.run.trial054.stdout:/usr/bin/ceph: stderr
2026-02-17T19:15:13.763+0000 7f3b2dc65640 1 -- --> [v2:10.20.193.54:3300/0,v1:10.20.193.54:6789/0] -- mon_getmap magic: 0 -- 0x7f3b2810cb10 con 0x7f3b281085b0
2026-02-17T19:15:13.922 INFO:teuthology.orchestra.run.trial054.stdout:/usr/bin/ceph: stderr
2026-02-17T19:15:13.763+0000 7f3b277fe640 1 --2- >> [v2:10.20.193.54:3300/0,v1:10.20.193.54:6789/0] conn(0x7f3b281085b0 0x7f3b2807da30 unknown :-1 s=BANNER_CONNECTING pgs=0 cs=0 l=1 rev1=0 crypto rx=0 tx=0 comp rx=0 tx=0)._handle_peer_banner_payload supported=3 required=0
2026-02-17T19:15:13.922 INFO:teuthology.orchestra.run.trial054.stdout:/usr/bin/ceph: stderr
2026-02-17T19:15:13.763+0000 7f3b277fe640 1 --2- >> [v2:10.20.193.54:3300/0,v1:10.20.193.54:6789/0] conn(0x7f3b281085b0 0x7f3b2807da30 unknown :-1 s=HELLO_CONNECTING pgs=0 cs=0 l=1 rev1=1 crypto rx=0 tx=0 comp rx=0 tx=0).handle_hello peer v2:10.20.193.54:3300/0 says I am v2:10.20.193.54:37816/0 (socket says 10.20.193.54:37816)
2026-02-17T19:15:13.922 INFO:teuthology.orchestra.run.trial054.stdout:/usr/bin/ceph: stderr
2026-02-17T19:15:13.763+0000 7f3b277fe640 1 -- 10.20.193.54:0/1707326263 learned_addr learned my addr 10.20.193.54:0/1707326263 (peer_addr_for_me v2:10.20.193.54:0/0)
2026-02-17T19:15:13.922 INFO:teuthology.orchestra.run.trial054.stdout:/usr/bin/ceph: stderr
2026-02-17T19:15:13.763+0000 7f3b277fe640 1 -- 10.20.193.54:0/1707326263 --> [v2:10.20.193.54:3300/0,v1:10.20.193.54:6789/0] -- mon_subscribe({config=0+,monmap=0+}) -- 0x7f3b2807df70 con 0x7f3b281085b0
2026-02-17T19:15:13.922 INFO:teuthology.orchestra.run.trial054.stdout:/usr/bin/ceph: stderr
2026-02-17T19:15:13.763+0000 7f3b277fe640 1 --2- 10.20.193.54:0/1707326263 >> [v2:10.20.193.54:3300/0,v1:10.20.193.54:6789/0] conn(0x7f3b281085b0 0x7f3b2807da30 secure :-1 s=READY pgs=17 cs=0 l=1 rev1=1 crypto rx=0x7f3b14037fb0 tx=0x7f3b14037820 comp rx=0 tx=0).ready entity=mon.0 client_cookie=0 server_cookie=0 in_seq=0 out_seq=0
2026-02-17T19:15:13.922 INFO:teuthology.orchestra.run.trial054.stdout:/usr/bin/ceph: stderr
2026-02-17T19:15:13.763+0000 7f3b24ff9640 1 -- 10.20.193.54:0/1707326263 <== mon.0 v2:10.20.193.54:3300/0 1 ==== mon_map magic: 0 ==== 205+0+0 (secure 0 0 0) 0x7f3b14045070 con 0x7f3b281085b0
2026-02-17T19:15:13.922 INFO:teuthology.orchestra.run.trial054.stdout:/usr/bin/ceph: stderr
2026-02-17T19:15:13.763+0000 7f3b24ff9640 1 -- 10.20.193.54:0/1707326263 <== mon.0 v2:10.20.193.54:3300/0 2 ==== config(28 keys) ==== 1114+0+0 (secure 0 0 0) 0x7f3b14040450 con 0x7f3b281085b0
2026-02-17T19:15:13.922 INFO:teuthology.orchestra.run.trial054.stdout:/usr/bin/ceph: stderr
2026-02-17T19:15:13.763+0000 7f3b2dc65640 1 -- 10.20.193.54:0/1707326263 --> [v2:10.20.193.54:3300/0,v1:10.20.193.54:6789/0] -- mon_subscribe({mgrmap=0+}) -- 0x7f3b2807c160 con 0x7f3b281085b0
2026-02-17T19:15:13.922 INFO:teuthology.orchestra.run.trial054.stdout:/usr/bin/ceph: stderr
2026-02-17T19:15:13.763+0000 7f3b24ff9640 1 -- 10.20.193.54:0/1707326263 <== mon.0 v2:10.20.193.54:3300/0 3 ==== mon_map magic: 0 ==== 205+0+0 (secure 0 0 0) 0x7f3b1403c070 con 0x7f3b281085b0
2026-02-17T19:15:13.923 INFO:teuthology.orchestra.run.trial054.stdout:/usr/bin/ceph: stderr
2026-02-17T19:15:13.763+0000 7f3b2dc65640 1 -- 10.20.193.54:0/1707326263 --> [v2:10.20.193.54:3300/0,v1:10.20.193.54:6789/0] -- mon_subscribe({osdmap=0}) -- 0x7f3b2807c640 con 0x7f3b281085b0
2026-02-17T19:15:13.923 INFO:teuthology.orchestra.run.trial054.stdout:/usr/bin/ceph: stderr
2026-02-17T19:15:13.764+0000 7f3b2dc65640 1 -- 10.20.193.54:0/1707326263 --> [v2:10.20.193.54:3300/0,v1:10.20.193.54:6789/0] -- mon_command({"prefix": "get_command_descriptions"} v 0) -- 0x7f3b2810cc90 con 0x7f3b281085b0
2026-02-17T19:15:13.923 INFO:teuthology.orchestra.run.trial054.stdout:/usr/bin/ceph: stderr
2026-02-17T19:15:13.764+0000 7f3b24ff9640 1 -- 10.20.193.54:0/1707326263 <== mon.0 v2:10.20.193.54:3300/0 4 ==== mgrmap(e 3) ==== 50130+0+0 (secure 0 0 0) 0x7f3b14040600 con 0x7f3b281085b0
2026-02-17T19:15:13.923 INFO:teuthology.orchestra.run.trial054.stdout:/usr/bin/ceph: stderr
2026-02-17T19:15:13.764+0000 7f3b24ff9640 1 --2- 10.20.193.54:0/1707326263 >> [v2:10.20.193.54:6800/3234799558,v1:10.20.193.54:6801/3234799558] conn(0x7f3afc03da80 0x7f3afc03ff40 unknown :-1 s=NONE pgs=0 cs=0 l=1 rev1=0 crypto rx=0 tx=0 comp rx=0 tx=0).connect
2026-02-17T19:15:13.923 INFO:teuthology.orchestra.run.trial054.stdout:/usr/bin/ceph: stderr
2026-02-17T19:15:13.764+0000 7f3b24ff9640 1 -- 10.20.193.54:0/1707326263 <== mon.0 v2:10.20.193.54:3300/0 5 ==== osd_map(1..1 src has 1..1) ==== 725+0+0 (secure 0 0 0) 0x7f3b14076460 con 0x7f3b281085b0
2026-02-17T19:15:13.923 INFO:teuthology.orchestra.run.trial054.stdout:/usr/bin/ceph: stderr
2026-02-17T19:15:13.764+0000 7f3b26ffd640 1 --2- 10.20.193.54:0/1707326263 >> [v2:10.20.193.54:6800/3234799558,v1:10.20.193.54:6801/3234799558] conn(0x7f3afc03da80 0x7f3afc03ff40 unknown :-1 s=BANNER_CONNECTING pgs=0 cs=0 l=1 rev1=0 crypto rx=0 tx=0 comp rx=0 tx=0)._handle_peer_banner_payload supported=3 required=0
2026-02-17T19:15:13.923 INFO:teuthology.orchestra.run.trial054.stdout:/usr/bin/ceph: stderr
2026-02-17T19:15:13.764+0000 7f3b26ffd640 1 --2- 10.20.193.54:0/1707326263 >> [v2:10.20.193.54:6800/3234799558,v1:10.20.193.54:6801/3234799558] conn(0x7f3afc03da80 0x7f3afc03ff40 secure :-1 s=READY pgs=6 cs=0 l=1 rev1=1 crypto rx=0x7f3b180099c0 tx=0x7f3b18006eb0 comp rx=0 tx=0).ready entity=mgr.14100 client_cookie=0 server_cookie=0 in_seq=0 out_seq=0
2026-02-17T19:15:13.923 INFO:teuthology.orchestra.run.trial054.stdout:/usr/bin/ceph: stderr
2026-02-17T19:15:13.767+0000 7f3b24ff9640 1 -- 10.20.193.54:0/1707326263 <== mon.0 v2:10.20.193.54:3300/0 6 ==== mon_command_ack([{"prefix": "get_command_descriptions"}]=0 v0) ==== 72+0+195034 (secure 0 0 0) 0x7f3b14033200 con 0x7f3b281085b0
2026-02-17T19:15:13.923 INFO:teuthology.orchestra.run.trial054.stdout:/usr/bin/ceph: stderr
2026-02-17T19:15:13.881+0000 7f3b2dc65640 1 -- 10.20.193.54:0/1707326263 --> [v2:10.20.193.54:3300/0,v1:10.20.193.54:6789/0] -- mon_command({"prefix": "status", "format": "json-pretty"} v 0) -- 0x7f3b2807ce30 con 0x7f3b281085b0
2026-02-17T19:15:13.923 INFO:teuthology.orchestra.run.trial054.stdout:/usr/bin/ceph: stderr
2026-02-17T19:15:13.881+0000 7f3b24ff9640 1 -- 10.20.193.54:0/1707326263 <== mon.0 v2:10.20.193.54:3300/0 7 ==== mon_command_ack([{"prefix": "status", "format": "json-pretty"}]=0 v0) ==== 79+0+1290 (secure 0 0 0) 0x7f3b14040a00 con 0x7f3b281085b0
2026-02-17T19:15:13.923 INFO:teuthology.orchestra.run.trial054.stdout:/usr/bin/ceph: stderr
2026-02-17T19:15:13.881+0000 7f3b2dc65640 1 -- 10.20.193.54:0/1707326263 >> [v2:10.20.193.54:6800/3234799558,v1:10.20.193.54:6801/3234799558] conn(0x7f3afc03da80 msgr2=0x7f3afc03ff40 secure :-1 s=STATE_CONNECTION_ESTABLISHED l=1).mark_down
2026-02-17T19:15:13.924 INFO:teuthology.orchestra.run.trial054.stdout:/usr/bin/ceph: stderr
2026-02-17T19:15:13.881+0000 7f3b2dc65640 1 --2- 10.20.193.54:0/1707326263 >> [v2:10.20.193.54:6800/3234799558,v1:10.20.193.54:6801/3234799558] conn(0x7f3afc03da80 0x7f3afc03ff40 secure :-1 s=READY pgs=6 cs=0 l=1 rev1=1 crypto rx=0x7f3b180099c0 tx=0x7f3b18006eb0 comp rx=0 tx=0).stop
2026-02-17T19:15:13.924 INFO:teuthology.orchestra.run.trial054.stdout:/usr/bin/ceph: stderr
2026-02-17T19:15:13.882+0000 7f3b2dc65640 1 -- 10.20.193.54:0/1707326263 >> [v2:10.20.193.54:3300/0,v1:10.20.193.54:6789/0] conn(0x7f3b281085b0 msgr2=0x7f3b2807da30 secure :-1 s=STATE_CONNECTION_ESTABLISHED l=1).mark_down
2026-02-17T19:15:13.924 INFO:teuthology.orchestra.run.trial054.stdout:/usr/bin/ceph: stderr
2026-02-17T19:15:13.882+0000 7f3b2dc65640 1 --2- 10.20.193.54:0/1707326263 >> [v2:10.20.193.54:3300/0,v1:10.20.193.54:6789/0] conn(0x7f3b281085b0 0x7f3b2807da30 secure :-1 s=READY pgs=17 cs=0 l=1 rev1=1 crypto rx=0x7f3b14037fb0 tx=0x7f3b14037820 comp rx=0 tx=0).stop
2026-02-17T19:15:13.924 INFO:teuthology.orchestra.run.trial054.stdout:/usr/bin/ceph: stderr
2026-02-17T19:15:13.882+0000 7f3b2dc65640 1 -- 10.20.193.54:0/1707326263 shutdown_connections
2026-02-17T19:15:13.924 INFO:teuthology.orchestra.run.trial054.stdout:/usr/bin/ceph: stderr
2026-02-17T19:15:13.882+0000 7f3b2dc65640 1 --2- 10.20.193.54:0/1707326263 >> [v2:10.20.193.54:6800/3234799558,v1:10.20.193.54:6801/3234799558] conn(0x7f3afc03da80 0x7f3afc03ff40 unknown :-1 s=CLOSED pgs=6 cs=0 l=1 rev1=1 crypto rx=0 tx=0 comp rx=0 tx=0).stop
2026-02-17T19:15:13.924 INFO:teuthology.orchestra.run.trial054.stdout:/usr/bin/ceph: stderr
2026-02-17T19:15:13.882+0000 7f3b2dc65640 1 --2- 10.20.193.54:0/1707326263 >> [v2:10.20.193.54:3300/0,v1:10.20.193.54:6789/0] conn(0x7f3b281085b0 0x7f3b2807da30 unknown :-1 s=CLOSED pgs=17 cs=0 l=1 rev1=1 crypto rx=0 tx=0 comp rx=0 tx=0).stop
2026-02-17T19:15:13.924 INFO:teuthology.orchestra.run.trial054.stdout:/usr/bin/ceph: stderr
2026-02-17T19:15:13.882+0000 7f3b2dc65640 1 -- 10.20.193.54:0/1707326263 >> 10.20.193.54:0/1707326263 conn(0x7f3b28103d20 msgr2=0x7f3b28104900 unknown :-1 s=STATE_NONE l=0).mark_down
2026-02-17T19:15:13.924 INFO:teuthology.orchestra.run.trial054.stdout:/usr/bin/ceph: stderr
2026-02-17T19:15:13.882+0000 7f3b2dc65640 1 -- 10.20.193.54:0/1707326263 shutdown_connections
2026-02-17T19:15:13.924 INFO:teuthology.orchestra.run.trial054.stdout:/usr/bin/ceph: stderr
2026-02-17T19:15:13.882+0000 7f3b2dc65640 1 -- 10.20.193.54:0/1707326263 wait complete.
2026-02-17T19:15:13.924 INFO:teuthology.orchestra.run.trial054.stdout:mgr is available
2026-02-17T19:15:14.115 INFO:teuthology.orchestra.run.trial054.stdout:/usr/bin/ceph: stdout
2026-02-17T19:15:14.115 INFO:teuthology.orchestra.run.trial054.stdout:/usr/bin/ceph: stdout [global]
2026-02-17T19:15:14.115 INFO:teuthology.orchestra.run.trial054.stdout:/usr/bin/ceph: stdout fsid = f151e04f-0c34-11f1-88e1-d404e6e7d460
2026-02-17T19:15:14.116 INFO:teuthology.orchestra.run.trial054.stdout:/usr/bin/ceph: stdout mon_cluster_log_file_level = debug
2026-02-17T19:15:14.116 INFO:teuthology.orchestra.run.trial054.stdout:/usr/bin/ceph: stdout mon_host = [v2:10.20.193.54:3300,v1:10.20.193.54:6789]
2026-02-17T19:15:14.116 INFO:teuthology.orchestra.run.trial054.stdout:/usr/bin/ceph: stdout mon_osd_allow_pg_remap = true
2026-02-17T19:15:14.116 INFO:teuthology.orchestra.run.trial054.stdout:/usr/bin/ceph: stdout mon_osd_allow_primary_affinity = true
2026-02-17T19:15:14.116 INFO:teuthology.orchestra.run.trial054.stdout:/usr/bin/ceph: stdout mon_warn_on_no_sortbitwise = false
2026-02-17T19:15:14.116 INFO:teuthology.orchestra.run.trial054.stdout:/usr/bin/ceph: stdout osd_crush_chooseleaf_type = 0
2026-02-17T19:15:14.116 INFO:teuthology.orchestra.run.trial054.stdout:/usr/bin/ceph: stdout
2026-02-17T19:15:14.116 INFO:teuthology.orchestra.run.trial054.stdout:/usr/bin/ceph: stdout [mgr]
2026-02-17T19:15:14.116 INFO:teuthology.orchestra.run.trial054.stdout:/usr/bin/ceph: stdout mgr/telemetry/nag = false
2026-02-17T19:15:14.116 INFO:teuthology.orchestra.run.trial054.stdout:/usr/bin/ceph: stdout
2026-02-17T19:15:14.116 INFO:teuthology.orchestra.run.trial054.stdout:/usr/bin/ceph: stdout [osd]
2026-02-17T19:15:14.117 INFO:teuthology.orchestra.run.trial054.stdout:/usr/bin/ceph: stdout mon_osd_backfillfull_ratio = 0.85
2026-02-17T19:15:14.117 INFO:teuthology.orchestra.run.trial054.stdout:/usr/bin/ceph: stdout mon_osd_full_ratio = 0.9
2026-02-17T19:15:14.117 INFO:teuthology.orchestra.run.trial054.stdout:/usr/bin/ceph: stdout mon_osd_nearfull_ratio = 0.8
2026-02-17T19:15:14.117 INFO:teuthology.orchestra.run.trial054.stdout:/usr/bin/ceph: stdout osd_map_max_advance = 10
2026-02-17T19:15:14.117 INFO:teuthology.orchestra.run.trial054.stdout:/usr/bin/ceph: stdout osd_sloppy_crc = true
2026-02-17T19:15:14.117 INFO:teuthology.orchestra.run.trial054.stdout:/usr/bin/ceph: stderr
2026-02-17T19:15:13.997+0000 7f39c19e6640 1 Processor -- start
2026-02-17T19:15:14.117 INFO:teuthology.orchestra.run.trial054.stdout:/usr/bin/ceph: stderr
2026-02-17T19:15:13.997+0000 7f39c19e6640 1 -- start start
2026-02-17T19:15:14.117 INFO:teuthology.orchestra.run.trial054.stdout:/usr/bin/ceph: stderr
2026-02-17T19:15:13.997+0000 7f39c19e6640 1 --2- >> [v2:10.20.193.54:3300/0,v1:10.20.193.54:6789/0] conn(0x7f39bc10a850 0x7f39bc10ac50 unknown :-1 s=NONE pgs=0 cs=0 l=0 rev1=0 crypto rx=0 tx=0 comp rx=0 tx=0).connect
2026-02-17T19:15:14.117 INFO:teuthology.orchestra.run.trial054.stdout:/usr/bin/ceph: stderr
2026-02-17T19:15:13.997+0000 7f39c19e6640 1 -- --> [v2:10.20.193.54:3300/0,v1:10.20.193.54:6789/0] -- mon_getmap magic: 0 -- 0x7f39bc10b220 con 0x7f39bc10a850
2026-02-17T19:15:14.117 INFO:teuthology.orchestra.run.trial054.stdout:/usr/bin/ceph: stderr
2026-02-17T19:15:13.997+0000 7f39baffd640 1 --2- >> [v2:10.20.193.54:3300/0,v1:10.20.193.54:6789/0] conn(0x7f39bc10a850 0x7f39bc10ac50 unknown :-1 s=BANNER_CONNECTING pgs=0 cs=0 l=0 rev1=0 crypto rx=0 tx=0 comp rx=0 tx=0)._handle_peer_banner_payload supported=3 required=0
2026-02-17T19:15:14.118 INFO:teuthology.orchestra.run.trial054.stdout:/usr/bin/ceph: stderr
2026-02-17T19:15:13.997+0000 7f39baffd640 1 --2- >> [v2:10.20.193.54:3300/0,v1:10.20.193.54:6789/0] conn(0x7f39bc10a850 0x7f39bc10ac50 unknown :-1 s=HELLO_CONNECTING pgs=0 cs=0 l=0 rev1=1 crypto rx=0 tx=0 comp rx=0 tx=0).handle_hello peer v2:10.20.193.54:3300/0 says I am v2:10.20.193.54:37820/0 (socket says 10.20.193.54:37820)
2026-02-17T19:15:14.118 INFO:teuthology.orchestra.run.trial054.stdout:/usr/bin/ceph: stderr
2026-02-17T19:15:13.997+0000 7f39baffd640 1 -- 10.20.193.54:0/1765424452 learned_addr learned my addr 10.20.193.54:0/1765424452 (peer_addr_for_me v2:10.20.193.54:0/0)
2026-02-17T19:15:14.118 INFO:teuthology.orchestra.run.trial054.stdout:/usr/bin/ceph: stderr
2026-02-17T19:15:13.997+0000 7f39baffd640 1 -- 10.20.193.54:0/1765424452 --> [v2:10.20.193.54:3300/0,v1:10.20.193.54:6789/0] -- mon_subscribe({config=0+,monmap=0+}) -- 0x7f39bc10ba50 con 0x7f39bc10a850
2026-02-17T19:15:14.118 INFO:teuthology.orchestra.run.trial054.stdout:/usr/bin/ceph: stderr
2026-02-17T19:15:13.997+0000 7f39baffd640 1 --2- 10.20.193.54:0/1765424452 >> [v2:10.20.193.54:3300/0,v1:10.20.193.54:6789/0] conn(0x7f39bc10a850 0x7f39bc10ac50 secure :-1 s=READY pgs=18 cs=0 l=1 rev1=1 crypto rx=0x7f39b0009920 tx=0x7f39b002ef20 comp rx=0 tx=0).ready entity=mon.0 client_cookie=2741328c35b6ec08 server_cookie=0 in_seq=0 out_seq=0
2026-02-17T19:15:14.118 INFO:teuthology.orchestra.run.trial054.stdout:/usr/bin/ceph: stderr
2026-02-17T19:15:13.997+0000 7f39b9ffb640 1 -- 10.20.193.54:0/1765424452 <== mon.0 v2:10.20.193.54:3300/0 1 ==== mon_map magic: 0 ==== 205+0+0 (secure 0 0 0) 0x7f39b003c070 con 0x7f39bc10a850
2026-02-17T19:15:14.118 INFO:teuthology.orchestra.run.trial054.stdout:/usr/bin/ceph: stderr
2026-02-17T19:15:13.998+0000 7f39b9ffb640 1 -- 10.20.193.54:0/1765424452 <== mon.0 v2:10.20.193.54:3300/0 2 ==== config(28 keys) ==== 1114+0+0 (secure 0 0 0) 0x7f39b0037440 con 0x7f39bc10a850
2026-02-17T19:15:14.118 INFO:teuthology.orchestra.run.trial054.stdout:/usr/bin/ceph: stderr
2026-02-17T19:15:13.998+0000 7f39b9ffb640 1 -- 10.20.193.54:0/1765424452 <== mon.0 v2:10.20.193.54:3300/0 3 ==== mon_map magic: 0 ==== 205+0+0 (secure 0 0 0) 0x7f39b00355e0 con 0x7f39bc10a850
2026-02-17T19:15:14.118 INFO:teuthology.orchestra.run.trial054.stdout:/usr/bin/ceph: stderr
2026-02-17T19:15:13.998+0000 7f39c19e6640 1 -- 10.20.193.54:0/1765424452 >> [v2:10.20.193.54:3300/0,v1:10.20.193.54:6789/0] conn(0x7f39bc10a850 msgr2=0x7f39bc10ac50 secure :-1 s=STATE_CONNECTION_ESTABLISHED l=1).mark_down
2026-02-17T19:15:14.118 INFO:teuthology.orchestra.run.trial054.stdout:/usr/bin/ceph: stderr
2026-02-17T19:15:13.998+0000 7f39c19e6640 1 --2- 10.20.193.54:0/1765424452 >> [v2:10.20.193.54:3300/0,v1:10.20.193.54:6789/0] conn(0x7f39bc10a850 0x7f39bc10ac50 secure :-1 s=READY pgs=18 cs=0 l=1 rev1=1 crypto rx=0x7f39b0009920 tx=0x7f39b002ef20 comp rx=0 tx=0).stop
2026-02-17T19:15:14.118 INFO:teuthology.orchestra.run.trial054.stdout:/usr/bin/ceph: stderr
2026-02-17T19:15:13.998+0000 7f39c19e6640 1 -- 10.20.193.54:0/1765424452 shutdown_connections
2026-02-17T19:15:14.119 INFO:teuthology.orchestra.run.trial054.stdout:/usr/bin/ceph: stderr
2026-02-17T19:15:13.998+0000 7f39c19e6640 1 --2- 10.20.193.54:0/1765424452 >> [v2:10.20.193.54:3300/0,v1:10.20.193.54:6789/0] conn(0x7f39bc10a850 0x7f39bc10ac50 unknown :-1 s=CLOSED pgs=18 cs=0 l=1 rev1=1 crypto rx=0 tx=0 comp rx=0 tx=0).stop
2026-02-17T19:15:14.119 INFO:teuthology.orchestra.run.trial054.stdout:/usr/bin/ceph: stderr
2026-02-17T19:15:13.998+0000 7f39c19e6640 1 -- 10.20.193.54:0/1765424452 >> 10.20.193.54:0/1765424452 conn(0x7f39bc07dd50 msgr2=0x7f39bc108510 unknown :-1 s=STATE_NONE l=0).mark_down
2026-02-17T19:15:14.119 INFO:teuthology.orchestra.run.trial054.stdout:/usr/bin/ceph: stderr
2026-02-17T19:15:13.998+0000 7f39c19e6640 1 -- 10.20.193.54:0/1765424452 shutdown_connections
2026-02-17T19:15:14.119 INFO:teuthology.orchestra.run.trial054.stdout:/usr/bin/ceph: stderr
2026-02-17T19:15:13.998+0000 7f39c19e6640 1 -- 10.20.193.54:0/1765424452 wait complete.
2026-02-17T19:15:14.119 INFO:teuthology.orchestra.run.trial054.stdout:/usr/bin/ceph: stderr
2026-02-17T19:15:13.998+0000 7f39c19e6640 1 Processor -- start
2026-02-17T19:15:14.119 INFO:teuthology.orchestra.run.trial054.stdout:/usr/bin/ceph: stderr
2026-02-17T19:15:13.998+0000 7f39c19e6640 1 -- start start
2026-02-17T19:15:14.119 INFO:teuthology.orchestra.run.trial054.stdout:/usr/bin/ceph: stderr
2026-02-17T19:15:13.998+0000 7f39c19e6640 1 --2- >> [v2:10.20.193.54:3300/0,v1:10.20.193.54:6789/0] conn(0x7f39bc10a850 0x7f39bc1a0700 unknown :-1 s=NONE pgs=0 cs=0 l=1 rev1=0 crypto rx=0 tx=0 comp rx=0 tx=0).connect
2026-02-17T19:15:14.119 INFO:teuthology.orchestra.run.trial054.stdout:/usr/bin/ceph: stderr
2026-02-17T19:15:13.998+0000 7f39c19e6640 1 -- --> [v2:10.20.193.54:3300/0,v1:10.20.193.54:6789/0] -- mon_getmap magic: 0 -- 0x7f39bc10ee00 con 0x7f39bc10a850
2026-02-17T19:15:14.119 INFO:teuthology.orchestra.run.trial054.stdout:/usr/bin/ceph: stderr
2026-02-17T19:15:13.998+0000 7f39baffd640 1 --2- >> [v2:10.20.193.54:3300/0,v1:10.20.193.54:6789/0] conn(0x7f39bc10a850 0x7f39bc1a0700 unknown :-1 s=BANNER_CONNECTING pgs=0 cs=0 l=1 rev1=0 crypto rx=0 tx=0 comp rx=0 tx=0)._handle_peer_banner_payload supported=3 required=0
2026-02-17T19:15:14.119 INFO:teuthology.orchestra.run.trial054.stdout:/usr/bin/ceph: stderr
2026-02-17T19:15:13.998+0000 7f39baffd640 1 --2- >> [v2:10.20.193.54:3300/0,v1:10.20.193.54:6789/0] conn(0x7f39bc10a850 0x7f39bc1a0700 unknown :-1 s=HELLO_CONNECTING pgs=0 cs=0 l=1 rev1=1 crypto rx=0 tx=0 comp rx=0 tx=0).handle_hello peer v2:10.20.193.54:3300/0 says I am v2:10.20.193.54:37822/0 (socket says 10.20.193.54:37822)
2026-02-17T19:15:14.119 INFO:teuthology.orchestra.run.trial054.stdout:/usr/bin/ceph: stderr
2026-02-17T19:15:13.998+0000 7f39baffd640 1 -- 10.20.193.54:0/3917569316 learned_addr learned my addr 10.20.193.54:0/3917569316 (peer_addr_for_me v2:10.20.193.54:0/0)
2026-02-17T19:15:14.119 INFO:teuthology.orchestra.run.trial054.stdout:/usr/bin/ceph: stderr
2026-02-17T19:15:13.999+0000 7f39baffd640 1 -- 10.20.193.54:0/3917569316 --> [v2:10.20.193.54:3300/0,v1:10.20.193.54:6789/0] -- mon_subscribe({config=0+,monmap=0+}) -- 0x7f39bc1a0c40 con 0x7f39bc10a850
2026-02-17T19:15:14.120 INFO:teuthology.orchestra.run.trial054.stdout:/usr/bin/ceph: stderr
2026-02-17T19:15:13.999+0000 7f39baffd640 1 --2- 10.20.193.54:0/3917569316 >> [v2:10.20.193.54:3300/0,v1:10.20.193.54:6789/0] conn(0x7f39bc10a850 0x7f39bc1a0700 secure :-1 s=READY pgs=19 cs=0 l=1 rev1=1 crypto rx=0x7f39b0009a50 tx=0x7f39b0037820 comp rx=0 tx=0).ready entity=mon.0 client_cookie=0 server_cookie=0 in_seq=0 out_seq=0
2026-02-17T19:15:14.120 INFO:teuthology.orchestra.run.trial054.stdout:/usr/bin/ceph: stderr
2026-02-17T19:15:13.999+0000 7f39c09e4640 1 -- 10.20.193.54:0/3917569316 <== mon.0 v2:10.20.193.54:3300/0 1 ==== mon_map magic: 0 ==== 205+0+0 (secure 0 0 0) 0x7f39b0045070 con 0x7f39bc10a850
2026-02-17T19:15:14.120 INFO:teuthology.orchestra.run.trial054.stdout:/usr/bin/ceph: stderr
2026-02-17T19:15:13.999+0000 7f39c09e4640 1 -- 10.20.193.54:0/3917569316 <== mon.0 v2:10.20.193.54:3300/0 2 ==== config(28 keys) ==== 1114+0+0 (secure 0 0 0) 0x7f39b0037bc0 con 0x7f39bc10a850
2026-02-17T19:15:14.120 INFO:teuthology.orchestra.run.trial054.stdout:/usr/bin/ceph: stderr
2026-02-17T19:15:13.999+0000 7f39c19e6640 1 -- 10.20.193.54:0/3917569316 --> [v2:10.20.193.54:3300/0,v1:10.20.193.54:6789/0] -- mon_subscribe({mgrmap=0+}) -- 0x7f39bc1a0ed0 con 0x7f39bc10a850
2026-02-17T19:15:14.120 INFO:teuthology.orchestra.run.trial054.stdout:/usr/bin/ceph: stderr
2026-02-17T19:15:13.999+0000 7f39c09e4640 1 -- 10.20.193.54:0/3917569316 <== mon.0 v2:10.20.193.54:3300/0 3 ==== mon_map magic: 0 ==== 205+0+0 (secure 0 0 0) 0x7f39b003c070 con 0x7f39bc10a850
2026-02-17T19:15:14.120 INFO:teuthology.orchestra.run.trial054.stdout:/usr/bin/ceph: stderr
2026-02-17T19:15:13.999+0000 7f39c19e6640 1 -- 10.20.193.54:0/3917569316 --> [v2:10.20.193.54:3300/0,v1:10.20.193.54:6789/0] -- mon_subscribe({osdmap=0}) -- 0x7f39bc1a3bc0 con 0x7f39bc10a850
2026-02-17T19:15:14.120 INFO:teuthology.orchestra.run.trial054.stdout:/usr/bin/ceph: stderr
2026-02-17T19:15:13.999+0000 7f39c19e6640 1 -- 10.20.193.54:0/3917569316 --> [v2:10.20.193.54:3300/0,v1:10.20.193.54:6789/0] -- mon_command({"prefix": "get_command_descriptions"} v 0) -- 0x7f39bc10ef80 con 0x7f39bc10a850
2026-02-17T19:15:14.120 INFO:teuthology.orchestra.run.trial054.stdout:/usr/bin/ceph: stderr
2026-02-17T19:15:13.999+0000 7f39c09e4640 1 -- 10.20.193.54:0/3917569316 <== mon.0 v2:10.20.193.54:3300/0 4 ==== mgrmap(e 4) ==== 50236+0+0 (secure 0 0 0) 0x7f39b00493b0 con 0x7f39bc10a850
2026-02-17T19:15:14.120 INFO:teuthology.orchestra.run.trial054.stdout:/usr/bin/ceph: stderr
2026-02-17T19:15:14.000+0000 7f39c09e4640 1 --2- 10.20.193.54:0/3917569316 >> [v2:10.20.193.54:6800/3234799558,v1:10.20.193.54:6801/3234799558] conn(0x7f399003db40 0x7f3990040000 unknown :-1 s=NONE pgs=0 cs=0 l=1 rev1=0 crypto rx=0 tx=0 comp rx=0 tx=0).connect
2026-02-17T19:15:14.120 INFO:teuthology.orchestra.run.trial054.stdout:/usr/bin/ceph: stderr
2026-02-17T19:15:14.000+0000 7f39c09e4640 1 -- 10.20.193.54:0/3917569316 <== mon.0 v2:10.20.193.54:3300/0 5 ==== osd_map(1..1 src has 1..1) ==== 725+0+0 (secure 0 0 0) 0x7f39b0076600 con 0x7f39bc10a850
2026-02-17T19:15:14.120 INFO:teuthology.orchestra.run.trial054.stdout:/usr/bin/ceph: stderr
2026-02-17T19:15:14.000+0000 7f39ba7fc640 1 --2- 10.20.193.54:0/3917569316 >> [v2:10.20.193.54:6800/3234799558,v1:10.20.193.54:6801/3234799558] conn(0x7f399003db40 0x7f3990040000 unknown :-1 s=BANNER_CONNECTING pgs=0 cs=0 l=1 rev1=0 crypto rx=0 tx=0 comp rx=0 tx=0)._handle_peer_banner_payload supported=3 required=0
2026-02-17T19:15:14.121 INFO:teuthology.orchestra.run.trial054.stdout:/usr/bin/ceph: stderr
2026-02-17T19:15:14.000+0000 7f39ba7fc640 1 --2- 10.20.193.54:0/3917569316 >> [v2:10.20.193.54:6800/3234799558,v1:10.20.193.54:6801/3234799558] conn(0x7f399003db40 0x7f3990040000 secure :-1 s=READY pgs=7 cs=0 l=1 rev1=1 crypto rx=0x7f39a40099c0 tx=0x7f39a4006eb0 comp rx=0 tx=0).ready entity=mgr.14100 client_cookie=0 server_cookie=0 in_seq=0 out_seq=0
2026-02-17T19:15:14.121 INFO:teuthology.orchestra.run.trial054.stdout:/usr/bin/ceph: stderr
2026-02-17T19:15:14.002+0000 7f39c09e4640 1 -- 10.20.193.54:0/3917569316 <== mon.0 v2:10.20.193.54:3300/0 6 ==== mon_command_ack([{"prefix": "get_command_descriptions"}]=0 v0) ==== 72+0+195034 (secure 0 0 0) 0x7f39b0076020 con 0x7f39bc10a850
2026-02-17T19:15:14.121 INFO:teuthology.orchestra.run.trial054.stdout:/usr/bin/ceph: stderr
2026-02-17T19:15:14.085+0000 7f39c19e6640 1 -- 10.20.193.54:0/3917569316 --> [v2:10.20.193.54:3300/0,v1:10.20.193.54:6789/0] -- mon_command({"prefix": "config assimilate-conf"} v 0) -- 0x7f39bc10acd0 con 0x7f39bc10a850
2026-02-17T19:15:14.121 INFO:teuthology.orchestra.run.trial054.stdout:/usr/bin/ceph: stderr
2026-02-17T19:15:14.086+0000 7f39c09e4640 1 -- 10.20.193.54:0/3917569316 <== mon.0 v2:10.20.193.54:3300/0 7 ==== mon_command_ack([{"prefix": "config assimilate-conf"}]=0 v3) ==== 70+0+465 (secure 0 0 0) 0x7f39bc10acd0 con 0x7f39bc10a850
2026-02-17T19:15:14.121 INFO:teuthology.orchestra.run.trial054.stdout:/usr/bin/ceph: stderr
2026-02-17T19:15:14.086+0000 7f39c19e6640 1 -- 10.20.193.54:0/3917569316 >> [v2:10.20.193.54:6800/3234799558,v1:10.20.193.54:6801/3234799558] conn(0x7f399003db40 msgr2=0x7f3990040000 secure :-1 s=STATE_CONNECTION_ESTABLISHED l=1).mark_down
2026-02-17T19:15:14.121 INFO:teuthology.orchestra.run.trial054.stdout:/usr/bin/ceph: stderr
2026-02-17T19:15:14.086+0000 7f39c19e6640 1 --2- 10.20.193.54:0/3917569316 >> [v2:10.20.193.54:6800/3234799558,v1:10.20.193.54:6801/3234799558] conn(0x7f399003db40 0x7f3990040000 secure :-1 s=READY pgs=7 cs=0 l=1 rev1=1 crypto rx=0x7f39a40099c0 tx=0x7f39a4006eb0 comp rx=0 tx=0).stop
2026-02-17T19:15:14.121 INFO:teuthology.orchestra.run.trial054.stdout:/usr/bin/ceph: stderr
2026-02-17T19:15:14.086+0000 7f39c19e6640 1 -- 10.20.193.54:0/3917569316 >> [v2:10.20.193.54:3300/0,v1:10.20.193.54:6789/0] conn(0x7f39bc10a850 msgr2=0x7f39bc1a0700 secure :-1 s=STATE_CONNECTION_ESTABLISHED l=1).mark_down
2026-02-17T19:15:14.121 INFO:teuthology.orchestra.run.trial054.stdout:/usr/bin/ceph: stderr
2026-02-17T19:15:14.086+0000 7f39c19e6640 1 --2- 10.20.193.54:0/3917569316 >> [v2:10.20.193.54:3300/0,v1:10.20.193.54:6789/0] conn(0x7f39bc10a850 0x7f39bc1a0700 secure :-1 s=READY pgs=19 cs=0 l=1 rev1=1 crypto rx=0x7f39b0009a50 tx=0x7f39b0037820 comp rx=0 tx=0).stop
2026-02-17T19:15:14.121 INFO:teuthology.orchestra.run.trial054.stdout:/usr/bin/ceph: stderr
2026-02-17T19:15:14.086+0000 7f39c19e6640 1 -- 10.20.193.54:0/3917569316 shutdown_connections
2026-02-17T19:15:14.121 INFO:teuthology.orchestra.run.trial054.stdout:/usr/bin/ceph: stderr
2026-02-17T19:15:14.086+0000 7f39c19e6640 1 --2- 10.20.193.54:0/3917569316 >> [v2:10.20.193.54:6800/3234799558,v1:10.20.193.54:6801/3234799558] conn(0x7f399003db40 0x7f3990040000 unknown :-1 s=CLOSED pgs=7 cs=0 l=1 rev1=1 crypto rx=0 tx=0 comp rx=0 tx=0).stop
2026-02-17T19:15:14.121 INFO:teuthology.orchestra.run.trial054.stdout:/usr/bin/ceph: stderr
2026-02-17T19:15:14.086+0000 7f39c19e6640 1 --2- 10.20.193.54:0/3917569316 >> [v2:10.20.193.54:3300/0,v1:10.20.193.54:6789/0] conn(0x7f39bc10a850 0x7f39bc1a0700 unknown :-1 s=CLOSED pgs=19 cs=0 l=1 rev1=1 crypto rx=0 tx=0 comp rx=0 tx=0).stop
2026-02-17T19:15:14.121 INFO:teuthology.orchestra.run.trial054.stdout:/usr/bin/ceph: stderr
2026-02-17T19:15:14.086+0000 7f39c19e6640 1 -- 10.20.193.54:0/3917569316 >> 10.20.193.54:0/3917569316 conn(0x7f39bc07dd50 msgr2=0x7f39bc107be0 unknown :-1 s=STATE_NONE l=0).mark_down
2026-02-17T19:15:14.122 INFO:teuthology.orchestra.run.trial054.stdout:/usr/bin/ceph: stderr
2026-02-17T19:15:14.086+0000 7f39c19e6640 1 -- 10.20.193.54:0/3917569316 shutdown_connections
2026-02-17T19:15:14.122 INFO:teuthology.orchestra.run.trial054.stdout:/usr/bin/ceph: stderr
2026-02-17T19:15:14.086+0000 7f39c19e6640 1 -- 10.20.193.54:0/3917569316 wait complete.
2026-02-17T19:15:14.122 INFO:teuthology.orchestra.run.trial054.stdout:Enabling cephadm module...
2026-02-17T19:15:14.207 INFO:journalctl@ceph.mon.a.trial054.stdout:Feb 17 19:15:13 trial054 ceph-mon[24837]: mgrmap e3: x(active, since 1.00543s)
2026-02-17T19:15:14.207 INFO:journalctl@ceph.mon.a.trial054.stdout:Feb 17 19:15:13 trial054 ceph-mon[24837]: from='client.? 10.20.193.54:0/1707326263' entity='client.admin' cmd=[{"prefix": "status", "format": "json-pretty"}]: dispatch
2026-02-17T19:15:15.013 INFO:teuthology.orchestra.run.trial054.stdout:/usr/bin/ceph: stderr
2026-02-17T19:15:14.205+0000 7f93510df640 1 Processor -- start
2026-02-17T19:15:15.013 INFO:teuthology.orchestra.run.trial054.stdout:/usr/bin/ceph: stderr
2026-02-17T19:15:14.205+0000 7f93510df640 1 -- start start
2026-02-17T19:15:15.013 INFO:teuthology.orchestra.run.trial054.stdout:/usr/bin/ceph: stderr
2026-02-17T19:15:14.206+0000 7f93510df640 1 --2- >> [v2:10.20.193.54:3300/0,v1:10.20.193.54:6789/0] conn(0x7f934c10a850 0x7f934c10ac50 unknown :-1 s=NONE pgs=0 cs=0 l=0 rev1=0 crypto rx=0 tx=0 comp rx=0 tx=0).connect
2026-02-17T19:15:15.013 INFO:teuthology.orchestra.run.trial054.stdout:/usr/bin/ceph: stderr
2026-02-17T19:15:14.206+0000 7f93510df640 1 -- --> [v2:10.20.193.54:3300/0,v1:10.20.193.54:6789/0] -- mon_getmap magic: 0 -- 0x7f934c10b220 con 0x7f934c10a850
2026-02-17T19:15:15.013 INFO:teuthology.orchestra.run.trial054.stdout:/usr/bin/ceph: stderr
2026-02-17T19:15:14.206+0000 7f934ad76640 1 --2- >> [v2:10.20.193.54:3300/0,v1:10.20.193.54:6789/0] conn(0x7f934c10a850 0x7f934c10ac50 unknown :-1 s=BANNER_CONNECTING pgs=0 cs=0 l=0 rev1=0 crypto rx=0 tx=0 comp rx=0 tx=0)._handle_peer_banner_payload supported=3 required=0
2026-02-17T19:15:15.013 INFO:teuthology.orchestra.run.trial054.stdout:/usr/bin/ceph: stderr
2026-02-17T19:15:14.206+0000 7f934ad76640 1 --2- >> [v2:10.20.193.54:3300/0,v1:10.20.193.54:6789/0] conn(0x7f934c10a850 0x7f934c10ac50 unknown :-1 s=HELLO_CONNECTING pgs=0 cs=0 l=0 rev1=1 crypto rx=0 tx=0 comp rx=0 tx=0).handle_hello peer v2:10.20.193.54:3300/0 says I am v2:10.20.193.54:37836/0 (socket says 10.20.193.54:37836)
2026-02-17T19:15:15.013 INFO:teuthology.orchestra.run.trial054.stdout:/usr/bin/ceph: stderr
2026-02-17T19:15:14.206+0000 7f934ad76640 1 -- 10.20.193.54:0/2044379248 learned_addr learned my addr 10.20.193.54:0/2044379248 (peer_addr_for_me v2:10.20.193.54:0/0)
2026-02-17T19:15:15.014 INFO:teuthology.orchestra.run.trial054.stdout:/usr/bin/ceph: stderr
2026-02-17T19:15:14.206+0000 7f934ad76640 1 -- 10.20.193.54:0/2044379248 --> [v2:10.20.193.54:3300/0,v1:10.20.193.54:6789/0] -- mon_subscribe({config=0+,monmap=0+}) -- 0x7f934c10ba50 con 0x7f934c10a850
2026-02-17T19:15:15.014 INFO:teuthology.orchestra.run.trial054.stdout:/usr/bin/ceph: stderr
2026-02-17T19:15:14.206+0000 7f934ad76640 1 --2- 10.20.193.54:0/2044379248 >> [v2:10.20.193.54:3300/0,v1:10.20.193.54:6789/0] conn(0x7f934c10a850 0x7f934c10ac50 secure :-1 s=READY pgs=20 cs=0 l=1 rev1=1 crypto rx=0x7f9340009920 tx=0x7f934002ef20 comp rx=0 tx=0).ready entity=mon.0 client_cookie=cb83685d926764c5 server_cookie=0 in_seq=0 out_seq=0
2026-02-17T19:15:15.014 INFO:teuthology.orchestra.run.trial054.stdout:/usr/bin/ceph: stderr
2026-02-17T19:15:14.207+0000 7f9349d74640 1 -- 10.20.193.54:0/2044379248 <== mon.0 v2:10.20.193.54:3300/0 1 ==== mon_map magic: 0 ==== 205+0+0 (secure 0 0 0) 0x7f934003c070 con 0x7f934c10a850
2026-02-17T19:15:15.014 INFO:teuthology.orchestra.run.trial054.stdout:/usr/bin/ceph: stderr
2026-02-17T19:15:14.207+0000 7f9349d74640 1 -- 10.20.193.54:0/2044379248 <== mon.0 v2:10.20.193.54:3300/0 2 ==== config(28 keys) ==== 1114+0+0 (secure 0 0 0) 0x7f9340037440 con 0x7f934c10a850
2026-02-17T19:15:15.014 INFO:teuthology.orchestra.run.trial054.stdout:/usr/bin/ceph: stderr
2026-02-17T19:15:14.207+0000 7f9349d74640 1 -- 10.20.193.54:0/2044379248 <== mon.0 v2:10.20.193.54:3300/0 3 ==== mon_map magic: 0 ==== 205+0+0 (secure 0 0 0) 0x7f93400355e0 con 0x7f934c10a850
2026-02-17T19:15:15.014 INFO:teuthology.orchestra.run.trial054.stdout:/usr/bin/ceph: stderr
2026-02-17T19:15:14.207+0000 7f93510df640 1 -- 10.20.193.54:0/2044379248 >> [v2:10.20.193.54:3300/0,v1:10.20.193.54:6789/0] conn(0x7f934c10a850 msgr2=0x7f934c10ac50 secure :-1 s=STATE_CONNECTION_ESTABLISHED l=1).mark_down
2026-02-17T19:15:15.014 INFO:teuthology.orchestra.run.trial054.stdout:/usr/bin/ceph: stderr
2026-02-17T19:15:14.207+0000 7f93510df640 1 --2- 10.20.193.54:0/2044379248 >> [v2:10.20.193.54:3300/0,v1:10.20.193.54:6789/0] conn(0x7f934c10a850 0x7f934c10ac50 secure :-1 s=READY pgs=20 cs=0 l=1 rev1=1 crypto rx=0x7f9340009920 tx=0x7f934002ef20 comp rx=0 tx=0).stop
2026-02-17T19:15:15.014 INFO:teuthology.orchestra.run.trial054.stdout:/usr/bin/ceph: stderr
2026-02-17T19:15:14.207+0000 7f93510df640 1 -- 10.20.193.54:0/2044379248 shutdown_connections
2026-02-17T19:15:15.014 INFO:teuthology.orchestra.run.trial054.stdout:/usr/bin/ceph: stderr
2026-02-17T19:15:14.207+0000 7f93510df640 1 --2- 10.20.193.54:0/2044379248 >> [v2:10.20.193.54:3300/0,v1:10.20.193.54:6789/0] conn(0x7f934c10a850 0x7f934c10ac50 unknown :-1 s=CLOSED pgs=20 cs=0 l=1 rev1=1 crypto rx=0 tx=0 comp rx=0 tx=0).stop
2026-02-17T19:15:15.014 INFO:teuthology.orchestra.run.trial054.stdout:/usr/bin/ceph: stderr
2026-02-17T19:15:14.207+0000 7f93510df640 1 -- 10.20.193.54:0/2044379248 >> 10.20.193.54:0/2044379248 conn(0x7f934c07dd50 msgr2=0x7f934c108510 unknown :-1 s=STATE_NONE l=0).mark_down
2026-02-17T19:15:15.014 INFO:teuthology.orchestra.run.trial054.stdout:/usr/bin/ceph: stderr
2026-02-17T19:15:14.207+0000 7f93510df640 1 -- 10.20.193.54:0/2044379248 shutdown_connections
2026-02-17T19:15:15.015 INFO:teuthology.orchestra.run.trial054.stdout:/usr/bin/ceph: stderr
2026-02-17T19:15:14.207+0000 7f93510df640 1 -- 10.20.193.54:0/2044379248 wait complete.
2026-02-17T19:15:15.015 INFO:teuthology.orchestra.run.trial054.stdout:/usr/bin/ceph: stderr
2026-02-17T19:15:14.208+0000 7f93510df640 1 Processor -- start
2026-02-17T19:15:15.015 INFO:teuthology.orchestra.run.trial054.stdout:/usr/bin/ceph: stderr
2026-02-17T19:15:14.208+0000 7f93510df640 1 -- start start
2026-02-17T19:15:15.015 INFO:teuthology.orchestra.run.trial054.stdout:/usr/bin/ceph: stderr
2026-02-17T19:15:14.208+0000 7f93510df640 1 --2- >> [v2:10.20.193.54:3300/0,v1:10.20.193.54:6789/0] conn(0x7f934c10a850 0x7f934c1a0720 unknown :-1 s=NONE pgs=0 cs=0 l=1 rev1=0 crypto rx=0 tx=0 comp rx=0 tx=0).connect
2026-02-17T19:15:15.015 INFO:teuthology.orchestra.run.trial054.stdout:/usr/bin/ceph: stderr
2026-02-17T19:15:14.208+0000 7f93510df640 1 -- --> [v2:10.20.193.54:3300/0,v1:10.20.193.54:6789/0] -- mon_getmap magic: 0 -- 0x7f934c10ee00 con 0x7f934c10a850
2026-02-17T19:15:15.015 INFO:teuthology.orchestra.run.trial054.stdout:/usr/bin/ceph: stderr
2026-02-17T19:15:14.208+0000 7f934ad76640 1 --2- >> [v2:10.20.193.54:3300/0,v1:10.20.193.54:6789/0] conn(0x7f934c10a850 0x7f934c1a0720 unknown :-1 s=BANNER_CONNECTING pgs=0 cs=0 l=1 rev1=0 crypto rx=0 tx=0 comp rx=0 tx=0)._handle_peer_banner_payload supported=3 required=0
2026-02-17T19:15:15.015 INFO:teuthology.orchestra.run.trial054.stdout:/usr/bin/ceph: stderr
2026-02-17T19:15:14.208+0000 7f934ad76640 1 --2- >> [v2:10.20.193.54:3300/0,v1:10.20.193.54:6789/0] conn(0x7f934c10a850 0x7f934c1a0720 unknown :-1 s=HELLO_CONNECTING pgs=0 cs=0 l=1 rev1=1 crypto rx=0 tx=0 comp rx=0 tx=0).handle_hello peer v2:10.20.193.54:3300/0 says I am v2:10.20.193.54:37838/0 (socket says 10.20.193.54:37838)
2026-02-17T19:15:15.015 INFO:teuthology.orchestra.run.trial054.stdout:/usr/bin/ceph: stderr
2026-02-17T19:15:14.208+0000 7f934ad76640 1 -- 10.20.193.54:0/133619007 learned_addr learned my addr 10.20.193.54:0/133619007 (peer_addr_for_me v2:10.20.193.54:0/0)
2026-02-17T19:15:15.015 INFO:teuthology.orchestra.run.trial054.stdout:/usr/bin/ceph: stderr
2026-02-17T19:15:14.208+0000 7f934ad76640 1 -- 10.20.193.54:0/133619007 --> [v2:10.20.193.54:3300/0,v1:10.20.193.54:6789/0] -- mon_subscribe({config=0+,monmap=0+}) -- 0x7f934c1a0c60 con 0x7f934c10a850
2026-02-17T19:15:15.015 INFO:teuthology.orchestra.run.trial054.stdout:/usr/bin/ceph: stderr
2026-02-17T19:15:14.208+0000 7f934ad76640 1 --2- 10.20.193.54:0/133619007 >> [v2:10.20.193.54:3300/0,v1:10.20.193.54:6789/0] conn(0x7f934c10a850 0x7f934c1a0720 secure :-1 s=READY pgs=21 cs=0 l=1 rev1=1 crypto rx=0x7f9340037fb0 tx=0x7f9340037820 comp rx=0 tx=0).ready entity=mon.0 client_cookie=0 server_cookie=0 in_seq=0 out_seq=0
2026-02-17T19:15:15.015 INFO:teuthology.orchestra.run.trial054.stdout:/usr/bin/ceph: stderr
2026-02-17T19:15:14.208+0000 7f932bfff640 1 -- 10.20.193.54:0/133619007 <== mon.0 v2:10.20.193.54:3300/0 1 ==== mon_map magic: 0 ==== 205+0+0 (secure 0 0 0) 0x7f9340045070 con 0x7f934c10a850
2026-02-17T19:15:15.015 INFO:teuthology.orchestra.run.trial054.stdout:/usr/bin/ceph: stderr
2026-02-17T19:15:14.208+0000 7f932bfff640 1 -- 10.20.193.54:0/133619007 <== mon.0 v2:10.20.193.54:3300/0 2 ==== config(28 keys) ==== 1114+0+0 (secure 0 0 0) 0x7f9340040450 con 0x7f934c10a850
2026-02-17T19:15:15.016 INFO:teuthology.orchestra.run.trial054.stdout:/usr/bin/ceph: stderr
2026-02-17T19:15:14.208+0000 7f93510df640 1 -- 10.20.193.54:0/133619007 --> [v2:10.20.193.54:3300/0,v1:10.20.193.54:6789/0] -- mon_subscribe({mgrmap=0+}) -- 0x7f934c1a0ef0 con 0x7f934c10a850
2026-02-17T19:15:15.016 INFO:teuthology.orchestra.run.trial054.stdout:/usr/bin/ceph: stderr
2026-02-17T19:15:14.208+0000 7f932bfff640 1 -- 10.20.193.54:0/133619007 <== mon.0 v2:10.20.193.54:3300/0 3 ==== mon_map magic: 0 ==== 205+0+0 (secure 0 0 0) 0x7f934003c070 con 0x7f934c10a850
2026-02-17T19:15:15.016 INFO:teuthology.orchestra.run.trial054.stdout:/usr/bin/ceph: stderr
2026-02-17T19:15:14.208+0000 7f93510df640 1 -- 10.20.193.54:0/133619007 --> [v2:10.20.193.54:3300/0,v1:10.20.193.54:6789/0] -- mon_subscribe({osdmap=0}) -- 0x7f934c1a3be0 con 0x7f934c10a850
2026-02-17T19:15:15.016 INFO:teuthology.orchestra.run.trial054.stdout:/usr/bin/ceph: stderr
2026-02-17T19:15:14.209+0000 7f93510df640 1 -- 10.20.193.54:0/133619007 --> [v2:10.20.193.54:3300/0,v1:10.20.193.54:6789/0] -- mon_command({"prefix": "get_command_descriptions"} v 0) -- 0x7f934c10ef80 con 0x7f934c10a850
2026-02-17T19:15:15.016 INFO:teuthology.orchestra.run.trial054.stdout:/usr/bin/ceph: stderr
2026-02-17T19:15:14.209+0000 7f932bfff640 1 -- 10.20.193.54:0/133619007 <== mon.0 v2:10.20.193.54:3300/0 4 ==== mgrmap(e 4) ==== 50236+0+0 (secure 0 0 0) 0x7f9340040600 con 0x7f934c10a850
2026-02-17T19:15:15.016 INFO:teuthology.orchestra.run.trial054.stdout:/usr/bin/ceph: stderr
2026-02-17T19:15:14.209+0000 7f932bfff640 1 --2- 10.20.193.54:0/133619007 >> [v2:10.20.193.54:6800/3234799558,v1:10.20.193.54:6801/3234799558] conn(0x7f932003dba0 0x7f9320040060 unknown :-1 s=NONE pgs=0 cs=0 l=1 rev1=0 crypto rx=0 tx=0 comp rx=0 tx=0).connect
2026-02-17T19:15:15.016 INFO:teuthology.orchestra.run.trial054.stdout:/usr/bin/ceph: stderr
2026-02-17T19:15:14.209+0000 7f932bfff640 1 -- 10.20.193.54:0/133619007 <== mon.0 v2:10.20.193.54:3300/0 5 ==== osd_map(1..1 src has 1..1) ==== 725+0+0 (secure 0 0 0) 0x7f9340076660 con 0x7f934c10a850
2026-02-17T19:15:15.016 INFO:teuthology.orchestra.run.trial054.stdout:/usr/bin/ceph: stderr
2026-02-17T19:15:14.209+0000 7f934a575640 1 --2- 10.20.193.54:0/133619007 >> [v2:10.20.193.54:6800/3234799558,v1:10.20.193.54:6801/3234799558] conn(0x7f932003dba0 0x7f9320040060 unknown :-1 s=BANNER_CONNECTING pgs=0 cs=0 l=1 rev1=0 crypto rx=0 tx=0 comp rx=0 tx=0)._handle_peer_banner_payload supported=3 required=0
2026-02-17T19:15:15.016 INFO:teuthology.orchestra.run.trial054.stdout:/usr/bin/ceph: stderr
2026-02-17T19:15:14.210+0000 7f934a575640 1 --2- 10.20.193.54:0/133619007 >> [v2:10.20.193.54:6800/3234799558,v1:10.20.193.54:6801/3234799558] conn(0x7f932003dba0 0x7f9320040060 secure :-1 s=READY pgs=8 cs=0 l=1 rev1=1 crypto rx=0x7f93340099c0 tx=0x7f9334006eb0 comp rx=0 tx=0).ready entity=mgr.14100 client_cookie=0 server_cookie=0 in_seq=0 out_seq=0
2026-02-17T19:15:15.016 INFO:teuthology.orchestra.run.trial054.stdout:/usr/bin/ceph: stderr
2026-02-17T19:15:14.212+0000 7f932bfff640 1 -- 10.20.193.54:0/133619007 <== mon.0 v2:10.20.193.54:3300/0 6 ==== mon_command_ack([{"prefix": "get_command_descriptions"}]=0 v0) ==== 72+0+195034 (secure 0 0 0) 0x7f9340033200 con 0x7f934c10a850
2026-02-17T19:15:15.016 INFO:teuthology.orchestra.run.trial054.stdout:/usr/bin/ceph: stderr
2026-02-17T19:15:14.315+0000 7f93510df640 1 -- 10.20.193.54:0/133619007 --> [v2:10.20.193.54:3300/0,v1:10.20.193.54:6789/0] -- mon_command({"prefix": "mgr module enable", "module": "cephadm"} v 0) -- 0x7f934c1a3db0 con 0x7f934c10a850
2026-02-17T19:15:15.016 INFO:teuthology.orchestra.run.trial054.stdout:/usr/bin/ceph: stderr
2026-02-17T19:15:14.985+0000 7f932bfff640 1 -- 10.20.193.54:0/133619007 <== mon.0 v2:10.20.193.54:3300/0 7 ==== mon_command_ack([{"prefix": "mgr module enable", "module": "cephadm"}]=0 v5) ==== 86+0+0 (secure 0 0 0) 0x7f934c1a3db0 con 0x7f934c10a850
2026-02-17T19:15:15.017 INFO:teuthology.orchestra.run.trial054.stdout:/usr/bin/ceph: stderr
2026-02-17T19:15:14.986+0000 7f932bfff640 1 -- 10.20.193.54:0/133619007 <== mon.0 v2:10.20.193.54:3300/0 8 ==== mgrmap(e 5) ==== 50247+0+0 (secure 0 0 0) 0x7f9340048c40 con 0x7f934c10a850
2026-02-17T19:15:15.017 INFO:teuthology.orchestra.run.trial054.stdout:/usr/bin/ceph: stderr
2026-02-17T19:15:14.987+0000 7f93510df640 1 -- 10.20.193.54:0/133619007 >> [v2:10.20.193.54:6800/3234799558,v1:10.20.193.54:6801/3234799558] conn(0x7f932003dba0 msgr2=0x7f9320040060 secure :-1 s=STATE_CONNECTION_ESTABLISHED l=1).mark_down
2026-02-17T19:15:15.017 INFO:teuthology.orchestra.run.trial054.stdout:/usr/bin/ceph: stderr
2026-02-17T19:15:14.987+0000 7f93510df640 1 --2- 10.20.193.54:0/133619007 >> [v2:10.20.193.54:6800/3234799558,v1:10.20.193.54:6801/3234799558] conn(0x7f932003dba0 0x7f9320040060 secure :-1 s=READY pgs=8 cs=0 l=1 rev1=1 crypto rx=0x7f93340099c0 tx=0x7f9334006eb0 comp rx=0 tx=0).stop
2026-02-17T19:15:15.017 INFO:teuthology.orchestra.run.trial054.stdout:/usr/bin/ceph: stderr
2026-02-17T19:15:14.987+0000 7f93510df640 1 -- 10.20.193.54:0/133619007 >> [v2:10.20.193.54:3300/0,v1:10.20.193.54:6789/0] conn(0x7f934c10a850 msgr2=0x7f934c1a0720 secure :-1 s=STATE_CONNECTION_ESTABLISHED l=1).mark_down
2026-02-17T19:15:15.017 INFO:teuthology.orchestra.run.trial054.stdout:/usr/bin/ceph: stderr
2026-02-17T19:15:14.987+0000 7f93510df640 1 --2- 10.20.193.54:0/133619007 >> [v2:10.20.193.54:3300/0,v1:10.20.193.54:6789/0] conn(0x7f934c10a850 0x7f934c1a0720 secure :-1 s=READY pgs=21 cs=0 l=1 rev1=1 crypto rx=0x7f9340037fb0 tx=0x7f9340037820 comp rx=0 tx=0).stop
2026-02-17T19:15:15.017 INFO:teuthology.orchestra.run.trial054.stdout:/usr/bin/ceph: stderr
2026-02-17T19:15:14.987+0000 7f93510df640 1 -- 10.20.193.54:0/133619007 shutdown_connections
2026-02-17T19:15:15.017 INFO:teuthology.orchestra.run.trial054.stdout:/usr/bin/ceph: stderr
2026-02-17T19:15:14.987+0000 7f93510df640 1 --2- 10.20.193.54:0/133619007 >> [v2:10.20.193.54:6800/3234799558,v1:10.20.193.54:6801/3234799558] conn(0x7f932003dba0 0x7f9320040060 unknown :-1 s=CLOSED pgs=8 cs=0 l=1 rev1=1 crypto rx=0 tx=0 comp rx=0 tx=0).stop
2026-02-17T19:15:15.017 INFO:teuthology.orchestra.run.trial054.stdout:/usr/bin/ceph: stderr
2026-02-17T19:15:14.987+0000 7f93510df640 1 --2- 10.20.193.54:0/133619007 >> [v2:10.20.193.54:3300/0,v1:10.20.193.54:6789/0] conn(0x7f934c10a850 0x7f934c1a0720 unknown :-1 s=CLOSED pgs=21 cs=0 l=1 rev1=1 crypto rx=0 tx=0 comp rx=0 tx=0).stop
2026-02-17T19:15:15.017 INFO:teuthology.orchestra.run.trial054.stdout:/usr/bin/ceph: stderr
2026-02-17T19:15:14.987+0000 7f93510df640 1 -- 10.20.193.54:0/133619007 >> 10.20.193.54:0/133619007 conn(0x7f934c07dd50 msgr2=0x7f934c107c00 unknown :-1 s=STATE_NONE l=0).mark_down
2026-02-17T19:15:15.017 INFO:teuthology.orchestra.run.trial054.stdout:/usr/bin/ceph: stderr
2026-02-17T19:15:14.987+0000 7f93510df640 1 -- 10.20.193.54:0/133619007 shutdown_connections
2026-02-17T19:15:15.017 INFO:teuthology.orchestra.run.trial054.stdout:/usr/bin/ceph: stderr
2026-02-17T19:15:14.987+0000 7f93510df640 1 -- 10.20.193.54:0/133619007 wait complete.
2026-02-17T19:15:15.239 INFO:journalctl@ceph.mon.a.trial054.stdout:Feb 17 19:15:14 trial054 ceph-mon[24837]: mgrmap e4: x(active, since 2s)
2026-02-17T19:15:15.239 INFO:journalctl@ceph.mon.a.trial054.stdout:Feb 17 19:15:14 trial054 ceph-mon[24837]: from='client.? 10.20.193.54:0/3917569316' entity='client.admin' cmd=[{"prefix": "config assimilate-conf"}]: dispatch
2026-02-17T19:15:15.239 INFO:journalctl@ceph.mon.a.trial054.stdout:Feb 17 19:15:14 trial054 ceph-mon[24837]: from='client.? 10.20.193.54:0/133619007' entity='client.admin' cmd=[{"prefix": "mgr module enable", "module": "cephadm"}]: dispatch
2026-02-17T19:15:15.240 INFO:journalctl@ceph.mgr.x.trial054.stdout:Feb 17 19:15:15 trial054 ceph-f151e04f-0c34-11f1-88e1-d404e6e7d460-mgr-x[25093]: ignoring --setuser ceph since I am not root
2026-02-17T19:15:15.240 INFO:journalctl@ceph.mgr.x.trial054.stdout:Feb 17 19:15:15 trial054 ceph-f151e04f-0c34-11f1-88e1-d404e6e7d460-mgr-x[25093]: ignoring --setgroup ceph since I am not root
2026-02-17T19:15:15.249 INFO:teuthology.orchestra.run.trial054.stdout:/usr/bin/ceph: stdout {
2026-02-17T19:15:15.249 INFO:teuthology.orchestra.run.trial054.stdout:/usr/bin/ceph: stdout "epoch": 5,
2026-02-17T19:15:15.249 INFO:teuthology.orchestra.run.trial054.stdout:/usr/bin/ceph: stdout "available": true,
2026-02-17T19:15:15.250 INFO:teuthology.orchestra.run.trial054.stdout:/usr/bin/ceph: stdout "active_name": "x",
2026-02-17T19:15:15.250 INFO:teuthology.orchestra.run.trial054.stdout:/usr/bin/ceph: stdout "num_standby": 0
2026-02-17T19:15:15.250 INFO:teuthology.orchestra.run.trial054.stdout:/usr/bin/ceph: stdout }
2026-02-17T19:15:15.250 INFO:teuthology.orchestra.run.trial054.stdout:/usr/bin/ceph: stderr
2026-02-17T19:15:15.109+0000 7f131257a640 1 Processor -- start
2026-02-17T19:15:15.250 INFO:teuthology.orchestra.run.trial054.stdout:/usr/bin/ceph: stderr
2026-02-17T19:15:15.109+0000 7f131257a640 1 -- start start
2026-02-17T19:15:15.250 INFO:teuthology.orchestra.run.trial054.stdout:/usr/bin/ceph: stderr
2026-02-17T19:15:15.109+0000 7f131257a640 1 --2- >> [v2:10.20.193.54:3300/0,v1:10.20.193.54:6789/0] conn(0x7f130c10a850 0x7f130c10ac50 unknown :-1 s=NONE pgs=0 cs=0 l=0 rev1=0 crypto rx=0 tx=0 comp rx=0 tx=0).connect
2026-02-17T19:15:15.250 INFO:teuthology.orchestra.run.trial054.stdout:/usr/bin/ceph: stderr
2026-02-17T19:15:15.109+0000 7f131257a640 1 -- --> [v2:10.20.193.54:3300/0,v1:10.20.193.54:6789/0] -- mon_getmap magic: 0 -- 0x7f130c10b220 con 0x7f130c10a850
2026-02-17T19:15:15.250 INFO:teuthology.orchestra.run.trial054.stdout:/usr/bin/ceph: stderr
2026-02-17T19:15:15.109+0000 7f130bfff640 1 --2- >> [v2:10.20.193.54:3300/0,v1:10.20.193.54:6789/0] conn(0x7f130c10a850 0x7f130c10ac50 unknown :-1 s=BANNER_CONNECTING pgs=0 cs=0 l=0 rev1=0 crypto rx=0 tx=0 comp rx=0 tx=0)._handle_peer_banner_payload supported=3 required=0
2026-02-17T19:15:15.250 INFO:teuthology.orchestra.run.trial054.stdout:/usr/bin/ceph: stderr
