2026-02-17T19:15:22.251+0000 7f065affd640 1 --2- 10.20.193.54:0/1118775567 >> [v2:10.20.193.54:3300/0,v1:10.20.193.54:6789/0] conn(0x7f065c109060 0x7f065c10b450 secure :-1 s=READY pgs=53 cs=0 l=1 rev1=1 crypto rx=0x7f0650009920 tx=0x7f065002ef20 comp rx=0 tx=0).ready entity=mon.0 client_cookie=115846132f604def server_cookie=0 in_seq=0 out_seq=0
2026-02-17T19:15:23.305 INFO:teuthology.orchestra.run.trial054.stdout:/usr/bin/ceph: stderr
2026-02-17T19:15:22.252+0000 7f0659ffb640 1 -- 10.20.193.54:0/1118775567 <== mon.0 v2:10.20.193.54:3300/0 1 ==== mon_map magic: 0 ==== 205+0+0 (secure 0 0 0) 0x7f065003c070 con 0x7f065c109060
2026-02-17T19:15:23.305 INFO:teuthology.orchestra.run.trial054.stdout:/usr/bin/ceph: stderr
2026-02-17T19:15:22.252+0000 7f0659ffb640 1 -- 10.20.193.54:0/1118775567 <== mon.0 v2:10.20.193.54:3300/0 2 ==== config(28 keys) ==== 1145+0+0 (secure 0 0 0) 0x7f0650037440 con 0x7f065c109060
2026-02-17T19:15:23.305 INFO:teuthology.orchestra.run.trial054.stdout:/usr/bin/ceph: stderr
2026-02-17T19:15:22.252+0000 7f0659ffb640 1 -- 10.20.193.54:0/1118775567 <== mon.0 v2:10.20.193.54:3300/0 3 ==== mon_map magic: 0 ==== 205+0+0 (secure 0 0 0) 0x7f0650035610 con 0x7f065c109060
2026-02-17T19:15:23.305 INFO:teuthology.orchestra.run.trial054.stdout:/usr/bin/ceph: stderr
2026-02-17T19:15:22.252+0000 7f0661764640 1 -- 10.20.193.54:0/1118775567 >> [v2:10.20.193.54:3300/0,v1:10.20.193.54:6789/0] conn(0x7f065c109060 msgr2=0x7f065c10b450 secure :-1 s=STATE_CONNECTION_ESTABLISHED l=1).mark_down
2026-02-17T19:15:23.305 INFO:teuthology.orchestra.run.trial054.stdout:/usr/bin/ceph: stderr
2026-02-17T19:15:22.252+0000 7f0661764640 1 --2- 10.20.193.54:0/1118775567 >> [v2:10.20.193.54:3300/0,v1:10.20.193.54:6789/0] conn(0x7f065c109060 0x7f065c10b450 secure :-1 s=READY pgs=53 cs=0 l=1 rev1=1 crypto rx=0x7f0650009920 tx=0x7f065002ef20 comp rx=0 tx=0).stop
2026-02-17T19:15:23.305 INFO:teuthology.orchestra.run.trial054.stdout:/usr/bin/ceph: stderr
2026-02-17T19:15:22.252+0000 7f0661764640 1 -- 10.20.193.54:0/1118775567 shutdown_connections
2026-02-17T19:15:23.305 INFO:teuthology.orchestra.run.trial054.stdout:/usr/bin/ceph: stderr
2026-02-17T19:15:22.252+0000 7f0661764640 1 --2- 10.20.193.54:0/1118775567 >> [v2:10.20.193.54:3300/0,v1:10.20.193.54:6789/0] conn(0x7f065c109060 0x7f065c10b450 unknown :-1 s=CLOSED pgs=53 cs=0 l=1 rev1=1 crypto rx=0 tx=0 comp rx=0 tx=0).stop
2026-02-17T19:15:23.305 INFO:teuthology.orchestra.run.trial054.stdout:/usr/bin/ceph: stderr
2026-02-17T19:15:22.252+0000 7f0661764640 1 -- 10.20.193.54:0/1118775567 >> 10.20.193.54:0/1118775567 conn(0x7f065c102c60 msgr2=0x7f065c105080 unknown :-1 s=STATE_NONE l=0).mark_down
2026-02-17T19:15:23.306 INFO:teuthology.orchestra.run.trial054.stdout:/usr/bin/ceph: stderr
2026-02-17T19:15:22.252+0000 7f0661764640 1 -- 10.20.193.54:0/1118775567 shutdown_connections
2026-02-17T19:15:23.306 INFO:teuthology.orchestra.run.trial054.stdout:/usr/bin/ceph: stderr
2026-02-17T19:15:22.252+0000 7f0661764640 1 -- 10.20.193.54:0/1118775567 wait complete.
2026-02-17T19:15:23.306 INFO:teuthology.orchestra.run.trial054.stdout:/usr/bin/ceph: stderr
2026-02-17T19:15:22.253+0000 7f0661764640 1 Processor -- start
2026-02-17T19:15:23.306 INFO:teuthology.orchestra.run.trial054.stdout:/usr/bin/ceph: stderr
2026-02-17T19:15:22.253+0000 7f0661764640 1 -- start start
2026-02-17T19:15:23.306 INFO:teuthology.orchestra.run.trial054.stdout:/usr/bin/ceph: stderr
2026-02-17T19:15:22.253+0000 7f0661764640 1 --2- >> [v2:10.20.193.54:3300/0,v1:10.20.193.54:6789/0] conn(0x7f065c109060 0x7f065c108860 unknown :-1 s=NONE pgs=0 cs=0 l=1 rev1=0 crypto rx=0 tx=0 comp rx=0 tx=0).connect
2026-02-17T19:15:23.306 INFO:teuthology.orchestra.run.trial054.stdout:/usr/bin/ceph: stderr
2026-02-17T19:15:22.253+0000 7f0661764640 1 -- --> [v2:10.20.193.54:3300/0,v1:10.20.193.54:6789/0] -- mon_getmap magic: 0 -- 0x7f065c10c950 con 0x7f065c109060
2026-02-17T19:15:23.306 INFO:teuthology.orchestra.run.trial054.stdout:/usr/bin/ceph: stderr
2026-02-17T19:15:22.253+0000 7f065affd640 1 --2- >> [v2:10.20.193.54:3300/0,v1:10.20.193.54:6789/0] conn(0x7f065c109060 0x7f065c108860 unknown :-1 s=BANNER_CONNECTING pgs=0 cs=0 l=1 rev1=0 crypto rx=0 tx=0 comp rx=0 tx=0)._handle_peer_banner_payload supported=3 required=0
2026-02-17T19:15:23.306 INFO:teuthology.orchestra.run.trial054.stdout:/usr/bin/ceph: stderr
2026-02-17T19:15:22.253+0000 7f065affd640 1 --2- >> [v2:10.20.193.54:3300/0,v1:10.20.193.54:6789/0] conn(0x7f065c109060 0x7f065c108860 unknown :-1 s=HELLO_CONNECTING pgs=0 cs=0 l=1 rev1=1 crypto rx=0 tx=0 comp rx=0 tx=0).handle_hello peer v2:10.20.193.54:3300/0 says I am v2:10.20.193.54:38108/0 (socket says 10.20.193.54:38108)
2026-02-17T19:15:23.306 INFO:teuthology.orchestra.run.trial054.stdout:/usr/bin/ceph: stderr
2026-02-17T19:15:22.253+0000 7f065affd640 1 -- 10.20.193.54:0/4119345673 learned_addr learned my addr 10.20.193.54:0/4119345673 (peer_addr_for_me v2:10.20.193.54:0/0)
2026-02-17T19:15:23.306 INFO:teuthology.orchestra.run.trial054.stdout:/usr/bin/ceph: stderr
2026-02-17T19:15:22.253+0000 7f065affd640 1 -- 10.20.193.54:0/4119345673 --> [v2:10.20.193.54:3300/0,v1:10.20.193.54:6789/0] -- mon_subscribe({config=0+,monmap=0+}) -- 0x7f065c108da0 con 0x7f065c109060
2026-02-17T19:15:23.306 INFO:teuthology.orchestra.run.trial054.stdout:/usr/bin/ceph: stderr
2026-02-17T19:15:22.253+0000 7f065affd640 1 --2- 10.20.193.54:0/4119345673 >> [v2:10.20.193.54:3300/0,v1:10.20.193.54:6789/0] conn(0x7f065c109060 0x7f065c108860 secure :-1 s=READY pgs=54 cs=0 l=1 rev1=1 crypto rx=0x7f0650035b90 tx=0x7f0650035bc0 comp rx=0 tx=0).ready entity=mon.0 client_cookie=0 server_cookie=0 in_seq=0 out_seq=0
2026-02-17T19:15:23.307 INFO:teuthology.orchestra.run.trial054.stdout:/usr/bin/ceph: stderr
2026-02-17T19:15:22.253+0000 7f063bfff640 1 -- 10.20.193.54:0/4119345673 <== mon.0 v2:10.20.193.54:3300/0 1 ==== mon_map magic: 0 ==== 205+0+0 (secure 0 0 0) 0x7f0650044020 con 0x7f065c109060
2026-02-17T19:15:23.307 INFO:teuthology.orchestra.run.trial054.stdout:/usr/bin/ceph: stderr
2026-02-17T19:15:22.253+0000 7f0661764640 1 -- 10.20.193.54:0/4119345673 --> [v2:10.20.193.54:3300/0,v1:10.20.193.54:6789/0] -- mon_subscribe({mgrmap=0+}) -- 0x7f065c106f90 con 0x7f065c109060
2026-02-17T19:15:23.307 INFO:teuthology.orchestra.run.trial054.stdout:/usr/bin/ceph: stderr
2026-02-17T19:15:22.253+0000 7f063bfff640 1 -- 10.20.193.54:0/4119345673 <== mon.0 v2:10.20.193.54:3300/0 2 ==== config(28 keys) ==== 1145+0+0 (secure 0 0 0) 0x7f0650035e00 con 0x7f065c109060
2026-02-17T19:15:23.307 INFO:teuthology.orchestra.run.trial054.stdout:/usr/bin/ceph: stderr
2026-02-17T19:15:22.253+0000 7f063bfff640 1 -- 10.20.193.54:0/4119345673 <== mon.0 v2:10.20.193.54:3300/0 3 ==== mon_map magic: 0 ==== 205+0+0 (secure 0 0 0) 0x7f065003c040 con 0x7f065c109060
2026-02-17T19:15:23.307 INFO:teuthology.orchestra.run.trial054.stdout:/usr/bin/ceph: stderr
2026-02-17T19:15:22.253+0000 7f0661764640 1 -- 10.20.193.54:0/4119345673 --> [v2:10.20.193.54:3300/0,v1:10.20.193.54:6789/0] -- mon_subscribe({osdmap=0}) -- 0x7f065c107470 con 0x7f065c109060
2026-02-17T19:15:23.307 INFO:teuthology.orchestra.run.trial054.stdout:/usr/bin/ceph: stderr
2026-02-17T19:15:22.254+0000 7f0661764640 1 -- 10.20.193.54:0/4119345673 --> [v2:10.20.193.54:3300/0,v1:10.20.193.54:6789/0] -- mon_command({"prefix": "get_command_descriptions"} v 0) -- 0x7f065c1094c0 con 0x7f065c109060
2026-02-17T19:15:23.307 INFO:teuthology.orchestra.run.trial054.stdout:/usr/bin/ceph: stderr
2026-02-17T19:15:22.254+0000 7f063bfff640 1 -- 10.20.193.54:0/4119345673 <== mon.0 v2:10.20.193.54:3300/0 4 ==== mgrmap(e 8) ==== 50247+0+0 (secure 0 0 0) 0x7f065003f050 con 0x7f065c109060
2026-02-17T19:15:23.307 INFO:teuthology.orchestra.run.trial054.stdout:/usr/bin/ceph: stderr
2026-02-17T19:15:22.254+0000 7f063bfff640 1 --2- 10.20.193.54:0/4119345673 >> [v2:10.20.193.54:6800/3887624920,v1:10.20.193.54:6801/3887624920] conn(0x7f063003dba0 0x7f0630040060 unknown :-1 s=NONE pgs=0 cs=0 l=1 rev1=0 crypto rx=0 tx=0 comp rx=0 tx=0).connect
2026-02-17T19:15:23.307 INFO:teuthology.orchestra.run.trial054.stdout:/usr/bin/ceph: stderr
2026-02-17T19:15:22.254+0000 7f063bfff640 1 -- 10.20.193.54:0/4119345673 <== mon.0 v2:10.20.193.54:3300/0 5 ==== osd_map(2..2 src has 1..2) ==== 940+0+0 (secure 0 0 0) 0x7f0650076d60 con 0x7f065c109060
2026-02-17T19:15:23.307 INFO:teuthology.orchestra.run.trial054.stdout:/usr/bin/ceph: stderr
2026-02-17T19:15:22.254+0000 7f065a7fc640 1 --2- 10.20.193.54:0/4119345673 >> [v2:10.20.193.54:6800/3887624920,v1:10.20.193.54:6801/3887624920] conn(0x7f063003dba0 0x7f0630040060 unknown :-1 s=BANNER_CONNECTING pgs=0 cs=0 l=1 rev1=0 crypto rx=0 tx=0 comp rx=0 tx=0)._handle_peer_banner_payload supported=3 required=0
2026-02-17T19:15:23.307 INFO:teuthology.orchestra.run.trial054.stdout:/usr/bin/ceph: stderr
2026-02-17T19:15:22.254+0000 7f065a7fc640 1 --2- 10.20.193.54:0/4119345673 >> [v2:10.20.193.54:6800/3887624920,v1:10.20.193.54:6801/3887624920] conn(0x7f063003dba0 0x7f0630040060 secure :-1 s=READY pgs=16 cs=0 l=1 rev1=1 crypto rx=0x7f06440099c0 tx=0x7f0644006eb0 comp rx=0 tx=0).ready entity=mgr.14118 client_cookie=0 server_cookie=0 in_seq=0 out_seq=0
2026-02-17T19:15:23.307 INFO:teuthology.orchestra.run.trial054.stdout:/usr/bin/ceph: stderr
2026-02-17T19:15:22.256+0000 7f063bfff640 1 -- 10.20.193.54:0/4119345673 <== mon.0 v2:10.20.193.54:3300/0 6 ==== mon_command_ack([{"prefix": "get_command_descriptions"}]=0 v0) ==== 72+0+195034 (secure 0 0 0) 0x7f065004e020 con 0x7f065c109060
2026-02-17T19:15:23.308 INFO:teuthology.orchestra.run.trial054.stdout:/usr/bin/ceph: stderr
2026-02-17T19:15:22.365+0000 7f0661764640 1 -- 10.20.193.54:0/4119345673 --> [v2:10.20.193.54:3300/0,v1:10.20.193.54:6789/0] -- mon_command({"prefix": "mgr module enable", "module": "dashboard"} v 0) -- 0x7f065c107cf0 con 0x7f065c109060
2026-02-17T19:15:23.308 INFO:teuthology.orchestra.run.trial054.stdout:/usr/bin/ceph: stderr
2026-02-17T19:15:23.272+0000 7f063bfff640 1 -- 10.20.193.54:0/4119345673 <== mon.0 v2:10.20.193.54:3300/0 7 ==== mon_command_ack([{"prefix": "mgr module enable", "module": "dashboard"}]=0 v9) ==== 88+0+0 (secure 0 0 0) 0x7f065004fd20 con 0x7f065c109060
2026-02-17T19:15:23.308 INFO:teuthology.orchestra.run.trial054.stdout:/usr/bin/ceph: stderr
2026-02-17T19:15:23.274+0000 7f063bfff640 1 -- 10.20.193.54:0/4119345673 <== mon.0 v2:10.20.193.54:3300/0 8 ==== mgrmap(e 9) ==== 50260+0+0 (secure 0 0 0) 0x7f0650037440 con 0x7f065c109060
2026-02-17T19:15:23.308 INFO:teuthology.orchestra.run.trial054.stdout:/usr/bin/ceph: stderr
2026-02-17T19:15:23.276+0000 7f0661764640 1 -- 10.20.193.54:0/4119345673 >> [v2:10.20.193.54:6800/3887624920,v1:10.20.193.54:6801/3887624920] conn(0x7f063003dba0 msgr2=0x7f0630040060 secure :-1 s=STATE_CONNECTION_ESTABLISHED l=1).mark_down
2026-02-17T19:15:23.308 INFO:teuthology.orchestra.run.trial054.stdout:/usr/bin/ceph: stderr
2026-02-17T19:15:23.276+0000 7f0661764640 1 --2- 10.20.193.54:0/4119345673 >> [v2:10.20.193.54:6800/3887624920,v1:10.20.193.54:6801/3887624920] conn(0x7f063003dba0 0x7f0630040060 secure :-1 s=READY pgs=16 cs=0 l=1 rev1=1 crypto rx=0x7f06440099c0 tx=0x7f0644006eb0 comp rx=0 tx=0).stop
2026-02-17T19:15:23.308 INFO:teuthology.orchestra.run.trial054.stdout:/usr/bin/ceph: stderr
2026-02-17T19:15:23.276+0000 7f0661764640 1 -- 10.20.193.54:0/4119345673 >> [v2:10.20.193.54:3300/0,v1:10.20.193.54:6789/0] conn(0x7f065c109060 msgr2=0x7f065c108860 secure :-1 s=STATE_CONNECTION_ESTABLISHED l=1).mark_down
2026-02-17T19:15:23.308 INFO:teuthology.orchestra.run.trial054.stdout:/usr/bin/ceph: stderr
2026-02-17T19:15:23.276+0000 7f0661764640 1 --2- 10.20.193.54:0/4119345673 >> [v2:10.20.193.54:3300/0,v1:10.20.193.54:6789/0] conn(0x7f065c109060 0x7f065c108860 secure :-1 s=READY pgs=54 cs=0 l=1 rev1=1 crypto rx=0x7f0650035b90 tx=0x7f0650035bc0 comp rx=0 tx=0).stop
2026-02-17T19:15:23.308 INFO:teuthology.orchestra.run.trial054.stdout:/usr/bin/ceph: stderr
2026-02-17T19:15:23.276+0000 7f0661764640 1 -- 10.20.193.54:0/4119345673 shutdown_connections
2026-02-17T19:15:23.308 INFO:teuthology.orchestra.run.trial054.stdout:/usr/bin/ceph: stderr
2026-02-17T19:15:23.276+0000 7f0661764640 1 --2- 10.20.193.54:0/4119345673 >> [v2:10.20.193.54:6800/3887624920,v1:10.20.193.54:6801/3887624920] conn(0x7f063003dba0 0x7f0630040060 unknown :-1 s=CLOSED pgs=16 cs=0 l=1 rev1=1 crypto rx=0 tx=0 comp rx=0 tx=0).stop
2026-02-17T19:15:23.308 INFO:teuthology.orchestra.run.trial054.stdout:/usr/bin/ceph: stderr
2026-02-17T19:15:23.276+0000 7f0661764640 1 --2- 10.20.193.54:0/4119345673 >> [v2:10.20.193.54:3300/0,v1:10.20.193.54:6789/0] conn(0x7f065c109060 0x7f065c108860 unknown :-1 s=CLOSED pgs=54 cs=0 l=1 rev1=1 crypto rx=0 tx=0 comp rx=0 tx=0).stop
2026-02-17T19:15:23.308 INFO:teuthology.orchestra.run.trial054.stdout:/usr/bin/ceph: stderr
2026-02-17T19:15:23.276+0000 7f0661764640 1 -- 10.20.193.54:0/4119345673 >> 10.20.193.54:0/4119345673 conn(0x7f065c102c60 msgr2=0x7f065c1037e0 unknown :-1 s=STATE_NONE l=0).mark_down
2026-02-17T19:15:23.309 INFO:teuthology.orchestra.run.trial054.stdout:/usr/bin/ceph: stderr
2026-02-17T19:15:23.276+0000 7f0661764640 1 -- 10.20.193.54:0/4119345673 shutdown_connections
2026-02-17T19:15:23.309 INFO:teuthology.orchestra.run.trial054.stdout:/usr/bin/ceph: stderr
2026-02-17T19:15:23.276+0000 7f0661764640 1 -- 10.20.193.54:0/4119345673 wait complete.
2026-02-17T19:15:23.524 INFO:journalctl@ceph.mgr.x.trial054.stdout:Feb 17 19:15:23 trial054 ceph-f151e04f-0c34-11f1-88e1-d404e6e7d460-mgr-x[25093]: ignoring --setuser ceph since I am not root
2026-02-17T19:15:23.524 INFO:journalctl@ceph.mgr.x.trial054.stdout:Feb 17 19:15:23 trial054 ceph-f151e04f-0c34-11f1-88e1-d404e6e7d460-mgr-x[25093]: ignoring --setgroup ceph since I am not root
2026-02-17T19:15:23.552 INFO:teuthology.orchestra.run.trial054.stdout:/usr/bin/ceph: stdout {
2026-02-17T19:15:23.552 INFO:teuthology.orchestra.run.trial054.stdout:/usr/bin/ceph: stdout "epoch": 9,
2026-02-17T19:15:23.552 INFO:teuthology.orchestra.run.trial054.stdout:/usr/bin/ceph: stdout "available": true,
2026-02-17T19:15:23.553 INFO:teuthology.orchestra.run.trial054.stdout:/usr/bin/ceph: stdout "active_name": "x",
2026-02-17T19:15:23.553 INFO:teuthology.orchestra.run.trial054.stdout:/usr/bin/ceph: stdout "num_standby": 0
2026-02-17T19:15:23.553 INFO:teuthology.orchestra.run.trial054.stdout:/usr/bin/ceph: stdout }
2026-02-17T19:15:23.553 INFO:teuthology.orchestra.run.trial054.stdout:/usr/bin/ceph: stderr
2026-02-17T19:15:23.410+0000 7f59a73a7640 1 Processor -- start
2026-02-17T19:15:23.553 INFO:teuthology.orchestra.run.trial054.stdout:/usr/bin/ceph: stderr
2026-02-17T19:15:23.410+0000 7f59a73a7640 1 -- start start
2026-02-17T19:15:23.553 INFO:teuthology.orchestra.run.trial054.stdout:/usr/bin/ceph: stderr
2026-02-17T19:15:23.410+0000 7f59a73a7640 1 --2- >> [v2:10.20.193.54:3300/0,v1:10.20.193.54:6789/0] conn(0x7f59a010a850 0x7f59a010ac50 unknown :-1 s=NONE pgs=0 cs=0 l=0 rev1=0 crypto rx=0 tx=0 comp rx=0 tx=0).connect
2026-02-17T19:15:23.553 INFO:teuthology.orchestra.run.trial054.stdout:/usr/bin/ceph: stderr
2026-02-17T19:15:23.410+0000 7f59a73a7640 1 -- --> [v2:10.20.193.54:3300/0,v1:10.20.193.54:6789/0] -- mon_getmap magic: 0 -- 0x7f59a010b220 con 0x7f59a010a850
2026-02-17T19:15:23.553 INFO:teuthology.orchestra.run.trial054.stdout:/usr/bin/ceph: stderr
2026-02-17T19:15:23.411+0000 7f59a511c640 1 --2- >> [v2:10.20.193.54:3300/0,v1:10.20.193.54:6789/0] conn(0x7f59a010a850 0x7f59a010ac50 unknown :-1 s=BANNER_CONNECTING pgs=0 cs=0 l=0 rev1=0 crypto rx=0 tx=0 comp rx=0 tx=0)._handle_peer_banner_payload supported=3 required=0
2026-02-17T19:15:23.553 INFO:teuthology.orchestra.run.trial054.stdout:/usr/bin/ceph: stderr
2026-02-17T19:15:23.411+0000 7f59a511c640 1 --2- >> [v2:10.20.193.54:3300/0,v1:10.20.193.54:6789/0] conn(0x7f59a010a850 0x7f59a010ac50 unknown :-1 s=HELLO_CONNECTING pgs=0 cs=0 l=0 rev1=1 crypto rx=0 tx=0 comp rx=0 tx=0).handle_hello peer v2:10.20.193.54:3300/0 says I am v2:10.20.193.54:39836/0 (socket says 10.20.193.54:39836)
2026-02-17T19:15:23.553 INFO:teuthology.orchestra.run.trial054.stdout:/usr/bin/ceph: stderr
2026-02-17T19:15:23.411+0000 7f59a511c640 1 -- 10.20.193.54:0/3091016285 learned_addr learned my addr 10.20.193.54:0/3091016285 (peer_addr_for_me v2:10.20.193.54:0/0)
2026-02-17T19:15:23.553 INFO:teuthology.orchestra.run.trial054.stdout:/usr/bin/ceph: stderr
2026-02-17T19:15:23.411+0000 7f59a511c640 1 -- 10.20.193.54:0/3091016285 --> [v2:10.20.193.54:3300/0,v1:10.20.193.54:6789/0] -- mon_subscribe({config=0+,monmap=0+}) -- 0x7f59a010ba50 con 0x7f59a010a850
2026-02-17T19:15:23.554 INFO:teuthology.orchestra.run.trial054.stdout:/usr/bin/ceph: stderr
2026-02-17T19:15:23.411+0000 7f59a511c640 1 --2- 10.20.193.54:0/3091016285 >> [v2:10.20.193.54:3300/0,v1:10.20.193.54:6789/0] conn(0x7f59a010a850 0x7f59a010ac50 secure :-1 s=READY pgs=57 cs=0 l=1 rev1=1 crypto rx=0x7f5990009920 tx=0x7f599002ef20 comp rx=0 tx=0).ready entity=mon.0 client_cookie=db8782c4cd1a0d9e server_cookie=0 in_seq=0 out_seq=0
2026-02-17T19:15:23.554 INFO:teuthology.orchestra.run.trial054.stdout:/usr/bin/ceph: stderr
2026-02-17T19:15:23.411+0000 7f598ffff640 1 -- 10.20.193.54:0/3091016285 <== mon.0 v2:10.20.193.54:3300/0 1 ==== mon_map magic: 0 ==== 205+0+0 (secure 0 0 0) 0x7f599003c070 con 0x7f59a010a850
2026-02-17T19:15:23.554 INFO:teuthology.orchestra.run.trial054.stdout:/usr/bin/ceph: stderr
2026-02-17T19:15:23.412+0000 7f598ffff640 1 -- 10.20.193.54:0/3091016285 <== mon.0 v2:10.20.193.54:3300/0 2 ==== config(28 keys) ==== 1145+0+0 (secure 0 0 0) 0x7f5990037440 con 0x7f59a010a850
2026-02-17T19:15:23.554 INFO:teuthology.orchestra.run.trial054.stdout:/usr/bin/ceph: stderr
2026-02-17T19:15:23.412+0000 7f598ffff640 1 -- 10.20.193.54:0/3091016285 <== mon.0 v2:10.20.193.54:3300/0 3 ==== mon_map magic: 0 ==== 205+0+0 (secure 0 0 0) 0x7f5990035610 con 0x7f59a010a850
2026-02-17T19:15:23.554 INFO:teuthology.orchestra.run.trial054.stdout:/usr/bin/ceph: stderr
2026-02-17T19:15:23.412+0000 7f59a73a7640 1 -- 10.20.193.54:0/3091016285 >> [v2:10.20.193.54:3300/0,v1:10.20.193.54:6789/0] conn(0x7f59a010a850 msgr2=0x7f59a010ac50 secure :-1 s=STATE_CONNECTION_ESTABLISHED l=1).mark_down
2026-02-17T19:15:23.554 INFO:teuthology.orchestra.run.trial054.stdout:/usr/bin/ceph: stderr
2026-02-17T19:15:23.412+0000 7f59a73a7640 1 --2- 10.20.193.54:0/3091016285 >> [v2:10.20.193.54:3300/0,v1:10.20.193.54:6789/0] conn(0x7f59a010a850 0x7f59a010ac50 secure :-1 s=READY pgs=57 cs=0 l=1 rev1=1 crypto rx=0x7f5990009920 tx=0x7f599002ef20 comp rx=0 tx=0).stop
2026-02-17T19:15:23.554 INFO:teuthology.orchestra.run.trial054.stdout:/usr/bin/ceph: stderr
2026-02-17T19:15:23.412+0000 7f59a73a7640 1 -- 10.20.193.54:0/3091016285 shutdown_connections
2026-02-17T19:15:23.554 INFO:teuthology.orchestra.run.trial054.stdout:/usr/bin/ceph: stderr
2026-02-17T19:15:23.412+0000 7f59a73a7640 1 --2- 10.20.193.54:0/3091016285 >> [v2:10.20.193.54:3300/0,v1:10.20.193.54:6789/0] conn(0x7f59a010a850 0x7f59a010ac50 unknown :-1 s=CLOSED pgs=57 cs=0 l=1 rev1=1 crypto rx=0 tx=0 comp rx=0 tx=0).stop
2026-02-17T19:15:23.554 INFO:teuthology.orchestra.run.trial054.stdout:/usr/bin/ceph: stderr
2026-02-17T19:15:23.412+0000 7f59a73a7640 1 -- 10.20.193.54:0/3091016285 >> 10.20.193.54:0/3091016285 conn(0x7f59a007dd50 msgr2=0x7f59a0108510 unknown :-1 s=STATE_NONE l=0).mark_down
2026-02-17T19:15:23.554 INFO:teuthology.orchestra.run.trial054.stdout:/usr/bin/ceph: stderr
2026-02-17T19:15:23.412+0000 7f59a73a7640 1 -- 10.20.193.54:0/3091016285 shutdown_connections
2026-02-17T19:15:23.554 INFO:teuthology.orchestra.run.trial054.stdout:/usr/bin/ceph: stderr
2026-02-17T19:15:23.412+0000 7f59a73a7640 1 -- 10.20.193.54:0/3091016285 wait complete.
2026-02-17T19:15:23.555 INFO:teuthology.orchestra.run.trial054.stdout:/usr/bin/ceph: stderr
2026-02-17T19:15:23.412+0000 7f59a73a7640 1 Processor -- start
2026-02-17T19:15:23.555 INFO:teuthology.orchestra.run.trial054.stdout:/usr/bin/ceph: stderr
2026-02-17T19:15:23.412+0000 7f59a73a7640 1 -- start start
2026-02-17T19:15:23.555 INFO:teuthology.orchestra.run.trial054.stdout:/usr/bin/ceph: stderr
2026-02-17T19:15:23.412+0000 7f59a73a7640 1 --2- >> [v2:10.20.193.54:3300/0,v1:10.20.193.54:6789/0] conn(0x7f59a010a850 0x7f59a01a06d0 unknown :-1 s=NONE pgs=0 cs=0 l=1 rev1=0 crypto rx=0 tx=0 comp rx=0 tx=0).connect
2026-02-17T19:15:23.555 INFO:teuthology.orchestra.run.trial054.stdout:/usr/bin/ceph: stderr
2026-02-17T19:15:23.412+0000 7f59a73a7640 1 -- --> [v2:10.20.193.54:3300/0,v1:10.20.193.54:6789/0] -- mon_getmap magic: 0 -- 0x7f59a010ee00 con 0x7f59a010a850
2026-02-17T19:15:23.555 INFO:teuthology.orchestra.run.trial054.stdout:/usr/bin/ceph: stderr
2026-02-17T19:15:23.412+0000 7f59a511c640 1 --2- >> [v2:10.20.193.54:3300/0,v1:10.20.193.54:6789/0] conn(0x7f59a010a850 0x7f59a01a06d0 unknown :-1 s=BANNER_CONNECTING pgs=0 cs=0 l=1 rev1=0 crypto rx=0 tx=0 comp rx=0 tx=0)._handle_peer_banner_payload supported=3 required=0
2026-02-17T19:15:23.555 INFO:teuthology.orchestra.run.trial054.stdout:/usr/bin/ceph: stderr
2026-02-17T19:15:23.412+0000 7f59a511c640 1 --2- >> [v2:10.20.193.54:3300/0,v1:10.20.193.54:6789/0] conn(0x7f59a010a850 0x7f59a01a06d0 unknown :-1 s=HELLO_CONNECTING pgs=0 cs=0 l=1 rev1=1 crypto rx=0 tx=0 comp rx=0 tx=0).handle_hello peer v2:10.20.193.54:3300/0 says I am v2:10.20.193.54:39846/0 (socket says 10.20.193.54:39846)
2026-02-17T19:15:23.555 INFO:teuthology.orchestra.run.trial054.stdout:/usr/bin/ceph: stderr
2026-02-17T19:15:23.412+0000 7f59a511c640 1 -- 10.20.193.54:0/1392175846 learned_addr learned my addr 10.20.193.54:0/1392175846 (peer_addr_for_me v2:10.20.193.54:0/0)
2026-02-17T19:15:23.555 INFO:teuthology.orchestra.run.trial054.stdout:/usr/bin/ceph: stderr
2026-02-17T19:15:23.412+0000 7f59a511c640 1 -- 10.20.193.54:0/1392175846 --> [v2:10.20.193.54:3300/0,v1:10.20.193.54:6789/0] -- mon_subscribe({config=0+,monmap=0+}) -- 0x7f59a01a0c10 con 0x7f59a010a850
2026-02-17T19:15:23.555 INFO:teuthology.orchestra.run.trial054.stdout:/usr/bin/ceph: stderr
2026-02-17T19:15:23.413+0000 7f59a511c640 1 --2- 10.20.193.54:0/1392175846 >> [v2:10.20.193.54:3300/0,v1:10.20.193.54:6789/0] conn(0x7f59a010a850 0x7f59a01a06d0 secure :-1 s=READY pgs=58 cs=0 l=1 rev1=1 crypto rx=0x7f5990009a50 tx=0x7f5990035b40 comp rx=0 tx=0).ready entity=mon.0 client_cookie=0 server_cookie=0 in_seq=0 out_seq=0
2026-02-17T19:15:23.555 INFO:teuthology.orchestra.run.trial054.stdout:/usr/bin/ceph: stderr
2026-02-17T19:15:23.413+0000 7f598e7fc640 1 -- 10.20.193.54:0/1392175846 <== mon.0 v2:10.20.193.54:3300/0 1 ==== mon_map magic: 0 ==== 205+0+0 (secure 0 0 0) 0x7f5990047070 con 0x7f59a010a850
2026-02-17T19:15:23.555 INFO:teuthology.orchestra.run.trial054.stdout:/usr/bin/ceph: stderr
2026-02-17T19:15:23.413+0000 7f59a73a7640 1 -- 10.20.193.54:0/1392175846 --> [v2:10.20.193.54:3300/0,v1:10.20.193.54:6789/0] -- mon_subscribe({mgrmap=0+}) -- 0x7f59a01a0ea0 con 0x7f59a010a850
2026-02-17T19:15:23.555 INFO:teuthology.orchestra.run.trial054.stdout:/usr/bin/ceph: stderr
2026-02-17T19:15:23.413+0000 7f598e7fc640 1 -- 10.20.193.54:0/1392175846 <== mon.0 v2:10.20.193.54:3300/0 2 ==== config(28 keys) ==== 1145+0+0 (secure 0 0 0) 0x7f5990037ad0 con 0x7f59a010a850
2026-02-17T19:15:23.556 INFO:teuthology.orchestra.run.trial054.stdout:/usr/bin/ceph: stderr
2026-02-17T19:15:23.413+0000 7f598e7fc640 1 -- 10.20.193.54:0/1392175846 <== mon.0 v2:10.20.193.54:3300/0 3 ==== mon_map magic: 0 ==== 205+0+0 (secure 0 0 0) 0x7f599003c070 con 0x7f59a010a850
2026-02-17T19:15:23.556 INFO:teuthology.orchestra.run.trial054.stdout:/usr/bin/ceph: stderr
2026-02-17T19:15:23.413+0000 7f59a73a7640 1 -- 10.20.193.54:0/1392175846 --> [v2:10.20.193.54:3300/0,v1:10.20.193.54:6789/0] -- mon_subscribe({osdmap=0}) -- 0x7f59a01a3b90 con 0x7f59a010a850
2026-02-17T19:15:23.556 INFO:teuthology.orchestra.run.trial054.stdout:/usr/bin/ceph: stderr
2026-02-17T19:15:23.413+0000 7f59a73a7640 1 -- 10.20.193.54:0/1392175846 --> [v2:10.20.193.54:3300/0,v1:10.20.193.54:6789/0] -- mon_command({"prefix": "get_command_descriptions"} v 0) -- 0x7f59a010ac50 con 0x7f59a010a850
2026-02-17T19:15:23.556 INFO:teuthology.orchestra.run.trial054.stdout:/usr/bin/ceph: stderr
2026-02-17T19:15:23.413+0000 7f598e7fc640 1 -- 10.20.193.54:0/1392175846 <== mon.0 v2:10.20.193.54:3300/0 4 ==== mgrmap(e 9) ==== 50260+0+0 (secure 0 0 0) 0x7f59900426f0 con 0x7f59a010a850
2026-02-17T19:15:23.556 INFO:teuthology.orchestra.run.trial054.stdout:/usr/bin/ceph: stderr
2026-02-17T19:15:23.414+0000 7f598e7fc640 1 --2- 10.20.193.54:0/1392175846 >> [v2:10.20.193.54:6800/3887624920,v1:10.20.193.54:6801/3887624920] conn(0x7f597c03dc40 0x7f597c040100 unknown :-1 s=NONE pgs=0 cs=0 l=1 rev1=0 crypto rx=0 tx=0 comp rx=0 tx=0).connect
2026-02-17T19:15:23.556 INFO:teuthology.orchestra.run.trial054.stdout:/usr/bin/ceph: stderr
2026-02-17T19:15:23.414+0000 7f59a491b640 1 -- 10.20.193.54:0/1392175846 >> [v2:10.20.193.54:6800/3887624920,v1:10.20.193.54:6801/3887624920] conn(0x7f597c03dc40 msgr2=0x7f597c040100 unknown :-1 s=STATE_CONNECTING_RE l=1).process reconnect failed to v2:10.20.193.54:6800/3887624920
2026-02-17T19:15:23.556 INFO:teuthology.orchestra.run.trial054.stdout:/usr/bin/ceph: stderr
2026-02-17T19:15:23.414+0000 7f598e7fc640 1 -- 10.20.193.54:0/1392175846 <== mon.0 v2:10.20.193.54:3300/0 5 ==== osd_map(2..2 src has 1..2) ==== 940+0+0 (secure 0 0 0) 0x7f5990076800 con 0x7f59a010a850
2026-02-17T19:15:23.556 INFO:teuthology.orchestra.run.trial054.stdout:/usr/bin/ceph: stderr
2026-02-17T19:15:23.414+0000 7f59a491b640 1 --2- 10.20.193.54:0/1392175846 >> [v2:10.20.193.54:6800/3887624920,v1:10.20.193.54:6801/3887624920] conn(0x7f597c03dc40 0x7f597c040100 unknown :-1 s=START_CONNECT pgs=0 cs=0 l=1 rev1=0 crypto rx=0 tx=0 comp rx=0 tx=0)._fault waiting 0.200000
2026-02-17T19:15:23.556 INFO:teuthology.orchestra.run.trial054.stdout:/usr/bin/ceph: stderr
2026-02-17T19:15:23.416+0000 7f598e7fc640 1 -- 10.20.193.54:0/1392175846 <== mon.0 v2:10.20.193.54:3300/0 6 ==== mon_command_ack([{"prefix": "get_command_descriptions"}]=0 v0) ==== 72+0+195034 (secure 0 0 0) 0x7f599004f120 con 0x7f59a010a850
2026-02-17T19:15:23.556 INFO:teuthology.orchestra.run.trial054.stdout:/usr/bin/ceph: stderr
2026-02-17T19:15:23.523+0000 7f59a73a7640 1 -- 10.20.193.54:0/1392175846 --> [v2:10.20.193.54:3300/0,v1:10.20.193.54:6789/0] -- mon_command({"prefix": "mgr stat"} v 0) -- 0x7f59a01a4210 con 0x7f59a010a850
2026-02-17T19:15:23.556 INFO:teuthology.orchestra.run.trial054.stdout:/usr/bin/ceph: stderr
2026-02-17T19:15:23.523+0000 7f598e7fc640 1 -- 10.20.193.54:0/1392175846 <== mon.0 v2:10.20.193.54:3300/0 7 ==== mon_command_ack([{"prefix": "mgr stat"}]=0 v9) ==== 56+0+88 (secure 0 0 0) 0x7f5990076560 con 0x7f59a010a850
2026-02-17T19:15:23.556 INFO:teuthology.orchestra.run.trial054.stdout:/usr/bin/ceph: stderr
2026-02-17T19:15:23.525+0000 7f59a73a7640 1 -- 10.20.193.54:0/1392175846 >> [v2:10.20.193.54:6800/3887624920,v1:10.20.193.54:6801/3887624920] conn(0x7f597c03dc40 msgr2=0x7f597c040100 unknown :-1 s=STATE_CONNECTING l=1).mark_down
2026-02-17T19:15:23.557 INFO:teuthology.orchestra.run.trial054.stdout:/usr/bin/ceph: stderr
2026-02-17T19:15:23.525+0000 7f59a73a7640 1 --2- 10.20.193.54:0/1392175846 >> [v2:10.20.193.54:6800/3887624920,v1:10.20.193.54:6801/3887624920] conn(0x7f597c03dc40 0x7f597c040100 unknown :-1 s=START_CONNECT pgs=0 cs=0 l=1 rev1=0 crypto rx=0 tx=0 comp rx=0 tx=0).stop
2026-02-17T19:15:23.557 INFO:teuthology.orchestra.run.trial054.stdout:/usr/bin/ceph: stderr
2026-02-17T19:15:23.525+0000 7f59a73a7640 1 -- 10.20.193.54:0/1392175846 >> [v2:10.20.193.54:3300/0,v1:10.20.193.54:6789/0] conn(0x7f59a010a850 msgr2=0x7f59a01a06d0 secure :-1 s=STATE_CONNECTION_ESTABLISHED l=1).mark_down
2026-02-17T19:15:23.557 INFO:teuthology.orchestra.run.trial054.stdout:/usr/bin/ceph: stderr
2026-02-17T19:15:23.525+0000 7f59a73a7640 1 --2- 10.20.193.54:0/1392175846 >> [v2:10.20.193.54:3300/0,v1:10.20.193.54:6789/0] conn(0x7f59a010a850 0x7f59a01a06d0 secure :-1 s=READY pgs=58 cs=0 l=1 rev1=1 crypto rx=0x7f5990009a50 tx=0x7f5990035b40 comp rx=0 tx=0).stop
2026-02-17T19:15:23.557 INFO:teuthology.orchestra.run.trial054.stdout:/usr/bin/ceph: stderr
2026-02-17T19:15:23.525+0000 7f59a73a7640 1 -- 10.20.193.54:0/1392175846 shutdown_connections
2026-02-17T19:15:23.557 INFO:teuthology.orchestra.run.trial054.stdout:/usr/bin/ceph: stderr
2026-02-17T19:15:23.525+0000 7f59a73a7640 1 --2- 10.20.193.54:0/1392175846 >> [v2:10.20.193.54:6800/3887624920,v1:10.20.193.54:6801/3887624920] conn(0x7f597c03dc40 0x7f597c040100 unknown :-1 s=CLOSED pgs=0 cs=0 l=1 rev1=0 crypto rx=0 tx=0 comp rx=0 tx=0).stop
2026-02-17T19:15:23.557 INFO:teuthology.orchestra.run.trial054.stdout:/usr/bin/ceph: stderr
2026-02-17T19:15:23.525+0000 7f59a73a7640 1 --2- 10.20.193.54:0/1392175846 >> [v2:10.20.193.54:3300/0,v1:10.20.193.54:6789/0] conn(0x7f59a010a850 0x7f59a01a06d0 unknown :-1 s=CLOSED pgs=58 cs=0 l=1 rev1=1 crypto rx=0 tx=0 comp rx=0 tx=0).stop
2026-02-17T19:15:23.557 INFO:teuthology.orchestra.run.trial054.stdout:/usr/bin/ceph: stderr
2026-02-17T19:15:23.525+0000 7f59a73a7640 1 -- 10.20.193.54:0/1392175846 >> 10.20.193.54:0/1392175846 conn(0x7f59a007dd50 msgr2=0x7f59a0107b00 unknown :-1 s=STATE_NONE l=0).mark_down
2026-02-17T19:15:23.557 INFO:teuthology.orchestra.run.trial054.stdout:/usr/bin/ceph: stderr
2026-02-17T19:15:23.525+0000 7f59a73a7640 1 -- 10.20.193.54:0/1392175846 shutdown_connections
2026-02-17T19:15:23.557 INFO:teuthology.orchestra.run.trial054.stdout:/usr/bin/ceph: stderr
2026-02-17T19:15:23.525+0000 7f59a73a7640 1 -- 10.20.193.54:0/1392175846 wait complete.
2026-02-17T19:15:23.557 INFO:teuthology.orchestra.run.trial054.stdout:Waiting for the mgr to restart...
2026-02-17T19:15:23.557 INFO:teuthology.orchestra.run.trial054.stdout:Waiting for mgr epoch 9...
2026-02-17T19:15:23.834 INFO:journalctl@ceph.mgr.x.trial054.stdout:Feb 17 19:15:23 trial054 ceph-f151e04f-0c34-11f1-88e1-d404e6e7d460-mgr-x[25093]:
2026-02-17T19:15:23.688+0000 7f7675b20140 -1 mgr[py] Module snap_schedule has missing NOTIFY_TYPES member
2026-02-17T19:15:23.834 INFO:journalctl@ceph.mgr.x.trial054.stdout:Feb 17 19:15:23 trial054 ceph-f151e04f-0c34-11f1-88e1-d404e6e7d460-mgr-x[25093]:
2026-02-17T19:15:23.832+0000 7f7675b20140 -1 mgr[py] Module prometheus has missing NOTIFY_TYPES member
2026-02-17T19:15:24.110 INFO:journalctl@ceph.mgr.x.trial054.stdout:Feb 17 19:15:23 trial054 ceph-f151e04f-0c34-11f1-88e1-d404e6e7d460-mgr-x[25093]:
2026-02-17T19:15:23.866+0000 7f7675b20140 -1 mgr[py] Module balancer has missing NOTIFY_TYPES member
2026-02-17T19:15:24.110 INFO:journalctl@ceph.mgr.x.trial054.stdout:Feb 17 19:15:23 trial054 ceph-f151e04f-0c34-11f1-88e1-d404e6e7d460-mgr-x[25093]:
2026-02-17T19:15:23.908+0000 7f7675b20140 -1 mgr[py] Module rbd_support has missing NOTIFY_TYPES member
2026-02-17T19:15:24.110 INFO:journalctl@ceph.mgr.x.trial054.stdout:Feb 17 19:15:23 trial054 ceph-f151e04f-0c34-11f1-88e1-d404e6e7d460-mgr-x[25093]:
2026-02-17T19:15:23.940+0000 7f7675b20140 -1 mgr[py] Module devicehealth has missing NOTIFY_TYPES member
2026-02-17T19:15:24.110 INFO:journalctl@ceph.mgr.x.trial054.stdout:Feb 17 19:15:23 trial054 ceph-f151e04f-0c34-11f1-88e1-d404e6e7d460-mgr-x[25093]:
2026-02-17T19:15:23.974+0000 7f7675b20140 -1 mgr[py] Module alerts has missing NOTIFY_TYPES member
2026-02-17T19:15:24.111 INFO:journalctl@ceph.mgr.x.trial054.stdout:Feb 17 19:15:24 trial054 ceph-f151e04f-0c34-11f1-88e1-d404e6e7d460-mgr-x[25093]:
2026-02-17T19:15:24.039+0000 7f7675b20140 -1 mgr[py] Module telemetry has missing NOTIFY_TYPES member
2026-02-17T19:15:24.111 INFO:journalctl@ceph.mgr.x.trial054.stdout:Feb 17 19:15:24 trial054 ceph-f151e04f-0c34-11f1-88e1-d404e6e7d460-mgr-x[25093]: /lib64/python3.9/site-packages/scipy/__init__.py:73: UserWarning: NumPy was imported from a Python sub-interpreter but NumPy does not properly support sub-interpreters. This will likely work for most users but might cause hard to track down issues or subtle bugs. A common user of the rare sub-interpreter feature is wsgi which also allows single-interpreter mode.
2026-02-17T19:15:24.111 INFO:journalctl@ceph.mgr.x.trial054.stdout:Feb 17 19:15:24 trial054 ceph-f151e04f-0c34-11f1-88e1-d404e6e7d460-mgr-x[25093]: Improvements in the case of bugs are welcome, but is not on the NumPy roadmap, and full support may require significant effort to achieve.
2026-02-17T19:15:24.111 INFO:journalctl@ceph.mgr.x.trial054.stdout:Feb 17 19:15:24 trial054 ceph-f151e04f-0c34-11f1-88e1-d404e6e7d460-mgr-x[25093]: from numpy import show_config as show_numpy_config
2026-02-17T19:15:24.369 INFO:journalctl@ceph.mon.a.trial054.stdout:Feb 17 19:15:24 trial054 ceph-mon[24837]: from='client.? 10.20.193.54:0/4119345673' entity='client.admin' cmd='[{"prefix": "mgr module enable", "module": "dashboard"}]': finished
2026-02-17T19:15:24.370 INFO:journalctl@ceph.mon.a.trial054.stdout:Feb 17 19:15:24 trial054 ceph-mon[24837]: mgrmap e9: x(active, since 5s)
2026-02-17T19:15:24.370 INFO:journalctl@ceph.mon.a.trial054.stdout:Feb 17 19:15:24 trial054 ceph-mon[24837]: from='client.? 10.20.193.54:0/1392175846' entity='client.admin' cmd=[{"prefix": "mgr stat"}]: dispatch
2026-02-17T19:15:24.370 INFO:journalctl@ceph.mgr.x.trial054.stdout:Feb 17 19:15:24 trial054 ceph-f151e04f-0c34-11f1-88e1-d404e6e7d460-mgr-x[25093]:
2026-02-17T19:15:24.111+0000 7f7675b20140 -1 mgr[py] Module diskprediction_local has missing NOTIFY_TYPES member
2026-02-17T19:15:24.370 INFO:journalctl@ceph.mgr.x.trial054.stdout:Feb 17 19:15:24 trial054 ceph-f151e04f-0c34-11f1-88e1-d404e6e7d460-mgr-x[25093]:
2026-02-17T19:15:24.146+0000 7f7675b20140 -1 mgr[py] Module status has missing NOTIFY_TYPES member
2026-02-17T19:15:24.370 INFO:journalctl@ceph.mgr.x.trial054.stdout:Feb 17 19:15:24 trial054 ceph-f151e04f-0c34-11f1-88e1-d404e6e7d460-mgr-x[25093]:
2026-02-17T19:15:24.242+0000 7f7675b20140 -1 mgr[py] Module rgw has missing NOTIFY_TYPES member
2026-02-17T19:15:24.370 INFO:journalctl@ceph.mgr.x.trial054.stdout:Feb 17 19:15:24 trial054 ceph-f151e04f-0c34-11f1-88e1-d404e6e7d460-mgr-x[25093]:
2026-02-17T19:15:24.301+0000 7f7675b20140 -1 mgr[py] Module iostat has missing NOTIFY_TYPES member
2026-02-17T19:15:24.371 INFO:journalctl@ceph.mgr.x.trial054.stdout:Feb 17 19:15:24 trial054 ceph-f151e04f-0c34-11f1-88e1-d404e6e7d460-mgr-x[25093]:
2026-02-17T19:15:24.335+0000 7f7675b20140 -1 mgr[py] Module pg_autoscaler has missing NOTIFY_TYPES member
2026-02-17T19:15:24.371 INFO:journalctl@ceph.mgr.x.trial054.stdout:Feb 17 19:15:24 trial054 ceph-f151e04f-0c34-11f1-88e1-d404e6e7d460-mgr-x[25093]:
2026-02-17T19:15:24.368+0000 7f7675b20140 -1 mgr[py] Module osd_perf_query has missing NOTIFY_TYPES member
2026-02-17T19:15:24.655 INFO:journalctl@ceph.mgr.x.trial054.stdout:Feb 17 19:15:24 trial054 ceph-f151e04f-0c34-11f1-88e1-d404e6e7d460-mgr-x[25093]:
2026-02-17T19:15:24.402+0000 7f7675b20140 -1 mgr[py] Module crash has missing NOTIFY_TYPES member
2026-02-17T19:15:24.655 INFO:journalctl@ceph.mgr.x.trial054.stdout:Feb 17 19:15:24 trial054 ceph-f151e04f-0c34-11f1-88e1-d404e6e7d460-mgr-x[25093]:
2026-02-17T19:15:24.433+0000 7f7675b20140 -1 mgr[py] Module progress has missing NOTIFY_TYPES member
2026-02-17T19:15:24.921 INFO:journalctl@ceph.mgr.x.trial054.stdout:Feb 17 19:15:24 trial054 ceph-f151e04f-0c34-11f1-88e1-d404e6e7d460-mgr-x[25093]:
2026-02-17T19:15:24.665+0000 7f7675b20140 -1 mgr[py] Module rook has missing NOTIFY_TYPES member
2026-02-17T19:15:24.921 INFO:journalctl@ceph.mgr.x.trial054.stdout:Feb 17 19:15:24 trial054 ceph-f151e04f-0c34-11f1-88e1-d404e6e7d460-mgr-x[25093]:
2026-02-17T19:15:24.765+0000 7f7675b20140 -1 mgr[py] Module nfs has missing NOTIFY_TYPES member
2026-02-17T19:15:24.922 INFO:journalctl@ceph.mgr.x.trial054.stdout:Feb 17 19:15:24 trial054 ceph-f151e04f-0c34-11f1-88e1-d404e6e7d460-mgr-x[25093]:
2026-02-17T19:15:24.795+0000 7f7675b20140 -1 mgr[py] Module telegraf has missing NOTIFY_TYPES member
2026-02-17T19:15:24.922 INFO:journalctl@ceph.mgr.x.trial054.stdout:Feb 17 19:15:24 trial054 ceph-f151e04f-0c34-11f1-88e1-d404e6e7d460-mgr-x[25093]:
2026-02-17T19:15:24.826+0000 7f7675b20140 -1 mgr[py] Module selftest has missing NOTIFY_TYPES member
2026-02-17T19:15:24.922 INFO:journalctl@ceph.mgr.x.trial054.stdout:Feb 17 19:15:24 trial054 ceph-f151e04f-0c34-11f1-88e1-d404e6e7d460-mgr-x[25093]:
2026-02-17T19:15:24.919+0000 7f7675b20140 -1 mgr[py] Module test_orchestrator has missing NOTIFY_TYPES member
2026-02-17T19:15:25.405 INFO:journalctl@ceph.mgr.x.trial054.stdout:Feb 17 19:15:24 trial054 ceph-f151e04f-0c34-11f1-88e1-d404e6e7d460-mgr-x[25093]:
2026-02-17T19:15:24.949+0000 7f7675b20140 -1 mgr[py] Module osd_support has missing NOTIFY_TYPES member
2026-02-17T19:15:25.406 INFO:journalctl@ceph.mgr.x.trial054.stdout:Feb 17 19:15:25 trial054 ceph-f151e04f-0c34-11f1-88e1-d404e6e7d460-mgr-x[25093]:
2026-02-17T19:15:25.041+0000 7f7675b20140 -1 mgr[py] Module orchestrator has missing NOTIFY_TYPES member
2026-02-17T19:15:25.905 INFO:journalctl@ceph.mgr.x.trial054.stdout:Feb 17 19:15:25 trial054 ceph-f151e04f-0c34-11f1-88e1-d404e6e7d460-mgr-x[25093]:
2026-02-17T19:15:25.506+0000 7f7675b20140 -1 mgr[py] Module volumes has missing NOTIFY_TYPES member
2026-02-17T19:15:25.905 INFO:journalctl@ceph.mgr.x.trial054.stdout:Feb 17 19:15:25 trial054 ceph-f151e04f-0c34-11f1-88e1-d404e6e7d460-mgr-x[25093]:
2026-02-17T19:15:25.537+0000 7f7675b20140 -1 mgr[py] Module zabbix has missing NOTIFY_TYPES member
2026-02-17T19:15:26.300 INFO:journalctl@ceph.mgr.x.trial054.stdout:Feb 17 19:15:25 trial054 ceph-f151e04f-0c34-11f1-88e1-d404e6e7d460-mgr-x[25093]:
2026-02-17T19:15:25.935+0000 7f7675b20140 -1 mgr[py] Module influx has missing NOTIFY_TYPES member
2026-02-17T19:15:26.301 INFO:journalctl@ceph.mon.a.trial054.stdout:Feb 17 19:15:25 trial054 ceph-mon[24837]: Active manager daemon x restarted
2026-02-17T19:15:26.301 INFO:journalctl@ceph.mon.a.trial054.stdout:Feb 17 19:15:25 trial054 ceph-mon[24837]: Activating manager daemon x
2026-02-17T19:15:26.301 INFO:journalctl@ceph.mon.a.trial054.stdout:Feb 17 19:15:25 trial054 ceph-mon[24837]: osdmap e3: 0 total, 0 up, 0 in
2026-02-17T19:15:26.301 INFO:journalctl@ceph.mon.a.trial054.stdout:Feb 17 19:15:25 trial054 ceph-mon[24837]: mgrmap e10: x(active, starting, since 0.00266387s)
2026-02-17T19:15:26.301 INFO:journalctl@ceph.mon.a.trial054.stdout:Feb 17 19:15:25 trial054 ceph-mon[24837]: from='mgr.14150 10.20.193.54:0/745543908' entity='mgr.x' cmd=[{"prefix": "mon metadata", "id": "a"}]: dispatch
2026-02-17T19:15:26.301 INFO:journalctl@ceph.mon.a.trial054.stdout:Feb 17 19:15:25 trial054 ceph-mon[24837]: from='mgr.14150 10.20.193.54:0/745543908' entity='mgr.x' cmd=[{"prefix": "mgr metadata", "who": "x", "id": "x"}]: dispatch
2026-02-17T19:15:26.301 INFO:journalctl@ceph.mon.a.trial054.stdout:Feb 17 19:15:25 trial054 ceph-mon[24837]: from='mgr.14150 10.20.193.54:0/745543908' entity='mgr.x' cmd=[{"prefix": "mds metadata"}]: dispatch
2026-02-17T19:15:26.301 INFO:journalctl@ceph.mon.a.trial054.stdout:Feb 17 19:15:25 trial054 ceph-mon[24837]: from='mgr.14150 10.20.193.54:0/745543908' entity='mgr.x' cmd=[{"prefix": "osd metadata"}]: dispatch
2026-02-17T19:15:26.302 INFO:journalctl@ceph.mon.a.trial054.stdout:Feb 17 19:15:25 trial054 ceph-mon[24837]: from='mgr.14150 10.20.193.54:0/745543908' entity='mgr.x' cmd=[{"prefix": "mon metadata"}]: dispatch
2026-02-17T19:15:26.302 INFO:journalctl@ceph.mon.a.trial054.stdout:Feb 17 19:15:25 trial054 ceph-mon[24837]: Manager daemon x is now available
2026-02-17T19:15:26.302 INFO:journalctl@ceph.mon.a.trial054.stdout:Feb 17 19:15:25 trial054 ceph-mon[24837]: from='mgr.14150 10.20.193.54:0/745543908' entity='mgr.x' cmd=[{"prefix": "config dump", "format": "json"}]: dispatch
2026-02-17T19:15:26.302 INFO:journalctl@ceph.mon.a.trial054.stdout:Feb 17 19:15:25 trial054 ceph-mon[24837]: from='mgr.14150 10.20.193.54:0/745543908' entity='mgr.x' cmd=[{"prefix":"config rm","who":"mgr","name":"mgr/rbd_support/x/mirror_snapshot_schedule"}]: dispatch
2026-02-17T19:15:26.302 INFO:journalctl@ceph.mon.a.trial054.stdout:Feb 17 19:15:25 trial054 ceph-mon[24837]: from='mgr.14150 10.20.193.54:0/745543908' entity='mgr.x' cmd=[{"prefix":"config rm","who":"mgr","name":"mgr/rbd_support/x/trash_purge_schedule"}]: dispatch
2026-02-17T19:15:26.975 INFO:teuthology.orchestra.run.trial054.stdout:/usr/bin/ceph: stdout {
2026-02-17T19:15:26.975 INFO:teuthology.orchestra.run.trial054.stdout:/usr/bin/ceph: stdout "mgrmap_epoch": 11,
2026-02-17T19:15:26.975 INFO:teuthology.orchestra.run.trial054.stdout:/usr/bin/ceph: stdout "initialized": true
2026-02-17T19:15:26.975 INFO:teuthology.orchestra.run.trial054.stdout:/usr/bin/ceph: stdout }
2026-02-17T19:15:26.975 INFO:teuthology.orchestra.run.trial054.stdout:/usr/bin/ceph: stderr
2026-02-17T19:15:23.651+0000 7f6f0f3f6640 1 Processor -- start
2026-02-17T19:15:26.975 INFO:teuthology.orchestra.run.trial054.stdout:/usr/bin/ceph: stderr
2026-02-17T19:15:23.651+0000 7f6f0f3f6640 1 -- start start
2026-02-17T19:15:26.975 INFO:teuthology.orchestra.run.trial054.stdout:/usr/bin/ceph: stderr
2026-02-17T19:15:23.651+0000 7f6f0f3f6640 1 --2- >> [v2:10.20.193.54:3300/0,v1:10.20.193.54:6789/0] conn(0x7f6f0810a6b0 0x7f6f0810aab0 unknown :-1 s=NONE pgs=0 cs=0 l=0 rev1=0 crypto rx=0 tx=0 comp rx=0 tx=0).connect
2026-02-17T19:15:26.976 INFO:teuthology.orchestra.run.trial054.stdout:/usr/bin/ceph: stderr
2026-02-17T19:15:23.651+0000 7f6f0f3f6640 1 -- --> [v2:10.20.193.54:3300/0,v1:10.20.193.54:6789/0] -- mon_getmap magic: 0 -- 0x7f6f0810b080 con 0x7f6f0810a6b0
2026-02-17T19:15:26.976 INFO:teuthology.orchestra.run.trial054.stdout:/usr/bin/ceph: stderr
2026-02-17T19:15:23.651+0000 7f6f0e3f4640 1 --2- >> [v2:10.20.193.54:3300/0,v1:10.20.193.54:6789/0] conn(0x7f6f0810a6b0 0x7f6f0810aab0 unknown :-1 s=BANNER_CONNECTING pgs=0 cs=0 l=0 rev1=0 crypto rx=0 tx=0 comp rx=0 tx=0)._handle_peer_banner_payload supported=3 required=0
2026-02-17T19:15:26.976 INFO:teuthology.orchestra.run.trial054.stdout:/usr/bin/ceph: stderr
2026-02-17T19:15:23.651+0000 7f6f0e3f4640 1 --2- >> [v2:10.20.193.54:3300/0,v1:10.20.193.54:6789/0] conn(0x7f6f0810a6b0 0x7f6f0810aab0 unknown :-1 s=HELLO_CONNECTING pgs=0 cs=0 l=0 rev1=1 crypto rx=0 tx=0 comp rx=0 tx=0).handle_hello peer v2:10.20.193.54:3300/0 says I am v2:10.20.193.54:39854/0 (socket says 10.20.193.54:39854)
2026-02-17T19:15:26.976 INFO:teuthology.orchestra.run.trial054.stdout:/usr/bin/ceph: stderr
2026-02-17T19:15:23.651+0000 7f6f0e3f4640 1 -- 10.20.193.54:0/393042952 learned_addr learned my addr 10.20.193.54:0/393042952 (peer_addr_for_me v2:10.20.193.54:0/0)
2026-02-17T19:15:26.976 INFO:teuthology.orchestra.run.trial054.stdout:/usr/bin/ceph: stderr
2026-02-17T19:15:23.651+0000 7f6f0e3f4640 1 -- 10.20.193.54:0/393042952 --> [v2:10.20.193.54:3300/0,v1:10.20.193.54:6789/0] -- mon_subscribe({config=0+,monmap=0+}) -- 0x7f6f0810b860 con 0x7f6f0810a6b0
2026-02-17T19:15:26.976 INFO:teuthology.orchestra.run.trial054.stdout:/usr/bin/ceph: stderr
2026-02-17T19:15:23.652+0000 7f6f0e3f4640 1 --2- 10.20.193.54:0/393042952 >> [v2:10.20.193.54:3300/0,v1:10.20.193.54:6789/0] conn(0x7f6f0810a6b0 0x7f6f0810aab0 secure :-1 s=READY pgs=59 cs=0 l=1 rev1=1 crypto rx=0x7f6ef8009920 tx=0x7f6ef802ef20 comp rx=0 tx=0).ready entity=mon.0 client_cookie=5c684f3f96b60de3 server_cookie=0 in_seq=0 out_seq=0
2026-02-17T19:15:26.976 INFO:teuthology.orchestra.run.trial054.stdout:/usr/bin/ceph: stderr
2026-02-17T19:15:23.652+0000 7f6f0d3f2640 1 -- 10.20.193.54:0/393042952 <== mon.0 v2:10.20.193.54:3300/0 1 ==== mon_map magic: 0 ==== 205+0+0 (secure 0 0 0) 0x7f6ef803c070 con 0x7f6f0810a6b0
2026-02-17T19:15:26.976 INFO:teuthology.orchestra.run.trial054.stdout:/usr/bin/ceph: stderr
2026-02-17T19:15:23.652+0000 7f6f0d3f2640 1 -- 10.20.193.54:0/393042952 <== mon.0 v2:10.20.193.54:3300/0 2 ==== config(28 keys) ==== 1145+0+0 (secure 0 0 0) 0x7f6ef8037440 con 0x7f6f0810a6b0
2026-02-17T19:15:26.976 INFO:teuthology.orchestra.run.trial054.stdout:/usr/bin/ceph: stderr
2026-02-17T19:15:23.652+0000 7f6f0d3f2640 1 -- 10.20.193.54:0/393042952 <== mon.0 v2:10.20.193.54:3300/0 3 ==== mon_map magic: 0 ==== 205+0+0 (secure 0 0 0) 0x7f6ef8035610 con 0x7f6f0810a6b0
2026-02-17T19:15:26.976 INFO:teuthology.orchestra.run.trial054.stdout:/usr/bin/ceph: stderr
2026-02-17T19:15:23.652+0000 7f6f0f3f6640 1 -- 10.20.193.54:0/393042952 >> [v2:10.20.193.54:3300/0,v1:10.20.193.54:6789/0] conn(0x7f6f0810a6b0 msgr2=0x7f6f0810aab0 secure :-1 s=STATE_CONNECTION_ESTABLISHED l=1).mark_down
2026-02-17T19:15:26.976 INFO:teuthology.orchestra.run.trial054.stdout:/usr/bin/ceph: stderr
2026-02-17T19:15:23.652+0000 7f6f0f3f6640 1 --2- 10.20.193.54:0/393042952 >> [v2:10.20.193.54:3300/0,v1:10.20.193.54:6789/0] conn(0x7f6f0810a6b0 0x7f6f0810aab0 secure :-1 s=READY pgs=59 cs=0 l=1 rev1=1 crypto rx=0x7f6ef8009920 tx=0x7f6ef802ef20 comp rx=0 tx=0).stop
2026-02-17T19:15:26.977 INFO:teuthology.orchestra.run.trial054.stdout:/usr/bin/ceph: stderr
2026-02-17T19:15:23.652+0000 7f6f0f3f6640 1 -- 10.20.193.54:0/393042952 shutdown_connections
2026-02-17T19:15:26.977 INFO:teuthology.orchestra.run.trial054.stdout:/usr/bin/ceph: stderr
2026-02-17T19:15:23.652+0000 7f6f0f3f6640 1 --2- 10.20.193.54:0/393042952 >> [v2:10.20.193.54:3300/0,v1:10.20.193.54:6789/0] conn(0x7f6f0810a6b0 0x7f6f0810aab0 unknown :-1 s=CLOSED pgs=59 cs=0 l=1 rev1=1 crypto rx=0 tx=0 comp rx=0 tx=0).stop
2026-02-17T19:15:26.977 INFO:teuthology.orchestra.run.trial054.stdout:/usr/bin/ceph: stderr
2026-02-17T19:15:23.652+0000 7f6f0f3f6640 1 -- 10.20.193.54:0/393042952 >> 10.20.193.54:0/393042952 conn(0x7f6f0807db70 msgr2=0x7f6f08108510 unknown :-1 s=STATE_NONE l=0).mark_down
2026-02-17T19:15:26.977 INFO:teuthology.orchestra.run.trial054.stdout:/usr/bin/ceph: stderr
2026-02-17T19:15:23.652+0000 7f6f0f3f6640 1 -- 10.20.193.54:0/393042952 shutdown_connections
2026-02-17T19:15:26.977 INFO:teuthology.orchestra.run.trial054.stdout:/usr/bin/ceph: stderr
2026-02-17T19:15:23.652+0000 7f6f0f3f6640 1 -- 10.20.193.54:0/393042952 wait complete.
2026-02-17T19:15:26.977 INFO:teuthology.orchestra.run.trial054.stdout:/usr/bin/ceph: stderr
2026-02-17T19:15:23.653+0000 7f6f0f3f6640 1 Processor -- start
2026-02-17T19:15:26.977 INFO:teuthology.orchestra.run.trial054.stdout:/usr/bin/ceph: stderr
2026-02-17T19:15:23.653+0000 7f6f0f3f6640 1 -- start start
2026-02-17T19:15:26.977 INFO:teuthology.orchestra.run.trial054.stdout:/usr/bin/ceph: stderr
2026-02-17T19:15:23.653+0000 7f6f0f3f6640 1 --2- >> [v2:10.20.193.54:3300/0,v1:10.20.193.54:6789/0] conn(0x7f6f0810a6b0 0x7f6f081a05d0 unknown :-1 s=NONE pgs=0 cs=0 l=1 rev1=0 crypto rx=0 tx=0 comp rx=0 tx=0).connect
2026-02-17T19:15:26.977 INFO:teuthology.orchestra.run.trial054.stdout:/usr/bin/ceph: stderr
2026-02-17T19:15:23.653+0000 7f6f0f3f6640 1 -- --> [v2:10.20.193.54:3300/0,v1:10.20.193.54:6789/0] -- mon_getmap magic: 0 -- 0x7f6f0810ec10 con 0x7f6f0810a6b0
2026-02-17T19:15:26.977 INFO:teuthology.orchestra.run.trial054.stdout:/usr/bin/ceph: stderr
2026-02-17T19:15:23.653+0000 7f6f0e3f4640 1 --2- >> [v2:10.20.193.54:3300/0,v1:10.20.193.54:6789/0] conn(0x7f6f0810a6b0 0x7f6f081a05d0 unknown :-1 s=BANNER_CONNECTING pgs=0 cs=0 l=1 rev1=0 crypto rx=0 tx=0 comp rx=0 tx=0)._handle_peer_banner_payload supported=3 required=0
2026-02-17T19:15:26.977 INFO:teuthology.orchestra.run.trial054.stdout:/usr/bin/ceph: stderr
2026-02-17T19:15:23.653+0000 7f6f0e3f4640 1 --2- >> [v2:10.20.193.54:3300/0,v1:10.20.193.54:6789/0] conn(0x7f6f0810a6b0 0x7f6f081a05d0 unknown :-1 s=HELLO_CONNECTING pgs=0 cs=0 l=1 rev1=1 crypto rx=0 tx=0 comp rx=0 tx=0).handle_hello peer v2:10.20.193.54:3300/0 says I am v2:10.20.193.54:39858/0 (socket says 10.20.193.54:39858)
2026-02-17T19:15:26.978 INFO:teuthology.orchestra.run.trial054.stdout:/usr/bin/ceph: stderr
2026-02-17T19:15:23.653+0000 7f6f0e3f4640 1 -- 10.20.193.54:0/1774667087 learned_addr learned my addr 10.20.193.54:0/1774667087 (peer_addr_for_me v2:10.20.193.54:0/0)
2026-02-17T19:15:26.978 INFO:teuthology.orchestra.run.trial054.stdout:/usr/bin/ceph: stderr
2026-02-17T19:15:23.653+0000 7f6f0e3f4640 1 -- 10.20.193.54:0/1774667087 --> [v2:10.20.193.54:3300/0,v1:10.20.193.54:6789/0] -- mon_subscribe({config=0+,monmap=0+}) -- 0x7f6f081a0b10 con 0x7f6f0810a6b0
2026-02-17T19:15:26.978 INFO:teuthology.orchestra.run.trial054.stdout:/usr/bin/ceph: stderr
2026-02-17T19:15:23.653+0000 7f6f0e3f4640 1 --2- 10.20.193.54:0/1774667087 >> [v2:10.20.193.54:3300/0,v1:10.20.193.54:6789/0] conn(0x7f6f0810a6b0 0x7f6f081a05d0 secure :-1 s=READY pgs=60 cs=0 l=1 rev1=1 crypto rx=0x7f6ef8035b90 tx=0x7f6ef8035bc0 comp rx=0 tx=0).ready entity=mon.0 client_cookie=0 server_cookie=0 in_seq=0 out_seq=0
2026-02-17T19:15:26.978 INFO:teuthology.orchestra.run.trial054.stdout:/usr/bin/ceph: stderr
2026-02-17T19:15:23.653+0000 7f6eef7fe640 1 -- 10.20.193.54:0/1774667087 <== mon.0 v2:10.20.193.54:3300/0 1 ==== mon_map magic: 0 ==== 205+0+0 (secure 0 0 0) 0x7f6ef8047070 con 0x7f6f0810a6b0
2026-02-17T19:15:26.978 INFO:teuthology.orchestra.run.trial054.stdout:/usr/bin/ceph: stderr
2026-02-17T19:15:23.653+0000 7f6eef7fe640 1 -- 10.20.193.54:0/1774667087 <== mon.0 v2:10.20.193.54:3300/0 2 ==== config(28 keys) ==== 1145+0+0 (secure 0 0 0) 0x7f6ef8037ad0 con 0x7f6f0810a6b0
2026-02-17T19:15:26.978 INFO:teuthology.orchestra.run.trial054.stdout:/usr/bin/ceph: stderr
2026-02-17T19:15:23.653+0000 7f6f0f3f6640 1 -- 10.20.193.54:0/1774667087 --> [v2:10.20.193.54:3300/0,v1:10.20.193.54:6789/0] -- mon_subscribe({mgrmap=0+}) -- 0x7f6f081a0da0 con 0x7f6f0810a6b0
2026-02-17T19:15:26.978 INFO:teuthology.orchestra.run.trial054.stdout:/usr/bin/ceph: stderr
2026-02-17T19:15:23.653+0000 7f6eef7fe640 1 -- 10.20.193.54:0/1774667087 <== mon.0 v2:10.20.193.54:3300/0 3 ==== mon_map magic: 0 ==== 205+0+0 (secure 0 0 0) 0x7f6ef803c070 con 0x7f6f0810a6b0
2026-02-17T19:15:26.978 INFO:teuthology.orchestra.run.trial054.stdout:/usr/bin/ceph: stderr
2026-02-17T19:15:23.653+0000 7f6f0f3f6640 1 -- 10.20.193.54:0/1774667087 --> [v2:10.20.193.54:3300/0,v1:10.20.193.54:6789/0] -- mon_subscribe({osdmap=0}) -- 0x7f6f081a3a90 con 0x7f6f0810a6b0
