2026-02-17T19:22:57.248 INFO:journalctl@ceph.mon.a.trial196.stdout:Feb 17 19:22:56 trial196 ceph-mon[20365]: from='client.14134 -' entity='client.admin' cmd=[{"prefix": "cephadm generate-key", "target": ["mon-mgr", ""]}]: dispatch
2026-02-17T19:22:57.248 INFO:journalctl@ceph.mon.a.trial196.stdout:Feb 17 19:22:56 trial196 ceph-mon[20365]: Generating ssh key...
2026-02-17T19:22:57.249 INFO:journalctl@ceph.mon.a.trial196.stdout:Feb 17 19:22:56 trial196 ceph-mon[20365]: from='client.14136 -' entity='client.admin' cmd=[{"prefix": "cephadm get-pub-key", "target": ["mon-mgr", ""]}]: dispatch
2026-02-17T19:22:57.249 INFO:journalctl@ceph.mon.a.trial196.stdout:Feb 17 19:22:56 trial196 ceph-mon[20365]: from='client.14138 -' entity='client.admin' cmd=[{"prefix": "orch host add", "hostname": "trial196", "addr": "10.20.193.196", "target": ["mon-mgr", ""]}]: dispatch
2026-02-17T19:22:57.249 INFO:journalctl@ceph.mon.a.trial196.stdout:Feb 17 19:22:56 trial196 ceph-mon[20365]: mgrmap e8: x(active, since 2s)
2026-02-17T19:22:57.539 INFO:teuthology.orchestra.run.trial196.stdout:/usr/bin/ceph: stdout Added host 'trial196' with addr '10.20.193.196'
2026-02-17T19:22:57.539 INFO:teuthology.orchestra.run.trial196.stdout:/usr/bin/ceph: stderr
2026-02-17T19:22:55.880+0000 7fbf58e6c640 1 Processor -- start
2026-02-17T19:22:57.539 INFO:teuthology.orchestra.run.trial196.stdout:/usr/bin/ceph: stderr
2026-02-17T19:22:55.880+0000 7fbf58e6c640 1 -- start start
2026-02-17T19:22:57.539 INFO:teuthology.orchestra.run.trial196.stdout:/usr/bin/ceph: stderr
2026-02-17T19:22:55.880+0000 7fbf58e6c640 1 --2- >> [v2:10.20.193.196:3300/0,v1:10.20.193.196:6789/0] conn(0x7fbf54109880 0x7fbf54109c80 unknown :-1 s=NONE pgs=0 cs=0 l=0 rev1=0 crypto rx=0 tx=0 comp rx=0 tx=0).connect
2026-02-17T19:22:57.539 INFO:teuthology.orchestra.run.trial196.stdout:/usr/bin/ceph: stderr
2026-02-17T19:22:55.880+0000 7fbf58e6c640 1 -- --> [v2:10.20.193.196:3300/0,v1:10.20.193.196:6789/0] -- mon_getmap magic: 0 -- 0x7fbf5410a250 con 0x7fbf54109880
2026-02-17T19:22:57.539 INFO:teuthology.orchestra.run.trial196.stdout:/usr/bin/ceph: stderr
2026-02-17T19:22:55.880+0000 7fbf52575640 1 --2- >> [v2:10.20.193.196:3300/0,v1:10.20.193.196:6789/0] conn(0x7fbf54109880 0x7fbf54109c80 unknown :-1 s=BANNER_CONNECTING pgs=0 cs=0 l=0 rev1=0 crypto rx=0 tx=0 comp rx=0 tx=0)._handle_peer_banner_payload supported=3 required=0
2026-02-17T19:22:57.540 INFO:teuthology.orchestra.run.trial196.stdout:/usr/bin/ceph: stderr
2026-02-17T19:22:55.880+0000 7fbf52575640 1 --2- >> [v2:10.20.193.196:3300/0,v1:10.20.193.196:6789/0] conn(0x7fbf54109880 0x7fbf54109c80 unknown :-1 s=HELLO_CONNECTING pgs=0 cs=0 l=0 rev1=1 crypto rx=0 tx=0 comp rx=0 tx=0).handle_hello peer v2:10.20.193.196:3300/0 says I am v2:10.20.193.196:45416/0 (socket says 10.20.193.196:45416)
2026-02-17T19:22:57.540 INFO:teuthology.orchestra.run.trial196.stdout:/usr/bin/ceph: stderr
2026-02-17T19:22:55.880+0000 7fbf52575640 1 -- 10.20.193.196:0/2321207826 learned_addr learned my addr 10.20.193.196:0/2321207826 (peer_addr_for_me v2:10.20.193.196:0/0)
2026-02-17T19:22:57.540 INFO:teuthology.orchestra.run.trial196.stdout:/usr/bin/ceph: stderr
2026-02-17T19:22:55.880+0000 7fbf52575640 1 -- 10.20.193.196:0/2321207826 --> [v2:10.20.193.196:3300/0,v1:10.20.193.196:6789/0] -- mon_subscribe({config=0+,monmap=0+}) -- 0x7fbf5410aa80 con 0x7fbf54109880
2026-02-17T19:22:57.540 INFO:teuthology.orchestra.run.trial196.stdout:/usr/bin/ceph: stderr
2026-02-17T19:22:55.881+0000 7fbf52575640 1 --2- 10.20.193.196:0/2321207826 >> [v2:10.20.193.196:3300/0,v1:10.20.193.196:6789/0] conn(0x7fbf54109880 0x7fbf54109c80 secure :-1 s=READY pgs=43 cs=0 l=1 rev1=1 crypto rx=0x7fbf48009920 tx=0x7fbf4802ef20 comp rx=0 tx=0).ready entity=mon.0 client_cookie=6391df6ced80c93d server_cookie=0 in_seq=0 out_seq=0
2026-02-17T19:22:57.540 INFO:teuthology.orchestra.run.trial196.stdout:/usr/bin/ceph: stderr
2026-02-17T19:22:55.881+0000 7fbf51573640 1 -- 10.20.193.196:0/2321207826 <== mon.0 v2:10.20.193.196:3300/0 1 ==== mon_map magic: 0 ==== 205+0+0 (secure 0 0 0) 0x7fbf4803c070 con 0x7fbf54109880
2026-02-17T19:22:57.540 INFO:teuthology.orchestra.run.trial196.stdout:/usr/bin/ceph: stderr
2026-02-17T19:22:55.881+0000 7fbf51573640 1 -- 10.20.193.196:0/2321207826 <== mon.0 v2:10.20.193.196:3300/0 2 ==== config(25 keys) ==== 1007+0+0 (secure 0 0 0) 0x7fbf48037440 con 0x7fbf54109880
2026-02-17T19:22:57.540 INFO:teuthology.orchestra.run.trial196.stdout:/usr/bin/ceph: stderr
2026-02-17T19:22:55.881+0000 7fbf51573640 1 -- 10.20.193.196:0/2321207826 <== mon.0 v2:10.20.193.196:3300/0 3 ==== mon_map magic: 0 ==== 205+0+0 (secure 0 0 0) 0x7fbf480354d0 con 0x7fbf54109880
2026-02-17T19:22:57.540 INFO:teuthology.orchestra.run.trial196.stdout:/usr/bin/ceph: stderr
2026-02-17T19:22:55.881+0000 7fbf58e6c640 1 -- 10.20.193.196:0/2321207826 >> [v2:10.20.193.196:3300/0,v1:10.20.193.196:6789/0] conn(0x7fbf54109880 msgr2=0x7fbf54109c80 secure :-1 s=STATE_CONNECTION_ESTABLISHED l=1).mark_down
2026-02-17T19:22:57.540 INFO:teuthology.orchestra.run.trial196.stdout:/usr/bin/ceph: stderr
2026-02-17T19:22:55.881+0000 7fbf58e6c640 1 --2- 10.20.193.196:0/2321207826 >> [v2:10.20.193.196:3300/0,v1:10.20.193.196:6789/0] conn(0x7fbf54109880 0x7fbf54109c80 secure :-1 s=READY pgs=43 cs=0 l=1 rev1=1 crypto rx=0x7fbf48009920 tx=0x7fbf4802ef20 comp rx=0 tx=0).stop
2026-02-17T19:22:57.540 INFO:teuthology.orchestra.run.trial196.stdout:/usr/bin/ceph: stderr
2026-02-17T19:22:55.881+0000 7fbf58e6c640 1 -- 10.20.193.196:0/2321207826 shutdown_connections
2026-02-17T19:22:57.540 INFO:teuthology.orchestra.run.trial196.stdout:/usr/bin/ceph: stderr
2026-02-17T19:22:55.881+0000 7fbf58e6c640 1 --2- 10.20.193.196:0/2321207826 >> [v2:10.20.193.196:3300/0,v1:10.20.193.196:6789/0] conn(0x7fbf54109880 0x7fbf54109c80 unknown :-1 s=CLOSED pgs=43 cs=0 l=1 rev1=1 crypto rx=0 tx=0 comp rx=0 tx=0).stop
2026-02-17T19:22:57.541 INFO:teuthology.orchestra.run.trial196.stdout:/usr/bin/ceph: stderr
2026-02-17T19:22:55.881+0000 7fbf58e6c640 1 -- 10.20.193.196:0/2321207826 >> 10.20.193.196:0/2321207826 conn(0x7fbf5407cf00 msgr2=0x7fbf5407d310 unknown :-1 s=STATE_NONE l=0).mark_down
2026-02-17T19:22:57.541 INFO:teuthology.orchestra.run.trial196.stdout:/usr/bin/ceph: stderr
2026-02-17T19:22:55.881+0000 7fbf58e6c640 1 -- 10.20.193.196:0/2321207826 shutdown_connections
2026-02-17T19:22:57.541 INFO:teuthology.orchestra.run.trial196.stdout:/usr/bin/ceph: stderr
2026-02-17T19:22:55.881+0000 7fbf58e6c640 1 -- 10.20.193.196:0/2321207826 wait complete.
2026-02-17T19:22:57.541 INFO:teuthology.orchestra.run.trial196.stdout:/usr/bin/ceph: stderr
2026-02-17T19:22:55.881+0000 7fbf58e6c640 1 Processor -- start
2026-02-17T19:22:57.541 INFO:teuthology.orchestra.run.trial196.stdout:/usr/bin/ceph: stderr
2026-02-17T19:22:55.881+0000 7fbf58e6c640 1 -- start start
2026-02-17T19:22:57.541 INFO:teuthology.orchestra.run.trial196.stdout:/usr/bin/ceph: stderr
2026-02-17T19:22:55.882+0000 7fbf58e6c640 1 --2- >> [v2:10.20.193.196:3300/0,v1:10.20.193.196:6789/0] conn(0x7fbf54109880 0x7fbf5419f7a0 unknown :-1 s=NONE pgs=0 cs=0 l=1 rev1=0 crypto rx=0 tx=0 comp rx=0 tx=0).connect
2026-02-17T19:22:57.541 INFO:teuthology.orchestra.run.trial196.stdout:/usr/bin/ceph: stderr
2026-02-17T19:22:55.882+0000 7fbf58e6c640 1 -- --> [v2:10.20.193.196:3300/0,v1:10.20.193.196:6789/0] -- mon_getmap magic: 0 -- 0x7fbf5410dcb0 con 0x7fbf54109880
2026-02-17T19:22:57.541 INFO:teuthology.orchestra.run.trial196.stdout:/usr/bin/ceph: stderr
2026-02-17T19:22:55.882+0000 7fbf52575640 1 --2- >> [v2:10.20.193.196:3300/0,v1:10.20.193.196:6789/0] conn(0x7fbf54109880 0x7fbf5419f7a0 unknown :-1 s=BANNER_CONNECTING pgs=0 cs=0 l=1 rev1=0 crypto rx=0 tx=0 comp rx=0 tx=0)._handle_peer_banner_payload supported=3 required=0
2026-02-17T19:22:57.541 INFO:teuthology.orchestra.run.trial196.stdout:/usr/bin/ceph: stderr
2026-02-17T19:22:55.882+0000 7fbf52575640 1 --2- >> [v2:10.20.193.196:3300/0,v1:10.20.193.196:6789/0] conn(0x7fbf54109880 0x7fbf5419f7a0 unknown :-1 s=HELLO_CONNECTING pgs=0 cs=0 l=1 rev1=1 crypto rx=0 tx=0 comp rx=0 tx=0).handle_hello peer v2:10.20.193.196:3300/0 says I am v2:10.20.193.196:45422/0 (socket says 10.20.193.196:45422)
2026-02-17T19:22:57.541 INFO:teuthology.orchestra.run.trial196.stdout:/usr/bin/ceph: stderr
2026-02-17T19:22:55.882+0000 7fbf52575640 1 -- 10.20.193.196:0/3132718783 learned_addr learned my addr 10.20.193.196:0/3132718783 (peer_addr_for_me v2:10.20.193.196:0/0)
2026-02-17T19:22:57.541 INFO:teuthology.orchestra.run.trial196.stdout:/usr/bin/ceph: stderr
2026-02-17T19:22:55.882+0000 7fbf52575640 1 -- 10.20.193.196:0/3132718783 --> [v2:10.20.193.196:3300/0,v1:10.20.193.196:6789/0] -- mon_subscribe({config=0+,monmap=0+}) -- 0x7fbf5419fce0 con 0x7fbf54109880
2026-02-17T19:22:57.541 INFO:teuthology.orchestra.run.trial196.stdout:/usr/bin/ceph: stderr
2026-02-17T19:22:55.882+0000 7fbf52575640 1 --2- 10.20.193.196:0/3132718783 >> [v2:10.20.193.196:3300/0,v1:10.20.193.196:6789/0] conn(0x7fbf54109880 0x7fbf5419f7a0 secure :-1 s=READY pgs=44 cs=0 l=1 rev1=1 crypto rx=0x7fbf48002410 tx=0x7fbf48035b20 comp rx=0 tx=0).ready entity=mon.0 client_cookie=0 server_cookie=0 in_seq=0 out_seq=0
2026-02-17T19:22:57.542 INFO:teuthology.orchestra.run.trial196.stdout:/usr/bin/ceph: stderr
2026-02-17T19:22:55.882+0000 7fbf3b7fe640 1 -- 10.20.193.196:0/3132718783 <== mon.0 v2:10.20.193.196:3300/0 1 ==== mon_map magic: 0 ==== 205+0+0 (secure 0 0 0) 0x7fbf48045070 con 0x7fbf54109880
2026-02-17T19:22:57.542 INFO:teuthology.orchestra.run.trial196.stdout:/usr/bin/ceph: stderr
2026-02-17T19:22:55.882+0000 7fbf3b7fe640 1 -- 10.20.193.196:0/3132718783 <== mon.0 v2:10.20.193.196:3300/0 2 ==== config(25 keys) ==== 1007+0+0 (secure 0 0 0) 0x7fbf4802fe00 con 0x7fbf54109880
2026-02-17T19:22:57.542 INFO:teuthology.orchestra.run.trial196.stdout:/usr/bin/ceph: stderr
2026-02-17T19:22:55.882+0000 7fbf3b7fe640 1 -- 10.20.193.196:0/3132718783 <== mon.0 v2:10.20.193.196:3300/0 3 ==== mon_map magic: 0 ==== 205+0+0 (secure 0 0 0) 0x7fbf4803c070 con 0x7fbf54109880
2026-02-17T19:22:57.542 INFO:teuthology.orchestra.run.trial196.stdout:/usr/bin/ceph: stderr
2026-02-17T19:22:55.882+0000 7fbf58e6c640 1 -- 10.20.193.196:0/3132718783 --> [v2:10.20.193.196:3300/0,v1:10.20.193.196:6789/0] -- mon_subscribe({mgrmap=0+}) -- 0x7fbf5419ff70 con 0x7fbf54109880
2026-02-17T19:22:57.542 INFO:teuthology.orchestra.run.trial196.stdout:/usr/bin/ceph: stderr
2026-02-17T19:22:55.882+0000 7fbf58e6c640 1 -- 10.20.193.196:0/3132718783 --> [v2:10.20.193.196:3300/0,v1:10.20.193.196:6789/0] -- mon_subscribe({osdmap=0}) -- 0x7fbf541a2c60 con 0x7fbf54109880
2026-02-17T19:22:57.542 INFO:teuthology.orchestra.run.trial196.stdout:/usr/bin/ceph: stderr
2026-02-17T19:22:55.882+0000 7fbf58e6c640 1 -- 10.20.193.196:0/3132718783 --> [v2:10.20.193.196:3300/0,v1:10.20.193.196:6789/0] -- mon_command({"prefix": "get_command_descriptions"} v 0) -- 0x7fbf54109d00 con 0x7fbf54109880
2026-02-17T19:22:57.542 INFO:teuthology.orchestra.run.trial196.stdout:/usr/bin/ceph: stderr
2026-02-17T19:22:55.882+0000 7fbf3b7fe640 1 -- 10.20.193.196:0/3132718783 <== mon.0 v2:10.20.193.196:3300/0 4 ==== mgrmap(e 7) ==== 50141+0+0 (secure 0 0 0) 0x7fbf48040690 con 0x7fbf54109880
2026-02-17T19:22:57.542 INFO:teuthology.orchestra.run.trial196.stdout:/usr/bin/ceph: stderr
2026-02-17T19:22:55.883+0000 7fbf3b7fe640 1 --2- 10.20.193.196:0/3132718783 >> [v2:10.20.193.196:6800/1813560728,v1:10.20.193.196:6801/1813560728] conn(0x7fbf2c03dad0 0x7fbf2c03ff90 unknown :-1 s=NONE pgs=0 cs=0 l=1 rev1=0 crypto rx=0 tx=0 comp rx=0 tx=0).connect
2026-02-17T19:22:57.542 INFO:teuthology.orchestra.run.trial196.stdout:/usr/bin/ceph: stderr
2026-02-17T19:22:55.883+0000 7fbf3b7fe640 1 -- 10.20.193.196:0/3132718783 <== mon.0 v2:10.20.193.196:3300/0 5 ==== osd_map(2..2 src has 1..2) ==== 940+0+0 (secure 0 0 0) 0x7fbf48076210 con 0x7fbf54109880
2026-02-17T19:22:57.542 INFO:teuthology.orchestra.run.trial196.stdout:/usr/bin/ceph: stderr
2026-02-17T19:22:55.883+0000 7fbf51d74640 1 --2- 10.20.193.196:0/3132718783 >> [v2:10.20.193.196:6800/1813560728,v1:10.20.193.196:6801/1813560728] conn(0x7fbf2c03dad0 0x7fbf2c03ff90 unknown :-1 s=BANNER_CONNECTING pgs=0 cs=0 l=1 rev1=0 crypto rx=0 tx=0 comp rx=0 tx=0)._handle_peer_banner_payload supported=3 required=0
2026-02-17T19:22:57.542 INFO:teuthology.orchestra.run.trial196.stdout:/usr/bin/ceph: stderr
2026-02-17T19:22:55.883+0000 7fbf51d74640 1 --2- 10.20.193.196:0/3132718783 >> [v2:10.20.193.196:6800/1813560728,v1:10.20.193.196:6801/1813560728] conn(0x7fbf2c03dad0 0x7fbf2c03ff90 secure :-1 s=READY pgs=11 cs=0 l=1 rev1=1 crypto rx=0x7fbf3c0099c0 tx=0x7fbf3c006eb0 comp rx=0 tx=0).ready entity=mgr.14118 client_cookie=0 server_cookie=0 in_seq=0 out_seq=0
2026-02-17T19:22:57.543 INFO:teuthology.orchestra.run.trial196.stdout:/usr/bin/ceph: stderr
2026-02-17T19:22:55.885+0000 7fbf3b7fe640 1 -- 10.20.193.196:0/3132718783 <== mon.0 v2:10.20.193.196:3300/0 6 ==== mon_command_ack([{"prefix": "get_command_descriptions"}]=0 v0) ==== 72+0+195034 (secure 0 0 0) 0x7fbf48040e20 con 0x7fbf54109880
2026-02-17T19:22:57.543 INFO:teuthology.orchestra.run.trial196.stdout:/usr/bin/ceph: stderr
2026-02-17T19:22:55.970+0000 7fbf58e6c640 1 -- 10.20.193.196:0/3132718783 --> [v2:10.20.193.196:6800/1813560728,v1:10.20.193.196:6801/1813560728] -- mgr_command(tid 0: {"prefix": "orch host add", "hostname": "trial196", "addr": "10.20.193.196", "target": ["mon-mgr", ""]}) -- 0x7fbf541077d0 con 0x7fbf2c03dad0
2026-02-17T19:22:57.543 INFO:teuthology.orchestra.run.trial196.stdout:/usr/bin/ceph: stderr
2026-02-17T19:22:56.548+0000 7fbf3b7fe640 1 -- 10.20.193.196:0/3132718783 <== mon.0 v2:10.20.193.196:3300/0 7 ==== mgrmap(e 8) ==== 50247+0+0 (secure 0 0 0) 0x7fbf4802f9b0 con 0x7fbf54109880
2026-02-17T19:22:57.543 INFO:teuthology.orchestra.run.trial196.stdout:/usr/bin/ceph: stderr
2026-02-17T19:22:57.481+0000 7fbf3b7fe640 1 -- 10.20.193.196:0/3132718783 <== mgr.14118 v2:10.20.193.196:6800/1813560728 1 ==== mgr_command_reply(tid 0: 0 ) ==== 8+0+48 (secure 0 0 0) 0x7fbf541077d0 con 0x7fbf2c03dad0
2026-02-17T19:22:57.543 INFO:teuthology.orchestra.run.trial196.stdout:/usr/bin/ceph: stderr
2026-02-17T19:22:57.483+0000 7fbf58e6c640 1 -- 10.20.193.196:0/3132718783 >> [v2:10.20.193.196:6800/1813560728,v1:10.20.193.196:6801/1813560728] conn(0x7fbf2c03dad0 msgr2=0x7fbf2c03ff90 secure :-1 s=STATE_CONNECTION_ESTABLISHED l=1).mark_down
2026-02-17T19:22:57.543 INFO:teuthology.orchestra.run.trial196.stdout:/usr/bin/ceph: stderr
2026-02-17T19:22:57.483+0000 7fbf58e6c640 1 --2- 10.20.193.196:0/3132718783 >> [v2:10.20.193.196:6800/1813560728,v1:10.20.193.196:6801/1813560728] conn(0x7fbf2c03dad0 0x7fbf2c03ff90 secure :-1 s=READY pgs=11 cs=0 l=1 rev1=1 crypto rx=0x7fbf3c0099c0 tx=0x7fbf3c006eb0 comp rx=0 tx=0).stop
2026-02-17T19:22:57.543 INFO:teuthology.orchestra.run.trial196.stdout:/usr/bin/ceph: stderr
2026-02-17T19:22:57.483+0000 7fbf58e6c640 1 -- 10.20.193.196:0/3132718783 >> [v2:10.20.193.196:3300/0,v1:10.20.193.196:6789/0] conn(0x7fbf54109880 msgr2=0x7fbf5419f7a0 secure :-1 s=STATE_CONNECTION_ESTABLISHED l=1).mark_down
2026-02-17T19:22:57.543 INFO:teuthology.orchestra.run.trial196.stdout:/usr/bin/ceph: stderr
2026-02-17T19:22:57.483+0000 7fbf58e6c640 1 --2- 10.20.193.196:0/3132718783 >> [v2:10.20.193.196:3300/0,v1:10.20.193.196:6789/0] conn(0x7fbf54109880 0x7fbf5419f7a0 secure :-1 s=READY pgs=44 cs=0 l=1 rev1=1 crypto rx=0x7fbf48002410 tx=0x7fbf48035b20 comp rx=0 tx=0).stop
2026-02-17T19:22:57.543 INFO:teuthology.orchestra.run.trial196.stdout:/usr/bin/ceph: stderr
2026-02-17T19:22:57.483+0000 7fbf58e6c640 1 -- 10.20.193.196:0/3132718783 shutdown_connections
2026-02-17T19:22:57.543 INFO:teuthology.orchestra.run.trial196.stdout:/usr/bin/ceph: stderr
2026-02-17T19:22:57.483+0000 7fbf58e6c640 1 --2- 10.20.193.196:0/3132718783 >> [v2:10.20.193.196:6800/1813560728,v1:10.20.193.196:6801/1813560728] conn(0x7fbf2c03dad0 0x7fbf2c03ff90 unknown :-1 s=CLOSED pgs=11 cs=0 l=1 rev1=1 crypto rx=0 tx=0 comp rx=0 tx=0).stop
2026-02-17T19:22:57.543 INFO:teuthology.orchestra.run.trial196.stdout:/usr/bin/ceph: stderr
2026-02-17T19:22:57.483+0000 7fbf58e6c640 1 --2- 10.20.193.196:0/3132718783 >> [v2:10.20.193.196:3300/0,v1:10.20.193.196:6789/0] conn(0x7fbf54109880 0x7fbf5419f7a0 unknown :-1 s=CLOSED pgs=44 cs=0 l=1 rev1=1 crypto rx=0 tx=0 comp rx=0 tx=0).stop
2026-02-17T19:22:57.543 INFO:teuthology.orchestra.run.trial196.stdout:/usr/bin/ceph: stderr
2026-02-17T19:22:57.483+0000 7fbf58e6c640 1 -- 10.20.193.196:0/3132718783 >> 10.20.193.196:0/3132718783 conn(0x7fbf5407cf00 msgr2=0x7fbf541070c0 unknown :-1 s=STATE_NONE l=0).mark_down
2026-02-17T19:22:57.544 INFO:teuthology.orchestra.run.trial196.stdout:/usr/bin/ceph: stderr
2026-02-17T19:22:57.483+0000 7fbf58e6c640 1 -- 10.20.193.196:0/3132718783 shutdown_connections
2026-02-17T19:22:57.544 INFO:teuthology.orchestra.run.trial196.stdout:/usr/bin/ceph: stderr
2026-02-17T19:22:57.483+0000 7fbf58e6c640 1 -- 10.20.193.196:0/3132718783 wait complete.
2026-02-17T19:22:57.544 INFO:teuthology.orchestra.run.trial196.stdout:Deploying unmanaged mon service...
2026-02-17T19:22:57.763 INFO:teuthology.orchestra.run.trial196.stdout:/usr/bin/ceph: stdout Scheduled mon update...
2026-02-17T19:22:57.763 INFO:teuthology.orchestra.run.trial196.stdout:/usr/bin/ceph: stderr
2026-02-17T19:22:57.632+0000 7f6f6e695640 1 Processor -- start
2026-02-17T19:22:57.763 INFO:teuthology.orchestra.run.trial196.stdout:/usr/bin/ceph: stderr
2026-02-17T19:22:57.632+0000 7f6f6e695640 1 -- start start
2026-02-17T19:22:57.763 INFO:teuthology.orchestra.run.trial196.stdout:/usr/bin/ceph: stderr
2026-02-17T19:22:57.633+0000 7f6f6e695640 1 --2- >> [v2:10.20.193.196:3300/0,v1:10.20.193.196:6789/0] conn(0x7f6f68109880 0x7f6f68109c80 unknown :-1 s=NONE pgs=0 cs=0 l=0 rev1=0 crypto rx=0 tx=0 comp rx=0 tx=0).connect
2026-02-17T19:22:57.763 INFO:teuthology.orchestra.run.trial196.stdout:/usr/bin/ceph: stderr
2026-02-17T19:22:57.633+0000 7f6f6e695640 1 -- --> [v2:10.20.193.196:3300/0,v1:10.20.193.196:6789/0] -- mon_getmap magic: 0 -- 0x7f6f6810a250 con 0x7f6f68109880
2026-02-17T19:22:57.763 INFO:teuthology.orchestra.run.trial196.stdout:/usr/bin/ceph: stderr
2026-02-17T19:22:57.633+0000 7f6f67fff640 1 --2- >> [v2:10.20.193.196:3300/0,v1:10.20.193.196:6789/0] conn(0x7f6f68109880 0x7f6f68109c80 unknown :-1 s=BANNER_CONNECTING pgs=0 cs=0 l=0 rev1=0 crypto rx=0 tx=0 comp rx=0 tx=0)._handle_peer_banner_payload supported=3 required=0
2026-02-17T19:22:57.763 INFO:teuthology.orchestra.run.trial196.stdout:/usr/bin/ceph: stderr
2026-02-17T19:22:57.633+0000 7f6f67fff640 1 --2- >> [v2:10.20.193.196:3300/0,v1:10.20.193.196:6789/0] conn(0x7f6f68109880 0x7f6f68109c80 unknown :-1 s=HELLO_CONNECTING pgs=0 cs=0 l=0 rev1=1 crypto rx=0 tx=0 comp rx=0 tx=0).handle_hello peer v2:10.20.193.196:3300/0 says I am v2:10.20.193.196:45438/0 (socket says 10.20.193.196:45438)
2026-02-17T19:22:57.763 INFO:teuthology.orchestra.run.trial196.stdout:/usr/bin/ceph: stderr
2026-02-17T19:22:57.633+0000 7f6f67fff640 1 -- 10.20.193.196:0/3307270280 learned_addr learned my addr 10.20.193.196:0/3307270280 (peer_addr_for_me v2:10.20.193.196:0/0)
2026-02-17T19:22:57.763 INFO:teuthology.orchestra.run.trial196.stdout:/usr/bin/ceph: stderr
2026-02-17T19:22:57.633+0000 7f6f67fff640 1 -- 10.20.193.196:0/3307270280 --> [v2:10.20.193.196:3300/0,v1:10.20.193.196:6789/0] -- mon_subscribe({config=0+,monmap=0+}) -- 0x7f6f6810aa80 con 0x7f6f68109880
2026-02-17T19:22:57.764 INFO:teuthology.orchestra.run.trial196.stdout:/usr/bin/ceph: stderr
2026-02-17T19:22:57.633+0000 7f6f67fff640 1 --2- 10.20.193.196:0/3307270280 >> [v2:10.20.193.196:3300/0,v1:10.20.193.196:6789/0] conn(0x7f6f68109880 0x7f6f68109c80 secure :-1 s=READY pgs=45 cs=0 l=1 rev1=1 crypto rx=0x7f6f54009920 tx=0x7f6f5402ef20 comp rx=0 tx=0).ready entity=mon.0 client_cookie=178ad31fd82ac10d server_cookie=0 in_seq=0 out_seq=0
2026-02-17T19:22:57.764 INFO:teuthology.orchestra.run.trial196.stdout:/usr/bin/ceph: stderr
2026-02-17T19:22:57.634+0000 7f6f66ffd640 1 -- 10.20.193.196:0/3307270280 <== mon.0 v2:10.20.193.196:3300/0 1 ==== mon_map magic: 0 ==== 205+0+0 (secure 0 0 0) 0x7f6f5403c070 con 0x7f6f68109880
2026-02-17T19:22:57.764 INFO:teuthology.orchestra.run.trial196.stdout:/usr/bin/ceph: stderr
2026-02-17T19:22:57.634+0000 7f6f66ffd640 1 -- 10.20.193.196:0/3307270280 <== mon.0 v2:10.20.193.196:3300/0 2 ==== config(25 keys) ==== 1007+0+0 (secure 0 0 0) 0x7f6f54037440 con 0x7f6f68109880
2026-02-17T19:22:57.764 INFO:teuthology.orchestra.run.trial196.stdout:/usr/bin/ceph: stderr
2026-02-17T19:22:57.634+0000 7f6f66ffd640 1 -- 10.20.193.196:0/3307270280 <== mon.0 v2:10.20.193.196:3300/0 3 ==== mon_map magic: 0 ==== 205+0+0 (secure 0 0 0) 0x7f6f540354d0 con 0x7f6f68109880
2026-02-17T19:22:57.764 INFO:teuthology.orchestra.run.trial196.stdout:/usr/bin/ceph: stderr
2026-02-17T19:22:57.634+0000 7f6f6e695640 1 -- 10.20.193.196:0/3307270280 >> [v2:10.20.193.196:3300/0,v1:10.20.193.196:6789/0] conn(0x7f6f68109880 msgr2=0x7f6f68109c80 secure :-1 s=STATE_CONNECTION_ESTABLISHED l=1).mark_down
2026-02-17T19:22:57.764 INFO:teuthology.orchestra.run.trial196.stdout:/usr/bin/ceph: stderr
2026-02-17T19:22:57.634+0000 7f6f6e695640 1 --2- 10.20.193.196:0/3307270280 >> [v2:10.20.193.196:3300/0,v1:10.20.193.196:6789/0] conn(0x7f6f68109880 0x7f6f68109c80 secure :-1 s=READY pgs=45 cs=0 l=1 rev1=1 crypto rx=0x7f6f54009920 tx=0x7f6f5402ef20 comp rx=0 tx=0).stop
2026-02-17T19:22:57.764 INFO:teuthology.orchestra.run.trial196.stdout:/usr/bin/ceph: stderr
2026-02-17T19:22:57.634+0000 7f6f6e695640 1 -- 10.20.193.196:0/3307270280 shutdown_connections
2026-02-17T19:22:57.764 INFO:teuthology.orchestra.run.trial196.stdout:/usr/bin/ceph: stderr
2026-02-17T19:22:57.634+0000 7f6f6e695640 1 --2- 10.20.193.196:0/3307270280 >> [v2:10.20.193.196:3300/0,v1:10.20.193.196:6789/0] conn(0x7f6f68109880 0x7f6f68109c80 unknown :-1 s=CLOSED pgs=45 cs=0 l=1 rev1=1 crypto rx=0 tx=0 comp rx=0 tx=0).stop
2026-02-17T19:22:57.764 INFO:teuthology.orchestra.run.trial196.stdout:/usr/bin/ceph: stderr
2026-02-17T19:22:57.634+0000 7f6f6e695640 1 -- 10.20.193.196:0/3307270280 >> 10.20.193.196:0/3307270280 conn(0x7f6f6807ce10 msgr2=0x7f6f6807d220 unknown :-1 s=STATE_NONE l=0).mark_down
2026-02-17T19:22:57.764 INFO:teuthology.orchestra.run.trial196.stdout:/usr/bin/ceph: stderr
2026-02-17T19:22:57.634+0000 7f6f6e695640 1 -- 10.20.193.196:0/3307270280 shutdown_connections
2026-02-17T19:22:57.764 INFO:teuthology.orchestra.run.trial196.stdout:/usr/bin/ceph: stderr
2026-02-17T19:22:57.634+0000 7f6f6e695640 1 -- 10.20.193.196:0/3307270280 wait complete.
2026-02-17T19:22:57.764 INFO:teuthology.orchestra.run.trial196.stdout:/usr/bin/ceph: stderr
2026-02-17T19:22:57.634+0000 7f6f6e695640 1 Processor -- start
2026-02-17T19:22:57.764 INFO:teuthology.orchestra.run.trial196.stdout:/usr/bin/ceph: stderr
2026-02-17T19:22:57.634+0000 7f6f6e695640 1 -- start start
2026-02-17T19:22:57.765 INFO:teuthology.orchestra.run.trial196.stdout:/usr/bin/ceph: stderr
2026-02-17T19:22:57.634+0000 7f6f6e695640 1 --2- >> [v2:10.20.193.196:3300/0,v1:10.20.193.196:6789/0] conn(0x7f6f68109880 0x7f6f6819f730 unknown :-1 s=NONE pgs=0 cs=0 l=1 rev1=0 crypto rx=0 tx=0 comp rx=0 tx=0).connect
2026-02-17T19:22:57.765 INFO:teuthology.orchestra.run.trial196.stdout:/usr/bin/ceph: stderr
2026-02-17T19:22:57.634+0000 7f6f6e695640 1 -- --> [v2:10.20.193.196:3300/0,v1:10.20.193.196:6789/0] -- mon_getmap magic: 0 -- 0x7f6f6810dcb0 con 0x7f6f68109880
2026-02-17T19:22:57.765 INFO:teuthology.orchestra.run.trial196.stdout:/usr/bin/ceph: stderr
2026-02-17T19:22:57.634+0000 7f6f67fff640 1 --2- >> [v2:10.20.193.196:3300/0,v1:10.20.193.196:6789/0] conn(0x7f6f68109880 0x7f6f6819f730 unknown :-1 s=BANNER_CONNECTING pgs=0 cs=0 l=1 rev1=0 crypto rx=0 tx=0 comp rx=0 tx=0)._handle_peer_banner_payload supported=3 required=0
2026-02-17T19:22:57.765 INFO:teuthology.orchestra.run.trial196.stdout:/usr/bin/ceph: stderr
2026-02-17T19:22:57.635+0000 7f6f67fff640 1 --2- >> [v2:10.20.193.196:3300/0,v1:10.20.193.196:6789/0] conn(0x7f6f68109880 0x7f6f6819f730 unknown :-1 s=HELLO_CONNECTING pgs=0 cs=0 l=1 rev1=1 crypto rx=0 tx=0 comp rx=0 tx=0).handle_hello peer v2:10.20.193.196:3300/0 says I am v2:10.20.193.196:45450/0 (socket says 10.20.193.196:45450)
2026-02-17T19:22:57.765 INFO:teuthology.orchestra.run.trial196.stdout:/usr/bin/ceph: stderr
2026-02-17T19:22:57.635+0000 7f6f67fff640 1 -- 10.20.193.196:0/3415640952 learned_addr learned my addr 10.20.193.196:0/3415640952 (peer_addr_for_me v2:10.20.193.196:0/0)
2026-02-17T19:22:57.765 INFO:teuthology.orchestra.run.trial196.stdout:/usr/bin/ceph: stderr
2026-02-17T19:22:57.635+0000 7f6f67fff640 1 -- 10.20.193.196:0/3415640952 --> [v2:10.20.193.196:3300/0,v1:10.20.193.196:6789/0] -- mon_subscribe({config=0+,monmap=0+}) -- 0x7f6f6819fc70 con 0x7f6f68109880
2026-02-17T19:22:57.765 INFO:teuthology.orchestra.run.trial196.stdout:/usr/bin/ceph: stderr
2026-02-17T19:22:57.635+0000 7f6f67fff640 1 --2- 10.20.193.196:0/3415640952 >> [v2:10.20.193.196:3300/0,v1:10.20.193.196:6789/0] conn(0x7f6f68109880 0x7f6f6819f730 secure :-1 s=READY pgs=46 cs=0 l=1 rev1=1 crypto rx=0x7f6f54037cd0 tx=0x7f6f54035b10 comp rx=0 tx=0).ready entity=mon.0 client_cookie=0 server_cookie=0 in_seq=0 out_seq=0
2026-02-17T19:22:57.765 INFO:teuthology.orchestra.run.trial196.stdout:/usr/bin/ceph: stderr
2026-02-17T19:22:57.635+0000 7f6f657fa640 1 -- 10.20.193.196:0/3415640952 <== mon.0 v2:10.20.193.196:3300/0 1 ==== mon_map magic: 0 ==== 205+0+0 (secure 0 0 0) 0x7f6f54045070 con 0x7f6f68109880
2026-02-17T19:22:57.765 INFO:teuthology.orchestra.run.trial196.stdout:/usr/bin/ceph: stderr
2026-02-17T19:22:57.635+0000 7f6f657fa640 1 -- 10.20.193.196:0/3415640952 <== mon.0 v2:10.20.193.196:3300/0 2 ==== config(25 keys) ==== 1007+0+0 (secure 0 0 0) 0x7f6f54040450 con 0x7f6f68109880
2026-02-17T19:22:57.765 INFO:teuthology.orchestra.run.trial196.stdout:/usr/bin/ceph: stderr
2026-02-17T19:22:57.635+0000 7f6f657fa640 1 -- 10.20.193.196:0/3415640952 <== mon.0 v2:10.20.193.196:3300/0 3 ==== mon_map magic: 0 ==== 205+0+0 (secure 0 0 0) 0x7f6f5403c070 con 0x7f6f68109880
2026-02-17T19:22:57.765 INFO:teuthology.orchestra.run.trial196.stdout:/usr/bin/ceph: stderr
2026-02-17T19:22:57.635+0000 7f6f6e695640 1 -- 10.20.193.196:0/3415640952 --> [v2:10.20.193.196:3300/0,v1:10.20.193.196:6789/0] -- mon_subscribe({mgrmap=0+}) -- 0x7f6f6819ff00 con 0x7f6f68109880
2026-02-17T19:22:57.765 INFO:teuthology.orchestra.run.trial196.stdout:/usr/bin/ceph: stderr
2026-02-17T19:22:57.635+0000 7f6f6e695640 1 -- 10.20.193.196:0/3415640952 --> [v2:10.20.193.196:3300/0,v1:10.20.193.196:6789/0] -- mon_subscribe({osdmap=0}) -- 0x7f6f681a2bf0 con 0x7f6f68109880
2026-02-17T19:22:57.766 INFO:teuthology.orchestra.run.trial196.stdout:/usr/bin/ceph: stderr
2026-02-17T19:22:57.635+0000 7f6f6e695640 1 -- 10.20.193.196:0/3415640952 --> [v2:10.20.193.196:3300/0,v1:10.20.193.196:6789/0] -- mon_command({"prefix": "get_command_descriptions"} v 0) -- 0x7f6f68109d00 con 0x7f6f68109880
2026-02-17T19:22:57.766 INFO:teuthology.orchestra.run.trial196.stdout:/usr/bin/ceph: stderr
2026-02-17T19:22:57.635+0000 7f6f657fa640 1 -- 10.20.193.196:0/3415640952 <== mon.0 v2:10.20.193.196:3300/0 4 ==== mgrmap(e 8) ==== 50247+0+0 (secure 0 0 0) 0x7f6f5403e4e0 con 0x7f6f68109880
2026-02-17T19:22:57.766 INFO:teuthology.orchestra.run.trial196.stdout:/usr/bin/ceph: stderr
2026-02-17T19:22:57.636+0000 7f6f657fa640 1 --2- 10.20.193.196:0/3415640952 >> [v2:10.20.193.196:6800/1813560728,v1:10.20.193.196:6801/1813560728] conn(0x7f6f3c03dbf0 0x7f6f3c0400b0 unknown :-1 s=NONE pgs=0 cs=0 l=1 rev1=0 crypto rx=0 tx=0 comp rx=0 tx=0).connect
2026-02-17T19:22:57.766 INFO:teuthology.orchestra.run.trial196.stdout:/usr/bin/ceph: stderr
2026-02-17T19:22:57.636+0000 7f6f657fa640 1 -- 10.20.193.196:0/3415640952 <== mon.0 v2:10.20.193.196:3300/0 5 ==== osd_map(2..2 src has 1..2) ==== 940+0+0 (secure 0 0 0) 0x7f6f54076680 con 0x7f6f68109880
2026-02-17T19:22:57.766 INFO:teuthology.orchestra.run.trial196.stdout:/usr/bin/ceph: stderr
2026-02-17T19:22:57.636+0000 7f6f677fe640 1 --2- 10.20.193.196:0/3415640952 >> [v2:10.20.193.196:6800/1813560728,v1:10.20.193.196:6801/1813560728] conn(0x7f6f3c03dbf0 0x7f6f3c0400b0 unknown :-1 s=BANNER_CONNECTING pgs=0 cs=0 l=1 rev1=0 crypto rx=0 tx=0 comp rx=0 tx=0)._handle_peer_banner_payload supported=3 required=0
2026-02-17T19:22:57.766 INFO:teuthology.orchestra.run.trial196.stdout:/usr/bin/ceph: stderr
2026-02-17T19:22:57.636+0000 7f6f677fe640 1 --2- 10.20.193.196:0/3415640952 >> [v2:10.20.193.196:6800/1813560728,v1:10.20.193.196:6801/1813560728] conn(0x7f6f3c03dbf0 0x7f6f3c0400b0 secure :-1 s=READY pgs=12 cs=0 l=1 rev1=1 crypto rx=0x7f6f580099c0 tx=0x7f6f58006eb0 comp rx=0 tx=0).ready entity=mgr.14118 client_cookie=0 server_cookie=0 in_seq=0 out_seq=0
2026-02-17T19:22:57.766 INFO:teuthology.orchestra.run.trial196.stdout:/usr/bin/ceph: stderr
2026-02-17T19:22:57.638+0000 7f6f657fa640 1 -- 10.20.193.196:0/3415640952 <== mon.0 v2:10.20.193.196:3300/0 6 ==== mon_command_ack([{"prefix": "get_command_descriptions"}]=0 v0) ==== 72+0+195034 (secure 0 0 0) 0x7f6f54040900 con 0x7f6f68109880
2026-02-17T19:22:57.766 INFO:teuthology.orchestra.run.trial196.stdout:/usr/bin/ceph: stderr
2026-02-17T19:22:57.728+0000 7f6f6e695640 1 -- 10.20.193.196:0/3415640952 --> [v2:10.20.193.196:6800/1813560728,v1:10.20.193.196:6801/1813560728] -- mgr_command(tid 0: {"prefix": "orch apply", "service_type": "mon", "unmanaged": true, "target": ["mon-mgr", ""]}) -- 0x7f6f681077a0 con 0x7f6f3c03dbf0
2026-02-17T19:22:57.766 INFO:teuthology.orchestra.run.trial196.stdout:/usr/bin/ceph: stderr
2026-02-17T19:22:57.731+0000 7f6f657fa640 1 -- 10.20.193.196:0/3415640952 <== mgr.14118 v2:10.20.193.196:6800/1813560728 1 ==== mgr_command_reply(tid 0: 0 ) ==== 8+0+24 (secure 0 0 0) 0x7f6f681077a0 con 0x7f6f3c03dbf0
2026-02-17T19:22:57.766 INFO:teuthology.orchestra.run.trial196.stdout:/usr/bin/ceph: stderr
2026-02-17T19:22:57.732+0000 7f6f6e695640 1 -- 10.20.193.196:0/3415640952 >> [v2:10.20.193.196:6800/1813560728,v1:10.20.193.196:6801/1813560728] conn(0x7f6f3c03dbf0 msgr2=0x7f6f3c0400b0 secure :-1 s=STATE_CONNECTION_ESTABLISHED l=1).mark_down
2026-02-17T19:22:57.766 INFO:teuthology.orchestra.run.trial196.stdout:/usr/bin/ceph: stderr
2026-02-17T19:22:57.732+0000 7f6f6e695640 1 --2- 10.20.193.196:0/3415640952 >> [v2:10.20.193.196:6800/1813560728,v1:10.20.193.196:6801/1813560728] conn(0x7f6f3c03dbf0 0x7f6f3c0400b0 secure :-1 s=READY pgs=12 cs=0 l=1 rev1=1 crypto rx=0x7f6f580099c0 tx=0x7f6f58006eb0 comp rx=0 tx=0).stop
2026-02-17T19:22:57.766 INFO:teuthology.orchestra.run.trial196.stdout:/usr/bin/ceph: stderr
2026-02-17T19:22:57.732+0000 7f6f6e695640 1 -- 10.20.193.196:0/3415640952 >> [v2:10.20.193.196:3300/0,v1:10.20.193.196:6789/0] conn(0x7f6f68109880 msgr2=0x7f6f6819f730 secure :-1 s=STATE_CONNECTION_ESTABLISHED l=1).mark_down
2026-02-17T19:22:57.767 INFO:teuthology.orchestra.run.trial196.stdout:/usr/bin/ceph: stderr
2026-02-17T19:22:57.732+0000 7f6f6e695640 1 --2- 10.20.193.196:0/3415640952 >> [v2:10.20.193.196:3300/0,v1:10.20.193.196:6789/0] conn(0x7f6f68109880 0x7f6f6819f730 secure :-1 s=READY pgs=46 cs=0 l=1 rev1=1 crypto rx=0x7f6f54037cd0 tx=0x7f6f54035b10 comp rx=0 tx=0).stop
2026-02-17T19:22:57.767 INFO:teuthology.orchestra.run.trial196.stdout:/usr/bin/ceph: stderr
2026-02-17T19:22:57.732+0000 7f6f6e695640 1 -- 10.20.193.196:0/3415640952 shutdown_connections
2026-02-17T19:22:57.767 INFO:teuthology.orchestra.run.trial196.stdout:/usr/bin/ceph: stderr
2026-02-17T19:22:57.732+0000 7f6f6e695640 1 --2- 10.20.193.196:0/3415640952 >> [v2:10.20.193.196:6800/1813560728,v1:10.20.193.196:6801/1813560728] conn(0x7f6f3c03dbf0 0x7f6f3c0400b0 unknown :-1 s=CLOSED pgs=12 cs=0 l=1 rev1=1 crypto rx=0 tx=0 comp rx=0 tx=0).stop
2026-02-17T19:22:57.767 INFO:teuthology.orchestra.run.trial196.stdout:/usr/bin/ceph: stderr
2026-02-17T19:22:57.732+0000 7f6f6e695640 1 --2- 10.20.193.196:0/3415640952 >> [v2:10.20.193.196:3300/0,v1:10.20.193.196:6789/0] conn(0x7f6f68109880 0x7f6f6819f730 unknown :-1 s=CLOSED pgs=46 cs=0 l=1 rev1=1 crypto rx=0 tx=0 comp rx=0 tx=0).stop
2026-02-17T19:22:57.767 INFO:teuthology.orchestra.run.trial196.stdout:/usr/bin/ceph: stderr
2026-02-17T19:22:57.732+0000 7f6f6e695640 1 -- 10.20.193.196:0/3415640952 >> 10.20.193.196:0/3415640952 conn(0x7f6f6807ce10 msgr2=0x7f6f68107090 unknown :-1 s=STATE_NONE l=0).mark_down
2026-02-17T19:22:57.767 INFO:teuthology.orchestra.run.trial196.stdout:/usr/bin/ceph: stderr
2026-02-17T19:22:57.733+0000 7f6f6e695640 1 -- 10.20.193.196:0/3415640952 shutdown_connections
2026-02-17T19:22:57.767 INFO:teuthology.orchestra.run.trial196.stdout:/usr/bin/ceph: stderr
2026-02-17T19:22:57.733+0000 7f6f6e695640 1 -- 10.20.193.196:0/3415640952 wait complete.
2026-02-17T19:22:57.767 INFO:teuthology.orchestra.run.trial196.stdout:Deploying unmanaged mgr service...
2026-02-17T19:22:57.983 INFO:teuthology.orchestra.run.trial196.stdout:/usr/bin/ceph: stdout Scheduled mgr update...
2026-02-17T19:22:57.983 INFO:teuthology.orchestra.run.trial196.stdout:/usr/bin/ceph: stderr
2026-02-17T19:22:57.850+0000 7f2646ff3640 1 Processor -- start
2026-02-17T19:22:57.983 INFO:teuthology.orchestra.run.trial196.stdout:/usr/bin/ceph: stderr
2026-02-17T19:22:57.850+0000 7f2646ff3640 1 -- start start
2026-02-17T19:22:57.983 INFO:teuthology.orchestra.run.trial196.stdout:/usr/bin/ceph: stderr
2026-02-17T19:22:57.850+0000 7f2646ff3640 1 --2- >> [v2:10.20.193.196:3300/0,v1:10.20.193.196:6789/0] conn(0x7f2640108cb0 0x7f26401090b0 unknown :-1 s=NONE pgs=0 cs=0 l=0 rev1=0 crypto rx=0 tx=0 comp rx=0 tx=0).connect
2026-02-17T19:22:57.983 INFO:teuthology.orchestra.run.trial196.stdout:/usr/bin/ceph: stderr
2026-02-17T19:22:57.850+0000 7f2646ff3640 1 -- --> [v2:10.20.193.196:3300/0,v1:10.20.193.196:6789/0] -- mon_getmap magic: 0 -- 0x7f26401071f0 con 0x7f2640108cb0
2026-02-17T19:22:57.984 INFO:teuthology.orchestra.run.trial196.stdout:/usr/bin/ceph: stderr
2026-02-17T19:22:57.851+0000 7f2644d68640 1 --2- >> [v2:10.20.193.196:3300/0,v1:10.20.193.196:6789/0] conn(0x7f2640108cb0 0x7f26401090b0 unknown :-1 s=BANNER_CONNECTING pgs=0 cs=0 l=0 rev1=0 crypto rx=0 tx=0 comp rx=0 tx=0)._handle_peer_banner_payload supported=3 required=0
2026-02-17T19:22:57.984 INFO:teuthology.orchestra.run.trial196.stdout:/usr/bin/ceph: stderr
2026-02-17T19:22:57.851+0000 7f2644d68640 1 --2- >> [v2:10.20.193.196:3300/0,v1:10.20.193.196:6789/0] conn(0x7f2640108cb0 0x7f26401090b0 unknown :-1 s=HELLO_CONNECTING pgs=0 cs=0 l=0 rev1=1 crypto rx=0 tx=0 comp rx=0 tx=0).handle_hello peer v2:10.20.193.196:3300/0 says I am v2:10.20.193.196:45464/0 (socket says 10.20.193.196:45464)
2026-02-17T19:22:57.984 INFO:teuthology.orchestra.run.trial196.stdout:/usr/bin/ceph: stderr
2026-02-17T19:22:57.851+0000 7f2644d68640 1 -- 10.20.193.196:0/1312891450 learned_addr learned my addr 10.20.193.196:0/1312891450 (peer_addr_for_me v2:10.20.193.196:0/0)
2026-02-17T19:22:57.984 INFO:teuthology.orchestra.run.trial196.stdout:/usr/bin/ceph: stderr
2026-02-17T19:22:57.851+0000 7f2644d68640 1 -- 10.20.193.196:0/1312891450 --> [v2:10.20.193.196:3300/0,v1:10.20.193.196:6789/0] -- mon_subscribe({config=0+,monmap=0+}) -- 0x7f2640107370 con 0x7f2640108cb0
2026-02-17T19:22:57.984 INFO:teuthology.orchestra.run.trial196.stdout:/usr/bin/ceph: stderr
2026-02-17T19:22:57.851+0000 7f2644d68640 1 --2- 10.20.193.196:0/1312891450 >> [v2:10.20.193.196:3300/0,v1:10.20.193.196:6789/0] conn(0x7f2640108cb0 0x7f26401090b0 secure :-1 s=READY pgs=47 cs=0 l=1 rev1=1 crypto rx=0x7f2630009920 tx=0x7f263002ef20 comp rx=0 tx=0).ready entity=mon.0 client_cookie=c158333685b70811 server_cookie=0 in_seq=0 out_seq=0
2026-02-17T19:22:57.984 INFO:teuthology.orchestra.run.trial196.stdout:/usr/bin/ceph: stderr
2026-02-17T19:22:57.851+0000 7f26377fe640 1 -- 10.20.193.196:0/1312891450 <== mon.0 v2:10.20.193.196:3300/0 1 ==== mon_map magic: 0 ==== 205+0+0 (secure 0 0 0) 0x7f263003c070 con 0x7f2640108cb0
2026-02-17T19:22:57.984 INFO:teuthology.orchestra.run.trial196.stdout:/usr/bin/ceph: stderr
2026-02-17T19:22:57.851+0000 7f26377fe640 1 -- 10.20.193.196:0/1312891450 <== mon.0 v2:10.20.193.196:3300/0 2 ==== config(25 keys) ==== 1007+0+0 (secure 0 0 0) 0x7f2630037440 con 0x7f2640108cb0
2026-02-17T19:22:57.984 INFO:teuthology.orchestra.run.trial196.stdout:/usr/bin/ceph: stderr
2026-02-17T19:22:57.851+0000 7f26377fe640 1 -- 10.20.193.196:0/1312891450 <== mon.0 v2:10.20.193.196:3300/0 3 ==== mon_map magic: 0 ==== 205+0+0 (secure 0 0 0) 0x7f26300354d0 con 0x7f2640108cb0
2026-02-17T19:22:57.984 INFO:teuthology.orchestra.run.trial196.stdout:/usr/bin/ceph: stderr
2026-02-17T19:22:57.852+0000 7f2646ff3640 1 -- 10.20.193.196:0/1312891450 >> [v2:10.20.193.196:3300/0,v1:10.20.193.196:6789/0] conn(0x7f2640108cb0 msgr2=0x7f26401090b0 secure :-1 s=STATE_CONNECTION_ESTABLISHED l=1).mark_down
2026-02-17T19:22:57.984 INFO:teuthology.orchestra.run.trial196.stdout:/usr/bin/ceph: stderr
2026-02-17T19:22:57.852+0000 7f2646ff3640 1 --2- 10.20.193.196:0/1312891450 >> [v2:10.20.193.196:3300/0,v1:10.20.193.196:6789/0] conn(0x7f2640108cb0 0x7f26401090b0 secure :-1 s=READY pgs=47 cs=0 l=1 rev1=1 crypto rx=0x7f2630009920 tx=0x7f263002ef20 comp rx=0 tx=0).stop
2026-02-17T19:22:57.984 INFO:teuthology.orchestra.run.trial196.stdout:/usr/bin/ceph: stderr
2026-02-17T19:22:57.852+0000 7f2646ff3640 1 -- 10.20.193.196:0/1312891450 shutdown_connections
2026-02-17T19:22:57.984 INFO:teuthology.orchestra.run.trial196.stdout:/usr/bin/ceph: stderr
2026-02-17T19:22:57.852+0000 7f2646ff3640 1 --2- 10.20.193.196:0/1312891450 >> [v2:10.20.193.196:3300/0,v1:10.20.193.196:6789/0] conn(0x7f2640108cb0 0x7f26401090b0 unknown :-1 s=CLOSED pgs=47 cs=0 l=1 rev1=1 crypto rx=0 tx=0 comp rx=0 tx=0).stop
2026-02-17T19:22:57.985 INFO:teuthology.orchestra.run.trial196.stdout:/usr/bin/ceph: stderr
2026-02-17T19:22:57.852+0000 7f2646ff3640 1 -- 10.20.193.196:0/1312891450 >> 10.20.193.196:0/1312891450 conn(0x7f2640102d20 msgr2=0x7f26401051a0 unknown :-1 s=STATE_NONE l=0).mark_down
2026-02-17T19:22:57.985 INFO:teuthology.orchestra.run.trial196.stdout:/usr/bin/ceph: stderr
2026-02-17T19:22:57.852+0000 7f2646ff3640 1 -- 10.20.193.196:0/1312891450 shutdown_connections
2026-02-17T19:22:57.985 INFO:teuthology.orchestra.run.trial196.stdout:/usr/bin/ceph: stderr
2026-02-17T19:22:57.852+0000 7f2646ff3640 1 -- 10.20.193.196:0/1312891450 wait complete.
2026-02-17T19:22:57.985 INFO:teuthology.orchestra.run.trial196.stdout:/usr/bin/ceph: stderr
2026-02-17T19:22:57.852+0000 7f2646ff3640 1 Processor -- start
2026-02-17T19:22:57.985 INFO:teuthology.orchestra.run.trial196.stdout:/usr/bin/ceph: stderr
2026-02-17T19:22:57.852+0000 7f2646ff3640 1 -- start start
2026-02-17T19:22:57.985 INFO:teuthology.orchestra.run.trial196.stdout:/usr/bin/ceph: stderr
2026-02-17T19:22:57.852+0000 7f2646ff3640 1 --2- >> [v2:10.20.193.196:3300/0,v1:10.20.193.196:6789/0] conn(0x7f2640108cb0 0x7f264007d460 unknown :-1 s=NONE pgs=0 cs=0 l=1 rev1=0 crypto rx=0 tx=0 comp rx=0 tx=0).connect
2026-02-17T19:22:57.985 INFO:teuthology.orchestra.run.trial196.stdout:/usr/bin/ceph: stderr
2026-02-17T19:22:57.852+0000 7f2646ff3640 1 -- --> [v2:10.20.193.196:3300/0,v1:10.20.193.196:6789/0] -- mon_getmap magic: 0 -- 0x7f264010bb80 con 0x7f2640108cb0
2026-02-17T19:22:57.985 INFO:teuthology.orchestra.run.trial196.stdout:/usr/bin/ceph: stderr
2026-02-17T19:22:57.853+0000 7f2644d68640 1 --2- >> [v2:10.20.193.196:3300/0,v1:10.20.193.196:6789/0] conn(0x7f2640108cb0 0x7f264007d460 unknown :-1 s=BANNER_CONNECTING pgs=0 cs=0 l=1 rev1=0 crypto rx=0 tx=0 comp rx=0 tx=0)._handle_peer_banner_payload supported=3 required=0
2026-02-17T19:22:57.985 INFO:teuthology.orchestra.run.trial196.stdout:/usr/bin/ceph: stderr
2026-02-17T19:22:57.853+0000 7f2644d68640 1 --2- >> [v2:10.20.193.196:3300/0,v1:10.20.193.196:6789/0] conn(0x7f2640108cb0 0x7f264007d460 unknown :-1 s=HELLO_CONNECTING pgs=0 cs=0 l=1 rev1=1 crypto rx=0 tx=0 comp rx=0 tx=0).handle_hello peer v2:10.20.193.196:3300/0 says I am v2:10.20.193.196:45472/0 (socket says 10.20.193.196:45472)
2026-02-17T19:22:57.985 INFO:teuthology.orchestra.run.trial196.stdout:/usr/bin/ceph: stderr
2026-02-17T19:22:57.853+0000 7f2644d68640 1 -- 10.20.193.196:0/3330151049 learned_addr learned my addr 10.20.193.196:0/3330151049 (peer_addr_for_me v2:10.20.193.196:0/0)
2026-02-17T19:22:57.985 INFO:teuthology.orchestra.run.trial196.stdout:/usr/bin/ceph: stderr
2026-02-17T19:22:57.853+0000 7f2644d68640 1 -- 10.20.193.196:0/3330151049 --> [v2:10.20.193.196:3300/0,v1:10.20.193.196:6789/0] -- mon_subscribe({config=0+,monmap=0+}) -- 0x7f264007d9a0 con 0x7f2640108cb0
2026-02-17T19:22:57.985 INFO:teuthology.orchestra.run.trial196.stdout:/usr/bin/ceph: stderr
2026-02-17T19:22:57.853+0000 7f2644d68640 1 --2- 10.20.193.196:0/3330151049 >> [v2:10.20.193.196:3300/0,v1:10.20.193.196:6789/0] conn(0x7f2640108cb0 0x7f264007d460 secure :-1 s=READY pgs=48 cs=0 l=1 rev1=1 crypto rx=0x7f2630037cd0 tx=0x7f2630035b10 comp rx=0 tx=0).ready entity=mon.0 client_cookie=0 server_cookie=0 in_seq=0 out_seq=0
2026-02-17T19:22:57.986 INFO:teuthology.orchestra.run.trial196.stdout:/usr/bin/ceph: stderr
2026-02-17T19:22:57.853+0000 7f2635ffb640 1 -- 10.20.193.196:0/3330151049 <== mon.0 v2:10.20.193.196:3300/0 1 ==== mon_map magic: 0 ==== 205+0+0 (secure 0 0 0) 0x7f2630045070 con 0x7f2640108cb0
2026-02-17T19:22:57.986 INFO:teuthology.orchestra.run.trial196.stdout:/usr/bin/ceph: stderr
2026-02-17T19:22:57.853+0000 7f2635ffb640 1 -- 10.20.193.196:0/3330151049 <== mon.0 v2:10.20.193.196:3300/0 2 ==== config(25 keys) ==== 1007+0+0 (secure 0 0 0) 0x7f2630040450 con 0x7f2640108cb0
2026-02-17T19:22:57.986 INFO:teuthology.orchestra.run.trial196.stdout:/usr/bin/ceph: stderr
2026-02-17T19:22:57.853+0000 7f2635ffb640 1 -- 10.20.193.196:0/3330151049 <== mon.0 v2:10.20.193.196:3300/0 3 ==== mon_map magic: 0 ==== 205+0+0 (secure 0 0 0) 0x7f263003c070 con 0x7f2640108cb0
2026-02-17T19:22:57.986 INFO:teuthology.orchestra.run.trial196.stdout:/usr/bin/ceph: stderr
2026-02-17T19:22:57.853+0000 7f2646ff3640 1 -- 10.20.193.196:0/3330151049 --> [v2:10.20.193.196:3300/0,v1:10.20.193.196:6789/0] -- mon_subscribe({mgrmap=0+}) -- 0x7f264007bb90 con 0x7f2640108cb0
2026-02-17T19:22:57.986 INFO:teuthology.orchestra.run.trial196.stdout:/usr/bin/ceph: stderr
2026-02-17T19:22:57.853+0000 7f2646ff3640 1 -- 10.20.193.196:0/3330151049 --> [v2:10.20.193.196:3300/0,v1:10.20.193.196:6789/0] -- mon_subscribe({osdmap=0}) -- 0x7f264007c070 con 0x7f2640108cb0
2026-02-17T19:22:57.986 INFO:teuthology.orchestra.run.trial196.stdout:/usr/bin/ceph: stderr
2026-02-17T19:22:57.853+0000 7f2646ff3640 1 -- 10.20.193.196:0/3330151049 --> [v2:10.20.193.196:3300/0,v1:10.20.193.196:6789/0] -- mon_command({"prefix": "get_command_descriptions"} v 0) -- 0x7f2640109130 con 0x7f2640108cb0
2026-02-17T19:22:57.986 INFO:teuthology.orchestra.run.trial196.stdout:/usr/bin/ceph: stderr
2026-02-17T19:22:57.853+0000 7f2635ffb640 1 -- 10.20.193.196:0/3330151049 <== mon.0 v2:10.20.193.196:3300/0 4 ==== mgrmap(e 8) ==== 50247+0+0 (secure 0 0 0) 0x7f263003e4e0 con 0x7f2640108cb0
2026-02-17T19:22:57.986 INFO:teuthology.orchestra.run.trial196.stdout:/usr/bin/ceph: stderr
2026-02-17T19:22:57.854+0000 7f2635ffb640 1 --2- 10.20.193.196:0/3330151049 >> [v2:10.20.193.196:6800/1813560728,v1:10.20.193.196:6801/1813560728] conn(0x7f261c03dbf0 0x7f261c0400b0 unknown :-1 s=NONE pgs=0 cs=0 l=1 rev1=0 crypto rx=0 tx=0 comp rx=0 tx=0).connect
2026-02-17T19:22:57.986 INFO:teuthology.orchestra.run.trial196.stdout:/usr/bin/ceph: stderr
2026-02-17T19:22:57.854+0000 7f2635ffb640 1 -- 10.20.193.196:0/3330151049 <== mon.0 v2:10.20.193.196:3300/0 5 ==== osd_map(2..2 src has 1..2) ==== 940+0+0 (secure 0 0 0) 0x7f2630076770 con 0x7f2640108cb0
2026-02-17T19:22:57.986 INFO:teuthology.orchestra.run.trial196.stdout:/usr/bin/ceph: stderr
2026-02-17T19:22:57.854+0000 7f2637fff640 1 --2- 10.20.193.196:0/3330151049 >> [v2:10.20.193.196:6800/1813560728,v1:10.20.193.196:6801/1813560728] conn(0x7f261c03dbf0 0x7f261c0400b0 unknown :-1 s=BANNER_CONNECTING pgs=0 cs=0 l=1 rev1=0 crypto rx=0 tx=0 comp rx=0 tx=0)._handle_peer_banner_payload supported=3 required=0
2026-02-17T19:22:57.986 INFO:teuthology.orchestra.run.trial196.stdout:/usr/bin/ceph: stderr
2026-02-17T19:22:57.854+0000 7f2637fff640 1 --2- 10.20.193.196:0/3330151049 >> [v2:10.20.193.196:6800/1813560728,v1:10.20.193.196:6801/1813560728] conn(0x7f261c03dbf0 0x7f261c0400b0 secure :-1 s=READY pgs=13 cs=0 l=1 rev1=1 crypto rx=0x7f26280099c0 tx=0x7f2628006eb0 comp rx=0 tx=0).ready entity=mgr.14118 client_cookie=0 server_cookie=0 in_seq=0 out_seq=0
2026-02-17T19:22:57.986 INFO:teuthology.orchestra.run.trial196.stdout:/usr/bin/ceph: stderr
2026-02-17T19:22:57.856+0000 7f2635ffb640 1 -- 10.20.193.196:0/3330151049 <== mon.0 v2:10.20.193.196:3300/0 6 ==== mon_command_ack([{"prefix": "get_command_descriptions"}]=0 v0) ==== 72+0+195034 (secure 0 0 0) 0x7f2630036e30 con 0x7f2640108cb0
2026-02-17T19:22:57.987 INFO:teuthology.orchestra.run.trial196.stdout:/usr/bin/ceph: stderr
2026-02-17T19:22:57.949+0000 7f2646ff3640 1 -- 10.20.193.196:0/3330151049 --> [v2:10.20.193.196:6800/1813560728,v1:10.20.193.196:6801/1813560728] -- mgr_command(tid 0: {"prefix": "orch apply", "service_type": "mgr", "unmanaged": true, "target": ["mon-mgr", ""]}) -- 0x7f264007c7c0 con 0x7f261c03dbf0
2026-02-17T19:22:57.987 INFO:teuthology.orchestra.run.trial196.stdout:/usr/bin/ceph: stderr
2026-02-17T19:22:57.952+0000 7f2635ffb640 1 -- 10.20.193.196:0/3330151049 <== mgr.14118 v2:10.20.193.196:6800/1813560728 1 ==== mgr_command_reply(tid 0: 0 ) ==== 8+0+24 (secure 0 0 0) 0x7f264007c7c0 con 0x7f261c03dbf0
2026-02-17T19:22:57.987 INFO:teuthology.orchestra.run.trial196.stdout:/usr/bin/ceph: stderr
2026-02-17T19:22:57.954+0000 7f2646ff3640 1 -- 10.20.193.196:0/3330151049 >> [v2:10.20.193.196:6800/1813560728,v1:10.20.193.196:6801/1813560728] conn(0x7f261c03dbf0 msgr2=0x7f261c0400b0 secure :-1 s=STATE_CONNECTION_ESTABLISHED l=1).mark_down
2026-02-17T19:22:57.987 INFO:teuthology.orchestra.run.trial196.stdout:/usr/bin/ceph: stderr
2026-02-17T19:22:57.954+0000 7f2646ff3640 1 --2- 10.20.193.196:0/3330151049 >> [v2:10.20.193.196:6800/1813560728,v1:10.20.193.196:6801/1813560728] conn(0x7f261c03dbf0 0x7f261c0400b0 secure :-1 s=READY pgs=13 cs=0 l=1 rev1=1 crypto rx=0x7f26280099c0 tx=0x7f2628006eb0 comp rx=0 tx=0).stop
2026-02-17T19:22:57.987 INFO:teuthology.orchestra.run.trial196.stdout:/usr/bin/ceph: stderr
2026-02-17T19:22:57.954+0000 7f2646ff3640 1 -- 10.20.193.196:0/3330151049 >> [v2:10.20.193.196:3300/0,v1:10.20.193.196:6789/0] conn(0x7f2640108cb0 msgr2=0x7f264007d460 secure :-1 s=STATE_CONNECTION_ESTABLISHED l=1).mark_down
2026-02-17T19:22:57.987 INFO:teuthology.orchestra.run.trial196.stdout:/usr/bin/ceph: stderr
2026-02-17T19:22:57.954+0000 7f2646ff3640 1 --2- 10.20.193.196:0/3330151049 >> [v2:10.20.193.196:3300/0,v1:10.20.193.196:6789/0] conn(0x7f2640108cb0 0x7f264007d460 secure :-1 s=READY pgs=48 cs=0 l=1 rev1=1 crypto rx=0x7f2630037cd0 tx=0x7f2630035b10 comp rx=0 tx=0).stop
2026-02-17T19:22:57.987 INFO:teuthology.orchestra.run.trial196.stdout:/usr/bin/ceph: stderr
2026-02-17T19:22:57.954+0000 7f2646ff3640 1 -- 10.20.193.196:0/3330151049 shutdown_connections
2026-02-17T19:22:57.987 INFO:teuthology.orchestra.run.trial196.stdout:/usr/bin/ceph: stderr
2026-02-17T19:22:57.954+0000 7f2646ff3640 1 --2- 10.20.193.196:0/3330151049 >> [v2:10.20.193.196:6800/1813560728,v1:10.20.193.196:6801/1813560728] conn(0x7f261c03dbf0 0x7f261c0400b0 unknown :-1 s=CLOSED pgs=13 cs=0 l=1 rev1=1 crypto rx=0 tx=0 comp rx=0 tx=0).stop
2026-02-17T19:22:57.987 INFO:teuthology.orchestra.run.trial196.stdout:/usr/bin/ceph: stderr
2026-02-17T19:22:57.954+0000 7f2646ff3640 1 --2- 10.20.193.196:0/3330151049 >> [v2:10.20.193.196:3300/0,v1:10.20.193.196:6789/0] conn(0x7f2640108cb0 0x7f264007d460 unknown :-1 s=CLOSED pgs=48 cs=0 l=1 rev1=1 crypto rx=0 tx=0 comp rx=0 tx=0).stop
2026-02-17T19:22:57.987 INFO:teuthology.orchestra.run.trial196.stdout:/usr/bin/ceph: stderr
2026-02-17T19:22:57.954+0000 7f2646ff3640 1 -- 10.20.193.196:0/3330151049 >> 10.20.193.196:0/3330151049 conn(0x7f2640102d20 msgr2=0x7f26401039d0 unknown :-1 s=STATE_NONE l=0).mark_down
2026-02-17T19:22:57.987 INFO:teuthology.orchestra.run.trial196.stdout:/usr/bin/ceph: stderr
2026-02-17T19:22:57.954+0000 7f2646ff3640 1 -- 10.20.193.196:0/3330151049 shutdown_connections
2026-02-17T19:22:57.987 INFO:teuthology.orchestra.run.trial196.stdout:/usr/bin/ceph: stderr
2026-02-17T19:22:57.954+0000 7f2646ff3640 1 -- 10.20.193.196:0/3330151049 wait complete.
2026-02-17T19:22:58.031 INFO:journalctl@ceph.mon.a.trial196.stdout:Feb 17 19:22:57 trial196 ceph-mon[20365]: Deploying cephadm binary to trial196
2026-02-17T19:22:58.031 INFO:journalctl@ceph.mon.a.trial196.stdout:Feb 17 19:22:57 trial196 ceph-mon[20365]: from='mgr.14118 10.20.193.196:0/1004089000' entity='mgr.x'
2026-02-17T19:22:58.031 INFO:journalctl@ceph.mon.a.trial196.stdout:Feb 17 19:22:57 trial196 ceph-mon[20365]: from='mgr.14118 10.20.193.196:0/1004089000' entity='mgr.x' cmd=[{"prefix": "config dump", "format": "json"}]: dispatch
2026-02-17T19:22:58.031 INFO:journalctl@ceph.mon.a.trial196.stdout:Feb 17 19:22:57 trial196 ceph-mon[20365]: from='mgr.14118 10.20.193.196:0/1004089000' entity='mgr.x'
2026-02-17T19:22:58.197 INFO:teuthology.orchestra.run.trial196.stdout:/usr/bin/ceph: stderr
2026-02-17T19:22:58.076+0000 7f98fcd99640 1 Processor -- start
2026-02-17T19:22:58.197 INFO:teuthology.orchestra.run.trial196.stdout:/usr/bin/ceph: stderr
2026-02-17T19:22:58.076+0000 7f98fcd99640 1 -- start start
2026-02-17T19:22:58.197 INFO:teuthology.orchestra.run.trial196.stdout:/usr/bin/ceph: stderr
2026-02-17T19:22:58.076+0000 7f98fcd99640 1 --2- >> [v2:10.20.193.196:3300/0,v1:10.20.193.196:6789/0] conn(0x7f98f807d770 0x7f98f807bbd0 unknown :-1 s=NONE pgs=0 cs=0 l=0 rev1=0 crypto rx=0 tx=0 comp rx=0 tx=0).connect
2026-02-17T19:22:58.197 INFO:teuthology.orchestra.run.trial196.stdout:/usr/bin/ceph: stderr
