2026-02-17T19:22:55.234+0000 7f1da4841640 1 -- 10.20.193.196:0/2772949725 <== mon.0 v2:10.20.193.196:3300/0 2 ==== config(25 keys) ==== 1007+0+0 (secure 0 0 0) 0x7f1d90037440 con 0x7f1da01075f0
2026-02-17T19:22:55.355 INFO:teuthology.orchestra.run.trial196.stdout:/usr/bin/ceph: stderr
2026-02-17T19:22:55.234+0000 7f1da4841640 1 -- 10.20.193.196:0/2772949725 <== mon.0 v2:10.20.193.196:3300/0 3 ==== mon_map magic: 0 ==== 205+0+0 (secure 0 0 0) 0x7f1d900354d0 con 0x7f1da01075f0
2026-02-17T19:22:55.355 INFO:teuthology.orchestra.run.trial196.stdout:/usr/bin/ceph: stderr
2026-02-17T19:22:55.234+0000 7f1da7ace640 1 -- 10.20.193.196:0/2772949725 >> [v2:10.20.193.196:3300/0,v1:10.20.193.196:6789/0] conn(0x7f1da01075f0 msgr2=0x7f1da01079f0 secure :-1 s=STATE_CONNECTION_ESTABLISHED l=1).mark_down
2026-02-17T19:22:55.355 INFO:teuthology.orchestra.run.trial196.stdout:/usr/bin/ceph: stderr
2026-02-17T19:22:55.234+0000 7f1da7ace640 1 --2- 10.20.193.196:0/2772949725 >> [v2:10.20.193.196:3300/0,v1:10.20.193.196:6789/0] conn(0x7f1da01075f0 0x7f1da01079f0 secure :-1 s=READY pgs=37 cs=0 l=1 rev1=1 crypto rx=0x7f1d90009920 tx=0x7f1d9002ef20 comp rx=0 tx=0).stop
2026-02-17T19:22:55.355 INFO:teuthology.orchestra.run.trial196.stdout:/usr/bin/ceph: stderr
2026-02-17T19:22:55.234+0000 7f1da7ace640 1 -- 10.20.193.196:0/2772949725 shutdown_connections
2026-02-17T19:22:55.355 INFO:teuthology.orchestra.run.trial196.stdout:/usr/bin/ceph: stderr
2026-02-17T19:22:55.234+0000 7f1da7ace640 1 --2- 10.20.193.196:0/2772949725 >> [v2:10.20.193.196:3300/0,v1:10.20.193.196:6789/0] conn(0x7f1da01075f0 0x7f1da01079f0 unknown :-1 s=CLOSED pgs=37 cs=0 l=1 rev1=1 crypto rx=0 tx=0 comp rx=0 tx=0).stop
2026-02-17T19:22:55.355 INFO:teuthology.orchestra.run.trial196.stdout:/usr/bin/ceph: stderr
2026-02-17T19:22:55.234+0000 7f1da7ace640 1 -- 10.20.193.196:0/2772949725 >> 10.20.193.196:0/2772949725 conn(0x7f1da0102da0 msgr2=0x7f1da01051c0 unknown :-1 s=STATE_NONE l=0).mark_down
2026-02-17T19:22:55.355 INFO:teuthology.orchestra.run.trial196.stdout:/usr/bin/ceph: stderr
2026-02-17T19:22:55.235+0000 7f1da7ace640 1 -- 10.20.193.196:0/2772949725 shutdown_connections
2026-02-17T19:22:55.355 INFO:teuthology.orchestra.run.trial196.stdout:/usr/bin/ceph: stderr
2026-02-17T19:22:55.235+0000 7f1da7ace640 1 -- 10.20.193.196:0/2772949725 wait complete.
2026-02-17T19:22:55.355 INFO:teuthology.orchestra.run.trial196.stdout:/usr/bin/ceph: stderr
2026-02-17T19:22:55.235+0000 7f1da7ace640 1 Processor -- start
2026-02-17T19:22:55.356 INFO:teuthology.orchestra.run.trial196.stdout:/usr/bin/ceph: stderr
2026-02-17T19:22:55.235+0000 7f1da7ace640 1 -- start start
2026-02-17T19:22:55.356 INFO:teuthology.orchestra.run.trial196.stdout:/usr/bin/ceph: stderr
2026-02-17T19:22:55.235+0000 7f1da7ace640 1 --2- >> [v2:10.20.193.196:3300/0,v1:10.20.193.196:6789/0] conn(0x7f1da01075f0 0x7f1da019d500 unknown :-1 s=NONE pgs=0 cs=0 l=1 rev1=0 crypto rx=0 tx=0 comp rx=0 tx=0).connect
2026-02-17T19:22:55.356 INFO:teuthology.orchestra.run.trial196.stdout:/usr/bin/ceph: stderr
2026-02-17T19:22:55.235+0000 7f1da7ace640 1 -- --> [v2:10.20.193.196:3300/0,v1:10.20.193.196:6789/0] -- mon_getmap magic: 0 -- 0x7f1da010ba20 con 0x7f1da01075f0
2026-02-17T19:22:55.356 INFO:teuthology.orchestra.run.trial196.stdout:/usr/bin/ceph: stderr
2026-02-17T19:22:55.235+0000 7f1da5843640 1 --2- >> [v2:10.20.193.196:3300/0,v1:10.20.193.196:6789/0] conn(0x7f1da01075f0 0x7f1da019d500 unknown :-1 s=BANNER_CONNECTING pgs=0 cs=0 l=1 rev1=0 crypto rx=0 tx=0 comp rx=0 tx=0)._handle_peer_banner_payload supported=3 required=0
2026-02-17T19:22:55.356 INFO:teuthology.orchestra.run.trial196.stdout:/usr/bin/ceph: stderr
2026-02-17T19:22:55.235+0000 7f1da5843640 1 --2- >> [v2:10.20.193.196:3300/0,v1:10.20.193.196:6789/0] conn(0x7f1da01075f0 0x7f1da019d500 unknown :-1 s=HELLO_CONNECTING pgs=0 cs=0 l=1 rev1=1 crypto rx=0 tx=0 comp rx=0 tx=0).handle_hello peer v2:10.20.193.196:3300/0 says I am v2:10.20.193.196:45376/0 (socket says 10.20.193.196:45376)
2026-02-17T19:22:55.356 INFO:teuthology.orchestra.run.trial196.stdout:/usr/bin/ceph: stderr
2026-02-17T19:22:55.235+0000 7f1da5843640 1 -- 10.20.193.196:0/1909157204 learned_addr learned my addr 10.20.193.196:0/1909157204 (peer_addr_for_me v2:10.20.193.196:0/0)
2026-02-17T19:22:55.356 INFO:teuthology.orchestra.run.trial196.stdout:/usr/bin/ceph: stderr
2026-02-17T19:22:55.235+0000 7f1da5843640 1 -- 10.20.193.196:0/1909157204 --> [v2:10.20.193.196:3300/0,v1:10.20.193.196:6789/0] -- mon_subscribe({config=0+,monmap=0+}) -- 0x7f1da019da40 con 0x7f1da01075f0
2026-02-17T19:22:55.356 INFO:teuthology.orchestra.run.trial196.stdout:/usr/bin/ceph: stderr
2026-02-17T19:22:55.235+0000 7f1da5843640 1 --2- 10.20.193.196:0/1909157204 >> [v2:10.20.193.196:3300/0,v1:10.20.193.196:6789/0] conn(0x7f1da01075f0 0x7f1da019d500 secure :-1 s=READY pgs=38 cs=0 l=1 rev1=1 crypto rx=0x7f1d90037cd0 tx=0x7f1d90035b10 comp rx=0 tx=0).ready entity=mon.0 client_cookie=0 server_cookie=0 in_seq=0 out_seq=0
2026-02-17T19:22:55.356 INFO:teuthology.orchestra.run.trial196.stdout:/usr/bin/ceph: stderr
2026-02-17T19:22:55.235+0000 7f1d8effd640 1 -- 10.20.193.196:0/1909157204 <== mon.0 v2:10.20.193.196:3300/0 1 ==== mon_map magic: 0 ==== 205+0+0 (secure 0 0 0) 0x7f1d90045070 con 0x7f1da01075f0
2026-02-17T19:22:55.356 INFO:teuthology.orchestra.run.trial196.stdout:/usr/bin/ceph: stderr
2026-02-17T19:22:55.235+0000 7f1d8effd640 1 -- 10.20.193.196:0/1909157204 <== mon.0 v2:10.20.193.196:3300/0 2 ==== config(25 keys) ==== 1007+0+0 (secure 0 0 0) 0x7f1d90040450 con 0x7f1da01075f0
2026-02-17T19:22:55.356 INFO:teuthology.orchestra.run.trial196.stdout:/usr/bin/ceph: stderr
2026-02-17T19:22:55.235+0000 7f1da7ace640 1 -- 10.20.193.196:0/1909157204 --> [v2:10.20.193.196:3300/0,v1:10.20.193.196:6789/0] -- mon_subscribe({mgrmap=0+}) -- 0x7f1da019dcd0 con 0x7f1da01075f0
2026-02-17T19:22:55.356 INFO:teuthology.orchestra.run.trial196.stdout:/usr/bin/ceph: stderr
2026-02-17T19:22:55.236+0000 7f1d8effd640 1 -- 10.20.193.196:0/1909157204 <== mon.0 v2:10.20.193.196:3300/0 3 ==== mon_map magic: 0 ==== 205+0+0 (secure 0 0 0) 0x7f1d9003c070 con 0x7f1da01075f0
2026-02-17T19:22:55.357 INFO:teuthology.orchestra.run.trial196.stdout:/usr/bin/ceph: stderr
2026-02-17T19:22:55.236+0000 7f1da7ace640 1 -- 10.20.193.196:0/1909157204 --> [v2:10.20.193.196:3300/0,v1:10.20.193.196:6789/0] -- mon_subscribe({osdmap=0}) -- 0x7f1da01a09c0 con 0x7f1da01075f0
2026-02-17T19:22:55.357 INFO:teuthology.orchestra.run.trial196.stdout:/usr/bin/ceph: stderr
2026-02-17T19:22:55.236+0000 7f1da7ace640 1 -- 10.20.193.196:0/1909157204 --> [v2:10.20.193.196:3300/0,v1:10.20.193.196:6789/0] -- mon_command({"prefix": "get_command_descriptions"} v 0) -- 0x7f1da0107a70 con 0x7f1da01075f0
2026-02-17T19:22:55.357 INFO:teuthology.orchestra.run.trial196.stdout:/usr/bin/ceph: stderr
2026-02-17T19:22:55.236+0000 7f1d8effd640 1 -- 10.20.193.196:0/1909157204 <== mon.0 v2:10.20.193.196:3300/0 4 ==== mgrmap(e 7) ==== 50141+0+0 (secure 0 0 0) 0x7f1d9003e4e0 con 0x7f1da01075f0
2026-02-17T19:22:55.357 INFO:teuthology.orchestra.run.trial196.stdout:/usr/bin/ceph: stderr
2026-02-17T19:22:55.236+0000 7f1d8effd640 1 --2- 10.20.193.196:0/1909157204 >> [v2:10.20.193.196:6800/1813560728,v1:10.20.193.196:6801/1813560728] conn(0x7f1d7c03dad0 0x7f1d7c03ff90 unknown :-1 s=NONE pgs=0 cs=0 l=1 rev1=0 crypto rx=0 tx=0 comp rx=0 tx=0).connect
2026-02-17T19:22:55.357 INFO:teuthology.orchestra.run.trial196.stdout:/usr/bin/ceph: stderr
2026-02-17T19:22:55.236+0000 7f1d8effd640 1 -- 10.20.193.196:0/1909157204 <== mon.0 v2:10.20.193.196:3300/0 5 ==== osd_map(2..2 src has 1..2) ==== 940+0+0 (secure 0 0 0) 0x7f1d90076560 con 0x7f1da01075f0
2026-02-17T19:22:55.357 INFO:teuthology.orchestra.run.trial196.stdout:/usr/bin/ceph: stderr
2026-02-17T19:22:55.236+0000 7f1da5042640 1 --2- 10.20.193.196:0/1909157204 >> [v2:10.20.193.196:6800/1813560728,v1:10.20.193.196:6801/1813560728] conn(0x7f1d7c03dad0 0x7f1d7c03ff90 unknown :-1 s=BANNER_CONNECTING pgs=0 cs=0 l=1 rev1=0 crypto rx=0 tx=0 comp rx=0 tx=0)._handle_peer_banner_payload supported=3 required=0
2026-02-17T19:22:55.357 INFO:teuthology.orchestra.run.trial196.stdout:/usr/bin/ceph: stderr
2026-02-17T19:22:55.237+0000 7f1da5042640 1 --2- 10.20.193.196:0/1909157204 >> [v2:10.20.193.196:6800/1813560728,v1:10.20.193.196:6801/1813560728] conn(0x7f1d7c03dad0 0x7f1d7c03ff90 secure :-1 s=READY pgs=8 cs=0 l=1 rev1=1 crypto rx=0x7f1d940099c0 tx=0x7f1d94006eb0 comp rx=0 tx=0).ready entity=mgr.14118 client_cookie=0 server_cookie=0 in_seq=0 out_seq=0
2026-02-17T19:22:55.357 INFO:teuthology.orchestra.run.trial196.stdout:/usr/bin/ceph: stderr
2026-02-17T19:22:55.239+0000 7f1d8effd640 1 -- 10.20.193.196:0/1909157204 <== mon.0 v2:10.20.193.196:3300/0 6 ==== mon_command_ack([{"prefix": "get_command_descriptions"}]=0 v0) ==== 72+0+195034 (secure 0 0 0) 0x7f1d90040900 con 0x7f1da01075f0
2026-02-17T19:22:55.357 INFO:teuthology.orchestra.run.trial196.stdout:/usr/bin/ceph: stderr
2026-02-17T19:22:55.325+0000 7f1da7ace640 1 -- 10.20.193.196:0/1909157204 --> [v2:10.20.193.196:6800/1813560728,v1:10.20.193.196:6801/1813560728] -- mgr_command(tid 0: {"prefix": "cephadm set-user", "user": "root", "target": ["mon-mgr", ""]}) -- 0x7f1da01040b0 con 0x7f1d7c03dad0
2026-02-17T19:22:55.357 INFO:teuthology.orchestra.run.trial196.stdout:/usr/bin/ceph: stderr
2026-02-17T19:22:55.325+0000 7f1d8effd640 1 -- 10.20.193.196:0/1909157204 <== mgr.14118 v2:10.20.193.196:6800/1813560728 1 ==== mgr_command_reply(tid 0: 0 ) ==== 8+0+16 (secure 0 0 0) 0x7f1da01040b0 con 0x7f1d7c03dad0
2026-02-17T19:22:55.357 INFO:teuthology.orchestra.run.trial196.stdout:/usr/bin/ceph: stderr
2026-02-17T19:22:55.326+0000 7f1da7ace640 1 -- 10.20.193.196:0/1909157204 >> [v2:10.20.193.196:6800/1813560728,v1:10.20.193.196:6801/1813560728] conn(0x7f1d7c03dad0 msgr2=0x7f1d7c03ff90 secure :-1 s=STATE_CONNECTION_ESTABLISHED l=1).mark_down
2026-02-17T19:22:55.358 INFO:teuthology.orchestra.run.trial196.stdout:/usr/bin/ceph: stderr
2026-02-17T19:22:55.326+0000 7f1da7ace640 1 --2- 10.20.193.196:0/1909157204 >> [v2:10.20.193.196:6800/1813560728,v1:10.20.193.196:6801/1813560728] conn(0x7f1d7c03dad0 0x7f1d7c03ff90 secure :-1 s=READY pgs=8 cs=0 l=1 rev1=1 crypto rx=0x7f1d940099c0 tx=0x7f1d94006eb0 comp rx=0 tx=0).stop
2026-02-17T19:22:55.358 INFO:teuthology.orchestra.run.trial196.stdout:/usr/bin/ceph: stderr
2026-02-17T19:22:55.326+0000 7f1da7ace640 1 -- 10.20.193.196:0/1909157204 >> [v2:10.20.193.196:3300/0,v1:10.20.193.196:6789/0] conn(0x7f1da01075f0 msgr2=0x7f1da019d500 secure :-1 s=STATE_CONNECTION_ESTABLISHED l=1).mark_down
2026-02-17T19:22:55.358 INFO:teuthology.orchestra.run.trial196.stdout:/usr/bin/ceph: stderr
2026-02-17T19:22:55.326+0000 7f1da7ace640 1 --2- 10.20.193.196:0/1909157204 >> [v2:10.20.193.196:3300/0,v1:10.20.193.196:6789/0] conn(0x7f1da01075f0 0x7f1da019d500 secure :-1 s=READY pgs=38 cs=0 l=1 rev1=1 crypto rx=0x7f1d90037cd0 tx=0x7f1d90035b10 comp rx=0 tx=0).stop
2026-02-17T19:22:55.358 INFO:teuthology.orchestra.run.trial196.stdout:/usr/bin/ceph: stderr
2026-02-17T19:22:55.326+0000 7f1da7ace640 1 -- 10.20.193.196:0/1909157204 shutdown_connections
2026-02-17T19:22:55.358 INFO:teuthology.orchestra.run.trial196.stdout:/usr/bin/ceph: stderr
2026-02-17T19:22:55.326+0000 7f1da7ace640 1 --2- 10.20.193.196:0/1909157204 >> [v2:10.20.193.196:6800/1813560728,v1:10.20.193.196:6801/1813560728] conn(0x7f1d7c03dad0 0x7f1d7c03ff90 unknown :-1 s=CLOSED pgs=8 cs=0 l=1 rev1=1 crypto rx=0 tx=0 comp rx=0 tx=0).stop
2026-02-17T19:22:55.358 INFO:teuthology.orchestra.run.trial196.stdout:/usr/bin/ceph: stderr
2026-02-17T19:22:55.326+0000 7f1da7ace640 1 --2- 10.20.193.196:0/1909157204 >> [v2:10.20.193.196:3300/0,v1:10.20.193.196:6789/0] conn(0x7f1da01075f0 0x7f1da019d500 unknown :-1 s=CLOSED pgs=38 cs=0 l=1 rev1=1 crypto rx=0 tx=0 comp rx=0 tx=0).stop
2026-02-17T19:22:55.358 INFO:teuthology.orchestra.run.trial196.stdout:/usr/bin/ceph: stderr
2026-02-17T19:22:55.326+0000 7f1da7ace640 1 -- 10.20.193.196:0/1909157204 >> 10.20.193.196:0/1909157204 conn(0x7f1da0102da0 msgr2=0x7f1da01039a0 unknown :-1 s=STATE_NONE l=0).mark_down
2026-02-17T19:22:55.358 INFO:teuthology.orchestra.run.trial196.stdout:/usr/bin/ceph: stderr
2026-02-17T19:22:55.326+0000 7f1da7ace640 1 -- 10.20.193.196:0/1909157204 shutdown_connections
2026-02-17T19:22:55.358 INFO:teuthology.orchestra.run.trial196.stdout:/usr/bin/ceph: stderr
2026-02-17T19:22:55.326+0000 7f1da7ace640 1 -- 10.20.193.196:0/1909157204 wait complete.
2026-02-17T19:22:55.358 INFO:teuthology.orchestra.run.trial196.stdout:Generating ssh key...
2026-02-17T19:22:55.577 INFO:teuthology.orchestra.run.trial196.stdout:/usr/bin/ceph: stderr
2026-02-17T19:22:55.435+0000 7fb09a998640 1 Processor -- start
2026-02-17T19:22:55.577 INFO:teuthology.orchestra.run.trial196.stdout:/usr/bin/ceph: stderr
2026-02-17T19:22:55.435+0000 7fb09a998640 1 -- start start
2026-02-17T19:22:55.577 INFO:teuthology.orchestra.run.trial196.stdout:/usr/bin/ceph: stderr
2026-02-17T19:22:55.435+0000 7fb09a998640 1 --2- >> [v2:10.20.193.196:3300/0,v1:10.20.193.196:6789/0] conn(0x7fb094109880 0x7fb094109c80 unknown :-1 s=NONE pgs=0 cs=0 l=0 rev1=0 crypto rx=0 tx=0 comp rx=0 tx=0).connect
2026-02-17T19:22:55.577 INFO:teuthology.orchestra.run.trial196.stdout:/usr/bin/ceph: stderr
2026-02-17T19:22:55.435+0000 7fb09a998640 1 -- --> [v2:10.20.193.196:3300/0,v1:10.20.193.196:6789/0] -- mon_getmap magic: 0 -- 0x7fb09410a250 con 0x7fb094109880
2026-02-17T19:22:55.577 INFO:teuthology.orchestra.run.trial196.stdout:/usr/bin/ceph: stderr
2026-02-17T19:22:55.435+0000 7fb093fff640 1 --2- >> [v2:10.20.193.196:3300/0,v1:10.20.193.196:6789/0] conn(0x7fb094109880 0x7fb094109c80 unknown :-1 s=BANNER_CONNECTING pgs=0 cs=0 l=0 rev1=0 crypto rx=0 tx=0 comp rx=0 tx=0)._handle_peer_banner_payload supported=3 required=0
2026-02-17T19:22:55.578 INFO:teuthology.orchestra.run.trial196.stdout:/usr/bin/ceph: stderr
2026-02-17T19:22:55.435+0000 7fb093fff640 1 --2- >> [v2:10.20.193.196:3300/0,v1:10.20.193.196:6789/0] conn(0x7fb094109880 0x7fb094109c80 unknown :-1 s=HELLO_CONNECTING pgs=0 cs=0 l=0 rev1=1 crypto rx=0 tx=0 comp rx=0 tx=0).handle_hello peer v2:10.20.193.196:3300/0 says I am v2:10.20.193.196:45380/0 (socket says 10.20.193.196:45380)
2026-02-17T19:22:55.578 INFO:teuthology.orchestra.run.trial196.stdout:/usr/bin/ceph: stderr
2026-02-17T19:22:55.435+0000 7fb093fff640 1 -- 10.20.193.196:0/364041936 learned_addr learned my addr 10.20.193.196:0/364041936 (peer_addr_for_me v2:10.20.193.196:0/0)
2026-02-17T19:22:55.578 INFO:teuthology.orchestra.run.trial196.stdout:/usr/bin/ceph: stderr
2026-02-17T19:22:55.435+0000 7fb093fff640 1 -- 10.20.193.196:0/364041936 --> [v2:10.20.193.196:3300/0,v1:10.20.193.196:6789/0] -- mon_subscribe({config=0+,monmap=0+}) -- 0x7fb09410aa80 con 0x7fb094109880
2026-02-17T19:22:55.578 INFO:teuthology.orchestra.run.trial196.stdout:/usr/bin/ceph: stderr
2026-02-17T19:22:55.436+0000 7fb093fff640 1 --2- 10.20.193.196:0/364041936 >> [v2:10.20.193.196:3300/0,v1:10.20.193.196:6789/0] conn(0x7fb094109880 0x7fb094109c80 secure :-1 s=READY pgs=39 cs=0 l=1 rev1=1 crypto rx=0x7fb080009920 tx=0x7fb08002ef20 comp rx=0 tx=0).ready entity=mon.0 client_cookie=5f9056877c01c24a server_cookie=0 in_seq=0 out_seq=0
2026-02-17T19:22:55.578 INFO:teuthology.orchestra.run.trial196.stdout:/usr/bin/ceph: stderr
2026-02-17T19:22:55.436+0000 7fb092ffd640 1 -- 10.20.193.196:0/364041936 <== mon.0 v2:10.20.193.196:3300/0 1 ==== mon_map magic: 0 ==== 205+0+0 (secure 0 0 0) 0x7fb08003c070 con 0x7fb094109880
2026-02-17T19:22:55.578 INFO:teuthology.orchestra.run.trial196.stdout:/usr/bin/ceph: stderr
2026-02-17T19:22:55.436+0000 7fb092ffd640 1 -- 10.20.193.196:0/364041936 <== mon.0 v2:10.20.193.196:3300/0 2 ==== config(25 keys) ==== 1007+0+0 (secure 0 0 0) 0x7fb080037440 con 0x7fb094109880
2026-02-17T19:22:55.578 INFO:teuthology.orchestra.run.trial196.stdout:/usr/bin/ceph: stderr
2026-02-17T19:22:55.436+0000 7fb092ffd640 1 -- 10.20.193.196:0/364041936 <== mon.0 v2:10.20.193.196:3300/0 3 ==== mon_map magic: 0 ==== 205+0+0 (secure 0 0 0) 0x7fb0800354d0 con 0x7fb094109880
2026-02-17T19:22:55.578 INFO:teuthology.orchestra.run.trial196.stdout:/usr/bin/ceph: stderr
2026-02-17T19:22:55.436+0000 7fb09a998640 1 -- 10.20.193.196:0/364041936 >> [v2:10.20.193.196:3300/0,v1:10.20.193.196:6789/0] conn(0x7fb094109880 msgr2=0x7fb094109c80 secure :-1 s=STATE_CONNECTION_ESTABLISHED l=1).mark_down
2026-02-17T19:22:55.578 INFO:teuthology.orchestra.run.trial196.stdout:/usr/bin/ceph: stderr
2026-02-17T19:22:55.436+0000 7fb09a998640 1 --2- 10.20.193.196:0/364041936 >> [v2:10.20.193.196:3300/0,v1:10.20.193.196:6789/0] conn(0x7fb094109880 0x7fb094109c80 secure :-1 s=READY pgs=39 cs=0 l=1 rev1=1 crypto rx=0x7fb080009920 tx=0x7fb08002ef20 comp rx=0 tx=0).stop
2026-02-17T19:22:55.578 INFO:teuthology.orchestra.run.trial196.stdout:/usr/bin/ceph: stderr
2026-02-17T19:22:55.436+0000 7fb09a998640 1 -- 10.20.193.196:0/364041936 shutdown_connections
2026-02-17T19:22:55.578 INFO:teuthology.orchestra.run.trial196.stdout:/usr/bin/ceph: stderr
2026-02-17T19:22:55.436+0000 7fb09a998640 1 --2- 10.20.193.196:0/364041936 >> [v2:10.20.193.196:3300/0,v1:10.20.193.196:6789/0] conn(0x7fb094109880 0x7fb094109c80 unknown :-1 s=CLOSED pgs=39 cs=0 l=1 rev1=1 crypto rx=0 tx=0 comp rx=0 tx=0).stop
2026-02-17T19:22:55.579 INFO:teuthology.orchestra.run.trial196.stdout:/usr/bin/ceph: stderr
2026-02-17T19:22:55.436+0000 7fb09a998640 1 -- 10.20.193.196:0/364041936 >> 10.20.193.196:0/364041936 conn(0x7fb09407ce10 msgr2=0x7fb09407d220 unknown :-1 s=STATE_NONE l=0).mark_down
2026-02-17T19:22:55.579 INFO:teuthology.orchestra.run.trial196.stdout:/usr/bin/ceph: stderr
2026-02-17T19:22:55.436+0000 7fb09a998640 1 -- 10.20.193.196:0/364041936 shutdown_connections
2026-02-17T19:22:55.579 INFO:teuthology.orchestra.run.trial196.stdout:/usr/bin/ceph: stderr
2026-02-17T19:22:55.436+0000 7fb09a998640 1 -- 10.20.193.196:0/364041936 wait complete.
2026-02-17T19:22:55.579 INFO:teuthology.orchestra.run.trial196.stdout:/usr/bin/ceph: stderr
2026-02-17T19:22:55.437+0000 7fb09a998640 1 Processor -- start
2026-02-17T19:22:55.579 INFO:teuthology.orchestra.run.trial196.stdout:/usr/bin/ceph: stderr
2026-02-17T19:22:55.437+0000 7fb09a998640 1 -- start start
2026-02-17T19:22:55.579 INFO:teuthology.orchestra.run.trial196.stdout:/usr/bin/ceph: stderr
2026-02-17T19:22:55.437+0000 7fb09a998640 1 --2- >> [v2:10.20.193.196:3300/0,v1:10.20.193.196:6789/0] conn(0x7fb094109880 0x7fb09419f730 unknown :-1 s=NONE pgs=0 cs=0 l=1 rev1=0 crypto rx=0 tx=0 comp rx=0 tx=0).connect
2026-02-17T19:22:55.579 INFO:teuthology.orchestra.run.trial196.stdout:/usr/bin/ceph: stderr
2026-02-17T19:22:55.437+0000 7fb09a998640 1 -- --> [v2:10.20.193.196:3300/0,v1:10.20.193.196:6789/0] -- mon_getmap magic: 0 -- 0x7fb09410dcb0 con 0x7fb094109880
2026-02-17T19:22:55.579 INFO:teuthology.orchestra.run.trial196.stdout:/usr/bin/ceph: stderr
2026-02-17T19:22:55.437+0000 7fb093fff640 1 --2- >> [v2:10.20.193.196:3300/0,v1:10.20.193.196:6789/0] conn(0x7fb094109880 0x7fb09419f730 unknown :-1 s=BANNER_CONNECTING pgs=0 cs=0 l=1 rev1=0 crypto rx=0 tx=0 comp rx=0 tx=0)._handle_peer_banner_payload supported=3 required=0
2026-02-17T19:22:55.579 INFO:teuthology.orchestra.run.trial196.stdout:/usr/bin/ceph: stderr
2026-02-17T19:22:55.437+0000 7fb093fff640 1 --2- >> [v2:10.20.193.196:3300/0,v1:10.20.193.196:6789/0] conn(0x7fb094109880 0x7fb09419f730 unknown :-1 s=HELLO_CONNECTING pgs=0 cs=0 l=1 rev1=1 crypto rx=0 tx=0 comp rx=0 tx=0).handle_hello peer v2:10.20.193.196:3300/0 says I am v2:10.20.193.196:45390/0 (socket says 10.20.193.196:45390)
2026-02-17T19:22:55.579 INFO:teuthology.orchestra.run.trial196.stdout:/usr/bin/ceph: stderr
2026-02-17T19:22:55.437+0000 7fb093fff640 1 -- 10.20.193.196:0/3887271259 learned_addr learned my addr 10.20.193.196:0/3887271259 (peer_addr_for_me v2:10.20.193.196:0/0)
2026-02-17T19:22:55.579 INFO:teuthology.orchestra.run.trial196.stdout:/usr/bin/ceph: stderr
2026-02-17T19:22:55.437+0000 7fb093fff640 1 -- 10.20.193.196:0/3887271259 --> [v2:10.20.193.196:3300/0,v1:10.20.193.196:6789/0] -- mon_subscribe({config=0+,monmap=0+}) -- 0x7fb09419fc70 con 0x7fb094109880
2026-02-17T19:22:55.579 INFO:teuthology.orchestra.run.trial196.stdout:/usr/bin/ceph: stderr
2026-02-17T19:22:55.437+0000 7fb093fff640 1 --2- 10.20.193.196:0/3887271259 >> [v2:10.20.193.196:3300/0,v1:10.20.193.196:6789/0] conn(0x7fb094109880 0x7fb09419f730 secure :-1 s=READY pgs=40 cs=0 l=1 rev1=1 crypto rx=0x7fb080002410 tx=0x7fb080035b20 comp rx=0 tx=0).ready entity=mon.0 client_cookie=0 server_cookie=0 in_seq=0 out_seq=0
2026-02-17T19:22:55.579 INFO:teuthology.orchestra.run.trial196.stdout:/usr/bin/ceph: stderr
2026-02-17T19:22:55.437+0000 7fb0917fa640 1 -- 10.20.193.196:0/3887271259 <== mon.0 v2:10.20.193.196:3300/0 1 ==== mon_map magic: 0 ==== 205+0+0 (secure 0 0 0) 0x7fb080045070 con 0x7fb094109880
2026-02-17T19:22:55.580 INFO:teuthology.orchestra.run.trial196.stdout:/usr/bin/ceph: stderr
2026-02-17T19:22:55.437+0000 7fb0917fa640 1 -- 10.20.193.196:0/3887271259 <== mon.0 v2:10.20.193.196:3300/0 2 ==== config(25 keys) ==== 1007+0+0 (secure 0 0 0) 0x7fb08002fe00 con 0x7fb094109880
2026-02-17T19:22:55.580 INFO:teuthology.orchestra.run.trial196.stdout:/usr/bin/ceph: stderr
2026-02-17T19:22:55.437+0000 7fb09a998640 1 -- 10.20.193.196:0/3887271259 --> [v2:10.20.193.196:3300/0,v1:10.20.193.196:6789/0] -- mon_subscribe({mgrmap=0+}) -- 0x7fb09419ff00 con 0x7fb094109880
2026-02-17T19:22:55.580 INFO:teuthology.orchestra.run.trial196.stdout:/usr/bin/ceph: stderr
2026-02-17T19:22:55.437+0000 7fb0917fa640 1 -- 10.20.193.196:0/3887271259 <== mon.0 v2:10.20.193.196:3300/0 3 ==== mon_map magic: 0 ==== 205+0+0 (secure 0 0 0) 0x7fb08003c070 con 0x7fb094109880
2026-02-17T19:22:55.580 INFO:teuthology.orchestra.run.trial196.stdout:/usr/bin/ceph: stderr
2026-02-17T19:22:55.437+0000 7fb09a998640 1 -- 10.20.193.196:0/3887271259 --> [v2:10.20.193.196:3300/0,v1:10.20.193.196:6789/0] -- mon_subscribe({osdmap=0}) -- 0x7fb0941a2bf0 con 0x7fb094109880
2026-02-17T19:22:55.580 INFO:teuthology.orchestra.run.trial196.stdout:/usr/bin/ceph: stderr
2026-02-17T19:22:55.438+0000 7fb09a998640 1 -- 10.20.193.196:0/3887271259 --> [v2:10.20.193.196:3300/0,v1:10.20.193.196:6789/0] -- mon_command({"prefix": "get_command_descriptions"} v 0) -- 0x7fb094109d00 con 0x7fb094109880
2026-02-17T19:22:55.580 INFO:teuthology.orchestra.run.trial196.stdout:/usr/bin/ceph: stderr
2026-02-17T19:22:55.438+0000 7fb0917fa640 1 -- 10.20.193.196:0/3887271259 <== mon.0 v2:10.20.193.196:3300/0 4 ==== mgrmap(e 7) ==== 50141+0+0 (secure 0 0 0) 0x7fb080040690 con 0x7fb094109880
2026-02-17T19:22:55.580 INFO:teuthology.orchestra.run.trial196.stdout:/usr/bin/ceph: stderr
2026-02-17T19:22:55.438+0000 7fb0917fa640 1 --2- 10.20.193.196:0/3887271259 >> [v2:10.20.193.196:6800/1813560728,v1:10.20.193.196:6801/1813560728] conn(0x7fb06803dad0 0x7fb06803ff90 unknown :-1 s=NONE pgs=0 cs=0 l=1 rev1=0 crypto rx=0 tx=0 comp rx=0 tx=0).connect
2026-02-17T19:22:55.580 INFO:teuthology.orchestra.run.trial196.stdout:/usr/bin/ceph: stderr
2026-02-17T19:22:55.438+0000 7fb0917fa640 1 -- 10.20.193.196:0/3887271259 <== mon.0 v2:10.20.193.196:3300/0 5 ==== osd_map(2..2 src has 1..2) ==== 940+0+0 (secure 0 0 0) 0x7fb0800761d0 con 0x7fb094109880
2026-02-17T19:22:55.580 INFO:teuthology.orchestra.run.trial196.stdout:/usr/bin/ceph: stderr
2026-02-17T19:22:55.438+0000 7fb0937fe640 1 --2- 10.20.193.196:0/3887271259 >> [v2:10.20.193.196:6800/1813560728,v1:10.20.193.196:6801/1813560728] conn(0x7fb06803dad0 0x7fb06803ff90 unknown :-1 s=BANNER_CONNECTING pgs=0 cs=0 l=1 rev1=0 crypto rx=0 tx=0 comp rx=0 tx=0)._handle_peer_banner_payload supported=3 required=0
2026-02-17T19:22:55.580 INFO:teuthology.orchestra.run.trial196.stdout:/usr/bin/ceph: stderr
2026-02-17T19:22:55.438+0000 7fb0937fe640 1 --2- 10.20.193.196:0/3887271259 >> [v2:10.20.193.196:6800/1813560728,v1:10.20.193.196:6801/1813560728] conn(0x7fb06803dad0 0x7fb06803ff90 secure :-1 s=READY pgs=9 cs=0 l=1 rev1=1 crypto rx=0x7fb0840099c0 tx=0x7fb084006eb0 comp rx=0 tx=0).ready entity=mgr.14118 client_cookie=0 server_cookie=0 in_seq=0 out_seq=0
2026-02-17T19:22:55.580 INFO:teuthology.orchestra.run.trial196.stdout:/usr/bin/ceph: stderr
2026-02-17T19:22:55.440+0000 7fb0917fa640 1 -- 10.20.193.196:0/3887271259 <== mon.0 v2:10.20.193.196:3300/0 6 ==== mon_command_ack([{"prefix": "get_command_descriptions"}]=0 v0) ==== 72+0+195034 (secure 0 0 0) 0x7fb080033200 con 0x7fb094109880
2026-02-17T19:22:55.580 INFO:teuthology.orchestra.run.trial196.stdout:/usr/bin/ceph: stderr
2026-02-17T19:22:55.527+0000 7fb09a998640 1 -- 10.20.193.196:0/3887271259 --> [v2:10.20.193.196:6800/1813560728,v1:10.20.193.196:6801/1813560728] -- mgr_command(tid 0: {"prefix": "cephadm generate-key", "target": ["mon-mgr", ""]}) -- 0x7fb0941077a0 con 0x7fb06803dad0
2026-02-17T19:22:55.581 INFO:teuthology.orchestra.run.trial196.stdout:/usr/bin/ceph: stderr
2026-02-17T19:22:55.547+0000 7fb0917fa640 1 -- 10.20.193.196:0/3887271259 <== mgr.14118 v2:10.20.193.196:6800/1813560728 1 ==== mgr_command_reply(tid 0: 0 ) ==== 8+0+0 (secure 0 0 0) 0x7fb0941077a0 con 0x7fb06803dad0
2026-02-17T19:22:55.581 INFO:teuthology.orchestra.run.trial196.stdout:/usr/bin/ceph: stderr
2026-02-17T19:22:55.549+0000 7fb09a998640 1 -- 10.20.193.196:0/3887271259 >> [v2:10.20.193.196:6800/1813560728,v1:10.20.193.196:6801/1813560728] conn(0x7fb06803dad0 msgr2=0x7fb06803ff90 secure :-1 s=STATE_CONNECTION_ESTABLISHED l=1).mark_down
2026-02-17T19:22:55.581 INFO:teuthology.orchestra.run.trial196.stdout:/usr/bin/ceph: stderr
2026-02-17T19:22:55.549+0000 7fb09a998640 1 --2- 10.20.193.196:0/3887271259 >> [v2:10.20.193.196:6800/1813560728,v1:10.20.193.196:6801/1813560728] conn(0x7fb06803dad0 0x7fb06803ff90 secure :-1 s=READY pgs=9 cs=0 l=1 rev1=1 crypto rx=0x7fb0840099c0 tx=0x7fb084006eb0 comp rx=0 tx=0).stop
2026-02-17T19:22:55.581 INFO:teuthology.orchestra.run.trial196.stdout:/usr/bin/ceph: stderr
2026-02-17T19:22:55.549+0000 7fb09a998640 1 -- 10.20.193.196:0/3887271259 >> [v2:10.20.193.196:3300/0,v1:10.20.193.196:6789/0] conn(0x7fb094109880 msgr2=0x7fb09419f730 secure :-1 s=STATE_CONNECTION_ESTABLISHED l=1).mark_down
2026-02-17T19:22:55.581 INFO:teuthology.orchestra.run.trial196.stdout:/usr/bin/ceph: stderr
2026-02-17T19:22:55.549+0000 7fb09a998640 1 --2- 10.20.193.196:0/3887271259 >> [v2:10.20.193.196:3300/0,v1:10.20.193.196:6789/0] conn(0x7fb094109880 0x7fb09419f730 secure :-1 s=READY pgs=40 cs=0 l=1 rev1=1 crypto rx=0x7fb080002410 tx=0x7fb080035b20 comp rx=0 tx=0).stop
2026-02-17T19:22:55.581 INFO:teuthology.orchestra.run.trial196.stdout:/usr/bin/ceph: stderr
2026-02-17T19:22:55.549+0000 7fb09a998640 1 -- 10.20.193.196:0/3887271259 shutdown_connections
2026-02-17T19:22:55.581 INFO:teuthology.orchestra.run.trial196.stdout:/usr/bin/ceph: stderr
2026-02-17T19:22:55.549+0000 7fb09a998640 1 --2- 10.20.193.196:0/3887271259 >> [v2:10.20.193.196:6800/1813560728,v1:10.20.193.196:6801/1813560728] conn(0x7fb06803dad0 0x7fb06803ff90 unknown :-1 s=CLOSED pgs=9 cs=0 l=1 rev1=1 crypto rx=0 tx=0 comp rx=0 tx=0).stop
2026-02-17T19:22:55.581 INFO:teuthology.orchestra.run.trial196.stdout:/usr/bin/ceph: stderr
2026-02-17T19:22:55.549+0000 7fb09a998640 1 --2- 10.20.193.196:0/3887271259 >> [v2:10.20.193.196:3300/0,v1:10.20.193.196:6789/0] conn(0x7fb094109880 0x7fb09419f730 unknown :-1 s=CLOSED pgs=40 cs=0 l=1 rev1=1 crypto rx=0 tx=0 comp rx=0 tx=0).stop
2026-02-17T19:22:55.581 INFO:teuthology.orchestra.run.trial196.stdout:/usr/bin/ceph: stderr
2026-02-17T19:22:55.549+0000 7fb09a998640 1 -- 10.20.193.196:0/3887271259 >> 10.20.193.196:0/3887271259 conn(0x7fb09407ce10 msgr2=0x7fb094107090 unknown :-1 s=STATE_NONE l=0).mark_down
2026-02-17T19:22:55.581 INFO:teuthology.orchestra.run.trial196.stdout:/usr/bin/ceph: stderr
2026-02-17T19:22:55.549+0000 7fb09a998640 1 -- 10.20.193.196:0/3887271259 shutdown_connections
2026-02-17T19:22:55.581 INFO:teuthology.orchestra.run.trial196.stdout:/usr/bin/ceph: stderr
2026-02-17T19:22:55.549+0000 7fb09a998640 1 -- 10.20.193.196:0/3887271259 wait complete.
2026-02-17T19:22:55.759 INFO:journalctl@ceph.mgr.x.trial196.stdout:Feb 17 19:22:55 trial196 ceph-01687ff1-0c36-11f1-977c-d404e6e7d460-mgr-x[20620]: Generating public/private ed25519 key pair.
2026-02-17T19:22:55.760 INFO:journalctl@ceph.mgr.x.trial196.stdout:Feb 17 19:22:55 trial196 ceph-01687ff1-0c36-11f1-977c-d404e6e7d460-mgr-x[20620]: Your identification has been saved in /tmp/tmpg3w7047o/key
2026-02-17T19:22:55.760 INFO:journalctl@ceph.mgr.x.trial196.stdout:Feb 17 19:22:55 trial196 ceph-01687ff1-0c36-11f1-977c-d404e6e7d460-mgr-x[20620]: Your public key has been saved in /tmp/tmpg3w7047o/key.pub
2026-02-17T19:22:55.760 INFO:journalctl@ceph.mgr.x.trial196.stdout:Feb 17 19:22:55 trial196 ceph-01687ff1-0c36-11f1-977c-d404e6e7d460-mgr-x[20620]: The key fingerprint is:
2026-02-17T19:22:55.760 INFO:journalctl@ceph.mgr.x.trial196.stdout:Feb 17 19:22:55 trial196 ceph-01687ff1-0c36-11f1-977c-d404e6e7d460-mgr-x[20620]: SHA256:9DDjSg1wf+m1v5uCApf9cQOcYJj7obcoFRAL4iYNG0I ceph-01687ff1-0c36-11f1-977c-d404e6e7d460
2026-02-17T19:22:55.760 INFO:journalctl@ceph.mgr.x.trial196.stdout:Feb 17 19:22:55 trial196 ceph-01687ff1-0c36-11f1-977c-d404e6e7d460-mgr-x[20620]: The key's randomart image is:
2026-02-17T19:22:55.760 INFO:journalctl@ceph.mgr.x.trial196.stdout:Feb 17 19:22:55 trial196 ceph-01687ff1-0c36-11f1-977c-d404e6e7d460-mgr-x[20620]: +--[ED25519 256]--+
2026-02-17T19:22:55.760 INFO:journalctl@ceph.mgr.x.trial196.stdout:Feb 17 19:22:55 trial196 ceph-01687ff1-0c36-11f1-977c-d404e6e7d460-mgr-x[20620]: |=E. o o. o |
2026-02-17T19:22:55.760 INFO:journalctl@ceph.mgr.x.trial196.stdout:Feb 17 19:22:55 trial196 ceph-01687ff1-0c36-11f1-977c-d404e6e7d460-mgr-x[20620]: |.* . +.oo o. |
2026-02-17T19:22:55.760 INFO:journalctl@ceph.mgr.x.trial196.stdout:Feb 17 19:22:55 trial196 ceph-01687ff1-0c36-11f1-977c-d404e6e7d460-mgr-x[20620]: |o + o.*ooo.. |
2026-02-17T19:22:55.760 INFO:journalctl@ceph.mgr.x.trial196.stdout:Feb 17 19:22:55 trial196 ceph-01687ff1-0c36-11f1-977c-d404e6e7d460-mgr-x[20620]: | o =oB..+. |
2026-02-17T19:22:55.760 INFO:journalctl@ceph.mgr.x.trial196.stdout:Feb 17 19:22:55 trial196 ceph-01687ff1-0c36-11f1-977c-d404e6e7d460-mgr-x[20620]: | . S*o... |
2026-02-17T19:22:55.761 INFO:journalctl@ceph.mgr.x.trial196.stdout:Feb 17 19:22:55 trial196 ceph-01687ff1-0c36-11f1-977c-d404e6e7d460-mgr-x[20620]: | ...= + ..o |
2026-02-17T19:22:55.761 INFO:journalctl@ceph.mgr.x.trial196.stdout:Feb 17 19:22:55 trial196 ceph-01687ff1-0c36-11f1-977c-d404e6e7d460-mgr-x[20620]: | .+ o + o.. |
2026-02-17T19:22:55.761 INFO:journalctl@ceph.mgr.x.trial196.stdout:Feb 17 19:22:55 trial196 ceph-01687ff1-0c36-11f1-977c-d404e6e7d460-mgr-x[20620]: | . o o o o |
2026-02-17T19:22:55.761 INFO:journalctl@ceph.mgr.x.trial196.stdout:Feb 17 19:22:55 trial196 ceph-01687ff1-0c36-11f1-977c-d404e6e7d460-mgr-x[20620]: | . . .+. |
2026-02-17T19:22:55.761 INFO:journalctl@ceph.mgr.x.trial196.stdout:Feb 17 19:22:55 trial196 ceph-01687ff1-0c36-11f1-977c-d404e6e7d460-mgr-x[20620]: +----[SHA256]-----+
2026-02-17T19:22:55.784 INFO:teuthology.orchestra.run.trial196.stdout:/usr/bin/ceph: stdout ssh-ed25519 AAAAC3NzaC1lZDI1NTE5AAAAILwl6YS+cRsLTnqjjryx0829VHDXe7JUSUWqIX8cheOO ceph-01687ff1-0c36-11f1-977c-d404e6e7d460
2026-02-17T19:22:55.784 INFO:teuthology.orchestra.run.trial196.stdout:/usr/bin/ceph: stderr
2026-02-17T19:22:55.665+0000 7fb154f82640 1 Processor -- start
2026-02-17T19:22:55.784 INFO:teuthology.orchestra.run.trial196.stdout:/usr/bin/ceph: stderr
2026-02-17T19:22:55.665+0000 7fb154f82640 1 -- start start
2026-02-17T19:22:55.785 INFO:teuthology.orchestra.run.trial196.stdout:/usr/bin/ceph: stderr
2026-02-17T19:22:55.665+0000 7fb154f82640 1 --2- >> [v2:10.20.193.196:3300/0,v1:10.20.193.196:6789/0] conn(0x7fb150109880 0x7fb150109c80 unknown :-1 s=NONE pgs=0 cs=0 l=0 rev1=0 crypto rx=0 tx=0 comp rx=0 tx=0).connect
2026-02-17T19:22:55.785 INFO:teuthology.orchestra.run.trial196.stdout:/usr/bin/ceph: stderr
2026-02-17T19:22:55.665+0000 7fb154f82640 1 -- --> [v2:10.20.193.196:3300/0,v1:10.20.193.196:6789/0] -- mon_getmap magic: 0 -- 0x7fb15010a250 con 0x7fb150109880
2026-02-17T19:22:55.785 INFO:teuthology.orchestra.run.trial196.stdout:/usr/bin/ceph: stderr
2026-02-17T19:22:55.665+0000 7fb14e575640 1 --2- >> [v2:10.20.193.196:3300/0,v1:10.20.193.196:6789/0] conn(0x7fb150109880 0x7fb150109c80 unknown :-1 s=BANNER_CONNECTING pgs=0 cs=0 l=0 rev1=0 crypto rx=0 tx=0 comp rx=0 tx=0)._handle_peer_banner_payload supported=3 required=0
2026-02-17T19:22:55.785 INFO:teuthology.orchestra.run.trial196.stdout:/usr/bin/ceph: stderr
2026-02-17T19:22:55.665+0000 7fb14e575640 1 --2- >> [v2:10.20.193.196:3300/0,v1:10.20.193.196:6789/0] conn(0x7fb150109880 0x7fb150109c80 unknown :-1 s=HELLO_CONNECTING pgs=0 cs=0 l=0 rev1=1 crypto rx=0 tx=0 comp rx=0 tx=0).handle_hello peer v2:10.20.193.196:3300/0 says I am v2:10.20.193.196:45402/0 (socket says 10.20.193.196:45402)
2026-02-17T19:22:55.785 INFO:teuthology.orchestra.run.trial196.stdout:/usr/bin/ceph: stderr
2026-02-17T19:22:55.665+0000 7fb14e575640 1 -- 10.20.193.196:0/1782707667 learned_addr learned my addr 10.20.193.196:0/1782707667 (peer_addr_for_me v2:10.20.193.196:0/0)
2026-02-17T19:22:55.785 INFO:teuthology.orchestra.run.trial196.stdout:/usr/bin/ceph: stderr
2026-02-17T19:22:55.666+0000 7fb14e575640 1 -- 10.20.193.196:0/1782707667 --> [v2:10.20.193.196:3300/0,v1:10.20.193.196:6789/0] -- mon_subscribe({config=0+,monmap=0+}) -- 0x7fb15010aa80 con 0x7fb150109880
2026-02-17T19:22:55.785 INFO:teuthology.orchestra.run.trial196.stdout:/usr/bin/ceph: stderr
2026-02-17T19:22:55.666+0000 7fb14e575640 1 --2- 10.20.193.196:0/1782707667 >> [v2:10.20.193.196:3300/0,v1:10.20.193.196:6789/0] conn(0x7fb150109880 0x7fb150109c80 secure :-1 s=READY pgs=41 cs=0 l=1 rev1=1 crypto rx=0x7fb144009920 tx=0x7fb14402ef20 comp rx=0 tx=0).ready entity=mon.0 client_cookie=3fafb05950078aff server_cookie=0 in_seq=0 out_seq=0
2026-02-17T19:22:55.785 INFO:teuthology.orchestra.run.trial196.stdout:/usr/bin/ceph: stderr
2026-02-17T19:22:55.666+0000 7fb14d573640 1 -- 10.20.193.196:0/1782707667 <== mon.0 v2:10.20.193.196:3300/0 1 ==== mon_map magic: 0 ==== 205+0+0 (secure 0 0 0) 0x7fb14403c070 con 0x7fb150109880
2026-02-17T19:22:55.785 INFO:teuthology.orchestra.run.trial196.stdout:/usr/bin/ceph: stderr
2026-02-17T19:22:55.666+0000 7fb14d573640 1 -- 10.20.193.196:0/1782707667 <== mon.0 v2:10.20.193.196:3300/0 2 ==== config(25 keys) ==== 1007+0+0 (secure 0 0 0) 0x7fb144037440 con 0x7fb150109880
2026-02-17T19:22:55.785 INFO:teuthology.orchestra.run.trial196.stdout:/usr/bin/ceph: stderr
2026-02-17T19:22:55.666+0000 7fb14d573640 1 -- 10.20.193.196:0/1782707667 <== mon.0 v2:10.20.193.196:3300/0 3 ==== mon_map magic: 0 ==== 205+0+0 (secure 0 0 0) 0x7fb1440354d0 con 0x7fb150109880
2026-02-17T19:22:55.785 INFO:teuthology.orchestra.run.trial196.stdout:/usr/bin/ceph: stderr
2026-02-17T19:22:55.666+0000 7fb154f82640 1 -- 10.20.193.196:0/1782707667 >> [v2:10.20.193.196:3300/0,v1:10.20.193.196:6789/0] conn(0x7fb150109880 msgr2=0x7fb150109c80 secure :-1 s=STATE_CONNECTION_ESTABLISHED l=1).mark_down
2026-02-17T19:22:55.785 INFO:teuthology.orchestra.run.trial196.stdout:/usr/bin/ceph: stderr
2026-02-17T19:22:55.666+0000 7fb154f82640 1 --2- 10.20.193.196:0/1782707667 >> [v2:10.20.193.196:3300/0,v1:10.20.193.196:6789/0] conn(0x7fb150109880 0x7fb150109c80 secure :-1 s=READY pgs=41 cs=0 l=1 rev1=1 crypto rx=0x7fb144009920 tx=0x7fb14402ef20 comp rx=0 tx=0).stop
2026-02-17T19:22:55.786 INFO:teuthology.orchestra.run.trial196.stdout:/usr/bin/ceph: stderr
2026-02-17T19:22:55.667+0000 7fb154f82640 1 -- 10.20.193.196:0/1782707667 shutdown_connections
2026-02-17T19:22:55.786 INFO:teuthology.orchestra.run.trial196.stdout:/usr/bin/ceph: stderr
2026-02-17T19:22:55.667+0000 7fb154f82640 1 --2- 10.20.193.196:0/1782707667 >> [v2:10.20.193.196:3300/0,v1:10.20.193.196:6789/0] conn(0x7fb150109880 0x7fb150109c80 unknown :-1 s=CLOSED pgs=41 cs=0 l=1 rev1=1 crypto rx=0 tx=0 comp rx=0 tx=0).stop
2026-02-17T19:22:55.786 INFO:teuthology.orchestra.run.trial196.stdout:/usr/bin/ceph: stderr
2026-02-17T19:22:55.667+0000 7fb154f82640 1 -- 10.20.193.196:0/1782707667 >> 10.20.193.196:0/1782707667 conn(0x7fb15007cf00 msgr2=0x7fb15007d310 unknown :-1 s=STATE_NONE l=0).mark_down
2026-02-17T19:22:55.786 INFO:teuthology.orchestra.run.trial196.stdout:/usr/bin/ceph: stderr
2026-02-17T19:22:55.667+0000 7fb154f82640 1 -- 10.20.193.196:0/1782707667 shutdown_connections
2026-02-17T19:22:55.786 INFO:teuthology.orchestra.run.trial196.stdout:/usr/bin/ceph: stderr
2026-02-17T19:22:55.667+0000 7fb154f82640 1 -- 10.20.193.196:0/1782707667 wait complete.
2026-02-17T19:22:55.786 INFO:teuthology.orchestra.run.trial196.stdout:/usr/bin/ceph: stderr
2026-02-17T19:22:55.667+0000 7fb154f82640 1 Processor -- start
2026-02-17T19:22:55.786 INFO:teuthology.orchestra.run.trial196.stdout:/usr/bin/ceph: stderr
2026-02-17T19:22:55.667+0000 7fb154f82640 1 -- start start
2026-02-17T19:22:55.786 INFO:teuthology.orchestra.run.trial196.stdout:/usr/bin/ceph: stderr
2026-02-17T19:22:55.667+0000 7fb154f82640 1 --2- >> [v2:10.20.193.196:3300/0,v1:10.20.193.196:6789/0] conn(0x7fb150109880 0x7fb15019f7a0 unknown :-1 s=NONE pgs=0 cs=0 l=1 rev1=0 crypto rx=0 tx=0 comp rx=0 tx=0).connect
2026-02-17T19:22:55.786 INFO:teuthology.orchestra.run.trial196.stdout:/usr/bin/ceph: stderr
2026-02-17T19:22:55.667+0000 7fb154f82640 1 -- --> [v2:10.20.193.196:3300/0,v1:10.20.193.196:6789/0] -- mon_getmap magic: 0 -- 0x7fb15010dcb0 con 0x7fb150109880
2026-02-17T19:22:55.786 INFO:teuthology.orchestra.run.trial196.stdout:/usr/bin/ceph: stderr
2026-02-17T19:22:55.667+0000 7fb14e575640 1 --2- >> [v2:10.20.193.196:3300/0,v1:10.20.193.196:6789/0] conn(0x7fb150109880 0x7fb15019f7a0 unknown :-1 s=BANNER_CONNECTING pgs=0 cs=0 l=1 rev1=0 crypto rx=0 tx=0 comp rx=0 tx=0)._handle_peer_banner_payload supported=3 required=0
2026-02-17T19:22:55.786 INFO:teuthology.orchestra.run.trial196.stdout:/usr/bin/ceph: stderr
2026-02-17T19:22:55.667+0000 7fb14e575640 1 --2- >> [v2:10.20.193.196:3300/0,v1:10.20.193.196:6789/0] conn(0x7fb150109880 0x7fb15019f7a0 unknown :-1 s=HELLO_CONNECTING pgs=0 cs=0 l=1 rev1=1 crypto rx=0 tx=0 comp rx=0 tx=0).handle_hello peer v2:10.20.193.196:3300/0 says I am v2:10.20.193.196:45412/0 (socket says 10.20.193.196:45412)
2026-02-17T19:22:55.786 INFO:teuthology.orchestra.run.trial196.stdout:/usr/bin/ceph: stderr
2026-02-17T19:22:55.667+0000 7fb14e575640 1 -- 10.20.193.196:0/705053403 learned_addr learned my addr 10.20.193.196:0/705053403 (peer_addr_for_me v2:10.20.193.196:0/0)
2026-02-17T19:22:55.787 INFO:teuthology.orchestra.run.trial196.stdout:/usr/bin/ceph: stderr
2026-02-17T19:22:55.667+0000 7fb14e575640 1 -- 10.20.193.196:0/705053403 --> [v2:10.20.193.196:3300/0,v1:10.20.193.196:6789/0] -- mon_subscribe({config=0+,monmap=0+}) -- 0x7fb15019fce0 con 0x7fb150109880
2026-02-17T19:22:55.787 INFO:teuthology.orchestra.run.trial196.stdout:/usr/bin/ceph: stderr
2026-02-17T19:22:55.667+0000 7fb14e575640 1 --2- 10.20.193.196:0/705053403 >> [v2:10.20.193.196:3300/0,v1:10.20.193.196:6789/0] conn(0x7fb150109880 0x7fb15019f7a0 secure :-1 s=READY pgs=42 cs=0 l=1 rev1=1 crypto rx=0x7fb144037cd0 tx=0x7fb144035b10 comp rx=0 tx=0).ready entity=mon.0 client_cookie=0 server_cookie=0 in_seq=0 out_seq=0
2026-02-17T19:22:55.787 INFO:teuthology.orchestra.run.trial196.stdout:/usr/bin/ceph: stderr
2026-02-17T19:22:55.667+0000 7fb1377fe640 1 -- 10.20.193.196:0/705053403 <== mon.0 v2:10.20.193.196:3300/0 1 ==== mon_map magic: 0 ==== 205+0+0 (secure 0 0 0) 0x7fb144045070 con 0x7fb150109880
2026-02-17T19:22:55.787 INFO:teuthology.orchestra.run.trial196.stdout:/usr/bin/ceph: stderr
2026-02-17T19:22:55.667+0000 7fb1377fe640 1 -- 10.20.193.196:0/705053403 <== mon.0 v2:10.20.193.196:3300/0 2 ==== config(25 keys) ==== 1007+0+0 (secure 0 0 0) 0x7fb144040450 con 0x7fb150109880
2026-02-17T19:22:55.787 INFO:teuthology.orchestra.run.trial196.stdout:/usr/bin/ceph: stderr
2026-02-17T19:22:55.667+0000 7fb154f82640 1 -- 10.20.193.196:0/705053403 --> [v2:10.20.193.196:3300/0,v1:10.20.193.196:6789/0] -- mon_subscribe({mgrmap=0+}) -- 0x7fb15019ff70 con 0x7fb150109880
2026-02-17T19:22:55.787 INFO:teuthology.orchestra.run.trial196.stdout:/usr/bin/ceph: stderr
2026-02-17T19:22:55.667+0000 7fb1377fe640 1 -- 10.20.193.196:0/705053403 <== mon.0 v2:10.20.193.196:3300/0 3 ==== mon_map magic: 0 ==== 205+0+0 (secure 0 0 0) 0x7fb14403c070 con 0x7fb150109880
2026-02-17T19:22:55.787 INFO:teuthology.orchestra.run.trial196.stdout:/usr/bin/ceph: stderr
2026-02-17T19:22:55.667+0000 7fb154f82640 1 -- 10.20.193.196:0/705053403 --> [v2:10.20.193.196:3300/0,v1:10.20.193.196:6789/0] -- mon_subscribe({osdmap=0}) -- 0x7fb1501a2c60 con 0x7fb150109880
2026-02-17T19:22:55.787 INFO:teuthology.orchestra.run.trial196.stdout:/usr/bin/ceph: stderr
2026-02-17T19:22:55.668+0000 7fb154f82640 1 -- 10.20.193.196:0/705053403 --> [v2:10.20.193.196:3300/0,v1:10.20.193.196:6789/0] -- mon_command({"prefix": "get_command_descriptions"} v 0) -- 0x7fb150109d00 con 0x7fb150109880
2026-02-17T19:22:55.787 INFO:teuthology.orchestra.run.trial196.stdout:/usr/bin/ceph: stderr
2026-02-17T19:22:55.668+0000 7fb1377fe640 1 -- 10.20.193.196:0/705053403 <== mon.0 v2:10.20.193.196:3300/0 4 ==== mgrmap(e 7) ==== 50141+0+0 (secure 0 0 0) 0x7fb14403e5f0 con 0x7fb150109880
2026-02-17T19:22:55.787 INFO:teuthology.orchestra.run.trial196.stdout:/usr/bin/ceph: stderr
2026-02-17T19:22:55.668+0000 7fb1377fe640 1 --2- 10.20.193.196:0/705053403 >> [v2:10.20.193.196:6800/1813560728,v1:10.20.193.196:6801/1813560728] conn(0x7fb12803da80 0x7fb12803ff40 unknown :-1 s=NONE pgs=0 cs=0 l=1 rev1=0 crypto rx=0 tx=0 comp rx=0 tx=0).connect
2026-02-17T19:22:55.787 INFO:teuthology.orchestra.run.trial196.stdout:/usr/bin/ceph: stderr
2026-02-17T19:22:55.668+0000 7fb1377fe640 1 -- 10.20.193.196:0/705053403 <== mon.0 v2:10.20.193.196:3300/0 5 ==== osd_map(2..2 src has 1..2) ==== 940+0+0 (secure 0 0 0) 0x7fb144076530 con 0x7fb150109880
2026-02-17T19:22:55.787 INFO:teuthology.orchestra.run.trial196.stdout:/usr/bin/ceph: stderr
2026-02-17T19:22:55.668+0000 7fb14dd74640 1 --2- 10.20.193.196:0/705053403 >> [v2:10.20.193.196:6800/1813560728,v1:10.20.193.196:6801/1813560728] conn(0x7fb12803da80 0x7fb12803ff40 unknown :-1 s=BANNER_CONNECTING pgs=0 cs=0 l=1 rev1=0 crypto rx=0 tx=0 comp rx=0 tx=0)._handle_peer_banner_payload supported=3 required=0
2026-02-17T19:22:55.788 INFO:teuthology.orchestra.run.trial196.stdout:/usr/bin/ceph: stderr
2026-02-17T19:22:55.669+0000 7fb14dd74640 1 --2- 10.20.193.196:0/705053403 >> [v2:10.20.193.196:6800/1813560728,v1:10.20.193.196:6801/1813560728] conn(0x7fb12803da80 0x7fb12803ff40 secure :-1 s=READY pgs=10 cs=0 l=1 rev1=1 crypto rx=0x7fb1380099c0 tx=0x7fb138006eb0 comp rx=0 tx=0).ready entity=mgr.14118 client_cookie=0 server_cookie=0 in_seq=0 out_seq=0
2026-02-17T19:22:55.788 INFO:teuthology.orchestra.run.trial196.stdout:/usr/bin/ceph: stderr
2026-02-17T19:22:55.671+0000 7fb1377fe640 1 -- 10.20.193.196:0/705053403 <== mon.0 v2:10.20.193.196:3300/0 6 ==== mon_command_ack([{"prefix": "get_command_descriptions"}]=0 v0) ==== 72+0+195034 (secure 0 0 0) 0x7fb144049e00 con 0x7fb150109880
2026-02-17T19:22:55.788 INFO:teuthology.orchestra.run.trial196.stdout:/usr/bin/ceph: stderr
2026-02-17T19:22:55.755+0000 7fb154f82640 1 -- 10.20.193.196:0/705053403 --> [v2:10.20.193.196:6800/1813560728,v1:10.20.193.196:6801/1813560728] -- mgr_command(tid 0: {"prefix": "cephadm get-pub-key", "target": ["mon-mgr", ""]}) -- 0x7fb1501077d0 con 0x7fb12803da80
2026-02-17T19:22:55.788 INFO:teuthology.orchestra.run.trial196.stdout:/usr/bin/ceph: stderr
2026-02-17T19:22:55.756+0000 7fb1377fe640 1 -- 10.20.193.196:0/705053403 <== mgr.14118 v2:10.20.193.196:6800/1813560728 1 ==== mgr_command_reply(tid 0: 0 ) ==== 8+0+123 (secure 0 0 0) 0x7fb1501077d0 con 0x7fb12803da80
2026-02-17T19:22:55.788 INFO:teuthology.orchestra.run.trial196.stdout:/usr/bin/ceph: stderr
2026-02-17T19:22:55.757+0000 7fb154f82640 1 -- 10.20.193.196:0/705053403 >> [v2:10.20.193.196:6800/1813560728,v1:10.20.193.196:6801/1813560728] conn(0x7fb12803da80 msgr2=0x7fb12803ff40 secure :-1 s=STATE_CONNECTION_ESTABLISHED l=1).mark_down
2026-02-17T19:22:55.788 INFO:teuthology.orchestra.run.trial196.stdout:/usr/bin/ceph: stderr
2026-02-17T19:22:55.757+0000 7fb154f82640 1 --2- 10.20.193.196:0/705053403 >> [v2:10.20.193.196:6800/1813560728,v1:10.20.193.196:6801/1813560728] conn(0x7fb12803da80 0x7fb12803ff40 secure :-1 s=READY pgs=10 cs=0 l=1 rev1=1 crypto rx=0x7fb1380099c0 tx=0x7fb138006eb0 comp rx=0 tx=0).stop
2026-02-17T19:22:55.788 INFO:teuthology.orchestra.run.trial196.stdout:/usr/bin/ceph: stderr
2026-02-17T19:22:55.757+0000 7fb154f82640 1 -- 10.20.193.196:0/705053403 >> [v2:10.20.193.196:3300/0,v1:10.20.193.196:6789/0] conn(0x7fb150109880 msgr2=0x7fb15019f7a0 secure :-1 s=STATE_CONNECTION_ESTABLISHED l=1).mark_down
2026-02-17T19:22:55.788 INFO:teuthology.orchestra.run.trial196.stdout:/usr/bin/ceph: stderr
2026-02-17T19:22:55.757+0000 7fb154f82640 1 --2- 10.20.193.196:0/705053403 >> [v2:10.20.193.196:3300/0,v1:10.20.193.196:6789/0] conn(0x7fb150109880 0x7fb15019f7a0 secure :-1 s=READY pgs=42 cs=0 l=1 rev1=1 crypto rx=0x7fb144037cd0 tx=0x7fb144035b10 comp rx=0 tx=0).stop
2026-02-17T19:22:55.788 INFO:teuthology.orchestra.run.trial196.stdout:/usr/bin/ceph: stderr
2026-02-17T19:22:55.757+0000 7fb154f82640 1 -- 10.20.193.196:0/705053403 shutdown_connections
2026-02-17T19:22:55.788 INFO:teuthology.orchestra.run.trial196.stdout:/usr/bin/ceph: stderr
2026-02-17T19:22:55.757+0000 7fb154f82640 1 --2- 10.20.193.196:0/705053403 >> [v2:10.20.193.196:6800/1813560728,v1:10.20.193.196:6801/1813560728] conn(0x7fb12803da80 0x7fb12803ff40 unknown :-1 s=CLOSED pgs=10 cs=0 l=1 rev1=1 crypto rx=0 tx=0 comp rx=0 tx=0).stop
2026-02-17T19:22:55.788 INFO:teuthology.orchestra.run.trial196.stdout:/usr/bin/ceph: stderr
2026-02-17T19:22:55.757+0000 7fb154f82640 1 --2- 10.20.193.196:0/705053403 >> [v2:10.20.193.196:3300/0,v1:10.20.193.196:6789/0] conn(0x7fb150109880 0x7fb15019f7a0 unknown :-1 s=CLOSED pgs=42 cs=0 l=1 rev1=1 crypto rx=0 tx=0 comp rx=0 tx=0).stop
2026-02-17T19:22:55.788 INFO:teuthology.orchestra.run.trial196.stdout:/usr/bin/ceph: stderr
2026-02-17T19:22:55.757+0000 7fb154f82640 1 -- 10.20.193.196:0/705053403 >> 10.20.193.196:0/705053403 conn(0x7fb15007cf00 msgr2=0x7fb1501070c0 unknown :-1 s=STATE_NONE l=0).mark_down
2026-02-17T19:22:55.788 INFO:teuthology.orchestra.run.trial196.stdout:/usr/bin/ceph: stderr
2026-02-17T19:22:55.757+0000 7fb154f82640 1 -- 10.20.193.196:0/705053403 shutdown_connections
2026-02-17T19:22:55.789 INFO:teuthology.orchestra.run.trial196.stdout:/usr/bin/ceph: stderr
2026-02-17T19:22:55.757+0000 7fb154f82640 1 -- 10.20.193.196:0/705053403 wait complete.
2026-02-17T19:22:55.789 INFO:teuthology.orchestra.run.trial196.stdout:Wrote public SSH key to /home/ubuntu/cephtest/ceph.pub
2026-02-17T19:22:55.789 INFO:teuthology.orchestra.run.trial196.stdout:Adding key to root@localhost authorized_keys...
2026-02-17T19:22:55.789 INFO:teuthology.orchestra.run.trial196.stdout:Adding host trial196...
2026-02-17T19:22:56.013 INFO:journalctl@ceph.mon.a.trial196.stdout:Feb 17 19:22:55 trial196 ceph-mon[20365]: [17/Feb/2026:19:22:54] ENGINE Bus STARTING
2026-02-17T19:22:56.013 INFO:journalctl@ceph.mon.a.trial196.stdout:Feb 17 19:22:55 trial196 ceph-mon[20365]: from='client.14122 -' entity='client.admin' cmd=[{"prefix": "get_command_descriptions"}]: dispatch
2026-02-17T19:22:56.013 INFO:journalctl@ceph.mon.a.trial196.stdout:Feb 17 19:22:55 trial196 ceph-mon[20365]: from='client.14122 -' entity='client.admin' cmd=[{"prefix": "mgr_status"}]: dispatch
2026-02-17T19:22:56.013 INFO:journalctl@ceph.mon.a.trial196.stdout:Feb 17 19:22:55 trial196 ceph-mon[20365]: [17/Feb/2026:19:22:54] ENGINE Serving on https://10.20.193.196:7150
2026-02-17T19:22:56.013 INFO:journalctl@ceph.mon.a.trial196.stdout:Feb 17 19:22:55 trial196 ceph-mon[20365]: [17/Feb/2026:19:22:54] ENGINE Client ('10.20.193.196', 35444) lost — peer dropped the TLS connection suddenly, during handshake: (6, 'TLS/SSL connection has been closed (EOF) (_ssl.c:1147)')
2026-02-17T19:22:56.013 INFO:journalctl@ceph.mon.a.trial196.stdout:Feb 17 19:22:55 trial196 ceph-mon[20365]: [17/Feb/2026:19:22:55] ENGINE Serving on http://10.20.193.196:8765
2026-02-17T19:22:56.014 INFO:journalctl@ceph.mon.a.trial196.stdout:Feb 17 19:22:55 trial196 ceph-mon[20365]: [17/Feb/2026:19:22:55] ENGINE Bus STARTED
2026-02-17T19:22:56.014 INFO:journalctl@ceph.mon.a.trial196.stdout:Feb 17 19:22:55 trial196 ceph-mon[20365]: from='mgr.14118 10.20.193.196:0/1004089000' entity='mgr.x' cmd=[{"prefix": "config dump", "format": "json"}]: dispatch
2026-02-17T19:22:56.014 INFO:journalctl@ceph.mon.a.trial196.stdout:Feb 17 19:22:55 trial196 ceph-mon[20365]: from='client.14130 -' entity='client.admin' cmd=[{"prefix": "orch set backend", "module_name": "cephadm", "target": ["mon-mgr", ""]}]: dispatch
2026-02-17T19:22:56.014 INFO:journalctl@ceph.mon.a.trial196.stdout:Feb 17 19:22:55 trial196 ceph-mon[20365]: from='mgr.14118 10.20.193.196:0/1004089000' entity='mgr.x'
2026-02-17T19:22:56.014 INFO:journalctl@ceph.mon.a.trial196.stdout:Feb 17 19:22:55 trial196 ceph-mon[20365]: from='mgr.14118 10.20.193.196:0/1004089000' entity='mgr.x' cmd=[{"prefix": "config dump", "format": "json"}]: dispatch
2026-02-17T19:22:56.014 INFO:journalctl@ceph.mon.a.trial196.stdout:Feb 17 19:22:55 trial196 ceph-mon[20365]: from='mgr.14118 10.20.193.196:0/1004089000' entity='mgr.x'
2026-02-17T19:22:56.014 INFO:journalctl@ceph.mon.a.trial196.stdout:Feb 17 19:22:55 trial196 ceph-mon[20365]: from='mgr.14118 10.20.193.196:0/1004089000' entity='mgr.x'
2026-02-17T19:22:57.248 INFO:journalctl@ceph.mon.a.trial196.stdout:Feb 17 19:22:56 trial196 ceph-mon[20365]: from='client.14132 -' entity='client.admin' cmd=[{"prefix": "cephadm set-user", "user": "root", "target": ["mon-mgr", ""]}]: dispatch
