2026-02-17T19:28:10.938 INFO:teuthology.orchestra.run.trial004.stdout:/usr/bin/ceph: stderr
2026-02-17T19:28:09.888+0000 7f655dffb640 1 -- 10.20.193.4:0/2676186124 <== mon.0 v2:10.20.193.4:3300/0 6 ==== mgrmap(e 10) ==== 50027+0+0 (secure 0 0 0) 0x7f6558075780 con 0x7f656807de00
2026-02-17T19:28:10.938 INFO:teuthology.orchestra.run.trial004.stdout:/usr/bin/ceph: stderr
2026-02-17T19:28:09.888+0000 7f655dffb640 1 -- 10.20.193.4:0/2676186124 >> [v2:10.20.193.4:6800/1579207474,v1:10.20.193.4:6801/1579207474] conn(0x7f654403dc40 msgr2=0x7f6544040100 unknown :-1 s=STATE_CONNECTING l=1).mark_down
2026-02-17T19:28:10.938 INFO:teuthology.orchestra.run.trial004.stdout:/usr/bin/ceph: stderr
2026-02-17T19:28:09.888+0000 7f655dffb640 1 --2- 10.20.193.4:0/2676186124 >> [v2:10.20.193.4:6800/1579207474,v1:10.20.193.4:6801/1579207474] conn(0x7f654403dc40 0x7f6544040100 unknown :-1 s=START_CONNECT pgs=0 cs=0 l=1 rev1=0 crypto rx=0 tx=0 comp rx=0 tx=0).stop
2026-02-17T19:28:10.938 INFO:teuthology.orchestra.run.trial004.stdout:/usr/bin/ceph: stderr
2026-02-17T19:28:10.890+0000 7f655dffb640 1 -- 10.20.193.4:0/2676186124 <== mon.0 v2:10.20.193.4:3300/0 7 ==== mgrmap(e 11) ==== 50154+0+0 (secure 0 0 0) 0x7f6558035950 con 0x7f656807de00
2026-02-17T19:28:10.938 INFO:teuthology.orchestra.run.trial004.stdout:/usr/bin/ceph: stderr
2026-02-17T19:28:10.890+0000 7f655dffb640 1 --2- 10.20.193.4:0/2676186124 >> [v2:10.20.193.4:6800/482983423,v1:10.20.193.4:6801/482983423] conn(0x7f6544041720 0x7f6544043b10 unknown :-1 s=NONE pgs=0 cs=0 l=1 rev1=0 crypto rx=0 tx=0 comp rx=0 tx=0).connect
2026-02-17T19:28:10.938 INFO:teuthology.orchestra.run.trial004.stdout:/usr/bin/ceph: stderr
2026-02-17T19:28:10.890+0000 7f655dffb640 1 -- 10.20.193.4:0/2676186124 --> [v2:10.20.193.4:6800/482983423,v1:10.20.193.4:6801/482983423] -- command(tid 0: {"prefix": "get_command_descriptions"}) -- 0x7f65580068f0 con 0x7f6544041720
2026-02-17T19:28:10.938 INFO:teuthology.orchestra.run.trial004.stdout:/usr/bin/ceph: stderr
2026-02-17T19:28:10.890+0000 7f655ffff640 1 --2- 10.20.193.4:0/2676186124 >> [v2:10.20.193.4:6800/482983423,v1:10.20.193.4:6801/482983423] conn(0x7f6544041720 0x7f6544043b10 unknown :-1 s=BANNER_CONNECTING pgs=0 cs=0 l=1 rev1=0 crypto rx=0 tx=0 comp rx=0 tx=0)._handle_peer_banner_payload supported=3 required=0
2026-02-17T19:28:10.938 INFO:teuthology.orchestra.run.trial004.stdout:/usr/bin/ceph: stderr
2026-02-17T19:28:10.891+0000 7f655ffff640 1 --2- 10.20.193.4:0/2676186124 >> [v2:10.20.193.4:6800/482983423,v1:10.20.193.4:6801/482983423] conn(0x7f6544041720 0x7f6544043b10 secure :-1 s=READY pgs=3 cs=0 l=1 rev1=1 crypto rx=0x7f6550003a80 tx=0x7f65500092b0 comp rx=0 tx=0).ready entity=mgr.14150 client_cookie=0 server_cookie=0 in_seq=0 out_seq=0
2026-02-17T19:28:10.938 INFO:teuthology.orchestra.run.trial004.stdout:/usr/bin/ceph: stderr
2026-02-17T19:28:10.891+0000 7f655dffb640 1 -- 10.20.193.4:0/2676186124 <== mgr.14150 v2:10.20.193.4:6800/482983423 1 ==== command_reply(tid 0: 0 ) ==== 8+0+8901 (secure 0 0 0) 0x7f65580068f0 con 0x7f6544041720
2026-02-17T19:28:10.938 INFO:teuthology.orchestra.run.trial004.stdout:/usr/bin/ceph: stderr
2026-02-17T19:28:10.895+0000 7f656f197640 1 -- 10.20.193.4:0/2676186124 --> [v2:10.20.193.4:6800/482983423,v1:10.20.193.4:6801/482983423] -- command(tid 1: {"prefix": "mgr_status"}) -- 0x7f656807c380 con 0x7f6544041720
2026-02-17T19:28:10.938 INFO:teuthology.orchestra.run.trial004.stdout:/usr/bin/ceph: stderr
2026-02-17T19:28:10.895+0000 7f655dffb640 1 -- 10.20.193.4:0/2676186124 <== mgr.14150 v2:10.20.193.4:6800/482983423 2 ==== command_reply(tid 1: 0 ) ==== 8+0+52 (secure 0 0 0) 0x7f656807c380 con 0x7f6544041720
2026-02-17T19:28:10.938 INFO:teuthology.orchestra.run.trial004.stdout:/usr/bin/ceph: stderr
2026-02-17T19:28:10.895+0000 7f656f197640 1 -- 10.20.193.4:0/2676186124 >> [v2:10.20.193.4:6800/482983423,v1:10.20.193.4:6801/482983423] conn(0x7f6544041720 msgr2=0x7f6544043b10 secure :-1 s=STATE_CONNECTION_ESTABLISHED l=1).mark_down
2026-02-17T19:28:10.938 INFO:teuthology.orchestra.run.trial004.stdout:/usr/bin/ceph: stderr
2026-02-17T19:28:10.895+0000 7f656f197640 1 --2- 10.20.193.4:0/2676186124 >> [v2:10.20.193.4:6800/482983423,v1:10.20.193.4:6801/482983423] conn(0x7f6544041720 0x7f6544043b10 secure :-1 s=READY pgs=3 cs=0 l=1 rev1=1 crypto rx=0x7f6550003a80 tx=0x7f65500092b0 comp rx=0 tx=0).stop
2026-02-17T19:28:10.938 INFO:teuthology.orchestra.run.trial004.stdout:/usr/bin/ceph: stderr
2026-02-17T19:28:10.895+0000 7f656f197640 1 -- 10.20.193.4:0/2676186124 >> [v2:10.20.193.4:3300/0,v1:10.20.193.4:6789/0] conn(0x7f656807de00 msgr2=0x7f65681a0240 secure :-1 s=STATE_CONNECTION_ESTABLISHED l=1).mark_down
2026-02-17T19:28:10.938 INFO:teuthology.orchestra.run.trial004.stdout:/usr/bin/ceph: stderr
2026-02-17T19:28:10.895+0000 7f656f197640 1 --2- 10.20.193.4:0/2676186124 >> [v2:10.20.193.4:3300/0,v1:10.20.193.4:6789/0] conn(0x7f656807de00 0x7f65681a0240 secure :-1 s=READY pgs=60 cs=0 l=1 rev1=1 crypto rx=0x7f6558039000 tx=0x7f6558037820 comp rx=0 tx=0).stop
2026-02-17T19:28:10.938 INFO:teuthology.orchestra.run.trial004.stdout:/usr/bin/ceph: stderr
2026-02-17T19:28:10.895+0000 7f656f197640 1 -- 10.20.193.4:0/2676186124 shutdown_connections
2026-02-17T19:28:10.938 INFO:teuthology.orchestra.run.trial004.stdout:/usr/bin/ceph: stderr
2026-02-17T19:28:10.895+0000 7f656f197640 1 --2- 10.20.193.4:0/2676186124 >> [v2:10.20.193.4:6800/482983423,v1:10.20.193.4:6801/482983423] conn(0x7f6544041720 0x7f6544043b10 unknown :-1 s=CLOSED pgs=3 cs=0 l=1 rev1=1 crypto rx=0 tx=0 comp rx=0 tx=0).stop
2026-02-17T19:28:10.938 INFO:teuthology.orchestra.run.trial004.stdout:/usr/bin/ceph: stderr
2026-02-17T19:28:10.895+0000 7f656f197640 1 --2- 10.20.193.4:0/2676186124 >> [v2:10.20.193.4:6800/1579207474,v1:10.20.193.4:6801/1579207474] conn(0x7f654403dc40 0x7f6544040100 unknown :-1 s=CLOSED pgs=0 cs=0 l=1 rev1=0 crypto rx=0 tx=0 comp rx=0 tx=0).stop
2026-02-17T19:28:10.938 INFO:teuthology.orchestra.run.trial004.stdout:/usr/bin/ceph: stderr
2026-02-17T19:28:10.895+0000 7f656f197640 1 --2- 10.20.193.4:0/2676186124 >> [v2:10.20.193.4:3300/0,v1:10.20.193.4:6789/0] conn(0x7f656807de00 0x7f65681a0240 unknown :-1 s=CLOSED pgs=60 cs=0 l=1 rev1=1 crypto rx=0 tx=0 comp rx=0 tx=0).stop
2026-02-17T19:28:10.938 INFO:teuthology.orchestra.run.trial004.stdout:/usr/bin/ceph: stderr
2026-02-17T19:28:10.895+0000 7f656f197640 1 -- 10.20.193.4:0/2676186124 >> 10.20.193.4:0/2676186124 conn(0x7f6568103950 msgr2=0x7f65681044c0 unknown :-1 s=STATE_NONE l=0).mark_down
2026-02-17T19:28:10.938 INFO:teuthology.orchestra.run.trial004.stdout:/usr/bin/ceph: stderr
2026-02-17T19:28:10.895+0000 7f656f197640 1 -- 10.20.193.4:0/2676186124 shutdown_connections
2026-02-17T19:28:10.938 INFO:teuthology.orchestra.run.trial004.stdout:/usr/bin/ceph: stderr
2026-02-17T19:28:10.895+0000 7f656f197640 1 -- 10.20.193.4:0/2676186124 wait complete.
2026-02-17T19:28:10.938 INFO:teuthology.orchestra.run.trial004.stdout:mgr epoch 9 is available
2026-02-17T19:28:10.938 INFO:teuthology.orchestra.run.trial004.stdout:Generating a dashboard self-signed certificate...
2026-02-17T19:28:11.174 INFO:teuthology.orchestra.run.trial004.stdout:/usr/bin/ceph: stdout Self-signed certificate created
2026-02-17T19:28:11.174 INFO:teuthology.orchestra.run.trial004.stdout:/usr/bin/ceph: stderr
2026-02-17T19:28:11.032+0000 7f58af4c2640 1 Processor -- start
2026-02-17T19:28:11.174 INFO:teuthology.orchestra.run.trial004.stdout:/usr/bin/ceph: stderr
2026-02-17T19:28:11.032+0000 7f58af4c2640 1 -- start start
2026-02-17T19:28:11.174 INFO:teuthology.orchestra.run.trial004.stdout:/usr/bin/ceph: stderr
2026-02-17T19:28:11.033+0000 7f58af4c2640 1 --2- >> [v2:10.20.193.4:3300/0,v1:10.20.193.4:6789/0] conn(0x7f58a810ba80 0x7f58a810be80 unknown :-1 s=NONE pgs=0 cs=0 l=0 rev1=0 crypto rx=0 tx=0 comp rx=0 tx=0).connect
2026-02-17T19:28:11.174 INFO:teuthology.orchestra.run.trial004.stdout:/usr/bin/ceph: stderr
2026-02-17T19:28:11.033+0000 7f58af4c2640 1 -- --> [v2:10.20.193.4:3300/0,v1:10.20.193.4:6789/0] -- mon_getmap magic: 0 -- 0x7f58a810a010 con 0x7f58a810ba80
2026-02-17T19:28:11.174 INFO:teuthology.orchestra.run.trial004.stdout:/usr/bin/ceph: stderr
2026-02-17T19:28:11.033+0000 7f58ad237640 1 --2- >> [v2:10.20.193.4:3300/0,v1:10.20.193.4:6789/0] conn(0x7f58a810ba80 0x7f58a810be80 unknown :-1 s=BANNER_CONNECTING pgs=0 cs=0 l=0 rev1=0 crypto rx=0 tx=0 comp rx=0 tx=0)._handle_peer_banner_payload supported=3 required=0
2026-02-17T19:28:11.174 INFO:teuthology.orchestra.run.trial004.stdout:/usr/bin/ceph: stderr
2026-02-17T19:28:11.033+0000 7f58ad237640 1 --2- >> [v2:10.20.193.4:3300/0,v1:10.20.193.4:6789/0] conn(0x7f58a810ba80 0x7f58a810be80 unknown :-1 s=HELLO_CONNECTING pgs=0 cs=0 l=0 rev1=1 crypto rx=0 tx=0 comp rx=0 tx=0).handle_hello peer v2:10.20.193.4:3300/0 says I am v2:10.20.193.4:38818/0 (socket says 10.20.193.4:38818)
2026-02-17T19:28:11.174 INFO:teuthology.orchestra.run.trial004.stdout:/usr/bin/ceph: stderr
2026-02-17T19:28:11.033+0000 7f58ad237640 1 -- 10.20.193.4:0/3968449334 learned_addr learned my addr 10.20.193.4:0/3968449334 (peer_addr_for_me v2:10.20.193.4:0/0)
2026-02-17T19:28:11.174 INFO:teuthology.orchestra.run.trial004.stdout:/usr/bin/ceph: stderr
2026-02-17T19:28:11.033+0000 7f58ad237640 1 -- 10.20.193.4:0/3968449334 --> [v2:10.20.193.4:3300/0,v1:10.20.193.4:6789/0] -- mon_subscribe({config=0+,monmap=0+}) -- 0x7f58a810a190 con 0x7f58a810ba80
2026-02-17T19:28:11.174 INFO:teuthology.orchestra.run.trial004.stdout:/usr/bin/ceph: stderr
2026-02-17T19:28:11.034+0000 7f58ad237640 1 --2- 10.20.193.4:0/3968449334 >> [v2:10.20.193.4:3300/0,v1:10.20.193.4:6789/0] conn(0x7f58a810ba80 0x7f58a810be80 secure :-1 s=READY pgs=68 cs=0 l=1 rev1=1 crypto rx=0x7f5898009920 tx=0x7f589802ef20 comp rx=0 tx=0).ready entity=mon.0 client_cookie=3dcbde6dafc1587c server_cookie=0 in_seq=0 out_seq=0
2026-02-17T19:28:11.174 INFO:teuthology.orchestra.run.trial004.stdout:/usr/bin/ceph: stderr
2026-02-17T19:28:11.034+0000 7f5897fff640 1 -- 10.20.193.4:0/3968449334 <== mon.0 v2:10.20.193.4:3300/0 1 ==== mon_map magic: 0 ==== 205+0+0 (secure 0 0 0) 0x7f589803c070 con 0x7f58a810ba80
2026-02-17T19:28:11.174 INFO:teuthology.orchestra.run.trial004.stdout:/usr/bin/ceph: stderr
2026-02-17T19:28:11.034+0000 7f5897fff640 1 -- 10.20.193.4:0/3968449334 <== mon.0 v2:10.20.193.4:3300/0 2 ==== config(26 keys) ==== 1076+0+0 (secure 0 0 0) 0x7f5898037440 con 0x7f58a810ba80
2026-02-17T19:28:11.175 INFO:teuthology.orchestra.run.trial004.stdout:/usr/bin/ceph: stderr
2026-02-17T19:28:11.034+0000 7f5897fff640 1 -- 10.20.193.4:0/3968449334 <== mon.0 v2:10.20.193.4:3300/0 3 ==== mon_map magic: 0 ==== 205+0+0 (secure 0 0 0) 0x7f58980354d0 con 0x7f58a810ba80
2026-02-17T19:28:11.175 INFO:teuthology.orchestra.run.trial004.stdout:/usr/bin/ceph: stderr
2026-02-17T19:28:11.034+0000 7f58af4c2640 1 -- 10.20.193.4:0/3968449334 >> [v2:10.20.193.4:3300/0,v1:10.20.193.4:6789/0] conn(0x7f58a810ba80 msgr2=0x7f58a810be80 secure :-1 s=STATE_CONNECTION_ESTABLISHED l=1).mark_down
2026-02-17T19:28:11.175 INFO:teuthology.orchestra.run.trial004.stdout:/usr/bin/ceph: stderr
2026-02-17T19:28:11.034+0000 7f58af4c2640 1 --2- 10.20.193.4:0/3968449334 >> [v2:10.20.193.4:3300/0,v1:10.20.193.4:6789/0] conn(0x7f58a810ba80 0x7f58a810be80 secure :-1 s=READY pgs=68 cs=0 l=1 rev1=1 crypto rx=0x7f5898009920 tx=0x7f589802ef20 comp rx=0 tx=0).stop
2026-02-17T19:28:11.175 INFO:teuthology.orchestra.run.trial004.stdout:/usr/bin/ceph: stderr
2026-02-17T19:28:11.034+0000 7f58af4c2640 1 -- 10.20.193.4:0/3968449334 shutdown_connections
2026-02-17T19:28:11.175 INFO:teuthology.orchestra.run.trial004.stdout:/usr/bin/ceph: stderr
2026-02-17T19:28:11.034+0000 7f58af4c2640 1 --2- 10.20.193.4:0/3968449334 >> [v2:10.20.193.4:3300/0,v1:10.20.193.4:6789/0] conn(0x7f58a810ba80 0x7f58a810be80 unknown :-1 s=CLOSED pgs=68 cs=0 l=1 rev1=1 crypto rx=0 tx=0 comp rx=0 tx=0).stop
2026-02-17T19:28:11.175 INFO:teuthology.orchestra.run.trial004.stdout:/usr/bin/ceph: stderr
2026-02-17T19:28:11.034+0000 7f58af4c2640 1 -- 10.20.193.4:0/3968449334 >> 10.20.193.4:0/3968449334 conn(0x7f58a807d8c0 msgr2=0x7f58a8108670 unknown :-1 s=STATE_NONE l=0).mark_down
2026-02-17T19:28:11.175 INFO:teuthology.orchestra.run.trial004.stdout:/usr/bin/ceph: stderr
2026-02-17T19:28:11.034+0000 7f58af4c2640 1 -- 10.20.193.4:0/3968449334 shutdown_connections
2026-02-17T19:28:11.175 INFO:teuthology.orchestra.run.trial004.stdout:/usr/bin/ceph: stderr
2026-02-17T19:28:11.034+0000 7f58af4c2640 1 -- 10.20.193.4:0/3968449334 wait complete.
2026-02-17T19:28:11.175 INFO:teuthology.orchestra.run.trial004.stdout:/usr/bin/ceph: stderr
2026-02-17T19:28:11.034+0000 7f58af4c2640 1 Processor -- start
2026-02-17T19:28:11.175 INFO:teuthology.orchestra.run.trial004.stdout:/usr/bin/ceph: stderr
2026-02-17T19:28:11.034+0000 7f58af4c2640 1 -- start start
2026-02-17T19:28:11.175 INFO:teuthology.orchestra.run.trial004.stdout:/usr/bin/ceph: stderr
2026-02-17T19:28:11.034+0000 7f58af4c2640 1 --2- >> [v2:10.20.193.4:3300/0,v1:10.20.193.4:6789/0] conn(0x7f58a810ba80 0x7f58a81a0350 unknown :-1 s=NONE pgs=0 cs=0 l=1 rev1=0 crypto rx=0 tx=0 comp rx=0 tx=0).connect
2026-02-17T19:28:11.175 INFO:teuthology.orchestra.run.trial004.stdout:/usr/bin/ceph: stderr
2026-02-17T19:28:11.034+0000 7f58af4c2640 1 -- --> [v2:10.20.193.4:3300/0,v1:10.20.193.4:6789/0] -- mon_getmap magic: 0 -- 0x7f58a810e950 con 0x7f58a810ba80
2026-02-17T19:28:11.175 INFO:teuthology.orchestra.run.trial004.stdout:/usr/bin/ceph: stderr
2026-02-17T19:28:11.034+0000 7f58ad237640 1 --2- >> [v2:10.20.193.4:3300/0,v1:10.20.193.4:6789/0] conn(0x7f58a810ba80 0x7f58a81a0350 unknown :-1 s=BANNER_CONNECTING pgs=0 cs=0 l=1 rev1=0 crypto rx=0 tx=0 comp rx=0 tx=0)._handle_peer_banner_payload supported=3 required=0
2026-02-17T19:28:11.175 INFO:teuthology.orchestra.run.trial004.stdout:/usr/bin/ceph: stderr
2026-02-17T19:28:11.034+0000 7f58ad237640 1 --2- >> [v2:10.20.193.4:3300/0,v1:10.20.193.4:6789/0] conn(0x7f58a810ba80 0x7f58a81a0350 unknown :-1 s=HELLO_CONNECTING pgs=0 cs=0 l=1 rev1=1 crypto rx=0 tx=0 comp rx=0 tx=0).handle_hello peer v2:10.20.193.4:3300/0 says I am v2:10.20.193.4:38830/0 (socket says 10.20.193.4:38830)
2026-02-17T19:28:11.175 INFO:teuthology.orchestra.run.trial004.stdout:/usr/bin/ceph: stderr
2026-02-17T19:28:11.034+0000 7f58ad237640 1 -- 10.20.193.4:0/1260341942 learned_addr learned my addr 10.20.193.4:0/1260341942 (peer_addr_for_me v2:10.20.193.4:0/0)
2026-02-17T19:28:11.175 INFO:teuthology.orchestra.run.trial004.stdout:/usr/bin/ceph: stderr
2026-02-17T19:28:11.035+0000 7f58ad237640 1 -- 10.20.193.4:0/1260341942 --> [v2:10.20.193.4:3300/0,v1:10.20.193.4:6789/0] -- mon_subscribe({config=0+,monmap=0+}) -- 0x7f58a81a0890 con 0x7f58a810ba80
2026-02-17T19:28:11.175 INFO:teuthology.orchestra.run.trial004.stdout:/usr/bin/ceph: stderr
2026-02-17T19:28:11.035+0000 7f58ad237640 1 --2- 10.20.193.4:0/1260341942 >> [v2:10.20.193.4:3300/0,v1:10.20.193.4:6789/0] conn(0x7f58a810ba80 0x7f58a81a0350 secure :-1 s=READY pgs=69 cs=0 l=1 rev1=1 crypto rx=0x7f5898039000 tx=0x7f5898037820 comp rx=0 tx=0).ready entity=mon.0 client_cookie=0 server_cookie=0 in_seq=0 out_seq=0
2026-02-17T19:28:11.175 INFO:teuthology.orchestra.run.trial004.stdout:/usr/bin/ceph: stderr
2026-02-17T19:28:11.035+0000 7f58967fc640 1 -- 10.20.193.4:0/1260341942 <== mon.0 v2:10.20.193.4:3300/0 1 ==== mon_map magic: 0 ==== 205+0+0 (secure 0 0 0) 0x7f5898047070 con 0x7f58a810ba80
2026-02-17T19:28:11.175 INFO:teuthology.orchestra.run.trial004.stdout:/usr/bin/ceph: stderr
2026-02-17T19:28:11.035+0000 7f58af4c2640 1 -- 10.20.193.4:0/1260341942 --> [v2:10.20.193.4:3300/0,v1:10.20.193.4:6789/0] -- mon_subscribe({mgrmap=0+}) -- 0x7f58a81a0b20 con 0x7f58a810ba80
2026-02-17T19:28:11.175 INFO:teuthology.orchestra.run.trial004.stdout:/usr/bin/ceph: stderr
2026-02-17T19:28:11.035+0000 7f58967fc640 1 -- 10.20.193.4:0/1260341942 <== mon.0 v2:10.20.193.4:3300/0 2 ==== config(26 keys) ==== 1076+0+0 (secure 0 0 0) 0x7f5898035df0 con 0x7f58a810ba80
2026-02-17T19:28:11.175 INFO:teuthology.orchestra.run.trial004.stdout:/usr/bin/ceph: stderr
2026-02-17T19:28:11.035+0000 7f58967fc640 1 -- 10.20.193.4:0/1260341942 <== mon.0 v2:10.20.193.4:3300/0 3 ==== mon_map magic: 0 ==== 205+0+0 (secure 0 0 0) 0x7f589803c070 con 0x7f58a810ba80
2026-02-17T19:28:11.175 INFO:teuthology.orchestra.run.trial004.stdout:/usr/bin/ceph: stderr
2026-02-17T19:28:11.035+0000 7f58af4c2640 1 -- 10.20.193.4:0/1260341942 --> [v2:10.20.193.4:3300/0,v1:10.20.193.4:6789/0] -- mon_subscribe({osdmap=0}) -- 0x7f58a81a3810 con 0x7f58a810ba80
2026-02-17T19:28:11.175 INFO:teuthology.orchestra.run.trial004.stdout:/usr/bin/ceph: stderr
2026-02-17T19:28:11.035+0000 7f58af4c2640 1 -- 10.20.193.4:0/1260341942 --> [v2:10.20.193.4:3300/0,v1:10.20.193.4:6789/0] -- mon_command({"prefix": "get_command_descriptions"} v 0) -- 0x7f58a810bf00 con 0x7f58a810ba80
2026-02-17T19:28:11.176 INFO:teuthology.orchestra.run.trial004.stdout:/usr/bin/ceph: stderr
2026-02-17T19:28:11.036+0000 7f58967fc640 1 -- 10.20.193.4:0/1260341942 <== mon.0 v2:10.20.193.4:3300/0 4 ==== mgrmap(e 11) ==== 50154+0+0 (secure 0 0 0) 0x7f5898042640 con 0x7f58a810ba80
2026-02-17T19:28:11.176 INFO:teuthology.orchestra.run.trial004.stdout:/usr/bin/ceph: stderr
2026-02-17T19:28:11.036+0000 7f58967fc640 1 --2- 10.20.193.4:0/1260341942 >> [v2:10.20.193.4:6800/482983423,v1:10.20.193.4:6801/482983423] conn(0x7f588403dad0 0x7f588403ff90 unknown :-1 s=NONE pgs=0 cs=0 l=1 rev1=0 crypto rx=0 tx=0 comp rx=0 tx=0).connect
2026-02-17T19:28:11.176 INFO:teuthology.orchestra.run.trial004.stdout:/usr/bin/ceph: stderr
2026-02-17T19:28:11.036+0000 7f58967fc640 1 -- 10.20.193.4:0/1260341942 <== mon.0 v2:10.20.193.4:3300/0 5 ==== osd_map(3..3 src has 1..3) ==== 1155+0+0 (secure 0 0 0) 0x7f5898076aa0 con 0x7f58a810ba80
2026-02-17T19:28:11.176 INFO:teuthology.orchestra.run.trial004.stdout:/usr/bin/ceph: stderr
2026-02-17T19:28:11.036+0000 7f58aca36640 1 --2- 10.20.193.4:0/1260341942 >> [v2:10.20.193.4:6800/482983423,v1:10.20.193.4:6801/482983423] conn(0x7f588403dad0 0x7f588403ff90 unknown :-1 s=BANNER_CONNECTING pgs=0 cs=0 l=1 rev1=0 crypto rx=0 tx=0 comp rx=0 tx=0)._handle_peer_banner_payload supported=3 required=0
2026-02-17T19:28:11.176 INFO:teuthology.orchestra.run.trial004.stdout:/usr/bin/ceph: stderr
2026-02-17T19:28:11.036+0000 7f58aca36640 1 --2- 10.20.193.4:0/1260341942 >> [v2:10.20.193.4:6800/482983423,v1:10.20.193.4:6801/482983423] conn(0x7f588403dad0 0x7f588403ff90 secure :-1 s=READY pgs=7 cs=0 l=1 rev1=1 crypto rx=0x7f589c0099c0 tx=0x7f589c006eb0 comp rx=0 tx=0).ready entity=mgr.14150 client_cookie=0 server_cookie=0 in_seq=0 out_seq=0
2026-02-17T19:28:11.176 INFO:teuthology.orchestra.run.trial004.stdout:/usr/bin/ceph: stderr
2026-02-17T19:28:11.038+0000 7f58967fc640 1 -- 10.20.193.4:0/1260341942 <== mon.0 v2:10.20.193.4:3300/0 6 ==== mon_command_ack([{"prefix": "get_command_descriptions"}]=0 v0) ==== 72+0+195034 (secure 0 0 0) 0x7f5898042440 con 0x7f58a810ba80
2026-02-17T19:28:11.176 INFO:teuthology.orchestra.run.trial004.stdout:/usr/bin/ceph: stderr
2026-02-17T19:28:11.125+0000 7f58af4c2640 1 -- 10.20.193.4:0/1260341942 --> [v2:10.20.193.4:6800/482983423,v1:10.20.193.4:6801/482983423] -- mgr_command(tid 0: {"prefix": "dashboard create-self-signed-cert", "target": ["mon-mgr", ""]}) -- 0x7f58a8108600 con 0x7f588403dad0
2026-02-17T19:28:11.176 INFO:teuthology.orchestra.run.trial004.stdout:/usr/bin/ceph: stderr
2026-02-17T19:28:11.148+0000 7f58967fc640 1 -- 10.20.193.4:0/1260341942 <== mgr.14150 v2:10.20.193.4:6800/482983423 1 ==== mgr_command_reply(tid 0: 0 ) ==== 8+0+32 (secure 0 0 0) 0x7f58a8108600 con 0x7f588403dad0
2026-02-17T19:28:11.176 INFO:teuthology.orchestra.run.trial004.stdout:/usr/bin/ceph: stderr
2026-02-17T19:28:11.149+0000 7f58af4c2640 1 -- 10.20.193.4:0/1260341942 >> [v2:10.20.193.4:6800/482983423,v1:10.20.193.4:6801/482983423] conn(0x7f588403dad0 msgr2=0x7f588403ff90 secure :-1 s=STATE_CONNECTION_ESTABLISHED l=1).mark_down
2026-02-17T19:28:11.176 INFO:teuthology.orchestra.run.trial004.stdout:/usr/bin/ceph: stderr
2026-02-17T19:28:11.149+0000 7f58af4c2640 1 --2- 10.20.193.4:0/1260341942 >> [v2:10.20.193.4:6800/482983423,v1:10.20.193.4:6801/482983423] conn(0x7f588403dad0 0x7f588403ff90 secure :-1 s=READY pgs=7 cs=0 l=1 rev1=1 crypto rx=0x7f589c0099c0 tx=0x7f589c006eb0 comp rx=0 tx=0).stop
2026-02-17T19:28:11.176 INFO:teuthology.orchestra.run.trial004.stdout:/usr/bin/ceph: stderr
2026-02-17T19:28:11.149+0000 7f58af4c2640 1 -- 10.20.193.4:0/1260341942 >> [v2:10.20.193.4:3300/0,v1:10.20.193.4:6789/0] conn(0x7f58a810ba80 msgr2=0x7f58a81a0350 secure :-1 s=STATE_CONNECTION_ESTABLISHED l=1).mark_down
2026-02-17T19:28:11.176 INFO:teuthology.orchestra.run.trial004.stdout:/usr/bin/ceph: stderr
2026-02-17T19:28:11.149+0000 7f58af4c2640 1 --2- 10.20.193.4:0/1260341942 >> [v2:10.20.193.4:3300/0,v1:10.20.193.4:6789/0] conn(0x7f58a810ba80 0x7f58a81a0350 secure :-1 s=READY pgs=69 cs=0 l=1 rev1=1 crypto rx=0x7f5898039000 tx=0x7f5898037820 comp rx=0 tx=0).stop
2026-02-17T19:28:11.176 INFO:teuthology.orchestra.run.trial004.stdout:/usr/bin/ceph: stderr
2026-02-17T19:28:11.150+0000 7f58af4c2640 1 -- 10.20.193.4:0/1260341942 shutdown_connections
2026-02-17T19:28:11.176 INFO:teuthology.orchestra.run.trial004.stdout:/usr/bin/ceph: stderr
2026-02-17T19:28:11.150+0000 7f58af4c2640 1 --2- 10.20.193.4:0/1260341942 >> [v2:10.20.193.4:6800/482983423,v1:10.20.193.4:6801/482983423] conn(0x7f588403dad0 0x7f588403ff90 unknown :-1 s=CLOSED pgs=7 cs=0 l=1 rev1=1 crypto rx=0 tx=0 comp rx=0 tx=0).stop
2026-02-17T19:28:11.176 INFO:teuthology.orchestra.run.trial004.stdout:/usr/bin/ceph: stderr
2026-02-17T19:28:11.150+0000 7f58af4c2640 1 --2- 10.20.193.4:0/1260341942 >> [v2:10.20.193.4:3300/0,v1:10.20.193.4:6789/0] conn(0x7f58a810ba80 0x7f58a81a0350 unknown :-1 s=CLOSED pgs=69 cs=0 l=1 rev1=1 crypto rx=0 tx=0 comp rx=0 tx=0).stop
2026-02-17T19:28:11.176 INFO:teuthology.orchestra.run.trial004.stdout:/usr/bin/ceph: stderr
2026-02-17T19:28:11.150+0000 7f58af4c2640 1 -- 10.20.193.4:0/1260341942 >> 10.20.193.4:0/1260341942 conn(0x7f58a807d8c0 msgr2=0x7f58a8107ef0 unknown :-1 s=STATE_NONE l=0).mark_down
2026-02-17T19:28:11.176 INFO:teuthology.orchestra.run.trial004.stdout:/usr/bin/ceph: stderr
2026-02-17T19:28:11.150+0000 7f58af4c2640 1 -- 10.20.193.4:0/1260341942 shutdown_connections
2026-02-17T19:28:11.176 INFO:teuthology.orchestra.run.trial004.stdout:/usr/bin/ceph: stderr
2026-02-17T19:28:11.150+0000 7f58af4c2640 1 -- 10.20.193.4:0/1260341942 wait complete.
2026-02-17T19:28:11.176 INFO:teuthology.orchestra.run.trial004.stdout:Creating initial admin user...
2026-02-17T19:28:11.468 INFO:journalctl@ceph.mon.a.trial004.stdout:Feb 17 19:28:11 trial004 ceph-mon[24500]: from='mgr.14150 10.20.193.4:0/3902758534' entity='mgr.x'
2026-02-17T19:28:11.468 INFO:journalctl@ceph.mon.a.trial004.stdout:Feb 17 19:28:11 trial004 ceph-mon[24500]: from='mgr.14150 10.20.193.4:0/3902758534' entity='mgr.x'
2026-02-17T19:28:11.468 INFO:journalctl@ceph.mon.a.trial004.stdout:Feb 17 19:28:11 trial004 ceph-mon[24500]: mgrmap e11: x(active, since 1.00448s)
2026-02-17T19:28:11.468 INFO:journalctl@ceph.mon.a.trial004.stdout:Feb 17 19:28:11 trial004 ceph-mon[24500]: [17/Feb/2026:19:28:10] ENGINE Bus STARTING
2026-02-17T19:28:11.468 INFO:journalctl@ceph.mon.a.trial004.stdout:Feb 17 19:28:11 trial004 ceph-mon[24500]: [17/Feb/2026:19:28:11] ENGINE Serving on http://10.20.193.4:8765
2026-02-17T19:28:11.469 INFO:journalctl@ceph.mon.a.trial004.stdout:Feb 17 19:28:11 trial004 ceph-mon[24500]: [17/Feb/2026:19:28:11] ENGINE Serving on https://10.20.193.4:7150
2026-02-17T19:28:11.469 INFO:journalctl@ceph.mon.a.trial004.stdout:Feb 17 19:28:11 trial004 ceph-mon[24500]: [17/Feb/2026:19:28:11] ENGINE Bus STARTED
2026-02-17T19:28:11.469 INFO:journalctl@ceph.mon.a.trial004.stdout:Feb 17 19:28:11 trial004 ceph-mon[24500]: [17/Feb/2026:19:28:11] ENGINE Client ('10.20.193.4', 38904) lost — peer dropped the TLS connection suddenly, during handshake: (6, 'TLS/SSL connection has been closed (EOF) (_ssl.c:1147)')
2026-02-17T19:28:11.469 INFO:journalctl@ceph.mon.a.trial004.stdout:Feb 17 19:28:11 trial004 ceph-mon[24500]: from='client.14162 -' entity='client.admin' cmd=[{"prefix": "dashboard create-self-signed-cert", "target": ["mon-mgr", ""]}]: dispatch
2026-02-17T19:28:11.469 INFO:journalctl@ceph.mon.a.trial004.stdout:Feb 17 19:28:11 trial004 ceph-mon[24500]: from='mgr.14150 10.20.193.4:0/3902758534' entity='mgr.x'
2026-02-17T19:28:11.469 INFO:journalctl@ceph.mon.a.trial004.stdout:Feb 17 19:28:11 trial004 ceph-mon[24500]: from='mgr.14150 10.20.193.4:0/3902758534' entity='mgr.x'
2026-02-17T19:28:11.534 INFO:teuthology.orchestra.run.trial004.stdout:/usr/bin/ceph: stdout {"username": "admin", "password": "$2b$12$7LRNePsG0lKQe4hbNKIk1eaAF1rPudXminMUho6AYasIcj6jWecGG", "roles": ["administrator"], "name": null, "email": null, "lastUpdate": 1771356491, "enabled": true, "pwdExpirationDate": null, "pwdUpdateRequired": true}
2026-02-17T19:28:11.535 INFO:teuthology.orchestra.run.trial004.stdout:/usr/bin/ceph: stderr
2026-02-17T19:28:11.272+0000 7fe883fd7640 1 Processor -- start
2026-02-17T19:28:11.535 INFO:teuthology.orchestra.run.trial004.stdout:/usr/bin/ceph: stderr
2026-02-17T19:28:11.272+0000 7fe883fd7640 1 -- start start
2026-02-17T19:28:11.535 INFO:teuthology.orchestra.run.trial004.stdout:/usr/bin/ceph: stderr
2026-02-17T19:28:11.273+0000 7fe883fd7640 1 --2- >> [v2:10.20.193.4:3300/0,v1:10.20.193.4:6789/0] conn(0x7fe87c10ba80 0x7fe87c10be80 unknown :-1 s=NONE pgs=0 cs=0 l=0 rev1=0 crypto rx=0 tx=0 comp rx=0 tx=0).connect
2026-02-17T19:28:11.535 INFO:teuthology.orchestra.run.trial004.stdout:/usr/bin/ceph: stderr
2026-02-17T19:28:11.273+0000 7fe883fd7640 1 -- --> [v2:10.20.193.4:3300/0,v1:10.20.193.4:6789/0] -- mon_getmap magic: 0 -- 0x7fe87c10a010 con 0x7fe87c10ba80
2026-02-17T19:28:11.535 INFO:teuthology.orchestra.run.trial004.stdout:/usr/bin/ceph: stderr
2026-02-17T19:28:11.273+0000 7fe881d4c640 1 --2- >> [v2:10.20.193.4:3300/0,v1:10.20.193.4:6789/0] conn(0x7fe87c10ba80 0x7fe87c10be80 unknown :-1 s=BANNER_CONNECTING pgs=0 cs=0 l=0 rev1=0 crypto rx=0 tx=0 comp rx=0 tx=0)._handle_peer_banner_payload supported=3 required=0
2026-02-17T19:28:11.535 INFO:teuthology.orchestra.run.trial004.stdout:/usr/bin/ceph: stderr
2026-02-17T19:28:11.273+0000 7fe881d4c640 1 --2- >> [v2:10.20.193.4:3300/0,v1:10.20.193.4:6789/0] conn(0x7fe87c10ba80 0x7fe87c10be80 unknown :-1 s=HELLO_CONNECTING pgs=0 cs=0 l=0 rev1=1 crypto rx=0 tx=0 comp rx=0 tx=0).handle_hello peer v2:10.20.193.4:3300/0 says I am v2:10.20.193.4:38842/0 (socket says 10.20.193.4:38842)
2026-02-17T19:28:11.535 INFO:teuthology.orchestra.run.trial004.stdout:/usr/bin/ceph: stderr
2026-02-17T19:28:11.273+0000 7fe881d4c640 1 -- 10.20.193.4:0/3359348774 learned_addr learned my addr 10.20.193.4:0/3359348774 (peer_addr_for_me v2:10.20.193.4:0/0)
2026-02-17T19:28:11.535 INFO:teuthology.orchestra.run.trial004.stdout:/usr/bin/ceph: stderr
2026-02-17T19:28:11.273+0000 7fe881d4c640 1 -- 10.20.193.4:0/3359348774 --> [v2:10.20.193.4:3300/0,v1:10.20.193.4:6789/0] -- mon_subscribe({config=0+,monmap=0+}) -- 0x7fe87c10a190 con 0x7fe87c10ba80
2026-02-17T19:28:11.535 INFO:teuthology.orchestra.run.trial004.stdout:/usr/bin/ceph: stderr
2026-02-17T19:28:11.273+0000 7fe881d4c640 1 --2- 10.20.193.4:0/3359348774 >> [v2:10.20.193.4:3300/0,v1:10.20.193.4:6789/0] conn(0x7fe87c10ba80 0x7fe87c10be80 secure :-1 s=READY pgs=70 cs=0 l=1 rev1=1 crypto rx=0x7fe86c009920 tx=0x7fe86c02ef20 comp rx=0 tx=0).ready entity=mon.0 client_cookie=259237b82ec7ed06 server_cookie=0 in_seq=0 out_seq=0
2026-02-17T19:28:11.535 INFO:teuthology.orchestra.run.trial004.stdout:/usr/bin/ceph: stderr
2026-02-17T19:28:11.273+0000 7fe880d4a640 1 -- 10.20.193.4:0/3359348774 <== mon.0 v2:10.20.193.4:3300/0 1 ==== mon_map magic: 0 ==== 205+0+0 (secure 0 0 0) 0x7fe86c03c070 con 0x7fe87c10ba80
2026-02-17T19:28:11.536 INFO:teuthology.orchestra.run.trial004.stdout:/usr/bin/ceph: stderr
2026-02-17T19:28:11.274+0000 7fe880d4a640 1 -- 10.20.193.4:0/3359348774 <== mon.0 v2:10.20.193.4:3300/0 2 ==== config(26 keys) ==== 1076+0+0 (secure 0 0 0) 0x7fe86c037440 con 0x7fe87c10ba80
2026-02-17T19:28:11.536 INFO:teuthology.orchestra.run.trial004.stdout:/usr/bin/ceph: stderr
2026-02-17T19:28:11.274+0000 7fe880d4a640 1 -- 10.20.193.4:0/3359348774 <== mon.0 v2:10.20.193.4:3300/0 3 ==== mon_map magic: 0 ==== 205+0+0 (secure 0 0 0) 0x7fe86c0354d0 con 0x7fe87c10ba80
2026-02-17T19:28:11.536 INFO:teuthology.orchestra.run.trial004.stdout:/usr/bin/ceph: stderr
2026-02-17T19:28:11.274+0000 7fe883fd7640 1 -- 10.20.193.4:0/3359348774 >> [v2:10.20.193.4:3300/0,v1:10.20.193.4:6789/0] conn(0x7fe87c10ba80 msgr2=0x7fe87c10be80 secure :-1 s=STATE_CONNECTION_ESTABLISHED l=1).mark_down
2026-02-17T19:28:11.536 INFO:teuthology.orchestra.run.trial004.stdout:/usr/bin/ceph: stderr
2026-02-17T19:28:11.274+0000 7fe883fd7640 1 --2- 10.20.193.4:0/3359348774 >> [v2:10.20.193.4:3300/0,v1:10.20.193.4:6789/0] conn(0x7fe87c10ba80 0x7fe87c10be80 secure :-1 s=READY pgs=70 cs=0 l=1 rev1=1 crypto rx=0x7fe86c009920 tx=0x7fe86c02ef20 comp rx=0 tx=0).stop
2026-02-17T19:28:11.536 INFO:teuthology.orchestra.run.trial004.stdout:/usr/bin/ceph: stderr
2026-02-17T19:28:11.274+0000 7fe883fd7640 1 -- 10.20.193.4:0/3359348774 shutdown_connections
2026-02-17T19:28:11.536 INFO:teuthology.orchestra.run.trial004.stdout:/usr/bin/ceph: stderr
2026-02-17T19:28:11.274+0000 7fe883fd7640 1 --2- 10.20.193.4:0/3359348774 >> [v2:10.20.193.4:3300/0,v1:10.20.193.4:6789/0] conn(0x7fe87c10ba80 0x7fe87c10be80 unknown :-1 s=CLOSED pgs=70 cs=0 l=1 rev1=1 crypto rx=0 tx=0 comp rx=0 tx=0).stop
2026-02-17T19:28:11.536 INFO:teuthology.orchestra.run.trial004.stdout:/usr/bin/ceph: stderr
2026-02-17T19:28:11.274+0000 7fe883fd7640 1 -- 10.20.193.4:0/3359348774 >> 10.20.193.4:0/3359348774 conn(0x7fe87c07d8c0 msgr2=0x7fe87c108670 unknown :-1 s=STATE_NONE l=0).mark_down
2026-02-17T19:28:11.536 INFO:teuthology.orchestra.run.trial004.stdout:/usr/bin/ceph: stderr
2026-02-17T19:28:11.274+0000 7fe883fd7640 1 -- 10.20.193.4:0/3359348774 shutdown_connections
2026-02-17T19:28:11.536 INFO:teuthology.orchestra.run.trial004.stdout:/usr/bin/ceph: stderr
2026-02-17T19:28:11.274+0000 7fe883fd7640 1 -- 10.20.193.4:0/3359348774 wait complete.
2026-02-17T19:28:11.536 INFO:teuthology.orchestra.run.trial004.stdout:/usr/bin/ceph: stderr
2026-02-17T19:28:11.274+0000 7fe883fd7640 1 Processor -- start
2026-02-17T19:28:11.536 INFO:teuthology.orchestra.run.trial004.stdout:/usr/bin/ceph: stderr
2026-02-17T19:28:11.274+0000 7fe883fd7640 1 -- start start
2026-02-17T19:28:11.536 INFO:teuthology.orchestra.run.trial004.stdout:/usr/bin/ceph: stderr
2026-02-17T19:28:11.274+0000 7fe883fd7640 1 --2- >> [v2:10.20.193.4:3300/0,v1:10.20.193.4:6789/0] conn(0x7fe87c10ba80 0x7fe87c1a0350 unknown :-1 s=NONE pgs=0 cs=0 l=1 rev1=0 crypto rx=0 tx=0 comp rx=0 tx=0).connect
2026-02-17T19:28:11.537 INFO:teuthology.orchestra.run.trial004.stdout:/usr/bin/ceph: stderr
2026-02-17T19:28:11.274+0000 7fe883fd7640 1 -- --> [v2:10.20.193.4:3300/0,v1:10.20.193.4:6789/0] -- mon_getmap magic: 0 -- 0x7fe87c10e950 con 0x7fe87c10ba80
2026-02-17T19:28:11.537 INFO:teuthology.orchestra.run.trial004.stdout:/usr/bin/ceph: stderr
2026-02-17T19:28:11.275+0000 7fe881d4c640 1 --2- >> [v2:10.20.193.4:3300/0,v1:10.20.193.4:6789/0] conn(0x7fe87c10ba80 0x7fe87c1a0350 unknown :-1 s=BANNER_CONNECTING pgs=0 cs=0 l=1 rev1=0 crypto rx=0 tx=0 comp rx=0 tx=0)._handle_peer_banner_payload supported=3 required=0
2026-02-17T19:28:11.537 INFO:teuthology.orchestra.run.trial004.stdout:/usr/bin/ceph: stderr
2026-02-17T19:28:11.275+0000 7fe881d4c640 1 --2- >> [v2:10.20.193.4:3300/0,v1:10.20.193.4:6789/0] conn(0x7fe87c10ba80 0x7fe87c1a0350 unknown :-1 s=HELLO_CONNECTING pgs=0 cs=0 l=1 rev1=1 crypto rx=0 tx=0 comp rx=0 tx=0).handle_hello peer v2:10.20.193.4:3300/0 says I am v2:10.20.193.4:38850/0 (socket says 10.20.193.4:38850)
2026-02-17T19:28:11.537 INFO:teuthology.orchestra.run.trial004.stdout:/usr/bin/ceph: stderr
2026-02-17T19:28:11.275+0000 7fe881d4c640 1 -- 10.20.193.4:0/1452764091 learned_addr learned my addr 10.20.193.4:0/1452764091 (peer_addr_for_me v2:10.20.193.4:0/0)
2026-02-17T19:28:11.537 INFO:teuthology.orchestra.run.trial004.stdout:/usr/bin/ceph: stderr
2026-02-17T19:28:11.275+0000 7fe881d4c640 1 -- 10.20.193.4:0/1452764091 --> [v2:10.20.193.4:3300/0,v1:10.20.193.4:6789/0] -- mon_subscribe({config=0+,monmap=0+}) -- 0x7fe87c1a0890 con 0x7fe87c10ba80
2026-02-17T19:28:11.537 INFO:teuthology.orchestra.run.trial004.stdout:/usr/bin/ceph: stderr
2026-02-17T19:28:11.275+0000 7fe881d4c640 1 --2- 10.20.193.4:0/1452764091 >> [v2:10.20.193.4:3300/0,v1:10.20.193.4:6789/0] conn(0x7fe87c10ba80 0x7fe87c1a0350 secure :-1 s=READY pgs=71 cs=0 l=1 rev1=1 crypto rx=0x7fe86c039000 tx=0x7fe86c037820 comp rx=0 tx=0).ready entity=mon.0 client_cookie=0 server_cookie=0 in_seq=0 out_seq=0
2026-02-17T19:28:11.537 INFO:teuthology.orchestra.run.trial004.stdout:/usr/bin/ceph: stderr
2026-02-17T19:28:11.275+0000 7fe86affd640 1 -- 10.20.193.4:0/1452764091 <== mon.0 v2:10.20.193.4:3300/0 1 ==== mon_map magic: 0 ==== 205+0+0 (secure 0 0 0) 0x7fe86c047070 con 0x7fe87c10ba80
2026-02-17T19:28:11.537 INFO:teuthology.orchestra.run.trial004.stdout:/usr/bin/ceph: stderr
2026-02-17T19:28:11.275+0000 7fe86affd640 1 -- 10.20.193.4:0/1452764091 <== mon.0 v2:10.20.193.4:3300/0 2 ==== config(26 keys) ==== 1076+0+0 (secure 0 0 0) 0x7fe86c035df0 con 0x7fe87c10ba80
2026-02-17T19:28:11.537 INFO:teuthology.orchestra.run.trial004.stdout:/usr/bin/ceph: stderr
2026-02-17T19:28:11.275+0000 7fe883fd7640 1 -- 10.20.193.4:0/1452764091 --> [v2:10.20.193.4:3300/0,v1:10.20.193.4:6789/0] -- mon_subscribe({mgrmap=0+}) -- 0x7fe87c1a0b20 con 0x7fe87c10ba80
2026-02-17T19:28:11.537 INFO:teuthology.orchestra.run.trial004.stdout:/usr/bin/ceph: stderr
2026-02-17T19:28:11.275+0000 7fe86affd640 1 -- 10.20.193.4:0/1452764091 <== mon.0 v2:10.20.193.4:3300/0 3 ==== mon_map magic: 0 ==== 205+0+0 (secure 0 0 0) 0x7fe86c03c070 con 0x7fe87c10ba80
2026-02-17T19:28:11.537 INFO:teuthology.orchestra.run.trial004.stdout:/usr/bin/ceph: stderr
2026-02-17T19:28:11.275+0000 7fe883fd7640 1 -- 10.20.193.4:0/1452764091 --> [v2:10.20.193.4:3300/0,v1:10.20.193.4:6789/0] -- mon_subscribe({osdmap=0}) -- 0x7fe87c1a3810 con 0x7fe87c10ba80
2026-02-17T19:28:11.537 INFO:teuthology.orchestra.run.trial004.stdout:/usr/bin/ceph: stderr
2026-02-17T19:28:11.275+0000 7fe883fd7640 1 -- 10.20.193.4:0/1452764091 --> [v2:10.20.193.4:3300/0,v1:10.20.193.4:6789/0] -- mon_command({"prefix": "get_command_descriptions"} v 0) -- 0x7fe87c10bf00 con 0x7fe87c10ba80
2026-02-17T19:28:11.538 INFO:teuthology.orchestra.run.trial004.stdout:/usr/bin/ceph: stderr
2026-02-17T19:28:11.276+0000 7fe86affd640 1 -- 10.20.193.4:0/1452764091 <== mon.0 v2:10.20.193.4:3300/0 4 ==== mgrmap(e 11) ==== 50154+0+0 (secure 0 0 0) 0x7fe86c042640 con 0x7fe87c10ba80
2026-02-17T19:28:11.538 INFO:teuthology.orchestra.run.trial004.stdout:/usr/bin/ceph: stderr
2026-02-17T19:28:11.276+0000 7fe86affd640 1 --2- 10.20.193.4:0/1452764091 >> [v2:10.20.193.4:6800/482983423,v1:10.20.193.4:6801/482983423] conn(0x7fe85803db20 0x7fe85803ffe0 unknown :-1 s=NONE pgs=0 cs=0 l=1 rev1=0 crypto rx=0 tx=0 comp rx=0 tx=0).connect
2026-02-17T19:28:11.538 INFO:teuthology.orchestra.run.trial004.stdout:/usr/bin/ceph: stderr
2026-02-17T19:28:11.276+0000 7fe86affd640 1 -- 10.20.193.4:0/1452764091 <== mon.0 v2:10.20.193.4:3300/0 5 ==== osd_map(3..3 src has 1..3) ==== 1155+0+0 (secure 0 0 0) 0x7fe86c076b20 con 0x7fe87c10ba80
2026-02-17T19:28:11.538 INFO:teuthology.orchestra.run.trial004.stdout:/usr/bin/ceph: stderr
2026-02-17T19:28:11.276+0000 7fe88154b640 1 --2- 10.20.193.4:0/1452764091 >> [v2:10.20.193.4:6800/482983423,v1:10.20.193.4:6801/482983423] conn(0x7fe85803db20 0x7fe85803ffe0 unknown :-1 s=BANNER_CONNECTING pgs=0 cs=0 l=1 rev1=0 crypto rx=0 tx=0 comp rx=0 tx=0)._handle_peer_banner_payload supported=3 required=0
2026-02-17T19:28:11.538 INFO:teuthology.orchestra.run.trial004.stdout:/usr/bin/ceph: stderr
2026-02-17T19:28:11.276+0000 7fe88154b640 1 --2- 10.20.193.4:0/1452764091 >> [v2:10.20.193.4:6800/482983423,v1:10.20.193.4:6801/482983423] conn(0x7fe85803db20 0x7fe85803ffe0 secure :-1 s=READY pgs=8 cs=0 l=1 rev1=1 crypto rx=0x7fe8700099c0 tx=0x7fe870006eb0 comp rx=0 tx=0).ready entity=mgr.14150 client_cookie=0 server_cookie=0 in_seq=0 out_seq=0
2026-02-17T19:28:11.538 INFO:teuthology.orchestra.run.trial004.stdout:/usr/bin/ceph: stderr
2026-02-17T19:28:11.278+0000 7fe86affd640 1 -- 10.20.193.4:0/1452764091 <== mon.0 v2:10.20.193.4:3300/0 6 ==== mon_command_ack([{"prefix": "get_command_descriptions"}]=0 v0) ==== 72+0+195034 (secure 0 0 0) 0x7fe86c0342a0 con 0x7fe87c10ba80
2026-02-17T19:28:11.538 INFO:teuthology.orchestra.run.trial004.stdout:/usr/bin/ceph: stderr
2026-02-17T19:28:11.367+0000 7fe883fd7640 1 -- 10.20.193.4:0/1452764091 --> [v2:10.20.193.4:6800/482983423,v1:10.20.193.4:6801/482983423] -- mgr_command(tid 0: {"prefix": "dashboard ac-user-create", "username": "admin", "rolename": "administrator", "force_password": true, "pwd_update_required": true, "target": ["mon-mgr", ""]}) -- 0x7fe87c108540 con 0x7fe85803db20
2026-02-17T19:28:11.538 INFO:teuthology.orchestra.run.trial004.stdout:/usr/bin/ceph: stderr
2026-02-17T19:28:11.508+0000 7fe86affd640 1 -- 10.20.193.4:0/1452764091 <== mgr.14150 v2:10.20.193.4:6800/482983423 1 ==== mgr_command_reply(tid 0: 0 ) ==== 8+0+252 (secure 0 0 0) 0x7fe87c108540 con 0x7fe85803db20
2026-02-17T19:28:11.538 INFO:teuthology.orchestra.run.trial004.stdout:/usr/bin/ceph: stderr
2026-02-17T19:28:11.509+0000 7fe883fd7640 1 -- 10.20.193.4:0/1452764091 >> [v2:10.20.193.4:6800/482983423,v1:10.20.193.4:6801/482983423] conn(0x7fe85803db20 msgr2=0x7fe85803ffe0 secure :-1 s=STATE_CONNECTION_ESTABLISHED l=1).mark_down
2026-02-17T19:28:11.538 INFO:teuthology.orchestra.run.trial004.stdout:/usr/bin/ceph: stderr
2026-02-17T19:28:11.509+0000 7fe883fd7640 1 --2- 10.20.193.4:0/1452764091 >> [v2:10.20.193.4:6800/482983423,v1:10.20.193.4:6801/482983423] conn(0x7fe85803db20 0x7fe85803ffe0 secure :-1 s=READY pgs=8 cs=0 l=1 rev1=1 crypto rx=0x7fe8700099c0 tx=0x7fe870006eb0 comp rx=0 tx=0).stop
2026-02-17T19:28:11.538 INFO:teuthology.orchestra.run.trial004.stdout:/usr/bin/ceph: stderr
2026-02-17T19:28:11.509+0000 7fe883fd7640 1 -- 10.20.193.4:0/1452764091 >> [v2:10.20.193.4:3300/0,v1:10.20.193.4:6789/0] conn(0x7fe87c10ba80 msgr2=0x7fe87c1a0350 secure :-1 s=STATE_CONNECTION_ESTABLISHED l=1).mark_down
2026-02-17T19:28:11.539 INFO:teuthology.orchestra.run.trial004.stdout:/usr/bin/ceph: stderr
2026-02-17T19:28:11.509+0000 7fe883fd7640 1 --2- 10.20.193.4:0/1452764091 >> [v2:10.20.193.4:3300/0,v1:10.20.193.4:6789/0] conn(0x7fe87c10ba80 0x7fe87c1a0350 secure :-1 s=READY pgs=71 cs=0 l=1 rev1=1 crypto rx=0x7fe86c039000 tx=0x7fe86c037820 comp rx=0 tx=0).stop
2026-02-17T19:28:11.539 INFO:teuthology.orchestra.run.trial004.stdout:/usr/bin/ceph: stderr
2026-02-17T19:28:11.509+0000 7fe883fd7640 1 -- 10.20.193.4:0/1452764091 shutdown_connections
2026-02-17T19:28:11.539 INFO:teuthology.orchestra.run.trial004.stdout:/usr/bin/ceph: stderr
2026-02-17T19:28:11.509+0000 7fe883fd7640 1 --2- 10.20.193.4:0/1452764091 >> [v2:10.20.193.4:6800/482983423,v1:10.20.193.4:6801/482983423] conn(0x7fe85803db20 0x7fe85803ffe0 unknown :-1 s=CLOSED pgs=8 cs=0 l=1 rev1=1 crypto rx=0 tx=0 comp rx=0 tx=0).stop
2026-02-17T19:28:11.539 INFO:teuthology.orchestra.run.trial004.stdout:/usr/bin/ceph: stderr
2026-02-17T19:28:11.509+0000 7fe883fd7640 1 --2- 10.20.193.4:0/1452764091 >> [v2:10.20.193.4:3300/0,v1:10.20.193.4:6789/0] conn(0x7fe87c10ba80 0x7fe87c1a0350 unknown :-1 s=CLOSED pgs=71 cs=0 l=1 rev1=1 crypto rx=0 tx=0 comp rx=0 tx=0).stop
2026-02-17T19:28:11.539 INFO:teuthology.orchestra.run.trial004.stdout:/usr/bin/ceph: stderr
2026-02-17T19:28:11.509+0000 7fe883fd7640 1 -- 10.20.193.4:0/1452764091 >> 10.20.193.4:0/1452764091 conn(0x7fe87c07d8c0 msgr2=0x7fe87c107e30 unknown :-1 s=STATE_NONE l=0).mark_down
2026-02-17T19:28:11.539 INFO:teuthology.orchestra.run.trial004.stdout:/usr/bin/ceph: stderr
2026-02-17T19:28:11.509+0000 7fe883fd7640 1 -- 10.20.193.4:0/1452764091 shutdown_connections
2026-02-17T19:28:11.539 INFO:teuthology.orchestra.run.trial004.stdout:/usr/bin/ceph: stderr
2026-02-17T19:28:11.509+0000 7fe883fd7640 1 -- 10.20.193.4:0/1452764091 wait complete.
2026-02-17T19:28:11.539 INFO:teuthology.orchestra.run.trial004.stdout:Fetching dashboard port number...
2026-02-17T19:28:11.740 INFO:teuthology.orchestra.run.trial004.stdout:/usr/bin/ceph: stdout 8443
2026-02-17T19:28:11.740 INFO:teuthology.orchestra.run.trial004.stdout:/usr/bin/ceph: stderr
2026-02-17T19:28:11.625+0000 7f1c7d9d1640 1 Processor -- start
2026-02-17T19:28:11.740 INFO:teuthology.orchestra.run.trial004.stdout:/usr/bin/ceph: stderr
2026-02-17T19:28:11.625+0000 7f1c7d9d1640 1 -- start start
2026-02-17T19:28:11.740 INFO:teuthology.orchestra.run.trial004.stdout:/usr/bin/ceph: stderr
2026-02-17T19:28:11.625+0000 7f1c7d9d1640 1 --2- >> [v2:10.20.193.4:3300/0,v1:10.20.193.4:6789/0] conn(0x7f1c7810a3b0 0x7f1c7810a7b0 unknown :-1 s=NONE pgs=0 cs=0 l=0 rev1=0 crypto rx=0 tx=0 comp rx=0 tx=0).connect
2026-02-17T19:28:11.740 INFO:teuthology.orchestra.run.trial004.stdout:/usr/bin/ceph: stderr
2026-02-17T19:28:11.625+0000 7f1c7d9d1640 1 -- --> [v2:10.20.193.4:3300/0,v1:10.20.193.4:6789/0] -- mon_getmap magic: 0 -- 0x7f1c7810ad80 con 0x7f1c7810a3b0
2026-02-17T19:28:11.740 INFO:teuthology.orchestra.run.trial004.stdout:/usr/bin/ceph: stderr
2026-02-17T19:28:11.625+0000 7f1c76ffd640 1 --2- >> [v2:10.20.193.4:3300/0,v1:10.20.193.4:6789/0] conn(0x7f1c7810a3b0 0x7f1c7810a7b0 unknown :-1 s=BANNER_CONNECTING pgs=0 cs=0 l=0 rev1=0 crypto rx=0 tx=0 comp rx=0 tx=0)._handle_peer_banner_payload supported=3 required=0
2026-02-17T19:28:11.740 INFO:teuthology.orchestra.run.trial004.stdout:/usr/bin/ceph: stderr
2026-02-17T19:28:11.625+0000 7f1c76ffd640 1 --2- >> [v2:10.20.193.4:3300/0,v1:10.20.193.4:6789/0] conn(0x7f1c7810a3b0 0x7f1c7810a7b0 unknown :-1 s=HELLO_CONNECTING pgs=0 cs=0 l=0 rev1=1 crypto rx=0 tx=0 comp rx=0 tx=0).handle_hello peer v2:10.20.193.4:3300/0 says I am v2:10.20.193.4:38858/0 (socket says 10.20.193.4:38858)
2026-02-17T19:28:11.741 INFO:teuthology.orchestra.run.trial004.stdout:/usr/bin/ceph: stderr
2026-02-17T19:28:11.625+0000 7f1c76ffd640 1 -- 10.20.193.4:0/1767996321 learned_addr learned my addr 10.20.193.4:0/1767996321 (peer_addr_for_me v2:10.20.193.4:0/0)
2026-02-17T19:28:11.741 INFO:teuthology.orchestra.run.trial004.stdout:/usr/bin/ceph: stderr
2026-02-17T19:28:11.626+0000 7f1c76ffd640 1 -- 10.20.193.4:0/1767996321 --> [v2:10.20.193.4:3300/0,v1:10.20.193.4:6789/0] -- mon_subscribe({config=0+,monmap=0+}) -- 0x7f1c7810b5b0 con 0x7f1c7810a3b0
2026-02-17T19:28:11.741 INFO:teuthology.orchestra.run.trial004.stdout:/usr/bin/ceph: stderr
2026-02-17T19:28:11.626+0000 7f1c76ffd640 1 --2- 10.20.193.4:0/1767996321 >> [v2:10.20.193.4:3300/0,v1:10.20.193.4:6789/0] conn(0x7f1c7810a3b0 0x7f1c7810a7b0 secure :-1 s=READY pgs=72 cs=0 l=1 rev1=1 crypto rx=0x7f1c6c009920 tx=0x7f1c6c02ef20 comp rx=0 tx=0).ready entity=mon.0 client_cookie=4fa7c4c6e0320ed4 server_cookie=0 in_seq=0 out_seq=0
2026-02-17T19:28:11.741 INFO:teuthology.orchestra.run.trial004.stdout:/usr/bin/ceph: stderr
2026-02-17T19:28:11.626+0000 7f1c75ffb640 1 -- 10.20.193.4:0/1767996321 <== mon.0 v2:10.20.193.4:3300/0 1 ==== mon_map magic: 0 ==== 205+0+0 (secure 0 0 0) 0x7f1c6c03c070 con 0x7f1c7810a3b0
2026-02-17T19:28:11.741 INFO:teuthology.orchestra.run.trial004.stdout:/usr/bin/ceph: stderr
2026-02-17T19:28:11.626+0000 7f1c75ffb640 1 -- 10.20.193.4:0/1767996321 <== mon.0 v2:10.20.193.4:3300/0 2 ==== config(26 keys) ==== 1076+0+0 (secure 0 0 0) 0x7f1c6c037440 con 0x7f1c7810a3b0
2026-02-17T19:28:11.741 INFO:teuthology.orchestra.run.trial004.stdout:/usr/bin/ceph: stderr
2026-02-17T19:28:11.626+0000 7f1c75ffb640 1 -- 10.20.193.4:0/1767996321 <== mon.0 v2:10.20.193.4:3300/0 3 ==== mon_map magic: 0 ==== 205+0+0 (secure 0 0 0) 0x7f1c6c0354d0 con 0x7f1c7810a3b0
2026-02-17T19:28:11.741 INFO:teuthology.orchestra.run.trial004.stdout:/usr/bin/ceph: stderr
2026-02-17T19:28:11.626+0000 7f1c7d9d1640 1 -- 10.20.193.4:0/1767996321 >> [v2:10.20.193.4:3300/0,v1:10.20.193.4:6789/0] conn(0x7f1c7810a3b0 msgr2=0x7f1c7810a7b0 secure :-1 s=STATE_CONNECTION_ESTABLISHED l=1).mark_down
2026-02-17T19:28:11.741 INFO:teuthology.orchestra.run.trial004.stdout:/usr/bin/ceph: stderr
2026-02-17T19:28:11.626+0000 7f1c7d9d1640 1 --2- 10.20.193.4:0/1767996321 >> [v2:10.20.193.4:3300/0,v1:10.20.193.4:6789/0] conn(0x7f1c7810a3b0 0x7f1c7810a7b0 secure :-1 s=READY pgs=72 cs=0 l=1 rev1=1 crypto rx=0x7f1c6c009920 tx=0x7f1c6c02ef20 comp rx=0 tx=0).stop
2026-02-17T19:28:11.741 INFO:teuthology.orchestra.run.trial004.stdout:/usr/bin/ceph: stderr
2026-02-17T19:28:11.626+0000 7f1c7d9d1640 1 -- 10.20.193.4:0/1767996321 shutdown_connections
2026-02-17T19:28:11.742 INFO:teuthology.orchestra.run.trial004.stdout:/usr/bin/ceph: stderr
2026-02-17T19:28:11.626+0000 7f1c7d9d1640 1 --2- 10.20.193.4:0/1767996321 >> [v2:10.20.193.4:3300/0,v1:10.20.193.4:6789/0] conn(0x7f1c7810a3b0 0x7f1c7810a7b0 unknown :-1 s=CLOSED pgs=72 cs=0 l=1 rev1=1 crypto rx=0 tx=0 comp rx=0 tx=0).stop
2026-02-17T19:28:11.742 INFO:teuthology.orchestra.run.trial004.stdout:/usr/bin/ceph: stderr
2026-02-17T19:28:11.626+0000 7f1c7d9d1640 1 -- 10.20.193.4:0/1767996321 >> 10.20.193.4:0/1767996321 conn(0x7f1c7807d930 msgr2=0x7f1c78108670 unknown :-1 s=STATE_NONE l=0).mark_down
2026-02-17T19:28:11.742 INFO:teuthology.orchestra.run.trial004.stdout:/usr/bin/ceph: stderr
2026-02-17T19:28:11.626+0000 7f1c7d9d1640 1 -- 10.20.193.4:0/1767996321 shutdown_connections
2026-02-17T19:28:11.742 INFO:teuthology.orchestra.run.trial004.stdout:/usr/bin/ceph: stderr
2026-02-17T19:28:11.626+0000 7f1c7d9d1640 1 -- 10.20.193.4:0/1767996321 wait complete.
2026-02-17T19:28:11.742 INFO:teuthology.orchestra.run.trial004.stdout:/usr/bin/ceph: stderr
2026-02-17T19:28:11.627+0000 7f1c7d9d1640 1 Processor -- start
2026-02-17T19:28:11.742 INFO:teuthology.orchestra.run.trial004.stdout:/usr/bin/ceph: stderr
2026-02-17T19:28:11.627+0000 7f1c7d9d1640 1 -- start start
2026-02-17T19:28:11.742 INFO:teuthology.orchestra.run.trial004.stdout:/usr/bin/ceph: stderr
2026-02-17T19:28:11.627+0000 7f1c7d9d1640 1 --2- >> [v2:10.20.193.4:3300/0,v1:10.20.193.4:6789/0] conn(0x7f1c7810a3b0 0x7f1c781a0260 unknown :-1 s=NONE pgs=0 cs=0 l=1 rev1=0 crypto rx=0 tx=0 comp rx=0 tx=0).connect
2026-02-17T19:28:11.742 INFO:teuthology.orchestra.run.trial004.stdout:/usr/bin/ceph: stderr
2026-02-17T19:28:11.627+0000 7f1c7d9d1640 1 -- --> [v2:10.20.193.4:3300/0,v1:10.20.193.4:6789/0] -- mon_getmap magic: 0 -- 0x7f1c7810e960 con 0x7f1c7810a3b0
2026-02-17T19:28:11.742 INFO:teuthology.orchestra.run.trial004.stdout:/usr/bin/ceph: stderr
2026-02-17T19:28:11.627+0000 7f1c76ffd640 1 --2- >> [v2:10.20.193.4:3300/0,v1:10.20.193.4:6789/0] conn(0x7f1c7810a3b0 0x7f1c781a0260 unknown :-1 s=BANNER_CONNECTING pgs=0 cs=0 l=1 rev1=0 crypto rx=0 tx=0 comp rx=0 tx=0)._handle_peer_banner_payload supported=3 required=0
2026-02-17T19:28:11.743 INFO:teuthology.orchestra.run.trial004.stdout:/usr/bin/ceph: stderr
2026-02-17T19:28:11.627+0000 7f1c76ffd640 1 --2- >> [v2:10.20.193.4:3300/0,v1:10.20.193.4:6789/0] conn(0x7f1c7810a3b0 0x7f1c781a0260 unknown :-1 s=HELLO_CONNECTING pgs=0 cs=0 l=1 rev1=1 crypto rx=0 tx=0 comp rx=0 tx=0).handle_hello peer v2:10.20.193.4:3300/0 says I am v2:10.20.193.4:38870/0 (socket says 10.20.193.4:38870)
2026-02-17T19:28:11.743 INFO:teuthology.orchestra.run.trial004.stdout:/usr/bin/ceph: stderr
2026-02-17T19:28:11.627+0000 7f1c76ffd640 1 -- 10.20.193.4:0/933636902 learned_addr learned my addr 10.20.193.4:0/933636902 (peer_addr_for_me v2:10.20.193.4:0/0)
2026-02-17T19:28:11.743 INFO:teuthology.orchestra.run.trial004.stdout:/usr/bin/ceph: stderr
2026-02-17T19:28:11.627+0000 7f1c76ffd640 1 -- 10.20.193.4:0/933636902 --> [v2:10.20.193.4:3300/0,v1:10.20.193.4:6789/0] -- mon_subscribe({config=0+,monmap=0+}) -- 0x7f1c781a07a0 con 0x7f1c7810a3b0
2026-02-17T19:28:11.743 INFO:teuthology.orchestra.run.trial004.stdout:/usr/bin/ceph: stderr
2026-02-17T19:28:11.627+0000 7f1c76ffd640 1 --2- 10.20.193.4:0/933636902 >> [v2:10.20.193.4:3300/0,v1:10.20.193.4:6789/0] conn(0x7f1c7810a3b0 0x7f1c781a0260 secure :-1 s=READY pgs=73 cs=0 l=1 rev1=1 crypto rx=0x7f1c6c039000 tx=0x7f1c6c037890 comp rx=0 tx=0).ready entity=mon.0 client_cookie=0 server_cookie=0 in_seq=0 out_seq=0
2026-02-17T19:28:11.743 INFO:teuthology.orchestra.run.trial004.stdout:/usr/bin/ceph: stderr
2026-02-17T19:28:11.627+0000 7f1c7c9cf640 1 -- 10.20.193.4:0/933636902 <== mon.0 v2:10.20.193.4:3300/0 1 ==== mon_map magic: 0 ==== 205+0+0 (secure 0 0 0) 0x7f1c6c047070 con 0x7f1c7810a3b0
2026-02-17T19:28:11.743 INFO:teuthology.orchestra.run.trial004.stdout:/usr/bin/ceph: stderr
2026-02-17T19:28:11.627+0000 7f1c7c9cf640 1 -- 10.20.193.4:0/933636902 <== mon.0 v2:10.20.193.4:3300/0 2 ==== config(26 keys) ==== 1076+0+0 (secure 0 0 0) 0x7f1c6c042440 con 0x7f1c7810a3b0
2026-02-17T19:28:11.743 INFO:teuthology.orchestra.run.trial004.stdout:/usr/bin/ceph: stderr
2026-02-17T19:28:11.627+0000 7f1c7d9d1640 1 -- 10.20.193.4:0/933636902 --> [v2:10.20.193.4:3300/0,v1:10.20.193.4:6789/0] -- mon_subscribe({mgrmap=0+}) -- 0x7f1c781a0a30 con 0x7f1c7810a3b0
2026-02-17T19:28:11.743 INFO:teuthology.orchestra.run.trial004.stdout:/usr/bin/ceph: stderr
2026-02-17T19:28:11.627+0000 7f1c7c9cf640 1 -- 10.20.193.4:0/933636902 <== mon.0 v2:10.20.193.4:3300/0 3 ==== mon_map magic: 0 ==== 205+0+0 (secure 0 0 0) 0x7f1c6c03c070 con 0x7f1c7810a3b0
2026-02-17T19:28:11.743 INFO:teuthology.orchestra.run.trial004.stdout:/usr/bin/ceph: stderr
2026-02-17T19:28:11.627+0000 7f1c7d9d1640 1 -- 10.20.193.4:0/933636902 --> [v2:10.20.193.4:3300/0,v1:10.20.193.4:6789/0] -- mon_subscribe({osdmap=0}) -- 0x7f1c781a3720 con 0x7f1c7810a3b0
2026-02-17T19:28:11.743 INFO:teuthology.orchestra.run.trial004.stdout:/usr/bin/ceph: stderr
