2026-02-17T19:32:39.926+0000 7fe9a2309640 1 --2- 10.20.193.75:0/4068532595 >> [v2:10.20.193.75:3300/0,v1:10.20.193.75:6789/0] conn(0x7fe99c10a180 0x7fe99c1a4570 unknown :-1 s=CLOSED pgs=50 cs=0 l=1 rev1=1 crypto rx=0 tx=0 comp rx=0 tx=0).stop
2026-02-17T19:32:40.014 INFO:teuthology.orchestra.run.trial075.stdout:/usr/bin/ceph: stderr
2026-02-17T19:32:39.926+0000 7fe9a2309640 1 -- 10.20.193.75:0/4068532595 >> 10.20.193.75:0/4068532595 conn(0x7fe99c07d680 msgr2=0x7fe99c107660 unknown :-1 s=STATE_NONE l=0).mark_down
2026-02-17T19:32:40.014 INFO:teuthology.orchestra.run.trial075.stdout:/usr/bin/ceph: stderr
2026-02-17T19:32:39.926+0000 7fe9a2309640 1 -- 10.20.193.75:0/4068532595 shutdown_connections
2026-02-17T19:32:40.014 INFO:teuthology.orchestra.run.trial075.stdout:/usr/bin/ceph: stderr
2026-02-17T19:32:39.926+0000 7fe9a2309640 1 -- 10.20.193.75:0/4068532595 wait complete.
2026-02-17T19:32:40.368 INFO:teuthology.orchestra.run.trial075.stdout:/usr/bin/ceph: stderr
2026-02-17T19:32:40.175+0000 7fa81ffff640 1 Processor -- start
2026-02-17T19:32:40.369 INFO:teuthology.orchestra.run.trial075.stdout:/usr/bin/ceph: stderr
2026-02-17T19:32:40.175+0000 7fa81ffff640 1 -- start start
2026-02-17T19:32:40.369 INFO:teuthology.orchestra.run.trial075.stdout:/usr/bin/ceph: stderr
2026-02-17T19:32:40.175+0000 7fa81ffff640 1 --2- >> [v2:10.20.193.75:3300/0,v1:10.20.193.75:6789/0] conn(0x7fa82010f070 0x7fa820111460 unknown :-1 s=NONE pgs=0 cs=0 l=0 rev1=0 crypto rx=0 tx=0 comp rx=0 tx=0).connect
2026-02-17T19:32:40.369 INFO:teuthology.orchestra.run.trial075.stdout:/usr/bin/ceph: stderr
2026-02-17T19:32:40.175+0000 7fa81ffff640 1 -- --> [v2:10.20.193.75:3300/0,v1:10.20.193.75:6789/0] -- mon_getmap magic: 0 -- 0x7fa8200826c0 con 0x7fa82010f070
2026-02-17T19:32:40.369 INFO:teuthology.orchestra.run.trial075.stdout:/usr/bin/ceph: stderr
2026-02-17T19:32:40.175+0000 7fa81effd640 1 --2- >> [v2:10.20.193.75:3300/0,v1:10.20.193.75:6789/0] conn(0x7fa82010f070 0x7fa820111460 unknown :-1 s=BANNER_CONNECTING pgs=0 cs=0 l=0 rev1=0 crypto rx=0 tx=0 comp rx=0 tx=0)._handle_peer_banner_payload supported=3 required=0
2026-02-17T19:32:40.369 INFO:teuthology.orchestra.run.trial075.stdout:/usr/bin/ceph: stderr
2026-02-17T19:32:40.175+0000 7fa81effd640 1 --2- >> [v2:10.20.193.75:3300/0,v1:10.20.193.75:6789/0] conn(0x7fa82010f070 0x7fa820111460 unknown :-1 s=HELLO_CONNECTING pgs=0 cs=0 l=0 rev1=1 crypto rx=0 tx=0 comp rx=0 tx=0).handle_hello peer v2:10.20.193.75:3300/0 says I am v2:10.20.193.75:38854/0 (socket says 10.20.193.75:38854)
2026-02-17T19:32:40.369 INFO:teuthology.orchestra.run.trial075.stdout:/usr/bin/ceph: stderr
2026-02-17T19:32:40.175+0000 7fa81effd640 1 -- 10.20.193.75:0/1992105680 learned_addr learned my addr 10.20.193.75:0/1992105680 (peer_addr_for_me v2:10.20.193.75:0/0)
2026-02-17T19:32:40.370 INFO:teuthology.orchestra.run.trial075.stdout:/usr/bin/ceph: stderr
2026-02-17T19:32:40.175+0000 7fa81effd640 1 -- 10.20.193.75:0/1992105680 --> [v2:10.20.193.75:3300/0,v1:10.20.193.75:6789/0] -- mon_subscribe({config=0+,monmap=0+}) -- 0x7fa8201119a0 con 0x7fa82010f070
2026-02-17T19:32:40.370 INFO:teuthology.orchestra.run.trial075.stdout:/usr/bin/ceph: stderr
2026-02-17T19:32:40.176+0000 7fa81effd640 1 --2- 10.20.193.75:0/1992105680 >> [v2:10.20.193.75:3300/0,v1:10.20.193.75:6789/0] conn(0x7fa82010f070 0x7fa820111460 secure :-1 s=READY pgs=51 cs=0 l=1 rev1=1 crypto rx=0x7fa814009920 tx=0x7fa81402ef20 comp rx=0 tx=0).ready entity=mon.0 client_cookie=f5ed53dc8887e1a2 server_cookie=0 in_seq=0 out_seq=0
2026-02-17T19:32:40.370 INFO:teuthology.orchestra.run.trial075.stdout:/usr/bin/ceph: stderr
2026-02-17T19:32:40.176+0000 7fa81dffb640 1 -- 10.20.193.75:0/1992105680 <== mon.0 v2:10.20.193.75:3300/0 1 ==== mon_map magic: 0 ==== 205+0+0 (secure 0 0 0) 0x7fa81403c070 con 0x7fa82010f070
2026-02-17T19:32:40.370 INFO:teuthology.orchestra.run.trial075.stdout:/usr/bin/ceph: stderr
2026-02-17T19:32:40.176+0000 7fa81dffb640 1 -- 10.20.193.75:0/1992105680 <== mon.0 v2:10.20.193.75:3300/0 2 ==== config(26 keys) ==== 1076+0+0 (secure 0 0 0) 0x7fa814037440 con 0x7fa82010f070
2026-02-17T19:32:40.370 INFO:teuthology.orchestra.run.trial075.stdout:/usr/bin/ceph: stderr
2026-02-17T19:32:40.176+0000 7fa81dffb640 1 -- 10.20.193.75:0/1992105680 <== mon.0 v2:10.20.193.75:3300/0 3 ==== mon_map magic: 0 ==== 205+0+0 (secure 0 0 0) 0x7fa8140354d0 con 0x7fa82010f070
2026-02-17T19:32:40.370 INFO:teuthology.orchestra.run.trial075.stdout:/usr/bin/ceph: stderr
2026-02-17T19:32:40.177+0000 7fa81ffff640 1 -- 10.20.193.75:0/1992105680 >> [v2:10.20.193.75:3300/0,v1:10.20.193.75:6789/0] conn(0x7fa82010f070 msgr2=0x7fa820111460 secure :-1 s=STATE_CONNECTION_ESTABLISHED l=1).mark_down
2026-02-17T19:32:40.370 INFO:teuthology.orchestra.run.trial075.stdout:/usr/bin/ceph: stderr
2026-02-17T19:32:40.177+0000 7fa81ffff640 1 --2- 10.20.193.75:0/1992105680 >> [v2:10.20.193.75:3300/0,v1:10.20.193.75:6789/0] conn(0x7fa82010f070 0x7fa820111460 secure :-1 s=READY pgs=51 cs=0 l=1 rev1=1 crypto rx=0x7fa814009920 tx=0x7fa81402ef20 comp rx=0 tx=0).stop
2026-02-17T19:32:40.371 INFO:teuthology.orchestra.run.trial075.stdout:/usr/bin/ceph: stderr
2026-02-17T19:32:40.177+0000 7fa81ffff640 1 -- 10.20.193.75:0/1992105680 shutdown_connections
2026-02-17T19:32:40.371 INFO:teuthology.orchestra.run.trial075.stdout:/usr/bin/ceph: stderr
2026-02-17T19:32:40.177+0000 7fa81ffff640 1 --2- 10.20.193.75:0/1992105680 >> [v2:10.20.193.75:3300/0,v1:10.20.193.75:6789/0] conn(0x7fa82010f070 0x7fa820111460 unknown :-1 s=CLOSED pgs=51 cs=0 l=1 rev1=1 crypto rx=0 tx=0 comp rx=0 tx=0).stop
2026-02-17T19:32:40.371 INFO:teuthology.orchestra.run.trial075.stdout:/usr/bin/ceph: stderr
2026-02-17T19:32:40.177+0000 7fa81ffff640 1 -- 10.20.193.75:0/1992105680 >> 10.20.193.75:0/1992105680 conn(0x7fa82007d860 msgr2=0x7fa82007fc80 unknown :-1 s=STATE_NONE l=0).mark_down
2026-02-17T19:32:40.371 INFO:teuthology.orchestra.run.trial075.stdout:/usr/bin/ceph: stderr
2026-02-17T19:32:40.177+0000 7fa81ffff640 1 -- 10.20.193.75:0/1992105680 shutdown_connections
2026-02-17T19:32:40.371 INFO:teuthology.orchestra.run.trial075.stdout:/usr/bin/ceph: stderr
2026-02-17T19:32:40.177+0000 7fa81ffff640 1 -- 10.20.193.75:0/1992105680 wait complete.
2026-02-17T19:32:40.371 INFO:teuthology.orchestra.run.trial075.stdout:/usr/bin/ceph: stderr
2026-02-17T19:32:40.178+0000 7fa81ffff640 1 Processor -- start
2026-02-17T19:32:40.371 INFO:teuthology.orchestra.run.trial075.stdout:/usr/bin/ceph: stderr
2026-02-17T19:32:40.178+0000 7fa81ffff640 1 -- start start
2026-02-17T19:32:40.371 INFO:teuthology.orchestra.run.trial075.stdout:/usr/bin/ceph: stderr
2026-02-17T19:32:40.178+0000 7fa81ffff640 1 --2- >> [v2:10.20.193.75:3300/0,v1:10.20.193.75:6789/0] conn(0x7fa82010f070 0x7fa8201a44a0 unknown :-1 s=NONE pgs=0 cs=0 l=1 rev1=0 crypto rx=0 tx=0 comp rx=0 tx=0).connect
2026-02-17T19:32:40.372 INFO:teuthology.orchestra.run.trial075.stdout:/usr/bin/ceph: stderr
2026-02-17T19:32:40.178+0000 7fa81ffff640 1 -- --> [v2:10.20.193.75:3300/0,v1:10.20.193.75:6789/0] -- mon_getmap magic: 0 -- 0x7fa820112970 con 0x7fa82010f070
2026-02-17T19:32:40.372 INFO:teuthology.orchestra.run.trial075.stdout:/usr/bin/ceph: stderr
2026-02-17T19:32:40.178+0000 7fa81effd640 1 --2- >> [v2:10.20.193.75:3300/0,v1:10.20.193.75:6789/0] conn(0x7fa82010f070 0x7fa8201a44a0 unknown :-1 s=BANNER_CONNECTING pgs=0 cs=0 l=1 rev1=0 crypto rx=0 tx=0 comp rx=0 tx=0)._handle_peer_banner_payload supported=3 required=0
2026-02-17T19:32:40.372 INFO:teuthology.orchestra.run.trial075.stdout:/usr/bin/ceph: stderr
2026-02-17T19:32:40.178+0000 7fa81effd640 1 --2- >> [v2:10.20.193.75:3300/0,v1:10.20.193.75:6789/0] conn(0x7fa82010f070 0x7fa8201a44a0 unknown :-1 s=HELLO_CONNECTING pgs=0 cs=0 l=1 rev1=1 crypto rx=0 tx=0 comp rx=0 tx=0).handle_hello peer v2:10.20.193.75:3300/0 says I am v2:10.20.193.75:38856/0 (socket says 10.20.193.75:38856)
2026-02-17T19:32:40.372 INFO:teuthology.orchestra.run.trial075.stdout:/usr/bin/ceph: stderr
2026-02-17T19:32:40.178+0000 7fa81effd640 1 -- 10.20.193.75:0/3952909056 learned_addr learned my addr 10.20.193.75:0/3952909056 (peer_addr_for_me v2:10.20.193.75:0/0)
2026-02-17T19:32:40.372 INFO:teuthology.orchestra.run.trial075.stdout:/usr/bin/ceph: stderr
2026-02-17T19:32:40.179+0000 7fa81effd640 1 -- 10.20.193.75:0/3952909056 --> [v2:10.20.193.75:3300/0,v1:10.20.193.75:6789/0] -- mon_subscribe({config=0+,monmap=0+}) -- 0x7fa8201a49e0 con 0x7fa82010f070
2026-02-17T19:32:40.372 INFO:teuthology.orchestra.run.trial075.stdout:/usr/bin/ceph: stderr
2026-02-17T19:32:40.179+0000 7fa81effd640 1 --2- 10.20.193.75:0/3952909056 >> [v2:10.20.193.75:3300/0,v1:10.20.193.75:6789/0] conn(0x7fa82010f070 0x7fa8201a44a0 secure :-1 s=READY pgs=52 cs=0 l=1 rev1=1 crypto rx=0x7fa814002410 tx=0x7fa814037820 comp rx=0 tx=0).ready entity=mon.0 client_cookie=0 server_cookie=0 in_seq=0 out_seq=0
2026-02-17T19:32:40.372 INFO:teuthology.orchestra.run.trial075.stdout:/usr/bin/ceph: stderr
2026-02-17T19:32:40.179+0000 7fa7fffff640 1 -- 10.20.193.75:0/3952909056 <== mon.0 v2:10.20.193.75:3300/0 1 ==== mon_map magic: 0 ==== 205+0+0 (secure 0 0 0) 0x7fa814047070 con 0x7fa82010f070
2026-02-17T19:32:40.372 INFO:teuthology.orchestra.run.trial075.stdout:/usr/bin/ceph: stderr
2026-02-17T19:32:40.179+0000 7fa7fffff640 1 -- 10.20.193.75:0/3952909056 <== mon.0 v2:10.20.193.75:3300/0 2 ==== config(26 keys) ==== 1076+0+0 (secure 0 0 0) 0x7fa814035da0 con 0x7fa82010f070
2026-02-17T19:32:40.373 INFO:teuthology.orchestra.run.trial075.stdout:/usr/bin/ceph: stderr
2026-02-17T19:32:40.179+0000 7fa81ffff640 1 -- 10.20.193.75:0/3952909056 --> [v2:10.20.193.75:3300/0,v1:10.20.193.75:6789/0] -- mon_subscribe({mgrmap=0+}) -- 0x7fa8201a4c70 con 0x7fa82010f070
2026-02-17T19:32:40.373 INFO:teuthology.orchestra.run.trial075.stdout:/usr/bin/ceph: stderr
2026-02-17T19:32:40.179+0000 7fa7fffff640 1 -- 10.20.193.75:0/3952909056 <== mon.0 v2:10.20.193.75:3300/0 3 ==== mon_map magic: 0 ==== 205+0+0 (secure 0 0 0) 0x7fa81403c070 con 0x7fa82010f070
2026-02-17T19:32:40.373 INFO:teuthology.orchestra.run.trial075.stdout:/usr/bin/ceph: stderr
2026-02-17T19:32:40.179+0000 7fa81ffff640 1 -- 10.20.193.75:0/3952909056 --> [v2:10.20.193.75:3300/0,v1:10.20.193.75:6789/0] -- mon_subscribe({osdmap=0}) -- 0x7fa8201a7960 con 0x7fa82010f070
2026-02-17T19:32:40.373 INFO:teuthology.orchestra.run.trial075.stdout:/usr/bin/ceph: stderr
2026-02-17T19:32:40.180+0000 7fa81ffff640 1 -- 10.20.193.75:0/3952909056 --> [v2:10.20.193.75:3300/0,v1:10.20.193.75:6789/0] -- mon_command({"prefix": "get_command_descriptions"} v 0) -- 0x7fa82010f4d0 con 0x7fa82010f070
2026-02-17T19:32:40.373 INFO:teuthology.orchestra.run.trial075.stdout:/usr/bin/ceph: stderr
2026-02-17T19:32:40.180+0000 7fa7fffff640 1 -- 10.20.193.75:0/3952909056 <== mon.0 v2:10.20.193.75:3300/0 4 ==== mgrmap(e 8) ==== 50247+0+0 (secure 0 0 0) 0x7fa814042660 con 0x7fa82010f070
2026-02-17T19:32:40.373 INFO:teuthology.orchestra.run.trial075.stdout:/usr/bin/ceph: stderr
2026-02-17T19:32:40.181+0000 7fa7fffff640 1 --2- 10.20.193.75:0/3952909056 >> [v2:10.20.193.75:6800/2971101820,v1:10.20.193.75:6801/2971101820] conn(0x7fa7f003dbf0 0x7fa7f00400b0 unknown :-1 s=NONE pgs=0 cs=0 l=1 rev1=0 crypto rx=0 tx=0 comp rx=0 tx=0).connect
2026-02-17T19:32:40.373 INFO:teuthology.orchestra.run.trial075.stdout:/usr/bin/ceph: stderr
2026-02-17T19:32:40.181+0000 7fa7fffff640 1 -- 10.20.193.75:0/3952909056 <== mon.0 v2:10.20.193.75:3300/0 5 ==== osd_map(2..2 src has 1..2) ==== 940+0+0 (secure 0 0 0) 0x7fa814076830 con 0x7fa82010f070
2026-02-17T19:32:40.373 INFO:teuthology.orchestra.run.trial075.stdout:/usr/bin/ceph: stderr
2026-02-17T19:32:40.181+0000 7fa81e7fc640 1 --2- 10.20.193.75:0/3952909056 >> [v2:10.20.193.75:6800/2971101820,v1:10.20.193.75:6801/2971101820] conn(0x7fa7f003dbf0 0x7fa7f00400b0 unknown :-1 s=BANNER_CONNECTING pgs=0 cs=0 l=1 rev1=0 crypto rx=0 tx=0 comp rx=0 tx=0)._handle_peer_banner_payload supported=3 required=0
2026-02-17T19:32:40.374 INFO:teuthology.orchestra.run.trial075.stdout:/usr/bin/ceph: stderr
2026-02-17T19:32:40.181+0000 7fa81e7fc640 1 --2- 10.20.193.75:0/3952909056 >> [v2:10.20.193.75:6800/2971101820,v1:10.20.193.75:6801/2971101820] conn(0x7fa7f003dbf0 0x7fa7f00400b0 secure :-1 s=READY pgs=15 cs=0 l=1 rev1=1 crypto rx=0x7fa8080099c0 tx=0x7fa808006eb0 comp rx=0 tx=0).ready entity=mgr.14118 client_cookie=0 server_cookie=0 in_seq=0 out_seq=0
2026-02-17T19:32:40.374 INFO:teuthology.orchestra.run.trial075.stdout:/usr/bin/ceph: stderr
2026-02-17T19:32:40.183+0000 7fa7fffff640 1 -- 10.20.193.75:0/3952909056 <== mon.0 v2:10.20.193.75:3300/0 6 ==== mon_command_ack([{"prefix": "get_command_descriptions"}]=0 v0) ==== 72+0+195034 (secure 0 0 0) 0x7fa8140342a0 con 0x7fa82010f070
2026-02-17T19:32:40.374 INFO:teuthology.orchestra.run.trial075.stdout:/usr/bin/ceph: stderr
2026-02-17T19:32:40.277+0000 7fa81ffff640 1 -- 10.20.193.75:0/3952909056 --> [v2:10.20.193.75:3300/0,v1:10.20.193.75:6789/0] -- mon_command([{prefix=config set, name=mgr/dashboard/ssl_server_port}] v 0) -- 0x7fa8201a7b30 con 0x7fa82010f070
2026-02-17T19:32:40.374 INFO:teuthology.orchestra.run.trial075.stdout:/usr/bin/ceph: stderr
2026-02-17T19:32:40.279+0000 7fa7fffff640 1 -- 10.20.193.75:0/3952909056 <== mon.0 v2:10.20.193.75:3300/0 7 ==== mon_command_ack([{prefix=config set, name=mgr/dashboard/ssl_server_port}]=0 v8)=0 v8) ==== 130+0+0 (secure 0 0 0) 0x7fa814033c90 con 0x7fa82010f070
2026-02-17T19:32:40.374 INFO:teuthology.orchestra.run.trial075.stdout:/usr/bin/ceph: stderr
2026-02-17T19:32:40.281+0000 7fa81ffff640 1 -- 10.20.193.75:0/3952909056 >> [v2:10.20.193.75:6800/2971101820,v1:10.20.193.75:6801/2971101820] conn(0x7fa7f003dbf0 msgr2=0x7fa7f00400b0 secure :-1 s=STATE_CONNECTION_ESTABLISHED l=1).mark_down
2026-02-17T19:32:40.374 INFO:teuthology.orchestra.run.trial075.stdout:/usr/bin/ceph: stderr
2026-02-17T19:32:40.281+0000 7fa81ffff640 1 --2- 10.20.193.75:0/3952909056 >> [v2:10.20.193.75:6800/2971101820,v1:10.20.193.75:6801/2971101820] conn(0x7fa7f003dbf0 0x7fa7f00400b0 secure :-1 s=READY pgs=15 cs=0 l=1 rev1=1 crypto rx=0x7fa8080099c0 tx=0x7fa808006eb0 comp rx=0 tx=0).stop
2026-02-17T19:32:40.374 INFO:teuthology.orchestra.run.trial075.stdout:/usr/bin/ceph: stderr
2026-02-17T19:32:40.281+0000 7fa81ffff640 1 -- 10.20.193.75:0/3952909056 >> [v2:10.20.193.75:3300/0,v1:10.20.193.75:6789/0] conn(0x7fa82010f070 msgr2=0x7fa8201a44a0 secure :-1 s=STATE_CONNECTION_ESTABLISHED l=1).mark_down
2026-02-17T19:32:40.374 INFO:teuthology.orchestra.run.trial075.stdout:/usr/bin/ceph: stderr
2026-02-17T19:32:40.281+0000 7fa81ffff640 1 --2- 10.20.193.75:0/3952909056 >> [v2:10.20.193.75:3300/0,v1:10.20.193.75:6789/0] conn(0x7fa82010f070 0x7fa8201a44a0 secure :-1 s=READY pgs=52 cs=0 l=1 rev1=1 crypto rx=0x7fa814002410 tx=0x7fa814037820 comp rx=0 tx=0).stop
2026-02-17T19:32:40.375 INFO:teuthology.orchestra.run.trial075.stdout:/usr/bin/ceph: stderr
2026-02-17T19:32:40.281+0000 7fa81ffff640 1 -- 10.20.193.75:0/3952909056 shutdown_connections
2026-02-17T19:32:40.375 INFO:teuthology.orchestra.run.trial075.stdout:/usr/bin/ceph: stderr
2026-02-17T19:32:40.281+0000 7fa81ffff640 1 --2- 10.20.193.75:0/3952909056 >> [v2:10.20.193.75:6800/2971101820,v1:10.20.193.75:6801/2971101820] conn(0x7fa7f003dbf0 0x7fa7f00400b0 unknown :-1 s=CLOSED pgs=15 cs=0 l=1 rev1=1 crypto rx=0 tx=0 comp rx=0 tx=0).stop
2026-02-17T19:32:40.375 INFO:teuthology.orchestra.run.trial075.stdout:/usr/bin/ceph: stderr
2026-02-17T19:32:40.281+0000 7fa81ffff640 1 --2- 10.20.193.75:0/3952909056 >> [v2:10.20.193.75:3300/0,v1:10.20.193.75:6789/0] conn(0x7fa82010f070 0x7fa8201a44a0 unknown :-1 s=CLOSED pgs=52 cs=0 l=1 rev1=1 crypto rx=0 tx=0 comp rx=0 tx=0).stop
2026-02-17T19:32:40.375 INFO:teuthology.orchestra.run.trial075.stdout:/usr/bin/ceph: stderr
2026-02-17T19:32:40.281+0000 7fa81ffff640 1 -- 10.20.193.75:0/3952909056 >> 10.20.193.75:0/3952909056 conn(0x7fa82007d860 msgr2=0x7fa82007f370 unknown :-1 s=STATE_NONE l=0).mark_down
2026-02-17T19:32:40.375 INFO:teuthology.orchestra.run.trial075.stdout:/usr/bin/ceph: stderr
2026-02-17T19:32:40.281+0000 7fa81ffff640 1 -- 10.20.193.75:0/3952909056 shutdown_connections
2026-02-17T19:32:40.375 INFO:teuthology.orchestra.run.trial075.stdout:/usr/bin/ceph: stderr
2026-02-17T19:32:40.281+0000 7fa81ffff640 1 -- 10.20.193.75:0/3952909056 wait complete.
2026-02-17T19:32:40.375 INFO:teuthology.orchestra.run.trial075.stdout:Enabling the dashboard module...
2026-02-17T19:32:41.033 INFO:journalctl@ceph.mon.a.trial075.stdout:Feb 17 19:32:40 trial075 ceph-mon[22769]: from='client.14142 -' entity='client.admin' cmd=[{"prefix": "orch apply", "service_type": "mgr", "unmanaged": true, "target": ["mon-mgr", ""]}]: dispatch
2026-02-17T19:32:41.034 INFO:journalctl@ceph.mon.a.trial075.stdout:Feb 17 19:32:40 trial075 ceph-mon[22769]: Saving service mgr spec with placement count:2
2026-02-17T19:32:41.034 INFO:journalctl@ceph.mon.a.trial075.stdout:Feb 17 19:32:40 trial075 ceph-mon[22769]: from='mgr.14118 10.20.193.75:0/2965701121' entity='mgr.x'
2026-02-17T19:32:41.034 INFO:journalctl@ceph.mon.a.trial075.stdout:Feb 17 19:32:40 trial075 ceph-mon[22769]: from='client.? 10.20.193.75:0/4068532595' entity='client.admin'
2026-02-17T19:32:41.034 INFO:journalctl@ceph.mon.a.trial075.stdout:Feb 17 19:32:40 trial075 ceph-mon[22769]: from='client.? 10.20.193.75:0/3952909056' entity='client.admin'
2026-02-17T19:32:41.034 INFO:journalctl@ceph.mon.a.trial075.stdout:Feb 17 19:32:40 trial075 ceph-mon[22769]: from='mgr.14118 10.20.193.75:0/2965701121' entity='mgr.x'
2026-02-17T19:32:41.034 INFO:journalctl@ceph.mon.a.trial075.stdout:Feb 17 19:32:40 trial075 ceph-mon[22769]: from='client.? 10.20.193.75:0/658924560' entity='client.admin' cmd=[{"prefix": "mgr module enable", "module": "dashboard"}]: dispatch
2026-02-17T19:32:41.606 INFO:teuthology.orchestra.run.trial075.stdout:/usr/bin/ceph: stderr
2026-02-17T19:32:40.532+0000 7f3da249e640 1 Processor -- start
2026-02-17T19:32:41.606 INFO:teuthology.orchestra.run.trial075.stdout:/usr/bin/ceph: stderr
2026-02-17T19:32:40.532+0000 7f3da249e640 1 -- start start
2026-02-17T19:32:41.606 INFO:teuthology.orchestra.run.trial075.stdout:/usr/bin/ceph: stderr
2026-02-17T19:32:40.532+0000 7f3da249e640 1 --2- >> [v2:10.20.193.75:3300/0,v1:10.20.193.75:6789/0] conn(0x7f3d9c10a180 0x7f3d9c10a580 unknown :-1 s=NONE pgs=0 cs=0 l=0 rev1=0 crypto rx=0 tx=0 comp rx=0 tx=0).connect
2026-02-17T19:32:41.606 INFO:teuthology.orchestra.run.trial075.stdout:/usr/bin/ceph: stderr
2026-02-17T19:32:40.532+0000 7f3da249e640 1 -- --> [v2:10.20.193.75:3300/0,v1:10.20.193.75:6789/0] -- mon_getmap magic: 0 -- 0x7f3d9c10ab50 con 0x7f3d9c10a180
2026-02-17T19:32:41.607 INFO:teuthology.orchestra.run.trial075.stdout:/usr/bin/ceph: stderr
2026-02-17T19:32:40.533+0000 7f3da149c640 1 --2- >> [v2:10.20.193.75:3300/0,v1:10.20.193.75:6789/0] conn(0x7f3d9c10a180 0x7f3d9c10a580 unknown :-1 s=BANNER_CONNECTING pgs=0 cs=0 l=0 rev1=0 crypto rx=0 tx=0 comp rx=0 tx=0)._handle_peer_banner_payload supported=3 required=0
2026-02-17T19:32:41.607 INFO:teuthology.orchestra.run.trial075.stdout:/usr/bin/ceph: stderr
2026-02-17T19:32:40.533+0000 7f3da149c640 1 --2- >> [v2:10.20.193.75:3300/0,v1:10.20.193.75:6789/0] conn(0x7f3d9c10a180 0x7f3d9c10a580 unknown :-1 s=HELLO_CONNECTING pgs=0 cs=0 l=0 rev1=1 crypto rx=0 tx=0 comp rx=0 tx=0).handle_hello peer v2:10.20.193.75:3300/0 says I am v2:10.20.193.75:38860/0 (socket says 10.20.193.75:38860)
2026-02-17T19:32:41.607 INFO:teuthology.orchestra.run.trial075.stdout:/usr/bin/ceph: stderr
2026-02-17T19:32:40.533+0000 7f3da149c640 1 -- 10.20.193.75:0/3770734743 learned_addr learned my addr 10.20.193.75:0/3770734743 (peer_addr_for_me v2:10.20.193.75:0/0)
2026-02-17T19:32:41.607 INFO:teuthology.orchestra.run.trial075.stdout:/usr/bin/ceph: stderr
2026-02-17T19:32:40.533+0000 7f3da149c640 1 -- 10.20.193.75:0/3770734743 --> [v2:10.20.193.75:3300/0,v1:10.20.193.75:6789/0] -- mon_subscribe({config=0+,monmap=0+}) -- 0x7f3d9c10b380 con 0x7f3d9c10a180
2026-02-17T19:32:41.607 INFO:teuthology.orchestra.run.trial075.stdout:/usr/bin/ceph: stderr
2026-02-17T19:32:40.534+0000 7f3da149c640 1 --2- 10.20.193.75:0/3770734743 >> [v2:10.20.193.75:3300/0,v1:10.20.193.75:6789/0] conn(0x7f3d9c10a180 0x7f3d9c10a580 secure :-1 s=READY pgs=53 cs=0 l=1 rev1=1 crypto rx=0x7f3d8c009920 tx=0x7f3d8c02ef20 comp rx=0 tx=0).ready entity=mon.0 client_cookie=a124b2e7dc2adfe6 server_cookie=0 in_seq=0 out_seq=0
2026-02-17T19:32:41.607 INFO:teuthology.orchestra.run.trial075.stdout:/usr/bin/ceph: stderr
2026-02-17T19:32:40.534+0000 7f3d8bfff640 1 -- 10.20.193.75:0/3770734743 <== mon.0 v2:10.20.193.75:3300/0 1 ==== mon_map magic: 0 ==== 205+0+0 (secure 0 0 0) 0x7f3d8c03c070 con 0x7f3d9c10a180
2026-02-17T19:32:41.607 INFO:teuthology.orchestra.run.trial075.stdout:/usr/bin/ceph: stderr
2026-02-17T19:32:40.534+0000 7f3d8bfff640 1 -- 10.20.193.75:0/3770734743 <== mon.0 v2:10.20.193.75:3300/0 2 ==== config(26 keys) ==== 1076+0+0 (secure 0 0 0) 0x7f3d8c037440 con 0x7f3d9c10a180
2026-02-17T19:32:41.607 INFO:teuthology.orchestra.run.trial075.stdout:/usr/bin/ceph: stderr
2026-02-17T19:32:40.534+0000 7f3d8bfff640 1 -- 10.20.193.75:0/3770734743 <== mon.0 v2:10.20.193.75:3300/0 3 ==== mon_map magic: 0 ==== 205+0+0 (secure 0 0 0) 0x7f3d8c0354d0 con 0x7f3d9c10a180
2026-02-17T19:32:41.607 INFO:teuthology.orchestra.run.trial075.stdout:/usr/bin/ceph: stderr
2026-02-17T19:32:40.534+0000 7f3da249e640 1 -- 10.20.193.75:0/3770734743 >> [v2:10.20.193.75:3300/0,v1:10.20.193.75:6789/0] conn(0x7f3d9c10a180 msgr2=0x7f3d9c10a580 secure :-1 s=STATE_CONNECTION_ESTABLISHED l=1).mark_down
2026-02-17T19:32:41.607 INFO:teuthology.orchestra.run.trial075.stdout:/usr/bin/ceph: stderr
2026-02-17T19:32:40.534+0000 7f3da249e640 1 --2- 10.20.193.75:0/3770734743 >> [v2:10.20.193.75:3300/0,v1:10.20.193.75:6789/0] conn(0x7f3d9c10a180 0x7f3d9c10a580 secure :-1 s=READY pgs=53 cs=0 l=1 rev1=1 crypto rx=0x7f3d8c009920 tx=0x7f3d8c02ef20 comp rx=0 tx=0).stop
2026-02-17T19:32:41.608 INFO:teuthology.orchestra.run.trial075.stdout:/usr/bin/ceph: stderr
2026-02-17T19:32:40.534+0000 7f3da249e640 1 -- 10.20.193.75:0/3770734743 shutdown_connections
2026-02-17T19:32:41.608 INFO:teuthology.orchestra.run.trial075.stdout:/usr/bin/ceph: stderr
2026-02-17T19:32:40.534+0000 7f3da249e640 1 --2- 10.20.193.75:0/3770734743 >> [v2:10.20.193.75:3300/0,v1:10.20.193.75:6789/0] conn(0x7f3d9c10a180 0x7f3d9c10a580 unknown :-1 s=CLOSED pgs=53 cs=0 l=1 rev1=1 crypto rx=0 tx=0 comp rx=0 tx=0).stop
2026-02-17T19:32:41.608 INFO:teuthology.orchestra.run.trial075.stdout:/usr/bin/ceph: stderr
2026-02-17T19:32:40.534+0000 7f3da249e640 1 -- 10.20.193.75:0/3770734743 >> 10.20.193.75:0/3770734743 conn(0x7f3d9c07d680 msgr2=0x7f3d9c07da90 unknown :-1 s=STATE_NONE l=0).mark_down
2026-02-17T19:32:41.608 INFO:teuthology.orchestra.run.trial075.stdout:/usr/bin/ceph: stderr
2026-02-17T19:32:40.534+0000 7f3da249e640 1 -- 10.20.193.75:0/3770734743 shutdown_connections
2026-02-17T19:32:41.608 INFO:teuthology.orchestra.run.trial075.stdout:/usr/bin/ceph: stderr
2026-02-17T19:32:40.534+0000 7f3da249e640 1 -- 10.20.193.75:0/3770734743 wait complete.
2026-02-17T19:32:41.608 INFO:teuthology.orchestra.run.trial075.stdout:/usr/bin/ceph: stderr
2026-02-17T19:32:40.535+0000 7f3da249e640 1 Processor -- start
2026-02-17T19:32:41.608 INFO:teuthology.orchestra.run.trial075.stdout:/usr/bin/ceph: stderr
2026-02-17T19:32:40.535+0000 7f3da249e640 1 -- start start
2026-02-17T19:32:41.608 INFO:teuthology.orchestra.run.trial075.stdout:/usr/bin/ceph: stderr
2026-02-17T19:32:40.535+0000 7f3da249e640 1 --2- >> [v2:10.20.193.75:3300/0,v1:10.20.193.75:6789/0] conn(0x7f3d9c10a180 0x7f3d9c1a0030 unknown :-1 s=NONE pgs=0 cs=0 l=1 rev1=0 crypto rx=0 tx=0 comp rx=0 tx=0).connect
2026-02-17T19:32:41.608 INFO:teuthology.orchestra.run.trial075.stdout:/usr/bin/ceph: stderr
2026-02-17T19:32:40.535+0000 7f3da249e640 1 -- --> [v2:10.20.193.75:3300/0,v1:10.20.193.75:6789/0] -- mon_getmap magic: 0 -- 0x7f3d9c10e730 con 0x7f3d9c10a180
2026-02-17T19:32:41.608 INFO:teuthology.orchestra.run.trial075.stdout:/usr/bin/ceph: stderr
2026-02-17T19:32:40.535+0000 7f3da149c640 1 --2- >> [v2:10.20.193.75:3300/0,v1:10.20.193.75:6789/0] conn(0x7f3d9c10a180 0x7f3d9c1a0030 unknown :-1 s=BANNER_CONNECTING pgs=0 cs=0 l=1 rev1=0 crypto rx=0 tx=0 comp rx=0 tx=0)._handle_peer_banner_payload supported=3 required=0
2026-02-17T19:32:41.608 INFO:teuthology.orchestra.run.trial075.stdout:/usr/bin/ceph: stderr
2026-02-17T19:32:40.535+0000 7f3da149c640 1 --2- >> [v2:10.20.193.75:3300/0,v1:10.20.193.75:6789/0] conn(0x7f3d9c10a180 0x7f3d9c1a0030 unknown :-1 s=HELLO_CONNECTING pgs=0 cs=0 l=1 rev1=1 crypto rx=0 tx=0 comp rx=0 tx=0).handle_hello peer v2:10.20.193.75:3300/0 says I am v2:10.20.193.75:38876/0 (socket says 10.20.193.75:38876)
2026-02-17T19:32:41.608 INFO:teuthology.orchestra.run.trial075.stdout:/usr/bin/ceph: stderr
2026-02-17T19:32:40.535+0000 7f3da149c640 1 -- 10.20.193.75:0/658924560 learned_addr learned my addr 10.20.193.75:0/658924560 (peer_addr_for_me v2:10.20.193.75:0/0)
2026-02-17T19:32:41.609 INFO:teuthology.orchestra.run.trial075.stdout:/usr/bin/ceph: stderr
2026-02-17T19:32:40.536+0000 7f3da149c640 1 -- 10.20.193.75:0/658924560 --> [v2:10.20.193.75:3300/0,v1:10.20.193.75:6789/0] -- mon_subscribe({config=0+,monmap=0+}) -- 0x7f3d9c1a0570 con 0x7f3d9c10a180
2026-02-17T19:32:41.609 INFO:teuthology.orchestra.run.trial075.stdout:/usr/bin/ceph: stderr
2026-02-17T19:32:40.536+0000 7f3da149c640 1 --2- 10.20.193.75:0/658924560 >> [v2:10.20.193.75:3300/0,v1:10.20.193.75:6789/0] conn(0x7f3d9c10a180 0x7f3d9c1a0030 secure :-1 s=READY pgs=54 cs=0 l=1 rev1=1 crypto rx=0x7f3d8c039000 tx=0x7f3d8c037820 comp rx=0 tx=0).ready entity=mon.0 client_cookie=0 server_cookie=0 in_seq=0 out_seq=0
2026-02-17T19:32:41.609 INFO:teuthology.orchestra.run.trial075.stdout:/usr/bin/ceph: stderr
2026-02-17T19:32:40.536+0000 7f3d8a7fc640 1 -- 10.20.193.75:0/658924560 <== mon.0 v2:10.20.193.75:3300/0 1 ==== mon_map magic: 0 ==== 205+0+0 (secure 0 0 0) 0x7f3d8c047070 con 0x7f3d9c10a180
2026-02-17T19:32:41.609 INFO:teuthology.orchestra.run.trial075.stdout:/usr/bin/ceph: stderr
2026-02-17T19:32:40.536+0000 7f3d8a7fc640 1 -- 10.20.193.75:0/658924560 <== mon.0 v2:10.20.193.75:3300/0 2 ==== config(26 keys) ==== 1076+0+0 (secure 0 0 0) 0x7f3d8c035da0 con 0x7f3d9c10a180
2026-02-17T19:32:41.609 INFO:teuthology.orchestra.run.trial075.stdout:/usr/bin/ceph: stderr
2026-02-17T19:32:40.536+0000 7f3d8a7fc640 1 -- 10.20.193.75:0/658924560 <== mon.0 v2:10.20.193.75:3300/0 3 ==== mon_map magic: 0 ==== 205+0+0 (secure 0 0 0) 0x7f3d8c03c070 con 0x7f3d9c10a180
2026-02-17T19:32:41.609 INFO:teuthology.orchestra.run.trial075.stdout:/usr/bin/ceph: stderr
2026-02-17T19:32:40.536+0000 7f3da249e640 1 -- 10.20.193.75:0/658924560 --> [v2:10.20.193.75:3300/0,v1:10.20.193.75:6789/0] -- mon_subscribe({mgrmap=0+}) -- 0x7f3d9c1a0800 con 0x7f3d9c10a180
2026-02-17T19:32:41.609 INFO:teuthology.orchestra.run.trial075.stdout:/usr/bin/ceph: stderr
2026-02-17T19:32:40.536+0000 7f3da249e640 1 -- 10.20.193.75:0/658924560 --> [v2:10.20.193.75:3300/0,v1:10.20.193.75:6789/0] -- mon_subscribe({osdmap=0}) -- 0x7f3d9c1a34f0 con 0x7f3d9c10a180
2026-02-17T19:32:41.609 INFO:teuthology.orchestra.run.trial075.stdout:/usr/bin/ceph: stderr
2026-02-17T19:32:40.536+0000 7f3da249e640 1 -- 10.20.193.75:0/658924560 --> [v2:10.20.193.75:3300/0,v1:10.20.193.75:6789/0] -- mon_command({"prefix": "get_command_descriptions"} v 0) -- 0x7f3d9c10e8b0 con 0x7f3d9c10a180
2026-02-17T19:32:41.609 INFO:teuthology.orchestra.run.trial075.stdout:/usr/bin/ceph: stderr
2026-02-17T19:32:40.537+0000 7f3d8a7fc640 1 -- 10.20.193.75:0/658924560 <== mon.0 v2:10.20.193.75:3300/0 4 ==== mgrmap(e 8) ==== 50247+0+0 (secure 0 0 0) 0x7f3d8c0425d0 con 0x7f3d9c10a180
2026-02-17T19:32:41.609 INFO:teuthology.orchestra.run.trial075.stdout:/usr/bin/ceph: stderr
2026-02-17T19:32:40.537+0000 7f3d8a7fc640 1 --2- 10.20.193.75:0/658924560 >> [v2:10.20.193.75:6800/2971101820,v1:10.20.193.75:6801/2971101820] conn(0x7f3d7803dbf0 0x7f3d780400b0 unknown :-1 s=NONE pgs=0 cs=0 l=1 rev1=0 crypto rx=0 tx=0 comp rx=0 tx=0).connect
2026-02-17T19:32:41.609 INFO:teuthology.orchestra.run.trial075.stdout:/usr/bin/ceph: stderr
2026-02-17T19:32:40.537+0000 7f3d8a7fc640 1 -- 10.20.193.75:0/658924560 <== mon.0 v2:10.20.193.75:3300/0 5 ==== osd_map(2..2 src has 1..2) ==== 940+0+0 (secure 0 0 0) 0x7f3d8c076950 con 0x7f3d9c10a180
2026-02-17T19:32:41.609 INFO:teuthology.orchestra.run.trial075.stdout:/usr/bin/ceph: stderr
2026-02-17T19:32:40.537+0000 7f3da0c9b640 1 --2- 10.20.193.75:0/658924560 >> [v2:10.20.193.75:6800/2971101820,v1:10.20.193.75:6801/2971101820] conn(0x7f3d7803dbf0 0x7f3d780400b0 unknown :-1 s=BANNER_CONNECTING pgs=0 cs=0 l=1 rev1=0 crypto rx=0 tx=0 comp rx=0 tx=0)._handle_peer_banner_payload supported=3 required=0
2026-02-17T19:32:41.610 INFO:teuthology.orchestra.run.trial075.stdout:/usr/bin/ceph: stderr
2026-02-17T19:32:40.538+0000 7f3da0c9b640 1 --2- 10.20.193.75:0/658924560 >> [v2:10.20.193.75:6800/2971101820,v1:10.20.193.75:6801/2971101820] conn(0x7f3d7803dbf0 0x7f3d780400b0 secure :-1 s=READY pgs=16 cs=0 l=1 rev1=1 crypto rx=0x7f3d900099c0 tx=0x7f3d90006eb0 comp rx=0 tx=0).ready entity=mgr.14118 client_cookie=0 server_cookie=0 in_seq=0 out_seq=0
2026-02-17T19:32:41.610 INFO:teuthology.orchestra.run.trial075.stdout:/usr/bin/ceph: stderr
2026-02-17T19:32:40.540+0000 7f3d8a7fc640 1 -- 10.20.193.75:0/658924560 <== mon.0 v2:10.20.193.75:3300/0 6 ==== mon_command_ack([{"prefix": "get_command_descriptions"}]=0 v0) ==== 72+0+195034 (secure 0 0 0) 0x7f3d8c04a360 con 0x7f3d9c10a180
2026-02-17T19:32:41.610 INFO:teuthology.orchestra.run.trial075.stdout:/usr/bin/ceph: stderr
2026-02-17T19:32:40.654+0000 7f3da249e640 1 -- 10.20.193.75:0/658924560 --> [v2:10.20.193.75:3300/0,v1:10.20.193.75:6789/0] -- mon_command({"prefix": "mgr module enable", "module": "dashboard"} v 0) -- 0x7f3d9c1a3a70 con 0x7f3d9c10a180
2026-02-17T19:32:41.610 INFO:teuthology.orchestra.run.trial075.stdout:/usr/bin/ceph: stderr
2026-02-17T19:32:41.483+0000 7f3d8a7fc640 1 -- 10.20.193.75:0/658924560 <== mon.0 v2:10.20.193.75:3300/0 7 ==== mon_command_ack([{"prefix": "mgr module enable", "module": "dashboard"}]=0 v9) ==== 88+0+0 (secure 0 0 0) 0x7f3d8c045120 con 0x7f3d9c10a180
2026-02-17T19:32:41.610 INFO:teuthology.orchestra.run.trial075.stdout:/usr/bin/ceph: stderr
2026-02-17T19:32:41.484+0000 7f3d8a7fc640 1 -- 10.20.193.75:0/658924560 <== mon.0 v2:10.20.193.75:3300/0 8 ==== mgrmap(e 9) ==== 50260+0+0 (secure 0 0 0) 0x7f3d8c04c440 con 0x7f3d9c10a180
2026-02-17T19:32:41.610 INFO:teuthology.orchestra.run.trial075.stdout:/usr/bin/ceph: stderr
2026-02-17T19:32:41.486+0000 7f3da249e640 1 -- 10.20.193.75:0/658924560 >> [v2:10.20.193.75:6800/2971101820,v1:10.20.193.75:6801/2971101820] conn(0x7f3d7803dbf0 msgr2=0x7f3d780400b0 secure :-1 s=STATE_CONNECTION_ESTABLISHED l=1).mark_down
2026-02-17T19:32:41.610 INFO:teuthology.orchestra.run.trial075.stdout:/usr/bin/ceph: stderr
2026-02-17T19:32:41.486+0000 7f3da249e640 1 --2- 10.20.193.75:0/658924560 >> [v2:10.20.193.75:6800/2971101820,v1:10.20.193.75:6801/2971101820] conn(0x7f3d7803dbf0 0x7f3d780400b0 secure :-1 s=READY pgs=16 cs=0 l=1 rev1=1 crypto rx=0x7f3d900099c0 tx=0x7f3d90006eb0 comp rx=0 tx=0).stop
2026-02-17T19:32:41.610 INFO:teuthology.orchestra.run.trial075.stdout:/usr/bin/ceph: stderr
2026-02-17T19:32:41.486+0000 7f3da249e640 1 -- 10.20.193.75:0/658924560 >> [v2:10.20.193.75:3300/0,v1:10.20.193.75:6789/0] conn(0x7f3d9c10a180 msgr2=0x7f3d9c1a0030 secure :-1 s=STATE_CONNECTION_ESTABLISHED l=1).mark_down
2026-02-17T19:32:41.610 INFO:teuthology.orchestra.run.trial075.stdout:/usr/bin/ceph: stderr
2026-02-17T19:32:41.486+0000 7f3da249e640 1 --2- 10.20.193.75:0/658924560 >> [v2:10.20.193.75:3300/0,v1:10.20.193.75:6789/0] conn(0x7f3d9c10a180 0x7f3d9c1a0030 secure :-1 s=READY pgs=54 cs=0 l=1 rev1=1 crypto rx=0x7f3d8c039000 tx=0x7f3d8c037820 comp rx=0 tx=0).stop
2026-02-17T19:32:41.610 INFO:teuthology.orchestra.run.trial075.stdout:/usr/bin/ceph: stderr
2026-02-17T19:32:41.486+0000 7f3da249e640 1 -- 10.20.193.75:0/658924560 shutdown_connections
2026-02-17T19:32:41.610 INFO:teuthology.orchestra.run.trial075.stdout:/usr/bin/ceph: stderr
2026-02-17T19:32:41.486+0000 7f3da249e640 1 --2- 10.20.193.75:0/658924560 >> [v2:10.20.193.75:6800/2971101820,v1:10.20.193.75:6801/2971101820] conn(0x7f3d7803dbf0 0x7f3d780400b0 unknown :-1 s=CLOSED pgs=16 cs=0 l=1 rev1=1 crypto rx=0 tx=0 comp rx=0 tx=0).stop
2026-02-17T19:32:41.611 INFO:teuthology.orchestra.run.trial075.stdout:/usr/bin/ceph: stderr
2026-02-17T19:32:41.486+0000 7f3da249e640 1 --2- 10.20.193.75:0/658924560 >> [v2:10.20.193.75:3300/0,v1:10.20.193.75:6789/0] conn(0x7f3d9c10a180 0x7f3d9c1a0030 unknown :-1 s=CLOSED pgs=54 cs=0 l=1 rev1=1 crypto rx=0 tx=0 comp rx=0 tx=0).stop
2026-02-17T19:32:41.611 INFO:teuthology.orchestra.run.trial075.stdout:/usr/bin/ceph: stderr
2026-02-17T19:32:41.486+0000 7f3da249e640 1 -- 10.20.193.75:0/658924560 >> 10.20.193.75:0/658924560 conn(0x7f3d9c07d680 msgr2=0x7f3d9c107640 unknown :-1 s=STATE_NONE l=0).mark_down
2026-02-17T19:32:41.611 INFO:teuthology.orchestra.run.trial075.stdout:/usr/bin/ceph: stderr
2026-02-17T19:32:41.486+0000 7f3da249e640 1 -- 10.20.193.75:0/658924560 shutdown_connections
2026-02-17T19:32:41.611 INFO:teuthology.orchestra.run.trial075.stdout:/usr/bin/ceph: stderr
2026-02-17T19:32:41.486+0000 7f3da249e640 1 -- 10.20.193.75:0/658924560 wait complete.
2026-02-17T19:32:41.759 INFO:journalctl@ceph.mgr.x.trial075.stdout:Feb 17 19:32:41 trial075 ceph-5564e282-0c37-11f1-8560-d404e6e7d460-mgr-x[22990]: ignoring --setuser ceph since I am not root
2026-02-17T19:32:41.759 INFO:journalctl@ceph.mgr.x.trial075.stdout:Feb 17 19:32:41 trial075 ceph-5564e282-0c37-11f1-8560-d404e6e7d460-mgr-x[22990]: ignoring --setgroup ceph since I am not root
2026-02-17T19:32:41.970 INFO:teuthology.orchestra.run.trial075.stdout:/usr/bin/ceph: stdout {
2026-02-17T19:32:41.970 INFO:teuthology.orchestra.run.trial075.stdout:/usr/bin/ceph: stdout "epoch": 9,
2026-02-17T19:32:41.970 INFO:teuthology.orchestra.run.trial075.stdout:/usr/bin/ceph: stdout "available": true,
2026-02-17T19:32:41.970 INFO:teuthology.orchestra.run.trial075.stdout:/usr/bin/ceph: stdout "active_name": "x",
2026-02-17T19:32:41.971 INFO:teuthology.orchestra.run.trial075.stdout:/usr/bin/ceph: stdout "num_standby": 0
2026-02-17T19:32:41.971 INFO:teuthology.orchestra.run.trial075.stdout:/usr/bin/ceph: stdout }
2026-02-17T19:32:41.971 INFO:teuthology.orchestra.run.trial075.stdout:/usr/bin/ceph: stderr
2026-02-17T19:32:41.768+0000 7fe45eff5640 1 Processor -- start
2026-02-17T19:32:41.971 INFO:teuthology.orchestra.run.trial075.stdout:/usr/bin/ceph: stderr
2026-02-17T19:32:41.768+0000 7fe45eff5640 1 -- start start
2026-02-17T19:32:41.971 INFO:teuthology.orchestra.run.trial075.stdout:/usr/bin/ceph: stderr
2026-02-17T19:32:41.768+0000 7fe45eff5640 1 --2- >> [v2:10.20.193.75:3300/0,v1:10.20.193.75:6789/0] conn(0x7fe45810a180 0x7fe45810a580 unknown :-1 s=NONE pgs=0 cs=0 l=0 rev1=0 crypto rx=0 tx=0 comp rx=0 tx=0).connect
2026-02-17T19:32:41.971 INFO:teuthology.orchestra.run.trial075.stdout:/usr/bin/ceph: stderr
2026-02-17T19:32:41.768+0000 7fe45eff5640 1 -- --> [v2:10.20.193.75:3300/0,v1:10.20.193.75:6789/0] -- mon_getmap magic: 0 -- 0x7fe45810ab50 con 0x7fe45810a180
2026-02-17T19:32:41.973 INFO:teuthology.orchestra.run.trial075.stdout:/usr/bin/ceph: stderr
2026-02-17T19:32:41.768+0000 7fe45dff3640 1 --2- >> [v2:10.20.193.75:3300/0,v1:10.20.193.75:6789/0] conn(0x7fe45810a180 0x7fe45810a580 unknown :-1 s=BANNER_CONNECTING pgs=0 cs=0 l=0 rev1=0 crypto rx=0 tx=0 comp rx=0 tx=0)._handle_peer_banner_payload supported=3 required=0
2026-02-17T19:32:41.973 INFO:teuthology.orchestra.run.trial075.stdout:/usr/bin/ceph: stderr
2026-02-17T19:32:41.768+0000 7fe45dff3640 1 --2- >> [v2:10.20.193.75:3300/0,v1:10.20.193.75:6789/0] conn(0x7fe45810a180 0x7fe45810a580 unknown :-1 s=HELLO_CONNECTING pgs=0 cs=0 l=0 rev1=1 crypto rx=0 tx=0 comp rx=0 tx=0).handle_hello peer v2:10.20.193.75:3300/0 says I am v2:10.20.193.75:38912/0 (socket says 10.20.193.75:38912)
2026-02-17T19:32:41.973 INFO:teuthology.orchestra.run.trial075.stdout:/usr/bin/ceph: stderr
2026-02-17T19:32:41.768+0000 7fe45dff3640 1 -- 10.20.193.75:0/3241561225 learned_addr learned my addr 10.20.193.75:0/3241561225 (peer_addr_for_me v2:10.20.193.75:0/0)
2026-02-17T19:32:41.973 INFO:teuthology.orchestra.run.trial075.stdout:/usr/bin/ceph: stderr
2026-02-17T19:32:41.769+0000 7fe45dff3640 1 -- 10.20.193.75:0/3241561225 --> [v2:10.20.193.75:3300/0,v1:10.20.193.75:6789/0] -- mon_subscribe({config=0+,monmap=0+}) -- 0x7fe45810b380 con 0x7fe45810a180
2026-02-17T19:32:41.973 INFO:teuthology.orchestra.run.trial075.stdout:/usr/bin/ceph: stderr
2026-02-17T19:32:41.769+0000 7fe45dff3640 1 --2- 10.20.193.75:0/3241561225 >> [v2:10.20.193.75:3300/0,v1:10.20.193.75:6789/0] conn(0x7fe45810a180 0x7fe45810a580 secure :-1 s=READY pgs=57 cs=0 l=1 rev1=1 crypto rx=0x7fe448009920 tx=0x7fe44802ef20 comp rx=0 tx=0).ready entity=mon.0 client_cookie=1099bfeef9a91ac4 server_cookie=0 in_seq=0 out_seq=0
2026-02-17T19:32:41.973 INFO:teuthology.orchestra.run.trial075.stdout:/usr/bin/ceph: stderr
2026-02-17T19:32:41.770+0000 7fe45cff1640 1 -- 10.20.193.75:0/3241561225 <== mon.0 v2:10.20.193.75:3300/0 1 ==== mon_map magic: 0 ==== 205+0+0 (secure 0 0 0) 0x7fe44803c070 con 0x7fe45810a180
2026-02-17T19:32:41.973 INFO:teuthology.orchestra.run.trial075.stdout:/usr/bin/ceph: stderr
2026-02-17T19:32:41.770+0000 7fe45cff1640 1 -- 10.20.193.75:0/3241561225 <== mon.0 v2:10.20.193.75:3300/0 2 ==== config(26 keys) ==== 1076+0+0 (secure 0 0 0) 0x7fe448037440 con 0x7fe45810a180
2026-02-17T19:32:41.973 INFO:teuthology.orchestra.run.trial075.stdout:/usr/bin/ceph: stderr
2026-02-17T19:32:41.770+0000 7fe45cff1640 1 -- 10.20.193.75:0/3241561225 <== mon.0 v2:10.20.193.75:3300/0 3 ==== mon_map magic: 0 ==== 205+0+0 (secure 0 0 0) 0x7fe4480354d0 con 0x7fe45810a180
2026-02-17T19:32:41.973 INFO:teuthology.orchestra.run.trial075.stdout:/usr/bin/ceph: stderr
2026-02-17T19:32:41.770+0000 7fe45eff5640 1 -- 10.20.193.75:0/3241561225 >> [v2:10.20.193.75:3300/0,v1:10.20.193.75:6789/0] conn(0x7fe45810a180 msgr2=0x7fe45810a580 secure :-1 s=STATE_CONNECTION_ESTABLISHED l=1).mark_down
2026-02-17T19:32:41.973 INFO:teuthology.orchestra.run.trial075.stdout:/usr/bin/ceph: stderr
2026-02-17T19:32:41.770+0000 7fe45eff5640 1 --2- 10.20.193.75:0/3241561225 >> [v2:10.20.193.75:3300/0,v1:10.20.193.75:6789/0] conn(0x7fe45810a180 0x7fe45810a580 secure :-1 s=READY pgs=57 cs=0 l=1 rev1=1 crypto rx=0x7fe448009920 tx=0x7fe44802ef20 comp rx=0 tx=0).stop
2026-02-17T19:32:41.973 INFO:teuthology.orchestra.run.trial075.stdout:/usr/bin/ceph: stderr
2026-02-17T19:32:41.770+0000 7fe45eff5640 1 -- 10.20.193.75:0/3241561225 shutdown_connections
2026-02-17T19:32:41.973 INFO:teuthology.orchestra.run.trial075.stdout:/usr/bin/ceph: stderr
2026-02-17T19:32:41.770+0000 7fe45eff5640 1 --2- 10.20.193.75:0/3241561225 >> [v2:10.20.193.75:3300/0,v1:10.20.193.75:6789/0] conn(0x7fe45810a180 0x7fe45810a580 unknown :-1 s=CLOSED pgs=57 cs=0 l=1 rev1=1 crypto rx=0 tx=0 comp rx=0 tx=0).stop
2026-02-17T19:32:41.973 INFO:teuthology.orchestra.run.trial075.stdout:/usr/bin/ceph: stderr
2026-02-17T19:32:41.770+0000 7fe45eff5640 1 -- 10.20.193.75:0/3241561225 >> 10.20.193.75:0/3241561225 conn(0x7fe45807d680 msgr2=0x7fe45807da90 unknown :-1 s=STATE_NONE l=0).mark_down
2026-02-17T19:32:41.973 INFO:teuthology.orchestra.run.trial075.stdout:/usr/bin/ceph: stderr
2026-02-17T19:32:41.770+0000 7fe45eff5640 1 -- 10.20.193.75:0/3241561225 shutdown_connections
2026-02-17T19:32:41.974 INFO:teuthology.orchestra.run.trial075.stdout:/usr/bin/ceph: stderr
2026-02-17T19:32:41.770+0000 7fe45eff5640 1 -- 10.20.193.75:0/3241561225 wait complete.
2026-02-17T19:32:41.974 INFO:teuthology.orchestra.run.trial075.stdout:/usr/bin/ceph: stderr
2026-02-17T19:32:41.771+0000 7fe45eff5640 1 Processor -- start
2026-02-17T19:32:41.974 INFO:teuthology.orchestra.run.trial075.stdout:/usr/bin/ceph: stderr
2026-02-17T19:32:41.771+0000 7fe45eff5640 1 -- start start
2026-02-17T19:32:41.974 INFO:teuthology.orchestra.run.trial075.stdout:/usr/bin/ceph: stderr
2026-02-17T19:32:41.771+0000 7fe45eff5640 1 --2- >> [v2:10.20.193.75:3300/0,v1:10.20.193.75:6789/0] conn(0x7fe45810a180 0x7fe4581a0030 unknown :-1 s=NONE pgs=0 cs=0 l=1 rev1=0 crypto rx=0 tx=0 comp rx=0 tx=0).connect
2026-02-17T19:32:41.974 INFO:teuthology.orchestra.run.trial075.stdout:/usr/bin/ceph: stderr
2026-02-17T19:32:41.771+0000 7fe45eff5640 1 -- --> [v2:10.20.193.75:3300/0,v1:10.20.193.75:6789/0] -- mon_getmap magic: 0 -- 0x7fe45810e730 con 0x7fe45810a180
2026-02-17T19:32:41.974 INFO:teuthology.orchestra.run.trial075.stdout:/usr/bin/ceph: stderr
2026-02-17T19:32:41.772+0000 7fe45dff3640 1 --2- >> [v2:10.20.193.75:3300/0,v1:10.20.193.75:6789/0] conn(0x7fe45810a180 0x7fe4581a0030 unknown :-1 s=BANNER_CONNECTING pgs=0 cs=0 l=1 rev1=0 crypto rx=0 tx=0 comp rx=0 tx=0)._handle_peer_banner_payload supported=3 required=0
2026-02-17T19:32:41.974 INFO:teuthology.orchestra.run.trial075.stdout:/usr/bin/ceph: stderr
2026-02-17T19:32:41.772+0000 7fe45dff3640 1 --2- >> [v2:10.20.193.75:3300/0,v1:10.20.193.75:6789/0] conn(0x7fe45810a180 0x7fe4581a0030 unknown :-1 s=HELLO_CONNECTING pgs=0 cs=0 l=1 rev1=1 crypto rx=0 tx=0 comp rx=0 tx=0).handle_hello peer v2:10.20.193.75:3300/0 says I am v2:10.20.193.75:38926/0 (socket says 10.20.193.75:38926)
2026-02-17T19:32:41.974 INFO:teuthology.orchestra.run.trial075.stdout:/usr/bin/ceph: stderr
2026-02-17T19:32:41.772+0000 7fe45dff3640 1 -- 10.20.193.75:0/3608035849 learned_addr learned my addr 10.20.193.75:0/3608035849 (peer_addr_for_me v2:10.20.193.75:0/0)
2026-02-17T19:32:41.974 INFO:teuthology.orchestra.run.trial075.stdout:/usr/bin/ceph: stderr
2026-02-17T19:32:41.772+0000 7fe45dff3640 1 -- 10.20.193.75:0/3608035849 --> [v2:10.20.193.75:3300/0,v1:10.20.193.75:6789/0] -- mon_subscribe({config=0+,monmap=0+}) -- 0x7fe4581a0570 con 0x7fe45810a180
2026-02-17T19:32:41.974 INFO:teuthology.orchestra.run.trial075.stdout:/usr/bin/ceph: stderr
2026-02-17T19:32:41.772+0000 7fe45dff3640 1 --2- 10.20.193.75:0/3608035849 >> [v2:10.20.193.75:3300/0,v1:10.20.193.75:6789/0] conn(0x7fe45810a180 0x7fe4581a0030 secure :-1 s=READY pgs=58 cs=0 l=1 rev1=1 crypto rx=0x7fe448039000 tx=0x7fe448037820 comp rx=0 tx=0).ready entity=mon.0 client_cookie=0 server_cookie=0 in_seq=0 out_seq=0
2026-02-17T19:32:41.974 INFO:teuthology.orchestra.run.trial075.stdout:/usr/bin/ceph: stderr
2026-02-17T19:32:41.772+0000 7fe446ffd640 1 -- 10.20.193.75:0/3608035849 <== mon.0 v2:10.20.193.75:3300/0 1 ==== mon_map magic: 0 ==== 205+0+0 (secure 0 0 0) 0x7fe448047070 con 0x7fe45810a180
2026-02-17T19:32:41.974 INFO:teuthology.orchestra.run.trial075.stdout:/usr/bin/ceph: stderr
2026-02-17T19:32:41.772+0000 7fe446ffd640 1 -- 10.20.193.75:0/3608035849 <== mon.0 v2:10.20.193.75:3300/0 2 ==== config(26 keys) ==== 1076+0+0 (secure 0 0 0) 0x7fe448035da0 con 0x7fe45810a180
2026-02-17T19:32:41.974 INFO:teuthology.orchestra.run.trial075.stdout:/usr/bin/ceph: stderr
2026-02-17T19:32:41.772+0000 7fe446ffd640 1 -- 10.20.193.75:0/3608035849 <== mon.0 v2:10.20.193.75:3300/0 3 ==== mon_map magic: 0 ==== 205+0+0 (secure 0 0 0) 0x7fe44803c070 con 0x7fe45810a180
2026-02-17T19:32:41.974 INFO:teuthology.orchestra.run.trial075.stdout:/usr/bin/ceph: stderr
2026-02-17T19:32:41.772+0000 7fe45eff5640 1 -- 10.20.193.75:0/3608035849 --> [v2:10.20.193.75:3300/0,v1:10.20.193.75:6789/0] -- mon_subscribe({mgrmap=0+}) -- 0x7fe4581a0800 con 0x7fe45810a180
2026-02-17T19:32:41.974 INFO:teuthology.orchestra.run.trial075.stdout:/usr/bin/ceph: stderr
2026-02-17T19:32:41.772+0000 7fe45eff5640 1 -- 10.20.193.75:0/3608035849 --> [v2:10.20.193.75:3300/0,v1:10.20.193.75:6789/0] -- mon_subscribe({osdmap=0}) -- 0x7fe4581a34f0 con 0x7fe45810a180
2026-02-17T19:32:41.974 INFO:teuthology.orchestra.run.trial075.stdout:/usr/bin/ceph: stderr
2026-02-17T19:32:41.773+0000 7fe444ff9640 1 -- 10.20.193.75:0/3608035849 --> [v2:10.20.193.75:3300/0,v1:10.20.193.75:6789/0] -- mon_command({"prefix": "get_command_descriptions"} v 0) -- 0x7fe45810e8b0 con 0x7fe45810a180
2026-02-17T19:32:41.974 INFO:teuthology.orchestra.run.trial075.stdout:/usr/bin/ceph: stderr
2026-02-17T19:32:41.773+0000 7fe446ffd640 1 -- 10.20.193.75:0/3608035849 <== mon.0 v2:10.20.193.75:3300/0 4 ==== mgrmap(e 9) ==== 50260+0+0 (secure 0 0 0) 0x7fe4480425d0 con 0x7fe45810a180
2026-02-17T19:32:41.974 INFO:teuthology.orchestra.run.trial075.stdout:/usr/bin/ceph: stderr
2026-02-17T19:32:41.774+0000 7fe446ffd640 1 --2- 10.20.193.75:0/3608035849 >> [v2:10.20.193.75:6800/2971101820,v1:10.20.193.75:6801/2971101820] conn(0x7fe43403dc40 0x7fe434040100 unknown :-1 s=NONE pgs=0 cs=0 l=1 rev1=0 crypto rx=0 tx=0 comp rx=0 tx=0).connect
2026-02-17T19:32:41.974 INFO:teuthology.orchestra.run.trial075.stdout:/usr/bin/ceph: stderr
2026-02-17T19:32:41.774+0000 7fe446ffd640 1 -- 10.20.193.75:0/3608035849 <== mon.0 v2:10.20.193.75:3300/0 5 ==== osd_map(2..2 src has 1..2) ==== 940+0+0 (secure 0 0 0) 0x7fe4480769b0 con 0x7fe45810a180
2026-02-17T19:32:41.974 INFO:teuthology.orchestra.run.trial075.stdout:/usr/bin/ceph: stderr
2026-02-17T19:32:41.774+0000 7fe45d7f2640 1 -- 10.20.193.75:0/3608035849 >> [v2:10.20.193.75:6800/2971101820,v1:10.20.193.75:6801/2971101820] conn(0x7fe43403dc40 msgr2=0x7fe434040100 unknown :-1 s=STATE_CONNECTING_RE l=1).process reconnect failed to v2:10.20.193.75:6800/2971101820
2026-02-17T19:32:41.974 INFO:teuthology.orchestra.run.trial075.stdout:/usr/bin/ceph: stderr
2026-02-17T19:32:41.774+0000 7fe45d7f2640 1 --2- 10.20.193.75:0/3608035849 >> [v2:10.20.193.75:6800/2971101820,v1:10.20.193.75:6801/2971101820] conn(0x7fe43403dc40 0x7fe434040100 unknown :-1 s=START_CONNECT pgs=0 cs=0 l=1 rev1=0 crypto rx=0 tx=0 comp rx=0 tx=0)._fault waiting 0.200000
2026-02-17T19:32:41.974 INFO:teuthology.orchestra.run.trial075.stdout:/usr/bin/ceph: stderr
2026-02-17T19:32:41.776+0000 7fe446ffd640 1 -- 10.20.193.75:0/3608035849 <== mon.0 v2:10.20.193.75:3300/0 6 ==== mon_command_ack([{"prefix": "get_command_descriptions"}]=0 v0) ==== 72+0+195034 (secure 0 0 0) 0x7fe44804a360 con 0x7fe45810a180
2026-02-17T19:32:41.974 INFO:teuthology.orchestra.run.trial075.stdout:/usr/bin/ceph: stderr
2026-02-17T19:32:41.890+0000 7fe444ff9640 1 -- 10.20.193.75:0/3608035849 --> [v2:10.20.193.75:3300/0,v1:10.20.193.75:6789/0] -- mon_command({"prefix": "mgr stat"} v 0) -- 0x7fe4580630c0 con 0x7fe45810a180
2026-02-17T19:32:41.974 INFO:teuthology.orchestra.run.trial075.stdout:/usr/bin/ceph: stderr
2026-02-17T19:32:41.890+0000 7fe446ffd640 1 -- 10.20.193.75:0/3608035849 <== mon.0 v2:10.20.193.75:3300/0 7 ==== mon_command_ack([{"prefix": "mgr stat"}]=0 v9) ==== 56+0+88 (secure 0 0 0) 0x7fe448045120 con 0x7fe45810a180
2026-02-17T19:32:41.974 INFO:teuthology.orchestra.run.trial075.stdout:/usr/bin/ceph: stderr
2026-02-17T19:32:41.892+0000 7fe444ff9640 1 -- 10.20.193.75:0/3608035849 >> [v2:10.20.193.75:6800/2971101820,v1:10.20.193.75:6801/2971101820] conn(0x7fe43403dc40 msgr2=0x7fe434040100 unknown :-1 s=STATE_CONNECTING l=1).mark_down
2026-02-17T19:32:41.975 INFO:teuthology.orchestra.run.trial075.stdout:/usr/bin/ceph: stderr
2026-02-17T19:32:41.892+0000 7fe444ff9640 1 --2- 10.20.193.75:0/3608035849 >> [v2:10.20.193.75:6800/2971101820,v1:10.20.193.75:6801/2971101820] conn(0x7fe43403dc40 0x7fe434040100 unknown :-1 s=START_CONNECT pgs=0 cs=0 l=1 rev1=0 crypto rx=0 tx=0 comp rx=0 tx=0).stop
2026-02-17T19:32:41.975 INFO:teuthology.orchestra.run.trial075.stdout:/usr/bin/ceph: stderr
2026-02-17T19:32:41.892+0000 7fe444ff9640 1 -- 10.20.193.75:0/3608035849 >> [v2:10.20.193.75:3300/0,v1:10.20.193.75:6789/0] conn(0x7fe45810a180 msgr2=0x7fe4581a0030 secure :-1 s=STATE_CONNECTION_ESTABLISHED l=1).mark_down
2026-02-17T19:32:41.975 INFO:teuthology.orchestra.run.trial075.stdout:/usr/bin/ceph: stderr
2026-02-17T19:32:41.892+0000 7fe444ff9640 1 --2- 10.20.193.75:0/3608035849 >> [v2:10.20.193.75:3300/0,v1:10.20.193.75:6789/0] conn(0x7fe45810a180 0x7fe4581a0030 secure :-1 s=READY pgs=58 cs=0 l=1 rev1=1 crypto rx=0x7fe448039000 tx=0x7fe448037820 comp rx=0 tx=0).stop
2026-02-17T19:32:41.975 INFO:teuthology.orchestra.run.trial075.stdout:/usr/bin/ceph: stderr
2026-02-17T19:32:41.892+0000 7fe444ff9640 1 -- 10.20.193.75:0/3608035849 shutdown_connections
2026-02-17T19:32:41.975 INFO:teuthology.orchestra.run.trial075.stdout:/usr/bin/ceph: stderr
2026-02-17T19:32:41.892+0000 7fe444ff9640 1 --2- 10.20.193.75:0/3608035849 >> [v2:10.20.193.75:6800/2971101820,v1:10.20.193.75:6801/2971101820] conn(0x7fe43403dc40 0x7fe434040100 unknown :-1 s=CLOSED pgs=0 cs=0 l=1 rev1=0 crypto rx=0 tx=0 comp rx=0 tx=0).stop
2026-02-17T19:32:41.975 INFO:teuthology.orchestra.run.trial075.stdout:/usr/bin/ceph: stderr
2026-02-17T19:32:41.892+0000 7fe444ff9640 1 --2- 10.20.193.75:0/3608035849 >> [v2:10.20.193.75:3300/0,v1:10.20.193.75:6789/0] conn(0x7fe45810a180 0x7fe4581a0030 unknown :-1 s=CLOSED pgs=58 cs=0 l=1 rev1=1 crypto rx=0 tx=0 comp rx=0 tx=0).stop
2026-02-17T19:32:41.975 INFO:teuthology.orchestra.run.trial075.stdout:/usr/bin/ceph: stderr
2026-02-17T19:32:41.892+0000 7fe444ff9640 1 -- 10.20.193.75:0/3608035849 >> 10.20.193.75:0/3608035849 conn(0x7fe45807d680 msgr2=0x7fe458107680 unknown :-1 s=STATE_NONE l=0).mark_down
2026-02-17T19:32:41.975 INFO:teuthology.orchestra.run.trial075.stdout:/usr/bin/ceph: stderr
2026-02-17T19:32:41.892+0000 7fe444ff9640 1 -- 10.20.193.75:0/3608035849 shutdown_connections
2026-02-17T19:32:41.975 INFO:teuthology.orchestra.run.trial075.stdout:/usr/bin/ceph: stderr
2026-02-17T19:32:41.892+0000 7fe444ff9640 1 -- 10.20.193.75:0/3608035849 wait complete.
2026-02-17T19:32:41.975 INFO:teuthology.orchestra.run.trial075.stdout:Waiting for the mgr to restart...
2026-02-17T19:32:41.975 INFO:teuthology.orchestra.run.trial075.stdout:Waiting for mgr epoch 9...
2026-02-17T19:32:42.283 INFO:journalctl@ceph.mgr.x.trial075.stdout:Feb 17 19:32:42 trial075 ceph-5564e282-0c37-11f1-8560-d404e6e7d460-mgr-x[22990]:
2026-02-17T19:32:42.100+0000 7ff1284eb140 -1 mgr[py] Module snap_schedule has missing NOTIFY_TYPES member
