2026-02-17T19:32:36.088+0000 7faf477fe640 1 --2- >> [v2:10.20.193.75:3300/0,v1:10.20.193.75:6789/0] conn(0x7faf48110ae0 0x7faf48110ee0 unknown :-1 s=HELLO_CONNECTING pgs=0 cs=0 l=0 rev1=1 crypto rx=0 tx=0 comp rx=0 tx=0).handle_hello peer v2:10.20.193.75:3300/0 says I am v2:10.20.193.75:38736/0 (socket says 10.20.193.75:38736)
2026-02-17T19:32:36.300 INFO:teuthology.orchestra.run.trial075.stdout:/usr/bin/ceph: stderr
2026-02-17T19:32:36.088+0000 7faf477fe640 1 -- 10.20.193.75:0/2298162864 learned_addr learned my addr 10.20.193.75:0/2298162864 (peer_addr_for_me v2:10.20.193.75:0/0)
2026-02-17T19:32:36.300 INFO:teuthology.orchestra.run.trial075.stdout:/usr/bin/ceph: stderr
2026-02-17T19:32:36.088+0000 7faf477fe640 1 -- 10.20.193.75:0/2298162864 --> [v2:10.20.193.75:3300/0,v1:10.20.193.75:6789/0] -- mon_subscribe({config=0+,monmap=0+}) -- 0x7faf48111c90 con 0x7faf48110ae0
2026-02-17T19:32:36.300 INFO:teuthology.orchestra.run.trial075.stdout:/usr/bin/ceph: stderr
2026-02-17T19:32:36.089+0000 7faf477fe640 1 --2- 10.20.193.75:0/2298162864 >> [v2:10.20.193.75:3300/0,v1:10.20.193.75:6789/0] conn(0x7faf48110ae0 0x7faf48110ee0 secure :-1 s=READY pgs=39 cs=0 l=1 rev1=1 crypto rx=0x7faf34009920 tx=0x7faf3402ef20 comp rx=0 tx=0).ready entity=mon.0 client_cookie=a320fc4608a372c1 server_cookie=0 in_seq=0 out_seq=0
2026-02-17T19:32:36.300 INFO:teuthology.orchestra.run.trial075.stdout:/usr/bin/ceph: stderr
2026-02-17T19:32:36.089+0000 7faf467fc640 1 -- 10.20.193.75:0/2298162864 <== mon.0 v2:10.20.193.75:3300/0 1 ==== mon_map magic: 0 ==== 205+0+0 (secure 0 0 0) 0x7faf3403c070 con 0x7faf48110ae0
2026-02-17T19:32:36.300 INFO:teuthology.orchestra.run.trial075.stdout:/usr/bin/ceph: stderr
2026-02-17T19:32:36.089+0000 7faf467fc640 1 -- 10.20.193.75:0/2298162864 <== mon.0 v2:10.20.193.75:3300/0 2 ==== config(26 keys) ==== 1045+0+0 (secure 0 0 0) 0x7faf34037440 con 0x7faf48110ae0
2026-02-17T19:32:36.300 INFO:teuthology.orchestra.run.trial075.stdout:/usr/bin/ceph: stderr
2026-02-17T19:32:36.089+0000 7faf467fc640 1 -- 10.20.193.75:0/2298162864 <== mon.0 v2:10.20.193.75:3300/0 3 ==== mon_map magic: 0 ==== 205+0+0 (secure 0 0 0) 0x7faf340354b0 con 0x7faf48110ae0
2026-02-17T19:32:36.300 INFO:teuthology.orchestra.run.trial075.stdout:/usr/bin/ceph: stderr
2026-02-17T19:32:36.090+0000 7faf4e162640 1 -- 10.20.193.75:0/2298162864 >> [v2:10.20.193.75:3300/0,v1:10.20.193.75:6789/0] conn(0x7faf48110ae0 msgr2=0x7faf48110ee0 secure :-1 s=STATE_CONNECTION_ESTABLISHED l=1).mark_down
2026-02-17T19:32:36.300 INFO:teuthology.orchestra.run.trial075.stdout:/usr/bin/ceph: stderr
2026-02-17T19:32:36.090+0000 7faf4e162640 1 --2- 10.20.193.75:0/2298162864 >> [v2:10.20.193.75:3300/0,v1:10.20.193.75:6789/0] conn(0x7faf48110ae0 0x7faf48110ee0 secure :-1 s=READY pgs=39 cs=0 l=1 rev1=1 crypto rx=0x7faf34009920 tx=0x7faf3402ef20 comp rx=0 tx=0).stop
2026-02-17T19:32:36.300 INFO:teuthology.orchestra.run.trial075.stdout:/usr/bin/ceph: stderr
2026-02-17T19:32:36.090+0000 7faf4e162640 1 -- 10.20.193.75:0/2298162864 shutdown_connections
2026-02-17T19:32:36.300 INFO:teuthology.orchestra.run.trial075.stdout:/usr/bin/ceph: stderr
2026-02-17T19:32:36.090+0000 7faf4e162640 1 --2- 10.20.193.75:0/2298162864 >> [v2:10.20.193.75:3300/0,v1:10.20.193.75:6789/0] conn(0x7faf48110ae0 0x7faf48110ee0 unknown :-1 s=CLOSED pgs=39 cs=0 l=1 rev1=1 crypto rx=0 tx=0 comp rx=0 tx=0).stop
2026-02-17T19:32:36.300 INFO:teuthology.orchestra.run.trial075.stdout:/usr/bin/ceph: stderr
2026-02-17T19:32:36.090+0000 7faf4e162640 1 -- 10.20.193.75:0/2298162864 >> 10.20.193.75:0/2298162864 conn(0x7faf48071600 msgr2=0x7faf48073a60 unknown :-1 s=STATE_NONE l=0).mark_down
2026-02-17T19:32:36.300 INFO:teuthology.orchestra.run.trial075.stdout:/usr/bin/ceph: stderr
2026-02-17T19:32:36.090+0000 7faf4e162640 1 -- 10.20.193.75:0/2298162864 shutdown_connections
2026-02-17T19:32:36.300 INFO:teuthology.orchestra.run.trial075.stdout:/usr/bin/ceph: stderr
2026-02-17T19:32:36.090+0000 7faf4e162640 1 -- 10.20.193.75:0/2298162864 wait complete.
2026-02-17T19:32:36.300 INFO:teuthology.orchestra.run.trial075.stdout:/usr/bin/ceph: stderr
2026-02-17T19:32:36.091+0000 7faf4e162640 1 Processor -- start
2026-02-17T19:32:36.300 INFO:teuthology.orchestra.run.trial075.stdout:/usr/bin/ceph: stderr
2026-02-17T19:32:36.091+0000 7faf4e162640 1 -- start start
2026-02-17T19:32:36.300 INFO:teuthology.orchestra.run.trial075.stdout:/usr/bin/ceph: stderr
2026-02-17T19:32:36.091+0000 7faf4e162640 1 --2- >> [v2:10.20.193.75:3300/0,v1:10.20.193.75:6789/0] conn(0x7faf48110ae0 0x7faf4819f980 unknown :-1 s=NONE pgs=0 cs=0 l=1 rev1=0 crypto rx=0 tx=0 comp rx=0 tx=0).connect
2026-02-17T19:32:36.300 INFO:teuthology.orchestra.run.trial075.stdout:/usr/bin/ceph: stderr
2026-02-17T19:32:36.091+0000 7faf4e162640 1 -- --> [v2:10.20.193.75:3300/0,v1:10.20.193.75:6789/0] -- mon_getmap magic: 0 -- 0x7faf48114ec0 con 0x7faf48110ae0
2026-02-17T19:32:36.300 INFO:teuthology.orchestra.run.trial075.stdout:/usr/bin/ceph: stderr
2026-02-17T19:32:36.091+0000 7faf477fe640 1 --2- >> [v2:10.20.193.75:3300/0,v1:10.20.193.75:6789/0] conn(0x7faf48110ae0 0x7faf4819f980 unknown :-1 s=BANNER_CONNECTING pgs=0 cs=0 l=1 rev1=0 crypto rx=0 tx=0 comp rx=0 tx=0)._handle_peer_banner_payload supported=3 required=0
2026-02-17T19:32:36.300 INFO:teuthology.orchestra.run.trial075.stdout:/usr/bin/ceph: stderr
2026-02-17T19:32:36.091+0000 7faf477fe640 1 --2- >> [v2:10.20.193.75:3300/0,v1:10.20.193.75:6789/0] conn(0x7faf48110ae0 0x7faf4819f980 unknown :-1 s=HELLO_CONNECTING pgs=0 cs=0 l=1 rev1=1 crypto rx=0 tx=0 comp rx=0 tx=0).handle_hello peer v2:10.20.193.75:3300/0 says I am v2:10.20.193.75:38752/0 (socket says 10.20.193.75:38752)
2026-02-17T19:32:36.300 INFO:teuthology.orchestra.run.trial075.stdout:/usr/bin/ceph: stderr
2026-02-17T19:32:36.091+0000 7faf477fe640 1 -- 10.20.193.75:0/3717091949 learned_addr learned my addr 10.20.193.75:0/3717091949 (peer_addr_for_me v2:10.20.193.75:0/0)
2026-02-17T19:32:36.300 INFO:teuthology.orchestra.run.trial075.stdout:/usr/bin/ceph: stderr
2026-02-17T19:32:36.091+0000 7faf477fe640 1 -- 10.20.193.75:0/3717091949 --> [v2:10.20.193.75:3300/0,v1:10.20.193.75:6789/0] -- mon_subscribe({config=0+,monmap=0+}) -- 0x7faf4819fec0 con 0x7faf48110ae0
2026-02-17T19:32:36.300 INFO:teuthology.orchestra.run.trial075.stdout:/usr/bin/ceph: stderr
2026-02-17T19:32:36.092+0000 7faf477fe640 1 --2- 10.20.193.75:0/3717091949 >> [v2:10.20.193.75:3300/0,v1:10.20.193.75:6789/0] conn(0x7faf48110ae0 0x7faf4819f980 secure :-1 s=READY pgs=40 cs=0 l=1 rev1=1 crypto rx=0x7faf34006fd0 tx=0x7faf34037bb0 comp rx=0 tx=0).ready entity=mon.0 client_cookie=0 server_cookie=0 in_seq=0 out_seq=0
2026-02-17T19:32:36.300 INFO:teuthology.orchestra.run.trial075.stdout:/usr/bin/ceph: stderr
2026-02-17T19:32:36.092+0000 7faf44ff9640 1 -- 10.20.193.75:0/3717091949 <== mon.0 v2:10.20.193.75:3300/0 1 ==== mon_map magic: 0 ==== 205+0+0 (secure 0 0 0) 0x7faf34045070 con 0x7faf48110ae0
2026-02-17T19:32:36.300 INFO:teuthology.orchestra.run.trial075.stdout:/usr/bin/ceph: stderr
2026-02-17T19:32:36.092+0000 7faf44ff9640 1 -- 10.20.193.75:0/3717091949 <== mon.0 v2:10.20.193.75:3300/0 2 ==== config(26 keys) ==== 1045+0+0 (secure 0 0 0) 0x7faf34040450 con 0x7faf48110ae0
2026-02-17T19:32:36.300 INFO:teuthology.orchestra.run.trial075.stdout:/usr/bin/ceph: stderr
2026-02-17T19:32:36.092+0000 7faf44ff9640 1 -- 10.20.193.75:0/3717091949 <== mon.0 v2:10.20.193.75:3300/0 3 ==== mon_map magic: 0 ==== 205+0+0 (secure 0 0 0) 0x7faf3403c070 con 0x7faf48110ae0
2026-02-17T19:32:36.300 INFO:teuthology.orchestra.run.trial075.stdout:/usr/bin/ceph: stderr
2026-02-17T19:32:36.092+0000 7faf4e162640 1 -- 10.20.193.75:0/3717091949 --> [v2:10.20.193.75:3300/0,v1:10.20.193.75:6789/0] -- mon_subscribe({mgrmap=0+}) -- 0x7faf481a0150 con 0x7faf48110ae0
2026-02-17T19:32:36.300 INFO:teuthology.orchestra.run.trial075.stdout:/usr/bin/ceph: stderr
2026-02-17T19:32:36.092+0000 7faf4e162640 1 -- 10.20.193.75:0/3717091949 --> [v2:10.20.193.75:3300/0,v1:10.20.193.75:6789/0] -- mon_subscribe({osdmap=0}) -- 0x7faf4819c4c0 con 0x7faf48110ae0
2026-02-17T19:32:36.300 INFO:teuthology.orchestra.run.trial075.stdout:/usr/bin/ceph: stderr
2026-02-17T19:32:36.093+0000 7faf44ff9640 1 -- 10.20.193.75:0/3717091949 <== mon.0 v2:10.20.193.75:3300/0 4 ==== mgrmap(e 7) ==== 50141+0+0 (secure 0 0 0) 0x7faf34040900 con 0x7faf48110ae0
2026-02-17T19:32:36.300 INFO:teuthology.orchestra.run.trial075.stdout:/usr/bin/ceph: stderr
2026-02-17T19:32:36.093+0000 7faf44ff9640 1 --2- 10.20.193.75:0/3717091949 >> [v2:10.20.193.75:6800/2971101820,v1:10.20.193.75:6801/2971101820] conn(0x7faf1c03dad0 0x7faf1c03ff90 unknown :-1 s=NONE pgs=0 cs=0 l=1 rev1=0 crypto rx=0 tx=0 comp rx=0 tx=0).connect
2026-02-17T19:32:36.301 INFO:teuthology.orchestra.run.trial075.stdout:/usr/bin/ceph: stderr
2026-02-17T19:32:36.093+0000 7faf4e162640 1 -- 10.20.193.75:0/3717091949 --> [v2:10.20.193.75:3300/0,v1:10.20.193.75:6789/0] -- mon_command({"prefix": "get_command_descriptions"} v 0) -- 0x7faf48110f60 con 0x7faf48110ae0
2026-02-17T19:32:36.301 INFO:teuthology.orchestra.run.trial075.stdout:/usr/bin/ceph: stderr
2026-02-17T19:32:36.093+0000 7faf44ff9640 1 -- 10.20.193.75:0/3717091949 <== mon.0 v2:10.20.193.75:3300/0 5 ==== osd_map(2..2 src has 1..2) ==== 940+0+0 (secure 0 0 0) 0x7faf34076500 con 0x7faf48110ae0
2026-02-17T19:32:36.301 INFO:teuthology.orchestra.run.trial075.stdout:/usr/bin/ceph: stderr
2026-02-17T19:32:36.094+0000 7faf46ffd640 1 --2- 10.20.193.75:0/3717091949 >> [v2:10.20.193.75:6800/2971101820,v1:10.20.193.75:6801/2971101820] conn(0x7faf1c03dad0 0x7faf1c03ff90 unknown :-1 s=BANNER_CONNECTING pgs=0 cs=0 l=1 rev1=0 crypto rx=0 tx=0 comp rx=0 tx=0)._handle_peer_banner_payload supported=3 required=0
2026-02-17T19:32:36.301 INFO:teuthology.orchestra.run.trial075.stdout:/usr/bin/ceph: stderr
2026-02-17T19:32:36.094+0000 7faf46ffd640 1 --2- 10.20.193.75:0/3717091949 >> [v2:10.20.193.75:6800/2971101820,v1:10.20.193.75:6801/2971101820] conn(0x7faf1c03dad0 0x7faf1c03ff90 secure :-1 s=READY pgs=9 cs=0 l=1 rev1=1 crypto rx=0x7faf380099c0 tx=0x7faf38006eb0 comp rx=0 tx=0).ready entity=mgr.14118 client_cookie=0 server_cookie=0 in_seq=0 out_seq=0
2026-02-17T19:32:36.301 INFO:teuthology.orchestra.run.trial075.stdout:/usr/bin/ceph: stderr
2026-02-17T19:32:36.097+0000 7faf44ff9640 1 -- 10.20.193.75:0/3717091949 <== mon.0 v2:10.20.193.75:3300/0 6 ==== mon_command_ack([{"prefix": "get_command_descriptions"}]=0 v0) ==== 72+0+195034 (secure 0 0 0) 0x7faf3405d120 con 0x7faf48110ae0
2026-02-17T19:32:36.301 INFO:teuthology.orchestra.run.trial075.stdout:/usr/bin/ceph: stderr
2026-02-17T19:32:36.187+0000 7faf4e162640 1 -- 10.20.193.75:0/3717091949 --> [v2:10.20.193.75:6800/2971101820,v1:10.20.193.75:6801/2971101820] -- mgr_command(tid 0: {"prefix": "cephadm generate-key", "target": ["mon-mgr", ""]}) -- 0x7faf4819ce50 con 0x7faf1c03dad0
2026-02-17T19:32:36.301 INFO:teuthology.orchestra.run.trial075.stdout:/usr/bin/ceph: stderr
2026-02-17T19:32:36.221+0000 7faf44ff9640 1 -- 10.20.193.75:0/3717091949 <== mgr.14118 v2:10.20.193.75:6800/2971101820 1 ==== mgr_command_reply(tid 0: 0 ) ==== 8+0+0 (secure 0 0 0) 0x7faf4819ce50 con 0x7faf1c03dad0
2026-02-17T19:32:36.301 INFO:teuthology.orchestra.run.trial075.stdout:/usr/bin/ceph: stderr
2026-02-17T19:32:36.223+0000 7faf4e162640 1 -- 10.20.193.75:0/3717091949 >> [v2:10.20.193.75:6800/2971101820,v1:10.20.193.75:6801/2971101820] conn(0x7faf1c03dad0 msgr2=0x7faf1c03ff90 secure :-1 s=STATE_CONNECTION_ESTABLISHED l=1).mark_down
2026-02-17T19:32:36.301 INFO:teuthology.orchestra.run.trial075.stdout:/usr/bin/ceph: stderr
2026-02-17T19:32:36.223+0000 7faf4e162640 1 --2- 10.20.193.75:0/3717091949 >> [v2:10.20.193.75:6800/2971101820,v1:10.20.193.75:6801/2971101820] conn(0x7faf1c03dad0 0x7faf1c03ff90 secure :-1 s=READY pgs=9 cs=0 l=1 rev1=1 crypto rx=0x7faf380099c0 tx=0x7faf38006eb0 comp rx=0 tx=0).stop
2026-02-17T19:32:36.301 INFO:teuthology.orchestra.run.trial075.stdout:/usr/bin/ceph: stderr
2026-02-17T19:32:36.223+0000 7faf4e162640 1 -- 10.20.193.75:0/3717091949 >> [v2:10.20.193.75:3300/0,v1:10.20.193.75:6789/0] conn(0x7faf48110ae0 msgr2=0x7faf4819f980 secure :-1 s=STATE_CONNECTION_ESTABLISHED l=1).mark_down
2026-02-17T19:32:36.301 INFO:teuthology.orchestra.run.trial075.stdout:/usr/bin/ceph: stderr
2026-02-17T19:32:36.223+0000 7faf4e162640 1 --2- 10.20.193.75:0/3717091949 >> [v2:10.20.193.75:3300/0,v1:10.20.193.75:6789/0] conn(0x7faf48110ae0 0x7faf4819f980 secure :-1 s=READY pgs=40 cs=0 l=1 rev1=1 crypto rx=0x7faf34006fd0 tx=0x7faf34037bb0 comp rx=0 tx=0).stop
2026-02-17T19:32:36.301 INFO:teuthology.orchestra.run.trial075.stdout:/usr/bin/ceph: stderr
2026-02-17T19:32:36.223+0000 7faf4e162640 1 -- 10.20.193.75:0/3717091949 shutdown_connections
2026-02-17T19:32:36.301 INFO:teuthology.orchestra.run.trial075.stdout:/usr/bin/ceph: stderr
2026-02-17T19:32:36.223+0000 7faf4e162640 1 --2- 10.20.193.75:0/3717091949 >> [v2:10.20.193.75:6800/2971101820,v1:10.20.193.75:6801/2971101820] conn(0x7faf1c03dad0 0x7faf1c03ff90 unknown :-1 s=CLOSED pgs=9 cs=0 l=1 rev1=1 crypto rx=0 tx=0 comp rx=0 tx=0).stop
2026-02-17T19:32:36.301 INFO:teuthology.orchestra.run.trial075.stdout:/usr/bin/ceph: stderr
2026-02-17T19:32:36.223+0000 7faf4e162640 1 --2- 10.20.193.75:0/3717091949 >> [v2:10.20.193.75:3300/0,v1:10.20.193.75:6789/0] conn(0x7faf48110ae0 0x7faf4819f980 unknown :-1 s=CLOSED pgs=40 cs=0 l=1 rev1=1 crypto rx=0 tx=0 comp rx=0 tx=0).stop
2026-02-17T19:32:36.301 INFO:teuthology.orchestra.run.trial075.stdout:/usr/bin/ceph: stderr
2026-02-17T19:32:36.223+0000 7faf4e162640 1 -- 10.20.193.75:0/3717091949 >> 10.20.193.75:0/3717091949 conn(0x7faf48071600 msgr2=0x7faf48073210 unknown :-1 s=STATE_NONE l=0).mark_down
2026-02-17T19:32:36.301 INFO:teuthology.orchestra.run.trial075.stdout:/usr/bin/ceph: stderr
2026-02-17T19:32:36.223+0000 7faf4e162640 1 -- 10.20.193.75:0/3717091949 shutdown_connections
2026-02-17T19:32:36.301 INFO:teuthology.orchestra.run.trial075.stdout:/usr/bin/ceph: stderr
2026-02-17T19:32:36.223+0000 7faf4e162640 1 -- 10.20.193.75:0/3717091949 wait complete.
2026-02-17T19:32:36.453 INFO:journalctl@ceph.mon.a.trial075.stdout:Feb 17 19:32:36 trial075 ceph-mon[22769]: [17/Feb/2026:19:32:35] ENGINE Bus STARTING
2026-02-17T19:32:36.453 INFO:journalctl@ceph.mon.a.trial075.stdout:Feb 17 19:32:36 trial075 ceph-mon[22769]: from='client.14122 -' entity='client.admin' cmd=[{"prefix": "get_command_descriptions"}]: dispatch
2026-02-17T19:32:36.453 INFO:journalctl@ceph.mon.a.trial075.stdout:Feb 17 19:32:36 trial075 ceph-mon[22769]: from='client.14122 -' entity='client.admin' cmd=[{"prefix": "mgr_status"}]: dispatch
2026-02-17T19:32:36.453 INFO:journalctl@ceph.mon.a.trial075.stdout:Feb 17 19:32:36 trial075 ceph-mon[22769]: [17/Feb/2026:19:32:35] ENGINE Serving on https://10.20.193.75:7150
2026-02-17T19:32:36.453 INFO:journalctl@ceph.mon.a.trial075.stdout:Feb 17 19:32:36 trial075 ceph-mon[22769]: [17/Feb/2026:19:32:35] ENGINE Client ('10.20.193.75', 36740) lost — peer dropped the TLS connection suddenly, during handshake: (6, 'TLS/SSL connection has been closed (EOF) (_ssl.c:1147)')
2026-02-17T19:32:36.453 INFO:journalctl@ceph.mon.a.trial075.stdout:Feb 17 19:32:36 trial075 ceph-mon[22769]: [17/Feb/2026:19:32:35] ENGINE Serving on http://10.20.193.75:8765
2026-02-17T19:32:36.453 INFO:journalctl@ceph.mon.a.trial075.stdout:Feb 17 19:32:36 trial075 ceph-mon[22769]: [17/Feb/2026:19:32:35] ENGINE Bus STARTED
2026-02-17T19:32:36.453 INFO:journalctl@ceph.mon.a.trial075.stdout:Feb 17 19:32:36 trial075 ceph-mon[22769]: from='mgr.14118 10.20.193.75:0/2965701121' entity='mgr.x' cmd=[{"prefix": "config dump", "format": "json"}]: dispatch
2026-02-17T19:32:36.453 INFO:journalctl@ceph.mon.a.trial075.stdout:Feb 17 19:32:36 trial075 ceph-mon[22769]: from='client.14130 -' entity='client.admin' cmd=[{"prefix": "orch set backend", "module_name": "cephadm", "target": ["mon-mgr", ""]}]: dispatch
2026-02-17T19:32:36.453 INFO:journalctl@ceph.mon.a.trial075.stdout:Feb 17 19:32:36 trial075 ceph-mon[22769]: from='mgr.14118 10.20.193.75:0/2965701121' entity='mgr.x'
2026-02-17T19:32:36.453 INFO:journalctl@ceph.mon.a.trial075.stdout:Feb 17 19:32:36 trial075 ceph-mon[22769]: from='mgr.14118 10.20.193.75:0/2965701121' entity='mgr.x' cmd=[{"prefix": "config dump", "format": "json"}]: dispatch
2026-02-17T19:32:36.453 INFO:journalctl@ceph.mon.a.trial075.stdout:Feb 17 19:32:36 trial075 ceph-mon[22769]: from='mgr.14118 10.20.193.75:0/2965701121' entity='mgr.x'
2026-02-17T19:32:36.453 INFO:journalctl@ceph.mon.a.trial075.stdout:Feb 17 19:32:36 trial075 ceph-mon[22769]: from='mgr.14118 10.20.193.75:0/2965701121' entity='mgr.x'
2026-02-17T19:32:36.453 INFO:journalctl@ceph.mgr.x.trial075.stdout:Feb 17 19:32:36 trial075 ceph-5564e282-0c37-11f1-8560-d404e6e7d460-mgr-x[22990]: Generating public/private ed25519 key pair.
2026-02-17T19:32:36.453 INFO:journalctl@ceph.mgr.x.trial075.stdout:Feb 17 19:32:36 trial075 ceph-5564e282-0c37-11f1-8560-d404e6e7d460-mgr-x[22990]: Your identification has been saved in /tmp/tmp282wy0r3/key
2026-02-17T19:32:36.453 INFO:journalctl@ceph.mgr.x.trial075.stdout:Feb 17 19:32:36 trial075 ceph-5564e282-0c37-11f1-8560-d404e6e7d460-mgr-x[22990]: Your public key has been saved in /tmp/tmp282wy0r3/key.pub
2026-02-17T19:32:36.453 INFO:journalctl@ceph.mgr.x.trial075.stdout:Feb 17 19:32:36 trial075 ceph-5564e282-0c37-11f1-8560-d404e6e7d460-mgr-x[22990]: The key fingerprint is:
2026-02-17T19:32:36.453 INFO:journalctl@ceph.mgr.x.trial075.stdout:Feb 17 19:32:36 trial075 ceph-5564e282-0c37-11f1-8560-d404e6e7d460-mgr-x[22990]: SHA256:M01rZNMwC0JuMF5TGjfbiJC6zx4LyahvBKDiDZgak7U ceph-5564e282-0c37-11f1-8560-d404e6e7d460
2026-02-17T19:32:36.453 INFO:journalctl@ceph.mgr.x.trial075.stdout:Feb 17 19:32:36 trial075 ceph-5564e282-0c37-11f1-8560-d404e6e7d460-mgr-x[22990]: The key's randomart image is:
2026-02-17T19:32:36.453 INFO:journalctl@ceph.mgr.x.trial075.stdout:Feb 17 19:32:36 trial075 ceph-5564e282-0c37-11f1-8560-d404e6e7d460-mgr-x[22990]: +--[ED25519 256]--+
2026-02-17T19:32:36.454 INFO:journalctl@ceph.mgr.x.trial075.stdout:Feb 17 19:32:36 trial075 ceph-5564e282-0c37-11f1-8560-d404e6e7d460-mgr-x[22990]: | +o*.= o |
2026-02-17T19:32:36.454 INFO:journalctl@ceph.mgr.x.trial075.stdout:Feb 17 19:32:36 trial075 ceph-5564e282-0c37-11f1-8560-d404e6e7d460-mgr-x[22990]: |. ...* B * = |
2026-02-17T19:32:36.454 INFO:journalctl@ceph.mgr.x.trial075.stdout:Feb 17 19:32:36 trial075 ceph-5564e282-0c37-11f1-8560-d404e6e7d460-mgr-x[22990]: |++ o. = o B . |
2026-02-17T19:32:36.454 INFO:journalctl@ceph.mgr.x.trial075.stdout:Feb 17 19:32:36 trial075 ceph-5564e282-0c37-11f1-8560-d404e6e7d460-mgr-x[22990]: |X.E . = o |
2026-02-17T19:32:36.454 INFO:journalctl@ceph.mgr.x.trial075.stdout:Feb 17 19:32:36 trial075 ceph-5564e282-0c37-11f1-8560-d404e6e7d460-mgr-x[22990]: |++o. S + |
2026-02-17T19:32:36.454 INFO:journalctl@ceph.mgr.x.trial075.stdout:Feb 17 19:32:36 trial075 ceph-5564e282-0c37-11f1-8560-d404e6e7d460-mgr-x[22990]: |.+oo + |
2026-02-17T19:32:36.454 INFO:journalctl@ceph.mgr.x.trial075.stdout:Feb 17 19:32:36 trial075 ceph-5564e282-0c37-11f1-8560-d404e6e7d460-mgr-x[22990]: |..+o. |
2026-02-17T19:32:36.454 INFO:journalctl@ceph.mgr.x.trial075.stdout:Feb 17 19:32:36 trial075 ceph-5564e282-0c37-11f1-8560-d404e6e7d460-mgr-x[22990]: |. ..oo |
2026-02-17T19:32:36.454 INFO:journalctl@ceph.mgr.x.trial075.stdout:Feb 17 19:32:36 trial075 ceph-5564e282-0c37-11f1-8560-d404e6e7d460-mgr-x[22990]: |.o..o |
2026-02-17T19:32:36.454 INFO:journalctl@ceph.mgr.x.trial075.stdout:Feb 17 19:32:36 trial075 ceph-5564e282-0c37-11f1-8560-d404e6e7d460-mgr-x[22990]: +----[SHA256]-----+
2026-02-17T19:32:36.629 INFO:teuthology.orchestra.run.trial075.stdout:/usr/bin/ceph: stdout ssh-ed25519 AAAAC3NzaC1lZDI1NTE5AAAAIOQhZiFwP3KUDNQkz3g0y5k1BdWFDeTujzzEox7GY4+5 ceph-5564e282-0c37-11f1-8560-d404e6e7d460
2026-02-17T19:32:36.629 INFO:teuthology.orchestra.run.trial075.stdout:/usr/bin/ceph: stderr
2026-02-17T19:32:36.450+0000 7f005c870640 1 Processor -- start
2026-02-17T19:32:36.629 INFO:teuthology.orchestra.run.trial075.stdout:/usr/bin/ceph: stderr
2026-02-17T19:32:36.450+0000 7f005c870640 1 -- start start
2026-02-17T19:32:36.629 INFO:teuthology.orchestra.run.trial075.stdout:/usr/bin/ceph: stderr
2026-02-17T19:32:36.450+0000 7f005c870640 1 --2- >> [v2:10.20.193.75:3300/0,v1:10.20.193.75:6789/0] conn(0x7f005810a180 0x7f005810a580 unknown :-1 s=NONE pgs=0 cs=0 l=0 rev1=0 crypto rx=0 tx=0 comp rx=0 tx=0).connect
2026-02-17T19:32:36.629 INFO:teuthology.orchestra.run.trial075.stdout:/usr/bin/ceph: stderr
2026-02-17T19:32:36.450+0000 7f005c870640 1 -- --> [v2:10.20.193.75:3300/0,v1:10.20.193.75:6789/0] -- mon_getmap magic: 0 -- 0x7f005810ab50 con 0x7f005810a180
2026-02-17T19:32:36.629 INFO:teuthology.orchestra.run.trial075.stdout:/usr/bin/ceph: stderr
2026-02-17T19:32:36.450+0000 7f00577fe640 1 --2- >> [v2:10.20.193.75:3300/0,v1:10.20.193.75:6789/0] conn(0x7f005810a180 0x7f005810a580 unknown :-1 s=BANNER_CONNECTING pgs=0 cs=0 l=0 rev1=0 crypto rx=0 tx=0 comp rx=0 tx=0)._handle_peer_banner_payload supported=3 required=0
2026-02-17T19:32:36.629 INFO:teuthology.orchestra.run.trial075.stdout:/usr/bin/ceph: stderr
2026-02-17T19:32:36.450+0000 7f00577fe640 1 --2- >> [v2:10.20.193.75:3300/0,v1:10.20.193.75:6789/0] conn(0x7f005810a180 0x7f005810a580 unknown :-1 s=HELLO_CONNECTING pgs=0 cs=0 l=0 rev1=1 crypto rx=0 tx=0 comp rx=0 tx=0).handle_hello peer v2:10.20.193.75:3300/0 says I am v2:10.20.193.75:38758/0 (socket says 10.20.193.75:38758)
2026-02-17T19:32:36.629 INFO:teuthology.orchestra.run.trial075.stdout:/usr/bin/ceph: stderr
2026-02-17T19:32:36.450+0000 7f00577fe640 1 -- 10.20.193.75:0/642740114 learned_addr learned my addr 10.20.193.75:0/642740114 (peer_addr_for_me v2:10.20.193.75:0/0)
2026-02-17T19:32:36.629 INFO:teuthology.orchestra.run.trial075.stdout:/usr/bin/ceph: stderr
2026-02-17T19:32:36.451+0000 7f00577fe640 1 -- 10.20.193.75:0/642740114 --> [v2:10.20.193.75:3300/0,v1:10.20.193.75:6789/0] -- mon_subscribe({config=0+,monmap=0+}) -- 0x7f005810b380 con 0x7f005810a180
2026-02-17T19:32:36.629 INFO:teuthology.orchestra.run.trial075.stdout:/usr/bin/ceph: stderr
2026-02-17T19:32:36.451+0000 7f00577fe640 1 --2- 10.20.193.75:0/642740114 >> [v2:10.20.193.75:3300/0,v1:10.20.193.75:6789/0] conn(0x7f005810a180 0x7f005810a580 secure :-1 s=READY pgs=41 cs=0 l=1 rev1=1 crypto rx=0x7f0044009920 tx=0x7f004402ef20 comp rx=0 tx=0).ready entity=mon.0 client_cookie=9578c0a0ff7c7667 server_cookie=0 in_seq=0 out_seq=0
2026-02-17T19:32:36.630 INFO:teuthology.orchestra.run.trial075.stdout:/usr/bin/ceph: stderr
2026-02-17T19:32:36.451+0000 7f00567fc640 1 -- 10.20.193.75:0/642740114 <== mon.0 v2:10.20.193.75:3300/0 1 ==== mon_map magic: 0 ==== 205+0+0 (secure 0 0 0) 0x7f004403c070 con 0x7f005810a180
2026-02-17T19:32:36.630 INFO:teuthology.orchestra.run.trial075.stdout:/usr/bin/ceph: stderr
2026-02-17T19:32:36.452+0000 7f00567fc640 1 -- 10.20.193.75:0/642740114 <== mon.0 v2:10.20.193.75:3300/0 2 ==== config(26 keys) ==== 1045+0+0 (secure 0 0 0) 0x7f0044037440 con 0x7f005810a180
2026-02-17T19:32:36.630 INFO:teuthology.orchestra.run.trial075.stdout:/usr/bin/ceph: stderr
2026-02-17T19:32:36.452+0000 7f00567fc640 1 -- 10.20.193.75:0/642740114 <== mon.0 v2:10.20.193.75:3300/0 3 ==== mon_map magic: 0 ==== 205+0+0 (secure 0 0 0) 0x7f00440354b0 con 0x7f005810a180
2026-02-17T19:32:36.630 INFO:teuthology.orchestra.run.trial075.stdout:/usr/bin/ceph: stderr
2026-02-17T19:32:36.452+0000 7f005c870640 1 -- 10.20.193.75:0/642740114 >> [v2:10.20.193.75:3300/0,v1:10.20.193.75:6789/0] conn(0x7f005810a180 msgr2=0x7f005810a580 secure :-1 s=STATE_CONNECTION_ESTABLISHED l=1).mark_down
2026-02-17T19:32:36.630 INFO:teuthology.orchestra.run.trial075.stdout:/usr/bin/ceph: stderr
2026-02-17T19:32:36.452+0000 7f005c870640 1 --2- 10.20.193.75:0/642740114 >> [v2:10.20.193.75:3300/0,v1:10.20.193.75:6789/0] conn(0x7f005810a180 0x7f005810a580 secure :-1 s=READY pgs=41 cs=0 l=1 rev1=1 crypto rx=0x7f0044009920 tx=0x7f004402ef20 comp rx=0 tx=0).stop
2026-02-17T19:32:36.630 INFO:teuthology.orchestra.run.trial075.stdout:/usr/bin/ceph: stderr
2026-02-17T19:32:36.452+0000 7f005c870640 1 -- 10.20.193.75:0/642740114 shutdown_connections
2026-02-17T19:32:36.630 INFO:teuthology.orchestra.run.trial075.stdout:/usr/bin/ceph: stderr
2026-02-17T19:32:36.452+0000 7f005c870640 1 --2- 10.20.193.75:0/642740114 >> [v2:10.20.193.75:3300/0,v1:10.20.193.75:6789/0] conn(0x7f005810a180 0x7f005810a580 unknown :-1 s=CLOSED pgs=41 cs=0 l=1 rev1=1 crypto rx=0 tx=0 comp rx=0 tx=0).stop
2026-02-17T19:32:36.630 INFO:teuthology.orchestra.run.trial075.stdout:/usr/bin/ceph: stderr
2026-02-17T19:32:36.452+0000 7f005c870640 1 -- 10.20.193.75:0/642740114 >> 10.20.193.75:0/642740114 conn(0x7f005807d680 msgr2=0x7f005807da90 unknown :-1 s=STATE_NONE l=0).mark_down
2026-02-17T19:32:36.630 INFO:teuthology.orchestra.run.trial075.stdout:/usr/bin/ceph: stderr
2026-02-17T19:32:36.452+0000 7f005c870640 1 -- 10.20.193.75:0/642740114 shutdown_connections
2026-02-17T19:32:36.630 INFO:teuthology.orchestra.run.trial075.stdout:/usr/bin/ceph: stderr
2026-02-17T19:32:36.452+0000 7f005c870640 1 -- 10.20.193.75:0/642740114 wait complete.
2026-02-17T19:32:36.630 INFO:teuthology.orchestra.run.trial075.stdout:/usr/bin/ceph: stderr
2026-02-17T19:32:36.453+0000 7f005c870640 1 Processor -- start
2026-02-17T19:32:36.630 INFO:teuthology.orchestra.run.trial075.stdout:/usr/bin/ceph: stderr
2026-02-17T19:32:36.453+0000 7f005c870640 1 -- start start
2026-02-17T19:32:36.630 INFO:teuthology.orchestra.run.trial075.stdout:/usr/bin/ceph: stderr
2026-02-17T19:32:36.453+0000 7f005c870640 1 --2- >> [v2:10.20.193.75:3300/0,v1:10.20.193.75:6789/0] conn(0x7f005810a180 0x7f00581a0070 unknown :-1 s=NONE pgs=0 cs=0 l=1 rev1=0 crypto rx=0 tx=0 comp rx=0 tx=0).connect
2026-02-17T19:32:36.630 INFO:teuthology.orchestra.run.trial075.stdout:/usr/bin/ceph: stderr
2026-02-17T19:32:36.453+0000 7f005c870640 1 -- --> [v2:10.20.193.75:3300/0,v1:10.20.193.75:6789/0] -- mon_getmap magic: 0 -- 0x7f005810e5b0 con 0x7f005810a180
2026-02-17T19:32:36.630 INFO:teuthology.orchestra.run.trial075.stdout:/usr/bin/ceph: stderr
2026-02-17T19:32:36.453+0000 7f00577fe640 1 --2- >> [v2:10.20.193.75:3300/0,v1:10.20.193.75:6789/0] conn(0x7f005810a180 0x7f00581a0070 unknown :-1 s=BANNER_CONNECTING pgs=0 cs=0 l=1 rev1=0 crypto rx=0 tx=0 comp rx=0 tx=0)._handle_peer_banner_payload supported=3 required=0
2026-02-17T19:32:36.630 INFO:teuthology.orchestra.run.trial075.stdout:/usr/bin/ceph: stderr
2026-02-17T19:32:36.454+0000 7f00577fe640 1 --2- >> [v2:10.20.193.75:3300/0,v1:10.20.193.75:6789/0] conn(0x7f005810a180 0x7f00581a0070 unknown :-1 s=HELLO_CONNECTING pgs=0 cs=0 l=1 rev1=1 crypto rx=0 tx=0 comp rx=0 tx=0).handle_hello peer v2:10.20.193.75:3300/0 says I am v2:10.20.193.75:38770/0 (socket says 10.20.193.75:38770)
2026-02-17T19:32:36.630 INFO:teuthology.orchestra.run.trial075.stdout:/usr/bin/ceph: stderr
2026-02-17T19:32:36.454+0000 7f00577fe640 1 -- 10.20.193.75:0/4260153636 learned_addr learned my addr 10.20.193.75:0/4260153636 (peer_addr_for_me v2:10.20.193.75:0/0)
2026-02-17T19:32:36.630 INFO:teuthology.orchestra.run.trial075.stdout:/usr/bin/ceph: stderr
2026-02-17T19:32:36.454+0000 7f00577fe640 1 -- 10.20.193.75:0/4260153636 --> [v2:10.20.193.75:3300/0,v1:10.20.193.75:6789/0] -- mon_subscribe({config=0+,monmap=0+}) -- 0x7f00581a05b0 con 0x7f005810a180
2026-02-17T19:32:36.630 INFO:teuthology.orchestra.run.trial075.stdout:/usr/bin/ceph: stderr
2026-02-17T19:32:36.454+0000 7f00577fe640 1 --2- 10.20.193.75:0/4260153636 >> [v2:10.20.193.75:3300/0,v1:10.20.193.75:6789/0] conn(0x7f005810a180 0x7f00581a0070 secure :-1 s=READY pgs=42 cs=0 l=1 rev1=1 crypto rx=0x7f0044006fd0 tx=0x7f0044037bb0 comp rx=0 tx=0).ready entity=mon.0 client_cookie=0 server_cookie=0 in_seq=0 out_seq=0
2026-02-17T19:32:36.630 INFO:teuthology.orchestra.run.trial075.stdout:/usr/bin/ceph: stderr
2026-02-17T19:32:36.454+0000 7f0054ff9640 1 -- 10.20.193.75:0/4260153636 <== mon.0 v2:10.20.193.75:3300/0 1 ==== mon_map magic: 0 ==== 205+0+0 (secure 0 0 0) 0x7f0044045070 con 0x7f005810a180
2026-02-17T19:32:36.630 INFO:teuthology.orchestra.run.trial075.stdout:/usr/bin/ceph: stderr
2026-02-17T19:32:36.454+0000 7f0054ff9640 1 -- 10.20.193.75:0/4260153636 <== mon.0 v2:10.20.193.75:3300/0 2 ==== config(26 keys) ==== 1045+0+0 (secure 0 0 0) 0x7f0044040450 con 0x7f005810a180
2026-02-17T19:32:36.630 INFO:teuthology.orchestra.run.trial075.stdout:/usr/bin/ceph: stderr
2026-02-17T19:32:36.454+0000 7f0054ff9640 1 -- 10.20.193.75:0/4260153636 <== mon.0 v2:10.20.193.75:3300/0 3 ==== mon_map magic: 0 ==== 205+0+0 (secure 0 0 0) 0x7f004403c070 con 0x7f005810a180
2026-02-17T19:32:36.631 INFO:teuthology.orchestra.run.trial075.stdout:/usr/bin/ceph: stderr
2026-02-17T19:32:36.454+0000 7f005c870640 1 -- 10.20.193.75:0/4260153636 --> [v2:10.20.193.75:3300/0,v1:10.20.193.75:6789/0] -- mon_subscribe({mgrmap=0+}) -- 0x7f00581a0840 con 0x7f005810a180
2026-02-17T19:32:36.631 INFO:teuthology.orchestra.run.trial075.stdout:/usr/bin/ceph: stderr
2026-02-17T19:32:36.454+0000 7f005c870640 1 -- 10.20.193.75:0/4260153636 --> [v2:10.20.193.75:3300/0,v1:10.20.193.75:6789/0] -- mon_subscribe({osdmap=0}) -- 0x7f00581a3530 con 0x7f005810a180
2026-02-17T19:32:36.631 INFO:teuthology.orchestra.run.trial075.stdout:/usr/bin/ceph: stderr
2026-02-17T19:32:36.455+0000 7f005c870640 1 -- 10.20.193.75:0/4260153636 --> [v2:10.20.193.75:3300/0,v1:10.20.193.75:6789/0] -- mon_command({"prefix": "get_command_descriptions"} v 0) -- 0x7f005810a600 con 0x7f005810a180
2026-02-17T19:32:36.631 INFO:teuthology.orchestra.run.trial075.stdout:/usr/bin/ceph: stderr
2026-02-17T19:32:36.455+0000 7f0054ff9640 1 -- 10.20.193.75:0/4260153636 <== mon.0 v2:10.20.193.75:3300/0 4 ==== mgrmap(e 7) ==== 50141+0+0 (secure 0 0 0) 0x7f0044040900 con 0x7f005810a180
2026-02-17T19:32:36.631 INFO:teuthology.orchestra.run.trial075.stdout:/usr/bin/ceph: stderr
2026-02-17T19:32:36.456+0000 7f0054ff9640 1 --2- 10.20.193.75:0/4260153636 >> [v2:10.20.193.75:6800/2971101820,v1:10.20.193.75:6801/2971101820] conn(0x7f002c03dad0 0x7f002c03ff90 unknown :-1 s=NONE pgs=0 cs=0 l=1 rev1=0 crypto rx=0 tx=0 comp rx=0 tx=0).connect
2026-02-17T19:32:36.631 INFO:teuthology.orchestra.run.trial075.stdout:/usr/bin/ceph: stderr
2026-02-17T19:32:36.456+0000 7f0054ff9640 1 -- 10.20.193.75:0/4260153636 <== mon.0 v2:10.20.193.75:3300/0 5 ==== osd_map(2..2 src has 1..2) ==== 940+0+0 (secure 0 0 0) 0x7f0044076550 con 0x7f005810a180
2026-02-17T19:32:36.631 INFO:teuthology.orchestra.run.trial075.stdout:/usr/bin/ceph: stderr
2026-02-17T19:32:36.456+0000 7f0056ffd640 1 --2- 10.20.193.75:0/4260153636 >> [v2:10.20.193.75:6800/2971101820,v1:10.20.193.75:6801/2971101820] conn(0x7f002c03dad0 0x7f002c03ff90 unknown :-1 s=BANNER_CONNECTING pgs=0 cs=0 l=1 rev1=0 crypto rx=0 tx=0 comp rx=0 tx=0)._handle_peer_banner_payload supported=3 required=0
2026-02-17T19:32:36.631 INFO:teuthology.orchestra.run.trial075.stdout:/usr/bin/ceph: stderr
2026-02-17T19:32:36.457+0000 7f0056ffd640 1 --2- 10.20.193.75:0/4260153636 >> [v2:10.20.193.75:6800/2971101820,v1:10.20.193.75:6801/2971101820] conn(0x7f002c03dad0 0x7f002c03ff90 secure :-1 s=READY pgs=10 cs=0 l=1 rev1=1 crypto rx=0x7f00480099c0 tx=0x7f0048006eb0 comp rx=0 tx=0).ready entity=mgr.14118 client_cookie=0 server_cookie=0 in_seq=0 out_seq=0
2026-02-17T19:32:36.631 INFO:teuthology.orchestra.run.trial075.stdout:/usr/bin/ceph: stderr
2026-02-17T19:32:36.458+0000 7f0054ff9640 1 -- 10.20.193.75:0/4260153636 <== mon.0 v2:10.20.193.75:3300/0 6 ==== mon_command_ack([{"prefix": "get_command_descriptions"}]=0 v0) ==== 72+0+195034 (secure 0 0 0) 0x7f004403fe40 con 0x7f005810a180
2026-02-17T19:32:36.631 INFO:teuthology.orchestra.run.trial075.stdout:/usr/bin/ceph: stderr
2026-02-17T19:32:36.528+0000 7f0054ff9640 1 -- 10.20.193.75:0/4260153636 <== mon.0 v2:10.20.193.75:3300/0 7 ==== mgrmap(e 8) ==== 50247+0+0 (secure 0 0 0) 0x7f0044035aa0 con 0x7f005810a180
2026-02-17T19:32:36.631 INFO:teuthology.orchestra.run.trial075.stdout:/usr/bin/ceph: stderr
2026-02-17T19:32:36.550+0000 7f005c870640 1 -- 10.20.193.75:0/4260153636 --> [v2:10.20.193.75:6800/2971101820,v1:10.20.193.75:6801/2971101820] -- mgr_command(tid 0: {"prefix": "cephadm get-pub-key", "target": ["mon-mgr", ""]}) -- 0x7f0058107dc0 con 0x7f002c03dad0
2026-02-17T19:32:36.631 INFO:teuthology.orchestra.run.trial075.stdout:/usr/bin/ceph: stderr
2026-02-17T19:32:36.551+0000 7f0054ff9640 1 -- 10.20.193.75:0/4260153636 <== mgr.14118 v2:10.20.193.75:6800/2971101820 1 ==== mgr_command_reply(tid 0: 0 ) ==== 8+0+123 (secure 0 0 0) 0x7f0058107dc0 con 0x7f002c03dad0
2026-02-17T19:32:36.631 INFO:teuthology.orchestra.run.trial075.stdout:/usr/bin/ceph: stderr
2026-02-17T19:32:36.552+0000 7f005c870640 1 -- 10.20.193.75:0/4260153636 >> [v2:10.20.193.75:6800/2971101820,v1:10.20.193.75:6801/2971101820] conn(0x7f002c03dad0 msgr2=0x7f002c03ff90 secure :-1 s=STATE_CONNECTION_ESTABLISHED l=1).mark_down
2026-02-17T19:32:36.631 INFO:teuthology.orchestra.run.trial075.stdout:/usr/bin/ceph: stderr
2026-02-17T19:32:36.552+0000 7f005c870640 1 --2- 10.20.193.75:0/4260153636 >> [v2:10.20.193.75:6800/2971101820,v1:10.20.193.75:6801/2971101820] conn(0x7f002c03dad0 0x7f002c03ff90 secure :-1 s=READY pgs=10 cs=0 l=1 rev1=1 crypto rx=0x7f00480099c0 tx=0x7f0048006eb0 comp rx=0 tx=0).stop
2026-02-17T19:32:36.632 INFO:teuthology.orchestra.run.trial075.stdout:/usr/bin/ceph: stderr
2026-02-17T19:32:36.552+0000 7f005c870640 1 -- 10.20.193.75:0/4260153636 >> [v2:10.20.193.75:3300/0,v1:10.20.193.75:6789/0] conn(0x7f005810a180 msgr2=0x7f00581a0070 secure :-1 s=STATE_CONNECTION_ESTABLISHED l=1).mark_down
2026-02-17T19:32:36.632 INFO:teuthology.orchestra.run.trial075.stdout:/usr/bin/ceph: stderr
2026-02-17T19:32:36.552+0000 7f005c870640 1 --2- 10.20.193.75:0/4260153636 >> [v2:10.20.193.75:3300/0,v1:10.20.193.75:6789/0] conn(0x7f005810a180 0x7f00581a0070 secure :-1 s=READY pgs=42 cs=0 l=1 rev1=1 crypto rx=0x7f0044006fd0 tx=0x7f0044037bb0 comp rx=0 tx=0).stop
2026-02-17T19:32:36.632 INFO:teuthology.orchestra.run.trial075.stdout:/usr/bin/ceph: stderr
2026-02-17T19:32:36.552+0000 7f005c870640 1 -- 10.20.193.75:0/4260153636 shutdown_connections
2026-02-17T19:32:36.632 INFO:teuthology.orchestra.run.trial075.stdout:/usr/bin/ceph: stderr
2026-02-17T19:32:36.552+0000 7f005c870640 1 --2- 10.20.193.75:0/4260153636 >> [v2:10.20.193.75:6800/2971101820,v1:10.20.193.75:6801/2971101820] conn(0x7f002c03dad0 0x7f002c03ff90 unknown :-1 s=CLOSED pgs=10 cs=0 l=1 rev1=1 crypto rx=0 tx=0 comp rx=0 tx=0).stop
2026-02-17T19:32:36.632 INFO:teuthology.orchestra.run.trial075.stdout:/usr/bin/ceph: stderr
2026-02-17T19:32:36.552+0000 7f005c870640 1 --2- 10.20.193.75:0/4260153636 >> [v2:10.20.193.75:3300/0,v1:10.20.193.75:6789/0] conn(0x7f005810a180 0x7f00581a0070 unknown :-1 s=CLOSED pgs=42 cs=0 l=1 rev1=1 crypto rx=0 tx=0 comp rx=0 tx=0).stop
2026-02-17T19:32:36.632 INFO:teuthology.orchestra.run.trial075.stdout:/usr/bin/ceph: stderr
2026-02-17T19:32:36.552+0000 7f005c870640 1 -- 10.20.193.75:0/4260153636 >> 10.20.193.75:0/4260153636 conn(0x7f005807d680 msgr2=0x7f00581076b0 unknown :-1 s=STATE_NONE l=0).mark_down
2026-02-17T19:32:36.632 INFO:teuthology.orchestra.run.trial075.stdout:/usr/bin/ceph: stderr
2026-02-17T19:32:36.552+0000 7f005c870640 1 -- 10.20.193.75:0/4260153636 shutdown_connections
2026-02-17T19:32:36.632 INFO:teuthology.orchestra.run.trial075.stdout:/usr/bin/ceph: stderr
2026-02-17T19:32:36.552+0000 7f005c870640 1 -- 10.20.193.75:0/4260153636 wait complete.
2026-02-17T19:32:36.633 INFO:teuthology.orchestra.run.trial075.stdout:Wrote public SSH key to /home/ubuntu/cephtest/ceph.pub
2026-02-17T19:32:36.633 INFO:teuthology.orchestra.run.trial075.stdout:Adding key to root@localhost authorized_keys...
2026-02-17T19:32:36.633 INFO:teuthology.orchestra.run.trial075.stdout:Adding host trial075...
2026-02-17T19:32:37.783 INFO:journalctl@ceph.mon.a.trial075.stdout:Feb 17 19:32:37 trial075 ceph-mon[22769]: from='client.14132 -' entity='client.admin' cmd=[{"prefix": "cephadm set-user", "user": "root", "target": ["mon-mgr", ""]}]: dispatch
2026-02-17T19:32:37.784 INFO:journalctl@ceph.mon.a.trial075.stdout:Feb 17 19:32:37 trial075 ceph-mon[22769]: from='client.14134 -' entity='client.admin' cmd=[{"prefix": "cephadm generate-key", "target": ["mon-mgr", ""]}]: dispatch
2026-02-17T19:32:37.784 INFO:journalctl@ceph.mon.a.trial075.stdout:Feb 17 19:32:37 trial075 ceph-mon[22769]: Generating ssh key...
2026-02-17T19:32:37.784 INFO:journalctl@ceph.mon.a.trial075.stdout:Feb 17 19:32:37 trial075 ceph-mon[22769]: mgrmap e8: x(active, since 2s)
2026-02-17T19:32:37.784 INFO:journalctl@ceph.mon.a.trial075.stdout:Feb 17 19:32:37 trial075 ceph-mon[22769]: from='client.14136 -' entity='client.admin' cmd=[{"prefix": "cephadm get-pub-key", "target": ["mon-mgr", ""]}]: dispatch
2026-02-17T19:32:38.543 INFO:journalctl@ceph.mon.a.trial075.stdout:Feb 17 19:32:38 trial075 ceph-mon[22769]: from='client.14138 -' entity='client.admin' cmd=[{"prefix": "orch host add", "hostname": "trial075", "addr": "10.20.193.75", "target": ["mon-mgr", ""]}]: dispatch
2026-02-17T19:32:38.543 INFO:journalctl@ceph.mon.a.trial075.stdout:Feb 17 19:32:38 trial075 ceph-mon[22769]: Deploying cephadm binary to trial075
2026-02-17T19:32:38.951 INFO:teuthology.orchestra.run.trial075.stdout:/usr/bin/ceph: stdout Added host 'trial075' with addr '10.20.193.75'
2026-02-17T19:32:38.951 INFO:teuthology.orchestra.run.trial075.stdout:/usr/bin/ceph: stderr
2026-02-17T19:32:36.824+0000 7f3806025640 1 Processor -- start
2026-02-17T19:32:38.951 INFO:teuthology.orchestra.run.trial075.stdout:/usr/bin/ceph: stderr
2026-02-17T19:32:36.824+0000 7f3806025640 1 -- start start
2026-02-17T19:32:38.951 INFO:teuthology.orchestra.run.trial075.stdout:/usr/bin/ceph: stderr
2026-02-17T19:32:36.824+0000 7f3806025640 1 --2- >> [v2:10.20.193.75:3300/0,v1:10.20.193.75:6789/0] conn(0x7f380010f070 0x7f3800111460 unknown :-1 s=NONE pgs=0 cs=0 l=0 rev1=0 crypto rx=0 tx=0 comp rx=0 tx=0).connect
2026-02-17T19:32:38.951 INFO:teuthology.orchestra.run.trial075.stdout:/usr/bin/ceph: stderr
2026-02-17T19:32:36.824+0000 7f3806025640 1 -- --> [v2:10.20.193.75:3300/0,v1:10.20.193.75:6789/0] -- mon_getmap magic: 0 -- 0x7f38000826c0 con 0x7f380010f070
2026-02-17T19:32:38.951 INFO:teuthology.orchestra.run.trial075.stdout:/usr/bin/ceph: stderr
2026-02-17T19:32:36.825+0000 7f3805023640 1 --2- >> [v2:10.20.193.75:3300/0,v1:10.20.193.75:6789/0] conn(0x7f380010f070 0x7f3800111460 unknown :-1 s=BANNER_CONNECTING pgs=0 cs=0 l=0 rev1=0 crypto rx=0 tx=0 comp rx=0 tx=0)._handle_peer_banner_payload supported=3 required=0
2026-02-17T19:32:38.951 INFO:teuthology.orchestra.run.trial075.stdout:/usr/bin/ceph: stderr
2026-02-17T19:32:36.825+0000 7f3805023640 1 --2- >> [v2:10.20.193.75:3300/0,v1:10.20.193.75:6789/0] conn(0x7f380010f070 0x7f3800111460 unknown :-1 s=HELLO_CONNECTING pgs=0 cs=0 l=0 rev1=1 crypto rx=0 tx=0 comp rx=0 tx=0).handle_hello peer v2:10.20.193.75:3300/0 says I am v2:10.20.193.75:38786/0 (socket says 10.20.193.75:38786)
2026-02-17T19:32:38.951 INFO:teuthology.orchestra.run.trial075.stdout:/usr/bin/ceph: stderr
2026-02-17T19:32:36.825+0000 7f3805023640 1 -- 10.20.193.75:0/2162370035 learned_addr learned my addr 10.20.193.75:0/2162370035 (peer_addr_for_me v2:10.20.193.75:0/0)
2026-02-17T19:32:38.952 INFO:teuthology.orchestra.run.trial075.stdout:/usr/bin/ceph: stderr
2026-02-17T19:32:36.825+0000 7f3805023640 1 -- 10.20.193.75:0/2162370035 --> [v2:10.20.193.75:3300/0,v1:10.20.193.75:6789/0] -- mon_subscribe({config=0+,monmap=0+}) -- 0x7f38001119a0 con 0x7f380010f070
2026-02-17T19:32:38.952 INFO:teuthology.orchestra.run.trial075.stdout:/usr/bin/ceph: stderr
2026-02-17T19:32:36.826+0000 7f3805023640 1 --2- 10.20.193.75:0/2162370035 >> [v2:10.20.193.75:3300/0,v1:10.20.193.75:6789/0] conn(0x7f380010f070 0x7f3800111460 secure :-1 s=READY pgs=43 cs=0 l=1 rev1=1 crypto rx=0x7f37f0009920 tx=0x7f37f002ef20 comp rx=0 tx=0).ready entity=mon.0 client_cookie=c454230a4e4398c3 server_cookie=0 in_seq=0 out_seq=0
2026-02-17T19:32:38.952 INFO:teuthology.orchestra.run.trial075.stdout:/usr/bin/ceph: stderr
2026-02-17T19:32:36.826+0000 7f37effff640 1 -- 10.20.193.75:0/2162370035 <== mon.0 v2:10.20.193.75:3300/0 1 ==== mon_map magic: 0 ==== 205+0+0 (secure 0 0 0) 0x7f37f003c070 con 0x7f380010f070
2026-02-17T19:32:38.952 INFO:teuthology.orchestra.run.trial075.stdout:/usr/bin/ceph: stderr
2026-02-17T19:32:36.826+0000 7f37effff640 1 -- 10.20.193.75:0/2162370035 <== mon.0 v2:10.20.193.75:3300/0 2 ==== config(26 keys) ==== 1045+0+0 (secure 0 0 0) 0x7f37f0037440 con 0x7f380010f070
2026-02-17T19:32:38.952 INFO:teuthology.orchestra.run.trial075.stdout:/usr/bin/ceph: stderr
2026-02-17T19:32:36.826+0000 7f37effff640 1 -- 10.20.193.75:0/2162370035 <== mon.0 v2:10.20.193.75:3300/0 3 ==== mon_map magic: 0 ==== 205+0+0 (secure 0 0 0) 0x7f37f00354b0 con 0x7f380010f070
2026-02-17T19:32:38.952 INFO:teuthology.orchestra.run.trial075.stdout:/usr/bin/ceph: stderr
2026-02-17T19:32:36.826+0000 7f3806025640 1 -- 10.20.193.75:0/2162370035 >> [v2:10.20.193.75:3300/0,v1:10.20.193.75:6789/0] conn(0x7f380010f070 msgr2=0x7f3800111460 secure :-1 s=STATE_CONNECTION_ESTABLISHED l=1).mark_down
2026-02-17T19:32:38.952 INFO:teuthology.orchestra.run.trial075.stdout:/usr/bin/ceph: stderr
2026-02-17T19:32:36.826+0000 7f3806025640 1 --2- 10.20.193.75:0/2162370035 >> [v2:10.20.193.75:3300/0,v1:10.20.193.75:6789/0] conn(0x7f380010f070 0x7f3800111460 secure :-1 s=READY pgs=43 cs=0 l=1 rev1=1 crypto rx=0x7f37f0009920 tx=0x7f37f002ef20 comp rx=0 tx=0).stop
2026-02-17T19:32:38.952 INFO:teuthology.orchestra.run.trial075.stdout:/usr/bin/ceph: stderr
2026-02-17T19:32:36.826+0000 7f3806025640 1 -- 10.20.193.75:0/2162370035 shutdown_connections
2026-02-17T19:32:38.952 INFO:teuthology.orchestra.run.trial075.stdout:/usr/bin/ceph: stderr
2026-02-17T19:32:36.826+0000 7f3806025640 1 --2- 10.20.193.75:0/2162370035 >> [v2:10.20.193.75:3300/0,v1:10.20.193.75:6789/0] conn(0x7f380010f070 0x7f3800111460 unknown :-1 s=CLOSED pgs=43 cs=0 l=1 rev1=1 crypto rx=0 tx=0 comp rx=0 tx=0).stop
2026-02-17T19:32:38.952 INFO:teuthology.orchestra.run.trial075.stdout:/usr/bin/ceph: stderr
2026-02-17T19:32:36.826+0000 7f3806025640 1 -- 10.20.193.75:0/2162370035 >> 10.20.193.75:0/2162370035 conn(0x7f380007d860 msgr2=0x7f380007fc80 unknown :-1 s=STATE_NONE l=0).mark_down
2026-02-17T19:32:38.952 INFO:teuthology.orchestra.run.trial075.stdout:/usr/bin/ceph: stderr
2026-02-17T19:32:36.826+0000 7f3806025640 1 -- 10.20.193.75:0/2162370035 shutdown_connections
2026-02-17T19:32:38.952 INFO:teuthology.orchestra.run.trial075.stdout:/usr/bin/ceph: stderr
2026-02-17T19:32:36.826+0000 7f3806025640 1 -- 10.20.193.75:0/2162370035 wait complete.
2026-02-17T19:32:38.952 INFO:teuthology.orchestra.run.trial075.stdout:/usr/bin/ceph: stderr
2026-02-17T19:32:36.827+0000 7f3806025640 1 Processor -- start
2026-02-17T19:32:38.952 INFO:teuthology.orchestra.run.trial075.stdout:/usr/bin/ceph: stderr
2026-02-17T19:32:36.827+0000 7f3806025640 1 -- start start
2026-02-17T19:32:38.952 INFO:teuthology.orchestra.run.trial075.stdout:/usr/bin/ceph: stderr
2026-02-17T19:32:36.827+0000 7f3806025640 1 --2- >> [v2:10.20.193.75:3300/0,v1:10.20.193.75:6789/0] conn(0x7f380010f070 0x7f38001a44d0 unknown :-1 s=NONE pgs=0 cs=0 l=1 rev1=0 crypto rx=0 tx=0 comp rx=0 tx=0).connect
2026-02-17T19:32:38.952 INFO:teuthology.orchestra.run.trial075.stdout:/usr/bin/ceph: stderr
2026-02-17T19:32:36.827+0000 7f3806025640 1 -- --> [v2:10.20.193.75:3300/0,v1:10.20.193.75:6789/0] -- mon_getmap magic: 0 -- 0x7f38001128e0 con 0x7f380010f070
2026-02-17T19:32:38.952 INFO:teuthology.orchestra.run.trial075.stdout:/usr/bin/ceph: stderr
2026-02-17T19:32:36.828+0000 7f3805023640 1 --2- >> [v2:10.20.193.75:3300/0,v1:10.20.193.75:6789/0] conn(0x7f380010f070 0x7f38001a44d0 unknown :-1 s=BANNER_CONNECTING pgs=0 cs=0 l=1 rev1=0 crypto rx=0 tx=0 comp rx=0 tx=0)._handle_peer_banner_payload supported=3 required=0
2026-02-17T19:32:38.952 INFO:teuthology.orchestra.run.trial075.stdout:/usr/bin/ceph: stderr
2026-02-17T19:32:36.828+0000 7f3805023640 1 --2- >> [v2:10.20.193.75:3300/0,v1:10.20.193.75:6789/0] conn(0x7f380010f070 0x7f38001a44d0 unknown :-1 s=HELLO_CONNECTING pgs=0 cs=0 l=1 rev1=1 crypto rx=0 tx=0 comp rx=0 tx=0).handle_hello peer v2:10.20.193.75:3300/0 says I am v2:10.20.193.75:38798/0 (socket says 10.20.193.75:38798)
2026-02-17T19:32:38.952 INFO:teuthology.orchestra.run.trial075.stdout:/usr/bin/ceph: stderr
2026-02-17T19:32:36.828+0000 7f3805023640 1 -- 10.20.193.75:0/1003794726 learned_addr learned my addr 10.20.193.75:0/1003794726 (peer_addr_for_me v2:10.20.193.75:0/0)
2026-02-17T19:32:38.952 INFO:teuthology.orchestra.run.trial075.stdout:/usr/bin/ceph: stderr
2026-02-17T19:32:36.828+0000 7f3805023640 1 -- 10.20.193.75:0/1003794726 --> [v2:10.20.193.75:3300/0,v1:10.20.193.75:6789/0] -- mon_subscribe({config=0+,monmap=0+}) -- 0x7f38001a4a10 con 0x7f380010f070
2026-02-17T19:32:38.952 INFO:teuthology.orchestra.run.trial075.stdout:/usr/bin/ceph: stderr
2026-02-17T19:32:36.828+0000 7f3805023640 1 --2- 10.20.193.75:0/1003794726 >> [v2:10.20.193.75:3300/0,v1:10.20.193.75:6789/0] conn(0x7f380010f070 0x7f38001a44d0 secure :-1 s=READY pgs=44 cs=0 l=1 rev1=1 crypto rx=0x7f37f0009a50 tx=0x7f37f0037b90 comp rx=0 tx=0).ready entity=mon.0 client_cookie=0 server_cookie=0 in_seq=0 out_seq=0
2026-02-17T19:32:38.953 INFO:teuthology.orchestra.run.trial075.stdout:/usr/bin/ceph: stderr
2026-02-17T19:32:36.828+0000 7f37ee7fc640 1 -- 10.20.193.75:0/1003794726 <== mon.0 v2:10.20.193.75:3300/0 1 ==== mon_map magic: 0 ==== 205+0+0 (secure 0 0 0) 0x7f37f0045070 con 0x7f380010f070
2026-02-17T19:32:38.953 INFO:teuthology.orchestra.run.trial075.stdout:/usr/bin/ceph: stderr
2026-02-17T19:32:36.828+0000 7f37ee7fc640 1 -- 10.20.193.75:0/1003794726 <== mon.0 v2:10.20.193.75:3300/0 2 ==== config(26 keys) ==== 1045+0+0 (secure 0 0 0) 0x7f37f0040450 con 0x7f380010f070
2026-02-17T19:32:38.953 INFO:teuthology.orchestra.run.trial075.stdout:/usr/bin/ceph: stderr
2026-02-17T19:32:36.828+0000 7f37ee7fc640 1 -- 10.20.193.75:0/1003794726 <== mon.0 v2:10.20.193.75:3300/0 3 ==== mon_map magic: 0 ==== 205+0+0 (secure 0 0 0) 0x7f37f003c070 con 0x7f380010f070
2026-02-17T19:32:38.953 INFO:teuthology.orchestra.run.trial075.stdout:/usr/bin/ceph: stderr
2026-02-17T19:32:36.828+0000 7f3806025640 1 -- 10.20.193.75:0/1003794726 --> [v2:10.20.193.75:3300/0,v1:10.20.193.75:6789/0] -- mon_subscribe({mgrmap=0+}) -- 0x7f38001a4ca0 con 0x7f380010f070
2026-02-17T19:32:38.953 INFO:teuthology.orchestra.run.trial075.stdout:/usr/bin/ceph: stderr
2026-02-17T19:32:36.828+0000 7f3806025640 1 -- 10.20.193.75:0/1003794726 --> [v2:10.20.193.75:3300/0,v1:10.20.193.75:6789/0] -- mon_subscribe({osdmap=0}) -- 0x7f38001a7990 con 0x7f380010f070
2026-02-17T19:32:38.953 INFO:teuthology.orchestra.run.trial075.stdout:/usr/bin/ceph: stderr
2026-02-17T19:32:36.829+0000 7f3806025640 1 -- 10.20.193.75:0/1003794726 --> [v2:10.20.193.75:3300/0,v1:10.20.193.75:6789/0] -- mon_command({"prefix": "get_command_descriptions"} v 0) -- 0x7f380010f4d0 con 0x7f380010f070
2026-02-17T19:32:38.953 INFO:teuthology.orchestra.run.trial075.stdout:/usr/bin/ceph: stderr
2026-02-17T19:32:36.829+0000 7f37ee7fc640 1 -- 10.20.193.75:0/1003794726 <== mon.0 v2:10.20.193.75:3300/0 4 ==== mgrmap(e 8) ==== 50247+0+0 (secure 0 0 0) 0x7f37f0040900 con 0x7f380010f070
2026-02-17T19:32:38.953 INFO:teuthology.orchestra.run.trial075.stdout:/usr/bin/ceph: stderr
2026-02-17T19:32:36.830+0000 7f37ee7fc640 1 --2- 10.20.193.75:0/1003794726 >> [v2:10.20.193.75:6800/2971101820,v1:10.20.193.75:6801/2971101820] conn(0x7f37dc03dbf0 0x7f37dc0400b0 unknown :-1 s=NONE pgs=0 cs=0 l=1 rev1=0 crypto rx=0 tx=0 comp rx=0 tx=0).connect
2026-02-17T19:32:38.953 INFO:teuthology.orchestra.run.trial075.stdout:/usr/bin/ceph: stderr
2026-02-17T19:32:36.830+0000 7f37ee7fc640 1 -- 10.20.193.75:0/1003794726 <== mon.0 v2:10.20.193.75:3300/0 5 ==== osd_map(2..2 src has 1..2) ==== 940+0+0 (secure 0 0 0) 0x7f37f0076760 con 0x7f380010f070
2026-02-17T19:32:38.953 INFO:teuthology.orchestra.run.trial075.stdout:/usr/bin/ceph: stderr
2026-02-17T19:32:36.830+0000 7f3804822640 1 --2- 10.20.193.75:0/1003794726 >> [v2:10.20.193.75:6800/2971101820,v1:10.20.193.75:6801/2971101820] conn(0x7f37dc03dbf0 0x7f37dc0400b0 unknown :-1 s=BANNER_CONNECTING pgs=0 cs=0 l=1 rev1=0 crypto rx=0 tx=0 comp rx=0 tx=0)._handle_peer_banner_payload supported=3 required=0
2026-02-17T19:32:38.953 INFO:teuthology.orchestra.run.trial075.stdout:/usr/bin/ceph: stderr
2026-02-17T19:32:36.830+0000 7f3804822640 1 --2- 10.20.193.75:0/1003794726 >> [v2:10.20.193.75:6800/2971101820,v1:10.20.193.75:6801/2971101820] conn(0x7f37dc03dbf0 0x7f37dc0400b0 secure :-1 s=READY pgs=11 cs=0 l=1 rev1=1 crypto rx=0x7f37f40099c0 tx=0x7f37f4006eb0 comp rx=0 tx=0).ready entity=mgr.14118 client_cookie=0 server_cookie=0 in_seq=0 out_seq=0
2026-02-17T19:32:38.953 INFO:teuthology.orchestra.run.trial075.stdout:/usr/bin/ceph: stderr
2026-02-17T19:32:36.832+0000 7f37ee7fc640 1 -- 10.20.193.75:0/1003794726 <== mon.0 v2:10.20.193.75:3300/0 6 ==== mon_command_ack([{"prefix": "get_command_descriptions"}]=0 v0) ==== 72+0+195034 (secure 0 0 0) 0x7f37f00406b0 con 0x7f380010f070
2026-02-17T19:32:38.953 INFO:teuthology.orchestra.run.trial075.stdout:/usr/bin/ceph: stderr
2026-02-17T19:32:36.924+0000 7f3806025640 1 -- 10.20.193.75:0/1003794726 --> [v2:10.20.193.75:6800/2971101820,v1:10.20.193.75:6801/2971101820] -- mgr_command(tid 0: {"prefix": "orch host add", "hostname": "trial075", "addr": "10.20.193.75", "target": ["mon-mgr", ""]}) -- 0x7f380007fb10 con 0x7f37dc03dbf0
2026-02-17T19:32:38.953 INFO:teuthology.orchestra.run.trial075.stdout:/usr/bin/ceph: stderr
2026-02-17T19:32:38.831+0000 7f37ee7fc640 1 -- 10.20.193.75:0/1003794726 <== mgr.14118 v2:10.20.193.75:6800/2971101820 1 ==== mgr_command_reply(tid 0: 0 ) ==== 8+0+47 (secure 0 0 0) 0x7f380007fb10 con 0x7f37dc03dbf0
2026-02-17T19:32:38.953 INFO:teuthology.orchestra.run.trial075.stdout:/usr/bin/ceph: stderr
