2026-02-17T19:32:38.833+0000 7f3806025640 1 -- 10.20.193.75:0/1003794726 >> [v2:10.20.193.75:6800/2971101820,v1:10.20.193.75:6801/2971101820] conn(0x7f37dc03dbf0 msgr2=0x7f37dc0400b0 secure :-1 s=STATE_CONNECTION_ESTABLISHED l=1).mark_down
2026-02-17T19:32:38.953 INFO:teuthology.orchestra.run.trial075.stdout:/usr/bin/ceph: stderr
2026-02-17T19:32:38.833+0000 7f3806025640 1 --2- 10.20.193.75:0/1003794726 >> [v2:10.20.193.75:6800/2971101820,v1:10.20.193.75:6801/2971101820] conn(0x7f37dc03dbf0 0x7f37dc0400b0 secure :-1 s=READY pgs=11 cs=0 l=1 rev1=1 crypto rx=0x7f37f40099c0 tx=0x7f37f4006eb0 comp rx=0 tx=0).stop
2026-02-17T19:32:38.953 INFO:teuthology.orchestra.run.trial075.stdout:/usr/bin/ceph: stderr
2026-02-17T19:32:38.833+0000 7f3806025640 1 -- 10.20.193.75:0/1003794726 >> [v2:10.20.193.75:3300/0,v1:10.20.193.75:6789/0] conn(0x7f380010f070 msgr2=0x7f38001a44d0 secure :-1 s=STATE_CONNECTION_ESTABLISHED l=1).mark_down
2026-02-17T19:32:38.953 INFO:teuthology.orchestra.run.trial075.stdout:/usr/bin/ceph: stderr
2026-02-17T19:32:38.833+0000 7f3806025640 1 --2- 10.20.193.75:0/1003794726 >> [v2:10.20.193.75:3300/0,v1:10.20.193.75:6789/0] conn(0x7f380010f070 0x7f38001a44d0 secure :-1 s=READY pgs=44 cs=0 l=1 rev1=1 crypto rx=0x7f37f0009a50 tx=0x7f37f0037b90 comp rx=0 tx=0).stop
2026-02-17T19:32:38.953 INFO:teuthology.orchestra.run.trial075.stdout:/usr/bin/ceph: stderr
2026-02-17T19:32:38.833+0000 7f3806025640 1 -- 10.20.193.75:0/1003794726 shutdown_connections
2026-02-17T19:32:38.953 INFO:teuthology.orchestra.run.trial075.stdout:/usr/bin/ceph: stderr
2026-02-17T19:32:38.833+0000 7f3806025640 1 --2- 10.20.193.75:0/1003794726 >> [v2:10.20.193.75:6800/2971101820,v1:10.20.193.75:6801/2971101820] conn(0x7f37dc03dbf0 0x7f37dc0400b0 unknown :-1 s=CLOSED pgs=11 cs=0 l=1 rev1=1 crypto rx=0 tx=0 comp rx=0 tx=0).stop
2026-02-17T19:32:38.953 INFO:teuthology.orchestra.run.trial075.stdout:/usr/bin/ceph: stderr
2026-02-17T19:32:38.833+0000 7f3806025640 1 --2- 10.20.193.75:0/1003794726 >> [v2:10.20.193.75:3300/0,v1:10.20.193.75:6789/0] conn(0x7f380010f070 0x7f38001a44d0 unknown :-1 s=CLOSED pgs=44 cs=0 l=1 rev1=1 crypto rx=0 tx=0 comp rx=0 tx=0).stop
2026-02-17T19:32:38.953 INFO:teuthology.orchestra.run.trial075.stdout:/usr/bin/ceph: stderr
2026-02-17T19:32:38.833+0000 7f3806025640 1 -- 10.20.193.75:0/1003794726 >> 10.20.193.75:0/1003794726 conn(0x7f380007d860 msgr2=0x7f380007f400 unknown :-1 s=STATE_NONE l=0).mark_down
2026-02-17T19:32:38.954 INFO:teuthology.orchestra.run.trial075.stdout:/usr/bin/ceph: stderr
2026-02-17T19:32:38.833+0000 7f3806025640 1 -- 10.20.193.75:0/1003794726 shutdown_connections
2026-02-17T19:32:38.954 INFO:teuthology.orchestra.run.trial075.stdout:/usr/bin/ceph: stderr
2026-02-17T19:32:38.833+0000 7f3806025640 1 -- 10.20.193.75:0/1003794726 wait complete.
2026-02-17T19:32:38.954 INFO:teuthology.orchestra.run.trial075.stdout:Deploying unmanaged mon service...
2026-02-17T19:32:39.306 INFO:teuthology.orchestra.run.trial075.stdout:/usr/bin/ceph: stdout Scheduled mon update...
2026-02-17T19:32:39.306 INFO:teuthology.orchestra.run.trial075.stdout:/usr/bin/ceph: stderr
2026-02-17T19:32:39.119+0000 7f2e38a79640 1 Processor -- start
2026-02-17T19:32:39.306 INFO:teuthology.orchestra.run.trial075.stdout:/usr/bin/ceph: stderr
2026-02-17T19:32:39.119+0000 7f2e38a79640 1 -- start start
2026-02-17T19:32:39.306 INFO:teuthology.orchestra.run.trial075.stdout:/usr/bin/ceph: stderr
2026-02-17T19:32:39.120+0000 7f2e38a79640 1 --2- >> [v2:10.20.193.75:3300/0,v1:10.20.193.75:6789/0] conn(0x7f2e3406c840 0x7f2e3406cc40 unknown :-1 s=NONE pgs=0 cs=0 l=0 rev1=0 crypto rx=0 tx=0 comp rx=0 tx=0).connect
2026-02-17T19:32:39.306 INFO:teuthology.orchestra.run.trial075.stdout:/usr/bin/ceph: stderr
2026-02-17T19:32:39.120+0000 7f2e38a79640 1 -- --> [v2:10.20.193.75:3300/0,v1:10.20.193.75:6789/0] -- mon_getmap magic: 0 -- 0x7f2e34074fa0 con 0x7f2e3406c840
2026-02-17T19:32:39.306 INFO:teuthology.orchestra.run.trial075.stdout:/usr/bin/ceph: stderr
2026-02-17T19:32:39.120+0000 7f2e32d76640 1 --2- >> [v2:10.20.193.75:3300/0,v1:10.20.193.75:6789/0] conn(0x7f2e3406c840 0x7f2e3406cc40 unknown :-1 s=BANNER_CONNECTING pgs=0 cs=0 l=0 rev1=0 crypto rx=0 tx=0 comp rx=0 tx=0)._handle_peer_banner_payload supported=3 required=0
2026-02-17T19:32:39.306 INFO:teuthology.orchestra.run.trial075.stdout:/usr/bin/ceph: stderr
2026-02-17T19:32:39.120+0000 7f2e32d76640 1 --2- >> [v2:10.20.193.75:3300/0,v1:10.20.193.75:6789/0] conn(0x7f2e3406c840 0x7f2e3406cc40 unknown :-1 s=HELLO_CONNECTING pgs=0 cs=0 l=0 rev1=1 crypto rx=0 tx=0 comp rx=0 tx=0).handle_hello peer v2:10.20.193.75:3300/0 says I am v2:10.20.193.75:38806/0 (socket says 10.20.193.75:38806)
2026-02-17T19:32:39.306 INFO:teuthology.orchestra.run.trial075.stdout:/usr/bin/ceph: stderr
2026-02-17T19:32:39.120+0000 7f2e32d76640 1 -- 10.20.193.75:0/2583583070 learned_addr learned my addr 10.20.193.75:0/2583583070 (peer_addr_for_me v2:10.20.193.75:0/0)
2026-02-17T19:32:39.306 INFO:teuthology.orchestra.run.trial075.stdout:/usr/bin/ceph: stderr
2026-02-17T19:32:39.120+0000 7f2e32d76640 1 -- 10.20.193.75:0/2583583070 --> [v2:10.20.193.75:3300/0,v1:10.20.193.75:6789/0] -- mon_subscribe({config=0+,monmap=0+}) -- 0x7f2e3406d180 con 0x7f2e3406c840
2026-02-17T19:32:39.306 INFO:teuthology.orchestra.run.trial075.stdout:/usr/bin/ceph: stderr
2026-02-17T19:32:39.121+0000 7f2e32d76640 1 --2- 10.20.193.75:0/2583583070 >> [v2:10.20.193.75:3300/0,v1:10.20.193.75:6789/0] conn(0x7f2e3406c840 0x7f2e3406cc40 secure :-1 s=READY pgs=45 cs=0 l=1 rev1=1 crypto rx=0x7f2e28009920 tx=0x7f2e2802ef20 comp rx=0 tx=0).ready entity=mon.0 client_cookie=3da939b16b71445b server_cookie=0 in_seq=0 out_seq=0
2026-02-17T19:32:39.306 INFO:teuthology.orchestra.run.trial075.stdout:/usr/bin/ceph: stderr
2026-02-17T19:32:39.121+0000 7f2e31d74640 1 -- 10.20.193.75:0/2583583070 <== mon.0 v2:10.20.193.75:3300/0 1 ==== mon_map magic: 0 ==== 205+0+0 (secure 0 0 0) 0x7f2e2803c070 con 0x7f2e3406c840
2026-02-17T19:32:39.306 INFO:teuthology.orchestra.run.trial075.stdout:/usr/bin/ceph: stderr
2026-02-17T19:32:39.121+0000 7f2e31d74640 1 -- 10.20.193.75:0/2583583070 <== mon.0 v2:10.20.193.75:3300/0 2 ==== config(26 keys) ==== 1045+0+0 (secure 0 0 0) 0x7f2e28037440 con 0x7f2e3406c840
2026-02-17T19:32:39.306 INFO:teuthology.orchestra.run.trial075.stdout:/usr/bin/ceph: stderr
2026-02-17T19:32:39.121+0000 7f2e31d74640 1 -- 10.20.193.75:0/2583583070 <== mon.0 v2:10.20.193.75:3300/0 3 ==== mon_map magic: 0 ==== 205+0+0 (secure 0 0 0) 0x7f2e280354b0 con 0x7f2e3406c840
2026-02-17T19:32:39.306 INFO:teuthology.orchestra.run.trial075.stdout:/usr/bin/ceph: stderr
2026-02-17T19:32:39.122+0000 7f2e38a79640 1 -- 10.20.193.75:0/2583583070 >> [v2:10.20.193.75:3300/0,v1:10.20.193.75:6789/0] conn(0x7f2e3406c840 msgr2=0x7f2e3406cc40 secure :-1 s=STATE_CONNECTION_ESTABLISHED l=1).mark_down
2026-02-17T19:32:39.306 INFO:teuthology.orchestra.run.trial075.stdout:/usr/bin/ceph: stderr
2026-02-17T19:32:39.122+0000 7f2e38a79640 1 --2- 10.20.193.75:0/2583583070 >> [v2:10.20.193.75:3300/0,v1:10.20.193.75:6789/0] conn(0x7f2e3406c840 0x7f2e3406cc40 secure :-1 s=READY pgs=45 cs=0 l=1 rev1=1 crypto rx=0x7f2e28009920 tx=0x7f2e2802ef20 comp rx=0 tx=0).stop
2026-02-17T19:32:39.306 INFO:teuthology.orchestra.run.trial075.stdout:/usr/bin/ceph: stderr
2026-02-17T19:32:39.122+0000 7f2e38a79640 1 -- 10.20.193.75:0/2583583070 shutdown_connections
2026-02-17T19:32:39.306 INFO:teuthology.orchestra.run.trial075.stdout:/usr/bin/ceph: stderr
2026-02-17T19:32:39.122+0000 7f2e38a79640 1 --2- 10.20.193.75:0/2583583070 >> [v2:10.20.193.75:3300/0,v1:10.20.193.75:6789/0] conn(0x7f2e3406c840 0x7f2e3406cc40 unknown :-1 s=CLOSED pgs=45 cs=0 l=1 rev1=1 crypto rx=0 tx=0 comp rx=0 tx=0).stop
2026-02-17T19:32:39.306 INFO:teuthology.orchestra.run.trial075.stdout:/usr/bin/ceph: stderr
2026-02-17T19:32:39.122+0000 7f2e38a79640 1 -- 10.20.193.75:0/2583583070 >> 10.20.193.75:0/2583583070 conn(0x7f2e340702a0 msgr2=0x7f2e34072720 unknown :-1 s=STATE_NONE l=0).mark_down
2026-02-17T19:32:39.306 INFO:teuthology.orchestra.run.trial075.stdout:/usr/bin/ceph: stderr
2026-02-17T19:32:39.122+0000 7f2e38a79640 1 -- 10.20.193.75:0/2583583070 shutdown_connections
2026-02-17T19:32:39.306 INFO:teuthology.orchestra.run.trial075.stdout:/usr/bin/ceph: stderr
2026-02-17T19:32:39.122+0000 7f2e38a79640 1 -- 10.20.193.75:0/2583583070 wait complete.
2026-02-17T19:32:39.306 INFO:teuthology.orchestra.run.trial075.stdout:/usr/bin/ceph: stderr
2026-02-17T19:32:39.122+0000 7f2e38a79640 1 Processor -- start
2026-02-17T19:32:39.306 INFO:teuthology.orchestra.run.trial075.stdout:/usr/bin/ceph: stderr
2026-02-17T19:32:39.123+0000 7f2e38a79640 1 -- start start
2026-02-17T19:32:39.306 INFO:teuthology.orchestra.run.trial075.stdout:/usr/bin/ceph: stderr
2026-02-17T19:32:39.123+0000 7f2e38a79640 1 --2- >> [v2:10.20.193.75:3300/0,v1:10.20.193.75:6789/0] conn(0x7f2e3406c840 0x7f2e341acec0 unknown :-1 s=NONE pgs=0 cs=0 l=1 rev1=0 crypto rx=0 tx=0 comp rx=0 tx=0).connect
2026-02-17T19:32:39.306 INFO:teuthology.orchestra.run.trial075.stdout:/usr/bin/ceph: stderr
2026-02-17T19:32:39.123+0000 7f2e38a79640 1 -- --> [v2:10.20.193.75:3300/0,v1:10.20.193.75:6789/0] -- mon_getmap magic: 0 -- 0x7f2e34112900 con 0x7f2e3406c840
2026-02-17T19:32:39.306 INFO:teuthology.orchestra.run.trial075.stdout:/usr/bin/ceph: stderr
2026-02-17T19:32:39.123+0000 7f2e32d76640 1 --2- >> [v2:10.20.193.75:3300/0,v1:10.20.193.75:6789/0] conn(0x7f2e3406c840 0x7f2e341acec0 unknown :-1 s=BANNER_CONNECTING pgs=0 cs=0 l=1 rev1=0 crypto rx=0 tx=0 comp rx=0 tx=0)._handle_peer_banner_payload supported=3 required=0
2026-02-17T19:32:39.306 INFO:teuthology.orchestra.run.trial075.stdout:/usr/bin/ceph: stderr
2026-02-17T19:32:39.123+0000 7f2e32d76640 1 --2- >> [v2:10.20.193.75:3300/0,v1:10.20.193.75:6789/0] conn(0x7f2e3406c840 0x7f2e341acec0 unknown :-1 s=HELLO_CONNECTING pgs=0 cs=0 l=1 rev1=1 crypto rx=0 tx=0 comp rx=0 tx=0).handle_hello peer v2:10.20.193.75:3300/0 says I am v2:10.20.193.75:38812/0 (socket says 10.20.193.75:38812)
2026-02-17T19:32:39.307 INFO:teuthology.orchestra.run.trial075.stdout:/usr/bin/ceph: stderr
2026-02-17T19:32:39.123+0000 7f2e32d76640 1 -- 10.20.193.75:0/3631187096 learned_addr learned my addr 10.20.193.75:0/3631187096 (peer_addr_for_me v2:10.20.193.75:0/0)
2026-02-17T19:32:39.307 INFO:teuthology.orchestra.run.trial075.stdout:/usr/bin/ceph: stderr
2026-02-17T19:32:39.123+0000 7f2e32d76640 1 -- 10.20.193.75:0/3631187096 --> [v2:10.20.193.75:3300/0,v1:10.20.193.75:6789/0] -- mon_subscribe({config=0+,monmap=0+}) -- 0x7f2e341ad400 con 0x7f2e3406c840
2026-02-17T19:32:39.307 INFO:teuthology.orchestra.run.trial075.stdout:/usr/bin/ceph: stderr
2026-02-17T19:32:39.123+0000 7f2e32d76640 1 --2- 10.20.193.75:0/3631187096 >> [v2:10.20.193.75:3300/0,v1:10.20.193.75:6789/0] conn(0x7f2e3406c840 0x7f2e341acec0 secure :-1 s=READY pgs=46 cs=0 l=1 rev1=1 crypto rx=0x7f2e28009a50 tx=0x7f2e28037b90 comp rx=0 tx=0).ready entity=mon.0 client_cookie=0 server_cookie=0 in_seq=0 out_seq=0
2026-02-17T19:32:39.307 INFO:teuthology.orchestra.run.trial075.stdout:/usr/bin/ceph: stderr
2026-02-17T19:32:39.124+0000 7f2e13fff640 1 -- 10.20.193.75:0/3631187096 <== mon.0 v2:10.20.193.75:3300/0 1 ==== mon_map magic: 0 ==== 205+0+0 (secure 0 0 0) 0x7f2e28045070 con 0x7f2e3406c840
2026-02-17T19:32:39.307 INFO:teuthology.orchestra.run.trial075.stdout:/usr/bin/ceph: stderr
2026-02-17T19:32:39.124+0000 7f2e13fff640 1 -- 10.20.193.75:0/3631187096 <== mon.0 v2:10.20.193.75:3300/0 2 ==== config(26 keys) ==== 1045+0+0 (secure 0 0 0) 0x7f2e28040450 con 0x7f2e3406c840
2026-02-17T19:32:39.307 INFO:teuthology.orchestra.run.trial075.stdout:/usr/bin/ceph: stderr
2026-02-17T19:32:39.124+0000 7f2e13fff640 1 -- 10.20.193.75:0/3631187096 <== mon.0 v2:10.20.193.75:3300/0 3 ==== mon_map magic: 0 ==== 205+0+0 (secure 0 0 0) 0x7f2e2803c070 con 0x7f2e3406c840
2026-02-17T19:32:39.307 INFO:teuthology.orchestra.run.trial075.stdout:/usr/bin/ceph: stderr
2026-02-17T19:32:39.124+0000 7f2e38a79640 1 -- 10.20.193.75:0/3631187096 --> [v2:10.20.193.75:3300/0,v1:10.20.193.75:6789/0] -- mon_subscribe({mgrmap=0+}) -- 0x7f2e341ad690 con 0x7f2e3406c840
2026-02-17T19:32:39.308 INFO:teuthology.orchestra.run.trial075.stdout:/usr/bin/ceph: stderr
2026-02-17T19:32:39.124+0000 7f2e38a79640 1 -- 10.20.193.75:0/3631187096 --> [v2:10.20.193.75:3300/0,v1:10.20.193.75:6789/0] -- mon_subscribe({osdmap=0}) -- 0x7f2e341b0380 con 0x7f2e3406c840
2026-02-17T19:32:39.308 INFO:teuthology.orchestra.run.trial075.stdout:/usr/bin/ceph: stderr
2026-02-17T19:32:39.124+0000 7f2e38a79640 1 -- 10.20.193.75:0/3631187096 --> [v2:10.20.193.75:3300/0,v1:10.20.193.75:6789/0] -- mon_command({"prefix": "get_command_descriptions"} v 0) -- 0x7f2e3406ccc0 con 0x7f2e3406c840
2026-02-17T19:32:39.308 INFO:teuthology.orchestra.run.trial075.stdout:/usr/bin/ceph: stderr
2026-02-17T19:32:39.125+0000 7f2e13fff640 1 -- 10.20.193.75:0/3631187096 <== mon.0 v2:10.20.193.75:3300/0 4 ==== mgrmap(e 8) ==== 50247+0+0 (secure 0 0 0) 0x7f2e28040900 con 0x7f2e3406c840
2026-02-17T19:32:39.308 INFO:teuthology.orchestra.run.trial075.stdout:/usr/bin/ceph: stderr
2026-02-17T19:32:39.125+0000 7f2e13fff640 1 --2- 10.20.193.75:0/3631187096 >> [v2:10.20.193.75:6800/2971101820,v1:10.20.193.75:6801/2971101820] conn(0x7f2e0403dbf0 0x7f2e040400b0 unknown :-1 s=NONE pgs=0 cs=0 l=1 rev1=0 crypto rx=0 tx=0 comp rx=0 tx=0).connect
2026-02-17T19:32:39.308 INFO:teuthology.orchestra.run.trial075.stdout:/usr/bin/ceph: stderr
2026-02-17T19:32:39.125+0000 7f2e13fff640 1 -- 10.20.193.75:0/3631187096 <== mon.0 v2:10.20.193.75:3300/0 5 ==== osd_map(2..2 src has 1..2) ==== 940+0+0 (secure 0 0 0) 0x7f2e28076790 con 0x7f2e3406c840
2026-02-17T19:32:39.308 INFO:teuthology.orchestra.run.trial075.stdout:/usr/bin/ceph: stderr
2026-02-17T19:32:39.125+0000 7f2e32575640 1 --2- 10.20.193.75:0/3631187096 >> [v2:10.20.193.75:6800/2971101820,v1:10.20.193.75:6801/2971101820] conn(0x7f2e0403dbf0 0x7f2e040400b0 unknown :-1 s=BANNER_CONNECTING pgs=0 cs=0 l=1 rev1=0 crypto rx=0 tx=0 comp rx=0 tx=0)._handle_peer_banner_payload supported=3 required=0
2026-02-17T19:32:39.308 INFO:teuthology.orchestra.run.trial075.stdout:/usr/bin/ceph: stderr
2026-02-17T19:32:39.126+0000 7f2e32575640 1 --2- 10.20.193.75:0/3631187096 >> [v2:10.20.193.75:6800/2971101820,v1:10.20.193.75:6801/2971101820] conn(0x7f2e0403dbf0 0x7f2e040400b0 secure :-1 s=READY pgs=12 cs=0 l=1 rev1=1 crypto rx=0x7f2e1c0099c0 tx=0x7f2e1c006eb0 comp rx=0 tx=0).ready entity=mgr.14118 client_cookie=0 server_cookie=0 in_seq=0 out_seq=0
2026-02-17T19:32:39.308 INFO:teuthology.orchestra.run.trial075.stdout:/usr/bin/ceph: stderr
2026-02-17T19:32:39.128+0000 7f2e13fff640 1 -- 10.20.193.75:0/3631187096 <== mon.0 v2:10.20.193.75:3300/0 6 ==== mon_command_ack([{"prefix": "get_command_descriptions"}]=0 v0) ==== 72+0+195034 (secure 0 0 0) 0x7f2e28044170 con 0x7f2e3406c840
2026-02-17T19:32:39.308 INFO:teuthology.orchestra.run.trial075.stdout:/usr/bin/ceph: stderr
2026-02-17T19:32:39.225+0000 7f2e38a79640 1 -- 10.20.193.75:0/3631187096 --> [v2:10.20.193.75:6800/2971101820,v1:10.20.193.75:6801/2971101820] -- mgr_command(tid 0: {"prefix": "orch apply", "service_type": "mon", "unmanaged": true, "target": ["mon-mgr", ""]}) -- 0x7f2e34116030 con 0x7f2e0403dbf0
2026-02-17T19:32:39.308 INFO:teuthology.orchestra.run.trial075.stdout:/usr/bin/ceph: stderr
2026-02-17T19:32:39.230+0000 7f2e13fff640 1 -- 10.20.193.75:0/3631187096 <== mgr.14118 v2:10.20.193.75:6800/2971101820 1 ==== mgr_command_reply(tid 0: 0 ) ==== 8+0+24 (secure 0 0 0) 0x7f2e34116030 con 0x7f2e0403dbf0
2026-02-17T19:32:39.308 INFO:teuthology.orchestra.run.trial075.stdout:/usr/bin/ceph: stderr
2026-02-17T19:32:39.230+0000 7f2e38a79640 1 -- 10.20.193.75:0/3631187096 >> [v2:10.20.193.75:6800/2971101820,v1:10.20.193.75:6801/2971101820] conn(0x7f2e0403dbf0 msgr2=0x7f2e040400b0 secure :-1 s=STATE_CONNECTION_ESTABLISHED l=1).mark_down
2026-02-17T19:32:39.308 INFO:teuthology.orchestra.run.trial075.stdout:/usr/bin/ceph: stderr
2026-02-17T19:32:39.230+0000 7f2e38a79640 1 --2- 10.20.193.75:0/3631187096 >> [v2:10.20.193.75:6800/2971101820,v1:10.20.193.75:6801/2971101820] conn(0x7f2e0403dbf0 0x7f2e040400b0 secure :-1 s=READY pgs=12 cs=0 l=1 rev1=1 crypto rx=0x7f2e1c0099c0 tx=0x7f2e1c006eb0 comp rx=0 tx=0).stop
2026-02-17T19:32:39.308 INFO:teuthology.orchestra.run.trial075.stdout:/usr/bin/ceph: stderr
2026-02-17T19:32:39.230+0000 7f2e38a79640 1 -- 10.20.193.75:0/3631187096 >> [v2:10.20.193.75:3300/0,v1:10.20.193.75:6789/0] conn(0x7f2e3406c840 msgr2=0x7f2e341acec0 secure :-1 s=STATE_CONNECTION_ESTABLISHED l=1).mark_down
2026-02-17T19:32:39.308 INFO:teuthology.orchestra.run.trial075.stdout:/usr/bin/ceph: stderr
2026-02-17T19:32:39.230+0000 7f2e38a79640 1 --2- 10.20.193.75:0/3631187096 >> [v2:10.20.193.75:3300/0,v1:10.20.193.75:6789/0] conn(0x7f2e3406c840 0x7f2e341acec0 secure :-1 s=READY pgs=46 cs=0 l=1 rev1=1 crypto rx=0x7f2e28009a50 tx=0x7f2e28037b90 comp rx=0 tx=0).stop
2026-02-17T19:32:39.308 INFO:teuthology.orchestra.run.trial075.stdout:/usr/bin/ceph: stderr
2026-02-17T19:32:39.231+0000 7f2e38a79640 1 -- 10.20.193.75:0/3631187096 shutdown_connections
2026-02-17T19:32:39.308 INFO:teuthology.orchestra.run.trial075.stdout:/usr/bin/ceph: stderr
2026-02-17T19:32:39.231+0000 7f2e38a79640 1 --2- 10.20.193.75:0/3631187096 >> [v2:10.20.193.75:6800/2971101820,v1:10.20.193.75:6801/2971101820] conn(0x7f2e0403dbf0 0x7f2e040400b0 unknown :-1 s=CLOSED pgs=12 cs=0 l=1 rev1=1 crypto rx=0 tx=0 comp rx=0 tx=0).stop
2026-02-17T19:32:39.308 INFO:teuthology.orchestra.run.trial075.stdout:/usr/bin/ceph: stderr
2026-02-17T19:32:39.231+0000 7f2e38a79640 1 --2- 10.20.193.75:0/3631187096 >> [v2:10.20.193.75:3300/0,v1:10.20.193.75:6789/0] conn(0x7f2e3406c840 0x7f2e341acec0 unknown :-1 s=CLOSED pgs=46 cs=0 l=1 rev1=1 crypto rx=0 tx=0 comp rx=0 tx=0).stop
2026-02-17T19:32:39.308 INFO:teuthology.orchestra.run.trial075.stdout:/usr/bin/ceph: stderr
2026-02-17T19:32:39.231+0000 7f2e38a79640 1 -- 10.20.193.75:0/3631187096 >> 10.20.193.75:0/3631187096 conn(0x7f2e340702a0 msgr2=0x7f2e34071ec0 unknown :-1 s=STATE_NONE l=0).mark_down
2026-02-17T19:32:39.308 INFO:teuthology.orchestra.run.trial075.stdout:/usr/bin/ceph: stderr
2026-02-17T19:32:39.231+0000 7f2e38a79640 1 -- 10.20.193.75:0/3631187096 shutdown_connections
2026-02-17T19:32:39.308 INFO:teuthology.orchestra.run.trial075.stdout:/usr/bin/ceph: stderr
2026-02-17T19:32:39.231+0000 7f2e38a79640 1 -- 10.20.193.75:0/3631187096 wait complete.
2026-02-17T19:32:39.308 INFO:teuthology.orchestra.run.trial075.stdout:Deploying unmanaged mgr service...
2026-02-17T19:32:39.661 INFO:teuthology.orchestra.run.trial075.stdout:/usr/bin/ceph: stdout Scheduled mgr update...
2026-02-17T19:32:39.661 INFO:teuthology.orchestra.run.trial075.stdout:/usr/bin/ceph: stderr
2026-02-17T19:32:39.464+0000 7fb3588f5640 1 Processor -- start
2026-02-17T19:32:39.662 INFO:teuthology.orchestra.run.trial075.stdout:/usr/bin/ceph: stderr
2026-02-17T19:32:39.464+0000 7fb3588f5640 1 -- start start
2026-02-17T19:32:39.662 INFO:teuthology.orchestra.run.trial075.stdout:/usr/bin/ceph: stderr
2026-02-17T19:32:39.464+0000 7fb3588f5640 1 --2- >> [v2:10.20.193.75:3300/0,v1:10.20.193.75:6789/0] conn(0x7fb35410a180 0x7fb35410a580 unknown :-1 s=NONE pgs=0 cs=0 l=0 rev1=0 crypto rx=0 tx=0 comp rx=0 tx=0).connect
2026-02-17T19:32:39.662 INFO:teuthology.orchestra.run.trial075.stdout:/usr/bin/ceph: stderr
2026-02-17T19:32:39.464+0000 7fb3588f5640 1 -- --> [v2:10.20.193.75:3300/0,v1:10.20.193.75:6789/0] -- mon_getmap magic: 0 -- 0x7fb35410ab50 con 0x7fb35410a180
2026-02-17T19:32:39.662 INFO:teuthology.orchestra.run.trial075.stdout:/usr/bin/ceph: stderr
2026-02-17T19:32:39.465+0000 7fb3537fe640 1 --2- >> [v2:10.20.193.75:3300/0,v1:10.20.193.75:6789/0] conn(0x7fb35410a180 0x7fb35410a580 unknown :-1 s=BANNER_CONNECTING pgs=0 cs=0 l=0 rev1=0 crypto rx=0 tx=0 comp rx=0 tx=0)._handle_peer_banner_payload supported=3 required=0
2026-02-17T19:32:39.662 INFO:teuthology.orchestra.run.trial075.stdout:/usr/bin/ceph: stderr
2026-02-17T19:32:39.465+0000 7fb3537fe640 1 --2- >> [v2:10.20.193.75:3300/0,v1:10.20.193.75:6789/0] conn(0x7fb35410a180 0x7fb35410a580 unknown :-1 s=HELLO_CONNECTING pgs=0 cs=0 l=0 rev1=1 crypto rx=0 tx=0 comp rx=0 tx=0).handle_hello peer v2:10.20.193.75:3300/0 says I am v2:10.20.193.75:38828/0 (socket says 10.20.193.75:38828)
2026-02-17T19:32:39.662 INFO:teuthology.orchestra.run.trial075.stdout:/usr/bin/ceph: stderr
2026-02-17T19:32:39.465+0000 7fb3537fe640 1 -- 10.20.193.75:0/663254117 learned_addr learned my addr 10.20.193.75:0/663254117 (peer_addr_for_me v2:10.20.193.75:0/0)
2026-02-17T19:32:39.662 INFO:teuthology.orchestra.run.trial075.stdout:/usr/bin/ceph: stderr
2026-02-17T19:32:39.465+0000 7fb3537fe640 1 -- 10.20.193.75:0/663254117 --> [v2:10.20.193.75:3300/0,v1:10.20.193.75:6789/0] -- mon_subscribe({config=0+,monmap=0+}) -- 0x7fb35410b380 con 0x7fb35410a180
2026-02-17T19:32:39.662 INFO:teuthology.orchestra.run.trial075.stdout:/usr/bin/ceph: stderr
2026-02-17T19:32:39.466+0000 7fb3537fe640 1 --2- 10.20.193.75:0/663254117 >> [v2:10.20.193.75:3300/0,v1:10.20.193.75:6789/0] conn(0x7fb35410a180 0x7fb35410a580 secure :-1 s=READY pgs=47 cs=0 l=1 rev1=1 crypto rx=0x7fb340009920 tx=0x7fb34002ef20 comp rx=0 tx=0).ready entity=mon.0 client_cookie=6a39222b7101d847 server_cookie=0 in_seq=0 out_seq=0
2026-02-17T19:32:39.662 INFO:teuthology.orchestra.run.trial075.stdout:/usr/bin/ceph: stderr
2026-02-17T19:32:39.466+0000 7fb3527fc640 1 -- 10.20.193.75:0/663254117 <== mon.0 v2:10.20.193.75:3300/0 1 ==== mon_map magic: 0 ==== 205+0+0 (secure 0 0 0) 0x7fb34003c070 con 0x7fb35410a180
2026-02-17T19:32:39.662 INFO:teuthology.orchestra.run.trial075.stdout:/usr/bin/ceph: stderr
2026-02-17T19:32:39.467+0000 7fb3527fc640 1 -- 10.20.193.75:0/663254117 <== mon.0 v2:10.20.193.75:3300/0 2 ==== config(26 keys) ==== 1045+0+0 (secure 0 0 0) 0x7fb340037440 con 0x7fb35410a180
2026-02-17T19:32:39.663 INFO:teuthology.orchestra.run.trial075.stdout:/usr/bin/ceph: stderr
2026-02-17T19:32:39.467+0000 7fb3527fc640 1 -- 10.20.193.75:0/663254117 <== mon.0 v2:10.20.193.75:3300/0 3 ==== mon_map magic: 0 ==== 205+0+0 (secure 0 0 0) 0x7fb3400354b0 con 0x7fb35410a180
2026-02-17T19:32:39.663 INFO:teuthology.orchestra.run.trial075.stdout:/usr/bin/ceph: stderr
2026-02-17T19:32:39.467+0000 7fb3588f5640 1 -- 10.20.193.75:0/663254117 >> [v2:10.20.193.75:3300/0,v1:10.20.193.75:6789/0] conn(0x7fb35410a180 msgr2=0x7fb35410a580 secure :-1 s=STATE_CONNECTION_ESTABLISHED l=1).mark_down
2026-02-17T19:32:39.663 INFO:teuthology.orchestra.run.trial075.stdout:/usr/bin/ceph: stderr
2026-02-17T19:32:39.467+0000 7fb3588f5640 1 --2- 10.20.193.75:0/663254117 >> [v2:10.20.193.75:3300/0,v1:10.20.193.75:6789/0] conn(0x7fb35410a180 0x7fb35410a580 secure :-1 s=READY pgs=47 cs=0 l=1 rev1=1 crypto rx=0x7fb340009920 tx=0x7fb34002ef20 comp rx=0 tx=0).stop
2026-02-17T19:32:39.663 INFO:teuthology.orchestra.run.trial075.stdout:/usr/bin/ceph: stderr
2026-02-17T19:32:39.467+0000 7fb3588f5640 1 -- 10.20.193.75:0/663254117 shutdown_connections
2026-02-17T19:32:39.663 INFO:teuthology.orchestra.run.trial075.stdout:/usr/bin/ceph: stderr
2026-02-17T19:32:39.467+0000 7fb3588f5640 1 --2- 10.20.193.75:0/663254117 >> [v2:10.20.193.75:3300/0,v1:10.20.193.75:6789/0] conn(0x7fb35410a180 0x7fb35410a580 unknown :-1 s=CLOSED pgs=47 cs=0 l=1 rev1=1 crypto rx=0 tx=0 comp rx=0 tx=0).stop
2026-02-17T19:32:39.663 INFO:teuthology.orchestra.run.trial075.stdout:/usr/bin/ceph: stderr
2026-02-17T19:32:39.467+0000 7fb3588f5640 1 -- 10.20.193.75:0/663254117 >> 10.20.193.75:0/663254117 conn(0x7fb35407d680 msgr2=0x7fb35407da90 unknown :-1 s=STATE_NONE l=0).mark_down
2026-02-17T19:32:39.663 INFO:teuthology.orchestra.run.trial075.stdout:/usr/bin/ceph: stderr
2026-02-17T19:32:39.467+0000 7fb3588f5640 1 -- 10.20.193.75:0/663254117 shutdown_connections
2026-02-17T19:32:39.663 INFO:teuthology.orchestra.run.trial075.stdout:/usr/bin/ceph: stderr
2026-02-17T19:32:39.467+0000 7fb3588f5640 1 -- 10.20.193.75:0/663254117 wait complete.
2026-02-17T19:32:39.663 INFO:teuthology.orchestra.run.trial075.stdout:/usr/bin/ceph: stderr
2026-02-17T19:32:39.468+0000 7fb3588f5640 1 Processor -- start
2026-02-17T19:32:39.663 INFO:teuthology.orchestra.run.trial075.stdout:/usr/bin/ceph: stderr
2026-02-17T19:32:39.468+0000 7fb3588f5640 1 -- start start
2026-02-17T19:32:39.663 INFO:teuthology.orchestra.run.trial075.stdout:/usr/bin/ceph: stderr
2026-02-17T19:32:39.468+0000 7fb3588f5640 1 --2- >> [v2:10.20.193.75:3300/0,v1:10.20.193.75:6789/0] conn(0x7fb35410a180 0x7fb3541a00b0 unknown :-1 s=NONE pgs=0 cs=0 l=1 rev1=0 crypto rx=0 tx=0 comp rx=0 tx=0).connect
2026-02-17T19:32:39.664 INFO:teuthology.orchestra.run.trial075.stdout:/usr/bin/ceph: stderr
2026-02-17T19:32:39.468+0000 7fb3588f5640 1 -- --> [v2:10.20.193.75:3300/0,v1:10.20.193.75:6789/0] -- mon_getmap magic: 0 -- 0x7fb35410e5b0 con 0x7fb35410a180
2026-02-17T19:32:39.664 INFO:teuthology.orchestra.run.trial075.stdout:/usr/bin/ceph: stderr
2026-02-17T19:32:39.468+0000 7fb3537fe640 1 --2- >> [v2:10.20.193.75:3300/0,v1:10.20.193.75:6789/0] conn(0x7fb35410a180 0x7fb3541a00b0 unknown :-1 s=BANNER_CONNECTING pgs=0 cs=0 l=1 rev1=0 crypto rx=0 tx=0 comp rx=0 tx=0)._handle_peer_banner_payload supported=3 required=0
2026-02-17T19:32:39.664 INFO:teuthology.orchestra.run.trial075.stdout:/usr/bin/ceph: stderr
2026-02-17T19:32:39.468+0000 7fb3537fe640 1 --2- >> [v2:10.20.193.75:3300/0,v1:10.20.193.75:6789/0] conn(0x7fb35410a180 0x7fb3541a00b0 unknown :-1 s=HELLO_CONNECTING pgs=0 cs=0 l=1 rev1=1 crypto rx=0 tx=0 comp rx=0 tx=0).handle_hello peer v2:10.20.193.75:3300/0 says I am v2:10.20.193.75:38834/0 (socket says 10.20.193.75:38834)
2026-02-17T19:32:39.664 INFO:teuthology.orchestra.run.trial075.stdout:/usr/bin/ceph: stderr
2026-02-17T19:32:39.468+0000 7fb3537fe640 1 -- 10.20.193.75:0/37284489 learned_addr learned my addr 10.20.193.75:0/37284489 (peer_addr_for_me v2:10.20.193.75:0/0)
2026-02-17T19:32:39.664 INFO:teuthology.orchestra.run.trial075.stdout:/usr/bin/ceph: stderr
2026-02-17T19:32:39.469+0000 7fb3537fe640 1 -- 10.20.193.75:0/37284489 --> [v2:10.20.193.75:3300/0,v1:10.20.193.75:6789/0] -- mon_subscribe({config=0+,monmap=0+}) -- 0x7fb3541a05f0 con 0x7fb35410a180
2026-02-17T19:32:39.664 INFO:teuthology.orchestra.run.trial075.stdout:/usr/bin/ceph: stderr
2026-02-17T19:32:39.469+0000 7fb3537fe640 1 --2- 10.20.193.75:0/37284489 >> [v2:10.20.193.75:3300/0,v1:10.20.193.75:6789/0] conn(0x7fb35410a180 0x7fb3541a00b0 secure :-1 s=READY pgs=48 cs=0 l=1 rev1=1 crypto rx=0x7fb340006fd0 tx=0x7fb340037bb0 comp rx=0 tx=0).ready entity=mon.0 client_cookie=0 server_cookie=0 in_seq=0 out_seq=0
2026-02-17T19:32:39.664 INFO:teuthology.orchestra.run.trial075.stdout:/usr/bin/ceph: stderr
2026-02-17T19:32:39.469+0000 7fb350ff9640 1 -- 10.20.193.75:0/37284489 <== mon.0 v2:10.20.193.75:3300/0 1 ==== mon_map magic: 0 ==== 205+0+0 (secure 0 0 0) 0x7fb340045070 con 0x7fb35410a180
2026-02-17T19:32:39.664 INFO:teuthology.orchestra.run.trial075.stdout:/usr/bin/ceph: stderr
2026-02-17T19:32:39.469+0000 7fb3588f5640 1 -- 10.20.193.75:0/37284489 --> [v2:10.20.193.75:3300/0,v1:10.20.193.75:6789/0] -- mon_subscribe({mgrmap=0+}) -- 0x7fb3541a0880 con 0x7fb35410a180
2026-02-17T19:32:39.664 INFO:teuthology.orchestra.run.trial075.stdout:/usr/bin/ceph: stderr
2026-02-17T19:32:39.469+0000 7fb350ff9640 1 -- 10.20.193.75:0/37284489 <== mon.0 v2:10.20.193.75:3300/0 2 ==== config(26 keys) ==== 1045+0+0 (secure 0 0 0) 0x7fb340040450 con 0x7fb35410a180
2026-02-17T19:32:39.664 INFO:teuthology.orchestra.run.trial075.stdout:/usr/bin/ceph: stderr
2026-02-17T19:32:39.469+0000 7fb350ff9640 1 -- 10.20.193.75:0/37284489 <== mon.0 v2:10.20.193.75:3300/0 3 ==== mon_map magic: 0 ==== 205+0+0 (secure 0 0 0) 0x7fb340045070 con 0x7fb35410a180
2026-02-17T19:32:39.664 INFO:teuthology.orchestra.run.trial075.stdout:/usr/bin/ceph: stderr
2026-02-17T19:32:39.469+0000 7fb3588f5640 1 -- 10.20.193.75:0/37284489 --> [v2:10.20.193.75:3300/0,v1:10.20.193.75:6789/0] -- mon_subscribe({osdmap=0}) -- 0x7fb3541a3570 con 0x7fb35410a180
2026-02-17T19:32:39.665 INFO:teuthology.orchestra.run.trial075.stdout:/usr/bin/ceph: stderr
2026-02-17T19:32:39.470+0000 7fb3588f5640 1 -- 10.20.193.75:0/37284489 --> [v2:10.20.193.75:3300/0,v1:10.20.193.75:6789/0] -- mon_command({"prefix": "get_command_descriptions"} v 0) -- 0x7fb35410a600 con 0x7fb35410a180
2026-02-17T19:32:39.665 INFO:teuthology.orchestra.run.trial075.stdout:/usr/bin/ceph: stderr
2026-02-17T19:32:39.470+0000 7fb350ff9640 1 -- 10.20.193.75:0/37284489 <== mon.0 v2:10.20.193.75:3300/0 4 ==== mgrmap(e 8) ==== 50247+0+0 (secure 0 0 0) 0x7fb3400408c0 con 0x7fb35410a180
2026-02-17T19:32:39.665 INFO:teuthology.orchestra.run.trial075.stdout:/usr/bin/ceph: stderr
2026-02-17T19:32:39.470+0000 7fb350ff9640 1 --2- 10.20.193.75:0/37284489 >> [v2:10.20.193.75:6800/2971101820,v1:10.20.193.75:6801/2971101820] conn(0x7fb32803dd80 0x7fb328040240 unknown :-1 s=NONE pgs=0 cs=0 l=1 rev1=0 crypto rx=0 tx=0 comp rx=0 tx=0).connect
2026-02-17T19:32:39.665 INFO:teuthology.orchestra.run.trial075.stdout:/usr/bin/ceph: stderr
2026-02-17T19:32:39.470+0000 7fb350ff9640 1 -- 10.20.193.75:0/37284489 <== mon.0 v2:10.20.193.75:3300/0 5 ==== osd_map(2..2 src has 1..2) ==== 940+0+0 (secure 0 0 0) 0x7fb3400763c0 con 0x7fb35410a180
2026-02-17T19:32:39.665 INFO:teuthology.orchestra.run.trial075.stdout:/usr/bin/ceph: stderr
2026-02-17T19:32:39.471+0000 7fb352ffd640 1 --2- 10.20.193.75:0/37284489 >> [v2:10.20.193.75:6800/2971101820,v1:10.20.193.75:6801/2971101820] conn(0x7fb32803dd80 0x7fb328040240 unknown :-1 s=BANNER_CONNECTING pgs=0 cs=0 l=1 rev1=0 crypto rx=0 tx=0 comp rx=0 tx=0)._handle_peer_banner_payload supported=3 required=0
2026-02-17T19:32:39.665 INFO:teuthology.orchestra.run.trial075.stdout:/usr/bin/ceph: stderr
2026-02-17T19:32:39.471+0000 7fb352ffd640 1 --2- 10.20.193.75:0/37284489 >> [v2:10.20.193.75:6800/2971101820,v1:10.20.193.75:6801/2971101820] conn(0x7fb32803dd80 0x7fb328040240 secure :-1 s=READY pgs=13 cs=0 l=1 rev1=1 crypto rx=0x7fb3440099c0 tx=0x7fb344006eb0 comp rx=0 tx=0).ready entity=mgr.14118 client_cookie=0 server_cookie=0 in_seq=0 out_seq=0
2026-02-17T19:32:39.665 INFO:teuthology.orchestra.run.trial075.stdout:/usr/bin/ceph: stderr
2026-02-17T19:32:39.473+0000 7fb350ff9640 1 -- 10.20.193.75:0/37284489 <== mon.0 v2:10.20.193.75:3300/0 6 ==== mon_command_ack([{"prefix": "get_command_descriptions"}]=0 v0) ==== 72+0+195034 (secure 0 0 0) 0x7fb340075d10 con 0x7fb35410a180
2026-02-17T19:32:39.665 INFO:teuthology.orchestra.run.trial075.stdout:/usr/bin/ceph: stderr
2026-02-17T19:32:39.573+0000 7fb3588f5640 1 -- 10.20.193.75:0/37284489 --> [v2:10.20.193.75:6800/2971101820,v1:10.20.193.75:6801/2971101820] -- mgr_command(tid 0: {"prefix": "orch apply", "service_type": "mgr", "unmanaged": true, "target": ["mon-mgr", ""]}) -- 0x7fb354107e00 con 0x7fb32803dd80
2026-02-17T19:32:39.665 INFO:teuthology.orchestra.run.trial075.stdout:/usr/bin/ceph: stderr
2026-02-17T19:32:39.577+0000 7fb350ff9640 1 -- 10.20.193.75:0/37284489 <== mgr.14118 v2:10.20.193.75:6800/2971101820 1 ==== mgr_command_reply(tid 0: 0 ) ==== 8+0+24 (secure 0 0 0) 0x7fb354107e00 con 0x7fb32803dd80
2026-02-17T19:32:39.665 INFO:teuthology.orchestra.run.trial075.stdout:/usr/bin/ceph: stderr
2026-02-17T19:32:39.579+0000 7fb3588f5640 1 -- 10.20.193.75:0/37284489 >> [v2:10.20.193.75:6800/2971101820,v1:10.20.193.75:6801/2971101820] conn(0x7fb32803dd80 msgr2=0x7fb328040240 secure :-1 s=STATE_CONNECTION_ESTABLISHED l=1).mark_down
2026-02-17T19:32:39.665 INFO:teuthology.orchestra.run.trial075.stdout:/usr/bin/ceph: stderr
2026-02-17T19:32:39.579+0000 7fb3588f5640 1 --2- 10.20.193.75:0/37284489 >> [v2:10.20.193.75:6800/2971101820,v1:10.20.193.75:6801/2971101820] conn(0x7fb32803dd80 0x7fb328040240 secure :-1 s=READY pgs=13 cs=0 l=1 rev1=1 crypto rx=0x7fb3440099c0 tx=0x7fb344006eb0 comp rx=0 tx=0).stop
2026-02-17T19:32:39.666 INFO:teuthology.orchestra.run.trial075.stdout:/usr/bin/ceph: stderr
2026-02-17T19:32:39.579+0000 7fb3588f5640 1 -- 10.20.193.75:0/37284489 >> [v2:10.20.193.75:3300/0,v1:10.20.193.75:6789/0] conn(0x7fb35410a180 msgr2=0x7fb3541a00b0 secure :-1 s=STATE_CONNECTION_ESTABLISHED l=1).mark_down
2026-02-17T19:32:39.666 INFO:teuthology.orchestra.run.trial075.stdout:/usr/bin/ceph: stderr
2026-02-17T19:32:39.579+0000 7fb3588f5640 1 --2- 10.20.193.75:0/37284489 >> [v2:10.20.193.75:3300/0,v1:10.20.193.75:6789/0] conn(0x7fb35410a180 0x7fb3541a00b0 secure :-1 s=READY pgs=48 cs=0 l=1 rev1=1 crypto rx=0x7fb340006fd0 tx=0x7fb340037bb0 comp rx=0 tx=0).stop
2026-02-17T19:32:39.666 INFO:teuthology.orchestra.run.trial075.stdout:/usr/bin/ceph: stderr
2026-02-17T19:32:39.579+0000 7fb3588f5640 1 -- 10.20.193.75:0/37284489 shutdown_connections
2026-02-17T19:32:39.666 INFO:teuthology.orchestra.run.trial075.stdout:/usr/bin/ceph: stderr
2026-02-17T19:32:39.579+0000 7fb3588f5640 1 --2- 10.20.193.75:0/37284489 >> [v2:10.20.193.75:6800/2971101820,v1:10.20.193.75:6801/2971101820] conn(0x7fb32803dd80 0x7fb328040240 unknown :-1 s=CLOSED pgs=13 cs=0 l=1 rev1=1 crypto rx=0 tx=0 comp rx=0 tx=0).stop
2026-02-17T19:32:39.666 INFO:teuthology.orchestra.run.trial075.stdout:/usr/bin/ceph: stderr
2026-02-17T19:32:39.579+0000 7fb3588f5640 1 --2- 10.20.193.75:0/37284489 >> [v2:10.20.193.75:3300/0,v1:10.20.193.75:6789/0] conn(0x7fb35410a180 0x7fb3541a00b0 unknown :-1 s=CLOSED pgs=48 cs=0 l=1 rev1=1 crypto rx=0 tx=0 comp rx=0 tx=0).stop
2026-02-17T19:32:39.666 INFO:teuthology.orchestra.run.trial075.stdout:/usr/bin/ceph: stderr
2026-02-17T19:32:39.579+0000 7fb3588f5640 1 -- 10.20.193.75:0/37284489 >> 10.20.193.75:0/37284489 conn(0x7fb35407d680 msgr2=0x7fb3541076f0 unknown :-1 s=STATE_NONE l=0).mark_down
2026-02-17T19:32:39.666 INFO:teuthology.orchestra.run.trial075.stdout:/usr/bin/ceph: stderr
2026-02-17T19:32:39.579+0000 7fb3588f5640 1 -- 10.20.193.75:0/37284489 shutdown_connections
2026-02-17T19:32:39.666 INFO:teuthology.orchestra.run.trial075.stdout:/usr/bin/ceph: stderr
2026-02-17T19:32:39.579+0000 7fb3588f5640 1 -- 10.20.193.75:0/37284489 wait complete.
2026-02-17T19:32:39.924 INFO:journalctl@ceph.mon.a.trial075.stdout:Feb 17 19:32:39 trial075 ceph-mon[22769]: from='mgr.14118 10.20.193.75:0/2965701121' entity='mgr.x'
2026-02-17T19:32:39.925 INFO:journalctl@ceph.mon.a.trial075.stdout:Feb 17 19:32:39 trial075 ceph-mon[22769]: Added host trial075
2026-02-17T19:32:39.925 INFO:journalctl@ceph.mon.a.trial075.stdout:Feb 17 19:32:39 trial075 ceph-mon[22769]: from='mgr.14118 10.20.193.75:0/2965701121' entity='mgr.x' cmd=[{"prefix": "config dump", "format": "json"}]: dispatch
2026-02-17T19:32:39.925 INFO:journalctl@ceph.mon.a.trial075.stdout:Feb 17 19:32:39 trial075 ceph-mon[22769]: from='client.14140 -' entity='client.admin' cmd=[{"prefix": "orch apply", "service_type": "mon", "unmanaged": true, "target": ["mon-mgr", ""]}]: dispatch
2026-02-17T19:32:39.925 INFO:journalctl@ceph.mon.a.trial075.stdout:Feb 17 19:32:39 trial075 ceph-mon[22769]: Saving service mon spec with placement count:5
2026-02-17T19:32:39.925 INFO:journalctl@ceph.mon.a.trial075.stdout:Feb 17 19:32:39 trial075 ceph-mon[22769]: from='mgr.14118 10.20.193.75:0/2965701121' entity='mgr.x'
2026-02-17T19:32:39.925 INFO:journalctl@ceph.mon.a.trial075.stdout:Feb 17 19:32:39 trial075 ceph-mon[22769]: from='mgr.14118 10.20.193.75:0/2965701121' entity='mgr.x'
2026-02-17T19:32:39.925 INFO:journalctl@ceph.mon.a.trial075.stdout:Feb 17 19:32:39 trial075 ceph-mon[22769]: from='mgr.14118 10.20.193.75:0/2965701121' entity='mgr.x'
2026-02-17T19:32:40.009 INFO:teuthology.orchestra.run.trial075.stdout:/usr/bin/ceph: stderr
2026-02-17T19:32:39.820+0000 7fe9a2309640 1 Processor -- start
2026-02-17T19:32:40.009 INFO:teuthology.orchestra.run.trial075.stdout:/usr/bin/ceph: stderr
2026-02-17T19:32:39.820+0000 7fe9a2309640 1 -- start start
2026-02-17T19:32:40.009 INFO:teuthology.orchestra.run.trial075.stdout:/usr/bin/ceph: stderr
2026-02-17T19:32:39.820+0000 7fe9a2309640 1 --2- >> [v2:10.20.193.75:3300/0,v1:10.20.193.75:6789/0] conn(0x7fe99c10a180 0x7fe99c10a580 unknown :-1 s=NONE pgs=0 cs=0 l=0 rev1=0 crypto rx=0 tx=0 comp rx=0 tx=0).connect
2026-02-17T19:32:40.010 INFO:teuthology.orchestra.run.trial075.stdout:/usr/bin/ceph: stderr
2026-02-17T19:32:39.820+0000 7fe9a2309640 1 -- --> [v2:10.20.193.75:3300/0,v1:10.20.193.75:6789/0] -- mon_getmap magic: 0 -- 0x7fe99c10ab50 con 0x7fe99c10a180
2026-02-17T19:32:40.010 INFO:teuthology.orchestra.run.trial075.stdout:/usr/bin/ceph: stderr
2026-02-17T19:32:39.821+0000 7fe9a1307640 1 --2- >> [v2:10.20.193.75:3300/0,v1:10.20.193.75:6789/0] conn(0x7fe99c10a180 0x7fe99c10a580 unknown :-1 s=BANNER_CONNECTING pgs=0 cs=0 l=0 rev1=0 crypto rx=0 tx=0 comp rx=0 tx=0)._handle_peer_banner_payload supported=3 required=0
2026-02-17T19:32:40.010 INFO:teuthology.orchestra.run.trial075.stdout:/usr/bin/ceph: stderr
2026-02-17T19:32:39.821+0000 7fe9a1307640 1 --2- >> [v2:10.20.193.75:3300/0,v1:10.20.193.75:6789/0] conn(0x7fe99c10a180 0x7fe99c10a580 unknown :-1 s=HELLO_CONNECTING pgs=0 cs=0 l=0 rev1=1 crypto rx=0 tx=0 comp rx=0 tx=0).handle_hello peer v2:10.20.193.75:3300/0 says I am v2:10.20.193.75:38846/0 (socket says 10.20.193.75:38846)
2026-02-17T19:32:40.010 INFO:teuthology.orchestra.run.trial075.stdout:/usr/bin/ceph: stderr
2026-02-17T19:32:39.821+0000 7fe9a1307640 1 -- 10.20.193.75:0/2127987850 learned_addr learned my addr 10.20.193.75:0/2127987850 (peer_addr_for_me v2:10.20.193.75:0/0)
2026-02-17T19:32:40.010 INFO:teuthology.orchestra.run.trial075.stdout:/usr/bin/ceph: stderr
2026-02-17T19:32:39.821+0000 7fe9a1307640 1 -- 10.20.193.75:0/2127987850 --> [v2:10.20.193.75:3300/0,v1:10.20.193.75:6789/0] -- mon_subscribe({config=0+,monmap=0+}) -- 0x7fe99c10b380 con 0x7fe99c10a180
2026-02-17T19:32:40.010 INFO:teuthology.orchestra.run.trial075.stdout:/usr/bin/ceph: stderr
2026-02-17T19:32:39.822+0000 7fe9a1307640 1 --2- 10.20.193.75:0/2127987850 >> [v2:10.20.193.75:3300/0,v1:10.20.193.75:6789/0] conn(0x7fe99c10a180 0x7fe99c10a580 secure :-1 s=READY pgs=49 cs=0 l=1 rev1=1 crypto rx=0x7fe98c009920 tx=0x7fe98c02ef20 comp rx=0 tx=0).ready entity=mon.0 client_cookie=557b88646c8238d5 server_cookie=0 in_seq=0 out_seq=0
2026-02-17T19:32:40.010 INFO:teuthology.orchestra.run.trial075.stdout:/usr/bin/ceph: stderr
2026-02-17T19:32:39.822+0000 7fe98bfff640 1 -- 10.20.193.75:0/2127987850 <== mon.0 v2:10.20.193.75:3300/0 1 ==== mon_map magic: 0 ==== 205+0+0 (secure 0 0 0) 0x7fe98c03c070 con 0x7fe99c10a180
2026-02-17T19:32:40.010 INFO:teuthology.orchestra.run.trial075.stdout:/usr/bin/ceph: stderr
2026-02-17T19:32:39.822+0000 7fe98bfff640 1 -- 10.20.193.75:0/2127987850 <== mon.0 v2:10.20.193.75:3300/0 2 ==== config(26 keys) ==== 1076+0+0 (secure 0 0 0) 0x7fe98c037440 con 0x7fe99c10a180
2026-02-17T19:32:40.010 INFO:teuthology.orchestra.run.trial075.stdout:/usr/bin/ceph: stderr
2026-02-17T19:32:39.822+0000 7fe98bfff640 1 -- 10.20.193.75:0/2127987850 <== mon.0 v2:10.20.193.75:3300/0 3 ==== mon_map magic: 0 ==== 205+0+0 (secure 0 0 0) 0x7fe98c0354d0 con 0x7fe99c10a180
2026-02-17T19:32:40.011 INFO:teuthology.orchestra.run.trial075.stdout:/usr/bin/ceph: stderr
2026-02-17T19:32:39.822+0000 7fe9a2309640 1 -- 10.20.193.75:0/2127987850 >> [v2:10.20.193.75:3300/0,v1:10.20.193.75:6789/0] conn(0x7fe99c10a180 msgr2=0x7fe99c10a580 secure :-1 s=STATE_CONNECTION_ESTABLISHED l=1).mark_down
2026-02-17T19:32:40.011 INFO:teuthology.orchestra.run.trial075.stdout:/usr/bin/ceph: stderr
2026-02-17T19:32:39.822+0000 7fe9a2309640 1 --2- 10.20.193.75:0/2127987850 >> [v2:10.20.193.75:3300/0,v1:10.20.193.75:6789/0] conn(0x7fe99c10a180 0x7fe99c10a580 secure :-1 s=READY pgs=49 cs=0 l=1 rev1=1 crypto rx=0x7fe98c009920 tx=0x7fe98c02ef20 comp rx=0 tx=0).stop
2026-02-17T19:32:40.011 INFO:teuthology.orchestra.run.trial075.stdout:/usr/bin/ceph: stderr
2026-02-17T19:32:39.822+0000 7fe9a2309640 1 -- 10.20.193.75:0/2127987850 shutdown_connections
2026-02-17T19:32:40.011 INFO:teuthology.orchestra.run.trial075.stdout:/usr/bin/ceph: stderr
2026-02-17T19:32:39.822+0000 7fe9a2309640 1 --2- 10.20.193.75:0/2127987850 >> [v2:10.20.193.75:3300/0,v1:10.20.193.75:6789/0] conn(0x7fe99c10a180 0x7fe99c10a580 unknown :-1 s=CLOSED pgs=49 cs=0 l=1 rev1=1 crypto rx=0 tx=0 comp rx=0 tx=0).stop
2026-02-17T19:32:40.011 INFO:teuthology.orchestra.run.trial075.stdout:/usr/bin/ceph: stderr
2026-02-17T19:32:39.822+0000 7fe9a2309640 1 -- 10.20.193.75:0/2127987850 >> 10.20.193.75:0/2127987850 conn(0x7fe99c07d680 msgr2=0x7fe99c07da90 unknown :-1 s=STATE_NONE l=0).mark_down
2026-02-17T19:32:40.011 INFO:teuthology.orchestra.run.trial075.stdout:/usr/bin/ceph: stderr
2026-02-17T19:32:39.822+0000 7fe9a2309640 1 -- 10.20.193.75:0/2127987850 shutdown_connections
2026-02-17T19:32:40.011 INFO:teuthology.orchestra.run.trial075.stdout:/usr/bin/ceph: stderr
2026-02-17T19:32:39.822+0000 7fe9a2309640 1 -- 10.20.193.75:0/2127987850 wait complete.
2026-02-17T19:32:40.011 INFO:teuthology.orchestra.run.trial075.stdout:/usr/bin/ceph: stderr
2026-02-17T19:32:39.823+0000 7fe9a2309640 1 Processor -- start
2026-02-17T19:32:40.011 INFO:teuthology.orchestra.run.trial075.stdout:/usr/bin/ceph: stderr
2026-02-17T19:32:39.823+0000 7fe9a2309640 1 -- start start
2026-02-17T19:32:40.011 INFO:teuthology.orchestra.run.trial075.stdout:/usr/bin/ceph: stderr
2026-02-17T19:32:39.823+0000 7fe9a2309640 1 --2- >> [v2:10.20.193.75:3300/0,v1:10.20.193.75:6789/0] conn(0x7fe99c10a180 0x7fe99c1a4570 unknown :-1 s=NONE pgs=0 cs=0 l=1 rev1=0 crypto rx=0 tx=0 comp rx=0 tx=0).connect
2026-02-17T19:32:40.011 INFO:teuthology.orchestra.run.trial075.stdout:/usr/bin/ceph: stderr
2026-02-17T19:32:39.823+0000 7fe9a2309640 1 -- --> [v2:10.20.193.75:3300/0,v1:10.20.193.75:6789/0] -- mon_getmap magic: 0 -- 0x7fe99c10e730 con 0x7fe99c10a180
2026-02-17T19:32:40.011 INFO:teuthology.orchestra.run.trial075.stdout:/usr/bin/ceph: stderr
2026-02-17T19:32:39.823+0000 7fe9a1307640 1 --2- >> [v2:10.20.193.75:3300/0,v1:10.20.193.75:6789/0] conn(0x7fe99c10a180 0x7fe99c1a4570 unknown :-1 s=BANNER_CONNECTING pgs=0 cs=0 l=1 rev1=0 crypto rx=0 tx=0 comp rx=0 tx=0)._handle_peer_banner_payload supported=3 required=0
2026-02-17T19:32:40.012 INFO:teuthology.orchestra.run.trial075.stdout:/usr/bin/ceph: stderr
2026-02-17T19:32:39.823+0000 7fe9a1307640 1 --2- >> [v2:10.20.193.75:3300/0,v1:10.20.193.75:6789/0] conn(0x7fe99c10a180 0x7fe99c1a4570 unknown :-1 s=HELLO_CONNECTING pgs=0 cs=0 l=1 rev1=1 crypto rx=0 tx=0 comp rx=0 tx=0).handle_hello peer v2:10.20.193.75:3300/0 says I am v2:10.20.193.75:38852/0 (socket says 10.20.193.75:38852)
2026-02-17T19:32:40.012 INFO:teuthology.orchestra.run.trial075.stdout:/usr/bin/ceph: stderr
2026-02-17T19:32:39.823+0000 7fe9a1307640 1 -- 10.20.193.75:0/4068532595 learned_addr learned my addr 10.20.193.75:0/4068532595 (peer_addr_for_me v2:10.20.193.75:0/0)
2026-02-17T19:32:40.012 INFO:teuthology.orchestra.run.trial075.stdout:/usr/bin/ceph: stderr
2026-02-17T19:32:39.824+0000 7fe9a1307640 1 -- 10.20.193.75:0/4068532595 --> [v2:10.20.193.75:3300/0,v1:10.20.193.75:6789/0] -- mon_subscribe({config=0+,monmap=0+}) -- 0x7fe99c1a4ab0 con 0x7fe99c10a180
2026-02-17T19:32:40.012 INFO:teuthology.orchestra.run.trial075.stdout:/usr/bin/ceph: stderr
2026-02-17T19:32:39.824+0000 7fe9a1307640 1 --2- 10.20.193.75:0/4068532595 >> [v2:10.20.193.75:3300/0,v1:10.20.193.75:6789/0] conn(0x7fe99c10a180 0x7fe99c1a4570 secure :-1 s=READY pgs=50 cs=0 l=1 rev1=1 crypto rx=0x7fe98c039000 tx=0x7fe98c037820 comp rx=0 tx=0).ready entity=mon.0 client_cookie=0 server_cookie=0 in_seq=0 out_seq=0
2026-02-17T19:32:40.012 INFO:teuthology.orchestra.run.trial075.stdout:/usr/bin/ceph: stderr
2026-02-17T19:32:39.824+0000 7fe98a7fc640 1 -- 10.20.193.75:0/4068532595 <== mon.0 v2:10.20.193.75:3300/0 1 ==== mon_map magic: 0 ==== 205+0+0 (secure 0 0 0) 0x7fe98c047070 con 0x7fe99c10a180
2026-02-17T19:32:40.012 INFO:teuthology.orchestra.run.trial075.stdout:/usr/bin/ceph: stderr
2026-02-17T19:32:39.824+0000 7fe98a7fc640 1 -- 10.20.193.75:0/4068532595 <== mon.0 v2:10.20.193.75:3300/0 2 ==== config(26 keys) ==== 1076+0+0 (secure 0 0 0) 0x7fe98c035da0 con 0x7fe99c10a180
2026-02-17T19:32:40.012 INFO:teuthology.orchestra.run.trial075.stdout:/usr/bin/ceph: stderr
2026-02-17T19:32:39.824+0000 7fe98a7fc640 1 -- 10.20.193.75:0/4068532595 <== mon.0 v2:10.20.193.75:3300/0 3 ==== mon_map magic: 0 ==== 205+0+0 (secure 0 0 0) 0x7fe98c03c070 con 0x7fe99c10a180
2026-02-17T19:32:40.012 INFO:teuthology.orchestra.run.trial075.stdout:/usr/bin/ceph: stderr
2026-02-17T19:32:39.824+0000 7fe9a2309640 1 -- 10.20.193.75:0/4068532595 --> [v2:10.20.193.75:3300/0,v1:10.20.193.75:6789/0] -- mon_subscribe({mgrmap=0+}) -- 0x7fe99c1a4d40 con 0x7fe99c10a180
2026-02-17T19:32:40.012 INFO:teuthology.orchestra.run.trial075.stdout:/usr/bin/ceph: stderr
2026-02-17T19:32:39.824+0000 7fe9a2309640 1 -- 10.20.193.75:0/4068532595 --> [v2:10.20.193.75:3300/0,v1:10.20.193.75:6789/0] -- mon_subscribe({osdmap=0}) -- 0x7fe99c1a7a30 con 0x7fe99c10a180
2026-02-17T19:32:40.012 INFO:teuthology.orchestra.run.trial075.stdout:/usr/bin/ceph: stderr
2026-02-17T19:32:39.825+0000 7fe9a2309640 1 -- 10.20.193.75:0/4068532595 --> [v2:10.20.193.75:3300/0,v1:10.20.193.75:6789/0] -- mon_command({"prefix": "get_command_descriptions"} v 0) -- 0x7fe99c10e8b0 con 0x7fe99c10a180
2026-02-17T19:32:40.012 INFO:teuthology.orchestra.run.trial075.stdout:/usr/bin/ceph: stderr
2026-02-17T19:32:39.825+0000 7fe98a7fc640 1 -- 10.20.193.75:0/4068532595 <== mon.0 v2:10.20.193.75:3300/0 4 ==== mgrmap(e 8) ==== 50247+0+0 (secure 0 0 0) 0x7fe98c0425d0 con 0x7fe99c10a180
2026-02-17T19:32:40.013 INFO:teuthology.orchestra.run.trial075.stdout:/usr/bin/ceph: stderr
2026-02-17T19:32:39.825+0000 7fe98a7fc640 1 --2- 10.20.193.75:0/4068532595 >> [v2:10.20.193.75:6800/2971101820,v1:10.20.193.75:6801/2971101820] conn(0x7fe97803dbf0 0x7fe9780400b0 unknown :-1 s=NONE pgs=0 cs=0 l=1 rev1=0 crypto rx=0 tx=0 comp rx=0 tx=0).connect
2026-02-17T19:32:40.013 INFO:teuthology.orchestra.run.trial075.stdout:/usr/bin/ceph: stderr
2026-02-17T19:32:39.826+0000 7fe9a0b06640 1 --2- 10.20.193.75:0/4068532595 >> [v2:10.20.193.75:6800/2971101820,v1:10.20.193.75:6801/2971101820] conn(0x7fe97803dbf0 0x7fe9780400b0 unknown :-1 s=BANNER_CONNECTING pgs=0 cs=0 l=1 rev1=0 crypto rx=0 tx=0 comp rx=0 tx=0)._handle_peer_banner_payload supported=3 required=0
2026-02-17T19:32:40.013 INFO:teuthology.orchestra.run.trial075.stdout:/usr/bin/ceph: stderr
2026-02-17T19:32:39.826+0000 7fe9a0b06640 1 --2- 10.20.193.75:0/4068532595 >> [v2:10.20.193.75:6800/2971101820,v1:10.20.193.75:6801/2971101820] conn(0x7fe97803dbf0 0x7fe9780400b0 secure :-1 s=READY pgs=14 cs=0 l=1 rev1=1 crypto rx=0x7fe9900099c0 tx=0x7fe990006eb0 comp rx=0 tx=0).ready entity=mgr.14118 client_cookie=0 server_cookie=0 in_seq=0 out_seq=0
2026-02-17T19:32:40.013 INFO:teuthology.orchestra.run.trial075.stdout:/usr/bin/ceph: stderr
2026-02-17T19:32:39.827+0000 7fe98a7fc640 1 -- 10.20.193.75:0/4068532595 <== mon.0 v2:10.20.193.75:3300/0 5 ==== osd_map(2..2 src has 1..2) ==== 940+0+0 (secure 0 0 0) 0x7fe98c04c440 con 0x7fe99c10a180
2026-02-17T19:32:40.013 INFO:teuthology.orchestra.run.trial075.stdout:/usr/bin/ceph: stderr
2026-02-17T19:32:39.828+0000 7fe98a7fc640 1 -- 10.20.193.75:0/4068532595 <== mon.0 v2:10.20.193.75:3300/0 6 ==== mon_command_ack([{"prefix": "get_command_descriptions"}]=0 v0) ==== 72+0+195034 (secure 0 0 0) 0x7fe98c04a360 con 0x7fe99c10a180
2026-02-17T19:32:40.013 INFO:teuthology.orchestra.run.trial075.stdout:/usr/bin/ceph: stderr
2026-02-17T19:32:39.921+0000 7fe9a2309640 1 -- 10.20.193.75:0/4068532595 --> [v2:10.20.193.75:3300/0,v1:10.20.193.75:6789/0] -- mon_command([{prefix=config set, name=mgr/cephadm/container_init}] v 0) -- 0x7fe99c10a600 con 0x7fe99c10a180
2026-02-17T19:32:40.013 INFO:teuthology.orchestra.run.trial075.stdout:/usr/bin/ceph: stderr
2026-02-17T19:32:39.923+0000 7fe98a7fc640 1 -- 10.20.193.75:0/4068532595 <== mon.0 v2:10.20.193.75:3300/0 7 ==== mon_command_ack([{prefix=config set, name=mgr/cephadm/container_init}]=0 v7)=0 v7) ==== 142+0+0 (secure 0 0 0) 0x7fe98c045120 con 0x7fe99c10a180
2026-02-17T19:32:40.013 INFO:teuthology.orchestra.run.trial075.stdout:/usr/bin/ceph: stderr
2026-02-17T19:32:39.925+0000 7fe9a2309640 1 -- 10.20.193.75:0/4068532595 >> [v2:10.20.193.75:6800/2971101820,v1:10.20.193.75:6801/2971101820] conn(0x7fe97803dbf0 msgr2=0x7fe9780400b0 secure :-1 s=STATE_CONNECTION_ESTABLISHED l=1).mark_down
2026-02-17T19:32:40.013 INFO:teuthology.orchestra.run.trial075.stdout:/usr/bin/ceph: stderr
2026-02-17T19:32:39.925+0000 7fe9a2309640 1 --2- 10.20.193.75:0/4068532595 >> [v2:10.20.193.75:6800/2971101820,v1:10.20.193.75:6801/2971101820] conn(0x7fe97803dbf0 0x7fe9780400b0 secure :-1 s=READY pgs=14 cs=0 l=1 rev1=1 crypto rx=0x7fe9900099c0 tx=0x7fe990006eb0 comp rx=0 tx=0).stop
2026-02-17T19:32:40.013 INFO:teuthology.orchestra.run.trial075.stdout:/usr/bin/ceph: stderr
2026-02-17T19:32:39.925+0000 7fe9a2309640 1 -- 10.20.193.75:0/4068532595 >> [v2:10.20.193.75:3300/0,v1:10.20.193.75:6789/0] conn(0x7fe99c10a180 msgr2=0x7fe99c1a4570 secure :-1 s=STATE_CONNECTION_ESTABLISHED l=1).mark_down
2026-02-17T19:32:40.013 INFO:teuthology.orchestra.run.trial075.stdout:/usr/bin/ceph: stderr
2026-02-17T19:32:39.925+0000 7fe9a2309640 1 --2- 10.20.193.75:0/4068532595 >> [v2:10.20.193.75:3300/0,v1:10.20.193.75:6789/0] conn(0x7fe99c10a180 0x7fe99c1a4570 secure :-1 s=READY pgs=50 cs=0 l=1 rev1=1 crypto rx=0x7fe98c039000 tx=0x7fe98c037820 comp rx=0 tx=0).stop
2026-02-17T19:32:40.013 INFO:teuthology.orchestra.run.trial075.stdout:/usr/bin/ceph: stderr
2026-02-17T19:32:39.926+0000 7fe9a2309640 1 -- 10.20.193.75:0/4068532595 shutdown_connections
2026-02-17T19:32:40.014 INFO:teuthology.orchestra.run.trial075.stdout:/usr/bin/ceph: stderr
2026-02-17T19:32:39.926+0000 7fe9a2309640 1 --2- 10.20.193.75:0/4068532595 >> [v2:10.20.193.75:6800/2971101820,v1:10.20.193.75:6801/2971101820] conn(0x7fe97803dbf0 0x7fe9780400b0 unknown :-1 s=CLOSED pgs=14 cs=0 l=1 rev1=1 crypto rx=0 tx=0 comp rx=0 tx=0).stop
2026-02-17T19:32:40.014 INFO:teuthology.orchestra.run.trial075.stdout:/usr/bin/ceph: stderr
