2026-02-17T19:42:30.300 INFO:teuthology.orchestra.run.trial108.stdout:/usr/bin/ceph: stderr
2026-02-17T19:42:30.161+0000 7fb3fe5a5640 1 --2- 10.20.193.108:0/240796088 >> [v2:10.20.193.108:3300/0,v1:10.20.193.108:6789/0] conn(0x7fb3f807eea0 0x7fb3f807d300 secure :-1 s=READY pgs=24 cs=0 l=1 rev1=1 crypto rx=0x7fb3e4009920 tx=0x7fb3e402ef20 comp rx=0 tx=0).stop
2026-02-17T19:42:30.300 INFO:teuthology.orchestra.run.trial108.stdout:/usr/bin/ceph: stderr
2026-02-17T19:42:30.161+0000 7fb3fe5a5640 1 -- 10.20.193.108:0/240796088 shutdown_connections
2026-02-17T19:42:30.300 INFO:teuthology.orchestra.run.trial108.stdout:/usr/bin/ceph: stderr
2026-02-17T19:42:30.161+0000 7fb3fe5a5640 1 --2- 10.20.193.108:0/240796088 >> [v2:10.20.193.108:3300/0,v1:10.20.193.108:6789/0] conn(0x7fb3f807eea0 0x7fb3f807d300 unknown :-1 s=CLOSED pgs=24 cs=0 l=1 rev1=1 crypto rx=0 tx=0 comp rx=0 tx=0).stop
2026-02-17T19:42:30.300 INFO:teuthology.orchestra.run.trial108.stdout:/usr/bin/ceph: stderr
2026-02-17T19:42:30.161+0000 7fb3fe5a5640 1 -- 10.20.193.108:0/240796088 >> 10.20.193.108:0/240796088 conn(0x7fb3f81039d0 msgr2=0x7fb3f8105df0 unknown :-1 s=STATE_NONE l=0).mark_down
2026-02-17T19:42:30.300 INFO:teuthology.orchestra.run.trial108.stdout:/usr/bin/ceph: stderr
2026-02-17T19:42:30.161+0000 7fb3fe5a5640 1 -- 10.20.193.108:0/240796088 shutdown_connections
2026-02-17T19:42:30.300 INFO:teuthology.orchestra.run.trial108.stdout:/usr/bin/ceph: stderr
2026-02-17T19:42:30.161+0000 7fb3fe5a5640 1 -- 10.20.193.108:0/240796088 wait complete.
2026-02-17T19:42:30.300 INFO:teuthology.orchestra.run.trial108.stdout:/usr/bin/ceph: stderr
2026-02-17T19:42:30.161+0000 7fb3fe5a5640 1 Processor -- start
2026-02-17T19:42:30.300 INFO:teuthology.orchestra.run.trial108.stdout:/usr/bin/ceph: stderr
2026-02-17T19:42:30.162+0000 7fb3fe5a5640 1 -- start start
2026-02-17T19:42:30.300 INFO:teuthology.orchestra.run.trial108.stdout:/usr/bin/ceph: stderr
2026-02-17T19:42:30.162+0000 7fb3fe5a5640 1 --2- >> [v2:10.20.193.108:3300/0,v1:10.20.193.108:6789/0] conn(0x7fb3f807eea0 0x7fb3f81a0230 unknown :-1 s=NONE pgs=0 cs=0 l=1 rev1=0 crypto rx=0 tx=0 comp rx=0 tx=0).connect
2026-02-17T19:42:30.301 INFO:teuthology.orchestra.run.trial108.stdout:/usr/bin/ceph: stderr
2026-02-17T19:42:30.162+0000 7fb3fe5a5640 1 -- --> [v2:10.20.193.108:3300/0,v1:10.20.193.108:6789/0] -- mon_getmap magic: 0 -- 0x7fb3f810e750 con 0x7fb3f807eea0
2026-02-17T19:42:30.301 INFO:teuthology.orchestra.run.trial108.stdout:/usr/bin/ceph: stderr
2026-02-17T19:42:30.162+0000 7fb3f7fff640 1 --2- >> [v2:10.20.193.108:3300/0,v1:10.20.193.108:6789/0] conn(0x7fb3f807eea0 0x7fb3f81a0230 unknown :-1 s=BANNER_CONNECTING pgs=0 cs=0 l=1 rev1=0 crypto rx=0 tx=0 comp rx=0 tx=0)._handle_peer_banner_payload supported=3 required=0
2026-02-17T19:42:30.301 INFO:teuthology.orchestra.run.trial108.stdout:/usr/bin/ceph: stderr
2026-02-17T19:42:30.162+0000 7fb3f7fff640 1 --2- >> [v2:10.20.193.108:3300/0,v1:10.20.193.108:6789/0] conn(0x7fb3f807eea0 0x7fb3f81a0230 unknown :-1 s=HELLO_CONNECTING pgs=0 cs=0 l=1 rev1=1 crypto rx=0 tx=0 comp rx=0 tx=0).handle_hello peer v2:10.20.193.108:3300/0 says I am v2:10.20.193.108:49062/0 (socket says 10.20.193.108:49062)
2026-02-17T19:42:30.301 INFO:teuthology.orchestra.run.trial108.stdout:/usr/bin/ceph: stderr
2026-02-17T19:42:30.162+0000 7fb3f7fff640 1 -- 10.20.193.108:0/2363285038 learned_addr learned my addr 10.20.193.108:0/2363285038 (peer_addr_for_me v2:10.20.193.108:0/0)
2026-02-17T19:42:30.301 INFO:teuthology.orchestra.run.trial108.stdout:/usr/bin/ceph: stderr
2026-02-17T19:42:30.162+0000 7fb3f7fff640 1 -- 10.20.193.108:0/2363285038 --> [v2:10.20.193.108:3300/0,v1:10.20.193.108:6789/0] -- mon_subscribe({config=0+,monmap=0+}) -- 0x7fb3f81a0770 con 0x7fb3f807eea0
2026-02-17T19:42:30.301 INFO:teuthology.orchestra.run.trial108.stdout:/usr/bin/ceph: stderr
2026-02-17T19:42:30.162+0000 7fb3f7fff640 1 --2- 10.20.193.108:0/2363285038 >> [v2:10.20.193.108:3300/0,v1:10.20.193.108:6789/0] conn(0x7fb3f807eea0 0x7fb3f81a0230 secure :-1 s=READY pgs=25 cs=0 l=1 rev1=1 crypto rx=0x7fb3e4009a50 tx=0x7fb3e4037b90 comp rx=0 tx=0).ready entity=mon.0 client_cookie=0 server_cookie=0 in_seq=0 out_seq=0
2026-02-17T19:42:30.301 INFO:teuthology.orchestra.run.trial108.stdout:/usr/bin/ceph: stderr
2026-02-17T19:42:30.162+0000 7fb3f57fa640 1 -- 10.20.193.108:0/2363285038 <== mon.0 v2:10.20.193.108:3300/0 1 ==== mon_map magic: 0 ==== 205+0+0 (secure 0 0 0) 0x7fb3e4045070 con 0x7fb3f807eea0
2026-02-17T19:42:30.301 INFO:teuthology.orchestra.run.trial108.stdout:/usr/bin/ceph: stderr
2026-02-17T19:42:30.162+0000 7fb3fe5a5640 1 -- 10.20.193.108:0/2363285038 --> [v2:10.20.193.108:3300/0,v1:10.20.193.108:6789/0] -- mon_subscribe({mgrmap=0+}) -- 0x7fb3f81a0a00 con 0x7fb3f807eea0
2026-02-17T19:42:30.301 INFO:teuthology.orchestra.run.trial108.stdout:/usr/bin/ceph: stderr
2026-02-17T19:42:30.162+0000 7fb3f57fa640 1 -- 10.20.193.108:0/2363285038 <== mon.0 v2:10.20.193.108:3300/0 2 ==== config(26 keys) ==== 1045+0+0 (secure 0 0 0) 0x7fb3e4040450 con 0x7fb3f807eea0
2026-02-17T19:42:30.301 INFO:teuthology.orchestra.run.trial108.stdout:/usr/bin/ceph: stderr
2026-02-17T19:42:30.162+0000 7fb3f57fa640 1 -- 10.20.193.108:0/2363285038 <== mon.0 v2:10.20.193.108:3300/0 3 ==== mon_map magic: 0 ==== 205+0+0 (secure 0 0 0) 0x7fb3e403c070 con 0x7fb3f807eea0
2026-02-17T19:42:30.301 INFO:teuthology.orchestra.run.trial108.stdout:/usr/bin/ceph: stderr
2026-02-17T19:42:30.162+0000 7fb3fe5a5640 1 -- 10.20.193.108:0/2363285038 --> [v2:10.20.193.108:3300/0,v1:10.20.193.108:6789/0] -- mon_subscribe({osdmap=0}) -- 0x7fb3f81a36f0 con 0x7fb3f807eea0
2026-02-17T19:42:30.302 INFO:teuthology.orchestra.run.trial108.stdout:/usr/bin/ceph: stderr
2026-02-17T19:42:30.162+0000 7fb3fe5a5640 1 -- 10.20.193.108:0/2363285038 --> [v2:10.20.193.108:3300/0,v1:10.20.193.108:6789/0] -- mon_command({"prefix": "get_command_descriptions"} v 0) -- 0x7fb3f807d380 con 0x7fb3f807eea0
2026-02-17T19:42:30.302 INFO:teuthology.orchestra.run.trial108.stdout:/usr/bin/ceph: stderr
2026-02-17T19:42:30.163+0000 7fb3f57fa640 1 -- 10.20.193.108:0/2363285038 <== mon.0 v2:10.20.193.108:3300/0 4 ==== mgrmap(e 5) ==== 50247+0+0 (secure 0 0 0) 0x7fb3e4040900 con 0x7fb3f807eea0
2026-02-17T19:42:30.302 INFO:teuthology.orchestra.run.trial108.stdout:/usr/bin/ceph: stderr
2026-02-17T19:42:30.163+0000 7fb3f57fa640 1 --2- 10.20.193.108:0/2363285038 >> [v2:10.20.193.108:6800/465549153,v1:10.20.193.108:6801/465549153] conn(0x7fb3cc03dba0 0x7fb3cc040060 unknown :-1 s=NONE pgs=0 cs=0 l=1 rev1=0 crypto rx=0 tx=0 comp rx=0 tx=0).connect
2026-02-17T19:42:30.302 INFO:teuthology.orchestra.run.trial108.stdout:/usr/bin/ceph: stderr
2026-02-17T19:42:30.163+0000 7fb3f77fe640 1 -- 10.20.193.108:0/2363285038 >> [v2:10.20.193.108:6800/465549153,v1:10.20.193.108:6801/465549153] conn(0x7fb3cc03dba0 msgr2=0x7fb3cc040060 unknown :-1 s=STATE_CONNECTING_RE l=1).process reconnect failed to v2:10.20.193.108:6800/465549153
2026-02-17T19:42:30.302 INFO:teuthology.orchestra.run.trial108.stdout:/usr/bin/ceph: stderr
2026-02-17T19:42:30.163+0000 7fb3f57fa640 1 -- 10.20.193.108:0/2363285038 <== mon.0 v2:10.20.193.108:3300/0 5 ==== osd_map(1..1 src has 1..1) ==== 725+0+0 (secure 0 0 0) 0x7fb3e40766e0 con 0x7fb3f807eea0
2026-02-17T19:42:30.302 INFO:teuthology.orchestra.run.trial108.stdout:/usr/bin/ceph: stderr
2026-02-17T19:42:30.163+0000 7fb3f77fe640 1 --2- 10.20.193.108:0/2363285038 >> [v2:10.20.193.108:6800/465549153,v1:10.20.193.108:6801/465549153] conn(0x7fb3cc03dba0 0x7fb3cc040060 unknown :-1 s=START_CONNECT pgs=0 cs=0 l=1 rev1=0 crypto rx=0 tx=0 comp rx=0 tx=0)._fault waiting 0.200000
2026-02-17T19:42:30.302 INFO:teuthology.orchestra.run.trial108.stdout:/usr/bin/ceph: stderr
2026-02-17T19:42:30.165+0000 7fb3f57fa640 1 -- 10.20.193.108:0/2363285038 <== mon.0 v2:10.20.193.108:3300/0 6 ==== mon_command_ack([{"prefix": "get_command_descriptions"}]=0 v0) ==== 72+0+195034 (secure 0 0 0) 0x7fb3e40406b0 con 0x7fb3f807eea0
2026-02-17T19:42:30.302 INFO:teuthology.orchestra.run.trial108.stdout:/usr/bin/ceph: stderr
2026-02-17T19:42:30.268+0000 7fb3fe5a5640 1 -- 10.20.193.108:0/2363285038 --> [v2:10.20.193.108:3300/0,v1:10.20.193.108:6789/0] -- mon_command({"prefix": "mgr stat"} v 0) -- 0x7fb3f81a3d90 con 0x7fb3f807eea0
2026-02-17T19:42:30.302 INFO:teuthology.orchestra.run.trial108.stdout:/usr/bin/ceph: stderr
2026-02-17T19:42:30.269+0000 7fb3f57fa640 1 -- 10.20.193.108:0/2363285038 <== mon.0 v2:10.20.193.108:3300/0 7 ==== mon_command_ack([{"prefix": "mgr stat"}]=0 v5) ==== 56+0+88 (secure 0 0 0) 0x7fb3e4076100 con 0x7fb3f807eea0
2026-02-17T19:42:30.302 INFO:teuthology.orchestra.run.trial108.stdout:/usr/bin/ceph: stderr
2026-02-17T19:42:30.270+0000 7fb3fe5a5640 1 -- 10.20.193.108:0/2363285038 >> [v2:10.20.193.108:6800/465549153,v1:10.20.193.108:6801/465549153] conn(0x7fb3cc03dba0 msgr2=0x7fb3cc040060 unknown :-1 s=STATE_CONNECTING l=1).mark_down
2026-02-17T19:42:30.302 INFO:teuthology.orchestra.run.trial108.stdout:/usr/bin/ceph: stderr
2026-02-17T19:42:30.270+0000 7fb3fe5a5640 1 --2- 10.20.193.108:0/2363285038 >> [v2:10.20.193.108:6800/465549153,v1:10.20.193.108:6801/465549153] conn(0x7fb3cc03dba0 0x7fb3cc040060 unknown :-1 s=START_CONNECT pgs=0 cs=0 l=1 rev1=0 crypto rx=0 tx=0 comp rx=0 tx=0).stop
2026-02-17T19:42:30.302 INFO:teuthology.orchestra.run.trial108.stdout:/usr/bin/ceph: stderr
2026-02-17T19:42:30.270+0000 7fb3fe5a5640 1 -- 10.20.193.108:0/2363285038 >> [v2:10.20.193.108:3300/0,v1:10.20.193.108:6789/0] conn(0x7fb3f807eea0 msgr2=0x7fb3f81a0230 secure :-1 s=STATE_CONNECTION_ESTABLISHED l=1).mark_down
2026-02-17T19:42:30.303 INFO:teuthology.orchestra.run.trial108.stdout:/usr/bin/ceph: stderr
2026-02-17T19:42:30.270+0000 7fb3fe5a5640 1 --2- 10.20.193.108:0/2363285038 >> [v2:10.20.193.108:3300/0,v1:10.20.193.108:6789/0] conn(0x7fb3f807eea0 0x7fb3f81a0230 secure :-1 s=READY pgs=25 cs=0 l=1 rev1=1 crypto rx=0x7fb3e4009a50 tx=0x7fb3e4037b90 comp rx=0 tx=0).stop
2026-02-17T19:42:30.303 INFO:teuthology.orchestra.run.trial108.stdout:/usr/bin/ceph: stderr
2026-02-17T19:42:30.270+0000 7fb3fe5a5640 1 -- 10.20.193.108:0/2363285038 shutdown_connections
2026-02-17T19:42:30.303 INFO:teuthology.orchestra.run.trial108.stdout:/usr/bin/ceph: stderr
2026-02-17T19:42:30.270+0000 7fb3fe5a5640 1 --2- 10.20.193.108:0/2363285038 >> [v2:10.20.193.108:6800/465549153,v1:10.20.193.108:6801/465549153] conn(0x7fb3cc03dba0 0x7fb3cc040060 unknown :-1 s=CLOSED pgs=0 cs=0 l=1 rev1=0 crypto rx=0 tx=0 comp rx=0 tx=0).stop
2026-02-17T19:42:30.303 INFO:teuthology.orchestra.run.trial108.stdout:/usr/bin/ceph: stderr
2026-02-17T19:42:30.270+0000 7fb3fe5a5640 1 --2- 10.20.193.108:0/2363285038 >> [v2:10.20.193.108:3300/0,v1:10.20.193.108:6789/0] conn(0x7fb3f807eea0 0x7fb3f81a0230 unknown :-1 s=CLOSED pgs=25 cs=0 l=1 rev1=1 crypto rx=0 tx=0 comp rx=0 tx=0).stop
2026-02-17T19:42:30.303 INFO:teuthology.orchestra.run.trial108.stdout:/usr/bin/ceph: stderr
2026-02-17T19:42:30.270+0000 7fb3fe5a5640 1 -- 10.20.193.108:0/2363285038 >> 10.20.193.108:0/2363285038 conn(0x7fb3f81039d0 msgr2=0x7fb3f8104430 unknown :-1 s=STATE_NONE l=0).mark_down
2026-02-17T19:42:30.303 INFO:teuthology.orchestra.run.trial108.stdout:/usr/bin/ceph: stderr
2026-02-17T19:42:30.270+0000 7fb3fe5a5640 1 -- 10.20.193.108:0/2363285038 shutdown_connections
2026-02-17T19:42:30.303 INFO:teuthology.orchestra.run.trial108.stdout:/usr/bin/ceph: stderr
2026-02-17T19:42:30.270+0000 7fb3fe5a5640 1 -- 10.20.193.108:0/2363285038 wait complete.
2026-02-17T19:42:30.303 INFO:teuthology.orchestra.run.trial108.stdout:Waiting for the mgr to restart...
2026-02-17T19:42:30.303 INFO:teuthology.orchestra.run.trial108.stdout:Waiting for mgr epoch 5...
2026-02-17T19:42:30.304 INFO:journalctl@ceph.mon.a.trial108.stdout:Feb 17 19:42:30 trial108 ceph-mon[24839]: mgrmap e4: x(active, since 2s)
2026-02-17T19:42:30.304 INFO:journalctl@ceph.mon.a.trial108.stdout:Feb 17 19:42:30 trial108 ceph-mon[24839]: from='client.? 10.20.193.108:0/2984201497' entity='client.admin' cmd=[{"prefix": "config assimilate-conf"}]: dispatch
2026-02-17T19:42:30.304 INFO:journalctl@ceph.mon.a.trial108.stdout:Feb 17 19:42:30 trial108 ceph-mon[24839]: from='client.? 10.20.193.108:0/1144301149' entity='client.admin' cmd=[{"prefix": "mgr module enable", "module": "cephadm"}]: dispatch
2026-02-17T19:42:30.304 INFO:journalctl@ceph.mgr.x.trial108.stdout:Feb 17 19:42:30 trial108 ceph-bf2456f2-0c38-11f1-b1c8-d404e6e7d460-mgr-x[25097]: ignoring --setuser ceph since I am not root
2026-02-17T19:42:30.304 INFO:journalctl@ceph.mgr.x.trial108.stdout:Feb 17 19:42:30 trial108 ceph-bf2456f2-0c38-11f1-b1c8-d404e6e7d460-mgr-x[25097]: ignoring --setgroup ceph since I am not root
2026-02-17T19:42:30.600 INFO:journalctl@ceph.mgr.x.trial108.stdout:Feb 17 19:42:30 trial108 ceph-bf2456f2-0c38-11f1-b1c8-d404e6e7d460-mgr-x[25097]:
2026-02-17T19:42:30.453+0000 7fea50dac140 -1 mgr[py] Module snap_schedule has missing NOTIFY_TYPES member
2026-02-17T19:42:30.600 INFO:journalctl@ceph.mgr.x.trial108.stdout:Feb 17 19:42:30 trial108 ceph-bf2456f2-0c38-11f1-b1c8-d404e6e7d460-mgr-x[25097]:
2026-02-17T19:42:30.598+0000 7fea50dac140 -1 mgr[py] Module prometheus has missing NOTIFY_TYPES member
2026-02-17T19:42:30.878 INFO:journalctl@ceph.mgr.x.trial108.stdout:Feb 17 19:42:30 trial108 ceph-bf2456f2-0c38-11f1-b1c8-d404e6e7d460-mgr-x[25097]:
2026-02-17T19:42:30.633+0000 7fea50dac140 -1 mgr[py] Module balancer has missing NOTIFY_TYPES member
2026-02-17T19:42:30.878 INFO:journalctl@ceph.mgr.x.trial108.stdout:Feb 17 19:42:30 trial108 ceph-bf2456f2-0c38-11f1-b1c8-d404e6e7d460-mgr-x[25097]:
2026-02-17T19:42:30.674+0000 7fea50dac140 -1 mgr[py] Module rbd_support has missing NOTIFY_TYPES member
2026-02-17T19:42:30.878 INFO:journalctl@ceph.mgr.x.trial108.stdout:Feb 17 19:42:30 trial108 ceph-bf2456f2-0c38-11f1-b1c8-d404e6e7d460-mgr-x[25097]:
2026-02-17T19:42:30.706+0000 7fea50dac140 -1 mgr[py] Module devicehealth has missing NOTIFY_TYPES member
2026-02-17T19:42:30.878 INFO:journalctl@ceph.mgr.x.trial108.stdout:Feb 17 19:42:30 trial108 ceph-bf2456f2-0c38-11f1-b1c8-d404e6e7d460-mgr-x[25097]:
2026-02-17T19:42:30.740+0000 7fea50dac140 -1 mgr[py] Module alerts has missing NOTIFY_TYPES member
2026-02-17T19:42:30.878 INFO:journalctl@ceph.mgr.x.trial108.stdout:Feb 17 19:42:30 trial108 ceph-bf2456f2-0c38-11f1-b1c8-d404e6e7d460-mgr-x[25097]:
2026-02-17T19:42:30.806+0000 7fea50dac140 -1 mgr[py] Module telemetry has missing NOTIFY_TYPES member
2026-02-17T19:42:30.879 INFO:journalctl@ceph.mgr.x.trial108.stdout:Feb 17 19:42:30 trial108 ceph-bf2456f2-0c38-11f1-b1c8-d404e6e7d460-mgr-x[25097]: /lib64/python3.9/site-packages/scipy/__init__.py:73: UserWarning: NumPy was imported from a Python sub-interpreter but NumPy does not properly support sub-interpreters. This will likely work for most users but might cause hard to track down issues or subtle bugs. A common user of the rare sub-interpreter feature is wsgi which also allows single-interpreter mode.
2026-02-17T19:42:30.879 INFO:journalctl@ceph.mgr.x.trial108.stdout:Feb 17 19:42:30 trial108 ceph-bf2456f2-0c38-11f1-b1c8-d404e6e7d460-mgr-x[25097]: Improvements in the case of bugs are welcome, but is not on the NumPy roadmap, and full support may require significant effort to achieve.
2026-02-17T19:42:30.879 INFO:journalctl@ceph.mgr.x.trial108.stdout:Feb 17 19:42:30 trial108 ceph-bf2456f2-0c38-11f1-b1c8-d404e6e7d460-mgr-x[25097]: from numpy import show_config as show_numpy_config
2026-02-17T19:42:31.140 INFO:journalctl@ceph.mon.a.trial108.stdout:Feb 17 19:42:31 trial108 ceph-mon[24839]: from='client.? 10.20.193.108:0/1144301149' entity='client.admin' cmd='[{"prefix": "mgr module enable", "module": "cephadm"}]': finished
2026-02-17T19:42:31.140 INFO:journalctl@ceph.mon.a.trial108.stdout:Feb 17 19:42:31 trial108 ceph-mon[24839]: mgrmap e5: x(active, since 3s)
2026-02-17T19:42:31.140 INFO:journalctl@ceph.mon.a.trial108.stdout:Feb 17 19:42:31 trial108 ceph-mon[24839]: from='client.? 10.20.193.108:0/2363285038' entity='client.admin' cmd=[{"prefix": "mgr stat"}]: dispatch
2026-02-17T19:42:31.140 INFO:journalctl@ceph.mgr.x.trial108.stdout:Feb 17 19:42:30 trial108 ceph-bf2456f2-0c38-11f1-b1c8-d404e6e7d460-mgr-x[25097]:
2026-02-17T19:42:30.880+0000 7fea50dac140 -1 mgr[py] Module diskprediction_local has missing NOTIFY_TYPES member
2026-02-17T19:42:31.140 INFO:journalctl@ceph.mgr.x.trial108.stdout:Feb 17 19:42:30 trial108 ceph-bf2456f2-0c38-11f1-b1c8-d404e6e7d460-mgr-x[25097]:
2026-02-17T19:42:30.914+0000 7fea50dac140 -1 mgr[py] Module status has missing NOTIFY_TYPES member
2026-02-17T19:42:31.141 INFO:journalctl@ceph.mgr.x.trial108.stdout:Feb 17 19:42:31 trial108 ceph-bf2456f2-0c38-11f1-b1c8-d404e6e7d460-mgr-x[25097]:
2026-02-17T19:42:31.011+0000 7fea50dac140 -1 mgr[py] Module rgw has missing NOTIFY_TYPES member
2026-02-17T19:42:31.141 INFO:journalctl@ceph.mgr.x.trial108.stdout:Feb 17 19:42:31 trial108 ceph-bf2456f2-0c38-11f1-b1c8-d404e6e7d460-mgr-x[25097]:
2026-02-17T19:42:31.071+0000 7fea50dac140 -1 mgr[py] Module iostat has missing NOTIFY_TYPES member
2026-02-17T19:42:31.141 INFO:journalctl@ceph.mgr.x.trial108.stdout:Feb 17 19:42:31 trial108 ceph-bf2456f2-0c38-11f1-b1c8-d404e6e7d460-mgr-x[25097]:
2026-02-17T19:42:31.105+0000 7fea50dac140 -1 mgr[py] Module pg_autoscaler has missing NOTIFY_TYPES member
2026-02-17T19:42:31.141 INFO:journalctl@ceph.mgr.x.trial108.stdout:Feb 17 19:42:31 trial108 ceph-bf2456f2-0c38-11f1-b1c8-d404e6e7d460-mgr-x[25097]:
2026-02-17T19:42:31.137+0000 7fea50dac140 -1 mgr[py] Module osd_perf_query has missing NOTIFY_TYPES member
2026-02-17T19:42:31.439 INFO:journalctl@ceph.mgr.x.trial108.stdout:Feb 17 19:42:31 trial108 ceph-bf2456f2-0c38-11f1-b1c8-d404e6e7d460-mgr-x[25097]:
2026-02-17T19:42:31.173+0000 7fea50dac140 -1 mgr[py] Module crash has missing NOTIFY_TYPES member
2026-02-17T19:42:31.439 INFO:journalctl@ceph.mgr.x.trial108.stdout:Feb 17 19:42:31 trial108 ceph-bf2456f2-0c38-11f1-b1c8-d404e6e7d460-mgr-x[25097]:
2026-02-17T19:42:31.203+0000 7fea50dac140 -1 mgr[py] Module progress has missing NOTIFY_TYPES member
2026-02-17T19:42:31.439 INFO:journalctl@ceph.mgr.x.trial108.stdout:Feb 17 19:42:31 trial108 ceph-bf2456f2-0c38-11f1-b1c8-d404e6e7d460-mgr-x[25097]:
2026-02-17T19:42:31.437+0000 7fea50dac140 -1 mgr[py] Module rook has missing NOTIFY_TYPES member
2026-02-17T19:42:31.695 INFO:journalctl@ceph.mgr.x.trial108.stdout:Feb 17 19:42:31 trial108 ceph-bf2456f2-0c38-11f1-b1c8-d404e6e7d460-mgr-x[25097]:
2026-02-17T19:42:31.537+0000 7fea50dac140 -1 mgr[py] Module nfs has missing NOTIFY_TYPES member
2026-02-17T19:42:31.695 INFO:journalctl@ceph.mgr.x.trial108.stdout:Feb 17 19:42:31 trial108 ceph-bf2456f2-0c38-11f1-b1c8-d404e6e7d460-mgr-x[25097]:
2026-02-17T19:42:31.568+0000 7fea50dac140 -1 mgr[py] Module telegraf has missing NOTIFY_TYPES member
2026-02-17T19:42:31.695 INFO:journalctl@ceph.mgr.x.trial108.stdout:Feb 17 19:42:31 trial108 ceph-bf2456f2-0c38-11f1-b1c8-d404e6e7d460-mgr-x[25097]:
2026-02-17T19:42:31.599+0000 7fea50dac140 -1 mgr[py] Module selftest has missing NOTIFY_TYPES member
2026-02-17T19:42:31.695 INFO:journalctl@ceph.mgr.x.trial108.stdout:Feb 17 19:42:31 trial108 ceph-bf2456f2-0c38-11f1-b1c8-d404e6e7d460-mgr-x[25097]:
2026-02-17T19:42:31.693+0000 7fea50dac140 -1 mgr[py] Module test_orchestrator has missing NOTIFY_TYPES member
2026-02-17T19:42:31.957 INFO:journalctl@ceph.mgr.x.trial108.stdout:Feb 17 19:42:31 trial108 ceph-bf2456f2-0c38-11f1-b1c8-d404e6e7d460-mgr-x[25097]:
2026-02-17T19:42:31.722+0000 7fea50dac140 -1 mgr[py] Module osd_support has missing NOTIFY_TYPES member
2026-02-17T19:42:31.958 INFO:journalctl@ceph.mgr.x.trial108.stdout:Feb 17 19:42:31 trial108 ceph-bf2456f2-0c38-11f1-b1c8-d404e6e7d460-mgr-x[25097]:
2026-02-17T19:42:31.815+0000 7fea50dac140 -1 mgr[py] Module orchestrator has missing NOTIFY_TYPES member
2026-02-17T19:42:32.707 INFO:journalctl@ceph.mgr.x.trial108.stdout:Feb 17 19:42:32 trial108 ceph-bf2456f2-0c38-11f1-b1c8-d404e6e7d460-mgr-x[25097]:
2026-02-17T19:42:32.278+0000 7fea50dac140 -1 mgr[py] Module volumes has missing NOTIFY_TYPES member
2026-02-17T19:42:32.708 INFO:journalctl@ceph.mgr.x.trial108.stdout:Feb 17 19:42:32 trial108 ceph-bf2456f2-0c38-11f1-b1c8-d404e6e7d460-mgr-x[25097]:
2026-02-17T19:42:32.309+0000 7fea50dac140 -1 mgr[py] Module zabbix has missing NOTIFY_TYPES member
2026-02-17T19:42:33.208 INFO:journalctl@ceph.mgr.x.trial108.stdout:Feb 17 19:42:32 trial108 ceph-bf2456f2-0c38-11f1-b1c8-d404e6e7d460-mgr-x[25097]:
2026-02-17T19:42:32.706+0000 7fea50dac140 -1 mgr[py] Module influx has missing NOTIFY_TYPES member
2026-02-17T19:42:33.208 INFO:journalctl@ceph.mon.a.trial108.stdout:Feb 17 19:42:32 trial108 ceph-mon[24839]: Active manager daemon x restarted
2026-02-17T19:42:33.208 INFO:journalctl@ceph.mon.a.trial108.stdout:Feb 17 19:42:32 trial108 ceph-mon[24839]: Activating manager daemon x
2026-02-17T19:42:33.208 INFO:journalctl@ceph.mon.a.trial108.stdout:Feb 17 19:42:32 trial108 ceph-mon[24839]: osdmap e2: 0 total, 0 up, 0 in
2026-02-17T19:42:33.208 INFO:journalctl@ceph.mon.a.trial108.stdout:Feb 17 19:42:32 trial108 ceph-mon[24839]: mgrmap e6: x(active, starting, since 0.002557s)
2026-02-17T19:42:33.209 INFO:journalctl@ceph.mon.a.trial108.stdout:Feb 17 19:42:32 trial108 ceph-mon[24839]: from='mgr.14118 10.20.193.108:0/1342171999' entity='mgr.x' cmd=[{"prefix": "mon metadata", "id": "a"}]: dispatch
2026-02-17T19:42:33.209 INFO:journalctl@ceph.mon.a.trial108.stdout:Feb 17 19:42:32 trial108 ceph-mon[24839]: from='mgr.14118 10.20.193.108:0/1342171999' entity='mgr.x' cmd=[{"prefix": "mgr metadata", "who": "x", "id": "x"}]: dispatch
2026-02-17T19:42:33.209 INFO:journalctl@ceph.mon.a.trial108.stdout:Feb 17 19:42:32 trial108 ceph-mon[24839]: from='mgr.14118 10.20.193.108:0/1342171999' entity='mgr.x' cmd=[{"prefix": "mds metadata"}]: dispatch
2026-02-17T19:42:33.209 INFO:journalctl@ceph.mon.a.trial108.stdout:Feb 17 19:42:32 trial108 ceph-mon[24839]: from='mgr.14118 10.20.193.108:0/1342171999' entity='mgr.x' cmd=[{"prefix": "osd metadata"}]: dispatch
2026-02-17T19:42:33.209 INFO:journalctl@ceph.mon.a.trial108.stdout:Feb 17 19:42:32 trial108 ceph-mon[24839]: from='mgr.14118 10.20.193.108:0/1342171999' entity='mgr.x' cmd=[{"prefix": "mon metadata"}]: dispatch
2026-02-17T19:42:33.209 INFO:journalctl@ceph.mon.a.trial108.stdout:Feb 17 19:42:32 trial108 ceph-mon[24839]: Manager daemon x is now available
2026-02-17T19:42:33.209 INFO:journalctl@ceph.mon.a.trial108.stdout:Feb 17 19:42:32 trial108 ceph-mon[24839]: from='mgr.14118 10.20.193.108:0/1342171999' entity='mgr.x'
2026-02-17T19:42:33.209 INFO:journalctl@ceph.mon.a.trial108.stdout:Feb 17 19:42:32 trial108 ceph-mon[24839]: from='mgr.14118 10.20.193.108:0/1342171999' entity='mgr.x'
2026-02-17T19:42:33.209 INFO:journalctl@ceph.mon.a.trial108.stdout:Feb 17 19:42:32 trial108 ceph-mon[24839]: from='mgr.14118 10.20.193.108:0/1342171999' entity='mgr.x' cmd=[{"prefix": "config dump", "format": "json"}]: dispatch
2026-02-17T19:42:33.209 INFO:journalctl@ceph.mon.a.trial108.stdout:Feb 17 19:42:32 trial108 ceph-mon[24839]: from='mgr.14118 10.20.193.108:0/1342171999' entity='mgr.x' cmd=[{"prefix": "config dump", "format": "json"}]: dispatch
2026-02-17T19:42:33.209 INFO:journalctl@ceph.mon.a.trial108.stdout:Feb 17 19:42:32 trial108 ceph-mon[24839]: from='mgr.14118 10.20.193.108:0/1342171999' entity='mgr.x' cmd=[{"prefix":"config rm","who":"mgr","name":"mgr/rbd_support/x/mirror_snapshot_schedule"}]: dispatch
2026-02-17T19:42:33.209 INFO:journalctl@ceph.mon.a.trial108.stdout:Feb 17 19:42:32 trial108 ceph-mon[24839]: from='mgr.14118 10.20.193.108:0/1342171999' entity='mgr.x' cmd=[{"prefix":"config rm","who":"mgr","name":"mgr/rbd_support/x/trash_purge_schedule"}]: dispatch
2026-02-17T19:42:33.742 INFO:teuthology.orchestra.run.trial108.stdout:/usr/bin/ceph: stdout {
2026-02-17T19:42:33.743 INFO:teuthology.orchestra.run.trial108.stdout:/usr/bin/ceph: stdout "mgrmap_epoch": 7,
2026-02-17T19:42:33.743 INFO:teuthology.orchestra.run.trial108.stdout:/usr/bin/ceph: stdout "initialized": true
2026-02-17T19:42:33.743 INFO:teuthology.orchestra.run.trial108.stdout:/usr/bin/ceph: stdout }
2026-02-17T19:42:33.743 INFO:teuthology.orchestra.run.trial108.stdout:/usr/bin/ceph: stderr
2026-02-17T19:42:30.397+0000 7f4a1efac640 1 Processor -- start
2026-02-17T19:42:33.743 INFO:teuthology.orchestra.run.trial108.stdout:/usr/bin/ceph: stderr
2026-02-17T19:42:30.397+0000 7f4a1efac640 1 -- start start
2026-02-17T19:42:33.743 INFO:teuthology.orchestra.run.trial108.stdout:/usr/bin/ceph: stderr
2026-02-17T19:42:30.397+0000 7f4a1efac640 1 --2- >> [v2:10.20.193.108:3300/0,v1:10.20.193.108:6789/0] conn(0x7f4a18108260 0x7f4a18108660 unknown :-1 s=NONE pgs=0 cs=0 l=0 rev1=0 crypto rx=0 tx=0 comp rx=0 tx=0).connect
2026-02-17T19:42:33.743 INFO:teuthology.orchestra.run.trial108.stdout:/usr/bin/ceph: stderr
2026-02-17T19:42:30.397+0000 7f4a1efac640 1 -- --> [v2:10.20.193.108:3300/0,v1:10.20.193.108:6789/0] -- mon_getmap magic: 0 -- 0x7f4a18108c30 con 0x7f4a18108260
2026-02-17T19:42:33.744 INFO:teuthology.orchestra.run.trial108.stdout:/usr/bin/ceph: stderr
2026-02-17T19:42:30.397+0000 7f4a1cd21640 1 --2- >> [v2:10.20.193.108:3300/0,v1:10.20.193.108:6789/0] conn(0x7f4a18108260 0x7f4a18108660 unknown :-1 s=BANNER_CONNECTING pgs=0 cs=0 l=0 rev1=0 crypto rx=0 tx=0 comp rx=0 tx=0)._handle_peer_banner_payload supported=3 required=0
2026-02-17T19:42:33.744 INFO:teuthology.orchestra.run.trial108.stdout:/usr/bin/ceph: stderr
2026-02-17T19:42:30.397+0000 7f4a1cd21640 1 --2- >> [v2:10.20.193.108:3300/0,v1:10.20.193.108:6789/0] conn(0x7f4a18108260 0x7f4a18108660 unknown :-1 s=HELLO_CONNECTING pgs=0 cs=0 l=0 rev1=1 crypto rx=0 tx=0 comp rx=0 tx=0).handle_hello peer v2:10.20.193.108:3300/0 says I am v2:10.20.193.108:49066/0 (socket says 10.20.193.108:49066)
2026-02-17T19:42:33.744 INFO:teuthology.orchestra.run.trial108.stdout:/usr/bin/ceph: stderr
2026-02-17T19:42:30.397+0000 7f4a1cd21640 1 -- 10.20.193.108:0/2249949986 learned_addr learned my addr 10.20.193.108:0/2249949986 (peer_addr_for_me v2:10.20.193.108:0/0)
2026-02-17T19:42:33.744 INFO:teuthology.orchestra.run.trial108.stdout:/usr/bin/ceph: stderr
2026-02-17T19:42:30.397+0000 7f4a1cd21640 1 -- 10.20.193.108:0/2249949986 --> [v2:10.20.193.108:3300/0,v1:10.20.193.108:6789/0] -- mon_subscribe({config=0+,monmap=0+}) -- 0x7f4a18109410 con 0x7f4a18108260
2026-02-17T19:42:33.744 INFO:teuthology.orchestra.run.trial108.stdout:/usr/bin/ceph: stderr
2026-02-17T19:42:30.398+0000 7f4a1cd21640 1 --2- 10.20.193.108:0/2249949986 >> [v2:10.20.193.108:3300/0,v1:10.20.193.108:6789/0] conn(0x7f4a18108260 0x7f4a18108660 secure :-1 s=READY pgs=26 cs=0 l=1 rev1=1 crypto rx=0x7f4a08009920 tx=0x7f4a0802ef20 comp rx=0 tx=0).ready entity=mon.0 client_cookie=ae68a846785f77f8 server_cookie=0 in_seq=0 out_seq=0
2026-02-17T19:42:33.744 INFO:teuthology.orchestra.run.trial108.stdout:/usr/bin/ceph: stderr
2026-02-17T19:42:30.398+0000 7f4a0f7fe640 1 -- 10.20.193.108:0/2249949986 <== mon.0 v2:10.20.193.108:3300/0 1 ==== mon_map magic: 0 ==== 205+0+0 (secure 0 0 0) 0x7f4a0803c070 con 0x7f4a18108260
2026-02-17T19:42:33.744 INFO:teuthology.orchestra.run.trial108.stdout:/usr/bin/ceph: stderr
2026-02-17T19:42:30.398+0000 7f4a0f7fe640 1 -- 10.20.193.108:0/2249949986 <== mon.0 v2:10.20.193.108:3300/0 2 ==== config(26 keys) ==== 1045+0+0 (secure 0 0 0) 0x7f4a08037440 con 0x7f4a18108260
2026-02-17T19:42:33.744 INFO:teuthology.orchestra.run.trial108.stdout:/usr/bin/ceph: stderr
2026-02-17T19:42:30.398+0000 7f4a0f7fe640 1 -- 10.20.193.108:0/2249949986 <== mon.0 v2:10.20.193.108:3300/0 3 ==== mon_map magic: 0 ==== 205+0+0 (secure 0 0 0) 0x7f4a080354b0 con 0x7f4a18108260
2026-02-17T19:42:33.744 INFO:teuthology.orchestra.run.trial108.stdout:/usr/bin/ceph: stderr
2026-02-17T19:42:30.398+0000 7f4a1efac640 1 -- 10.20.193.108:0/2249949986 >> [v2:10.20.193.108:3300/0,v1:10.20.193.108:6789/0] conn(0x7f4a18108260 msgr2=0x7f4a18108660 secure :-1 s=STATE_CONNECTION_ESTABLISHED l=1).mark_down
2026-02-17T19:42:33.744 INFO:teuthology.orchestra.run.trial108.stdout:/usr/bin/ceph: stderr
2026-02-17T19:42:30.398+0000 7f4a1efac640 1 --2- 10.20.193.108:0/2249949986 >> [v2:10.20.193.108:3300/0,v1:10.20.193.108:6789/0] conn(0x7f4a18108260 0x7f4a18108660 secure :-1 s=READY pgs=26 cs=0 l=1 rev1=1 crypto rx=0x7f4a08009920 tx=0x7f4a0802ef20 comp rx=0 tx=0).stop
2026-02-17T19:42:33.745 INFO:teuthology.orchestra.run.trial108.stdout:/usr/bin/ceph: stderr
2026-02-17T19:42:30.398+0000 7f4a1efac640 1 -- 10.20.193.108:0/2249949986 shutdown_connections
2026-02-17T19:42:33.745 INFO:teuthology.orchestra.run.trial108.stdout:/usr/bin/ceph: stderr
2026-02-17T19:42:30.398+0000 7f4a1efac640 1 --2- 10.20.193.108:0/2249949986 >> [v2:10.20.193.108:3300/0,v1:10.20.193.108:6789/0] conn(0x7f4a18108260 0x7f4a18108660 unknown :-1 s=CLOSED pgs=26 cs=0 l=1 rev1=1 crypto rx=0 tx=0 comp rx=0 tx=0).stop
2026-02-17T19:42:33.745 INFO:teuthology.orchestra.run.trial108.stdout:/usr/bin/ceph: stderr
2026-02-17T19:42:30.398+0000 7f4a1efac640 1 -- 10.20.193.108:0/2249949986 >> 10.20.193.108:0/2249949986 conn(0x7f4a18103a30 msgr2=0x7f4a18105e50 unknown :-1 s=STATE_NONE l=0).mark_down
2026-02-17T19:42:33.745 INFO:teuthology.orchestra.run.trial108.stdout:/usr/bin/ceph: stderr
2026-02-17T19:42:30.398+0000 7f4a1efac640 1 -- 10.20.193.108:0/2249949986 shutdown_connections
2026-02-17T19:42:33.745 INFO:teuthology.orchestra.run.trial108.stdout:/usr/bin/ceph: stderr
2026-02-17T19:42:30.398+0000 7f4a1efac640 1 -- 10.20.193.108:0/2249949986 wait complete.
2026-02-17T19:42:33.745 INFO:teuthology.orchestra.run.trial108.stdout:/usr/bin/ceph: stderr
2026-02-17T19:42:30.399+0000 7f4a1efac640 1 Processor -- start
2026-02-17T19:42:33.745 INFO:teuthology.orchestra.run.trial108.stdout:/usr/bin/ceph: stderr
2026-02-17T19:42:30.399+0000 7f4a1efac640 1 -- start start
2026-02-17T19:42:33.745 INFO:teuthology.orchestra.run.trial108.stdout:/usr/bin/ceph: stderr
2026-02-17T19:42:30.399+0000 7f4a1efac640 1 --2- >> [v2:10.20.193.108:3300/0,v1:10.20.193.108:6789/0] conn(0x7f4a18108260 0x7f4a181a0310 unknown :-1 s=NONE pgs=0 cs=0 l=1 rev1=0 crypto rx=0 tx=0 comp rx=0 tx=0).connect
2026-02-17T19:42:33.745 INFO:teuthology.orchestra.run.trial108.stdout:/usr/bin/ceph: stderr
2026-02-17T19:42:30.399+0000 7f4a1efac640 1 -- --> [v2:10.20.193.108:3300/0,v1:10.20.193.108:6789/0] -- mon_getmap magic: 0 -- 0x7f4a1810c640 con 0x7f4a18108260
2026-02-17T19:42:33.745 INFO:teuthology.orchestra.run.trial108.stdout:/usr/bin/ceph: stderr
2026-02-17T19:42:30.399+0000 7f4a1cd21640 1 --2- >> [v2:10.20.193.108:3300/0,v1:10.20.193.108:6789/0] conn(0x7f4a18108260 0x7f4a181a0310 unknown :-1 s=BANNER_CONNECTING pgs=0 cs=0 l=1 rev1=0 crypto rx=0 tx=0 comp rx=0 tx=0)._handle_peer_banner_payload supported=3 required=0
2026-02-17T19:42:33.746 INFO:teuthology.orchestra.run.trial108.stdout:/usr/bin/ceph: stderr
2026-02-17T19:42:30.399+0000 7f4a1cd21640 1 --2- >> [v2:10.20.193.108:3300/0,v1:10.20.193.108:6789/0] conn(0x7f4a18108260 0x7f4a181a0310 unknown :-1 s=HELLO_CONNECTING pgs=0 cs=0 l=1 rev1=1 crypto rx=0 tx=0 comp rx=0 tx=0).handle_hello peer v2:10.20.193.108:3300/0 says I am v2:10.20.193.108:49068/0 (socket says 10.20.193.108:49068)
2026-02-17T19:42:33.746 INFO:teuthology.orchestra.run.trial108.stdout:/usr/bin/ceph: stderr
2026-02-17T19:42:30.399+0000 7f4a1cd21640 1 -- 10.20.193.108:0/3399530740 learned_addr learned my addr 10.20.193.108:0/3399530740 (peer_addr_for_me v2:10.20.193.108:0/0)
2026-02-17T19:42:33.746 INFO:teuthology.orchestra.run.trial108.stdout:/usr/bin/ceph: stderr
2026-02-17T19:42:30.399+0000 7f4a1cd21640 1 -- 10.20.193.108:0/3399530740 --> [v2:10.20.193.108:3300/0,v1:10.20.193.108:6789/0] -- mon_subscribe({config=0+,monmap=0+}) -- 0x7f4a181a0850 con 0x7f4a18108260
2026-02-17T19:42:33.746 INFO:teuthology.orchestra.run.trial108.stdout:/usr/bin/ceph: stderr
2026-02-17T19:42:30.399+0000 7f4a1cd21640 1 --2- 10.20.193.108:0/3399530740 >> [v2:10.20.193.108:3300/0,v1:10.20.193.108:6789/0] conn(0x7f4a18108260 0x7f4a181a0310 secure :-1 s=READY pgs=27 cs=0 l=1 rev1=1 crypto rx=0x7f4a08006fd0 tx=0x7f4a08037bb0 comp rx=0 tx=0).ready entity=mon.0 client_cookie=0 server_cookie=0 in_seq=0 out_seq=0
2026-02-17T19:42:33.746 INFO:teuthology.orchestra.run.trial108.stdout:/usr/bin/ceph: stderr
2026-02-17T19:42:30.399+0000 7f4a0dffb640 1 -- 10.20.193.108:0/3399530740 <== mon.0 v2:10.20.193.108:3300/0 1 ==== mon_map magic: 0 ==== 205+0+0 (secure 0 0 0) 0x7f4a08045070 con 0x7f4a18108260
2026-02-17T19:42:33.746 INFO:teuthology.orchestra.run.trial108.stdout:/usr/bin/ceph: stderr
2026-02-17T19:42:30.399+0000 7f4a1efac640 1 -- 10.20.193.108:0/3399530740 --> [v2:10.20.193.108:3300/0,v1:10.20.193.108:6789/0] -- mon_subscribe({mgrmap=0+}) -- 0x7f4a181a0ae0 con 0x7f4a18108260
2026-02-17T19:42:33.746 INFO:teuthology.orchestra.run.trial108.stdout:/usr/bin/ceph: stderr
2026-02-17T19:42:30.399+0000 7f4a0dffb640 1 -- 10.20.193.108:0/3399530740 <== mon.0 v2:10.20.193.108:3300/0 2 ==== config(26 keys) ==== 1045+0+0 (secure 0 0 0) 0x7f4a08040450 con 0x7f4a18108260
2026-02-17T19:42:33.746 INFO:teuthology.orchestra.run.trial108.stdout:/usr/bin/ceph: stderr
2026-02-17T19:42:30.399+0000 7f4a0dffb640 1 -- 10.20.193.108:0/3399530740 <== mon.0 v2:10.20.193.108:3300/0 3 ==== mon_map magic: 0 ==== 205+0+0 (secure 0 0 0) 0x7f4a0803c070 con 0x7f4a18108260
2026-02-17T19:42:33.746 INFO:teuthology.orchestra.run.trial108.stdout:/usr/bin/ceph: stderr
2026-02-17T19:42:30.399+0000 7f4a1efac640 1 -- 10.20.193.108:0/3399530740 --> [v2:10.20.193.108:3300/0,v1:10.20.193.108:6789/0] -- mon_subscribe({osdmap=0}) -- 0x7f4a181a37d0 con 0x7f4a18108260
2026-02-17T19:42:33.746 INFO:teuthology.orchestra.run.trial108.stdout:/usr/bin/ceph: stderr
2026-02-17T19:42:30.400+0000 7f4a0dffb640 1 -- 10.20.193.108:0/3399530740 <== mon.0 v2:10.20.193.108:3300/0 4 ==== mgrmap(e 5) ==== 50247+0+0 (secure 0 0 0) 0x7f4a0803e640 con 0x7f4a18108260
2026-02-17T19:42:33.746 INFO:teuthology.orchestra.run.trial108.stdout:/usr/bin/ceph: stderr
2026-02-17T19:42:30.400+0000 7f4a0dffb640 1 --2- 10.20.193.108:0/3399530740 >> [v2:10.20.193.108:6800/465549153,v1:10.20.193.108:6801/465549153] conn(0x7f49f403dba0 0x7f49f4040060 unknown :-1 s=NONE pgs=0 cs=0 l=1 rev1=0 crypto rx=0 tx=0 comp rx=0 tx=0).connect
2026-02-17T19:42:33.747 INFO:teuthology.orchestra.run.trial108.stdout:/usr/bin/ceph: stderr
2026-02-17T19:42:30.400+0000 7f4a0dffb640 1 -- 10.20.193.108:0/3399530740 --> [v2:10.20.193.108:6800/465549153,v1:10.20.193.108:6801/465549153] -- command(tid 0: {"prefix": "get_command_descriptions"}) -- 0x7f49f4040770 con 0x7f49f403dba0
2026-02-17T19:42:33.747 INFO:teuthology.orchestra.run.trial108.stdout:/usr/bin/ceph: stderr
2026-02-17T19:42:30.400+0000 7f4a0ffff640 1 -- 10.20.193.108:0/3399530740 >> [v2:10.20.193.108:6800/465549153,v1:10.20.193.108:6801/465549153] conn(0x7f49f403dba0 msgr2=0x7f49f4040060 unknown :-1 s=STATE_CONNECTING_RE l=1).process reconnect failed to v2:10.20.193.108:6800/465549153
2026-02-17T19:42:33.747 INFO:teuthology.orchestra.run.trial108.stdout:/usr/bin/ceph: stderr
2026-02-17T19:42:30.400+0000 7f4a0dffb640 1 -- 10.20.193.108:0/3399530740 <== mon.0 v2:10.20.193.108:3300/0 5 ==== osd_map(1..1 src has 1..1) ==== 725+0+0 (secure 0 0 0) 0x7f4a080767d0 con 0x7f4a18108260
2026-02-17T19:42:33.747 INFO:teuthology.orchestra.run.trial108.stdout:/usr/bin/ceph: stderr
2026-02-17T19:42:30.400+0000 7f4a0ffff640 1 --2- 10.20.193.108:0/3399530740 >> [v2:10.20.193.108:6800/465549153,v1:10.20.193.108:6801/465549153] conn(0x7f49f403dba0 0x7f49f4040060 unknown :-1 s=START_CONNECT pgs=0 cs=0 l=1 rev1=0 crypto rx=0 tx=0 comp rx=0 tx=0)._fault waiting 0.200000
2026-02-17T19:42:33.747 INFO:teuthology.orchestra.run.trial108.stdout:/usr/bin/ceph: stderr
2026-02-17T19:42:30.601+0000 7f4a0ffff640 1 -- 10.20.193.108:0/3399530740 >> [v2:10.20.193.108:6800/465549153,v1:10.20.193.108:6801/465549153] conn(0x7f49f403dba0 msgr2=0x7f49f4040060 unknown :-1 s=STATE_CONNECTING_RE l=1).process reconnect failed to v2:10.20.193.108:6800/465549153
2026-02-17T19:42:33.747 INFO:teuthology.orchestra.run.trial108.stdout:/usr/bin/ceph: stderr
2026-02-17T19:42:30.601+0000 7f4a0ffff640 1 --2- 10.20.193.108:0/3399530740 >> [v2:10.20.193.108:6800/465549153,v1:10.20.193.108:6801/465549153] conn(0x7f49f403dba0 0x7f49f4040060 unknown :-1 s=START_CONNECT pgs=0 cs=0 l=1 rev1=0 crypto rx=0 tx=0 comp rx=0 tx=0)._fault waiting 0.400000
2026-02-17T19:42:33.747 INFO:teuthology.orchestra.run.trial108.stdout:/usr/bin/ceph: stderr
2026-02-17T19:42:31.002+0000 7f4a0ffff640 1 -- 10.20.193.108:0/3399530740 >> [v2:10.20.193.108:6800/465549153,v1:10.20.193.108:6801/465549153] conn(0x7f49f403dba0 msgr2=0x7f49f4040060 unknown :-1 s=STATE_CONNECTING_RE l=1).process reconnect failed to v2:10.20.193.108:6800/465549153
2026-02-17T19:42:33.747 INFO:teuthology.orchestra.run.trial108.stdout:/usr/bin/ceph: stderr
2026-02-17T19:42:31.002+0000 7f4a0ffff640 1 --2- 10.20.193.108:0/3399530740 >> [v2:10.20.193.108:6800/465549153,v1:10.20.193.108:6801/465549153] conn(0x7f49f403dba0 0x7f49f4040060 unknown :-1 s=START_CONNECT pgs=0 cs=0 l=1 rev1=0 crypto rx=0 tx=0 comp rx=0 tx=0)._fault waiting 0.800000
2026-02-17T19:42:33.747 INFO:teuthology.orchestra.run.trial108.stdout:/usr/bin/ceph: stderr
2026-02-17T19:42:31.803+0000 7f4a0ffff640 1 -- 10.20.193.108:0/3399530740 >> [v2:10.20.193.108:6800/465549153,v1:10.20.193.108:6801/465549153] conn(0x7f49f403dba0 msgr2=0x7f49f4040060 unknown :-1 s=STATE_CONNECTING_RE l=1).process reconnect failed to v2:10.20.193.108:6800/465549153
2026-02-17T19:42:33.747 INFO:teuthology.orchestra.run.trial108.stdout:/usr/bin/ceph: stderr
2026-02-17T19:42:31.803+0000 7f4a0ffff640 1 --2- 10.20.193.108:0/3399530740 >> [v2:10.20.193.108:6800/465549153,v1:10.20.193.108:6801/465549153] conn(0x7f49f403dba0 0x7f49f4040060 unknown :-1 s=START_CONNECT pgs=0 cs=0 l=1 rev1=0 crypto rx=0 tx=0 comp rx=0 tx=0)._fault waiting 1.600000
2026-02-17T19:42:33.748 INFO:teuthology.orchestra.run.trial108.stdout:/usr/bin/ceph: stderr
2026-02-17T19:42:32.709+0000 7f4a0dffb640 1 -- 10.20.193.108:0/3399530740 <== mon.0 v2:10.20.193.108:3300/0 6 ==== mgrmap(e 6) ==== 50014+0+0 (secure 0 0 0) 0x7f4a08075290 con 0x7f4a18108260
2026-02-17T19:42:33.748 INFO:teuthology.orchestra.run.trial108.stdout:/usr/bin/ceph: stderr
2026-02-17T19:42:32.709+0000 7f4a0dffb640 1 -- 10.20.193.108:0/3399530740 >> [v2:10.20.193.108:6800/465549153,v1:10.20.193.108:6801/465549153] conn(0x7f49f403dba0 msgr2=0x7f49f4040060 unknown :-1 s=STATE_CONNECTING l=1).mark_down
2026-02-17T19:42:33.748 INFO:teuthology.orchestra.run.trial108.stdout:/usr/bin/ceph: stderr
2026-02-17T19:42:32.709+0000 7f4a0dffb640 1 --2- 10.20.193.108:0/3399530740 >> [v2:10.20.193.108:6800/465549153,v1:10.20.193.108:6801/465549153] conn(0x7f49f403dba0 0x7f49f4040060 unknown :-1 s=START_CONNECT pgs=0 cs=0 l=1 rev1=0 crypto rx=0 tx=0 comp rx=0 tx=0).stop
2026-02-17T19:42:33.748 INFO:teuthology.orchestra.run.trial108.stdout:/usr/bin/ceph: stderr
2026-02-17T19:42:33.710+0000 7f4a0dffb640 1 -- 10.20.193.108:0/3399530740 <== mon.0 v2:10.20.193.108:3300/0 7 ==== mgrmap(e 7) ==== 50141+0+0 (secure 0 0 0) 0x7f4a08075990 con 0x7f4a18108260
2026-02-17T19:42:33.748 INFO:teuthology.orchestra.run.trial108.stdout:/usr/bin/ceph: stderr
2026-02-17T19:42:33.710+0000 7f4a0dffb640 1 --2- 10.20.193.108:0/3399530740 >> [v2:10.20.193.108:6800/11350558,v1:10.20.193.108:6801/11350558] conn(0x7f49f40414f0 0x7f49f40438e0 unknown :-1 s=NONE pgs=0 cs=0 l=1 rev1=0 crypto rx=0 tx=0 comp rx=0 tx=0).connect
2026-02-17T19:42:33.748 INFO:teuthology.orchestra.run.trial108.stdout:/usr/bin/ceph: stderr
2026-02-17T19:42:33.710+0000 7f4a0dffb640 1 -- 10.20.193.108:0/3399530740 --> [v2:10.20.193.108:6800/11350558,v1:10.20.193.108:6801/11350558] -- command(tid 0: {"prefix": "get_command_descriptions"}) -- 0x7f49f4040770 con 0x7f49f40414f0
2026-02-17T19:42:33.748 INFO:teuthology.orchestra.run.trial108.stdout:/usr/bin/ceph: stderr
2026-02-17T19:42:33.710+0000 7f4a0ffff640 1 --2- 10.20.193.108:0/3399530740 >> [v2:10.20.193.108:6800/11350558,v1:10.20.193.108:6801/11350558] conn(0x7f49f40414f0 0x7f49f40438e0 unknown :-1 s=BANNER_CONNECTING pgs=0 cs=0 l=1 rev1=0 crypto rx=0 tx=0 comp rx=0 tx=0)._handle_peer_banner_payload supported=3 required=0
2026-02-17T19:42:33.748 INFO:teuthology.orchestra.run.trial108.stdout:/usr/bin/ceph: stderr
2026-02-17T19:42:33.711+0000 7f4a0ffff640 1 --2- 10.20.193.108:0/3399530740 >> [v2:10.20.193.108:6800/11350558,v1:10.20.193.108:6801/11350558] conn(0x7f49f40414f0 0x7f49f40438e0 secure :-1 s=READY pgs=1 cs=0 l=1 rev1=1 crypto rx=0x7f4a00003a80 tx=0x7f4a00009290 comp rx=0 tx=0).ready entity=mgr.14118 client_cookie=0 server_cookie=0 in_seq=0 out_seq=0
2026-02-17T19:42:33.748 INFO:teuthology.orchestra.run.trial108.stdout:/usr/bin/ceph: stderr
2026-02-17T19:42:33.711+0000 7f4a0dffb640 1 -- 10.20.193.108:0/3399530740 <== mgr.14118 v2:10.20.193.108:6800/11350558 1 ==== command_reply(tid 0: 0 ) ==== 8+0+8901 (secure 0 0 0) 0x7f49f4040770 con 0x7f49f40414f0
2026-02-17T19:42:33.748 INFO:teuthology.orchestra.run.trial108.stdout:/usr/bin/ceph: stderr
2026-02-17T19:42:33.714+0000 7f4a1efac640 1 -- 10.20.193.108:0/3399530740 --> [v2:10.20.193.108:6800/11350558,v1:10.20.193.108:6801/11350558] -- command(tid 1: {"prefix": "mgr_status"}) -- 0x7f4a181086e0 con 0x7f49f40414f0
2026-02-17T19:42:33.748 INFO:teuthology.orchestra.run.trial108.stdout:/usr/bin/ceph: stderr
2026-02-17T19:42:33.714+0000 7f4a0dffb640 1 -- 10.20.193.108:0/3399530740 <== mgr.14118 v2:10.20.193.108:6800/11350558 2 ==== command_reply(tid 1: 0 ) ==== 8+0+51 (secure 0 0 0) 0x7f4a181086e0 con 0x7f49f40414f0
2026-02-17T19:42:33.749 INFO:teuthology.orchestra.run.trial108.stdout:/usr/bin/ceph: stderr
2026-02-17T19:42:33.714+0000 7f4a1efac640 1 -- 10.20.193.108:0/3399530740 >> [v2:10.20.193.108:6800/11350558,v1:10.20.193.108:6801/11350558] conn(0x7f49f40414f0 msgr2=0x7f49f40438e0 secure :-1 s=STATE_CONNECTION_ESTABLISHED l=1).mark_down
2026-02-17T19:42:33.749 INFO:teuthology.orchestra.run.trial108.stdout:/usr/bin/ceph: stderr
2026-02-17T19:42:33.714+0000 7f4a1efac640 1 --2- 10.20.193.108:0/3399530740 >> [v2:10.20.193.108:6800/11350558,v1:10.20.193.108:6801/11350558] conn(0x7f49f40414f0 0x7f49f40438e0 secure :-1 s=READY pgs=1 cs=0 l=1 rev1=1 crypto rx=0x7f4a00003a80 tx=0x7f4a00009290 comp rx=0 tx=0).stop
2026-02-17T19:42:33.749 INFO:teuthology.orchestra.run.trial108.stdout:/usr/bin/ceph: stderr
2026-02-17T19:42:33.714+0000 7f4a1efac640 1 -- 10.20.193.108:0/3399530740 >> [v2:10.20.193.108:3300/0,v1:10.20.193.108:6789/0] conn(0x7f4a18108260 msgr2=0x7f4a181a0310 secure :-1 s=STATE_CONNECTION_ESTABLISHED l=1).mark_down
2026-02-17T19:42:33.749 INFO:teuthology.orchestra.run.trial108.stdout:/usr/bin/ceph: stderr
2026-02-17T19:42:33.714+0000 7f4a1efac640 1 --2- 10.20.193.108:0/3399530740 >> [v2:10.20.193.108:3300/0,v1:10.20.193.108:6789/0] conn(0x7f4a18108260 0x7f4a181a0310 secure :-1 s=READY pgs=27 cs=0 l=1 rev1=1 crypto rx=0x7f4a08006fd0 tx=0x7f4a08037bb0 comp rx=0 tx=0).stop
2026-02-17T19:42:33.749 INFO:teuthology.orchestra.run.trial108.stdout:/usr/bin/ceph: stderr
2026-02-17T19:42:33.714+0000 7f4a1efac640 1 -- 10.20.193.108:0/3399530740 shutdown_connections
2026-02-17T19:42:33.749 INFO:teuthology.orchestra.run.trial108.stdout:/usr/bin/ceph: stderr
2026-02-17T19:42:33.714+0000 7f4a1efac640 1 --2- 10.20.193.108:0/3399530740 >> [v2:10.20.193.108:6800/11350558,v1:10.20.193.108:6801/11350558] conn(0x7f49f40414f0 0x7f49f40438e0 unknown :-1 s=CLOSED pgs=1 cs=0 l=1 rev1=1 crypto rx=0 tx=0 comp rx=0 tx=0).stop
2026-02-17T19:42:33.749 INFO:teuthology.orchestra.run.trial108.stdout:/usr/bin/ceph: stderr
2026-02-17T19:42:33.714+0000 7f4a1efac640 1 --2- 10.20.193.108:0/3399530740 >> [v2:10.20.193.108:6800/465549153,v1:10.20.193.108:6801/465549153] conn(0x7f49f403dba0 0x7f49f4040060 unknown :-1 s=CLOSED pgs=0 cs=0 l=1 rev1=0 crypto rx=0 tx=0 comp rx=0 tx=0).stop
2026-02-17T19:42:33.749 INFO:teuthology.orchestra.run.trial108.stdout:/usr/bin/ceph: stderr
2026-02-17T19:42:33.714+0000 7f4a1efac640 1 --2- 10.20.193.108:0/3399530740 >> [v2:10.20.193.108:3300/0,v1:10.20.193.108:6789/0] conn(0x7f4a18108260 0x7f4a181a0310 unknown :-1 s=CLOSED pgs=27 cs=0 l=1 rev1=1 crypto rx=0 tx=0 comp rx=0 tx=0).stop
2026-02-17T19:42:33.749 INFO:teuthology.orchestra.run.trial108.stdout:/usr/bin/ceph: stderr
2026-02-17T19:42:33.715+0000 7f4a1efac640 1 -- 10.20.193.108:0/3399530740 >> 10.20.193.108:0/3399530740 conn(0x7f4a18103a30 msgr2=0x7f4a181045e0 unknown :-1 s=STATE_NONE l=0).mark_down
2026-02-17T19:42:33.749 INFO:teuthology.orchestra.run.trial108.stdout:/usr/bin/ceph: stderr
2026-02-17T19:42:33.715+0000 7f4a1efac640 1 -- 10.20.193.108:0/3399530740 shutdown_connections
2026-02-17T19:42:33.749 INFO:teuthology.orchestra.run.trial108.stdout:/usr/bin/ceph: stderr
2026-02-17T19:42:33.715+0000 7f4a1efac640 1 -- 10.20.193.108:0/3399530740 wait complete.
2026-02-17T19:42:33.750 INFO:teuthology.orchestra.run.trial108.stdout:mgr epoch 5 is available
2026-02-17T19:42:33.750 INFO:teuthology.orchestra.run.trial108.stdout:Setting orchestrator backend to cephadm...
2026-02-17T19:42:33.968 INFO:teuthology.orchestra.run.trial108.stdout:/usr/bin/ceph: stderr
2026-02-17T19:42:33.840+0000 7f1a8acc0640 1 Processor -- start
2026-02-17T19:42:33.968 INFO:teuthology.orchestra.run.trial108.stdout:/usr/bin/ceph: stderr
2026-02-17T19:42:33.840+0000 7f1a8acc0640 1 -- start start
2026-02-17T19:42:33.968 INFO:teuthology.orchestra.run.trial108.stdout:/usr/bin/ceph: stderr
2026-02-17T19:42:33.840+0000 7f1a8acc0640 1 --2- >> [v2:10.20.193.108:3300/0,v1:10.20.193.108:6789/0] conn(0x7f1a8410ba70 0x7f1a8410be70 unknown :-1 s=NONE pgs=0 cs=0 l=0 rev1=0 crypto rx=0 tx=0 comp rx=0 tx=0).connect
2026-02-17T19:42:33.968 INFO:teuthology.orchestra.run.trial108.stdout:/usr/bin/ceph: stderr
2026-02-17T19:42:33.840+0000 7f1a8acc0640 1 -- --> [v2:10.20.193.108:3300/0,v1:10.20.193.108:6789/0] -- mon_getmap magic: 0 -- 0x7f1a8410c440 con 0x7f1a8410ba70
2026-02-17T19:42:33.968 INFO:teuthology.orchestra.run.trial108.stdout:/usr/bin/ceph: stderr
2026-02-17T19:42:33.840+0000 7f1a88a35640 1 --2- >> [v2:10.20.193.108:3300/0,v1:10.20.193.108:6789/0] conn(0x7f1a8410ba70 0x7f1a8410be70 unknown :-1 s=BANNER_CONNECTING pgs=0 cs=0 l=0 rev1=0 crypto rx=0 tx=0 comp rx=0 tx=0)._handle_peer_banner_payload supported=3 required=0
2026-02-17T19:42:33.968 INFO:teuthology.orchestra.run.trial108.stdout:/usr/bin/ceph: stderr
2026-02-17T19:42:33.840+0000 7f1a88a35640 1 --2- >> [v2:10.20.193.108:3300/0,v1:10.20.193.108:6789/0] conn(0x7f1a8410ba70 0x7f1a8410be70 unknown :-1 s=HELLO_CONNECTING pgs=0 cs=0 l=0 rev1=1 crypto rx=0 tx=0 comp rx=0 tx=0).handle_hello peer v2:10.20.193.108:3300/0 says I am v2:10.20.193.108:49140/0 (socket says 10.20.193.108:49140)
2026-02-17T19:42:33.969 INFO:teuthology.orchestra.run.trial108.stdout:/usr/bin/ceph: stderr
2026-02-17T19:42:33.840+0000 7f1a88a35640 1 -- 10.20.193.108:0/2440320000 learned_addr learned my addr 10.20.193.108:0/2440320000 (peer_addr_for_me v2:10.20.193.108:0/0)
2026-02-17T19:42:33.969 INFO:teuthology.orchestra.run.trial108.stdout:/usr/bin/ceph: stderr
2026-02-17T19:42:33.841+0000 7f1a88a35640 1 -- 10.20.193.108:0/2440320000 --> [v2:10.20.193.108:3300/0,v1:10.20.193.108:6789/0] -- mon_subscribe({config=0+,monmap=0+}) -- 0x7f1a8410a680 con 0x7f1a8410ba70
2026-02-17T19:42:33.969 INFO:teuthology.orchestra.run.trial108.stdout:/usr/bin/ceph: stderr
2026-02-17T19:42:33.841+0000 7f1a88a35640 1 --2- 10.20.193.108:0/2440320000 >> [v2:10.20.193.108:3300/0,v1:10.20.193.108:6789/0] conn(0x7f1a8410ba70 0x7f1a8410be70 secure :-1 s=READY pgs=35 cs=0 l=1 rev1=1 crypto rx=0x7f1a74009920 tx=0x7f1a7402ef20 comp rx=0 tx=0).ready entity=mon.0 client_cookie=50bd1fe21dfd36be server_cookie=0 in_seq=0 out_seq=0
2026-02-17T19:42:33.969 INFO:teuthology.orchestra.run.trial108.stdout:/usr/bin/ceph: stderr
2026-02-17T19:42:33.841+0000 7f1a7b7fe640 1 -- 10.20.193.108:0/2440320000 <== mon.0 v2:10.20.193.108:3300/0 1 ==== mon_map magic: 0 ==== 205+0+0 (secure 0 0 0) 0x7f1a7403c070 con 0x7f1a8410ba70
2026-02-17T19:42:33.969 INFO:teuthology.orchestra.run.trial108.stdout:/usr/bin/ceph: stderr
2026-02-17T19:42:33.841+0000 7f1a7b7fe640 1 -- 10.20.193.108:0/2440320000 <== mon.0 v2:10.20.193.108:3300/0 2 ==== config(26 keys) ==== 1045+0+0 (secure 0 0 0) 0x7f1a74037440 con 0x7f1a8410ba70
2026-02-17T19:42:33.969 INFO:teuthology.orchestra.run.trial108.stdout:/usr/bin/ceph: stderr
2026-02-17T19:42:33.841+0000 7f1a7b7fe640 1 -- 10.20.193.108:0/2440320000 <== mon.0 v2:10.20.193.108:3300/0 3 ==== mon_map magic: 0 ==== 205+0+0 (secure 0 0 0) 0x7f1a740354b0 con 0x7f1a8410ba70
2026-02-17T19:42:33.969 INFO:teuthology.orchestra.run.trial108.stdout:/usr/bin/ceph: stderr
2026-02-17T19:42:33.841+0000 7f1a8acc0640 1 -- 10.20.193.108:0/2440320000 >> [v2:10.20.193.108:3300/0,v1:10.20.193.108:6789/0] conn(0x7f1a8410ba70 msgr2=0x7f1a8410be70 secure :-1 s=STATE_CONNECTION_ESTABLISHED l=1).mark_down
2026-02-17T19:42:33.969 INFO:teuthology.orchestra.run.trial108.stdout:/usr/bin/ceph: stderr
2026-02-17T19:42:33.841+0000 7f1a8acc0640 1 --2- 10.20.193.108:0/2440320000 >> [v2:10.20.193.108:3300/0,v1:10.20.193.108:6789/0] conn(0x7f1a8410ba70 0x7f1a8410be70 secure :-1 s=READY pgs=35 cs=0 l=1 rev1=1 crypto rx=0x7f1a74009920 tx=0x7f1a7402ef20 comp rx=0 tx=0).stop
2026-02-17T19:42:33.969 INFO:teuthology.orchestra.run.trial108.stdout:/usr/bin/ceph: stderr
2026-02-17T19:42:33.841+0000 7f1a8acc0640 1 -- 10.20.193.108:0/2440320000 shutdown_connections
2026-02-17T19:42:33.969 INFO:teuthology.orchestra.run.trial108.stdout:/usr/bin/ceph: stderr
2026-02-17T19:42:33.841+0000 7f1a8acc0640 1 --2- 10.20.193.108:0/2440320000 >> [v2:10.20.193.108:3300/0,v1:10.20.193.108:6789/0] conn(0x7f1a8410ba70 0x7f1a8410be70 unknown :-1 s=CLOSED pgs=35 cs=0 l=1 rev1=1 crypto rx=0 tx=0 comp rx=0 tx=0).stop
2026-02-17T19:42:33.970 INFO:teuthology.orchestra.run.trial108.stdout:/usr/bin/ceph: stderr
2026-02-17T19:42:33.841+0000 7f1a8acc0640 1 -- 10.20.193.108:0/2440320000 >> 10.20.193.108:0/2440320000 conn(0x7f1a8407dac0 msgr2=0x7f1a8407ded0 unknown :-1 s=STATE_NONE l=0).mark_down
