2026-02-17T19:50:11.286 INFO:teuthology.orchestra.run.trial002.stdout:/usr/bin/ceph: stderr
2026-02-17T19:50:11.172+0000 7fcb9d32e640 1 --2- 10.20.193.2:0/1574453001 >> [v2:10.20.193.2:3300/0,v1:10.20.193.2:6789/0] conn(0x7fcb9810aac0 0x7fcb9810aec0 secure :-1 s=READY pgs=41 cs=0 l=1 rev1=1 crypto rx=0x7fcb8c009920 tx=0x7fcb8c02ef20 comp rx=0 tx=0).stop
2026-02-17T19:50:11.286 INFO:teuthology.orchestra.run.trial002.stdout:/usr/bin/ceph: stderr
2026-02-17T19:50:11.172+0000 7fcb9d32e640 1 -- 10.20.193.2:0/1574453001 shutdown_connections
2026-02-17T19:50:11.287 INFO:teuthology.orchestra.run.trial002.stdout:/usr/bin/ceph: stderr
2026-02-17T19:50:11.172+0000 7fcb9d32e640 1 --2- 10.20.193.2:0/1574453001 >> [v2:10.20.193.2:3300/0,v1:10.20.193.2:6789/0] conn(0x7fcb9810aac0 0x7fcb9810aec0 unknown :-1 s=CLOSED pgs=41 cs=0 l=1 rev1=1 crypto rx=0 tx=0 comp rx=0 tx=0).stop
2026-02-17T19:50:11.287 INFO:teuthology.orchestra.run.trial002.stdout:/usr/bin/ceph: stderr
2026-02-17T19:50:11.172+0000 7fcb9d32e640 1 -- 10.20.193.2:0/1574453001 >> 10.20.193.2:0/1574453001 conn(0x7fcb9807db10 msgr2=0x7fcb9807df60 unknown :-1 s=STATE_NONE l=0).mark_down
2026-02-17T19:50:11.287 INFO:teuthology.orchestra.run.trial002.stdout:/usr/bin/ceph: stderr
2026-02-17T19:50:11.172+0000 7fcb9d32e640 1 -- 10.20.193.2:0/1574453001 shutdown_connections
2026-02-17T19:50:11.287 INFO:teuthology.orchestra.run.trial002.stdout:/usr/bin/ceph: stderr
2026-02-17T19:50:11.172+0000 7fcb9d32e640 1 -- 10.20.193.2:0/1574453001 wait complete.
2026-02-17T19:50:11.287 INFO:teuthology.orchestra.run.trial002.stdout:/usr/bin/ceph: stderr
2026-02-17T19:50:11.173+0000 7fcb9d32e640 1 Processor -- start
2026-02-17T19:50:11.287 INFO:teuthology.orchestra.run.trial002.stdout:/usr/bin/ceph: stderr
2026-02-17T19:50:11.173+0000 7fcb9d32e640 1 -- start start
2026-02-17T19:50:11.287 INFO:teuthology.orchestra.run.trial002.stdout:/usr/bin/ceph: stderr
2026-02-17T19:50:11.173+0000 7fcb9d32e640 1 --2- >> [v2:10.20.193.2:3300/0,v1:10.20.193.2:6789/0] conn(0x7fcb9810aac0 0x7fcb981a0710 unknown :-1 s=NONE pgs=0 cs=0 l=1 rev1=0 crypto rx=0 tx=0 comp rx=0 tx=0).connect
2026-02-17T19:50:11.287 INFO:teuthology.orchestra.run.trial002.stdout:/usr/bin/ceph: stderr
2026-02-17T19:50:11.173+0000 7fcb9d32e640 1 -- --> [v2:10.20.193.2:3300/0,v1:10.20.193.2:6789/0] -- mon_getmap magic: 0 -- 0x7fcb9810e960 con 0x7fcb9810aac0
2026-02-17T19:50:11.287 INFO:teuthology.orchestra.run.trial002.stdout:/usr/bin/ceph: stderr
2026-02-17T19:50:11.173+0000 7fcb96ffd640 1 --2- >> [v2:10.20.193.2:3300/0,v1:10.20.193.2:6789/0] conn(0x7fcb9810aac0 0x7fcb981a0710 unknown :-1 s=BANNER_CONNECTING pgs=0 cs=0 l=1 rev1=0 crypto rx=0 tx=0 comp rx=0 tx=0)._handle_peer_banner_payload supported=3 required=0
2026-02-17T19:50:11.287 INFO:teuthology.orchestra.run.trial002.stdout:/usr/bin/ceph: stderr
2026-02-17T19:50:11.173+0000 7fcb96ffd640 1 --2- >> [v2:10.20.193.2:3300/0,v1:10.20.193.2:6789/0] conn(0x7fcb9810aac0 0x7fcb981a0710 unknown :-1 s=HELLO_CONNECTING pgs=0 cs=0 l=1 rev1=1 crypto rx=0 tx=0 comp rx=0 tx=0).handle_hello peer v2:10.20.193.2:3300/0 says I am v2:10.20.193.2:58944/0 (socket says 10.20.193.2:58944)
2026-02-17T19:50:11.287 INFO:teuthology.orchestra.run.trial002.stdout:/usr/bin/ceph: stderr
2026-02-17T19:50:11.173+0000 7fcb96ffd640 1 -- 10.20.193.2:0/3415210534 learned_addr learned my addr 10.20.193.2:0/3415210534 (peer_addr_for_me v2:10.20.193.2:0/0)
2026-02-17T19:50:11.287 INFO:teuthology.orchestra.run.trial002.stdout:/usr/bin/ceph: stderr
2026-02-17T19:50:11.173+0000 7fcb96ffd640 1 -- 10.20.193.2:0/3415210534 --> [v2:10.20.193.2:3300/0,v1:10.20.193.2:6789/0] -- mon_subscribe({config=0+,monmap=0+}) -- 0x7fcb981a0c50 con 0x7fcb9810aac0
2026-02-17T19:50:11.288 INFO:teuthology.orchestra.run.trial002.stdout:/usr/bin/ceph: stderr
2026-02-17T19:50:11.173+0000 7fcb96ffd640 1 --2- 10.20.193.2:0/3415210534 >> [v2:10.20.193.2:3300/0,v1:10.20.193.2:6789/0] conn(0x7fcb9810aac0 0x7fcb981a0710 secure :-1 s=READY pgs=42 cs=0 l=1 rev1=1 crypto rx=0x7fcb8c006fd0 tx=0x7fcb8c037bb0 comp rx=0 tx=0).ready entity=mon.0 client_cookie=0 server_cookie=0 in_seq=0 out_seq=0
2026-02-17T19:50:11.288 INFO:teuthology.orchestra.run.trial002.stdout:/usr/bin/ceph: stderr
2026-02-17T19:50:11.173+0000 7fcb77fff640 1 -- 10.20.193.2:0/3415210534 <== mon.0 v2:10.20.193.2:3300/0 1 ==== mon_map magic: 0 ==== 205+0+0 (secure 0 0 0) 0x7fcb8c045070 con 0x7fcb9810aac0
2026-02-17T19:50:11.288 INFO:teuthology.orchestra.run.trial002.stdout:/usr/bin/ceph: stderr
2026-02-17T19:50:11.173+0000 7fcb77fff640 1 -- 10.20.193.2:0/3415210534 <== mon.0 v2:10.20.193.2:3300/0 2 ==== config(26 keys) ==== 1045+0+0 (secure 0 0 0) 0x7fcb8c040450 con 0x7fcb9810aac0
2026-02-17T19:50:11.288 INFO:teuthology.orchestra.run.trial002.stdout:/usr/bin/ceph: stderr
2026-02-17T19:50:11.173+0000 7fcb9d32e640 1 -- 10.20.193.2:0/3415210534 --> [v2:10.20.193.2:3300/0,v1:10.20.193.2:6789/0] -- mon_subscribe({mgrmap=0+}) -- 0x7fcb981a0ee0 con 0x7fcb9810aac0
2026-02-17T19:50:11.288 INFO:teuthology.orchestra.run.trial002.stdout:/usr/bin/ceph: stderr
2026-02-17T19:50:11.173+0000 7fcb77fff640 1 -- 10.20.193.2:0/3415210534 <== mon.0 v2:10.20.193.2:3300/0 3 ==== mon_map magic: 0 ==== 205+0+0 (secure 0 0 0) 0x7fcb8c03c070 con 0x7fcb9810aac0
2026-02-17T19:50:11.288 INFO:teuthology.orchestra.run.trial002.stdout:/usr/bin/ceph: stderr
2026-02-17T19:50:11.173+0000 7fcb9d32e640 1 -- 10.20.193.2:0/3415210534 --> [v2:10.20.193.2:3300/0,v1:10.20.193.2:6789/0] -- mon_subscribe({osdmap=0}) -- 0x7fcb981a3bd0 con 0x7fcb9810aac0
2026-02-17T19:50:11.288 INFO:teuthology.orchestra.run.trial002.stdout:/usr/bin/ceph: stderr
2026-02-17T19:50:11.174+0000 7fcb9d32e640 1 -- 10.20.193.2:0/3415210534 --> [v2:10.20.193.2:3300/0,v1:10.20.193.2:6789/0] -- mon_command({"prefix": "get_command_descriptions"} v 0) -- 0x7fcb9810af40 con 0x7fcb9810aac0
2026-02-17T19:50:11.288 INFO:teuthology.orchestra.run.trial002.stdout:/usr/bin/ceph: stderr
2026-02-17T19:50:11.174+0000 7fcb77fff640 1 -- 10.20.193.2:0/3415210534 <== mon.0 v2:10.20.193.2:3300/0 4 ==== mgrmap(e 7) ==== 50141+0+0 (secure 0 0 0) 0x7fcb8c040900 con 0x7fcb9810aac0
2026-02-17T19:50:11.288 INFO:teuthology.orchestra.run.trial002.stdout:/usr/bin/ceph: stderr
2026-02-17T19:50:11.174+0000 7fcb77fff640 1 --2- 10.20.193.2:0/3415210534 >> [v2:10.20.193.2:6800/2509098528,v1:10.20.193.2:6801/2509098528] conn(0x7fcb6c03da80 0x7fcb6c03ff40 unknown :-1 s=NONE pgs=0 cs=0 l=1 rev1=0 crypto rx=0 tx=0 comp rx=0 tx=0).connect
2026-02-17T19:50:11.288 INFO:teuthology.orchestra.run.trial002.stdout:/usr/bin/ceph: stderr
2026-02-17T19:50:11.174+0000 7fcb77fff640 1 -- 10.20.193.2:0/3415210534 <== mon.0 v2:10.20.193.2:3300/0 5 ==== osd_map(2..2 src has 1..2) ==== 940+0+0 (secure 0 0 0) 0x7fcb8c076430 con 0x7fcb9810aac0
2026-02-17T19:50:11.288 INFO:teuthology.orchestra.run.trial002.stdout:/usr/bin/ceph: stderr
2026-02-17T19:50:11.174+0000 7fcb967fc640 1 --2- 10.20.193.2:0/3415210534 >> [v2:10.20.193.2:6800/2509098528,v1:10.20.193.2:6801/2509098528] conn(0x7fcb6c03da80 0x7fcb6c03ff40 unknown :-1 s=BANNER_CONNECTING pgs=0 cs=0 l=1 rev1=0 crypto rx=0 tx=0 comp rx=0 tx=0)._handle_peer_banner_payload supported=3 required=0
2026-02-17T19:50:11.288 INFO:teuthology.orchestra.run.trial002.stdout:/usr/bin/ceph: stderr
2026-02-17T19:50:11.174+0000 7fcb967fc640 1 --2- 10.20.193.2:0/3415210534 >> [v2:10.20.193.2:6800/2509098528,v1:10.20.193.2:6801/2509098528] conn(0x7fcb6c03da80 0x7fcb6c03ff40 secure :-1 s=READY pgs=10 cs=0 l=1 rev1=1 crypto rx=0x7fcb800099c0 tx=0x7fcb80006eb0 comp rx=0 tx=0).ready entity=mgr.14118 client_cookie=0 server_cookie=0 in_seq=0 out_seq=0
2026-02-17T19:50:11.289 INFO:teuthology.orchestra.run.trial002.stdout:/usr/bin/ceph: stderr
2026-02-17T19:50:11.177+0000 7fcb77fff640 1 -- 10.20.193.2:0/3415210534 <== mon.0 v2:10.20.193.2:3300/0 6 ==== mon_command_ack([{"prefix": "get_command_descriptions"}]=0 v0) ==== 72+0+195034 (secure 0 0 0) 0x7fcb8c033200 con 0x7fcb9810aac0
2026-02-17T19:50:11.289 INFO:teuthology.orchestra.run.trial002.stdout:/usr/bin/ceph: stderr
2026-02-17T19:50:11.258+0000 7fcb9d32e640 1 -- 10.20.193.2:0/3415210534 --> [v2:10.20.193.2:6800/2509098528,v1:10.20.193.2:6801/2509098528] -- mgr_command(tid 0: {"prefix": "cephadm get-pub-key", "target": ["mon-mgr", ""]}) -- 0x7fcb98199f30 con 0x7fcb6c03da80
2026-02-17T19:50:11.289 INFO:teuthology.orchestra.run.trial002.stdout:/usr/bin/ceph: stderr
2026-02-17T19:50:11.258+0000 7fcb77fff640 1 -- 10.20.193.2:0/3415210534 <== mgr.14118 v2:10.20.193.2:6800/2509098528 1 ==== mgr_command_reply(tid 0: 0 ) ==== 8+0+123 (secure 0 0 0) 0x7fcb98199f30 con 0x7fcb6c03da80
2026-02-17T19:50:11.289 INFO:teuthology.orchestra.run.trial002.stdout:/usr/bin/ceph: stderr
2026-02-17T19:50:11.259+0000 7fcb9d32e640 1 -- 10.20.193.2:0/3415210534 >> [v2:10.20.193.2:6800/2509098528,v1:10.20.193.2:6801/2509098528] conn(0x7fcb6c03da80 msgr2=0x7fcb6c03ff40 secure :-1 s=STATE_CONNECTION_ESTABLISHED l=1).mark_down
2026-02-17T19:50:11.289 INFO:teuthology.orchestra.run.trial002.stdout:/usr/bin/ceph: stderr
2026-02-17T19:50:11.259+0000 7fcb9d32e640 1 --2- 10.20.193.2:0/3415210534 >> [v2:10.20.193.2:6800/2509098528,v1:10.20.193.2:6801/2509098528] conn(0x7fcb6c03da80 0x7fcb6c03ff40 secure :-1 s=READY pgs=10 cs=0 l=1 rev1=1 crypto rx=0x7fcb800099c0 tx=0x7fcb80006eb0 comp rx=0 tx=0).stop
2026-02-17T19:50:11.289 INFO:teuthology.orchestra.run.trial002.stdout:/usr/bin/ceph: stderr
2026-02-17T19:50:11.259+0000 7fcb9d32e640 1 -- 10.20.193.2:0/3415210534 >> [v2:10.20.193.2:3300/0,v1:10.20.193.2:6789/0] conn(0x7fcb9810aac0 msgr2=0x7fcb981a0710 secure :-1 s=STATE_CONNECTION_ESTABLISHED l=1).mark_down
2026-02-17T19:50:11.289 INFO:teuthology.orchestra.run.trial002.stdout:/usr/bin/ceph: stderr
2026-02-17T19:50:11.259+0000 7fcb9d32e640 1 --2- 10.20.193.2:0/3415210534 >> [v2:10.20.193.2:3300/0,v1:10.20.193.2:6789/0] conn(0x7fcb9810aac0 0x7fcb981a0710 secure :-1 s=READY pgs=42 cs=0 l=1 rev1=1 crypto rx=0x7fcb8c006fd0 tx=0x7fcb8c037bb0 comp rx=0 tx=0).stop
2026-02-17T19:50:11.289 INFO:teuthology.orchestra.run.trial002.stdout:/usr/bin/ceph: stderr
2026-02-17T19:50:11.259+0000 7fcb9d32e640 1 -- 10.20.193.2:0/3415210534 shutdown_connections
2026-02-17T19:50:11.289 INFO:teuthology.orchestra.run.trial002.stdout:/usr/bin/ceph: stderr
2026-02-17T19:50:11.259+0000 7fcb9d32e640 1 --2- 10.20.193.2:0/3415210534 >> [v2:10.20.193.2:6800/2509098528,v1:10.20.193.2:6801/2509098528] conn(0x7fcb6c03da80 0x7fcb6c03ff40 unknown :-1 s=CLOSED pgs=10 cs=0 l=1 rev1=1 crypto rx=0 tx=0 comp rx=0 tx=0).stop
2026-02-17T19:50:11.289 INFO:teuthology.orchestra.run.trial002.stdout:/usr/bin/ceph: stderr
2026-02-17T19:50:11.259+0000 7fcb9d32e640 1 --2- 10.20.193.2:0/3415210534 >> [v2:10.20.193.2:3300/0,v1:10.20.193.2:6789/0] conn(0x7fcb9810aac0 0x7fcb981a0710 unknown :-1 s=CLOSED pgs=42 cs=0 l=1 rev1=1 crypto rx=0 tx=0 comp rx=0 tx=0).stop
2026-02-17T19:50:11.289 INFO:teuthology.orchestra.run.trial002.stdout:/usr/bin/ceph: stderr
2026-02-17T19:50:11.259+0000 7fcb9d32e640 1 -- 10.20.193.2:0/3415210534 >> 10.20.193.2:0/3415210534 conn(0x7fcb9807db10 msgr2=0x7fcb981088c0 unknown :-1 s=STATE_NONE l=0).mark_down
2026-02-17T19:50:11.290 INFO:teuthology.orchestra.run.trial002.stdout:/usr/bin/ceph: stderr
2026-02-17T19:50:11.259+0000 7fcb9d32e640 1 -- 10.20.193.2:0/3415210534 shutdown_connections
2026-02-17T19:50:11.290 INFO:teuthology.orchestra.run.trial002.stdout:/usr/bin/ceph: stderr
2026-02-17T19:50:11.259+0000 7fcb9d32e640 1 -- 10.20.193.2:0/3415210534 wait complete.
2026-02-17T19:50:11.290 INFO:teuthology.orchestra.run.trial002.stdout:Wrote public SSH key to /home/ubuntu/cephtest/ceph.pub
2026-02-17T19:50:11.290 INFO:teuthology.orchestra.run.trial002.stdout:Adding key to root@localhost authorized_keys...
2026-02-17T19:50:11.290 INFO:teuthology.orchestra.run.trial002.stdout:Adding host trial002...
2026-02-17T19:50:11.792 INFO:journalctl@ceph.mon.a.trial002.stdout:Feb 17 19:50:11 trial002 ceph-mon[24435]: from='client.14122 -' entity='client.admin' cmd=[{"prefix": "get_command_descriptions"}]: dispatch
2026-02-17T19:50:11.793 INFO:journalctl@ceph.mon.a.trial002.stdout:Feb 17 19:50:11 trial002 ceph-mon[24435]: from='client.14122 -' entity='client.admin' cmd=[{"prefix": "mgr_status"}]: dispatch
2026-02-17T19:50:11.793 INFO:journalctl@ceph.mon.a.trial002.stdout:Feb 17 19:50:11 trial002 ceph-mon[24435]: [17/Feb/2026:19:50:10] ENGINE Bus STARTING
2026-02-17T19:50:11.793 INFO:journalctl@ceph.mon.a.trial002.stdout:Feb 17 19:50:11 trial002 ceph-mon[24435]: from='client.14130 -' entity='client.admin' cmd=[{"prefix": "orch set backend", "module_name": "cephadm", "target": ["mon-mgr", ""]}]: dispatch
2026-02-17T19:50:11.793 INFO:journalctl@ceph.mon.a.trial002.stdout:Feb 17 19:50:11 trial002 ceph-mon[24435]: from='mgr.14118 10.20.193.2:0/829281899' entity='mgr.x'
2026-02-17T19:50:11.793 INFO:journalctl@ceph.mon.a.trial002.stdout:Feb 17 19:50:11 trial002 ceph-mon[24435]: from='mgr.14118 10.20.193.2:0/829281899' entity='mgr.x' cmd=[{"prefix": "config dump", "format": "json"}]: dispatch
2026-02-17T19:50:11.793 INFO:journalctl@ceph.mon.a.trial002.stdout:Feb 17 19:50:11 trial002 ceph-mon[24435]: [17/Feb/2026:19:50:10] ENGINE Serving on https://10.20.193.2:7150
2026-02-17T19:50:11.793 INFO:journalctl@ceph.mon.a.trial002.stdout:Feb 17 19:50:11 trial002 ceph-mon[24435]: [17/Feb/2026:19:50:10] ENGINE Client ('10.20.193.2', 40132) lost — peer dropped the TLS connection suddenly, during handshake: (6, 'TLS/SSL connection has been closed (EOF) (_ssl.c:1147)')
2026-02-17T19:50:11.793 INFO:journalctl@ceph.mon.a.trial002.stdout:Feb 17 19:50:11 trial002 ceph-mon[24435]: from='mgr.14118 10.20.193.2:0/829281899' entity='mgr.x' cmd=[{"prefix": "config dump", "format": "json"}]: dispatch
2026-02-17T19:50:11.793 INFO:journalctl@ceph.mon.a.trial002.stdout:Feb 17 19:50:11 trial002 ceph-mon[24435]: from='mgr.14118 10.20.193.2:0/829281899' entity='mgr.x'
2026-02-17T19:50:11.794 INFO:journalctl@ceph.mon.a.trial002.stdout:Feb 17 19:50:11 trial002 ceph-mon[24435]: from='mgr.14118 10.20.193.2:0/829281899' entity='mgr.x'
2026-02-17T19:50:12.926 INFO:journalctl@ceph.mon.a.trial002.stdout:Feb 17 19:50:12 trial002 ceph-mon[24435]: [17/Feb/2026:19:50:10] ENGINE Serving on http://10.20.193.2:8765
2026-02-17T19:50:12.926 INFO:journalctl@ceph.mon.a.trial002.stdout:Feb 17 19:50:12 trial002 ceph-mon[24435]: [17/Feb/2026:19:50:10] ENGINE Bus STARTED
2026-02-17T19:50:12.927 INFO:journalctl@ceph.mon.a.trial002.stdout:Feb 17 19:50:12 trial002 ceph-mon[24435]: from='client.14132 -' entity='client.admin' cmd=[{"prefix": "cephadm set-user", "user": "root", "target": ["mon-mgr", ""]}]: dispatch
2026-02-17T19:50:12.927 INFO:journalctl@ceph.mon.a.trial002.stdout:Feb 17 19:50:12 trial002 ceph-mon[24435]: from='client.14134 -' entity='client.admin' cmd=[{"prefix": "cephadm generate-key", "target": ["mon-mgr", ""]}]: dispatch
2026-02-17T19:50:12.927 INFO:journalctl@ceph.mon.a.trial002.stdout:Feb 17 19:50:12 trial002 ceph-mon[24435]: Generating ssh key...
2026-02-17T19:50:12.927 INFO:journalctl@ceph.mon.a.trial002.stdout:Feb 17 19:50:12 trial002 ceph-mon[24435]: from='client.14136 -' entity='client.admin' cmd=[{"prefix": "cephadm get-pub-key", "target": ["mon-mgr", ""]}]: dispatch
2026-02-17T19:50:12.927 INFO:journalctl@ceph.mon.a.trial002.stdout:Feb 17 19:50:12 trial002 ceph-mon[24435]: from='client.14138 -' entity='client.admin' cmd=[{"prefix": "orch host add", "hostname": "trial002", "addr": "10.20.193.2", "target": ["mon-mgr", ""]}]: dispatch
2026-02-17T19:50:12.927 INFO:journalctl@ceph.mon.a.trial002.stdout:Feb 17 19:50:12 trial002 ceph-mon[24435]: mgrmap e8: x(active, since 2s)
2026-02-17T19:50:12.991 INFO:teuthology.orchestra.run.trial002.stdout:/usr/bin/ceph: stdout Added host 'trial002' with addr '10.20.193.2'
2026-02-17T19:50:12.991 INFO:teuthology.orchestra.run.trial002.stdout:/usr/bin/ceph: stderr
2026-02-17T19:50:11.380+0000 7efddd521640 1 Processor -- start
2026-02-17T19:50:12.992 INFO:teuthology.orchestra.run.trial002.stdout:/usr/bin/ceph: stderr
2026-02-17T19:50:11.380+0000 7efddd521640 1 -- start start
2026-02-17T19:50:12.992 INFO:teuthology.orchestra.run.trial002.stdout:/usr/bin/ceph: stderr
2026-02-17T19:50:11.380+0000 7efddd521640 1 --2- >> [v2:10.20.193.2:3300/0,v1:10.20.193.2:6789/0] conn(0x7efdd810aa10 0x7efdd810ae10 unknown :-1 s=NONE pgs=0 cs=0 l=0 rev1=0 crypto rx=0 tx=0 comp rx=0 tx=0).connect
2026-02-17T19:50:12.992 INFO:teuthology.orchestra.run.trial002.stdout:/usr/bin/ceph: stderr
2026-02-17T19:50:11.380+0000 7efddd521640 1 -- --> [v2:10.20.193.2:3300/0,v1:10.20.193.2:6789/0] -- mon_getmap magic: 0 -- 0x7efdd810b3e0 con 0x7efdd810aa10
2026-02-17T19:50:12.992 INFO:teuthology.orchestra.run.trial002.stdout:/usr/bin/ceph: stderr
2026-02-17T19:50:11.380+0000 7efdd6ffd640 1 --2- >> [v2:10.20.193.2:3300/0,v1:10.20.193.2:6789/0] conn(0x7efdd810aa10 0x7efdd810ae10 unknown :-1 s=BANNER_CONNECTING pgs=0 cs=0 l=0 rev1=0 crypto rx=0 tx=0 comp rx=0 tx=0)._handle_peer_banner_payload supported=3 required=0
2026-02-17T19:50:12.992 INFO:teuthology.orchestra.run.trial002.stdout:/usr/bin/ceph: stderr
2026-02-17T19:50:11.380+0000 7efdd6ffd640 1 --2- >> [v2:10.20.193.2:3300/0,v1:10.20.193.2:6789/0] conn(0x7efdd810aa10 0x7efdd810ae10 unknown :-1 s=HELLO_CONNECTING pgs=0 cs=0 l=0 rev1=1 crypto rx=0 tx=0 comp rx=0 tx=0).handle_hello peer v2:10.20.193.2:3300/0 says I am v2:10.20.193.2:58954/0 (socket says 10.20.193.2:58954)
2026-02-17T19:50:12.992 INFO:teuthology.orchestra.run.trial002.stdout:/usr/bin/ceph: stderr
2026-02-17T19:50:11.380+0000 7efdd6ffd640 1 -- 10.20.193.2:0/875041150 learned_addr learned my addr 10.20.193.2:0/875041150 (peer_addr_for_me v2:10.20.193.2:0/0)
2026-02-17T19:50:12.992 INFO:teuthology.orchestra.run.trial002.stdout:/usr/bin/ceph: stderr
2026-02-17T19:50:11.380+0000 7efdd6ffd640 1 -- 10.20.193.2:0/875041150 --> [v2:10.20.193.2:3300/0,v1:10.20.193.2:6789/0] -- mon_subscribe({config=0+,monmap=0+}) -- 0x7efdd810b730 con 0x7efdd810aa10
2026-02-17T19:50:12.992 INFO:teuthology.orchestra.run.trial002.stdout:/usr/bin/ceph: stderr
2026-02-17T19:50:11.380+0000 7efdd6ffd640 1 --2- 10.20.193.2:0/875041150 >> [v2:10.20.193.2:3300/0,v1:10.20.193.2:6789/0] conn(0x7efdd810aa10 0x7efdd810ae10 secure :-1 s=READY pgs=43 cs=0 l=1 rev1=1 crypto rx=0x7efdcc009920 tx=0x7efdcc02ef20 comp rx=0 tx=0).ready entity=mon.0 client_cookie=7d26ff50a1ee0909 server_cookie=0 in_seq=0 out_seq=0
2026-02-17T19:50:12.992 INFO:teuthology.orchestra.run.trial002.stdout:/usr/bin/ceph: stderr
2026-02-17T19:50:11.381+0000 7efdd5ffb640 1 -- 10.20.193.2:0/875041150 <== mon.0 v2:10.20.193.2:3300/0 1 ==== mon_map magic: 0 ==== 205+0+0 (secure 0 0 0) 0x7efdcc03c070 con 0x7efdd810aa10
2026-02-17T19:50:12.992 INFO:teuthology.orchestra.run.trial002.stdout:/usr/bin/ceph: stderr
2026-02-17T19:50:11.381+0000 7efdd5ffb640 1 -- 10.20.193.2:0/875041150 <== mon.0 v2:10.20.193.2:3300/0 2 ==== config(26 keys) ==== 1045+0+0 (secure 0 0 0) 0x7efdcc037440 con 0x7efdd810aa10
2026-02-17T19:50:12.993 INFO:teuthology.orchestra.run.trial002.stdout:/usr/bin/ceph: stderr
2026-02-17T19:50:11.381+0000 7efdd5ffb640 1 -- 10.20.193.2:0/875041150 <== mon.0 v2:10.20.193.2:3300/0 3 ==== mon_map magic: 0 ==== 205+0+0 (secure 0 0 0) 0x7efdcc0354b0 con 0x7efdd810aa10
2026-02-17T19:50:12.993 INFO:teuthology.orchestra.run.trial002.stdout:/usr/bin/ceph: stderr
2026-02-17T19:50:11.381+0000 7efddd521640 1 -- 10.20.193.2:0/875041150 >> [v2:10.20.193.2:3300/0,v1:10.20.193.2:6789/0] conn(0x7efdd810aa10 msgr2=0x7efdd810ae10 secure :-1 s=STATE_CONNECTION_ESTABLISHED l=1).mark_down
2026-02-17T19:50:12.993 INFO:teuthology.orchestra.run.trial002.stdout:/usr/bin/ceph: stderr
2026-02-17T19:50:11.381+0000 7efddd521640 1 --2- 10.20.193.2:0/875041150 >> [v2:10.20.193.2:3300/0,v1:10.20.193.2:6789/0] conn(0x7efdd810aa10 0x7efdd810ae10 secure :-1 s=READY pgs=43 cs=0 l=1 rev1=1 crypto rx=0x7efdcc009920 tx=0x7efdcc02ef20 comp rx=0 tx=0).stop
2026-02-17T19:50:12.993 INFO:teuthology.orchestra.run.trial002.stdout:/usr/bin/ceph: stderr
2026-02-17T19:50:11.381+0000 7efddd521640 1 -- 10.20.193.2:0/875041150 shutdown_connections
2026-02-17T19:50:12.993 INFO:teuthology.orchestra.run.trial002.stdout:/usr/bin/ceph: stderr
2026-02-17T19:50:11.381+0000 7efddd521640 1 --2- 10.20.193.2:0/875041150 >> [v2:10.20.193.2:3300/0,v1:10.20.193.2:6789/0] conn(0x7efdd810aa10 0x7efdd810ae10 unknown :-1 s=CLOSED pgs=43 cs=0 l=1 rev1=1 crypto rx=0 tx=0 comp rx=0 tx=0).stop
2026-02-17T19:50:12.993 INFO:teuthology.orchestra.run.trial002.stdout:/usr/bin/ceph: stderr
2026-02-17T19:50:11.381+0000 7efddd521640 1 -- 10.20.193.2:0/875041150 >> 10.20.193.2:0/875041150 conn(0x7efdd807db10 msgr2=0x7efdd807df60 unknown :-1 s=STATE_NONE l=0).mark_down
2026-02-17T19:50:12.993 INFO:teuthology.orchestra.run.trial002.stdout:/usr/bin/ceph: stderr
2026-02-17T19:50:11.381+0000 7efddd521640 1 -- 10.20.193.2:0/875041150 shutdown_connections
2026-02-17T19:50:12.993 INFO:teuthology.orchestra.run.trial002.stdout:/usr/bin/ceph: stderr
2026-02-17T19:50:11.381+0000 7efddd521640 1 -- 10.20.193.2:0/875041150 wait complete.
2026-02-17T19:50:12.993 INFO:teuthology.orchestra.run.trial002.stdout:/usr/bin/ceph: stderr
2026-02-17T19:50:11.381+0000 7efddd521640 1 Processor -- start
2026-02-17T19:50:12.993 INFO:teuthology.orchestra.run.trial002.stdout:/usr/bin/ceph: stderr
2026-02-17T19:50:11.381+0000 7efddd521640 1 -- start start
2026-02-17T19:50:12.993 INFO:teuthology.orchestra.run.trial002.stdout:/usr/bin/ceph: stderr
2026-02-17T19:50:11.381+0000 7efddd521640 1 --2- >> [v2:10.20.193.2:3300/0,v1:10.20.193.2:6789/0] conn(0x7efdd810aa10 0x7efdd81a06e0 unknown :-1 s=NONE pgs=0 cs=0 l=1 rev1=0 crypto rx=0 tx=0 comp rx=0 tx=0).connect
2026-02-17T19:50:12.993 INFO:teuthology.orchestra.run.trial002.stdout:/usr/bin/ceph: stderr
2026-02-17T19:50:11.381+0000 7efddd521640 1 -- --> [v2:10.20.193.2:3300/0,v1:10.20.193.2:6789/0] -- mon_getmap magic: 0 -- 0x7efdd810e960 con 0x7efdd810aa10
2026-02-17T19:50:12.994 INFO:teuthology.orchestra.run.trial002.stdout:/usr/bin/ceph: stderr
2026-02-17T19:50:11.381+0000 7efdd6ffd640 1 --2- >> [v2:10.20.193.2:3300/0,v1:10.20.193.2:6789/0] conn(0x7efdd810aa10 0x7efdd81a06e0 unknown :-1 s=BANNER_CONNECTING pgs=0 cs=0 l=1 rev1=0 crypto rx=0 tx=0 comp rx=0 tx=0)._handle_peer_banner_payload supported=3 required=0
2026-02-17T19:50:12.994 INFO:teuthology.orchestra.run.trial002.stdout:/usr/bin/ceph: stderr
2026-02-17T19:50:11.381+0000 7efdd6ffd640 1 --2- >> [v2:10.20.193.2:3300/0,v1:10.20.193.2:6789/0] conn(0x7efdd810aa10 0x7efdd81a06e0 unknown :-1 s=HELLO_CONNECTING pgs=0 cs=0 l=1 rev1=1 crypto rx=0 tx=0 comp rx=0 tx=0).handle_hello peer v2:10.20.193.2:3300/0 says I am v2:10.20.193.2:58966/0 (socket says 10.20.193.2:58966)
2026-02-17T19:50:12.994 INFO:teuthology.orchestra.run.trial002.stdout:/usr/bin/ceph: stderr
2026-02-17T19:50:11.381+0000 7efdd6ffd640 1 -- 10.20.193.2:0/3223776448 learned_addr learned my addr 10.20.193.2:0/3223776448 (peer_addr_for_me v2:10.20.193.2:0/0)
2026-02-17T19:50:12.994 INFO:teuthology.orchestra.run.trial002.stdout:/usr/bin/ceph: stderr
2026-02-17T19:50:11.382+0000 7efdd6ffd640 1 -- 10.20.193.2:0/3223776448 --> [v2:10.20.193.2:3300/0,v1:10.20.193.2:6789/0] -- mon_subscribe({config=0+,monmap=0+}) -- 0x7efdd81a0c20 con 0x7efdd810aa10
2026-02-17T19:50:12.994 INFO:teuthology.orchestra.run.trial002.stdout:/usr/bin/ceph: stderr
2026-02-17T19:50:11.382+0000 7efdd6ffd640 1 --2- 10.20.193.2:0/3223776448 >> [v2:10.20.193.2:3300/0,v1:10.20.193.2:6789/0] conn(0x7efdd810aa10 0x7efdd81a06e0 secure :-1 s=READY pgs=44 cs=0 l=1 rev1=1 crypto rx=0x7efdcc006fd0 tx=0x7efdcc037bb0 comp rx=0 tx=0).ready entity=mon.0 client_cookie=0 server_cookie=0 in_seq=0 out_seq=0
2026-02-17T19:50:12.994 INFO:teuthology.orchestra.run.trial002.stdout:/usr/bin/ceph: stderr
2026-02-17T19:50:11.382+0000 7efdb7fff640 1 -- 10.20.193.2:0/3223776448 <== mon.0 v2:10.20.193.2:3300/0 1 ==== mon_map magic: 0 ==== 205+0+0 (secure 0 0 0) 0x7efdcc045070 con 0x7efdd810aa10
2026-02-17T19:50:12.994 INFO:teuthology.orchestra.run.trial002.stdout:/usr/bin/ceph: stderr
2026-02-17T19:50:11.382+0000 7efdb7fff640 1 -- 10.20.193.2:0/3223776448 <== mon.0 v2:10.20.193.2:3300/0 2 ==== config(26 keys) ==== 1045+0+0 (secure 0 0 0) 0x7efdcc040450 con 0x7efdd810aa10
2026-02-17T19:50:12.994 INFO:teuthology.orchestra.run.trial002.stdout:/usr/bin/ceph: stderr
2026-02-17T19:50:11.382+0000 7efddd521640 1 -- 10.20.193.2:0/3223776448 --> [v2:10.20.193.2:3300/0,v1:10.20.193.2:6789/0] -- mon_subscribe({mgrmap=0+}) -- 0x7efdd81a0eb0 con 0x7efdd810aa10
2026-02-17T19:50:12.994 INFO:teuthology.orchestra.run.trial002.stdout:/usr/bin/ceph: stderr
2026-02-17T19:50:11.382+0000 7efdb7fff640 1 -- 10.20.193.2:0/3223776448 <== mon.0 v2:10.20.193.2:3300/0 3 ==== mon_map magic: 0 ==== 205+0+0 (secure 0 0 0) 0x7efdcc03c070 con 0x7efdd810aa10
2026-02-17T19:50:12.994 INFO:teuthology.orchestra.run.trial002.stdout:/usr/bin/ceph: stderr
2026-02-17T19:50:11.382+0000 7efddd521640 1 -- 10.20.193.2:0/3223776448 --> [v2:10.20.193.2:3300/0,v1:10.20.193.2:6789/0] -- mon_subscribe({osdmap=0}) -- 0x7efdd81a3ba0 con 0x7efdd810aa10
2026-02-17T19:50:12.994 INFO:teuthology.orchestra.run.trial002.stdout:/usr/bin/ceph: stderr
2026-02-17T19:50:11.382+0000 7efddd521640 1 -- 10.20.193.2:0/3223776448 --> [v2:10.20.193.2:3300/0,v1:10.20.193.2:6789/0] -- mon_command({"prefix": "get_command_descriptions"} v 0) -- 0x7efdd810ae90 con 0x7efdd810aa10
2026-02-17T19:50:12.994 INFO:teuthology.orchestra.run.trial002.stdout:/usr/bin/ceph: stderr
2026-02-17T19:50:11.382+0000 7efdb7fff640 1 -- 10.20.193.2:0/3223776448 <== mon.0 v2:10.20.193.2:3300/0 4 ==== mgrmap(e 7) ==== 50141+0+0 (secure 0 0 0) 0x7efdcc03e5d0 con 0x7efdd810aa10
2026-02-17T19:50:12.995 INFO:teuthology.orchestra.run.trial002.stdout:/usr/bin/ceph: stderr
2026-02-17T19:50:11.383+0000 7efdb7fff640 1 --2- 10.20.193.2:0/3223776448 >> [v2:10.20.193.2:6800/2509098528,v1:10.20.193.2:6801/2509098528] conn(0x7efdac03da80 0x7efdac03ff40 unknown :-1 s=NONE pgs=0 cs=0 l=1 rev1=0 crypto rx=0 tx=0 comp rx=0 tx=0).connect
2026-02-17T19:50:12.995 INFO:teuthology.orchestra.run.trial002.stdout:/usr/bin/ceph: stderr
2026-02-17T19:50:11.383+0000 7efdb7fff640 1 -- 10.20.193.2:0/3223776448 <== mon.0 v2:10.20.193.2:3300/0 5 ==== osd_map(2..2 src has 1..2) ==== 940+0+0 (secure 0 0 0) 0x7efdcc076570 con 0x7efdd810aa10
2026-02-17T19:50:12.995 INFO:teuthology.orchestra.run.trial002.stdout:/usr/bin/ceph: stderr
2026-02-17T19:50:11.383+0000 7efdd67fc640 1 --2- 10.20.193.2:0/3223776448 >> [v2:10.20.193.2:6800/2509098528,v1:10.20.193.2:6801/2509098528] conn(0x7efdac03da80 0x7efdac03ff40 unknown :-1 s=BANNER_CONNECTING pgs=0 cs=0 l=1 rev1=0 crypto rx=0 tx=0 comp rx=0 tx=0)._handle_peer_banner_payload supported=3 required=0
2026-02-17T19:50:12.995 INFO:teuthology.orchestra.run.trial002.stdout:/usr/bin/ceph: stderr
2026-02-17T19:50:11.383+0000 7efdd67fc640 1 --2- 10.20.193.2:0/3223776448 >> [v2:10.20.193.2:6800/2509098528,v1:10.20.193.2:6801/2509098528] conn(0x7efdac03da80 0x7efdac03ff40 secure :-1 s=READY pgs=11 cs=0 l=1 rev1=1 crypto rx=0x7efdc00099c0 tx=0x7efdc0006eb0 comp rx=0 tx=0).ready entity=mgr.14118 client_cookie=0 server_cookie=0 in_seq=0 out_seq=0
2026-02-17T19:50:12.995 INFO:teuthology.orchestra.run.trial002.stdout:/usr/bin/ceph: stderr
2026-02-17T19:50:11.385+0000 7efdb7fff640 1 -- 10.20.193.2:0/3223776448 <== mon.0 v2:10.20.193.2:3300/0 6 ==== mon_command_ack([{"prefix": "get_command_descriptions"}]=0 v0) ==== 72+0+195034 (secure 0 0 0) 0x7efdcc03f3b0 con 0x7efdd810aa10
2026-02-17T19:50:12.995 INFO:teuthology.orchestra.run.trial002.stdout:/usr/bin/ceph: stderr
2026-02-17T19:50:11.472+0000 7efddd521640 1 -- 10.20.193.2:0/3223776448 --> [v2:10.20.193.2:6800/2509098528,v1:10.20.193.2:6801/2509098528] -- mgr_command(tid 0: {"prefix": "orch host add", "hostname": "trial002", "addr": "10.20.193.2", "target": ["mon-mgr", ""]}) -- 0x7efdd8199ef0 con 0x7efdac03da80
2026-02-17T19:50:12.995 INFO:teuthology.orchestra.run.trial002.stdout:/usr/bin/ceph: stderr
2026-02-17T19:50:12.060+0000 7efdb7fff640 1 -- 10.20.193.2:0/3223776448 <== mon.0 v2:10.20.193.2:3300/0 7 ==== mgrmap(e 8) ==== 50247+0+0 (secure 0 0 0) 0x7efdcc0493b0 con 0x7efdd810aa10
2026-02-17T19:50:12.995 INFO:teuthology.orchestra.run.trial002.stdout:/usr/bin/ceph: stderr
2026-02-17T19:50:12.940+0000 7efdb7fff640 1 -- 10.20.193.2:0/3223776448 <== mgr.14118 v2:10.20.193.2:6800/2509098528 1 ==== mgr_command_reply(tid 0: 0 ) ==== 8+0+46 (secure 0 0 0) 0x7efdd8199ef0 con 0x7efdac03da80
2026-02-17T19:50:12.995 INFO:teuthology.orchestra.run.trial002.stdout:/usr/bin/ceph: stderr
2026-02-17T19:50:12.942+0000 7efddd521640 1 -- 10.20.193.2:0/3223776448 >> [v2:10.20.193.2:6800/2509098528,v1:10.20.193.2:6801/2509098528] conn(0x7efdac03da80 msgr2=0x7efdac03ff40 secure :-1 s=STATE_CONNECTION_ESTABLISHED l=1).mark_down
2026-02-17T19:50:12.995 INFO:teuthology.orchestra.run.trial002.stdout:/usr/bin/ceph: stderr
2026-02-17T19:50:12.942+0000 7efddd521640 1 --2- 10.20.193.2:0/3223776448 >> [v2:10.20.193.2:6800/2509098528,v1:10.20.193.2:6801/2509098528] conn(0x7efdac03da80 0x7efdac03ff40 secure :-1 s=READY pgs=11 cs=0 l=1 rev1=1 crypto rx=0x7efdc00099c0 tx=0x7efdc0006eb0 comp rx=0 tx=0).stop
2026-02-17T19:50:12.995 INFO:teuthology.orchestra.run.trial002.stdout:/usr/bin/ceph: stderr
2026-02-17T19:50:12.942+0000 7efddd521640 1 -- 10.20.193.2:0/3223776448 >> [v2:10.20.193.2:3300/0,v1:10.20.193.2:6789/0] conn(0x7efdd810aa10 msgr2=0x7efdd81a06e0 secure :-1 s=STATE_CONNECTION_ESTABLISHED l=1).mark_down
2026-02-17T19:50:12.996 INFO:teuthology.orchestra.run.trial002.stdout:/usr/bin/ceph: stderr
2026-02-17T19:50:12.942+0000 7efddd521640 1 --2- 10.20.193.2:0/3223776448 >> [v2:10.20.193.2:3300/0,v1:10.20.193.2:6789/0] conn(0x7efdd810aa10 0x7efdd81a06e0 secure :-1 s=READY pgs=44 cs=0 l=1 rev1=1 crypto rx=0x7efdcc006fd0 tx=0x7efdcc037bb0 comp rx=0 tx=0).stop
2026-02-17T19:50:12.996 INFO:teuthology.orchestra.run.trial002.stdout:/usr/bin/ceph: stderr
2026-02-17T19:50:12.942+0000 7efddd521640 1 -- 10.20.193.2:0/3223776448 shutdown_connections
2026-02-17T19:50:12.996 INFO:teuthology.orchestra.run.trial002.stdout:/usr/bin/ceph: stderr
2026-02-17T19:50:12.942+0000 7efddd521640 1 --2- 10.20.193.2:0/3223776448 >> [v2:10.20.193.2:6800/2509098528,v1:10.20.193.2:6801/2509098528] conn(0x7efdac03da80 0x7efdac03ff40 unknown :-1 s=CLOSED pgs=11 cs=0 l=1 rev1=1 crypto rx=0 tx=0 comp rx=0 tx=0).stop
2026-02-17T19:50:12.996 INFO:teuthology.orchestra.run.trial002.stdout:/usr/bin/ceph: stderr
2026-02-17T19:50:12.942+0000 7efddd521640 1 --2- 10.20.193.2:0/3223776448 >> [v2:10.20.193.2:3300/0,v1:10.20.193.2:6789/0] conn(0x7efdd810aa10 0x7efdd81a06e0 unknown :-1 s=CLOSED pgs=44 cs=0 l=1 rev1=1 crypto rx=0 tx=0 comp rx=0 tx=0).stop
2026-02-17T19:50:12.996 INFO:teuthology.orchestra.run.trial002.stdout:/usr/bin/ceph: stderr
2026-02-17T19:50:12.942+0000 7efddd521640 1 -- 10.20.193.2:0/3223776448 >> 10.20.193.2:0/3223776448 conn(0x7efdd807db10 msgr2=0x7efdd81089c0 unknown :-1 s=STATE_NONE l=0).mark_down
2026-02-17T19:50:12.996 INFO:teuthology.orchestra.run.trial002.stdout:/usr/bin/ceph: stderr
2026-02-17T19:50:12.942+0000 7efddd521640 1 -- 10.20.193.2:0/3223776448 shutdown_connections
2026-02-17T19:50:12.996 INFO:teuthology.orchestra.run.trial002.stdout:/usr/bin/ceph: stderr
2026-02-17T19:50:12.942+0000 7efddd521640 1 -- 10.20.193.2:0/3223776448 wait complete.
2026-02-17T19:50:12.996 INFO:teuthology.orchestra.run.trial002.stdout:Deploying unmanaged mon service...
2026-02-17T19:50:13.218 INFO:teuthology.orchestra.run.trial002.stdout:/usr/bin/ceph: stdout Scheduled mon update...
2026-02-17T19:50:13.219 INFO:teuthology.orchestra.run.trial002.stdout:/usr/bin/ceph: stderr
2026-02-17T19:50:13.094+0000 7f32d6b2f640 1 Processor -- start
2026-02-17T19:50:13.219 INFO:teuthology.orchestra.run.trial002.stdout:/usr/bin/ceph: stderr
2026-02-17T19:50:13.094+0000 7f32d6b2f640 1 -- start start
2026-02-17T19:50:13.219 INFO:teuthology.orchestra.run.trial002.stdout:/usr/bin/ceph: stderr
2026-02-17T19:50:13.095+0000 7f32d6b2f640 1 --2- >> [v2:10.20.193.2:3300/0,v1:10.20.193.2:6789/0] conn(0x7f32d010aac0 0x7f32d010aec0 unknown :-1 s=NONE pgs=0 cs=0 l=0 rev1=0 crypto rx=0 tx=0 comp rx=0 tx=0).connect
2026-02-17T19:50:13.219 INFO:teuthology.orchestra.run.trial002.stdout:/usr/bin/ceph: stderr
2026-02-17T19:50:13.095+0000 7f32d6b2f640 1 -- --> [v2:10.20.193.2:3300/0,v1:10.20.193.2:6789/0] -- mon_getmap magic: 0 -- 0x7f32d010b490 con 0x7f32d010aac0
2026-02-17T19:50:13.219 INFO:teuthology.orchestra.run.trial002.stdout:/usr/bin/ceph: stderr
2026-02-17T19:50:13.095+0000 7f32d48a4640 1 --2- >> [v2:10.20.193.2:3300/0,v1:10.20.193.2:6789/0] conn(0x7f32d010aac0 0x7f32d010aec0 unknown :-1 s=BANNER_CONNECTING pgs=0 cs=0 l=0 rev1=0 crypto rx=0 tx=0 comp rx=0 tx=0)._handle_peer_banner_payload supported=3 required=0
2026-02-17T19:50:13.219 INFO:teuthology.orchestra.run.trial002.stdout:/usr/bin/ceph: stderr
2026-02-17T19:50:13.095+0000 7f32d48a4640 1 --2- >> [v2:10.20.193.2:3300/0,v1:10.20.193.2:6789/0] conn(0x7f32d010aac0 0x7f32d010aec0 unknown :-1 s=HELLO_CONNECTING pgs=0 cs=0 l=0 rev1=1 crypto rx=0 tx=0 comp rx=0 tx=0).handle_hello peer v2:10.20.193.2:3300/0 says I am v2:10.20.193.2:58974/0 (socket says 10.20.193.2:58974)
2026-02-17T19:50:13.219 INFO:teuthology.orchestra.run.trial002.stdout:/usr/bin/ceph: stderr
2026-02-17T19:50:13.095+0000 7f32d48a4640 1 -- 10.20.193.2:0/2469913464 learned_addr learned my addr 10.20.193.2:0/2469913464 (peer_addr_for_me v2:10.20.193.2:0/0)
2026-02-17T19:50:13.219 INFO:teuthology.orchestra.run.trial002.stdout:/usr/bin/ceph: stderr
2026-02-17T19:50:13.095+0000 7f32d48a4640 1 -- 10.20.193.2:0/2469913464 --> [v2:10.20.193.2:3300/0,v1:10.20.193.2:6789/0] -- mon_subscribe({config=0+,monmap=0+}) -- 0x7f32d010b730 con 0x7f32d010aac0
2026-02-17T19:50:13.219 INFO:teuthology.orchestra.run.trial002.stdout:/usr/bin/ceph: stderr
2026-02-17T19:50:13.095+0000 7f32d48a4640 1 --2- 10.20.193.2:0/2469913464 >> [v2:10.20.193.2:3300/0,v1:10.20.193.2:6789/0] conn(0x7f32d010aac0 0x7f32d010aec0 secure :-1 s=READY pgs=45 cs=0 l=1 rev1=1 crypto rx=0x7f32c0009920 tx=0x7f32c002ef20 comp rx=0 tx=0).ready entity=mon.0 client_cookie=2ced10c8cc1e24d6 server_cookie=0 in_seq=0 out_seq=0
2026-02-17T19:50:13.219 INFO:teuthology.orchestra.run.trial002.stdout:/usr/bin/ceph: stderr
2026-02-17T19:50:13.096+0000 7f32c77fe640 1 -- 10.20.193.2:0/2469913464 <== mon.0 v2:10.20.193.2:3300/0 1 ==== mon_map magic: 0 ==== 205+0+0 (secure 0 0 0) 0x7f32c003c070 con 0x7f32d010aac0
2026-02-17T19:50:13.220 INFO:teuthology.orchestra.run.trial002.stdout:/usr/bin/ceph: stderr
2026-02-17T19:50:13.096+0000 7f32c77fe640 1 -- 10.20.193.2:0/2469913464 <== mon.0 v2:10.20.193.2:3300/0 2 ==== config(26 keys) ==== 1045+0+0 (secure 0 0 0) 0x7f32c0037440 con 0x7f32d010aac0
2026-02-17T19:50:13.220 INFO:teuthology.orchestra.run.trial002.stdout:/usr/bin/ceph: stderr
2026-02-17T19:50:13.096+0000 7f32c77fe640 1 -- 10.20.193.2:0/2469913464 <== mon.0 v2:10.20.193.2:3300/0 3 ==== mon_map magic: 0 ==== 205+0+0 (secure 0 0 0) 0x7f32c00354b0 con 0x7f32d010aac0
2026-02-17T19:50:13.220 INFO:teuthology.orchestra.run.trial002.stdout:/usr/bin/ceph: stderr
2026-02-17T19:50:13.096+0000 7f32d6b2f640 1 -- 10.20.193.2:0/2469913464 >> [v2:10.20.193.2:3300/0,v1:10.20.193.2:6789/0] conn(0x7f32d010aac0 msgr2=0x7f32d010aec0 secure :-1 s=STATE_CONNECTION_ESTABLISHED l=1).mark_down
2026-02-17T19:50:13.220 INFO:teuthology.orchestra.run.trial002.stdout:/usr/bin/ceph: stderr
2026-02-17T19:50:13.096+0000 7f32d6b2f640 1 --2- 10.20.193.2:0/2469913464 >> [v2:10.20.193.2:3300/0,v1:10.20.193.2:6789/0] conn(0x7f32d010aac0 0x7f32d010aec0 secure :-1 s=READY pgs=45 cs=0 l=1 rev1=1 crypto rx=0x7f32c0009920 tx=0x7f32c002ef20 comp rx=0 tx=0).stop
2026-02-17T19:50:13.220 INFO:teuthology.orchestra.run.trial002.stdout:/usr/bin/ceph: stderr
2026-02-17T19:50:13.096+0000 7f32d6b2f640 1 -- 10.20.193.2:0/2469913464 shutdown_connections
2026-02-17T19:50:13.220 INFO:teuthology.orchestra.run.trial002.stdout:/usr/bin/ceph: stderr
2026-02-17T19:50:13.096+0000 7f32d6b2f640 1 --2- 10.20.193.2:0/2469913464 >> [v2:10.20.193.2:3300/0,v1:10.20.193.2:6789/0] conn(0x7f32d010aac0 0x7f32d010aec0 unknown :-1 s=CLOSED pgs=45 cs=0 l=1 rev1=1 crypto rx=0 tx=0 comp rx=0 tx=0).stop
2026-02-17T19:50:13.220 INFO:teuthology.orchestra.run.trial002.stdout:/usr/bin/ceph: stderr
2026-02-17T19:50:13.096+0000 7f32d6b2f640 1 -- 10.20.193.2:0/2469913464 >> 10.20.193.2:0/2469913464 conn(0x7f32d007db10 msgr2=0x7f32d007df60 unknown :-1 s=STATE_NONE l=0).mark_down
2026-02-17T19:50:13.220 INFO:teuthology.orchestra.run.trial002.stdout:/usr/bin/ceph: stderr
2026-02-17T19:50:13.096+0000 7f32d6b2f640 1 -- 10.20.193.2:0/2469913464 shutdown_connections
2026-02-17T19:50:13.220 INFO:teuthology.orchestra.run.trial002.stdout:/usr/bin/ceph: stderr
2026-02-17T19:50:13.096+0000 7f32d6b2f640 1 -- 10.20.193.2:0/2469913464 wait complete.
2026-02-17T19:50:13.220 INFO:teuthology.orchestra.run.trial002.stdout:/usr/bin/ceph: stderr
2026-02-17T19:50:13.097+0000 7f32d6b2f640 1 Processor -- start
2026-02-17T19:50:13.220 INFO:teuthology.orchestra.run.trial002.stdout:/usr/bin/ceph: stderr
2026-02-17T19:50:13.097+0000 7f32d6b2f640 1 -- start start
2026-02-17T19:50:13.221 INFO:teuthology.orchestra.run.trial002.stdout:/usr/bin/ceph: stderr
2026-02-17T19:50:13.097+0000 7f32d6b2f640 1 --2- >> [v2:10.20.193.2:3300/0,v1:10.20.193.2:6789/0] conn(0x7f32d010aac0 0x7f32d01a0710 unknown :-1 s=NONE pgs=0 cs=0 l=1 rev1=0 crypto rx=0 tx=0 comp rx=0 tx=0).connect
2026-02-17T19:50:13.221 INFO:teuthology.orchestra.run.trial002.stdout:/usr/bin/ceph: stderr
2026-02-17T19:50:13.097+0000 7f32d6b2f640 1 -- --> [v2:10.20.193.2:3300/0,v1:10.20.193.2:6789/0] -- mon_getmap magic: 0 -- 0x7f32d010e960 con 0x7f32d010aac0
2026-02-17T19:50:13.221 INFO:teuthology.orchestra.run.trial002.stdout:/usr/bin/ceph: stderr
2026-02-17T19:50:13.097+0000 7f32d48a4640 1 --2- >> [v2:10.20.193.2:3300/0,v1:10.20.193.2:6789/0] conn(0x7f32d010aac0 0x7f32d01a0710 unknown :-1 s=BANNER_CONNECTING pgs=0 cs=0 l=1 rev1=0 crypto rx=0 tx=0 comp rx=0 tx=0)._handle_peer_banner_payload supported=3 required=0
2026-02-17T19:50:13.221 INFO:teuthology.orchestra.run.trial002.stdout:/usr/bin/ceph: stderr
2026-02-17T19:50:13.097+0000 7f32d48a4640 1 --2- >> [v2:10.20.193.2:3300/0,v1:10.20.193.2:6789/0] conn(0x7f32d010aac0 0x7f32d01a0710 unknown :-1 s=HELLO_CONNECTING pgs=0 cs=0 l=1 rev1=1 crypto rx=0 tx=0 comp rx=0 tx=0).handle_hello peer v2:10.20.193.2:3300/0 says I am v2:10.20.193.2:58978/0 (socket says 10.20.193.2:58978)
2026-02-17T19:50:13.221 INFO:teuthology.orchestra.run.trial002.stdout:/usr/bin/ceph: stderr
2026-02-17T19:50:13.097+0000 7f32d48a4640 1 -- 10.20.193.2:0/1534866758 learned_addr learned my addr 10.20.193.2:0/1534866758 (peer_addr_for_me v2:10.20.193.2:0/0)
2026-02-17T19:50:13.221 INFO:teuthology.orchestra.run.trial002.stdout:/usr/bin/ceph: stderr
2026-02-17T19:50:13.097+0000 7f32d48a4640 1 -- 10.20.193.2:0/1534866758 --> [v2:10.20.193.2:3300/0,v1:10.20.193.2:6789/0] -- mon_subscribe({config=0+,monmap=0+}) -- 0x7f32d01a0c50 con 0x7f32d010aac0
2026-02-17T19:50:13.221 INFO:teuthology.orchestra.run.trial002.stdout:/usr/bin/ceph: stderr
2026-02-17T19:50:13.097+0000 7f32d48a4640 1 --2- 10.20.193.2:0/1534866758 >> [v2:10.20.193.2:3300/0,v1:10.20.193.2:6789/0] conn(0x7f32d010aac0 0x7f32d01a0710 secure :-1 s=READY pgs=46 cs=0 l=1 rev1=1 crypto rx=0x7f32c0006fd0 tx=0x7f32c0037bb0 comp rx=0 tx=0).ready entity=mon.0 client_cookie=0 server_cookie=0 in_seq=0 out_seq=0
2026-02-17T19:50:13.221 INFO:teuthology.orchestra.run.trial002.stdout:/usr/bin/ceph: stderr
2026-02-17T19:50:13.097+0000 7f32c5ffb640 1 -- 10.20.193.2:0/1534866758 <== mon.0 v2:10.20.193.2:3300/0 1 ==== mon_map magic: 0 ==== 205+0+0 (secure 0 0 0) 0x7f32c0045070 con 0x7f32d010aac0
2026-02-17T19:50:13.224 INFO:teuthology.orchestra.run.trial002.stdout:/usr/bin/ceph: stderr
2026-02-17T19:50:13.097+0000 7f32c5ffb640 1 -- 10.20.193.2:0/1534866758 <== mon.0 v2:10.20.193.2:3300/0 2 ==== config(26 keys) ==== 1045+0+0 (secure 0 0 0) 0x7f32c0040450 con 0x7f32d010aac0
2026-02-17T19:50:13.224 INFO:teuthology.orchestra.run.trial002.stdout:/usr/bin/ceph: stderr
2026-02-17T19:50:13.097+0000 7f32d6b2f640 1 -- 10.20.193.2:0/1534866758 --> [v2:10.20.193.2:3300/0,v1:10.20.193.2:6789/0] -- mon_subscribe({mgrmap=0+}) -- 0x7f32d01a0ee0 con 0x7f32d010aac0
2026-02-17T19:50:13.224 INFO:teuthology.orchestra.run.trial002.stdout:/usr/bin/ceph: stderr
2026-02-17T19:50:13.097+0000 7f32c5ffb640 1 -- 10.20.193.2:0/1534866758 <== mon.0 v2:10.20.193.2:3300/0 3 ==== mon_map magic: 0 ==== 205+0+0 (secure 0 0 0) 0x7f32c003c070 con 0x7f32d010aac0
2026-02-17T19:50:13.224 INFO:teuthology.orchestra.run.trial002.stdout:/usr/bin/ceph: stderr
2026-02-17T19:50:13.097+0000 7f32d6b2f640 1 -- 10.20.193.2:0/1534866758 --> [v2:10.20.193.2:3300/0,v1:10.20.193.2:6789/0] -- mon_subscribe({osdmap=0}) -- 0x7f32d01a3bd0 con 0x7f32d010aac0
2026-02-17T19:50:13.224 INFO:teuthology.orchestra.run.trial002.stdout:/usr/bin/ceph: stderr
2026-02-17T19:50:13.098+0000 7f32d6b2f640 1 -- 10.20.193.2:0/1534866758 --> [v2:10.20.193.2:3300/0,v1:10.20.193.2:6789/0] -- mon_command({"prefix": "get_command_descriptions"} v 0) -- 0x7f32d010af40 con 0x7f32d010aac0
2026-02-17T19:50:13.224 INFO:teuthology.orchestra.run.trial002.stdout:/usr/bin/ceph: stderr
2026-02-17T19:50:13.098+0000 7f32c5ffb640 1 -- 10.20.193.2:0/1534866758 <== mon.0 v2:10.20.193.2:3300/0 4 ==== mgrmap(e 8) ==== 50247+0+0 (secure 0 0 0) 0x7f32c0040900 con 0x7f32d010aac0
2026-02-17T19:50:13.225 INFO:teuthology.orchestra.run.trial002.stdout:/usr/bin/ceph: stderr
2026-02-17T19:50:13.098+0000 7f32c5ffb640 1 --2- 10.20.193.2:0/1534866758 >> [v2:10.20.193.2:6800/2509098528,v1:10.20.193.2:6801/2509098528] conn(0x7f32ac03db50 0x7f32ac040010 unknown :-1 s=NONE pgs=0 cs=0 l=1 rev1=0 crypto rx=0 tx=0 comp rx=0 tx=0).connect
2026-02-17T19:50:13.225 INFO:teuthology.orchestra.run.trial002.stdout:/usr/bin/ceph: stderr
2026-02-17T19:50:13.098+0000 7f32c5ffb640 1 -- 10.20.193.2:0/1534866758 <== mon.0 v2:10.20.193.2:3300/0 5 ==== osd_map(2..2 src has 1..2) ==== 940+0+0 (secure 0 0 0) 0x7f32c0076650 con 0x7f32d010aac0
2026-02-17T19:50:13.225 INFO:teuthology.orchestra.run.trial002.stdout:/usr/bin/ceph: stderr
2026-02-17T19:50:13.098+0000 7f32c7fff640 1 --2- 10.20.193.2:0/1534866758 >> [v2:10.20.193.2:6800/2509098528,v1:10.20.193.2:6801/2509098528] conn(0x7f32ac03db50 0x7f32ac040010 unknown :-1 s=BANNER_CONNECTING pgs=0 cs=0 l=1 rev1=0 crypto rx=0 tx=0 comp rx=0 tx=0)._handle_peer_banner_payload supported=3 required=0
2026-02-17T19:50:13.225 INFO:teuthology.orchestra.run.trial002.stdout:/usr/bin/ceph: stderr
2026-02-17T19:50:13.098+0000 7f32c7fff640 1 --2- 10.20.193.2:0/1534866758 >> [v2:10.20.193.2:6800/2509098528,v1:10.20.193.2:6801/2509098528] conn(0x7f32ac03db50 0x7f32ac040010 secure :-1 s=READY pgs=12 cs=0 l=1 rev1=1 crypto rx=0x7f32b80099c0 tx=0x7f32b8006eb0 comp rx=0 tx=0).ready entity=mgr.14118 client_cookie=0 server_cookie=0 in_seq=0 out_seq=0
2026-02-17T19:50:13.225 INFO:teuthology.orchestra.run.trial002.stdout:/usr/bin/ceph: stderr
2026-02-17T19:50:13.101+0000 7f32c5ffb640 1 -- 10.20.193.2:0/1534866758 <== mon.0 v2:10.20.193.2:3300/0 6 ==== mon_command_ack([{"prefix": "get_command_descriptions"}]=0 v0) ==== 72+0+195034 (secure 0 0 0) 0x7f32c0033200 con 0x7f32d010aac0
2026-02-17T19:50:13.225 INFO:teuthology.orchestra.run.trial002.stdout:/usr/bin/ceph: stderr
2026-02-17T19:50:13.190+0000 7f32d6b2f640 1 -- 10.20.193.2:0/1534866758 --> [v2:10.20.193.2:6800/2509098528,v1:10.20.193.2:6801/2509098528] -- mgr_command(tid 0: {"prefix": "orch apply", "service_type": "mon", "unmanaged": true, "target": ["mon-mgr", ""]}) -- 0x7f32d0199f30 con 0x7f32ac03db50
2026-02-17T19:50:13.225 INFO:teuthology.orchestra.run.trial002.stdout:/usr/bin/ceph: stderr
2026-02-17T19:50:13.194+0000 7f32c5ffb640 1 -- 10.20.193.2:0/1534866758 <== mgr.14118 v2:10.20.193.2:6800/2509098528 1 ==== mgr_command_reply(tid 0: 0 ) ==== 8+0+24 (secure 0 0 0) 0x7f32d0199f30 con 0x7f32ac03db50
2026-02-17T19:50:13.225 INFO:teuthology.orchestra.run.trial002.stdout:/usr/bin/ceph: stderr
2026-02-17T19:50:13.195+0000 7f32d6b2f640 1 -- 10.20.193.2:0/1534866758 >> [v2:10.20.193.2:6800/2509098528,v1:10.20.193.2:6801/2509098528] conn(0x7f32ac03db50 msgr2=0x7f32ac040010 secure :-1 s=STATE_CONNECTION_ESTABLISHED l=1).mark_down
2026-02-17T19:50:13.225 INFO:teuthology.orchestra.run.trial002.stdout:/usr/bin/ceph: stderr
2026-02-17T19:50:13.195+0000 7f32d6b2f640 1 --2- 10.20.193.2:0/1534866758 >> [v2:10.20.193.2:6800/2509098528,v1:10.20.193.2:6801/2509098528] conn(0x7f32ac03db50 0x7f32ac040010 secure :-1 s=READY pgs=12 cs=0 l=1 rev1=1 crypto rx=0x7f32b80099c0 tx=0x7f32b8006eb0 comp rx=0 tx=0).stop
2026-02-17T19:50:13.225 INFO:teuthology.orchestra.run.trial002.stdout:/usr/bin/ceph: stderr
2026-02-17T19:50:13.195+0000 7f32d6b2f640 1 -- 10.20.193.2:0/1534866758 >> [v2:10.20.193.2:3300/0,v1:10.20.193.2:6789/0] conn(0x7f32d010aac0 msgr2=0x7f32d01a0710 secure :-1 s=STATE_CONNECTION_ESTABLISHED l=1).mark_down
2026-02-17T19:50:13.225 INFO:teuthology.orchestra.run.trial002.stdout:/usr/bin/ceph: stderr
2026-02-17T19:50:13.195+0000 7f32d6b2f640 1 --2- 10.20.193.2:0/1534866758 >> [v2:10.20.193.2:3300/0,v1:10.20.193.2:6789/0] conn(0x7f32d010aac0 0x7f32d01a0710 secure :-1 s=READY pgs=46 cs=0 l=1 rev1=1 crypto rx=0x7f32c0006fd0 tx=0x7f32c0037bb0 comp rx=0 tx=0).stop
2026-02-17T19:50:13.226 INFO:teuthology.orchestra.run.trial002.stdout:/usr/bin/ceph: stderr
2026-02-17T19:50:13.195+0000 7f32d6b2f640 1 -- 10.20.193.2:0/1534866758 shutdown_connections
2026-02-17T19:50:13.226 INFO:teuthology.orchestra.run.trial002.stdout:/usr/bin/ceph: stderr
2026-02-17T19:50:13.195+0000 7f32d6b2f640 1 --2- 10.20.193.2:0/1534866758 >> [v2:10.20.193.2:6800/2509098528,v1:10.20.193.2:6801/2509098528] conn(0x7f32ac03db50 0x7f32ac040010 unknown :-1 s=CLOSED pgs=12 cs=0 l=1 rev1=1 crypto rx=0 tx=0 comp rx=0 tx=0).stop
2026-02-17T19:50:13.226 INFO:teuthology.orchestra.run.trial002.stdout:/usr/bin/ceph: stderr
2026-02-17T19:50:13.195+0000 7f32d6b2f640 1 --2- 10.20.193.2:0/1534866758 >> [v2:10.20.193.2:3300/0,v1:10.20.193.2:6789/0] conn(0x7f32d010aac0 0x7f32d01a0710 unknown :-1 s=CLOSED pgs=46 cs=0 l=1 rev1=1 crypto rx=0 tx=0 comp rx=0 tx=0).stop
2026-02-17T19:50:13.226 INFO:teuthology.orchestra.run.trial002.stdout:/usr/bin/ceph: stderr
2026-02-17T19:50:13.195+0000 7f32d6b2f640 1 -- 10.20.193.2:0/1534866758 >> 10.20.193.2:0/1534866758 conn(0x7f32d007db10 msgr2=0x7f32d01088c0 unknown :-1 s=STATE_NONE l=0).mark_down
2026-02-17T19:50:13.226 INFO:teuthology.orchestra.run.trial002.stdout:/usr/bin/ceph: stderr
2026-02-17T19:50:13.195+0000 7f32d6b2f640 1 -- 10.20.193.2:0/1534866758 shutdown_connections
2026-02-17T19:50:13.226 INFO:teuthology.orchestra.run.trial002.stdout:/usr/bin/ceph: stderr
2026-02-17T19:50:13.195+0000 7f32d6b2f640 1 -- 10.20.193.2:0/1534866758 wait complete.
2026-02-17T19:50:13.226 INFO:teuthology.orchestra.run.trial002.stdout:Deploying unmanaged mgr service...
2026-02-17T19:50:13.438 INFO:teuthology.orchestra.run.trial002.stdout:/usr/bin/ceph: stdout Scheduled mgr update...
2026-02-17T19:50:13.438 INFO:teuthology.orchestra.run.trial002.stdout:/usr/bin/ceph: stderr
2026-02-17T19:50:13.310+0000 7f7065b9f640 1 Processor -- start
2026-02-17T19:50:13.438 INFO:teuthology.orchestra.run.trial002.stdout:/usr/bin/ceph: stderr
2026-02-17T19:50:13.310+0000 7f7065b9f640 1 -- start start
2026-02-17T19:50:13.438 INFO:teuthology.orchestra.run.trial002.stdout:/usr/bin/ceph: stderr
2026-02-17T19:50:13.310+0000 7f7065b9f640 1 --2- >> [v2:10.20.193.2:3300/0,v1:10.20.193.2:6789/0] conn(0x7f706010aac0 0x7f706010aec0 unknown :-1 s=NONE pgs=0 cs=0 l=0 rev1=0 crypto rx=0 tx=0 comp rx=0 tx=0).connect
2026-02-17T19:50:13.438 INFO:teuthology.orchestra.run.trial002.stdout:/usr/bin/ceph: stderr
2026-02-17T19:50:13.310+0000 7f7065b9f640 1 -- --> [v2:10.20.193.2:3300/0,v1:10.20.193.2:6789/0] -- mon_getmap magic: 0 -- 0x7f706010b490 con 0x7f706010aac0
2026-02-17T19:50:13.438 INFO:teuthology.orchestra.run.trial002.stdout:/usr/bin/ceph: stderr
2026-02-17T19:50:13.310+0000 7f705f7fe640 1 --2- >> [v2:10.20.193.2:3300/0,v1:10.20.193.2:6789/0] conn(0x7f706010aac0 0x7f706010aec0 unknown :-1 s=BANNER_CONNECTING pgs=0 cs=0 l=0 rev1=0 crypto rx=0 tx=0 comp rx=0 tx=0)._handle_peer_banner_payload supported=3 required=0
2026-02-17T19:50:13.438 INFO:teuthology.orchestra.run.trial002.stdout:/usr/bin/ceph: stderr
2026-02-17T19:50:13.310+0000 7f705f7fe640 1 --2- >> [v2:10.20.193.2:3300/0,v1:10.20.193.2:6789/0] conn(0x7f706010aac0 0x7f706010aec0 unknown :-1 s=HELLO_CONNECTING pgs=0 cs=0 l=0 rev1=1 crypto rx=0 tx=0 comp rx=0 tx=0).handle_hello peer v2:10.20.193.2:3300/0 says I am v2:10.20.193.2:58990/0 (socket says 10.20.193.2:58990)
2026-02-17T19:50:13.438 INFO:teuthology.orchestra.run.trial002.stdout:/usr/bin/ceph: stderr
2026-02-17T19:50:13.310+0000 7f705f7fe640 1 -- 10.20.193.2:0/2215676496 learned_addr learned my addr 10.20.193.2:0/2215676496 (peer_addr_for_me v2:10.20.193.2:0/0)
2026-02-17T19:50:13.438 INFO:teuthology.orchestra.run.trial002.stdout:/usr/bin/ceph: stderr
2026-02-17T19:50:13.311+0000 7f705f7fe640 1 -- 10.20.193.2:0/2215676496 --> [v2:10.20.193.2:3300/0,v1:10.20.193.2:6789/0] -- mon_subscribe({config=0+,monmap=0+}) -- 0x7f706010b730 con 0x7f706010aac0
2026-02-17T19:50:13.438 INFO:teuthology.orchestra.run.trial002.stdout:/usr/bin/ceph: stderr
2026-02-17T19:50:13.311+0000 7f705f7fe640 1 --2- 10.20.193.2:0/2215676496 >> [v2:10.20.193.2:3300/0,v1:10.20.193.2:6789/0] conn(0x7f706010aac0 0x7f706010aec0 secure :-1 s=READY pgs=47 cs=0 l=1 rev1=1 crypto rx=0x7f704c009920 tx=0x7f704c02ef20 comp rx=0 tx=0).ready entity=mon.0 client_cookie=4f9cbe6c38c2ae2 server_cookie=0 in_seq=0 out_seq=0
2026-02-17T19:50:13.438 INFO:teuthology.orchestra.run.trial002.stdout:/usr/bin/ceph: stderr
2026-02-17T19:50:13.311+0000 7f705e7fc640 1 -- 10.20.193.2:0/2215676496 <== mon.0 v2:10.20.193.2:3300/0 1 ==== mon_map magic: 0 ==== 205+0+0 (secure 0 0 0) 0x7f704c03c070 con 0x7f706010aac0
