2026-02-17T19:59:08.663 INFO:teuthology.orchestra.run.trial005.stdout:/usr/bin/ceph: stderr
2026-02-17T19:59:08.516+0000 7f518eb5f640 1 Processor -- start
2026-02-17T19:59:08.664 INFO:teuthology.orchestra.run.trial005.stdout:/usr/bin/ceph: stderr
2026-02-17T19:59:08.516+0000 7f518eb5f640 1 -- start start
2026-02-17T19:59:08.664 INFO:teuthology.orchestra.run.trial005.stdout:/usr/bin/ceph: stderr
2026-02-17T19:59:08.517+0000 7f518eb5f640 1 --2- >> [v2:10.20.193.5:3300/0,v1:10.20.193.5:6789/0] conn(0x7f518810a9d0 0x7f518810add0 unknown :-1 s=NONE pgs=0 cs=0 l=0 rev1=0 crypto rx=0 tx=0 comp rx=0 tx=0).connect
2026-02-17T19:59:08.664 INFO:teuthology.orchestra.run.trial005.stdout:/usr/bin/ceph: stderr
2026-02-17T19:59:08.517+0000 7f518eb5f640 1 -- --> [v2:10.20.193.5:3300/0,v1:10.20.193.5:6789/0] -- mon_getmap magic: 0 -- 0x7f518810b3a0 con 0x7f518810a9d0
2026-02-17T19:59:08.664 INFO:teuthology.orchestra.run.trial005.stdout:/usr/bin/ceph: stderr
2026-02-17T19:59:08.517+0000 7f518c8d4640 1 --2- >> [v2:10.20.193.5:3300/0,v1:10.20.193.5:6789/0] conn(0x7f518810a9d0 0x7f518810add0 unknown :-1 s=BANNER_CONNECTING pgs=0 cs=0 l=0 rev1=0 crypto rx=0 tx=0 comp rx=0 tx=0)._handle_peer_banner_payload supported=3 required=0
2026-02-17T19:59:08.664 INFO:teuthology.orchestra.run.trial005.stdout:/usr/bin/ceph: stderr
2026-02-17T19:59:08.517+0000 7f518c8d4640 1 --2- >> [v2:10.20.193.5:3300/0,v1:10.20.193.5:6789/0] conn(0x7f518810a9d0 0x7f518810add0 unknown :-1 s=HELLO_CONNECTING pgs=0 cs=0 l=0 rev1=1 crypto rx=0 tx=0 comp rx=0 tx=0).handle_hello peer v2:10.20.193.5:3300/0 says I am v2:10.20.193.5:38938/0 (socket says 10.20.193.5:38938)
2026-02-17T19:59:08.664 INFO:teuthology.orchestra.run.trial005.stdout:/usr/bin/ceph: stderr
2026-02-17T19:59:08.517+0000 7f518c8d4640 1 -- 10.20.193.5:0/301165434 learned_addr learned my addr 10.20.193.5:0/301165434 (peer_addr_for_me v2:10.20.193.5:0/0)
2026-02-17T19:59:08.664 INFO:teuthology.orchestra.run.trial005.stdout:/usr/bin/ceph: stderr
2026-02-17T19:59:08.517+0000 7f518c8d4640 1 -- 10.20.193.5:0/301165434 --> [v2:10.20.193.5:3300/0,v1:10.20.193.5:6789/0] -- mon_subscribe({config=0+,monmap=0+}) -- 0x7f518810b6f0 con 0x7f518810a9d0
2026-02-17T19:59:08.664 INFO:teuthology.orchestra.run.trial005.stdout:/usr/bin/ceph: stderr
2026-02-17T19:59:08.517+0000 7f518c8d4640 1 --2- 10.20.193.5:0/301165434 >> [v2:10.20.193.5:3300/0,v1:10.20.193.5:6789/0] conn(0x7f518810a9d0 0x7f518810add0 secure :-1 s=READY pgs=68 cs=0 l=1 rev1=1 crypto rx=0x7f5178009920 tx=0x7f517802ef20 comp rx=0 tx=0).ready entity=mon.0 client_cookie=2b647341f204c6e3 server_cookie=0 in_seq=0 out_seq=0
2026-02-17T19:59:08.664 INFO:teuthology.orchestra.run.trial005.stdout:/usr/bin/ceph: stderr
2026-02-17T19:59:08.518+0000 7f517f7fe640 1 -- 10.20.193.5:0/301165434 <== mon.0 v2:10.20.193.5:3300/0 1 ==== mon_map magic: 0 ==== 205+0+0 (secure 0 0 0) 0x7f517803c070 con 0x7f518810a9d0
2026-02-17T19:59:08.664 INFO:teuthology.orchestra.run.trial005.stdout:/usr/bin/ceph: stderr
2026-02-17T19:59:08.518+0000 7f517f7fe640 1 -- 10.20.193.5:0/301165434 <== mon.0 v2:10.20.193.5:3300/0 2 ==== config(26 keys) ==== 1076+0+0 (secure 0 0 0) 0x7f5178037440 con 0x7f518810a9d0
2026-02-17T19:59:08.664 INFO:teuthology.orchestra.run.trial005.stdout:/usr/bin/ceph: stderr
2026-02-17T19:59:08.518+0000 7f517f7fe640 1 -- 10.20.193.5:0/301165434 <== mon.0 v2:10.20.193.5:3300/0 3 ==== mon_map magic: 0 ==== 205+0+0 (secure 0 0 0) 0x7f51780354d0 con 0x7f518810a9d0
2026-02-17T19:59:08.664 INFO:teuthology.orchestra.run.trial005.stdout:/usr/bin/ceph: stderr
2026-02-17T19:59:08.518+0000 7f518eb5f640 1 -- 10.20.193.5:0/301165434 >> [v2:10.20.193.5:3300/0,v1:10.20.193.5:6789/0] conn(0x7f518810a9d0 msgr2=0x7f518810add0 secure :-1 s=STATE_CONNECTION_ESTABLISHED l=1).mark_down
2026-02-17T19:59:08.664 INFO:teuthology.orchestra.run.trial005.stdout:/usr/bin/ceph: stderr
2026-02-17T19:59:08.518+0000 7f518eb5f640 1 --2- 10.20.193.5:0/301165434 >> [v2:10.20.193.5:3300/0,v1:10.20.193.5:6789/0] conn(0x7f518810a9d0 0x7f518810add0 secure :-1 s=READY pgs=68 cs=0 l=1 rev1=1 crypto rx=0x7f5178009920 tx=0x7f517802ef20 comp rx=0 tx=0).stop
2026-02-17T19:59:08.664 INFO:teuthology.orchestra.run.trial005.stdout:/usr/bin/ceph: stderr
2026-02-17T19:59:08.518+0000 7f518eb5f640 1 -- 10.20.193.5:0/301165434 shutdown_connections
2026-02-17T19:59:08.664 INFO:teuthology.orchestra.run.trial005.stdout:/usr/bin/ceph: stderr
2026-02-17T19:59:08.518+0000 7f518eb5f640 1 --2- 10.20.193.5:0/301165434 >> [v2:10.20.193.5:3300/0,v1:10.20.193.5:6789/0] conn(0x7f518810a9d0 0x7f518810add0 unknown :-1 s=CLOSED pgs=68 cs=0 l=1 rev1=1 crypto rx=0 tx=0 comp rx=0 tx=0).stop
2026-02-17T19:59:08.665 INFO:teuthology.orchestra.run.trial005.stdout:/usr/bin/ceph: stderr
2026-02-17T19:59:08.518+0000 7f518eb5f640 1 -- 10.20.193.5:0/301165434 >> 10.20.193.5:0/301165434 conn(0x7f518807dad0 msgr2=0x7f518807dee0 unknown :-1 s=STATE_NONE l=0).mark_down
2026-02-17T19:59:08.665 INFO:teuthology.orchestra.run.trial005.stdout:/usr/bin/ceph: stderr
2026-02-17T19:59:08.518+0000 7f518eb5f640 1 -- 10.20.193.5:0/301165434 shutdown_connections
2026-02-17T19:59:08.665 INFO:teuthology.orchestra.run.trial005.stdout:/usr/bin/ceph: stderr
2026-02-17T19:59:08.518+0000 7f518eb5f640 1 -- 10.20.193.5:0/301165434 wait complete.
2026-02-17T19:59:08.665 INFO:teuthology.orchestra.run.trial005.stdout:/usr/bin/ceph: stderr
2026-02-17T19:59:08.518+0000 7f518eb5f640 1 Processor -- start
2026-02-17T19:59:08.665 INFO:teuthology.orchestra.run.trial005.stdout:/usr/bin/ceph: stderr
2026-02-17T19:59:08.518+0000 7f518eb5f640 1 -- start start
2026-02-17T19:59:08.665 INFO:teuthology.orchestra.run.trial005.stdout:/usr/bin/ceph: stderr
2026-02-17T19:59:08.518+0000 7f518eb5f640 1 --2- >> [v2:10.20.193.5:3300/0,v1:10.20.193.5:6789/0] conn(0x7f518810a9d0 0x7f51881a0360 unknown :-1 s=NONE pgs=0 cs=0 l=1 rev1=0 crypto rx=0 tx=0 comp rx=0 tx=0).connect
2026-02-17T19:59:08.665 INFO:teuthology.orchestra.run.trial005.stdout:/usr/bin/ceph: stderr
2026-02-17T19:59:08.518+0000 7f518eb5f640 1 -- --> [v2:10.20.193.5:3300/0,v1:10.20.193.5:6789/0] -- mon_getmap magic: 0 -- 0x7f518810eaa0 con 0x7f518810a9d0
2026-02-17T19:59:08.665 INFO:teuthology.orchestra.run.trial005.stdout:/usr/bin/ceph: stderr
2026-02-17T19:59:08.518+0000 7f518c8d4640 1 --2- >> [v2:10.20.193.5:3300/0,v1:10.20.193.5:6789/0] conn(0x7f518810a9d0 0x7f51881a0360 unknown :-1 s=BANNER_CONNECTING pgs=0 cs=0 l=1 rev1=0 crypto rx=0 tx=0 comp rx=0 tx=0)._handle_peer_banner_payload supported=3 required=0
2026-02-17T19:59:08.665 INFO:teuthology.orchestra.run.trial005.stdout:/usr/bin/ceph: stderr
2026-02-17T19:59:08.518+0000 7f518c8d4640 1 --2- >> [v2:10.20.193.5:3300/0,v1:10.20.193.5:6789/0] conn(0x7f518810a9d0 0x7f51881a0360 unknown :-1 s=HELLO_CONNECTING pgs=0 cs=0 l=1 rev1=1 crypto rx=0 tx=0 comp rx=0 tx=0).handle_hello peer v2:10.20.193.5:3300/0 says I am v2:10.20.193.5:38940/0 (socket says 10.20.193.5:38940)
2026-02-17T19:59:08.665 INFO:teuthology.orchestra.run.trial005.stdout:/usr/bin/ceph: stderr
2026-02-17T19:59:08.518+0000 7f518c8d4640 1 -- 10.20.193.5:0/553932853 learned_addr learned my addr 10.20.193.5:0/553932853 (peer_addr_for_me v2:10.20.193.5:0/0)
2026-02-17T19:59:08.665 INFO:teuthology.orchestra.run.trial005.stdout:/usr/bin/ceph: stderr
2026-02-17T19:59:08.519+0000 7f518c8d4640 1 -- 10.20.193.5:0/553932853 --> [v2:10.20.193.5:3300/0,v1:10.20.193.5:6789/0] -- mon_subscribe({config=0+,monmap=0+}) -- 0x7f51881a08a0 con 0x7f518810a9d0
2026-02-17T19:59:08.665 INFO:teuthology.orchestra.run.trial005.stdout:/usr/bin/ceph: stderr
2026-02-17T19:59:08.519+0000 7f518c8d4640 1 --2- 10.20.193.5:0/553932853 >> [v2:10.20.193.5:3300/0,v1:10.20.193.5:6789/0] conn(0x7f518810a9d0 0x7f51881a0360 secure :-1 s=READY pgs=69 cs=0 l=1 rev1=1 crypto rx=0x7f5178039000 tx=0x7f5178037820 comp rx=0 tx=0).ready entity=mon.0 client_cookie=0 server_cookie=0 in_seq=0 out_seq=0
2026-02-17T19:59:08.665 INFO:teuthology.orchestra.run.trial005.stdout:/usr/bin/ceph: stderr
2026-02-17T19:59:08.519+0000 7f517dffb640 1 -- 10.20.193.5:0/553932853 <== mon.0 v2:10.20.193.5:3300/0 1 ==== mon_map magic: 0 ==== 205+0+0 (secure 0 0 0) 0x7f5178047070 con 0x7f518810a9d0
2026-02-17T19:59:08.665 INFO:teuthology.orchestra.run.trial005.stdout:/usr/bin/ceph: stderr
2026-02-17T19:59:08.519+0000 7f517dffb640 1 -- 10.20.193.5:0/553932853 <== mon.0 v2:10.20.193.5:3300/0 2 ==== config(26 keys) ==== 1076+0+0 (secure 0 0 0) 0x7f5178035df0 con 0x7f518810a9d0
2026-02-17T19:59:08.665 INFO:teuthology.orchestra.run.trial005.stdout:/usr/bin/ceph: stderr
2026-02-17T19:59:08.519+0000 7f518eb5f640 1 -- 10.20.193.5:0/553932853 --> [v2:10.20.193.5:3300/0,v1:10.20.193.5:6789/0] -- mon_subscribe({mgrmap=0+}) -- 0x7f51881a0b30 con 0x7f518810a9d0
2026-02-17T19:59:08.665 INFO:teuthology.orchestra.run.trial005.stdout:/usr/bin/ceph: stderr
2026-02-17T19:59:08.519+0000 7f517dffb640 1 -- 10.20.193.5:0/553932853 <== mon.0 v2:10.20.193.5:3300/0 3 ==== mon_map magic: 0 ==== 205+0+0 (secure 0 0 0) 0x7f517803c070 con 0x7f518810a9d0
2026-02-17T19:59:08.665 INFO:teuthology.orchestra.run.trial005.stdout:/usr/bin/ceph: stderr
2026-02-17T19:59:08.519+0000 7f518eb5f640 1 -- 10.20.193.5:0/553932853 --> [v2:10.20.193.5:3300/0,v1:10.20.193.5:6789/0] -- mon_subscribe({osdmap=0}) -- 0x7f51881a3820 con 0x7f518810a9d0
2026-02-17T19:59:08.666 INFO:teuthology.orchestra.run.trial005.stdout:/usr/bin/ceph: stderr
2026-02-17T19:59:08.519+0000 7f518eb5f640 1 -- 10.20.193.5:0/553932853 --> [v2:10.20.193.5:3300/0,v1:10.20.193.5:6789/0] -- mon_command({"prefix": "get_command_descriptions"} v 0) -- 0x7f518810ae50 con 0x7f518810a9d0
2026-02-17T19:59:08.666 INFO:teuthology.orchestra.run.trial005.stdout:/usr/bin/ceph: stderr
2026-02-17T19:59:08.519+0000 7f517dffb640 1 -- 10.20.193.5:0/553932853 <== mon.0 v2:10.20.193.5:3300/0 4 ==== mgrmap(e 11) ==== 50154+0+0 (secure 0 0 0) 0x7f5178042640 con 0x7f518810a9d0
2026-02-17T19:59:08.666 INFO:teuthology.orchestra.run.trial005.stdout:/usr/bin/ceph: stderr
2026-02-17T19:59:08.520+0000 7f517dffb640 1 --2- 10.20.193.5:0/553932853 >> [v2:10.20.193.5:6800/4140038869,v1:10.20.193.5:6801/4140038869] conn(0x7f516403dad0 0x7f516403ff90 unknown :-1 s=NONE pgs=0 cs=0 l=1 rev1=0 crypto rx=0 tx=0 comp rx=0 tx=0).connect
2026-02-17T19:59:08.666 INFO:teuthology.orchestra.run.trial005.stdout:/usr/bin/ceph: stderr
2026-02-17T19:59:08.520+0000 7f517dffb640 1 -- 10.20.193.5:0/553932853 <== mon.0 v2:10.20.193.5:3300/0 5 ==== osd_map(3..3 src has 1..3) ==== 1155+0+0 (secure 0 0 0) 0x7f5178076a70 con 0x7f518810a9d0
2026-02-17T19:59:08.666 INFO:teuthology.orchestra.run.trial005.stdout:/usr/bin/ceph: stderr
2026-02-17T19:59:08.520+0000 7f517ffff640 1 --2- 10.20.193.5:0/553932853 >> [v2:10.20.193.5:6800/4140038869,v1:10.20.193.5:6801/4140038869] conn(0x7f516403dad0 0x7f516403ff90 unknown :-1 s=BANNER_CONNECTING pgs=0 cs=0 l=1 rev1=0 crypto rx=0 tx=0 comp rx=0 tx=0)._handle_peer_banner_payload supported=3 required=0
2026-02-17T19:59:08.666 INFO:teuthology.orchestra.run.trial005.stdout:/usr/bin/ceph: stderr
2026-02-17T19:59:08.520+0000 7f517ffff640 1 --2- 10.20.193.5:0/553932853 >> [v2:10.20.193.5:6800/4140038869,v1:10.20.193.5:6801/4140038869] conn(0x7f516403dad0 0x7f516403ff90 secure :-1 s=READY pgs=7 cs=0 l=1 rev1=1 crypto rx=0x7f51700099c0 tx=0x7f5170006eb0 comp rx=0 tx=0).ready entity=mgr.14150 client_cookie=0 server_cookie=0 in_seq=0 out_seq=0
2026-02-17T19:59:08.666 INFO:teuthology.orchestra.run.trial005.stdout:/usr/bin/ceph: stderr
2026-02-17T19:59:08.522+0000 7f517dffb640 1 -- 10.20.193.5:0/553932853 <== mon.0 v2:10.20.193.5:3300/0 6 ==== mon_command_ack([{"prefix": "get_command_descriptions"}]=0 v0) ==== 72+0+195034 (secure 0 0 0) 0x7f5178033c90 con 0x7f518810a9d0
2026-02-17T19:59:08.666 INFO:teuthology.orchestra.run.trial005.stdout:/usr/bin/ceph: stderr
2026-02-17T19:59:08.606+0000 7f518eb5f640 1 -- 10.20.193.5:0/553932853 --> [v2:10.20.193.5:6800/4140038869,v1:10.20.193.5:6801/4140038869] -- mgr_command(tid 0: {"prefix": "dashboard create-self-signed-cert", "target": ["mon-mgr", ""]}) -- 0x7f5188108d60 con 0x7f516403dad0
2026-02-17T19:59:08.666 INFO:teuthology.orchestra.run.trial005.stdout:/usr/bin/ceph: stderr
2026-02-17T19:59:08.637+0000 7f517dffb640 1 -- 10.20.193.5:0/553932853 <== mgr.14150 v2:10.20.193.5:6800/4140038869 1 ==== mgr_command_reply(tid 0: 0 ) ==== 8+0+32 (secure 0 0 0) 0x7f5188108d60 con 0x7f516403dad0
2026-02-17T19:59:08.666 INFO:teuthology.orchestra.run.trial005.stdout:/usr/bin/ceph: stderr
2026-02-17T19:59:08.638+0000 7f518eb5f640 1 -- 10.20.193.5:0/553932853 >> [v2:10.20.193.5:6800/4140038869,v1:10.20.193.5:6801/4140038869] conn(0x7f516403dad0 msgr2=0x7f516403ff90 secure :-1 s=STATE_CONNECTION_ESTABLISHED l=1).mark_down
2026-02-17T19:59:08.666 INFO:teuthology.orchestra.run.trial005.stdout:/usr/bin/ceph: stderr
2026-02-17T19:59:08.638+0000 7f518eb5f640 1 --2- 10.20.193.5:0/553932853 >> [v2:10.20.193.5:6800/4140038869,v1:10.20.193.5:6801/4140038869] conn(0x7f516403dad0 0x7f516403ff90 secure :-1 s=READY pgs=7 cs=0 l=1 rev1=1 crypto rx=0x7f51700099c0 tx=0x7f5170006eb0 comp rx=0 tx=0).stop
2026-02-17T19:59:08.666 INFO:teuthology.orchestra.run.trial005.stdout:/usr/bin/ceph: stderr
2026-02-17T19:59:08.638+0000 7f518eb5f640 1 -- 10.20.193.5:0/553932853 >> [v2:10.20.193.5:3300/0,v1:10.20.193.5:6789/0] conn(0x7f518810a9d0 msgr2=0x7f51881a0360 secure :-1 s=STATE_CONNECTION_ESTABLISHED l=1).mark_down
2026-02-17T19:59:08.666 INFO:teuthology.orchestra.run.trial005.stdout:/usr/bin/ceph: stderr
2026-02-17T19:59:08.638+0000 7f518eb5f640 1 --2- 10.20.193.5:0/553932853 >> [v2:10.20.193.5:3300/0,v1:10.20.193.5:6789/0] conn(0x7f518810a9d0 0x7f51881a0360 secure :-1 s=READY pgs=69 cs=0 l=1 rev1=1 crypto rx=0x7f5178039000 tx=0x7f5178037820 comp rx=0 tx=0).stop
2026-02-17T19:59:08.666 INFO:teuthology.orchestra.run.trial005.stdout:/usr/bin/ceph: stderr
2026-02-17T19:59:08.638+0000 7f518eb5f640 1 -- 10.20.193.5:0/553932853 shutdown_connections
2026-02-17T19:59:08.666 INFO:teuthology.orchestra.run.trial005.stdout:/usr/bin/ceph: stderr
2026-02-17T19:59:08.638+0000 7f518eb5f640 1 --2- 10.20.193.5:0/553932853 >> [v2:10.20.193.5:6800/4140038869,v1:10.20.193.5:6801/4140038869] conn(0x7f516403dad0 0x7f516403ff90 unknown :-1 s=CLOSED pgs=7 cs=0 l=1 rev1=1 crypto rx=0 tx=0 comp rx=0 tx=0).stop
2026-02-17T19:59:08.666 INFO:teuthology.orchestra.run.trial005.stdout:/usr/bin/ceph: stderr
2026-02-17T19:59:08.638+0000 7f518eb5f640 1 --2- 10.20.193.5:0/553932853 >> [v2:10.20.193.5:3300/0,v1:10.20.193.5:6789/0] conn(0x7f518810a9d0 0x7f51881a0360 unknown :-1 s=CLOSED pgs=69 cs=0 l=1 rev1=1 crypto rx=0 tx=0 comp rx=0 tx=0).stop
2026-02-17T19:59:08.667 INFO:teuthology.orchestra.run.trial005.stdout:/usr/bin/ceph: stderr
2026-02-17T19:59:08.638+0000 7f518eb5f640 1 -- 10.20.193.5:0/553932853 >> 10.20.193.5:0/553932853 conn(0x7f518807dad0 msgr2=0x7f5188108650 unknown :-1 s=STATE_NONE l=0).mark_down
2026-02-17T19:59:08.667 INFO:teuthology.orchestra.run.trial005.stdout:/usr/bin/ceph: stderr
2026-02-17T19:59:08.638+0000 7f518eb5f640 1 -- 10.20.193.5:0/553932853 shutdown_connections
2026-02-17T19:59:08.667 INFO:teuthology.orchestra.run.trial005.stdout:/usr/bin/ceph: stderr
2026-02-17T19:59:08.638+0000 7f518eb5f640 1 -- 10.20.193.5:0/553932853 wait complete.
2026-02-17T19:59:08.667 INFO:teuthology.orchestra.run.trial005.stdout:Creating initial admin user...
2026-02-17T19:59:08.899 INFO:journalctl@ceph.mon.a.trial005.stdout:Feb 17 19:59:08 trial005 ceph-mon[24477]: from='mgr.14150 10.20.193.5:0/1519913348' entity='mgr.x'
2026-02-17T19:59:08.899 INFO:journalctl@ceph.mon.a.trial005.stdout:Feb 17 19:59:08 trial005 ceph-mon[24477]: [17/Feb/2026:19:59:08] ENGINE Bus STARTING
2026-02-17T19:59:08.899 INFO:journalctl@ceph.mon.a.trial005.stdout:Feb 17 19:59:08 trial005 ceph-mon[24477]: from='mgr.14150 10.20.193.5:0/1519913348' entity='mgr.x'
2026-02-17T19:59:08.899 INFO:journalctl@ceph.mon.a.trial005.stdout:Feb 17 19:59:08 trial005 ceph-mon[24477]: [17/Feb/2026:19:59:08] ENGINE Serving on http://10.20.193.5:8765
2026-02-17T19:59:08.900 INFO:journalctl@ceph.mon.a.trial005.stdout:Feb 17 19:59:08 trial005 ceph-mon[24477]: [17/Feb/2026:19:59:08] ENGINE Serving on https://10.20.193.5:7150
2026-02-17T19:59:08.900 INFO:journalctl@ceph.mon.a.trial005.stdout:Feb 17 19:59:08 trial005 ceph-mon[24477]: [17/Feb/2026:19:59:08] ENGINE Bus STARTED
2026-02-17T19:59:08.900 INFO:journalctl@ceph.mon.a.trial005.stdout:Feb 17 19:59:08 trial005 ceph-mon[24477]: [17/Feb/2026:19:59:08] ENGINE Client ('10.20.193.5', 35832) lost — peer dropped the TLS connection suddenly, during handshake: (6, 'TLS/SSL connection has been closed (EOF) (_ssl.c:1147)')
2026-02-17T19:59:08.900 INFO:journalctl@ceph.mon.a.trial005.stdout:Feb 17 19:59:08 trial005 ceph-mon[24477]: from='client.14154 -' entity='client.admin' cmd=[{"prefix": "get_command_descriptions"}]: dispatch
2026-02-17T19:59:08.900 INFO:journalctl@ceph.mon.a.trial005.stdout:Feb 17 19:59:08 trial005 ceph-mon[24477]: mgrmap e11: x(active, since 1.00422s)
2026-02-17T19:59:08.900 INFO:journalctl@ceph.mon.a.trial005.stdout:Feb 17 19:59:08 trial005 ceph-mon[24477]: from='client.14154 -' entity='client.admin' cmd=[{"prefix": "mgr_status"}]: dispatch
2026-02-17T19:59:08.900 INFO:journalctl@ceph.mon.a.trial005.stdout:Feb 17 19:59:08 trial005 ceph-mon[24477]: from='client.14162 -' entity='client.admin' cmd=[{"prefix": "dashboard create-self-signed-cert", "target": ["mon-mgr", ""]}]: dispatch
2026-02-17T19:59:08.900 INFO:journalctl@ceph.mon.a.trial005.stdout:Feb 17 19:59:08 trial005 ceph-mon[24477]: from='mgr.14150 10.20.193.5:0/1519913348' entity='mgr.x'
2026-02-17T19:59:08.900 INFO:journalctl@ceph.mon.a.trial005.stdout:Feb 17 19:59:08 trial005 ceph-mon[24477]: from='mgr.14150 10.20.193.5:0/1519913348' entity='mgr.x'
2026-02-17T19:59:09.021 INFO:teuthology.orchestra.run.trial005.stdout:/usr/bin/ceph: stdout {"username": "admin", "password": "$2b$12$4T0QNxeZ0aYNnC0Lb.BCX.dJHC1cr17gqN3JfG9gqh8GcCgIjlV3a", "roles": ["administrator"], "name": null, "email": null, "lastUpdate": 1771358348, "enabled": true, "pwdExpirationDate": null, "pwdUpdateRequired": true}
2026-02-17T19:59:09.021 INFO:teuthology.orchestra.run.trial005.stdout:/usr/bin/ceph: stderr
2026-02-17T19:59:08.755+0000 7f06726a5640 1 Processor -- start
2026-02-17T19:59:09.021 INFO:teuthology.orchestra.run.trial005.stdout:/usr/bin/ceph: stderr
2026-02-17T19:59:08.755+0000 7f06726a5640 1 -- start start
2026-02-17T19:59:09.021 INFO:teuthology.orchestra.run.trial005.stdout:/usr/bin/ceph: stderr
2026-02-17T19:59:08.755+0000 7f06726a5640 1 --2- >> [v2:10.20.193.5:3300/0,v1:10.20.193.5:6789/0] conn(0x7f066c10a9d0 0x7f066c10add0 unknown :-1 s=NONE pgs=0 cs=0 l=0 rev1=0 crypto rx=0 tx=0 comp rx=0 tx=0).connect
2026-02-17T19:59:09.021 INFO:teuthology.orchestra.run.trial005.stdout:/usr/bin/ceph: stderr
2026-02-17T19:59:08.755+0000 7f06726a5640 1 -- --> [v2:10.20.193.5:3300/0,v1:10.20.193.5:6789/0] -- mon_getmap magic: 0 -- 0x7f066c10b3a0 con 0x7f066c10a9d0
2026-02-17T19:59:09.022 INFO:teuthology.orchestra.run.trial005.stdout:/usr/bin/ceph: stderr
2026-02-17T19:59:08.755+0000 7f066bfff640 1 --2- >> [v2:10.20.193.5:3300/0,v1:10.20.193.5:6789/0] conn(0x7f066c10a9d0 0x7f066c10add0 unknown :-1 s=BANNER_CONNECTING pgs=0 cs=0 l=0 rev1=0 crypto rx=0 tx=0 comp rx=0 tx=0)._handle_peer_banner_payload supported=3 required=0
2026-02-17T19:59:09.022 INFO:teuthology.orchestra.run.trial005.stdout:/usr/bin/ceph: stderr
2026-02-17T19:59:08.755+0000 7f066bfff640 1 --2- >> [v2:10.20.193.5:3300/0,v1:10.20.193.5:6789/0] conn(0x7f066c10a9d0 0x7f066c10add0 unknown :-1 s=HELLO_CONNECTING pgs=0 cs=0 l=0 rev1=1 crypto rx=0 tx=0 comp rx=0 tx=0).handle_hello peer v2:10.20.193.5:3300/0 says I am v2:10.20.193.5:38950/0 (socket says 10.20.193.5:38950)
2026-02-17T19:59:09.022 INFO:teuthology.orchestra.run.trial005.stdout:/usr/bin/ceph: stderr
2026-02-17T19:59:08.755+0000 7f066bfff640 1 -- 10.20.193.5:0/512877680 learned_addr learned my addr 10.20.193.5:0/512877680 (peer_addr_for_me v2:10.20.193.5:0/0)
2026-02-17T19:59:09.022 INFO:teuthology.orchestra.run.trial005.stdout:/usr/bin/ceph: stderr
2026-02-17T19:59:08.755+0000 7f066bfff640 1 -- 10.20.193.5:0/512877680 --> [v2:10.20.193.5:3300/0,v1:10.20.193.5:6789/0] -- mon_subscribe({config=0+,monmap=0+}) -- 0x7f066c10b6f0 con 0x7f066c10a9d0
2026-02-17T19:59:09.022 INFO:teuthology.orchestra.run.trial005.stdout:/usr/bin/ceph: stderr
2026-02-17T19:59:08.756+0000 7f066bfff640 1 --2- 10.20.193.5:0/512877680 >> [v2:10.20.193.5:3300/0,v1:10.20.193.5:6789/0] conn(0x7f066c10a9d0 0x7f066c10add0 secure :-1 s=READY pgs=70 cs=0 l=1 rev1=1 crypto rx=0x7f0658009920 tx=0x7f065802ef20 comp rx=0 tx=0).ready entity=mon.0 client_cookie=a9017dba9dc781f5 server_cookie=0 in_seq=0 out_seq=0
2026-02-17T19:59:09.022 INFO:teuthology.orchestra.run.trial005.stdout:/usr/bin/ceph: stderr
2026-02-17T19:59:08.756+0000 7f066affd640 1 -- 10.20.193.5:0/512877680 <== mon.0 v2:10.20.193.5:3300/0 1 ==== mon_map magic: 0 ==== 205+0+0 (secure 0 0 0) 0x7f065803c070 con 0x7f066c10a9d0
2026-02-17T19:59:09.022 INFO:teuthology.orchestra.run.trial005.stdout:/usr/bin/ceph: stderr
2026-02-17T19:59:08.756+0000 7f066affd640 1 -- 10.20.193.5:0/512877680 <== mon.0 v2:10.20.193.5:3300/0 2 ==== config(26 keys) ==== 1076+0+0 (secure 0 0 0) 0x7f0658037440 con 0x7f066c10a9d0
2026-02-17T19:59:09.022 INFO:teuthology.orchestra.run.trial005.stdout:/usr/bin/ceph: stderr
2026-02-17T19:59:08.756+0000 7f066affd640 1 -- 10.20.193.5:0/512877680 <== mon.0 v2:10.20.193.5:3300/0 3 ==== mon_map magic: 0 ==== 205+0+0 (secure 0 0 0) 0x7f06580354d0 con 0x7f066c10a9d0
2026-02-17T19:59:09.022 INFO:teuthology.orchestra.run.trial005.stdout:/usr/bin/ceph: stderr
2026-02-17T19:59:08.756+0000 7f06726a5640 1 -- 10.20.193.5:0/512877680 >> [v2:10.20.193.5:3300/0,v1:10.20.193.5:6789/0] conn(0x7f066c10a9d0 msgr2=0x7f066c10add0 secure :-1 s=STATE_CONNECTION_ESTABLISHED l=1).mark_down
2026-02-17T19:59:09.022 INFO:teuthology.orchestra.run.trial005.stdout:/usr/bin/ceph: stderr
2026-02-17T19:59:08.756+0000 7f06726a5640 1 --2- 10.20.193.5:0/512877680 >> [v2:10.20.193.5:3300/0,v1:10.20.193.5:6789/0] conn(0x7f066c10a9d0 0x7f066c10add0 secure :-1 s=READY pgs=70 cs=0 l=1 rev1=1 crypto rx=0x7f0658009920 tx=0x7f065802ef20 comp rx=0 tx=0).stop
2026-02-17T19:59:09.022 INFO:teuthology.orchestra.run.trial005.stdout:/usr/bin/ceph: stderr
2026-02-17T19:59:08.756+0000 7f06726a5640 1 -- 10.20.193.5:0/512877680 shutdown_connections
2026-02-17T19:59:09.023 INFO:teuthology.orchestra.run.trial005.stdout:/usr/bin/ceph: stderr
2026-02-17T19:59:08.756+0000 7f06726a5640 1 --2- 10.20.193.5:0/512877680 >> [v2:10.20.193.5:3300/0,v1:10.20.193.5:6789/0] conn(0x7f066c10a9d0 0x7f066c10add0 unknown :-1 s=CLOSED pgs=70 cs=0 l=1 rev1=1 crypto rx=0 tx=0 comp rx=0 tx=0).stop
2026-02-17T19:59:09.023 INFO:teuthology.orchestra.run.trial005.stdout:/usr/bin/ceph: stderr
2026-02-17T19:59:08.756+0000 7f06726a5640 1 -- 10.20.193.5:0/512877680 >> 10.20.193.5:0/512877680 conn(0x7f066c07da30 msgr2=0x7f066c07de40 unknown :-1 s=STATE_NONE l=0).mark_down
2026-02-17T19:59:09.023 INFO:teuthology.orchestra.run.trial005.stdout:/usr/bin/ceph: stderr
2026-02-17T19:59:08.756+0000 7f06726a5640 1 -- 10.20.193.5:0/512877680 shutdown_connections
2026-02-17T19:59:09.023 INFO:teuthology.orchestra.run.trial005.stdout:/usr/bin/ceph: stderr
2026-02-17T19:59:08.756+0000 7f06726a5640 1 -- 10.20.193.5:0/512877680 wait complete.
2026-02-17T19:59:09.023 INFO:teuthology.orchestra.run.trial005.stdout:/usr/bin/ceph: stderr
2026-02-17T19:59:08.757+0000 7f06726a5640 1 Processor -- start
2026-02-17T19:59:09.023 INFO:teuthology.orchestra.run.trial005.stdout:/usr/bin/ceph: stderr
2026-02-17T19:59:08.757+0000 7f06726a5640 1 -- start start
2026-02-17T19:59:09.023 INFO:teuthology.orchestra.run.trial005.stdout:/usr/bin/ceph: stderr
2026-02-17T19:59:08.757+0000 7f06726a5640 1 --2- >> [v2:10.20.193.5:3300/0,v1:10.20.193.5:6789/0] conn(0x7f066c10a9d0 0x7f066c1a0350 unknown :-1 s=NONE pgs=0 cs=0 l=1 rev1=0 crypto rx=0 tx=0 comp rx=0 tx=0).connect
2026-02-17T19:59:09.023 INFO:teuthology.orchestra.run.trial005.stdout:/usr/bin/ceph: stderr
2026-02-17T19:59:08.757+0000 7f06726a5640 1 -- --> [v2:10.20.193.5:3300/0,v1:10.20.193.5:6789/0] -- mon_getmap magic: 0 -- 0x7f066c10eaa0 con 0x7f066c10a9d0
2026-02-17T19:59:09.023 INFO:teuthology.orchestra.run.trial005.stdout:/usr/bin/ceph: stderr
2026-02-17T19:59:08.757+0000 7f066bfff640 1 --2- >> [v2:10.20.193.5:3300/0,v1:10.20.193.5:6789/0] conn(0x7f066c10a9d0 0x7f066c1a0350 unknown :-1 s=BANNER_CONNECTING pgs=0 cs=0 l=1 rev1=0 crypto rx=0 tx=0 comp rx=0 tx=0)._handle_peer_banner_payload supported=3 required=0
2026-02-17T19:59:09.023 INFO:teuthology.orchestra.run.trial005.stdout:/usr/bin/ceph: stderr
2026-02-17T19:59:08.757+0000 7f066bfff640 1 --2- >> [v2:10.20.193.5:3300/0,v1:10.20.193.5:6789/0] conn(0x7f066c10a9d0 0x7f066c1a0350 unknown :-1 s=HELLO_CONNECTING pgs=0 cs=0 l=1 rev1=1 crypto rx=0 tx=0 comp rx=0 tx=0).handle_hello peer v2:10.20.193.5:3300/0 says I am v2:10.20.193.5:38966/0 (socket says 10.20.193.5:38966)
2026-02-17T19:59:09.023 INFO:teuthology.orchestra.run.trial005.stdout:/usr/bin/ceph: stderr
2026-02-17T19:59:08.757+0000 7f066bfff640 1 -- 10.20.193.5:0/1809455230 learned_addr learned my addr 10.20.193.5:0/1809455230 (peer_addr_for_me v2:10.20.193.5:0/0)
2026-02-17T19:59:09.023 INFO:teuthology.orchestra.run.trial005.stdout:/usr/bin/ceph: stderr
2026-02-17T19:59:08.757+0000 7f066bfff640 1 -- 10.20.193.5:0/1809455230 --> [v2:10.20.193.5:3300/0,v1:10.20.193.5:6789/0] -- mon_subscribe({config=0+,monmap=0+}) -- 0x7f066c1a0890 con 0x7f066c10a9d0
2026-02-17T19:59:09.024 INFO:teuthology.orchestra.run.trial005.stdout:/usr/bin/ceph: stderr
2026-02-17T19:59:08.757+0000 7f066bfff640 1 --2- 10.20.193.5:0/1809455230 >> [v2:10.20.193.5:3300/0,v1:10.20.193.5:6789/0] conn(0x7f066c10a9d0 0x7f066c1a0350 secure :-1 s=READY pgs=71 cs=0 l=1 rev1=1 crypto rx=0x7f0658039000 tx=0x7f0658037820 comp rx=0 tx=0).ready entity=mon.0 client_cookie=0 server_cookie=0 in_seq=0 out_seq=0
2026-02-17T19:59:09.024 INFO:teuthology.orchestra.run.trial005.stdout:/usr/bin/ceph: stderr
2026-02-17T19:59:08.757+0000 7f06697fa640 1 -- 10.20.193.5:0/1809455230 <== mon.0 v2:10.20.193.5:3300/0 1 ==== mon_map magic: 0 ==== 205+0+0 (secure 0 0 0) 0x7f0658047070 con 0x7f066c10a9d0
2026-02-17T19:59:09.024 INFO:teuthology.orchestra.run.trial005.stdout:/usr/bin/ceph: stderr
2026-02-17T19:59:08.757+0000 7f06697fa640 1 -- 10.20.193.5:0/1809455230 <== mon.0 v2:10.20.193.5:3300/0 2 ==== config(26 keys) ==== 1076+0+0 (secure 0 0 0) 0x7f0658035df0 con 0x7f066c10a9d0
2026-02-17T19:59:09.024 INFO:teuthology.orchestra.run.trial005.stdout:/usr/bin/ceph: stderr
2026-02-17T19:59:08.757+0000 7f06726a5640 1 -- 10.20.193.5:0/1809455230 --> [v2:10.20.193.5:3300/0,v1:10.20.193.5:6789/0] -- mon_subscribe({mgrmap=0+}) -- 0x7f066c1a0b20 con 0x7f066c10a9d0
2026-02-17T19:59:09.024 INFO:teuthology.orchestra.run.trial005.stdout:/usr/bin/ceph: stderr
2026-02-17T19:59:08.757+0000 7f06697fa640 1 -- 10.20.193.5:0/1809455230 <== mon.0 v2:10.20.193.5:3300/0 3 ==== mon_map magic: 0 ==== 205+0+0 (secure 0 0 0) 0x7f065803c070 con 0x7f066c10a9d0
2026-02-17T19:59:09.024 INFO:teuthology.orchestra.run.trial005.stdout:/usr/bin/ceph: stderr
2026-02-17T19:59:08.757+0000 7f06726a5640 1 -- 10.20.193.5:0/1809455230 --> [v2:10.20.193.5:3300/0,v1:10.20.193.5:6789/0] -- mon_subscribe({osdmap=0}) -- 0x7f066c1a3810 con 0x7f066c10a9d0
2026-02-17T19:59:09.024 INFO:teuthology.orchestra.run.trial005.stdout:/usr/bin/ceph: stderr
2026-02-17T19:59:08.758+0000 7f06726a5640 1 -- 10.20.193.5:0/1809455230 --> [v2:10.20.193.5:3300/0,v1:10.20.193.5:6789/0] -- mon_command({"prefix": "get_command_descriptions"} v 0) -- 0x7f066c10ae50 con 0x7f066c10a9d0
2026-02-17T19:59:09.024 INFO:teuthology.orchestra.run.trial005.stdout:/usr/bin/ceph: stderr
2026-02-17T19:59:08.758+0000 7f06697fa640 1 -- 10.20.193.5:0/1809455230 <== mon.0 v2:10.20.193.5:3300/0 4 ==== mgrmap(e 11) ==== 50154+0+0 (secure 0 0 0) 0x7f0658042640 con 0x7f066c10a9d0
2026-02-17T19:59:09.024 INFO:teuthology.orchestra.run.trial005.stdout:/usr/bin/ceph: stderr
2026-02-17T19:59:08.758+0000 7f06697fa640 1 --2- 10.20.193.5:0/1809455230 >> [v2:10.20.193.5:6800/4140038869,v1:10.20.193.5:6801/4140038869] conn(0x7f064003db20 0x7f064003ffe0 unknown :-1 s=NONE pgs=0 cs=0 l=1 rev1=0 crypto rx=0 tx=0 comp rx=0 tx=0).connect
2026-02-17T19:59:09.024 INFO:teuthology.orchestra.run.trial005.stdout:/usr/bin/ceph: stderr
2026-02-17T19:59:08.758+0000 7f06697fa640 1 -- 10.20.193.5:0/1809455230 <== mon.0 v2:10.20.193.5:3300/0 5 ==== osd_map(3..3 src has 1..3) ==== 1155+0+0 (secure 0 0 0) 0x7f0658076be0 con 0x7f066c10a9d0
2026-02-17T19:59:09.024 INFO:teuthology.orchestra.run.trial005.stdout:/usr/bin/ceph: stderr
2026-02-17T19:59:08.758+0000 7f066b7fe640 1 --2- 10.20.193.5:0/1809455230 >> [v2:10.20.193.5:6800/4140038869,v1:10.20.193.5:6801/4140038869] conn(0x7f064003db20 0x7f064003ffe0 unknown :-1 s=BANNER_CONNECTING pgs=0 cs=0 l=1 rev1=0 crypto rx=0 tx=0 comp rx=0 tx=0)._handle_peer_banner_payload supported=3 required=0
2026-02-17T19:59:09.024 INFO:teuthology.orchestra.run.trial005.stdout:/usr/bin/ceph: stderr
2026-02-17T19:59:08.758+0000 7f066b7fe640 1 --2- 10.20.193.5:0/1809455230 >> [v2:10.20.193.5:6800/4140038869,v1:10.20.193.5:6801/4140038869] conn(0x7f064003db20 0x7f064003ffe0 secure :-1 s=READY pgs=8 cs=0 l=1 rev1=1 crypto rx=0x7f065c0099c0 tx=0x7f065c006eb0 comp rx=0 tx=0).ready entity=mgr.14150 client_cookie=0 server_cookie=0 in_seq=0 out_seq=0
2026-02-17T19:59:09.025 INFO:teuthology.orchestra.run.trial005.stdout:/usr/bin/ceph: stderr
2026-02-17T19:59:08.760+0000 7f06697fa640 1 -- 10.20.193.5:0/1809455230 <== mon.0 v2:10.20.193.5:3300/0 6 ==== mon_command_ack([{"prefix": "get_command_descriptions"}]=0 v0) ==== 72+0+195034 (secure 0 0 0) 0x7f0658033c90 con 0x7f066c10a9d0
2026-02-17T19:59:09.025 INFO:teuthology.orchestra.run.trial005.stdout:/usr/bin/ceph: stderr
2026-02-17T19:59:08.853+0000 7f06726a5640 1 -- 10.20.193.5:0/1809455230 --> [v2:10.20.193.5:6800/4140038869,v1:10.20.193.5:6801/4140038869] -- mgr_command(tid 0: {"prefix": "dashboard ac-user-create", "username": "admin", "rolename": "administrator", "force_password": true, "pwd_update_required": true, "target": ["mon-mgr", ""]}) -- 0x7f066c108d30 con 0x7f064003db20
2026-02-17T19:59:09.025 INFO:teuthology.orchestra.run.trial005.stdout:/usr/bin/ceph: stderr
2026-02-17T19:59:08.994+0000 7f06697fa640 1 -- 10.20.193.5:0/1809455230 <== mgr.14150 v2:10.20.193.5:6800/4140038869 1 ==== mgr_command_reply(tid 0: 0 ) ==== 8+0+252 (secure 0 0 0) 0x7f066c108d30 con 0x7f064003db20
2026-02-17T19:59:09.025 INFO:teuthology.orchestra.run.trial005.stdout:/usr/bin/ceph: stderr
2026-02-17T19:59:08.995+0000 7f06726a5640 1 -- 10.20.193.5:0/1809455230 >> [v2:10.20.193.5:6800/4140038869,v1:10.20.193.5:6801/4140038869] conn(0x7f064003db20 msgr2=0x7f064003ffe0 secure :-1 s=STATE_CONNECTION_ESTABLISHED l=1).mark_down
2026-02-17T19:59:09.025 INFO:teuthology.orchestra.run.trial005.stdout:/usr/bin/ceph: stderr
2026-02-17T19:59:08.995+0000 7f06726a5640 1 --2- 10.20.193.5:0/1809455230 >> [v2:10.20.193.5:6800/4140038869,v1:10.20.193.5:6801/4140038869] conn(0x7f064003db20 0x7f064003ffe0 secure :-1 s=READY pgs=8 cs=0 l=1 rev1=1 crypto rx=0x7f065c0099c0 tx=0x7f065c006eb0 comp rx=0 tx=0).stop
2026-02-17T19:59:09.025 INFO:teuthology.orchestra.run.trial005.stdout:/usr/bin/ceph: stderr
2026-02-17T19:59:08.995+0000 7f06726a5640 1 -- 10.20.193.5:0/1809455230 >> [v2:10.20.193.5:3300/0,v1:10.20.193.5:6789/0] conn(0x7f066c10a9d0 msgr2=0x7f066c1a0350 secure :-1 s=STATE_CONNECTION_ESTABLISHED l=1).mark_down
2026-02-17T19:59:09.025 INFO:teuthology.orchestra.run.trial005.stdout:/usr/bin/ceph: stderr
2026-02-17T19:59:08.995+0000 7f06726a5640 1 --2- 10.20.193.5:0/1809455230 >> [v2:10.20.193.5:3300/0,v1:10.20.193.5:6789/0] conn(0x7f066c10a9d0 0x7f066c1a0350 secure :-1 s=READY pgs=71 cs=0 l=1 rev1=1 crypto rx=0x7f0658039000 tx=0x7f0658037820 comp rx=0 tx=0).stop
2026-02-17T19:59:09.025 INFO:teuthology.orchestra.run.trial005.stdout:/usr/bin/ceph: stderr
2026-02-17T19:59:08.995+0000 7f06726a5640 1 -- 10.20.193.5:0/1809455230 shutdown_connections
2026-02-17T19:59:09.025 INFO:teuthology.orchestra.run.trial005.stdout:/usr/bin/ceph: stderr
2026-02-17T19:59:08.995+0000 7f06726a5640 1 --2- 10.20.193.5:0/1809455230 >> [v2:10.20.193.5:6800/4140038869,v1:10.20.193.5:6801/4140038869] conn(0x7f064003db20 0x7f064003ffe0 unknown :-1 s=CLOSED pgs=8 cs=0 l=1 rev1=1 crypto rx=0 tx=0 comp rx=0 tx=0).stop
2026-02-17T19:59:09.025 INFO:teuthology.orchestra.run.trial005.stdout:/usr/bin/ceph: stderr
2026-02-17T19:59:08.995+0000 7f06726a5640 1 --2- 10.20.193.5:0/1809455230 >> [v2:10.20.193.5:3300/0,v1:10.20.193.5:6789/0] conn(0x7f066c10a9d0 0x7f066c1a0350 unknown :-1 s=CLOSED pgs=71 cs=0 l=1 rev1=1 crypto rx=0 tx=0 comp rx=0 tx=0).stop
2026-02-17T19:59:09.025 INFO:teuthology.orchestra.run.trial005.stdout:/usr/bin/ceph: stderr
2026-02-17T19:59:08.995+0000 7f06726a5640 1 -- 10.20.193.5:0/1809455230 >> 10.20.193.5:0/1809455230 conn(0x7f066c07da30 msgr2=0x7f066c108620 unknown :-1 s=STATE_NONE l=0).mark_down
2026-02-17T19:59:09.025 INFO:teuthology.orchestra.run.trial005.stdout:/usr/bin/ceph: stderr
2026-02-17T19:59:08.995+0000 7f06726a5640 1 -- 10.20.193.5:0/1809455230 shutdown_connections
2026-02-17T19:59:09.026 INFO:teuthology.orchestra.run.trial005.stdout:/usr/bin/ceph: stderr
2026-02-17T19:59:08.995+0000 7f06726a5640 1 -- 10.20.193.5:0/1809455230 wait complete.
2026-02-17T19:59:09.026 INFO:teuthology.orchestra.run.trial005.stdout:Fetching dashboard port number...
2026-02-17T19:59:09.227 INFO:teuthology.orchestra.run.trial005.stdout:/usr/bin/ceph: stdout 8443
2026-02-17T19:59:09.227 INFO:teuthology.orchestra.run.trial005.stdout:/usr/bin/ceph: stderr
2026-02-17T19:59:09.110+0000 7f5496bb3640 1 Processor -- start
2026-02-17T19:59:09.227 INFO:teuthology.orchestra.run.trial005.stdout:/usr/bin/ceph: stderr
2026-02-17T19:59:09.111+0000 7f5496bb3640 1 -- start start
2026-02-17T19:59:09.227 INFO:teuthology.orchestra.run.trial005.stdout:/usr/bin/ceph: stderr
2026-02-17T19:59:09.111+0000 7f5496bb3640 1 --2- >> [v2:10.20.193.5:3300/0,v1:10.20.193.5:6789/0] conn(0x7f549007ee40 0x7f549007d2a0 unknown :-1 s=NONE pgs=0 cs=0 l=0 rev1=0 crypto rx=0 tx=0 comp rx=0 tx=0).connect
2026-02-17T19:59:09.227 INFO:teuthology.orchestra.run.trial005.stdout:/usr/bin/ceph: stderr
2026-02-17T19:59:09.111+0000 7f5496bb3640 1 -- --> [v2:10.20.193.5:3300/0,v1:10.20.193.5:6789/0] -- mon_getmap magic: 0 -- 0x7f549007d7e0 con 0x7f549007ee40
2026-02-17T19:59:09.227 INFO:teuthology.orchestra.run.trial005.stdout:/usr/bin/ceph: stderr
2026-02-17T19:59:09.111+0000 7f5494928640 1 --2- >> [v2:10.20.193.5:3300/0,v1:10.20.193.5:6789/0] conn(0x7f549007ee40 0x7f549007d2a0 unknown :-1 s=BANNER_CONNECTING pgs=0 cs=0 l=0 rev1=0 crypto rx=0 tx=0 comp rx=0 tx=0)._handle_peer_banner_payload supported=3 required=0
2026-02-17T19:59:09.227 INFO:teuthology.orchestra.run.trial005.stdout:/usr/bin/ceph: stderr
2026-02-17T19:59:09.111+0000 7f5494928640 1 --2- >> [v2:10.20.193.5:3300/0,v1:10.20.193.5:6789/0] conn(0x7f549007ee40 0x7f549007d2a0 unknown :-1 s=HELLO_CONNECTING pgs=0 cs=0 l=0 rev1=1 crypto rx=0 tx=0 comp rx=0 tx=0).handle_hello peer v2:10.20.193.5:3300/0 says I am v2:10.20.193.5:38970/0 (socket says 10.20.193.5:38970)
2026-02-17T19:59:09.227 INFO:teuthology.orchestra.run.trial005.stdout:/usr/bin/ceph: stderr
2026-02-17T19:59:09.111+0000 7f5494928640 1 -- 10.20.193.5:0/2798666918 learned_addr learned my addr 10.20.193.5:0/2798666918 (peer_addr_for_me v2:10.20.193.5:0/0)
2026-02-17T19:59:09.227 INFO:teuthology.orchestra.run.trial005.stdout:/usr/bin/ceph: stderr
2026-02-17T19:59:09.111+0000 7f5494928640 1 -- 10.20.193.5:0/2798666918 --> [v2:10.20.193.5:3300/0,v1:10.20.193.5:6789/0] -- mon_subscribe({config=0+,monmap=0+}) -- 0x7f549007d960 con 0x7f549007ee40
2026-02-17T19:59:09.228 INFO:teuthology.orchestra.run.trial005.stdout:/usr/bin/ceph: stderr
2026-02-17T19:59:09.111+0000 7f5494928640 1 --2- 10.20.193.5:0/2798666918 >> [v2:10.20.193.5:3300/0,v1:10.20.193.5:6789/0] conn(0x7f549007ee40 0x7f549007d2a0 secure :-1 s=READY pgs=72 cs=0 l=1 rev1=1 crypto rx=0x7f5480009920 tx=0x7f548002ef20 comp rx=0 tx=0).ready entity=mon.0 client_cookie=871a670a905e7ea9 server_cookie=0 in_seq=0 out_seq=0
2026-02-17T19:59:09.228 INFO:teuthology.orchestra.run.trial005.stdout:/usr/bin/ceph: stderr
2026-02-17T19:59:09.112+0000 7f54877fe640 1 -- 10.20.193.5:0/2798666918 <== mon.0 v2:10.20.193.5:3300/0 1 ==== mon_map magic: 0 ==== 205+0+0 (secure 0 0 0) 0x7f548003c070 con 0x7f549007ee40
2026-02-17T19:59:09.228 INFO:teuthology.orchestra.run.trial005.stdout:/usr/bin/ceph: stderr
2026-02-17T19:59:09.112+0000 7f54877fe640 1 -- 10.20.193.5:0/2798666918 <== mon.0 v2:10.20.193.5:3300/0 2 ==== config(26 keys) ==== 1076+0+0 (secure 0 0 0) 0x7f5480037440 con 0x7f549007ee40
2026-02-17T19:59:09.228 INFO:teuthology.orchestra.run.trial005.stdout:/usr/bin/ceph: stderr
2026-02-17T19:59:09.112+0000 7f54877fe640 1 -- 10.20.193.5:0/2798666918 <== mon.0 v2:10.20.193.5:3300/0 3 ==== mon_map magic: 0 ==== 205+0+0 (secure 0 0 0) 0x7f54800354d0 con 0x7f549007ee40
2026-02-17T19:59:09.228 INFO:teuthology.orchestra.run.trial005.stdout:/usr/bin/ceph: stderr
2026-02-17T19:59:09.112+0000 7f5496bb3640 1 -- 10.20.193.5:0/2798666918 >> [v2:10.20.193.5:3300/0,v1:10.20.193.5:6789/0] conn(0x7f549007ee40 msgr2=0x7f549007d2a0 secure :-1 s=STATE_CONNECTION_ESTABLISHED l=1).mark_down
2026-02-17T19:59:09.228 INFO:teuthology.orchestra.run.trial005.stdout:/usr/bin/ceph: stderr
2026-02-17T19:59:09.112+0000 7f5496bb3640 1 --2- 10.20.193.5:0/2798666918 >> [v2:10.20.193.5:3300/0,v1:10.20.193.5:6789/0] conn(0x7f549007ee40 0x7f549007d2a0 secure :-1 s=READY pgs=72 cs=0 l=1 rev1=1 crypto rx=0x7f5480009920 tx=0x7f548002ef20 comp rx=0 tx=0).stop
2026-02-17T19:59:09.228 INFO:teuthology.orchestra.run.trial005.stdout:/usr/bin/ceph: stderr
2026-02-17T19:59:09.112+0000 7f5496bb3640 1 -- 10.20.193.5:0/2798666918 shutdown_connections
2026-02-17T19:59:09.228 INFO:teuthology.orchestra.run.trial005.stdout:/usr/bin/ceph: stderr
2026-02-17T19:59:09.112+0000 7f5496bb3640 1 --2- 10.20.193.5:0/2798666918 >> [v2:10.20.193.5:3300/0,v1:10.20.193.5:6789/0] conn(0x7f549007ee40 0x7f549007d2a0 unknown :-1 s=CLOSED pgs=72 cs=0 l=1 rev1=1 crypto rx=0 tx=0 comp rx=0 tx=0).stop
2026-02-17T19:59:09.228 INFO:teuthology.orchestra.run.trial005.stdout:/usr/bin/ceph: stderr
2026-02-17T19:59:09.112+0000 7f5496bb3640 1 -- 10.20.193.5:0/2798666918 >> 10.20.193.5:0/2798666918 conn(0x7f5490103a30 msgr2=0x7f5490105e50 unknown :-1 s=STATE_NONE l=0).mark_down
2026-02-17T19:59:09.228 INFO:teuthology.orchestra.run.trial005.stdout:/usr/bin/ceph: stderr
2026-02-17T19:59:09.112+0000 7f5496bb3640 1 -- 10.20.193.5:0/2798666918 shutdown_connections
2026-02-17T19:59:09.228 INFO:teuthology.orchestra.run.trial005.stdout:/usr/bin/ceph: stderr
2026-02-17T19:59:09.112+0000 7f5496bb3640 1 -- 10.20.193.5:0/2798666918 wait complete.
2026-02-17T19:59:09.228 INFO:teuthology.orchestra.run.trial005.stdout:/usr/bin/ceph: stderr
2026-02-17T19:59:09.112+0000 7f5496bb3640 1 Processor -- start
2026-02-17T19:59:09.229 INFO:teuthology.orchestra.run.trial005.stdout:/usr/bin/ceph: stderr
2026-02-17T19:59:09.112+0000 7f5496bb3640 1 -- start start
2026-02-17T19:59:09.229 INFO:teuthology.orchestra.run.trial005.stdout:/usr/bin/ceph: stderr
2026-02-17T19:59:09.112+0000 7f5496bb3640 1 --2- >> [v2:10.20.193.5:3300/0,v1:10.20.193.5:6789/0] conn(0x7f549007ee40 0x7f54901a0360 unknown :-1 s=NONE pgs=0 cs=0 l=1 rev1=0 crypto rx=0 tx=0 comp rx=0 tx=0).connect
2026-02-17T19:59:09.229 INFO:teuthology.orchestra.run.trial005.stdout:/usr/bin/ceph: stderr
2026-02-17T19:59:09.112+0000 7f5496bb3640 1 -- --> [v2:10.20.193.5:3300/0,v1:10.20.193.5:6789/0] -- mon_getmap magic: 0 -- 0x7f549010e860 con 0x7f549007ee40
2026-02-17T19:59:09.229 INFO:teuthology.orchestra.run.trial005.stdout:/usr/bin/ceph: stderr
2026-02-17T19:59:09.113+0000 7f5494928640 1 --2- >> [v2:10.20.193.5:3300/0,v1:10.20.193.5:6789/0] conn(0x7f549007ee40 0x7f54901a0360 unknown :-1 s=BANNER_CONNECTING pgs=0 cs=0 l=1 rev1=0 crypto rx=0 tx=0 comp rx=0 tx=0)._handle_peer_banner_payload supported=3 required=0
2026-02-17T19:59:09.229 INFO:teuthology.orchestra.run.trial005.stdout:/usr/bin/ceph: stderr
2026-02-17T19:59:09.113+0000 7f5494928640 1 --2- >> [v2:10.20.193.5:3300/0,v1:10.20.193.5:6789/0] conn(0x7f549007ee40 0x7f54901a0360 unknown :-1 s=HELLO_CONNECTING pgs=0 cs=0 l=1 rev1=1 crypto rx=0 tx=0 comp rx=0 tx=0).handle_hello peer v2:10.20.193.5:3300/0 says I am v2:10.20.193.5:38978/0 (socket says 10.20.193.5:38978)
2026-02-17T19:59:09.229 INFO:teuthology.orchestra.run.trial005.stdout:/usr/bin/ceph: stderr
2026-02-17T19:59:09.113+0000 7f5494928640 1 -- 10.20.193.5:0/1029182224 learned_addr learned my addr 10.20.193.5:0/1029182224 (peer_addr_for_me v2:10.20.193.5:0/0)
2026-02-17T19:59:09.229 INFO:teuthology.orchestra.run.trial005.stdout:/usr/bin/ceph: stderr
2026-02-17T19:59:09.113+0000 7f5494928640 1 -- 10.20.193.5:0/1029182224 --> [v2:10.20.193.5:3300/0,v1:10.20.193.5:6789/0] -- mon_subscribe({config=0+,monmap=0+}) -- 0x7f54901a08a0 con 0x7f549007ee40
2026-02-17T19:59:09.229 INFO:teuthology.orchestra.run.trial005.stdout:/usr/bin/ceph: stderr
2026-02-17T19:59:09.113+0000 7f5494928640 1 --2- 10.20.193.5:0/1029182224 >> [v2:10.20.193.5:3300/0,v1:10.20.193.5:6789/0] conn(0x7f549007ee40 0x7f54901a0360 secure :-1 s=READY pgs=73 cs=0 l=1 rev1=1 crypto rx=0x7f5480039000 tx=0x7f5480037820 comp rx=0 tx=0).ready entity=mon.0 client_cookie=0 server_cookie=0 in_seq=0 out_seq=0
2026-02-17T19:59:09.229 INFO:teuthology.orchestra.run.trial005.stdout:/usr/bin/ceph: stderr
2026-02-17T19:59:09.113+0000 7f5485ffb640 1 -- 10.20.193.5:0/1029182224 <== mon.0 v2:10.20.193.5:3300/0 1 ==== mon_map magic: 0 ==== 205+0+0 (secure 0 0 0) 0x7f5480047070 con 0x7f549007ee40
2026-02-17T19:59:09.229 INFO:teuthology.orchestra.run.trial005.stdout:/usr/bin/ceph: stderr
2026-02-17T19:59:09.113+0000 7f5496bb3640 1 -- 10.20.193.5:0/1029182224 --> [v2:10.20.193.5:3300/0,v1:10.20.193.5:6789/0] -- mon_subscribe({mgrmap=0+}) -- 0x7f54901a0b30 con 0x7f549007ee40
2026-02-17T19:59:09.229 INFO:teuthology.orchestra.run.trial005.stdout:/usr/bin/ceph: stderr
2026-02-17T19:59:09.113+0000 7f5485ffb640 1 -- 10.20.193.5:0/1029182224 <== mon.0 v2:10.20.193.5:3300/0 2 ==== config(26 keys) ==== 1076+0+0 (secure 0 0 0) 0x7f5480035df0 con 0x7f549007ee40
2026-02-17T19:59:09.229 INFO:teuthology.orchestra.run.trial005.stdout:/usr/bin/ceph: stderr
2026-02-17T19:59:09.113+0000 7f5485ffb640 1 -- 10.20.193.5:0/1029182224 <== mon.0 v2:10.20.193.5:3300/0 3 ==== mon_map magic: 0 ==== 205+0+0 (secure 0 0 0) 0x7f548003c070 con 0x7f549007ee40
2026-02-17T19:59:09.230 INFO:teuthology.orchestra.run.trial005.stdout:/usr/bin/ceph: stderr
2026-02-17T19:59:09.113+0000 7f5496bb3640 1 -- 10.20.193.5:0/1029182224 --> [v2:10.20.193.5:3300/0,v1:10.20.193.5:6789/0] -- mon_subscribe({osdmap=0}) -- 0x7f54901a3820 con 0x7f549007ee40
2026-02-17T19:59:09.230 INFO:teuthology.orchestra.run.trial005.stdout:/usr/bin/ceph: stderr
2026-02-17T19:59:09.113+0000 7f5496bb3640 1 -- 10.20.193.5:0/1029182224 --> [v2:10.20.193.5:3300/0,v1:10.20.193.5:6789/0] -- mon_command({"prefix": "get_command_descriptions"} v 0) -- 0x7f549007d320 con 0x7f549007ee40
2026-02-17T19:59:09.230 INFO:teuthology.orchestra.run.trial005.stdout:/usr/bin/ceph: stderr
2026-02-17T19:59:09.113+0000 7f5485ffb640 1 -- 10.20.193.5:0/1029182224 <== mon.0 v2:10.20.193.5:3300/0 4 ==== mgrmap(e 11) ==== 50154+0+0 (secure 0 0 0) 0x7f5480042640 con 0x7f549007ee40
2026-02-17T19:59:09.230 INFO:teuthology.orchestra.run.trial005.stdout:/usr/bin/ceph: stderr
2026-02-17T19:59:09.114+0000 7f5485ffb640 1 --2- 10.20.193.5:0/1029182224 >> [v2:10.20.193.5:6800/4140038869,v1:10.20.193.5:6801/4140038869] conn(0x7f546c03db20 0x7f546c03ffe0 unknown :-1 s=NONE pgs=0 cs=0 l=1 rev1=0 crypto rx=0 tx=0 comp rx=0 tx=0).connect
2026-02-17T19:59:09.230 INFO:teuthology.orchestra.run.trial005.stdout:/usr/bin/ceph: stderr
2026-02-17T19:59:09.114+0000 7f5485ffb640 1 -- 10.20.193.5:0/1029182224 <== mon.0 v2:10.20.193.5:3300/0 5 ==== osd_map(3..3 src has 1..3) ==== 1155+0+0 (secure 0 0 0) 0x7f5480076be0 con 0x7f549007ee40
2026-02-17T19:59:09.230 INFO:teuthology.orchestra.run.trial005.stdout:/usr/bin/ceph: stderr
2026-02-17T19:59:09.114+0000 7f5487fff640 1 --2- 10.20.193.5:0/1029182224 >> [v2:10.20.193.5:6800/4140038869,v1:10.20.193.5:6801/4140038869] conn(0x7f546c03db20 0x7f546c03ffe0 unknown :-1 s=BANNER_CONNECTING pgs=0 cs=0 l=1 rev1=0 crypto rx=0 tx=0 comp rx=0 tx=0)._handle_peer_banner_payload supported=3 required=0
2026-02-17T19:59:09.230 INFO:teuthology.orchestra.run.trial005.stdout:/usr/bin/ceph: stderr
2026-02-17T19:59:09.114+0000 7f5487fff640 1 --2- 10.20.193.5:0/1029182224 >> [v2:10.20.193.5:6800/4140038869,v1:10.20.193.5:6801/4140038869] conn(0x7f546c03db20 0x7f546c03ffe0 secure :-1 s=READY pgs=9 cs=0 l=1 rev1=1 crypto rx=0x7f54780099c0 tx=0x7f5478006eb0 comp rx=0 tx=0).ready entity=mgr.14150 client_cookie=0 server_cookie=0 in_seq=0 out_seq=0
2026-02-17T19:59:09.230 INFO:teuthology.orchestra.run.trial005.stdout:/usr/bin/ceph: stderr
2026-02-17T19:59:09.116+0000 7f5485ffb640 1 -- 10.20.193.5:0/1029182224 <== mon.0 v2:10.20.193.5:3300/0 6 ==== mon_command_ack([{"prefix": "get_command_descriptions"}]=0 v0) ==== 72+0+195034 (secure 0 0 0) 0x7f5480033c90 con 0x7f549007ee40
2026-02-17T19:59:09.230 INFO:teuthology.orchestra.run.trial005.stdout:/usr/bin/ceph: stderr
2026-02-17T19:59:09.201+0000 7f5496bb3640 1 -- 10.20.193.5:0/1029182224 --> [v2:10.20.193.5:3300/0,v1:10.20.193.5:6789/0] -- mon_command({"prefix": "config get", "who": "mgr", "key": "mgr/dashboard/ssl_server_port"} v 0) -- 0x7f54901a3ec0 con 0x7f549007ee40
2026-02-17T19:59:09.230 INFO:teuthology.orchestra.run.trial005.stdout:/usr/bin/ceph: stderr
2026-02-17T19:59:09.201+0000 7f5485ffb640 1 -- 10.20.193.5:0/1029182224 <== mon.0 v2:10.20.193.5:3300/0 7 ==== mon_command_ack([{"prefix": "config get", "who": "mgr", "key": "mgr/dashboard/ssl_server_port"}]=0 v8) ==== 112+0+5 (secure 0 0 0) 0x7f5480035950 con 0x7f549007ee40
2026-02-17T19:59:09.230 INFO:teuthology.orchestra.run.trial005.stdout:/usr/bin/ceph: stderr
2026-02-17T19:59:09.202+0000 7f5496bb3640 1 -- 10.20.193.5:0/1029182224 >> [v2:10.20.193.5:6800/4140038869,v1:10.20.193.5:6801/4140038869] conn(0x7f546c03db20 msgr2=0x7f546c03ffe0 secure :-1 s=STATE_CONNECTION_ESTABLISHED l=1).mark_down
2026-02-17T19:59:09.230 INFO:teuthology.orchestra.run.trial005.stdout:/usr/bin/ceph: stderr
2026-02-17T19:59:09.202+0000 7f5496bb3640 1 --2- 10.20.193.5:0/1029182224 >> [v2:10.20.193.5:6800/4140038869,v1:10.20.193.5:6801/4140038869] conn(0x7f546c03db20 0x7f546c03ffe0 secure :-1 s=READY pgs=9 cs=0 l=1 rev1=1 crypto rx=0x7f54780099c0 tx=0x7f5478006eb0 comp rx=0 tx=0).stop
2026-02-17T19:59:09.231 INFO:teuthology.orchestra.run.trial005.stdout:/usr/bin/ceph: stderr
2026-02-17T19:59:09.202+0000 7f5496bb3640 1 -- 10.20.193.5:0/1029182224 >> [v2:10.20.193.5:3300/0,v1:10.20.193.5:6789/0] conn(0x7f549007ee40 msgr2=0x7f54901a0360 secure :-1 s=STATE_CONNECTION_ESTABLISHED l=1).mark_down
2026-02-17T19:59:09.231 INFO:teuthology.orchestra.run.trial005.stdout:/usr/bin/ceph: stderr
2026-02-17T19:59:09.202+0000 7f5496bb3640 1 --2- 10.20.193.5:0/1029182224 >> [v2:10.20.193.5:3300/0,v1:10.20.193.5:6789/0] conn(0x7f549007ee40 0x7f54901a0360 secure :-1 s=READY pgs=73 cs=0 l=1 rev1=1 crypto rx=0x7f5480039000 tx=0x7f5480037820 comp rx=0 tx=0).stop
2026-02-17T19:59:09.231 INFO:teuthology.orchestra.run.trial005.stdout:/usr/bin/ceph: stderr
2026-02-17T19:59:09.202+0000 7f5496bb3640 1 -- 10.20.193.5:0/1029182224 shutdown_connections
2026-02-17T19:59:09.231 INFO:teuthology.orchestra.run.trial005.stdout:/usr/bin/ceph: stderr
2026-02-17T19:59:09.202+0000 7f5496bb3640 1 --2- 10.20.193.5:0/1029182224 >> [v2:10.20.193.5:6800/4140038869,v1:10.20.193.5:6801/4140038869] conn(0x7f546c03db20 0x7f546c03ffe0 unknown :-1 s=CLOSED pgs=9 cs=0 l=1 rev1=1 crypto rx=0 tx=0 comp rx=0 tx=0).stop
2026-02-17T19:59:09.231 INFO:teuthology.orchestra.run.trial005.stdout:/usr/bin/ceph: stderr
2026-02-17T19:59:09.202+0000 7f5496bb3640 1 --2- 10.20.193.5:0/1029182224 >> [v2:10.20.193.5:3300/0,v1:10.20.193.5:6789/0] conn(0x7f549007ee40 0x7f54901a0360 unknown :-1 s=CLOSED pgs=73 cs=0 l=1 rev1=1 crypto rx=0 tx=0 comp rx=0 tx=0).stop
2026-02-17T19:59:09.231 INFO:teuthology.orchestra.run.trial005.stdout:/usr/bin/ceph: stderr
2026-02-17T19:59:09.202+0000 7f5496bb3640 1 -- 10.20.193.5:0/1029182224 >> 10.20.193.5:0/1029182224 conn(0x7f5490103a30 msgr2=0x7f54901045c0 unknown :-1 s=STATE_NONE l=0).mark_down
2026-02-17T19:59:09.231 INFO:teuthology.orchestra.run.trial005.stdout:/usr/bin/ceph: stderr
2026-02-17T19:59:09.202+0000 7f5496bb3640 1 -- 10.20.193.5:0/1029182224 shutdown_connections
2026-02-17T19:59:09.231 INFO:teuthology.orchestra.run.trial005.stdout:/usr/bin/ceph: stderr
2026-02-17T19:59:09.202+0000 7f5496bb3640 1 -- 10.20.193.5:0/1029182224 wait complete.
2026-02-17T19:59:09.232 INFO:teuthology.orchestra.run.trial005.stdout:Non-zero exit code 1 from systemctl is-enabled firewalld.service
2026-02-17T19:59:09.232 INFO:teuthology.orchestra.run.trial005.stdout:systemctl: stdout disabled
2026-02-17T19:59:09.237 INFO:teuthology.orchestra.run.trial005.stdout:Non-zero exit code 3 from systemctl is-active firewalld.service
2026-02-17T19:59:09.237 INFO:teuthology.orchestra.run.trial005.stdout:systemctl: stdout inactive
2026-02-17T19:59:09.237 INFO:teuthology.orchestra.run.trial005.stdout:firewalld.service is not enabled
2026-02-17T19:59:09.237 INFO:teuthology.orchestra.run.trial005.stdout:Not possible to open ports <[8443]>. firewalld.service is not available
2026-02-17T19:59:09.237 INFO:teuthology.orchestra.run.trial005.stdout:Ceph Dashboard is now available at:
2026-02-17T19:59:09.237 INFO:teuthology.orchestra.run.trial005.stdout:
2026-02-17T19:59:09.238 INFO:teuthology.orchestra.run.trial005.stdout: URL: https://trial005:8443/
2026-02-17T19:59:09.238 INFO:teuthology.orchestra.run.trial005.stdout: User: admin
