2026-02-17T19:59:00.962+0000 7fb1bd7a6640 1 --2- 10.20.193.5:0/3865847619 >> [v2:10.20.193.5:3300/0,v1:10.20.193.5:6789/0] conn(0x7fb1b810a9d0 0x7fb1b81a03b0 secure :-1 s=READY pgs=42 cs=0 l=1 rev1=1 crypto rx=0x7fb1ac006fd0 tx=0x7fb1ac037bb0 comp rx=0 tx=0).stop
2026-02-17T19:59:00.992 INFO:teuthology.orchestra.run.trial005.stdout:/usr/bin/ceph: stderr
2026-02-17T19:59:00.962+0000 7fb1bd7a6640 1 -- 10.20.193.5:0/3865847619 shutdown_connections
2026-02-17T19:59:00.992 INFO:teuthology.orchestra.run.trial005.stdout:/usr/bin/ceph: stderr
2026-02-17T19:59:00.962+0000 7fb1bd7a6640 1 --2- 10.20.193.5:0/3865847619 >> [v2:10.20.193.5:6800/3404784867,v1:10.20.193.5:6801/3404784867] conn(0x7fb18c03da80 0x7fb18c03ff40 unknown :-1 s=CLOSED pgs=10 cs=0 l=1 rev1=1 crypto rx=0 tx=0 comp rx=0 tx=0).stop
2026-02-17T19:59:00.992 INFO:teuthology.orchestra.run.trial005.stdout:/usr/bin/ceph: stderr
2026-02-17T19:59:00.962+0000 7fb1bd7a6640 1 --2- 10.20.193.5:0/3865847619 >> [v2:10.20.193.5:3300/0,v1:10.20.193.5:6789/0] conn(0x7fb1b810a9d0 0x7fb1b81a03b0 unknown :-1 s=CLOSED pgs=42 cs=0 l=1 rev1=1 crypto rx=0 tx=0 comp rx=0 tx=0).stop
2026-02-17T19:59:00.992 INFO:teuthology.orchestra.run.trial005.stdout:/usr/bin/ceph: stderr
2026-02-17T19:59:00.962+0000 7fb1bd7a6640 1 -- 10.20.193.5:0/3865847619 >> 10.20.193.5:0/3865847619 conn(0x7fb1b807dad0 msgr2=0x7fb1b8108740 unknown :-1 s=STATE_NONE l=0).mark_down
2026-02-17T19:59:00.992 INFO:teuthology.orchestra.run.trial005.stdout:/usr/bin/ceph: stderr
2026-02-17T19:59:00.962+0000 7fb1bd7a6640 1 -- 10.20.193.5:0/3865847619 shutdown_connections
2026-02-17T19:59:00.992 INFO:teuthology.orchestra.run.trial005.stdout:/usr/bin/ceph: stderr
2026-02-17T19:59:00.962+0000 7fb1bd7a6640 1 -- 10.20.193.5:0/3865847619 wait complete.
2026-02-17T19:59:00.992 INFO:teuthology.orchestra.run.trial005.stdout:Wrote public SSH key to /home/ubuntu/cephtest/ceph.pub
2026-02-17T19:59:00.992 INFO:teuthology.orchestra.run.trial005.stdout:Adding key to root@localhost authorized_keys...
2026-02-17T19:59:00.992 INFO:teuthology.orchestra.run.trial005.stdout:Adding host trial005...
2026-02-17T19:59:01.286 INFO:journalctl@ceph.mon.a.trial005.stdout:Feb 17 19:59:01 trial005 ceph-mon[24477]: from='client.14122 -' entity='client.admin' cmd=[{"prefix": "get_command_descriptions"}]: dispatch
2026-02-17T19:59:01.286 INFO:journalctl@ceph.mon.a.trial005.stdout:Feb 17 19:59:01 trial005 ceph-mon[24477]: from='client.14122 -' entity='client.admin' cmd=[{"prefix": "mgr_status"}]: dispatch
2026-02-17T19:59:01.286 INFO:journalctl@ceph.mon.a.trial005.stdout:Feb 17 19:59:01 trial005 ceph-mon[24477]: [17/Feb/2026:19:59:00] ENGINE Bus STARTING
2026-02-17T19:59:01.286 INFO:journalctl@ceph.mon.a.trial005.stdout:Feb 17 19:59:01 trial005 ceph-mon[24477]: from='client.14130 -' entity='client.admin' cmd=[{"prefix": "orch set backend", "module_name": "cephadm", "target": ["mon-mgr", ""]}]: dispatch
2026-02-17T19:59:01.286 INFO:journalctl@ceph.mon.a.trial005.stdout:Feb 17 19:59:01 trial005 ceph-mon[24477]: from='mgr.14118 10.20.193.5:0/1494028815' entity='mgr.x'
2026-02-17T19:59:01.286 INFO:journalctl@ceph.mon.a.trial005.stdout:Feb 17 19:59:01 trial005 ceph-mon[24477]: from='mgr.14118 10.20.193.5:0/1494028815' entity='mgr.x' cmd=[{"prefix": "config dump", "format": "json"}]: dispatch
2026-02-17T19:59:01.286 INFO:journalctl@ceph.mon.a.trial005.stdout:Feb 17 19:59:01 trial005 ceph-mon[24477]: [17/Feb/2026:19:59:00] ENGINE Serving on https://10.20.193.5:7150
2026-02-17T19:59:01.286 INFO:journalctl@ceph.mon.a.trial005.stdout:Feb 17 19:59:01 trial005 ceph-mon[24477]: [17/Feb/2026:19:59:00] ENGINE Client ('10.20.193.5', 51278) lost — peer dropped the TLS connection suddenly, during handshake: (6, 'TLS/SSL connection has been closed (EOF) (_ssl.c:1147)')
2026-02-17T19:59:01.287 INFO:journalctl@ceph.mon.a.trial005.stdout:Feb 17 19:59:01 trial005 ceph-mon[24477]: from='mgr.14118 10.20.193.5:0/1494028815' entity='mgr.x' cmd=[{"prefix": "config dump", "format": "json"}]: dispatch
2026-02-17T19:59:01.287 INFO:journalctl@ceph.mon.a.trial005.stdout:Feb 17 19:59:01 trial005 ceph-mon[24477]: from='mgr.14118 10.20.193.5:0/1494028815' entity='mgr.x'
2026-02-17T19:59:01.287 INFO:journalctl@ceph.mon.a.trial005.stdout:Feb 17 19:59:01 trial005 ceph-mon[24477]: from='mgr.14118 10.20.193.5:0/1494028815' entity='mgr.x'
2026-02-17T19:59:02.444 INFO:journalctl@ceph.mon.a.trial005.stdout:Feb 17 19:59:02 trial005 ceph-mon[24477]: [17/Feb/2026:19:59:00] ENGINE Serving on http://10.20.193.5:8765
2026-02-17T19:59:02.444 INFO:journalctl@ceph.mon.a.trial005.stdout:Feb 17 19:59:02 trial005 ceph-mon[24477]: [17/Feb/2026:19:59:00] ENGINE Bus STARTED
2026-02-17T19:59:02.444 INFO:journalctl@ceph.mon.a.trial005.stdout:Feb 17 19:59:02 trial005 ceph-mon[24477]: from='client.14132 -' entity='client.admin' cmd=[{"prefix": "cephadm set-user", "user": "root", "target": ["mon-mgr", ""]}]: dispatch
2026-02-17T19:59:02.444 INFO:journalctl@ceph.mon.a.trial005.stdout:Feb 17 19:59:02 trial005 ceph-mon[24477]: from='client.14134 -' entity='client.admin' cmd=[{"prefix": "cephadm generate-key", "target": ["mon-mgr", ""]}]: dispatch
2026-02-17T19:59:02.444 INFO:journalctl@ceph.mon.a.trial005.stdout:Feb 17 19:59:02 trial005 ceph-mon[24477]: Generating ssh key...
2026-02-17T19:59:02.444 INFO:journalctl@ceph.mon.a.trial005.stdout:Feb 17 19:59:02 trial005 ceph-mon[24477]: from='client.14136 -' entity='client.admin' cmd=[{"prefix": "cephadm get-pub-key", "target": ["mon-mgr", ""]}]: dispatch
2026-02-17T19:59:02.444 INFO:journalctl@ceph.mon.a.trial005.stdout:Feb 17 19:59:02 trial005 ceph-mon[24477]: from='client.14138 -' entity='client.admin' cmd=[{"prefix": "orch host add", "hostname": "trial005", "addr": "10.20.193.5", "target": ["mon-mgr", ""]}]: dispatch
2026-02-17T19:59:02.444 INFO:journalctl@ceph.mon.a.trial005.stdout:Feb 17 19:59:02 trial005 ceph-mon[24477]: mgrmap e8: x(active, since 2s)
2026-02-17T19:59:02.673 INFO:teuthology.orchestra.run.trial005.stdout:/usr/bin/ceph: stdout Added host 'trial005' with addr '10.20.193.5'
2026-02-17T19:59:02.673 INFO:teuthology.orchestra.run.trial005.stdout:/usr/bin/ceph: stderr
2026-02-17T19:59:01.078+0000 7f5148e60640 1 Processor -- start
2026-02-17T19:59:02.674 INFO:teuthology.orchestra.run.trial005.stdout:/usr/bin/ceph: stderr
2026-02-17T19:59:01.078+0000 7f5148e60640 1 -- start start
2026-02-17T19:59:02.674 INFO:teuthology.orchestra.run.trial005.stdout:/usr/bin/ceph: stderr
2026-02-17T19:59:01.078+0000 7f5148e60640 1 --2- >> [v2:10.20.193.5:3300/0,v1:10.20.193.5:6789/0] conn(0x7f5144112e80 0x7f5144113280 unknown :-1 s=NONE pgs=0 cs=0 l=0 rev1=0 crypto rx=0 tx=0 comp rx=0 tx=0).connect
2026-02-17T19:59:02.674 INFO:teuthology.orchestra.run.trial005.stdout:/usr/bin/ceph: stderr
2026-02-17T19:59:01.078+0000 7f5148e60640 1 -- --> [v2:10.20.193.5:3300/0,v1:10.20.193.5:6789/0] -- mon_getmap magic: 0 -- 0x7f51441137c0 con 0x7f5144112e80
2026-02-17T19:59:02.674 INFO:teuthology.orchestra.run.trial005.stdout:/usr/bin/ceph: stderr
2026-02-17T19:59:01.078+0000 7f5142575640 1 --2- >> [v2:10.20.193.5:3300/0,v1:10.20.193.5:6789/0] conn(0x7f5144112e80 0x7f5144113280 unknown :-1 s=BANNER_CONNECTING pgs=0 cs=0 l=0 rev1=0 crypto rx=0 tx=0 comp rx=0 tx=0)._handle_peer_banner_payload supported=3 required=0
2026-02-17T19:59:02.674 INFO:teuthology.orchestra.run.trial005.stdout:/usr/bin/ceph: stderr
2026-02-17T19:59:01.078+0000 7f5142575640 1 --2- >> [v2:10.20.193.5:3300/0,v1:10.20.193.5:6789/0] conn(0x7f5144112e80 0x7f5144113280 unknown :-1 s=HELLO_CONNECTING pgs=0 cs=0 l=0 rev1=1 crypto rx=0 tx=0 comp rx=0 tx=0).handle_hello peer v2:10.20.193.5:3300/0 says I am v2:10.20.193.5:46790/0 (socket says 10.20.193.5:46790)
2026-02-17T19:59:02.674 INFO:teuthology.orchestra.run.trial005.stdout:/usr/bin/ceph: stderr
2026-02-17T19:59:01.078+0000 7f5142575640 1 -- 10.20.193.5:0/3908941155 learned_addr learned my addr 10.20.193.5:0/3908941155 (peer_addr_for_me v2:10.20.193.5:0/0)
2026-02-17T19:59:02.674 INFO:teuthology.orchestra.run.trial005.stdout:/usr/bin/ceph: stderr
2026-02-17T19:59:01.078+0000 7f5142575640 1 -- 10.20.193.5:0/3908941155 --> [v2:10.20.193.5:3300/0,v1:10.20.193.5:6789/0] -- mon_subscribe({config=0+,monmap=0+}) -- 0x7f5144114070 con 0x7f5144112e80
2026-02-17T19:59:02.674 INFO:teuthology.orchestra.run.trial005.stdout:/usr/bin/ceph: stderr
2026-02-17T19:59:01.079+0000 7f5142575640 1 --2- 10.20.193.5:0/3908941155 >> [v2:10.20.193.5:3300/0,v1:10.20.193.5:6789/0] conn(0x7f5144112e80 0x7f5144113280 secure :-1 s=READY pgs=43 cs=0 l=1 rev1=1 crypto rx=0x7f5138009920 tx=0x7f513802ef20 comp rx=0 tx=0).ready entity=mon.0 client_cookie=c537351f422792be server_cookie=0 in_seq=0 out_seq=0
2026-02-17T19:59:02.674 INFO:teuthology.orchestra.run.trial005.stdout:/usr/bin/ceph: stderr
2026-02-17T19:59:01.079+0000 7f5141573640 1 -- 10.20.193.5:0/3908941155 <== mon.0 v2:10.20.193.5:3300/0 1 ==== mon_map magic: 0 ==== 205+0+0 (secure 0 0 0) 0x7f513803c070 con 0x7f5144112e80
2026-02-17T19:59:02.674 INFO:teuthology.orchestra.run.trial005.stdout:/usr/bin/ceph: stderr
2026-02-17T19:59:01.079+0000 7f5141573640 1 -- 10.20.193.5:0/3908941155 <== mon.0 v2:10.20.193.5:3300/0 2 ==== config(26 keys) ==== 1045+0+0 (secure 0 0 0) 0x7f5138037440 con 0x7f5144112e80
2026-02-17T19:59:02.674 INFO:teuthology.orchestra.run.trial005.stdout:/usr/bin/ceph: stderr
2026-02-17T19:59:01.079+0000 7f5141573640 1 -- 10.20.193.5:0/3908941155 <== mon.0 v2:10.20.193.5:3300/0 3 ==== mon_map magic: 0 ==== 205+0+0 (secure 0 0 0) 0x7f51380354b0 con 0x7f5144112e80
2026-02-17T19:59:02.674 INFO:teuthology.orchestra.run.trial005.stdout:/usr/bin/ceph: stderr
2026-02-17T19:59:01.079+0000 7f5148e60640 1 -- 10.20.193.5:0/3908941155 >> [v2:10.20.193.5:3300/0,v1:10.20.193.5:6789/0] conn(0x7f5144112e80 msgr2=0x7f5144113280 secure :-1 s=STATE_CONNECTION_ESTABLISHED l=1).mark_down
2026-02-17T19:59:02.674 INFO:teuthology.orchestra.run.trial005.stdout:/usr/bin/ceph: stderr
2026-02-17T19:59:01.079+0000 7f5148e60640 1 --2- 10.20.193.5:0/3908941155 >> [v2:10.20.193.5:3300/0,v1:10.20.193.5:6789/0] conn(0x7f5144112e80 0x7f5144113280 secure :-1 s=READY pgs=43 cs=0 l=1 rev1=1 crypto rx=0x7f5138009920 tx=0x7f513802ef20 comp rx=0 tx=0).stop
2026-02-17T19:59:02.674 INFO:teuthology.orchestra.run.trial005.stdout:/usr/bin/ceph: stderr
2026-02-17T19:59:01.079+0000 7f5148e60640 1 -- 10.20.193.5:0/3908941155 shutdown_connections
2026-02-17T19:59:02.674 INFO:teuthology.orchestra.run.trial005.stdout:/usr/bin/ceph: stderr
2026-02-17T19:59:01.079+0000 7f5148e60640 1 --2- 10.20.193.5:0/3908941155 >> [v2:10.20.193.5:3300/0,v1:10.20.193.5:6789/0] conn(0x7f5144112e80 0x7f5144113280 unknown :-1 s=CLOSED pgs=43 cs=0 l=1 rev1=1 crypto rx=0 tx=0 comp rx=0 tx=0).stop
2026-02-17T19:59:02.674 INFO:teuthology.orchestra.run.trial005.stdout:/usr/bin/ceph: stderr
2026-02-17T19:59:01.079+0000 7f5148e60640 1 -- 10.20.193.5:0/3908941155 >> 10.20.193.5:0/3908941155 conn(0x7f514406d1e0 msgr2=0x7f5144111140 unknown :-1 s=STATE_NONE l=0).mark_down
2026-02-17T19:59:02.674 INFO:teuthology.orchestra.run.trial005.stdout:/usr/bin/ceph: stderr
2026-02-17T19:59:01.079+0000 7f5148e60640 1 -- 10.20.193.5:0/3908941155 shutdown_connections
2026-02-17T19:59:02.674 INFO:teuthology.orchestra.run.trial005.stdout:/usr/bin/ceph: stderr
2026-02-17T19:59:01.079+0000 7f5148e60640 1 -- 10.20.193.5:0/3908941155 wait complete.
2026-02-17T19:59:02.674 INFO:teuthology.orchestra.run.trial005.stdout:/usr/bin/ceph: stderr
2026-02-17T19:59:01.079+0000 7f5148e60640 1 Processor -- start
2026-02-17T19:59:02.674 INFO:teuthology.orchestra.run.trial005.stdout:/usr/bin/ceph: stderr
2026-02-17T19:59:01.079+0000 7f5148e60640 1 -- start start
2026-02-17T19:59:02.674 INFO:teuthology.orchestra.run.trial005.stdout:/usr/bin/ceph: stderr
2026-02-17T19:59:01.079+0000 7f5148e60640 1 --2- >> [v2:10.20.193.5:3300/0,v1:10.20.193.5:6789/0] conn(0x7f5144112e80 0x7f51441a8e00 unknown :-1 s=NONE pgs=0 cs=0 l=1 rev1=0 crypto rx=0 tx=0 comp rx=0 tx=0).connect
2026-02-17T19:59:02.674 INFO:teuthology.orchestra.run.trial005.stdout:/usr/bin/ceph: stderr
2026-02-17T19:59:01.079+0000 7f5148e60640 1 -- --> [v2:10.20.193.5:3300/0,v1:10.20.193.5:6789/0] -- mon_getmap magic: 0 -- 0x7f5144113940 con 0x7f5144112e80
2026-02-17T19:59:02.674 INFO:teuthology.orchestra.run.trial005.stdout:/usr/bin/ceph: stderr
2026-02-17T19:59:01.080+0000 7f5142575640 1 --2- >> [v2:10.20.193.5:3300/0,v1:10.20.193.5:6789/0] conn(0x7f5144112e80 0x7f51441a8e00 unknown :-1 s=BANNER_CONNECTING pgs=0 cs=0 l=1 rev1=0 crypto rx=0 tx=0 comp rx=0 tx=0)._handle_peer_banner_payload supported=3 required=0
2026-02-17T19:59:02.674 INFO:teuthology.orchestra.run.trial005.stdout:/usr/bin/ceph: stderr
2026-02-17T19:59:01.080+0000 7f5142575640 1 --2- >> [v2:10.20.193.5:3300/0,v1:10.20.193.5:6789/0] conn(0x7f5144112e80 0x7f51441a8e00 unknown :-1 s=HELLO_CONNECTING pgs=0 cs=0 l=1 rev1=1 crypto rx=0 tx=0 comp rx=0 tx=0).handle_hello peer v2:10.20.193.5:3300/0 says I am v2:10.20.193.5:46798/0 (socket says 10.20.193.5:46798)
2026-02-17T19:59:02.674 INFO:teuthology.orchestra.run.trial005.stdout:/usr/bin/ceph: stderr
2026-02-17T19:59:01.080+0000 7f5142575640 1 -- 10.20.193.5:0/3861039136 learned_addr learned my addr 10.20.193.5:0/3861039136 (peer_addr_for_me v2:10.20.193.5:0/0)
2026-02-17T19:59:02.674 INFO:teuthology.orchestra.run.trial005.stdout:/usr/bin/ceph: stderr
2026-02-17T19:59:01.080+0000 7f5142575640 1 -- 10.20.193.5:0/3861039136 --> [v2:10.20.193.5:3300/0,v1:10.20.193.5:6789/0] -- mon_subscribe({config=0+,monmap=0+}) -- 0x7f51441a9340 con 0x7f5144112e80
2026-02-17T19:59:02.674 INFO:teuthology.orchestra.run.trial005.stdout:/usr/bin/ceph: stderr
2026-02-17T19:59:01.080+0000 7f5142575640 1 --2- 10.20.193.5:0/3861039136 >> [v2:10.20.193.5:3300/0,v1:10.20.193.5:6789/0] conn(0x7f5144112e80 0x7f51441a8e00 secure :-1 s=READY pgs=44 cs=0 l=1 rev1=1 crypto rx=0x7f5138006fd0 tx=0x7f5138037bb0 comp rx=0 tx=0).ready entity=mon.0 client_cookie=0 server_cookie=0 in_seq=0 out_seq=0
2026-02-17T19:59:02.674 INFO:teuthology.orchestra.run.trial005.stdout:/usr/bin/ceph: stderr
2026-02-17T19:59:01.080+0000 7f512b7fe640 1 -- 10.20.193.5:0/3861039136 <== mon.0 v2:10.20.193.5:3300/0 1 ==== mon_map magic: 0 ==== 205+0+0 (secure 0 0 0) 0x7f5138045070 con 0x7f5144112e80
2026-02-17T19:59:02.674 INFO:teuthology.orchestra.run.trial005.stdout:/usr/bin/ceph: stderr
2026-02-17T19:59:01.080+0000 7f512b7fe640 1 -- 10.20.193.5:0/3861039136 <== mon.0 v2:10.20.193.5:3300/0 2 ==== config(26 keys) ==== 1045+0+0 (secure 0 0 0) 0x7f5138040450 con 0x7f5144112e80
2026-02-17T19:59:02.674 INFO:teuthology.orchestra.run.trial005.stdout:/usr/bin/ceph: stderr
2026-02-17T19:59:01.080+0000 7f5148e60640 1 -- 10.20.193.5:0/3861039136 --> [v2:10.20.193.5:3300/0,v1:10.20.193.5:6789/0] -- mon_subscribe({mgrmap=0+}) -- 0x7f51441a95d0 con 0x7f5144112e80
2026-02-17T19:59:02.674 INFO:teuthology.orchestra.run.trial005.stdout:/usr/bin/ceph: stderr
2026-02-17T19:59:01.080+0000 7f512b7fe640 1 -- 10.20.193.5:0/3861039136 <== mon.0 v2:10.20.193.5:3300/0 3 ==== mon_map magic: 0 ==== 205+0+0 (secure 0 0 0) 0x7f513803c070 con 0x7f5144112e80
2026-02-17T19:59:02.674 INFO:teuthology.orchestra.run.trial005.stdout:/usr/bin/ceph: stderr
2026-02-17T19:59:01.080+0000 7f5148e60640 1 -- 10.20.193.5:0/3861039136 --> [v2:10.20.193.5:3300/0,v1:10.20.193.5:6789/0] -- mon_subscribe({osdmap=0}) -- 0x7f51441ac2c0 con 0x7f5144112e80
2026-02-17T19:59:02.674 INFO:teuthology.orchestra.run.trial005.stdout:/usr/bin/ceph: stderr
2026-02-17T19:59:01.080+0000 7f5148e60640 1 -- 10.20.193.5:0/3861039136 --> [v2:10.20.193.5:3300/0,v1:10.20.193.5:6789/0] -- mon_command({"prefix": "get_command_descriptions"} v 0) -- 0x7f5144113300 con 0x7f5144112e80
2026-02-17T19:59:02.674 INFO:teuthology.orchestra.run.trial005.stdout:/usr/bin/ceph: stderr
2026-02-17T19:59:01.080+0000 7f512b7fe640 1 -- 10.20.193.5:0/3861039136 <== mon.0 v2:10.20.193.5:3300/0 4 ==== mgrmap(e 7) ==== 50141+0+0 (secure 0 0 0) 0x7f513803e5f0 con 0x7f5144112e80
2026-02-17T19:59:02.674 INFO:teuthology.orchestra.run.trial005.stdout:/usr/bin/ceph: stderr
2026-02-17T19:59:01.081+0000 7f512b7fe640 1 --2- 10.20.193.5:0/3861039136 >> [v2:10.20.193.5:6800/3404784867,v1:10.20.193.5:6801/3404784867] conn(0x7f511c03dad0 0x7f511c03ff90 unknown :-1 s=NONE pgs=0 cs=0 l=1 rev1=0 crypto rx=0 tx=0 comp rx=0 tx=0).connect
2026-02-17T19:59:02.674 INFO:teuthology.orchestra.run.trial005.stdout:/usr/bin/ceph: stderr
2026-02-17T19:59:01.081+0000 7f512b7fe640 1 -- 10.20.193.5:0/3861039136 <== mon.0 v2:10.20.193.5:3300/0 5 ==== osd_map(2..2 src has 1..2) ==== 940+0+0 (secure 0 0 0) 0x7f5138076600 con 0x7f5144112e80
2026-02-17T19:59:02.674 INFO:teuthology.orchestra.run.trial005.stdout:/usr/bin/ceph: stderr
2026-02-17T19:59:01.081+0000 7f5141d74640 1 --2- 10.20.193.5:0/3861039136 >> [v2:10.20.193.5:6800/3404784867,v1:10.20.193.5:6801/3404784867] conn(0x7f511c03dad0 0x7f511c03ff90 unknown :-1 s=BANNER_CONNECTING pgs=0 cs=0 l=1 rev1=0 crypto rx=0 tx=0 comp rx=0 tx=0)._handle_peer_banner_payload supported=3 required=0
2026-02-17T19:59:02.675 INFO:teuthology.orchestra.run.trial005.stdout:/usr/bin/ceph: stderr
2026-02-17T19:59:01.081+0000 7f5141d74640 1 --2- 10.20.193.5:0/3861039136 >> [v2:10.20.193.5:6800/3404784867,v1:10.20.193.5:6801/3404784867] conn(0x7f511c03dad0 0x7f511c03ff90 secure :-1 s=READY pgs=11 cs=0 l=1 rev1=1 crypto rx=0x7f512c0099c0 tx=0x7f512c006eb0 comp rx=0 tx=0).ready entity=mgr.14118 client_cookie=0 server_cookie=0 in_seq=0 out_seq=0
2026-02-17T19:59:02.675 INFO:teuthology.orchestra.run.trial005.stdout:/usr/bin/ceph: stderr
2026-02-17T19:59:01.083+0000 7f512b7fe640 1 -- 10.20.193.5:0/3861039136 <== mon.0 v2:10.20.193.5:3300/0 6 ==== mon_command_ack([{"prefix": "get_command_descriptions"}]=0 v0) ==== 72+0+195034 (secure 0 0 0) 0x7f5138040900 con 0x7f5144112e80
2026-02-17T19:59:02.675 INFO:teuthology.orchestra.run.trial005.stdout:/usr/bin/ceph: stderr
2026-02-17T19:59:01.166+0000 7f5148e60640 1 -- 10.20.193.5:0/3861039136 --> [v2:10.20.193.5:6800/3404784867,v1:10.20.193.5:6801/3404784867] -- mgr_command(tid 0: {"prefix": "orch host add", "hostname": "trial005", "addr": "10.20.193.5", "target": ["mon-mgr", ""]}) -- 0x7f514406dd40 con 0x7f511c03dad0
2026-02-17T19:59:02.675 INFO:teuthology.orchestra.run.trial005.stdout:/usr/bin/ceph: stderr
2026-02-17T19:59:01.628+0000 7f512b7fe640 1 -- 10.20.193.5:0/3861039136 <== mon.0 v2:10.20.193.5:3300/0 7 ==== mgrmap(e 8) ==== 50247+0+0 (secure 0 0 0) 0x7f51380363a0 con 0x7f5144112e80
2026-02-17T19:59:02.675 INFO:teuthology.orchestra.run.trial005.stdout:/usr/bin/ceph: stderr
2026-02-17T19:59:02.631+0000 7f512b7fe640 1 -- 10.20.193.5:0/3861039136 <== mgr.14118 v2:10.20.193.5:6800/3404784867 1 ==== mgr_command_reply(tid 0: 0 ) ==== 8+0+46 (secure 0 0 0) 0x7f514406dd40 con 0x7f511c03dad0
2026-02-17T19:59:02.675 INFO:teuthology.orchestra.run.trial005.stdout:/usr/bin/ceph: stderr
2026-02-17T19:59:02.633+0000 7f5148e60640 1 -- 10.20.193.5:0/3861039136 >> [v2:10.20.193.5:6800/3404784867,v1:10.20.193.5:6801/3404784867] conn(0x7f511c03dad0 msgr2=0x7f511c03ff90 secure :-1 s=STATE_CONNECTION_ESTABLISHED l=1).mark_down
2026-02-17T19:59:02.675 INFO:teuthology.orchestra.run.trial005.stdout:/usr/bin/ceph: stderr
2026-02-17T19:59:02.633+0000 7f5148e60640 1 --2- 10.20.193.5:0/3861039136 >> [v2:10.20.193.5:6800/3404784867,v1:10.20.193.5:6801/3404784867] conn(0x7f511c03dad0 0x7f511c03ff90 secure :-1 s=READY pgs=11 cs=0 l=1 rev1=1 crypto rx=0x7f512c0099c0 tx=0x7f512c006eb0 comp rx=0 tx=0).stop
2026-02-17T19:59:02.675 INFO:teuthology.orchestra.run.trial005.stdout:/usr/bin/ceph: stderr
2026-02-17T19:59:02.633+0000 7f5148e60640 1 -- 10.20.193.5:0/3861039136 >> [v2:10.20.193.5:3300/0,v1:10.20.193.5:6789/0] conn(0x7f5144112e80 msgr2=0x7f51441a8e00 secure :-1 s=STATE_CONNECTION_ESTABLISHED l=1).mark_down
2026-02-17T19:59:02.675 INFO:teuthology.orchestra.run.trial005.stdout:/usr/bin/ceph: stderr
2026-02-17T19:59:02.633+0000 7f5148e60640 1 --2- 10.20.193.5:0/3861039136 >> [v2:10.20.193.5:3300/0,v1:10.20.193.5:6789/0] conn(0x7f5144112e80 0x7f51441a8e00 secure :-1 s=READY pgs=44 cs=0 l=1 rev1=1 crypto rx=0x7f5138006fd0 tx=0x7f5138037bb0 comp rx=0 tx=0).stop
2026-02-17T19:59:02.675 INFO:teuthology.orchestra.run.trial005.stdout:/usr/bin/ceph: stderr
2026-02-17T19:59:02.633+0000 7f5148e60640 1 -- 10.20.193.5:0/3861039136 shutdown_connections
2026-02-17T19:59:02.675 INFO:teuthology.orchestra.run.trial005.stdout:/usr/bin/ceph: stderr
2026-02-17T19:59:02.633+0000 7f5148e60640 1 --2- 10.20.193.5:0/3861039136 >> [v2:10.20.193.5:6800/3404784867,v1:10.20.193.5:6801/3404784867] conn(0x7f511c03dad0 0x7f511c03ff90 unknown :-1 s=CLOSED pgs=11 cs=0 l=1 rev1=1 crypto rx=0 tx=0 comp rx=0 tx=0).stop
2026-02-17T19:59:02.675 INFO:teuthology.orchestra.run.trial005.stdout:/usr/bin/ceph: stderr
2026-02-17T19:59:02.633+0000 7f5148e60640 1 --2- 10.20.193.5:0/3861039136 >> [v2:10.20.193.5:3300/0,v1:10.20.193.5:6789/0] conn(0x7f5144112e80 0x7f51441a8e00 unknown :-1 s=CLOSED pgs=44 cs=0 l=1 rev1=1 crypto rx=0 tx=0 comp rx=0 tx=0).stop
2026-02-17T19:59:02.675 INFO:teuthology.orchestra.run.trial005.stdout:/usr/bin/ceph: stderr
2026-02-17T19:59:02.633+0000 7f5148e60640 1 -- 10.20.193.5:0/3861039136 >> 10.20.193.5:0/3861039136 conn(0x7f514406d1e0 msgr2=0x7f514406d630 unknown :-1 s=STATE_NONE l=0).mark_down
2026-02-17T19:59:02.675 INFO:teuthology.orchestra.run.trial005.stdout:/usr/bin/ceph: stderr
2026-02-17T19:59:02.633+0000 7f5148e60640 1 -- 10.20.193.5:0/3861039136 shutdown_connections
2026-02-17T19:59:02.675 INFO:teuthology.orchestra.run.trial005.stdout:/usr/bin/ceph: stderr
2026-02-17T19:59:02.633+0000 7f5148e60640 1 -- 10.20.193.5:0/3861039136 wait complete.
2026-02-17T19:59:02.675 INFO:teuthology.orchestra.run.trial005.stdout:Deploying unmanaged mon service...
2026-02-17T19:59:02.893 INFO:teuthology.orchestra.run.trial005.stdout:/usr/bin/ceph: stdout Scheduled mon update...
2026-02-17T19:59:02.893 INFO:teuthology.orchestra.run.trial005.stdout:/usr/bin/ceph: stderr
2026-02-17T19:59:02.775+0000 7f5626d0f640 1 Processor -- start
2026-02-17T19:59:02.893 INFO:teuthology.orchestra.run.trial005.stdout:/usr/bin/ceph: stderr
2026-02-17T19:59:02.775+0000 7f5626d0f640 1 -- start start
2026-02-17T19:59:02.893 INFO:teuthology.orchestra.run.trial005.stdout:/usr/bin/ceph: stderr
2026-02-17T19:59:02.775+0000 7f5626d0f640 1 --2- >> [v2:10.20.193.5:3300/0,v1:10.20.193.5:6789/0] conn(0x7f562010b8f0 0x7f562010bcf0 unknown :-1 s=NONE pgs=0 cs=0 l=0 rev1=0 crypto rx=0 tx=0 comp rx=0 tx=0).connect
2026-02-17T19:59:02.893 INFO:teuthology.orchestra.run.trial005.stdout:/usr/bin/ceph: stderr
2026-02-17T19:59:02.775+0000 7f5626d0f640 1 -- --> [v2:10.20.193.5:3300/0,v1:10.20.193.5:6789/0] -- mon_getmap magic: 0 -- 0x7f562010c2c0 con 0x7f562010b8f0
2026-02-17T19:59:02.893 INFO:teuthology.orchestra.run.trial005.stdout:/usr/bin/ceph: stderr
2026-02-17T19:59:02.776+0000 7f5625d0d640 1 --2- >> [v2:10.20.193.5:3300/0,v1:10.20.193.5:6789/0] conn(0x7f562010b8f0 0x7f562010bcf0 unknown :-1 s=BANNER_CONNECTING pgs=0 cs=0 l=0 rev1=0 crypto rx=0 tx=0 comp rx=0 tx=0)._handle_peer_banner_payload supported=3 required=0
2026-02-17T19:59:02.893 INFO:teuthology.orchestra.run.trial005.stdout:/usr/bin/ceph: stderr
2026-02-17T19:59:02.776+0000 7f5625d0d640 1 --2- >> [v2:10.20.193.5:3300/0,v1:10.20.193.5:6789/0] conn(0x7f562010b8f0 0x7f562010bcf0 unknown :-1 s=HELLO_CONNECTING pgs=0 cs=0 l=0 rev1=1 crypto rx=0 tx=0 comp rx=0 tx=0).handle_hello peer v2:10.20.193.5:3300/0 says I am v2:10.20.193.5:46802/0 (socket says 10.20.193.5:46802)
2026-02-17T19:59:02.893 INFO:teuthology.orchestra.run.trial005.stdout:/usr/bin/ceph: stderr
2026-02-17T19:59:02.776+0000 7f5625d0d640 1 -- 10.20.193.5:0/1469870215 learned_addr learned my addr 10.20.193.5:0/1469870215 (peer_addr_for_me v2:10.20.193.5:0/0)
2026-02-17T19:59:02.893 INFO:teuthology.orchestra.run.trial005.stdout:/usr/bin/ceph: stderr
2026-02-17T19:59:02.776+0000 7f5625d0d640 1 -- 10.20.193.5:0/1469870215 --> [v2:10.20.193.5:3300/0,v1:10.20.193.5:6789/0] -- mon_subscribe({config=0+,monmap=0+}) -- 0x7f562010c440 con 0x7f562010b8f0
2026-02-17T19:59:02.893 INFO:teuthology.orchestra.run.trial005.stdout:/usr/bin/ceph: stderr
2026-02-17T19:59:02.776+0000 7f5625d0d640 1 --2- 10.20.193.5:0/1469870215 >> [v2:10.20.193.5:3300/0,v1:10.20.193.5:6789/0] conn(0x7f562010b8f0 0x7f562010bcf0 secure :-1 s=READY pgs=45 cs=0 l=1 rev1=1 crypto rx=0x7f5610009920 tx=0x7f561002ef20 comp rx=0 tx=0).ready entity=mon.0 client_cookie=6c6ba538ecaba4ef server_cookie=0 in_seq=0 out_seq=0
2026-02-17T19:59:02.894 INFO:teuthology.orchestra.run.trial005.stdout:/usr/bin/ceph: stderr
2026-02-17T19:59:02.776+0000 7f5624d0b640 1 -- 10.20.193.5:0/1469870215 <== mon.0 v2:10.20.193.5:3300/0 1 ==== mon_map magic: 0 ==== 205+0+0 (secure 0 0 0) 0x7f561003c070 con 0x7f562010b8f0
2026-02-17T19:59:02.894 INFO:teuthology.orchestra.run.trial005.stdout:/usr/bin/ceph: stderr
2026-02-17T19:59:02.776+0000 7f5624d0b640 1 -- 10.20.193.5:0/1469870215 <== mon.0 v2:10.20.193.5:3300/0 2 ==== config(26 keys) ==== 1045+0+0 (secure 0 0 0) 0x7f5610037440 con 0x7f562010b8f0
2026-02-17T19:59:02.894 INFO:teuthology.orchestra.run.trial005.stdout:/usr/bin/ceph: stderr
2026-02-17T19:59:02.776+0000 7f5624d0b640 1 -- 10.20.193.5:0/1469870215 <== mon.0 v2:10.20.193.5:3300/0 3 ==== mon_map magic: 0 ==== 205+0+0 (secure 0 0 0) 0x7f56100354b0 con 0x7f562010b8f0
2026-02-17T19:59:02.894 INFO:teuthology.orchestra.run.trial005.stdout:/usr/bin/ceph: stderr
2026-02-17T19:59:02.777+0000 7f5626d0f640 1 -- 10.20.193.5:0/1469870215 >> [v2:10.20.193.5:3300/0,v1:10.20.193.5:6789/0] conn(0x7f562010b8f0 msgr2=0x7f562010bcf0 secure :-1 s=STATE_CONNECTION_ESTABLISHED l=1).mark_down
2026-02-17T19:59:02.894 INFO:teuthology.orchestra.run.trial005.stdout:/usr/bin/ceph: stderr
2026-02-17T19:59:02.777+0000 7f5626d0f640 1 --2- 10.20.193.5:0/1469870215 >> [v2:10.20.193.5:3300/0,v1:10.20.193.5:6789/0] conn(0x7f562010b8f0 0x7f562010bcf0 secure :-1 s=READY pgs=45 cs=0 l=1 rev1=1 crypto rx=0x7f5610009920 tx=0x7f561002ef20 comp rx=0 tx=0).stop
2026-02-17T19:59:02.894 INFO:teuthology.orchestra.run.trial005.stdout:/usr/bin/ceph: stderr
2026-02-17T19:59:02.777+0000 7f5626d0f640 1 -- 10.20.193.5:0/1469870215 shutdown_connections
2026-02-17T19:59:02.894 INFO:teuthology.orchestra.run.trial005.stdout:/usr/bin/ceph: stderr
2026-02-17T19:59:02.777+0000 7f5626d0f640 1 --2- 10.20.193.5:0/1469870215 >> [v2:10.20.193.5:3300/0,v1:10.20.193.5:6789/0] conn(0x7f562010b8f0 0x7f562010bcf0 unknown :-1 s=CLOSED pgs=45 cs=0 l=1 rev1=1 crypto rx=0 tx=0 comp rx=0 tx=0).stop
2026-02-17T19:59:02.894 INFO:teuthology.orchestra.run.trial005.stdout:/usr/bin/ceph: stderr
2026-02-17T19:59:02.777+0000 7f5626d0f640 1 -- 10.20.193.5:0/1469870215 >> 10.20.193.5:0/1469870215 conn(0x7f562007da30 msgr2=0x7f562007de40 unknown :-1 s=STATE_NONE l=0).mark_down
2026-02-17T19:59:02.894 INFO:teuthology.orchestra.run.trial005.stdout:/usr/bin/ceph: stderr
2026-02-17T19:59:02.777+0000 7f5626d0f640 1 -- 10.20.193.5:0/1469870215 shutdown_connections
2026-02-17T19:59:02.894 INFO:teuthology.orchestra.run.trial005.stdout:/usr/bin/ceph: stderr
2026-02-17T19:59:02.777+0000 7f5626d0f640 1 -- 10.20.193.5:0/1469870215 wait complete.
2026-02-17T19:59:02.894 INFO:teuthology.orchestra.run.trial005.stdout:/usr/bin/ceph: stderr
2026-02-17T19:59:02.777+0000 7f5626d0f640 1 Processor -- start
2026-02-17T19:59:02.894 INFO:teuthology.orchestra.run.trial005.stdout:/usr/bin/ceph: stderr
2026-02-17T19:59:02.777+0000 7f5626d0f640 1 -- start start
2026-02-17T19:59:02.894 INFO:teuthology.orchestra.run.trial005.stdout:/usr/bin/ceph: stderr
2026-02-17T19:59:02.777+0000 7f5626d0f640 1 --2- >> [v2:10.20.193.5:3300/0,v1:10.20.193.5:6789/0] conn(0x7f562010b8f0 0x7f56201a01c0 unknown :-1 s=NONE pgs=0 cs=0 l=1 rev1=0 crypto rx=0 tx=0 comp rx=0 tx=0).connect
2026-02-17T19:59:02.894 INFO:teuthology.orchestra.run.trial005.stdout:/usr/bin/ceph: stderr
2026-02-17T19:59:02.777+0000 7f5626d0f640 1 -- --> [v2:10.20.193.5:3300/0,v1:10.20.193.5:6789/0] -- mon_getmap magic: 0 -- 0x7f562010b3b0 con 0x7f562010b8f0
2026-02-17T19:59:02.894 INFO:teuthology.orchestra.run.trial005.stdout:/usr/bin/ceph: stderr
2026-02-17T19:59:02.777+0000 7f5625d0d640 1 --2- >> [v2:10.20.193.5:3300/0,v1:10.20.193.5:6789/0] conn(0x7f562010b8f0 0x7f56201a01c0 unknown :-1 s=BANNER_CONNECTING pgs=0 cs=0 l=1 rev1=0 crypto rx=0 tx=0 comp rx=0 tx=0)._handle_peer_banner_payload supported=3 required=0
2026-02-17T19:59:02.894 INFO:teuthology.orchestra.run.trial005.stdout:/usr/bin/ceph: stderr
2026-02-17T19:59:02.777+0000 7f5625d0d640 1 --2- >> [v2:10.20.193.5:3300/0,v1:10.20.193.5:6789/0] conn(0x7f562010b8f0 0x7f56201a01c0 unknown :-1 s=HELLO_CONNECTING pgs=0 cs=0 l=1 rev1=1 crypto rx=0 tx=0 comp rx=0 tx=0).handle_hello peer v2:10.20.193.5:3300/0 says I am v2:10.20.193.5:46816/0 (socket says 10.20.193.5:46816)
2026-02-17T19:59:02.894 INFO:teuthology.orchestra.run.trial005.stdout:/usr/bin/ceph: stderr
2026-02-17T19:59:02.777+0000 7f5625d0d640 1 -- 10.20.193.5:0/4034578726 learned_addr learned my addr 10.20.193.5:0/4034578726 (peer_addr_for_me v2:10.20.193.5:0/0)
2026-02-17T19:59:02.894 INFO:teuthology.orchestra.run.trial005.stdout:/usr/bin/ceph: stderr
2026-02-17T19:59:02.778+0000 7f5625d0d640 1 -- 10.20.193.5:0/4034578726 --> [v2:10.20.193.5:3300/0,v1:10.20.193.5:6789/0] -- mon_subscribe({config=0+,monmap=0+}) -- 0x7f56201a0700 con 0x7f562010b8f0
2026-02-17T19:59:02.894 INFO:teuthology.orchestra.run.trial005.stdout:/usr/bin/ceph: stderr
2026-02-17T19:59:02.778+0000 7f5625d0d640 1 --2- 10.20.193.5:0/4034578726 >> [v2:10.20.193.5:3300/0,v1:10.20.193.5:6789/0] conn(0x7f562010b8f0 0x7f56201a01c0 secure :-1 s=READY pgs=46 cs=0 l=1 rev1=1 crypto rx=0x7f5610006fd0 tx=0x7f5610037bb0 comp rx=0 tx=0).ready entity=mon.0 client_cookie=0 server_cookie=0 in_seq=0 out_seq=0
2026-02-17T19:59:02.894 INFO:teuthology.orchestra.run.trial005.stdout:/usr/bin/ceph: stderr
2026-02-17T19:59:02.778+0000 7f560effd640 1 -- 10.20.193.5:0/4034578726 <== mon.0 v2:10.20.193.5:3300/0 1 ==== mon_map magic: 0 ==== 205+0+0 (secure 0 0 0) 0x7f5610045070 con 0x7f562010b8f0
2026-02-17T19:59:02.894 INFO:teuthology.orchestra.run.trial005.stdout:/usr/bin/ceph: stderr
2026-02-17T19:59:02.778+0000 7f560effd640 1 -- 10.20.193.5:0/4034578726 <== mon.0 v2:10.20.193.5:3300/0 2 ==== config(26 keys) ==== 1045+0+0 (secure 0 0 0) 0x7f5610040450 con 0x7f562010b8f0
2026-02-17T19:59:02.894 INFO:teuthology.orchestra.run.trial005.stdout:/usr/bin/ceph: stderr
2026-02-17T19:59:02.778+0000 7f5626d0f640 1 -- 10.20.193.5:0/4034578726 --> [v2:10.20.193.5:3300/0,v1:10.20.193.5:6789/0] -- mon_subscribe({mgrmap=0+}) -- 0x7f56201a0990 con 0x7f562010b8f0
2026-02-17T19:59:02.894 INFO:teuthology.orchestra.run.trial005.stdout:/usr/bin/ceph: stderr
2026-02-17T19:59:02.778+0000 7f560effd640 1 -- 10.20.193.5:0/4034578726 <== mon.0 v2:10.20.193.5:3300/0 3 ==== mon_map magic: 0 ==== 205+0+0 (secure 0 0 0) 0x7f561003c070 con 0x7f562010b8f0
2026-02-17T19:59:02.894 INFO:teuthology.orchestra.run.trial005.stdout:/usr/bin/ceph: stderr
2026-02-17T19:59:02.778+0000 7f5626d0f640 1 -- 10.20.193.5:0/4034578726 --> [v2:10.20.193.5:3300/0,v1:10.20.193.5:6789/0] -- mon_subscribe({osdmap=0}) -- 0x7f56201a3680 con 0x7f562010b8f0
2026-02-17T19:59:02.894 INFO:teuthology.orchestra.run.trial005.stdout:/usr/bin/ceph: stderr
2026-02-17T19:59:02.778+0000 7f5626d0f640 1 -- 10.20.193.5:0/4034578726 --> [v2:10.20.193.5:3300/0,v1:10.20.193.5:6789/0] -- mon_command({"prefix": "get_command_descriptions"} v 0) -- 0x7f562010bcf0 con 0x7f562010b8f0
2026-02-17T19:59:02.894 INFO:teuthology.orchestra.run.trial005.stdout:/usr/bin/ceph: stderr
2026-02-17T19:59:02.778+0000 7f560effd640 1 -- 10.20.193.5:0/4034578726 <== mon.0 v2:10.20.193.5:3300/0 4 ==== mgrmap(e 8) ==== 50247+0+0 (secure 0 0 0) 0x7f5610040900 con 0x7f562010b8f0
2026-02-17T19:59:02.894 INFO:teuthology.orchestra.run.trial005.stdout:/usr/bin/ceph: stderr
2026-02-17T19:59:02.779+0000 7f560effd640 1 --2- 10.20.193.5:0/4034578726 >> [v2:10.20.193.5:6800/3404784867,v1:10.20.193.5:6801/3404784867] conn(0x7f55fc03dba0 0x7f55fc040060 unknown :-1 s=NONE pgs=0 cs=0 l=1 rev1=0 crypto rx=0 tx=0 comp rx=0 tx=0).connect
2026-02-17T19:59:02.894 INFO:teuthology.orchestra.run.trial005.stdout:/usr/bin/ceph: stderr
2026-02-17T19:59:02.779+0000 7f560effd640 1 -- 10.20.193.5:0/4034578726 <== mon.0 v2:10.20.193.5:3300/0 5 ==== osd_map(2..2 src has 1..2) ==== 940+0+0 (secure 0 0 0) 0x7f5610076630 con 0x7f562010b8f0
2026-02-17T19:59:02.895 INFO:teuthology.orchestra.run.trial005.stdout:/usr/bin/ceph: stderr
2026-02-17T19:59:02.779+0000 7f562550c640 1 --2- 10.20.193.5:0/4034578726 >> [v2:10.20.193.5:6800/3404784867,v1:10.20.193.5:6801/3404784867] conn(0x7f55fc03dba0 0x7f55fc040060 unknown :-1 s=BANNER_CONNECTING pgs=0 cs=0 l=1 rev1=0 crypto rx=0 tx=0 comp rx=0 tx=0)._handle_peer_banner_payload supported=3 required=0
2026-02-17T19:59:02.895 INFO:teuthology.orchestra.run.trial005.stdout:/usr/bin/ceph: stderr
2026-02-17T19:59:02.779+0000 7f562550c640 1 --2- 10.20.193.5:0/4034578726 >> [v2:10.20.193.5:6800/3404784867,v1:10.20.193.5:6801/3404784867] conn(0x7f55fc03dba0 0x7f55fc040060 secure :-1 s=READY pgs=12 cs=0 l=1 rev1=1 crypto rx=0x7f56140099c0 tx=0x7f5614006eb0 comp rx=0 tx=0).ready entity=mgr.14118 client_cookie=0 server_cookie=0 in_seq=0 out_seq=0
2026-02-17T19:59:02.895 INFO:teuthology.orchestra.run.trial005.stdout:/usr/bin/ceph: stderr
2026-02-17T19:59:02.781+0000 7f560effd640 1 -- 10.20.193.5:0/4034578726 <== mon.0 v2:10.20.193.5:3300/0 6 ==== mon_command_ack([{"prefix": "get_command_descriptions"}]=0 v0) ==== 72+0+195034 (secure 0 0 0) 0x7f5610033200 con 0x7f562010b8f0
2026-02-17T19:59:02.895 INFO:teuthology.orchestra.run.trial005.stdout:/usr/bin/ceph: stderr
2026-02-17T19:59:02.868+0000 7f5626d0f640 1 -- 10.20.193.5:0/4034578726 --> [v2:10.20.193.5:6800/3404784867,v1:10.20.193.5:6801/3404784867] -- mgr_command(tid 0: {"prefix": "orch apply", "service_type": "mon", "unmanaged": true, "target": ["mon-mgr", ""]}) -- 0x7f5620108d00 con 0x7f55fc03dba0
2026-02-17T19:59:02.895 INFO:teuthology.orchestra.run.trial005.stdout:/usr/bin/ceph: stderr
2026-02-17T19:59:02.872+0000 7f560effd640 1 -- 10.20.193.5:0/4034578726 <== mgr.14118 v2:10.20.193.5:6800/3404784867 1 ==== mgr_command_reply(tid 0: 0 ) ==== 8+0+24 (secure 0 0 0) 0x7f5620108d00 con 0x7f55fc03dba0
2026-02-17T19:59:02.895 INFO:teuthology.orchestra.run.trial005.stdout:/usr/bin/ceph: stderr
2026-02-17T19:59:02.873+0000 7f5626d0f640 1 -- 10.20.193.5:0/4034578726 >> [v2:10.20.193.5:6800/3404784867,v1:10.20.193.5:6801/3404784867] conn(0x7f55fc03dba0 msgr2=0x7f55fc040060 secure :-1 s=STATE_CONNECTION_ESTABLISHED l=1).mark_down
2026-02-17T19:59:02.896 INFO:teuthology.orchestra.run.trial005.stdout:/usr/bin/ceph: stderr
2026-02-17T19:59:02.873+0000 7f5626d0f640 1 --2- 10.20.193.5:0/4034578726 >> [v2:10.20.193.5:6800/3404784867,v1:10.20.193.5:6801/3404784867] conn(0x7f55fc03dba0 0x7f55fc040060 secure :-1 s=READY pgs=12 cs=0 l=1 rev1=1 crypto rx=0x7f56140099c0 tx=0x7f5614006eb0 comp rx=0 tx=0).stop
2026-02-17T19:59:02.896 INFO:teuthology.orchestra.run.trial005.stdout:/usr/bin/ceph: stderr
2026-02-17T19:59:02.873+0000 7f5626d0f640 1 -- 10.20.193.5:0/4034578726 >> [v2:10.20.193.5:3300/0,v1:10.20.193.5:6789/0] conn(0x7f562010b8f0 msgr2=0x7f56201a01c0 secure :-1 s=STATE_CONNECTION_ESTABLISHED l=1).mark_down
2026-02-17T19:59:02.896 INFO:teuthology.orchestra.run.trial005.stdout:/usr/bin/ceph: stderr
2026-02-17T19:59:02.873+0000 7f5626d0f640 1 --2- 10.20.193.5:0/4034578726 >> [v2:10.20.193.5:3300/0,v1:10.20.193.5:6789/0] conn(0x7f562010b8f0 0x7f56201a01c0 secure :-1 s=READY pgs=46 cs=0 l=1 rev1=1 crypto rx=0x7f5610006fd0 tx=0x7f5610037bb0 comp rx=0 tx=0).stop
2026-02-17T19:59:02.896 INFO:teuthology.orchestra.run.trial005.stdout:/usr/bin/ceph: stderr
2026-02-17T19:59:02.873+0000 7f5626d0f640 1 -- 10.20.193.5:0/4034578726 shutdown_connections
2026-02-17T19:59:02.896 INFO:teuthology.orchestra.run.trial005.stdout:/usr/bin/ceph: stderr
2026-02-17T19:59:02.873+0000 7f5626d0f640 1 --2- 10.20.193.5:0/4034578726 >> [v2:10.20.193.5:6800/3404784867,v1:10.20.193.5:6801/3404784867] conn(0x7f55fc03dba0 0x7f55fc040060 unknown :-1 s=CLOSED pgs=12 cs=0 l=1 rev1=1 crypto rx=0 tx=0 comp rx=0 tx=0).stop
2026-02-17T19:59:02.896 INFO:teuthology.orchestra.run.trial005.stdout:/usr/bin/ceph: stderr
2026-02-17T19:59:02.873+0000 7f5626d0f640 1 --2- 10.20.193.5:0/4034578726 >> [v2:10.20.193.5:3300/0,v1:10.20.193.5:6789/0] conn(0x7f562010b8f0 0x7f56201a01c0 unknown :-1 s=CLOSED pgs=46 cs=0 l=1 rev1=1 crypto rx=0 tx=0 comp rx=0 tx=0).stop
2026-02-17T19:59:02.896 INFO:teuthology.orchestra.run.trial005.stdout:/usr/bin/ceph: stderr
2026-02-17T19:59:02.873+0000 7f5626d0f640 1 -- 10.20.193.5:0/4034578726 >> 10.20.193.5:0/4034578726 conn(0x7f562007da30 msgr2=0x7f56201085f0 unknown :-1 s=STATE_NONE l=0).mark_down
2026-02-17T19:59:02.896 INFO:teuthology.orchestra.run.trial005.stdout:/usr/bin/ceph: stderr
2026-02-17T19:59:02.873+0000 7f5626d0f640 1 -- 10.20.193.5:0/4034578726 shutdown_connections
2026-02-17T19:59:02.896 INFO:teuthology.orchestra.run.trial005.stdout:/usr/bin/ceph: stderr
2026-02-17T19:59:02.873+0000 7f5626d0f640 1 -- 10.20.193.5:0/4034578726 wait complete.
2026-02-17T19:59:02.896 INFO:teuthology.orchestra.run.trial005.stdout:Deploying unmanaged mgr service...
2026-02-17T19:59:03.120 INFO:teuthology.orchestra.run.trial005.stdout:/usr/bin/ceph: stdout Scheduled mgr update...
2026-02-17T19:59:03.120 INFO:teuthology.orchestra.run.trial005.stdout:/usr/bin/ceph: stderr
2026-02-17T19:59:02.989+0000 7fc255b7a640 1 Processor -- start
2026-02-17T19:59:03.120 INFO:teuthology.orchestra.run.trial005.stdout:/usr/bin/ceph: stderr
2026-02-17T19:59:02.989+0000 7fc255b7a640 1 -- start start
2026-02-17T19:59:03.121 INFO:teuthology.orchestra.run.trial005.stdout:/usr/bin/ceph: stderr
2026-02-17T19:59:02.989+0000 7fc255b7a640 1 --2- >> [v2:10.20.193.5:3300/0,v1:10.20.193.5:6789/0] conn(0x7fc25007ee40 0x7fc25007d2a0 unknown :-1 s=NONE pgs=0 cs=0 l=0 rev1=0 crypto rx=0 tx=0 comp rx=0 tx=0).connect
2026-02-17T19:59:03.121 INFO:teuthology.orchestra.run.trial005.stdout:/usr/bin/ceph: stderr
2026-02-17T19:59:02.989+0000 7fc255b7a640 1 -- --> [v2:10.20.193.5:3300/0,v1:10.20.193.5:6789/0] -- mon_getmap magic: 0 -- 0x7fc25007d7e0 con 0x7fc25007ee40
2026-02-17T19:59:03.121 INFO:teuthology.orchestra.run.trial005.stdout:/usr/bin/ceph: stderr
2026-02-17T19:59:02.989+0000 7fc24f7fe640 1 --2- >> [v2:10.20.193.5:3300/0,v1:10.20.193.5:6789/0] conn(0x7fc25007ee40 0x7fc25007d2a0 unknown :-1 s=BANNER_CONNECTING pgs=0 cs=0 l=0 rev1=0 crypto rx=0 tx=0 comp rx=0 tx=0)._handle_peer_banner_payload supported=3 required=0
2026-02-17T19:59:03.121 INFO:teuthology.orchestra.run.trial005.stdout:/usr/bin/ceph: stderr
2026-02-17T19:59:02.989+0000 7fc24f7fe640 1 --2- >> [v2:10.20.193.5:3300/0,v1:10.20.193.5:6789/0] conn(0x7fc25007ee40 0x7fc25007d2a0 unknown :-1 s=HELLO_CONNECTING pgs=0 cs=0 l=0 rev1=1 crypto rx=0 tx=0 comp rx=0 tx=0).handle_hello peer v2:10.20.193.5:3300/0 says I am v2:10.20.193.5:46822/0 (socket says 10.20.193.5:46822)
2026-02-17T19:59:03.121 INFO:teuthology.orchestra.run.trial005.stdout:/usr/bin/ceph: stderr
2026-02-17T19:59:02.989+0000 7fc24f7fe640 1 -- 10.20.193.5:0/762603107 learned_addr learned my addr 10.20.193.5:0/762603107 (peer_addr_for_me v2:10.20.193.5:0/0)
2026-02-17T19:59:03.121 INFO:teuthology.orchestra.run.trial005.stdout:/usr/bin/ceph: stderr
2026-02-17T19:59:02.990+0000 7fc24f7fe640 1 -- 10.20.193.5:0/762603107 --> [v2:10.20.193.5:3300/0,v1:10.20.193.5:6789/0] -- mon_subscribe({config=0+,monmap=0+}) -- 0x7fc25007d960 con 0x7fc25007ee40
2026-02-17T19:59:03.121 INFO:teuthology.orchestra.run.trial005.stdout:/usr/bin/ceph: stderr
2026-02-17T19:59:02.990+0000 7fc24f7fe640 1 --2- 10.20.193.5:0/762603107 >> [v2:10.20.193.5:3300/0,v1:10.20.193.5:6789/0] conn(0x7fc25007ee40 0x7fc25007d2a0 secure :-1 s=READY pgs=47 cs=0 l=1 rev1=1 crypto rx=0x7fc23c009920 tx=0x7fc23c02ef20 comp rx=0 tx=0).ready entity=mon.0 client_cookie=a0e790df0214afb3 server_cookie=0 in_seq=0 out_seq=0
2026-02-17T19:59:03.121 INFO:teuthology.orchestra.run.trial005.stdout:/usr/bin/ceph: stderr
2026-02-17T19:59:02.990+0000 7fc24e7fc640 1 -- 10.20.193.5:0/762603107 <== mon.0 v2:10.20.193.5:3300/0 1 ==== mon_map magic: 0 ==== 205+0+0 (secure 0 0 0) 0x7fc23c03c070 con 0x7fc25007ee40
2026-02-17T19:59:03.121 INFO:teuthology.orchestra.run.trial005.stdout:/usr/bin/ceph: stderr
2026-02-17T19:59:02.990+0000 7fc24e7fc640 1 -- 10.20.193.5:0/762603107 <== mon.0 v2:10.20.193.5:3300/0 2 ==== config(26 keys) ==== 1045+0+0 (secure 0 0 0) 0x7fc23c037440 con 0x7fc25007ee40
2026-02-17T19:59:03.121 INFO:teuthology.orchestra.run.trial005.stdout:/usr/bin/ceph: stderr
2026-02-17T19:59:02.990+0000 7fc24e7fc640 1 -- 10.20.193.5:0/762603107 <== mon.0 v2:10.20.193.5:3300/0 3 ==== mon_map magic: 0 ==== 205+0+0 (secure 0 0 0) 0x7fc23c0354b0 con 0x7fc25007ee40
2026-02-17T19:59:03.122 INFO:teuthology.orchestra.run.trial005.stdout:/usr/bin/ceph: stderr
2026-02-17T19:59:02.991+0000 7fc255b7a640 1 -- 10.20.193.5:0/762603107 >> [v2:10.20.193.5:3300/0,v1:10.20.193.5:6789/0] conn(0x7fc25007ee40 msgr2=0x7fc25007d2a0 secure :-1 s=STATE_CONNECTION_ESTABLISHED l=1).mark_down
2026-02-17T19:59:03.122 INFO:teuthology.orchestra.run.trial005.stdout:/usr/bin/ceph: stderr
2026-02-17T19:59:02.991+0000 7fc255b7a640 1 --2- 10.20.193.5:0/762603107 >> [v2:10.20.193.5:3300/0,v1:10.20.193.5:6789/0] conn(0x7fc25007ee40 0x7fc25007d2a0 secure :-1 s=READY pgs=47 cs=0 l=1 rev1=1 crypto rx=0x7fc23c009920 tx=0x7fc23c02ef20 comp rx=0 tx=0).stop
2026-02-17T19:59:03.122 INFO:teuthology.orchestra.run.trial005.stdout:/usr/bin/ceph: stderr
2026-02-17T19:59:02.991+0000 7fc255b7a640 1 -- 10.20.193.5:0/762603107 shutdown_connections
2026-02-17T19:59:03.122 INFO:teuthology.orchestra.run.trial005.stdout:/usr/bin/ceph: stderr
2026-02-17T19:59:02.991+0000 7fc255b7a640 1 --2- 10.20.193.5:0/762603107 >> [v2:10.20.193.5:3300/0,v1:10.20.193.5:6789/0] conn(0x7fc25007ee40 0x7fc25007d2a0 unknown :-1 s=CLOSED pgs=47 cs=0 l=1 rev1=1 crypto rx=0 tx=0 comp rx=0 tx=0).stop
2026-02-17T19:59:03.122 INFO:teuthology.orchestra.run.trial005.stdout:/usr/bin/ceph: stderr
2026-02-17T19:59:02.991+0000 7fc255b7a640 1 -- 10.20.193.5:0/762603107 >> 10.20.193.5:0/762603107 conn(0x7fc250103a30 msgr2=0x7fc250105e50 unknown :-1 s=STATE_NONE l=0).mark_down
2026-02-17T19:59:03.122 INFO:teuthology.orchestra.run.trial005.stdout:/usr/bin/ceph: stderr
2026-02-17T19:59:02.991+0000 7fc255b7a640 1 -- 10.20.193.5:0/762603107 shutdown_connections
2026-02-17T19:59:03.122 INFO:teuthology.orchestra.run.trial005.stdout:/usr/bin/ceph: stderr
2026-02-17T19:59:02.991+0000 7fc255b7a640 1 -- 10.20.193.5:0/762603107 wait complete.
2026-02-17T19:59:03.122 INFO:teuthology.orchestra.run.trial005.stdout:/usr/bin/ceph: stderr
2026-02-17T19:59:02.991+0000 7fc255b7a640 1 Processor -- start
2026-02-17T19:59:03.122 INFO:teuthology.orchestra.run.trial005.stdout:/usr/bin/ceph: stderr
2026-02-17T19:59:02.991+0000 7fc255b7a640 1 -- start start
2026-02-17T19:59:03.122 INFO:teuthology.orchestra.run.trial005.stdout:/usr/bin/ceph: stderr
2026-02-17T19:59:02.991+0000 7fc255b7a640 1 --2- >> [v2:10.20.193.5:3300/0,v1:10.20.193.5:6789/0] conn(0x7fc25007ee40 0x7fc2501a0380 unknown :-1 s=NONE pgs=0 cs=0 l=1 rev1=0 crypto rx=0 tx=0 comp rx=0 tx=0).connect
2026-02-17T19:59:03.123 INFO:teuthology.orchestra.run.trial005.stdout:/usr/bin/ceph: stderr
2026-02-17T19:59:02.991+0000 7fc255b7a640 1 -- --> [v2:10.20.193.5:3300/0,v1:10.20.193.5:6789/0] -- mon_getmap magic: 0 -- 0x7fc25010e790 con 0x7fc25007ee40
2026-02-17T19:59:03.123 INFO:teuthology.orchestra.run.trial005.stdout:/usr/bin/ceph: stderr
2026-02-17T19:59:02.991+0000 7fc24f7fe640 1 --2- >> [v2:10.20.193.5:3300/0,v1:10.20.193.5:6789/0] conn(0x7fc25007ee40 0x7fc2501a0380 unknown :-1 s=BANNER_CONNECTING pgs=0 cs=0 l=1 rev1=0 crypto rx=0 tx=0 comp rx=0 tx=0)._handle_peer_banner_payload supported=3 required=0
2026-02-17T19:59:03.123 INFO:teuthology.orchestra.run.trial005.stdout:/usr/bin/ceph: stderr
2026-02-17T19:59:02.991+0000 7fc24f7fe640 1 --2- >> [v2:10.20.193.5:3300/0,v1:10.20.193.5:6789/0] conn(0x7fc25007ee40 0x7fc2501a0380 unknown :-1 s=HELLO_CONNECTING pgs=0 cs=0 l=1 rev1=1 crypto rx=0 tx=0 comp rx=0 tx=0).handle_hello peer v2:10.20.193.5:3300/0 says I am v2:10.20.193.5:46826/0 (socket says 10.20.193.5:46826)
2026-02-17T19:59:03.123 INFO:teuthology.orchestra.run.trial005.stdout:/usr/bin/ceph: stderr
2026-02-17T19:59:02.991+0000 7fc24f7fe640 1 -- 10.20.193.5:0/1751520261 learned_addr learned my addr 10.20.193.5:0/1751520261 (peer_addr_for_me v2:10.20.193.5:0/0)
2026-02-17T19:59:03.123 INFO:teuthology.orchestra.run.trial005.stdout:/usr/bin/ceph: stderr
2026-02-17T19:59:02.991+0000 7fc24f7fe640 1 -- 10.20.193.5:0/1751520261 --> [v2:10.20.193.5:3300/0,v1:10.20.193.5:6789/0] -- mon_subscribe({config=0+,monmap=0+}) -- 0x7fc2501a08c0 con 0x7fc25007ee40
2026-02-17T19:59:03.123 INFO:teuthology.orchestra.run.trial005.stdout:/usr/bin/ceph: stderr
2026-02-17T19:59:02.991+0000 7fc24f7fe640 1 --2- 10.20.193.5:0/1751520261 >> [v2:10.20.193.5:3300/0,v1:10.20.193.5:6789/0] conn(0x7fc25007ee40 0x7fc2501a0380 secure :-1 s=READY pgs=48 cs=0 l=1 rev1=1 crypto rx=0x7fc23c009a50 tx=0x7fc23c037b90 comp rx=0 tx=0).ready entity=mon.0 client_cookie=0 server_cookie=0 in_seq=0 out_seq=0
2026-02-17T19:59:03.123 INFO:teuthology.orchestra.run.trial005.stdout:/usr/bin/ceph: stderr
2026-02-17T19:59:02.991+0000 7fc24cff9640 1 -- 10.20.193.5:0/1751520261 <== mon.0 v2:10.20.193.5:3300/0 1 ==== mon_map magic: 0 ==== 205+0+0 (secure 0 0 0) 0x7fc23c045070 con 0x7fc25007ee40
2026-02-17T19:59:03.123 INFO:teuthology.orchestra.run.trial005.stdout:/usr/bin/ceph: stderr
2026-02-17T19:59:02.991+0000 7fc24cff9640 1 -- 10.20.193.5:0/1751520261 <== mon.0 v2:10.20.193.5:3300/0 2 ==== config(26 keys) ==== 1045+0+0 (secure 0 0 0) 0x7fc23c040450 con 0x7fc25007ee40
2026-02-17T19:59:03.123 INFO:teuthology.orchestra.run.trial005.stdout:/usr/bin/ceph: stderr
2026-02-17T19:59:02.992+0000 7fc255b7a640 1 -- 10.20.193.5:0/1751520261 --> [v2:10.20.193.5:3300/0,v1:10.20.193.5:6789/0] -- mon_subscribe({mgrmap=0+}) -- 0x7fc2501a0b50 con 0x7fc25007ee40
2026-02-17T19:59:03.123 INFO:teuthology.orchestra.run.trial005.stdout:/usr/bin/ceph: stderr
2026-02-17T19:59:02.992+0000 7fc24cff9640 1 -- 10.20.193.5:0/1751520261 <== mon.0 v2:10.20.193.5:3300/0 3 ==== mon_map magic: 0 ==== 205+0+0 (secure 0 0 0) 0x7fc23c03c070 con 0x7fc25007ee40
2026-02-17T19:59:03.124 INFO:teuthology.orchestra.run.trial005.stdout:/usr/bin/ceph: stderr
2026-02-17T19:59:02.992+0000 7fc255b7a640 1 -- 10.20.193.5:0/1751520261 --> [v2:10.20.193.5:3300/0,v1:10.20.193.5:6789/0] -- mon_subscribe({osdmap=0}) -- 0x7fc2501a3840 con 0x7fc25007ee40
2026-02-17T19:59:03.124 INFO:teuthology.orchestra.run.trial005.stdout:/usr/bin/ceph: stderr
2026-02-17T19:59:02.992+0000 7fc255b7a640 1 -- 10.20.193.5:0/1751520261 --> [v2:10.20.193.5:3300/0,v1:10.20.193.5:6789/0] -- mon_command({"prefix": "get_command_descriptions"} v 0) -- 0x7fc25007d320 con 0x7fc25007ee40
2026-02-17T19:59:03.124 INFO:teuthology.orchestra.run.trial005.stdout:/usr/bin/ceph: stderr
2026-02-17T19:59:02.992+0000 7fc24cff9640 1 -- 10.20.193.5:0/1751520261 <== mon.0 v2:10.20.193.5:3300/0 4 ==== mgrmap(e 8) ==== 50247+0+0 (secure 0 0 0) 0x7fc23c040900 con 0x7fc25007ee40
2026-02-17T19:59:03.124 INFO:teuthology.orchestra.run.trial005.stdout:/usr/bin/ceph: stderr
2026-02-17T19:59:02.992+0000 7fc24cff9640 1 --2- 10.20.193.5:0/1751520261 >> [v2:10.20.193.5:6800/3404784867,v1:10.20.193.5:6801/3404784867] conn(0x7fc22403dbf0 0x7fc2240400b0 unknown :-1 s=NONE pgs=0 cs=0 l=1 rev1=0 crypto rx=0 tx=0 comp rx=0 tx=0).connect
2026-02-17T19:59:03.124 INFO:teuthology.orchestra.run.trial005.stdout:/usr/bin/ceph: stderr
2026-02-17T19:59:02.992+0000 7fc24cff9640 1 -- 10.20.193.5:0/1751520261 <== mon.0 v2:10.20.193.5:3300/0 5 ==== osd_map(2..2 src has 1..2) ==== 940+0+0 (secure 0 0 0) 0x7fc23c0766b0 con 0x7fc25007ee40
2026-02-17T19:59:03.124 INFO:teuthology.orchestra.run.trial005.stdout:/usr/bin/ceph: stderr
2026-02-17T19:59:02.992+0000 7fc24effd640 1 --2- 10.20.193.5:0/1751520261 >> [v2:10.20.193.5:6800/3404784867,v1:10.20.193.5:6801/3404784867] conn(0x7fc22403dbf0 0x7fc2240400b0 unknown :-1 s=BANNER_CONNECTING pgs=0 cs=0 l=1 rev1=0 crypto rx=0 tx=0 comp rx=0 tx=0)._handle_peer_banner_payload supported=3 required=0
2026-02-17T19:59:03.124 INFO:teuthology.orchestra.run.trial005.stdout:/usr/bin/ceph: stderr
2026-02-17T19:59:02.993+0000 7fc24effd640 1 --2- 10.20.193.5:0/1751520261 >> [v2:10.20.193.5:6800/3404784867,v1:10.20.193.5:6801/3404784867] conn(0x7fc22403dbf0 0x7fc2240400b0 secure :-1 s=READY pgs=13 cs=0 l=1 rev1=1 crypto rx=0x7fc2400099c0 tx=0x7fc240006eb0 comp rx=0 tx=0).ready entity=mgr.14118 client_cookie=0 server_cookie=0 in_seq=0 out_seq=0
2026-02-17T19:59:03.124 INFO:teuthology.orchestra.run.trial005.stdout:/usr/bin/ceph: stderr
2026-02-17T19:59:02.995+0000 7fc24cff9640 1 -- 10.20.193.5:0/1751520261 <== mon.0 v2:10.20.193.5:3300/0 6 ==== mon_command_ack([{"prefix": "get_command_descriptions"}]=0 v0) ==== 72+0+195034 (secure 0 0 0) 0x7fc23c0406b0 con 0x7fc25007ee40
2026-02-17T19:59:03.124 INFO:teuthology.orchestra.run.trial005.stdout:/usr/bin/ceph: stderr
2026-02-17T19:59:03.088+0000 7fc255b7a640 1 -- 10.20.193.5:0/1751520261 --> [v2:10.20.193.5:6800/3404784867,v1:10.20.193.5:6801/3404784867] -- mgr_command(tid 0: {"prefix": "orch apply", "service_type": "mgr", "unmanaged": true, "target": ["mon-mgr", ""]}) -- 0x7fc250104d40 con 0x7fc22403dbf0
2026-02-17T19:59:03.125 INFO:teuthology.orchestra.run.trial005.stdout:/usr/bin/ceph: stderr
2026-02-17T19:59:03.091+0000 7fc24cff9640 1 -- 10.20.193.5:0/1751520261 <== mgr.14118 v2:10.20.193.5:6800/3404784867 1 ==== mgr_command_reply(tid 0: 0 ) ==== 8+0+24 (secure 0 0 0) 0x7fc250104d40 con 0x7fc22403dbf0
2026-02-17T19:59:03.125 INFO:teuthology.orchestra.run.trial005.stdout:/usr/bin/ceph: stderr
