2026-02-17T19:59:08.165 INFO:teuthology.orchestra.run.trial031.stdout:/usr/bin/ceph: stderr
2026-02-17T19:59:08.045+0000 7f9f4355d640 1 -- 10.20.193.31:0/3380935146 --> [v2:10.20.193.31:3300/0,v1:10.20.193.31:6789/0] -- mon_subscribe({osdmap=0}) -- 0x7f9f3c1a3700 con 0x7f9f3c07ef50
2026-02-17T19:59:08.165 INFO:teuthology.orchestra.run.trial031.stdout:/usr/bin/ceph: stderr
2026-02-17T19:59:08.045+0000 7f9f4355d640 1 -- 10.20.193.31:0/3380935146 --> [v2:10.20.193.31:3300/0,v1:10.20.193.31:6789/0] -- mon_command({"prefix": "get_command_descriptions"} v 0) -- 0x7f9f3c07d340 con 0x7f9f3c07ef50
2026-02-17T19:59:08.165 INFO:teuthology.orchestra.run.trial031.stdout:/usr/bin/ceph: stderr
2026-02-17T19:59:08.045+0000 7f9f2a7fc640 1 -- 10.20.193.31:0/3380935146 <== mon.0 v2:10.20.193.31:3300/0 4 ==== mgrmap(e 8) ==== 50247+0+0 (secure 0 0 0) 0x7f9f2c0425b0 con 0x7f9f3c07ef50
2026-02-17T19:59:08.165 INFO:teuthology.orchestra.run.trial031.stdout:/usr/bin/ceph: stderr
2026-02-17T19:59:08.045+0000 7f9f2a7fc640 1 --2- 10.20.193.31:0/3380935146 >> [v2:10.20.193.31:6800/3244832212,v1:10.20.193.31:6801/3244832212] conn(0x7f9f1803dba0 0x7f9f18040060 unknown :-1 s=NONE pgs=0 cs=0 l=1 rev1=0 crypto rx=0 tx=0 comp rx=0 tx=0).connect
2026-02-17T19:59:08.165 INFO:teuthology.orchestra.run.trial031.stdout:/usr/bin/ceph: stderr
2026-02-17T19:59:08.045+0000 7f9f2a7fc640 1 -- 10.20.193.31:0/3380935146 <== mon.0 v2:10.20.193.31:3300/0 5 ==== osd_map(2..2 src has 1..2) ==== 940+0+0 (secure 0 0 0) 0x7f9f2c076910 con 0x7f9f3c07ef50
2026-02-17T19:59:08.165 INFO:teuthology.orchestra.run.trial031.stdout:/usr/bin/ceph: stderr
2026-02-17T19:59:08.045+0000 7f9f40ad1640 1 --2- 10.20.193.31:0/3380935146 >> [v2:10.20.193.31:6800/3244832212,v1:10.20.193.31:6801/3244832212] conn(0x7f9f1803dba0 0x7f9f18040060 unknown :-1 s=BANNER_CONNECTING pgs=0 cs=0 l=1 rev1=0 crypto rx=0 tx=0 comp rx=0 tx=0)._handle_peer_banner_payload supported=3 required=0
2026-02-17T19:59:08.165 INFO:teuthology.orchestra.run.trial031.stdout:/usr/bin/ceph: stderr
2026-02-17T19:59:08.046+0000 7f9f40ad1640 1 --2- 10.20.193.31:0/3380935146 >> [v2:10.20.193.31:6800/3244832212,v1:10.20.193.31:6801/3244832212] conn(0x7f9f1803dba0 0x7f9f18040060 secure :-1 s=READY pgs=14 cs=0 l=1 rev1=1 crypto rx=0x7f9f300099c0 tx=0x7f9f30006eb0 comp rx=0 tx=0).ready entity=mgr.14118 client_cookie=0 server_cookie=0 in_seq=0 out_seq=0
2026-02-17T19:59:08.165 INFO:teuthology.orchestra.run.trial031.stdout:/usr/bin/ceph: stderr
2026-02-17T19:59:08.048+0000 7f9f2a7fc640 1 -- 10.20.193.31:0/3380935146 <== mon.0 v2:10.20.193.31:3300/0 6 ==== mon_command_ack([{"prefix": "get_command_descriptions"}]=0 v0) ==== 72+0+195034 (secure 0 0 0) 0x7f9f2c03d270 con 0x7f9f3c07ef50
2026-02-17T19:59:08.165 INFO:teuthology.orchestra.run.trial031.stdout:/usr/bin/ceph: stderr
2026-02-17T19:59:08.132+0000 7f9f4355d640 1 -- 10.20.193.31:0/3380935146 --> [v2:10.20.193.31:3300/0,v1:10.20.193.31:6789/0] -- mon_command([{prefix=config set, name=mgr/cephadm/container_init}] v 0) -- 0x7f9f3c1a3da0 con 0x7f9f3c07ef50
2026-02-17T19:59:08.165 INFO:teuthology.orchestra.run.trial031.stdout:/usr/bin/ceph: stderr
2026-02-17T19:59:08.133+0000 7f9f2a7fc640 1 -- 10.20.193.31:0/3380935146 <== mon.0 v2:10.20.193.31:3300/0 7 ==== mon_command_ack([{prefix=config set, name=mgr/cephadm/container_init}]=0 v7)=0 v7) ==== 142+0+0 (secure 0 0 0) 0x7f9f2c076670 con 0x7f9f3c07ef50
2026-02-17T19:59:08.166 INFO:teuthology.orchestra.run.trial031.stdout:/usr/bin/ceph: stderr
2026-02-17T19:59:08.135+0000 7f9f4355d640 1 -- 10.20.193.31:0/3380935146 >> [v2:10.20.193.31:6800/3244832212,v1:10.20.193.31:6801/3244832212] conn(0x7f9f1803dba0 msgr2=0x7f9f18040060 secure :-1 s=STATE_CONNECTION_ESTABLISHED l=1).mark_down
2026-02-17T19:59:08.166 INFO:teuthology.orchestra.run.trial031.stdout:/usr/bin/ceph: stderr
2026-02-17T19:59:08.135+0000 7f9f4355d640 1 --2- 10.20.193.31:0/3380935146 >> [v2:10.20.193.31:6800/3244832212,v1:10.20.193.31:6801/3244832212] conn(0x7f9f1803dba0 0x7f9f18040060 secure :-1 s=READY pgs=14 cs=0 l=1 rev1=1 crypto rx=0x7f9f300099c0 tx=0x7f9f30006eb0 comp rx=0 tx=0).stop
2026-02-17T19:59:08.166 INFO:teuthology.orchestra.run.trial031.stdout:/usr/bin/ceph: stderr
2026-02-17T19:59:08.135+0000 7f9f4355d640 1 -- 10.20.193.31:0/3380935146 >> [v2:10.20.193.31:3300/0,v1:10.20.193.31:6789/0] conn(0x7f9f3c07ef50 msgr2=0x7f9f3c1a0240 secure :-1 s=STATE_CONNECTION_ESTABLISHED l=1).mark_down
2026-02-17T19:59:08.166 INFO:teuthology.orchestra.run.trial031.stdout:/usr/bin/ceph: stderr
2026-02-17T19:59:08.135+0000 7f9f4355d640 1 --2- 10.20.193.31:0/3380935146 >> [v2:10.20.193.31:3300/0,v1:10.20.193.31:6789/0] conn(0x7f9f3c07ef50 0x7f9f3c1a0240 secure :-1 s=READY pgs=50 cs=0 l=1 rev1=1 crypto rx=0x7f9f2c037850 tx=0x7f9f2c037880 comp rx=0 tx=0).stop
2026-02-17T19:59:08.166 INFO:teuthology.orchestra.run.trial031.stdout:/usr/bin/ceph: stderr
2026-02-17T19:59:08.135+0000 7f9f4355d640 1 -- 10.20.193.31:0/3380935146 shutdown_connections
2026-02-17T19:59:08.166 INFO:teuthology.orchestra.run.trial031.stdout:/usr/bin/ceph: stderr
2026-02-17T19:59:08.135+0000 7f9f4355d640 1 --2- 10.20.193.31:0/3380935146 >> [v2:10.20.193.31:6800/3244832212,v1:10.20.193.31:6801/3244832212] conn(0x7f9f1803dba0 0x7f9f18040060 unknown :-1 s=CLOSED pgs=14 cs=0 l=1 rev1=1 crypto rx=0 tx=0 comp rx=0 tx=0).stop
2026-02-17T19:59:08.166 INFO:teuthology.orchestra.run.trial031.stdout:/usr/bin/ceph: stderr
2026-02-17T19:59:08.135+0000 7f9f4355d640 1 --2- 10.20.193.31:0/3380935146 >> [v2:10.20.193.31:3300/0,v1:10.20.193.31:6789/0] conn(0x7f9f3c07ef50 0x7f9f3c1a0240 unknown :-1 s=CLOSED pgs=50 cs=0 l=1 rev1=1 crypto rx=0 tx=0 comp rx=0 tx=0).stop
2026-02-17T19:59:08.166 INFO:teuthology.orchestra.run.trial031.stdout:/usr/bin/ceph: stderr
2026-02-17T19:59:08.135+0000 7f9f4355d640 1 -- 10.20.193.31:0/3380935146 >> 10.20.193.31:0/3380935146 conn(0x7f9f3c103950 msgr2=0x7f9f3c104440 unknown :-1 s=STATE_NONE l=0).mark_down
2026-02-17T19:59:08.166 INFO:teuthology.orchestra.run.trial031.stdout:/usr/bin/ceph: stderr
2026-02-17T19:59:08.135+0000 7f9f4355d640 1 -- 10.20.193.31:0/3380935146 shutdown_connections
2026-02-17T19:59:08.166 INFO:teuthology.orchestra.run.trial031.stdout:/usr/bin/ceph: stderr
2026-02-17T19:59:08.135+0000 7f9f4355d640 1 -- 10.20.193.31:0/3380935146 wait complete.
2026-02-17T19:59:08.210 INFO:journalctl@ceph.mon.a.trial031.stdout:Feb 17 19:59:08 trial031 ceph-mon[24188]: Deploying cephadm binary to trial031
2026-02-17T19:59:08.210 INFO:journalctl@ceph.mon.a.trial031.stdout:Feb 17 19:59:08 trial031 ceph-mon[24188]: from='mgr.14118 10.20.193.31:0/107428052' entity='mgr.x'
2026-02-17T19:59:08.210 INFO:journalctl@ceph.mon.a.trial031.stdout:Feb 17 19:59:08 trial031 ceph-mon[24188]: from='mgr.14118 10.20.193.31:0/107428052' entity='mgr.x' cmd=[{"prefix": "config dump", "format": "json"}]: dispatch
2026-02-17T19:59:08.210 INFO:journalctl@ceph.mon.a.trial031.stdout:Feb 17 19:59:08 trial031 ceph-mon[24188]: from='mgr.14118 10.20.193.31:0/107428052' entity='mgr.x'
2026-02-17T19:59:08.210 INFO:journalctl@ceph.mon.a.trial031.stdout:Feb 17 19:59:08 trial031 ceph-mon[24188]: from='mgr.14118 10.20.193.31:0/107428052' entity='mgr.x'
2026-02-17T19:59:08.210 INFO:journalctl@ceph.mon.a.trial031.stdout:Feb 17 19:59:08 trial031 ceph-mon[24188]: from='mgr.14118 10.20.193.31:0/107428052' entity='mgr.x'
2026-02-17T19:59:08.210 INFO:journalctl@ceph.mon.a.trial031.stdout:Feb 17 19:59:08 trial031 ceph-mon[24188]: from='mgr.14118 10.20.193.31:0/107428052' entity='mgr.x'
2026-02-17T19:59:08.211 INFO:journalctl@ceph.mon.a.trial031.stdout:Feb 17 19:59:08 trial031 ceph-mon[24188]: from='client.? 10.20.193.31:0/3380935146' entity='client.admin'
2026-02-17T19:59:08.379 INFO:teuthology.orchestra.run.trial031.stdout:/usr/bin/ceph: stderr
2026-02-17T19:59:08.260+0000 7f2e83d09640 1 Processor -- start
2026-02-17T19:59:08.380 INFO:teuthology.orchestra.run.trial031.stdout:/usr/bin/ceph: stderr
2026-02-17T19:59:08.260+0000 7f2e83d09640 1 -- start start
2026-02-17T19:59:08.380 INFO:teuthology.orchestra.run.trial031.stdout:/usr/bin/ceph: stderr
2026-02-17T19:59:08.260+0000 7f2e83d09640 1 --2- >> [v2:10.20.193.31:3300/0,v1:10.20.193.31:6789/0] conn(0x7f2e7c105f80 0x7f2e7c106380 unknown :-1 s=NONE pgs=0 cs=0 l=0 rev1=0 crypto rx=0 tx=0 comp rx=0 tx=0).connect
2026-02-17T19:59:08.380 INFO:teuthology.orchestra.run.trial031.stdout:/usr/bin/ceph: stderr
2026-02-17T19:59:08.260+0000 7f2e83d09640 1 -- --> [v2:10.20.193.31:3300/0,v1:10.20.193.31:6789/0] -- mon_getmap magic: 0 -- 0x7f2e7c106950 con 0x7f2e7c105f80
2026-02-17T19:59:08.380 INFO:teuthology.orchestra.run.trial031.stdout:/usr/bin/ceph: stderr
2026-02-17T19:59:08.260+0000 7f2e81a7e640 1 --2- >> [v2:10.20.193.31:3300/0,v1:10.20.193.31:6789/0] conn(0x7f2e7c105f80 0x7f2e7c106380 unknown :-1 s=BANNER_CONNECTING pgs=0 cs=0 l=0 rev1=0 crypto rx=0 tx=0 comp rx=0 tx=0)._handle_peer_banner_payload supported=3 required=0
2026-02-17T19:59:08.380 INFO:teuthology.orchestra.run.trial031.stdout:/usr/bin/ceph: stderr
2026-02-17T19:59:08.260+0000 7f2e81a7e640 1 --2- >> [v2:10.20.193.31:3300/0,v1:10.20.193.31:6789/0] conn(0x7f2e7c105f80 0x7f2e7c106380 unknown :-1 s=HELLO_CONNECTING pgs=0 cs=0 l=0 rev1=1 crypto rx=0 tx=0 comp rx=0 tx=0).handle_hello peer v2:10.20.193.31:3300/0 says I am v2:10.20.193.31:47174/0 (socket says 10.20.193.31:47174)
2026-02-17T19:59:08.380 INFO:teuthology.orchestra.run.trial031.stdout:/usr/bin/ceph: stderr
2026-02-17T19:59:08.260+0000 7f2e81a7e640 1 -- 10.20.193.31:0/1902717758 learned_addr learned my addr 10.20.193.31:0/1902717758 (peer_addr_for_me v2:10.20.193.31:0/0)
2026-02-17T19:59:08.380 INFO:teuthology.orchestra.run.trial031.stdout:/usr/bin/ceph: stderr
2026-02-17T19:59:08.261+0000 7f2e81a7e640 1 -- 10.20.193.31:0/1902717758 --> [v2:10.20.193.31:3300/0,v1:10.20.193.31:6789/0] -- mon_subscribe({config=0+,monmap=0+}) -- 0x7f2e7c107110 con 0x7f2e7c105f80
2026-02-17T19:59:08.380 INFO:teuthology.orchestra.run.trial031.stdout:/usr/bin/ceph: stderr
2026-02-17T19:59:08.261+0000 7f2e81a7e640 1 --2- 10.20.193.31:0/1902717758 >> [v2:10.20.193.31:3300/0,v1:10.20.193.31:6789/0] conn(0x7f2e7c105f80 0x7f2e7c106380 secure :-1 s=READY pgs=51 cs=0 l=1 rev1=1 crypto rx=0x7f2e6c009920 tx=0x7f2e6c02ef20 comp rx=0 tx=0).ready entity=mon.0 client_cookie=1c86c5953610fca1 server_cookie=0 in_seq=0 out_seq=0
2026-02-17T19:59:08.380 INFO:teuthology.orchestra.run.trial031.stdout:/usr/bin/ceph: stderr
2026-02-17T19:59:08.261+0000 7f2e80a7c640 1 -- 10.20.193.31:0/1902717758 <== mon.0 v2:10.20.193.31:3300/0 1 ==== mon_map magic: 0 ==== 205+0+0 (secure 0 0 0) 0x7f2e6c03c070 con 0x7f2e7c105f80
2026-02-17T19:59:08.381 INFO:teuthology.orchestra.run.trial031.stdout:/usr/bin/ceph: stderr
2026-02-17T19:59:08.261+0000 7f2e80a7c640 1 -- 10.20.193.31:0/1902717758 <== mon.0 v2:10.20.193.31:3300/0 2 ==== config(25 keys) ==== 1038+0+0 (secure 0 0 0) 0x7f2e6c037440 con 0x7f2e7c105f80
2026-02-17T19:59:08.381 INFO:teuthology.orchestra.run.trial031.stdout:/usr/bin/ceph: stderr
2026-02-17T19:59:08.261+0000 7f2e80a7c640 1 -- 10.20.193.31:0/1902717758 <== mon.0 v2:10.20.193.31:3300/0 3 ==== mon_map magic: 0 ==== 205+0+0 (secure 0 0 0) 0x7f2e6c0354d0 con 0x7f2e7c105f80
2026-02-17T19:59:08.381 INFO:teuthology.orchestra.run.trial031.stdout:/usr/bin/ceph: stderr
2026-02-17T19:59:08.261+0000 7f2e83d09640 1 -- 10.20.193.31:0/1902717758 >> [v2:10.20.193.31:3300/0,v1:10.20.193.31:6789/0] conn(0x7f2e7c105f80 msgr2=0x7f2e7c106380 secure :-1 s=STATE_CONNECTION_ESTABLISHED l=1).mark_down
2026-02-17T19:59:08.381 INFO:teuthology.orchestra.run.trial031.stdout:/usr/bin/ceph: stderr
2026-02-17T19:59:08.261+0000 7f2e83d09640 1 --2- 10.20.193.31:0/1902717758 >> [v2:10.20.193.31:3300/0,v1:10.20.193.31:6789/0] conn(0x7f2e7c105f80 0x7f2e7c106380 secure :-1 s=READY pgs=51 cs=0 l=1 rev1=1 crypto rx=0x7f2e6c009920 tx=0x7f2e6c02ef20 comp rx=0 tx=0).stop
2026-02-17T19:59:08.381 INFO:teuthology.orchestra.run.trial031.stdout:/usr/bin/ceph: stderr
2026-02-17T19:59:08.261+0000 7f2e83d09640 1 -- 10.20.193.31:0/1902717758 shutdown_connections
2026-02-17T19:59:08.381 INFO:teuthology.orchestra.run.trial031.stdout:/usr/bin/ceph: stderr
2026-02-17T19:59:08.261+0000 7f2e83d09640 1 --2- 10.20.193.31:0/1902717758 >> [v2:10.20.193.31:3300/0,v1:10.20.193.31:6789/0] conn(0x7f2e7c105f80 0x7f2e7c106380 unknown :-1 s=CLOSED pgs=51 cs=0 l=1 rev1=1 crypto rx=0 tx=0 comp rx=0 tx=0).stop
2026-02-17T19:59:08.381 INFO:teuthology.orchestra.run.trial031.stdout:/usr/bin/ceph: stderr
2026-02-17T19:59:08.261+0000 7f2e83d09640 1 -- 10.20.193.31:0/1902717758 >> 10.20.193.31:0/1902717758 conn(0x7f2e7c101ac0 msgr2=0x7f2e7c103f20 unknown :-1 s=STATE_NONE l=0).mark_down
2026-02-17T19:59:08.381 INFO:teuthology.orchestra.run.trial031.stdout:/usr/bin/ceph: stderr
2026-02-17T19:59:08.261+0000 7f2e83d09640 1 -- 10.20.193.31:0/1902717758 shutdown_connections
2026-02-17T19:59:08.381 INFO:teuthology.orchestra.run.trial031.stdout:/usr/bin/ceph: stderr
2026-02-17T19:59:08.262+0000 7f2e83d09640 1 -- 10.20.193.31:0/1902717758 wait complete.
2026-02-17T19:59:08.381 INFO:teuthology.orchestra.run.trial031.stdout:/usr/bin/ceph: stderr
2026-02-17T19:59:08.262+0000 7f2e83d09640 1 Processor -- start
2026-02-17T19:59:08.381 INFO:teuthology.orchestra.run.trial031.stdout:/usr/bin/ceph: stderr
2026-02-17T19:59:08.262+0000 7f2e83d09640 1 -- start start
2026-02-17T19:59:08.382 INFO:teuthology.orchestra.run.trial031.stdout:/usr/bin/ceph: stderr
2026-02-17T19:59:08.262+0000 7f2e83d09640 1 --2- >> [v2:10.20.193.31:3300/0,v1:10.20.193.31:6789/0] conn(0x7f2e7c105f80 0x7f2e7c1a02a0 unknown :-1 s=NONE pgs=0 cs=0 l=1 rev1=0 crypto rx=0 tx=0 comp rx=0 tx=0).connect
2026-02-17T19:59:08.382 INFO:teuthology.orchestra.run.trial031.stdout:/usr/bin/ceph: stderr
2026-02-17T19:59:08.262+0000 7f2e83d09640 1 -- --> [v2:10.20.193.31:3300/0,v1:10.20.193.31:6789/0] -- mon_getmap magic: 0 -- 0x7f2e7c108350 con 0x7f2e7c105f80
2026-02-17T19:59:08.382 INFO:teuthology.orchestra.run.trial031.stdout:/usr/bin/ceph: stderr
2026-02-17T19:59:08.262+0000 7f2e81a7e640 1 --2- >> [v2:10.20.193.31:3300/0,v1:10.20.193.31:6789/0] conn(0x7f2e7c105f80 0x7f2e7c1a02a0 unknown :-1 s=BANNER_CONNECTING pgs=0 cs=0 l=1 rev1=0 crypto rx=0 tx=0 comp rx=0 tx=0)._handle_peer_banner_payload supported=3 required=0
2026-02-17T19:59:08.382 INFO:teuthology.orchestra.run.trial031.stdout:/usr/bin/ceph: stderr
2026-02-17T19:59:08.262+0000 7f2e81a7e640 1 --2- >> [v2:10.20.193.31:3300/0,v1:10.20.193.31:6789/0] conn(0x7f2e7c105f80 0x7f2e7c1a02a0 unknown :-1 s=HELLO_CONNECTING pgs=0 cs=0 l=1 rev1=1 crypto rx=0 tx=0 comp rx=0 tx=0).handle_hello peer v2:10.20.193.31:3300/0 says I am v2:10.20.193.31:47190/0 (socket says 10.20.193.31:47190)
2026-02-17T19:59:08.382 INFO:teuthology.orchestra.run.trial031.stdout:/usr/bin/ceph: stderr
2026-02-17T19:59:08.262+0000 7f2e81a7e640 1 -- 10.20.193.31:0/527682750 learned_addr learned my addr 10.20.193.31:0/527682750 (peer_addr_for_me v2:10.20.193.31:0/0)
2026-02-17T19:59:08.382 INFO:teuthology.orchestra.run.trial031.stdout:/usr/bin/ceph: stderr
2026-02-17T19:59:08.262+0000 7f2e81a7e640 1 -- 10.20.193.31:0/527682750 --> [v2:10.20.193.31:3300/0,v1:10.20.193.31:6789/0] -- mon_subscribe({config=0+,monmap=0+}) -- 0x7f2e7c1a07e0 con 0x7f2e7c105f80
2026-02-17T19:59:08.382 INFO:teuthology.orchestra.run.trial031.stdout:/usr/bin/ceph: stderr
2026-02-17T19:59:08.262+0000 7f2e81a7e640 1 --2- 10.20.193.31:0/527682750 >> [v2:10.20.193.31:3300/0,v1:10.20.193.31:6789/0] conn(0x7f2e7c105f80 0x7f2e7c1a02a0 secure :-1 s=READY pgs=52 cs=0 l=1 rev1=1 crypto rx=0x7f2e6c037820 tx=0x7f2e6c037850 comp rx=0 tx=0).ready entity=mon.0 client_cookie=0 server_cookie=0 in_seq=0 out_seq=0
2026-02-17T19:59:08.382 INFO:teuthology.orchestra.run.trial031.stdout:/usr/bin/ceph: stderr
2026-02-17T19:59:08.262+0000 7f2e6affd640 1 -- 10.20.193.31:0/527682750 <== mon.0 v2:10.20.193.31:3300/0 1 ==== mon_map magic: 0 ==== 205+0+0 (secure 0 0 0) 0x7f2e6c03c070 con 0x7f2e7c105f80
2026-02-17T19:59:08.382 INFO:teuthology.orchestra.run.trial031.stdout:/usr/bin/ceph: stderr
2026-02-17T19:59:08.262+0000 7f2e6affd640 1 -- 10.20.193.31:0/527682750 <== mon.0 v2:10.20.193.31:3300/0 2 ==== config(25 keys) ==== 1038+0+0 (secure 0 0 0) 0x7f2e6c035d70 con 0x7f2e7c105f80
2026-02-17T19:59:08.382 INFO:teuthology.orchestra.run.trial031.stdout:/usr/bin/ceph: stderr
2026-02-17T19:59:08.262+0000 7f2e83d09640 1 -- 10.20.193.31:0/527682750 --> [v2:10.20.193.31:3300/0,v1:10.20.193.31:6789/0] -- mon_subscribe({mgrmap=0+}) -- 0x7f2e7c1a0a70 con 0x7f2e7c105f80
2026-02-17T19:59:08.382 INFO:teuthology.orchestra.run.trial031.stdout:/usr/bin/ceph: stderr
2026-02-17T19:59:08.262+0000 7f2e6affd640 1 -- 10.20.193.31:0/527682750 <== mon.0 v2:10.20.193.31:3300/0 3 ==== mon_map magic: 0 ==== 205+0+0 (secure 0 0 0) 0x7f2e6c042dd0 con 0x7f2e7c105f80
2026-02-17T19:59:08.382 INFO:teuthology.orchestra.run.trial031.stdout:/usr/bin/ceph: stderr
2026-02-17T19:59:08.262+0000 7f2e83d09640 1 -- 10.20.193.31:0/527682750 --> [v2:10.20.193.31:3300/0,v1:10.20.193.31:6789/0] -- mon_subscribe({osdmap=0}) -- 0x7f2e7c1a3760 con 0x7f2e7c105f80
2026-02-17T19:59:08.383 INFO:teuthology.orchestra.run.trial031.stdout:/usr/bin/ceph: stderr
2026-02-17T19:59:08.263+0000 7f2e6affd640 1 -- 10.20.193.31:0/527682750 <== mon.0 v2:10.20.193.31:3300/0 4 ==== mgrmap(e 8) ==== 50247+0+0 (secure 0 0 0) 0x7f2e6c0425f0 con 0x7f2e7c105f80
2026-02-17T19:59:08.383 INFO:teuthology.orchestra.run.trial031.stdout:/usr/bin/ceph: stderr
2026-02-17T19:59:08.263+0000 7f2e83d09640 1 -- 10.20.193.31:0/527682750 --> [v2:10.20.193.31:3300/0,v1:10.20.193.31:6789/0] -- mon_command({"prefix": "get_command_descriptions"} v 0) -- 0x7f2e7c106380 con 0x7f2e7c105f80
2026-02-17T19:59:08.383 INFO:teuthology.orchestra.run.trial031.stdout:/usr/bin/ceph: stderr
2026-02-17T19:59:08.263+0000 7f2e6affd640 1 --2- 10.20.193.31:0/527682750 >> [v2:10.20.193.31:6800/3244832212,v1:10.20.193.31:6801/3244832212] conn(0x7f2e5803db40 0x7f2e58040000 unknown :-1 s=NONE pgs=0 cs=0 l=1 rev1=0 crypto rx=0 tx=0 comp rx=0 tx=0).connect
2026-02-17T19:59:08.383 INFO:teuthology.orchestra.run.trial031.stdout:/usr/bin/ceph: stderr
2026-02-17T19:59:08.263+0000 7f2e6affd640 1 -- 10.20.193.31:0/527682750 <== mon.0 v2:10.20.193.31:3300/0 5 ==== osd_map(2..2 src has 1..2) ==== 940+0+0 (secure 0 0 0) 0x7f2e6c076710 con 0x7f2e7c105f80
2026-02-17T19:59:08.383 INFO:teuthology.orchestra.run.trial031.stdout:/usr/bin/ceph: stderr
2026-02-17T19:59:08.263+0000 7f2e8127d640 1 --2- 10.20.193.31:0/527682750 >> [v2:10.20.193.31:6800/3244832212,v1:10.20.193.31:6801/3244832212] conn(0x7f2e5803db40 0x7f2e58040000 unknown :-1 s=BANNER_CONNECTING pgs=0 cs=0 l=1 rev1=0 crypto rx=0 tx=0 comp rx=0 tx=0)._handle_peer_banner_payload supported=3 required=0
2026-02-17T19:59:08.383 INFO:teuthology.orchestra.run.trial031.stdout:/usr/bin/ceph: stderr
2026-02-17T19:59:08.264+0000 7f2e8127d640 1 --2- 10.20.193.31:0/527682750 >> [v2:10.20.193.31:6800/3244832212,v1:10.20.193.31:6801/3244832212] conn(0x7f2e5803db40 0x7f2e58040000 secure :-1 s=READY pgs=15 cs=0 l=1 rev1=1 crypto rx=0x7f2e700099c0 tx=0x7f2e70006eb0 comp rx=0 tx=0).ready entity=mgr.14118 client_cookie=0 server_cookie=0 in_seq=0 out_seq=0
2026-02-17T19:59:08.383 INFO:teuthology.orchestra.run.trial031.stdout:/usr/bin/ceph: stderr
2026-02-17T19:59:08.266+0000 7f2e6affd640 1 -- 10.20.193.31:0/527682750 <== mon.0 v2:10.20.193.31:3300/0 6 ==== mon_command_ack([{"prefix": "get_command_descriptions"}]=0 v0) ==== 72+0+195034 (secure 0 0 0) 0x7f2e6c03d270 con 0x7f2e7c105f80
2026-02-17T19:59:08.383 INFO:teuthology.orchestra.run.trial031.stdout:/usr/bin/ceph: stderr
2026-02-17T19:59:08.349+0000 7f2e83d09640 1 -- 10.20.193.31:0/527682750 --> [v2:10.20.193.31:3300/0,v1:10.20.193.31:6789/0] -- mon_command([{prefix=config set, name=mgr/dashboard/ssl_server_port}] v 0) -- 0x7f2e7c1997d0 con 0x7f2e7c105f80
2026-02-17T19:59:08.383 INFO:teuthology.orchestra.run.trial031.stdout:/usr/bin/ceph: stderr
2026-02-17T19:59:08.351+0000 7f2e6affd640 1 -- 10.20.193.31:0/527682750 <== mon.0 v2:10.20.193.31:3300/0 7 ==== mon_command_ack([{prefix=config set, name=mgr/dashboard/ssl_server_port}]=0 v8)=0 v8) ==== 130+0+0 (secure 0 0 0) 0x7f2e6c076470 con 0x7f2e7c105f80
2026-02-17T19:59:08.383 INFO:teuthology.orchestra.run.trial031.stdout:/usr/bin/ceph: stderr
2026-02-17T19:59:08.353+0000 7f2e83d09640 1 -- 10.20.193.31:0/527682750 >> [v2:10.20.193.31:6800/3244832212,v1:10.20.193.31:6801/3244832212] conn(0x7f2e5803db40 msgr2=0x7f2e58040000 secure :-1 s=STATE_CONNECTION_ESTABLISHED l=1).mark_down
2026-02-17T19:59:08.383 INFO:teuthology.orchestra.run.trial031.stdout:/usr/bin/ceph: stderr
2026-02-17T19:59:08.353+0000 7f2e83d09640 1 --2- 10.20.193.31:0/527682750 >> [v2:10.20.193.31:6800/3244832212,v1:10.20.193.31:6801/3244832212] conn(0x7f2e5803db40 0x7f2e58040000 secure :-1 s=READY pgs=15 cs=0 l=1 rev1=1 crypto rx=0x7f2e700099c0 tx=0x7f2e70006eb0 comp rx=0 tx=0).stop
2026-02-17T19:59:08.383 INFO:teuthology.orchestra.run.trial031.stdout:/usr/bin/ceph: stderr
2026-02-17T19:59:08.353+0000 7f2e83d09640 1 -- 10.20.193.31:0/527682750 >> [v2:10.20.193.31:3300/0,v1:10.20.193.31:6789/0] conn(0x7f2e7c105f80 msgr2=0x7f2e7c1a02a0 secure :-1 s=STATE_CONNECTION_ESTABLISHED l=1).mark_down
2026-02-17T19:59:08.384 INFO:teuthology.orchestra.run.trial031.stdout:/usr/bin/ceph: stderr
2026-02-17T19:59:08.353+0000 7f2e83d09640 1 --2- 10.20.193.31:0/527682750 >> [v2:10.20.193.31:3300/0,v1:10.20.193.31:6789/0] conn(0x7f2e7c105f80 0x7f2e7c1a02a0 secure :-1 s=READY pgs=52 cs=0 l=1 rev1=1 crypto rx=0x7f2e6c037820 tx=0x7f2e6c037850 comp rx=0 tx=0).stop
2026-02-17T19:59:08.384 INFO:teuthology.orchestra.run.trial031.stdout:/usr/bin/ceph: stderr
2026-02-17T19:59:08.353+0000 7f2e83d09640 1 -- 10.20.193.31:0/527682750 shutdown_connections
2026-02-17T19:59:08.384 INFO:teuthology.orchestra.run.trial031.stdout:/usr/bin/ceph: stderr
2026-02-17T19:59:08.353+0000 7f2e83d09640 1 --2- 10.20.193.31:0/527682750 >> [v2:10.20.193.31:6800/3244832212,v1:10.20.193.31:6801/3244832212] conn(0x7f2e5803db40 0x7f2e58040000 unknown :-1 s=CLOSED pgs=15 cs=0 l=1 rev1=1 crypto rx=0 tx=0 comp rx=0 tx=0).stop
2026-02-17T19:59:08.384 INFO:teuthology.orchestra.run.trial031.stdout:/usr/bin/ceph: stderr
2026-02-17T19:59:08.353+0000 7f2e83d09640 1 --2- 10.20.193.31:0/527682750 >> [v2:10.20.193.31:3300/0,v1:10.20.193.31:6789/0] conn(0x7f2e7c105f80 0x7f2e7c1a02a0 unknown :-1 s=CLOSED pgs=52 cs=0 l=1 rev1=1 crypto rx=0 tx=0 comp rx=0 tx=0).stop
2026-02-17T19:59:08.384 INFO:teuthology.orchestra.run.trial031.stdout:/usr/bin/ceph: stderr
2026-02-17T19:59:08.353+0000 7f2e83d09640 1 -- 10.20.193.31:0/527682750 >> 10.20.193.31:0/527682750 conn(0x7f2e7c101ac0 msgr2=0x7f2e7c1969f0 unknown :-1 s=STATE_NONE l=0).mark_down
2026-02-17T19:59:08.384 INFO:teuthology.orchestra.run.trial031.stdout:/usr/bin/ceph: stderr
2026-02-17T19:59:08.353+0000 7f2e83d09640 1 -- 10.20.193.31:0/527682750 shutdown_connections
2026-02-17T19:59:08.384 INFO:teuthology.orchestra.run.trial031.stdout:/usr/bin/ceph: stderr
2026-02-17T19:59:08.353+0000 7f2e83d09640 1 -- 10.20.193.31:0/527682750 wait complete.
2026-02-17T19:59:08.384 INFO:teuthology.orchestra.run.trial031.stdout:Enabling the dashboard module...
2026-02-17T19:59:09.453 INFO:journalctl@ceph.mon.a.trial031.stdout:Feb 17 19:59:09 trial031 ceph-mon[24188]: Added host trial031
2026-02-17T19:59:09.453 INFO:journalctl@ceph.mon.a.trial031.stdout:Feb 17 19:59:09 trial031 ceph-mon[24188]: from='client.14140 -' entity='client.admin' cmd=[{"prefix": "orch apply", "service_type": "mon", "unmanaged": true, "target": ["mon-mgr", ""]}]: dispatch
2026-02-17T19:59:09.453 INFO:journalctl@ceph.mon.a.trial031.stdout:Feb 17 19:59:09 trial031 ceph-mon[24188]: Saving service mon spec with placement count:5
2026-02-17T19:59:09.454 INFO:journalctl@ceph.mon.a.trial031.stdout:Feb 17 19:59:09 trial031 ceph-mon[24188]: from='client.14142 -' entity='client.admin' cmd=[{"prefix": "orch apply", "service_type": "mgr", "unmanaged": true, "target": ["mon-mgr", ""]}]: dispatch
2026-02-17T19:59:09.454 INFO:journalctl@ceph.mon.a.trial031.stdout:Feb 17 19:59:09 trial031 ceph-mon[24188]: Saving service mgr spec with placement count:2
2026-02-17T19:59:09.454 INFO:journalctl@ceph.mon.a.trial031.stdout:Feb 17 19:59:09 trial031 ceph-mon[24188]: from='client.? 10.20.193.31:0/527682750' entity='client.admin'
2026-02-17T19:59:09.454 INFO:journalctl@ceph.mon.a.trial031.stdout:Feb 17 19:59:09 trial031 ceph-mon[24188]: from='mgr.14118 10.20.193.31:0/107428052' entity='mgr.x'
2026-02-17T19:59:09.454 INFO:journalctl@ceph.mon.a.trial031.stdout:Feb 17 19:59:09 trial031 ceph-mon[24188]: from='client.? 10.20.193.31:0/3836873511' entity='client.admin' cmd=[{"prefix": "mgr module enable", "module": "dashboard"}]: dispatch
2026-02-17T19:59:09.454 INFO:journalctl@ceph.mon.a.trial031.stdout:Feb 17 19:59:09 trial031 ceph-mon[24188]: from='mgr.14118 10.20.193.31:0/107428052' entity='mgr.x'
2026-02-17T19:59:09.501 INFO:teuthology.orchestra.run.trial031.stdout:/usr/bin/ceph: stderr
2026-02-17T19:59:08.484+0000 7f2b44c0a640 1 Processor -- start
2026-02-17T19:59:09.502 INFO:teuthology.orchestra.run.trial031.stdout:/usr/bin/ceph: stderr
2026-02-17T19:59:08.484+0000 7f2b44c0a640 1 -- start start
2026-02-17T19:59:09.502 INFO:teuthology.orchestra.run.trial031.stdout:/usr/bin/ceph: stderr
2026-02-17T19:59:08.484+0000 7f2b44c0a640 1 --2- >> [v2:10.20.193.31:3300/0,v1:10.20.193.31:6789/0] conn(0x7f2b4010bac0 0x7f2b4010bec0 unknown :-1 s=NONE pgs=0 cs=0 l=0 rev1=0 crypto rx=0 tx=0 comp rx=0 tx=0).connect
2026-02-17T19:59:09.502 INFO:teuthology.orchestra.run.trial031.stdout:/usr/bin/ceph: stderr
2026-02-17T19:59:08.484+0000 7f2b44c0a640 1 -- --> [v2:10.20.193.31:3300/0,v1:10.20.193.31:6789/0] -- mon_getmap magic: 0 -- 0x7f2b4010c490 con 0x7f2b4010bac0
2026-02-17T19:59:09.502 INFO:teuthology.orchestra.run.trial031.stdout:/usr/bin/ceph: stderr
2026-02-17T19:59:08.484+0000 7f2b3e575640 1 --2- >> [v2:10.20.193.31:3300/0,v1:10.20.193.31:6789/0] conn(0x7f2b4010bac0 0x7f2b4010bec0 unknown :-1 s=BANNER_CONNECTING pgs=0 cs=0 l=0 rev1=0 crypto rx=0 tx=0 comp rx=0 tx=0)._handle_peer_banner_payload supported=3 required=0
2026-02-17T19:59:09.502 INFO:teuthology.orchestra.run.trial031.stdout:/usr/bin/ceph: stderr
2026-02-17T19:59:08.484+0000 7f2b3e575640 1 --2- >> [v2:10.20.193.31:3300/0,v1:10.20.193.31:6789/0] conn(0x7f2b4010bac0 0x7f2b4010bec0 unknown :-1 s=HELLO_CONNECTING pgs=0 cs=0 l=0 rev1=1 crypto rx=0 tx=0 comp rx=0 tx=0).handle_hello peer v2:10.20.193.31:3300/0 says I am v2:10.20.193.31:47200/0 (socket says 10.20.193.31:47200)
2026-02-17T19:59:09.502 INFO:teuthology.orchestra.run.trial031.stdout:/usr/bin/ceph: stderr
2026-02-17T19:59:08.484+0000 7f2b3e575640 1 -- 10.20.193.31:0/2883734295 learned_addr learned my addr 10.20.193.31:0/2883734295 (peer_addr_for_me v2:10.20.193.31:0/0)
2026-02-17T19:59:09.502 INFO:teuthology.orchestra.run.trial031.stdout:/usr/bin/ceph: stderr
2026-02-17T19:59:08.484+0000 7f2b3e575640 1 -- 10.20.193.31:0/2883734295 --> [v2:10.20.193.31:3300/0,v1:10.20.193.31:6789/0] -- mon_subscribe({config=0+,monmap=0+}) -- 0x7f2b4010a6c0 con 0x7f2b4010bac0
2026-02-17T19:59:09.502 INFO:teuthology.orchestra.run.trial031.stdout:/usr/bin/ceph: stderr
2026-02-17T19:59:08.485+0000 7f2b3e575640 1 --2- 10.20.193.31:0/2883734295 >> [v2:10.20.193.31:3300/0,v1:10.20.193.31:6789/0] conn(0x7f2b4010bac0 0x7f2b4010bec0 secure :-1 s=READY pgs=53 cs=0 l=1 rev1=1 crypto rx=0x7f2b34009920 tx=0x7f2b3402ef20 comp rx=0 tx=0).ready entity=mon.0 client_cookie=97085123e9ef46df server_cookie=0 in_seq=0 out_seq=0
2026-02-17T19:59:09.502 INFO:teuthology.orchestra.run.trial031.stdout:/usr/bin/ceph: stderr
2026-02-17T19:59:08.485+0000 7f2b3d573640 1 -- 10.20.193.31:0/2883734295 <== mon.0 v2:10.20.193.31:3300/0 1 ==== mon_map magic: 0 ==== 205+0+0 (secure 0 0 0) 0x7f2b3403c070 con 0x7f2b4010bac0
2026-02-17T19:59:09.502 INFO:teuthology.orchestra.run.trial031.stdout:/usr/bin/ceph: stderr
2026-02-17T19:59:08.485+0000 7f2b3d573640 1 -- 10.20.193.31:0/2883734295 <== mon.0 v2:10.20.193.31:3300/0 2 ==== config(25 keys) ==== 1038+0+0 (secure 0 0 0) 0x7f2b34037440 con 0x7f2b4010bac0
2026-02-17T19:59:09.503 INFO:teuthology.orchestra.run.trial031.stdout:/usr/bin/ceph: stderr
2026-02-17T19:59:08.485+0000 7f2b3d573640 1 -- 10.20.193.31:0/2883734295 <== mon.0 v2:10.20.193.31:3300/0 3 ==== mon_map magic: 0 ==== 205+0+0 (secure 0 0 0) 0x7f2b340354d0 con 0x7f2b4010bac0
2026-02-17T19:59:09.503 INFO:teuthology.orchestra.run.trial031.stdout:/usr/bin/ceph: stderr
2026-02-17T19:59:08.485+0000 7f2b44c0a640 1 -- 10.20.193.31:0/2883734295 >> [v2:10.20.193.31:3300/0,v1:10.20.193.31:6789/0] conn(0x7f2b4010bac0 msgr2=0x7f2b4010bec0 secure :-1 s=STATE_CONNECTION_ESTABLISHED l=1).mark_down
2026-02-17T19:59:09.503 INFO:teuthology.orchestra.run.trial031.stdout:/usr/bin/ceph: stderr
2026-02-17T19:59:08.485+0000 7f2b44c0a640 1 --2- 10.20.193.31:0/2883734295 >> [v2:10.20.193.31:3300/0,v1:10.20.193.31:6789/0] conn(0x7f2b4010bac0 0x7f2b4010bec0 secure :-1 s=READY pgs=53 cs=0 l=1 rev1=1 crypto rx=0x7f2b34009920 tx=0x7f2b3402ef20 comp rx=0 tx=0).stop
2026-02-17T19:59:09.503 INFO:teuthology.orchestra.run.trial031.stdout:/usr/bin/ceph: stderr
2026-02-17T19:59:08.485+0000 7f2b44c0a640 1 -- 10.20.193.31:0/2883734295 shutdown_connections
2026-02-17T19:59:09.503 INFO:teuthology.orchestra.run.trial031.stdout:/usr/bin/ceph: stderr
2026-02-17T19:59:08.485+0000 7f2b44c0a640 1 --2- 10.20.193.31:0/2883734295 >> [v2:10.20.193.31:3300/0,v1:10.20.193.31:6789/0] conn(0x7f2b4010bac0 0x7f2b4010bec0 unknown :-1 s=CLOSED pgs=53 cs=0 l=1 rev1=1 crypto rx=0 tx=0 comp rx=0 tx=0).stop
2026-02-17T19:59:09.503 INFO:teuthology.orchestra.run.trial031.stdout:/usr/bin/ceph: stderr
2026-02-17T19:59:08.485+0000 7f2b44c0a640 1 -- 10.20.193.31:0/2883734295 >> 10.20.193.31:0/2883734295 conn(0x7f2b4007db50 msgr2=0x7f2b4007df60 unknown :-1 s=STATE_NONE l=0).mark_down
2026-02-17T19:59:09.503 INFO:teuthology.orchestra.run.trial031.stdout:/usr/bin/ceph: stderr
2026-02-17T19:59:08.485+0000 7f2b44c0a640 1 -- 10.20.193.31:0/2883734295 shutdown_connections
2026-02-17T19:59:09.503 INFO:teuthology.orchestra.run.trial031.stdout:/usr/bin/ceph: stderr
2026-02-17T19:59:08.485+0000 7f2b44c0a640 1 -- 10.20.193.31:0/2883734295 wait complete.
2026-02-17T19:59:09.503 INFO:teuthology.orchestra.run.trial031.stdout:/usr/bin/ceph: stderr
2026-02-17T19:59:08.486+0000 7f2b44c0a640 1 Processor -- start
2026-02-17T19:59:09.503 INFO:teuthology.orchestra.run.trial031.stdout:/usr/bin/ceph: stderr
2026-02-17T19:59:08.486+0000 7f2b44c0a640 1 -- start start
2026-02-17T19:59:09.503 INFO:teuthology.orchestra.run.trial031.stdout:/usr/bin/ceph: stderr
2026-02-17T19:59:08.486+0000 7f2b44c0a640 1 --2- >> [v2:10.20.193.31:3300/0,v1:10.20.193.31:6789/0] conn(0x7f2b4010bac0 0x7f2b401a02d0 unknown :-1 s=NONE pgs=0 cs=0 l=1 rev1=0 crypto rx=0 tx=0 comp rx=0 tx=0).connect
2026-02-17T19:59:09.503 INFO:teuthology.orchestra.run.trial031.stdout:/usr/bin/ceph: stderr
2026-02-17T19:59:08.486+0000 7f2b44c0a640 1 -- --> [v2:10.20.193.31:3300/0,v1:10.20.193.31:6789/0] -- mon_getmap magic: 0 -- 0x7f2b4010e900 con 0x7f2b4010bac0
2026-02-17T19:59:09.504 INFO:teuthology.orchestra.run.trial031.stdout:/usr/bin/ceph: stderr
2026-02-17T19:59:08.486+0000 7f2b3e575640 1 --2- >> [v2:10.20.193.31:3300/0,v1:10.20.193.31:6789/0] conn(0x7f2b4010bac0 0x7f2b401a02d0 unknown :-1 s=BANNER_CONNECTING pgs=0 cs=0 l=1 rev1=0 crypto rx=0 tx=0 comp rx=0 tx=0)._handle_peer_banner_payload supported=3 required=0
2026-02-17T19:59:09.504 INFO:teuthology.orchestra.run.trial031.stdout:/usr/bin/ceph: stderr
2026-02-17T19:59:08.486+0000 7f2b3e575640 1 --2- >> [v2:10.20.193.31:3300/0,v1:10.20.193.31:6789/0] conn(0x7f2b4010bac0 0x7f2b401a02d0 unknown :-1 s=HELLO_CONNECTING pgs=0 cs=0 l=1 rev1=1 crypto rx=0 tx=0 comp rx=0 tx=0).handle_hello peer v2:10.20.193.31:3300/0 says I am v2:10.20.193.31:47210/0 (socket says 10.20.193.31:47210)
2026-02-17T19:59:09.504 INFO:teuthology.orchestra.run.trial031.stdout:/usr/bin/ceph: stderr
2026-02-17T19:59:08.486+0000 7f2b3e575640 1 -- 10.20.193.31:0/3836873511 learned_addr learned my addr 10.20.193.31:0/3836873511 (peer_addr_for_me v2:10.20.193.31:0/0)
2026-02-17T19:59:09.504 INFO:teuthology.orchestra.run.trial031.stdout:/usr/bin/ceph: stderr
2026-02-17T19:59:08.486+0000 7f2b3e575640 1 -- 10.20.193.31:0/3836873511 --> [v2:10.20.193.31:3300/0,v1:10.20.193.31:6789/0] -- mon_subscribe({config=0+,monmap=0+}) -- 0x7f2b401a0810 con 0x7f2b4010bac0
2026-02-17T19:59:09.504 INFO:teuthology.orchestra.run.trial031.stdout:/usr/bin/ceph: stderr
2026-02-17T19:59:08.486+0000 7f2b3e575640 1 --2- 10.20.193.31:0/3836873511 >> [v2:10.20.193.31:3300/0,v1:10.20.193.31:6789/0] conn(0x7f2b4010bac0 0x7f2b401a02d0 secure :-1 s=READY pgs=54 cs=0 l=1 rev1=1 crypto rx=0x7f2b34009a50 tx=0x7f2b34037820 comp rx=0 tx=0).ready entity=mon.0 client_cookie=0 server_cookie=0 in_seq=0 out_seq=0
2026-02-17T19:59:09.504 INFO:teuthology.orchestra.run.trial031.stdout:/usr/bin/ceph: stderr
2026-02-17T19:59:08.486+0000 7f2b277fe640 1 -- 10.20.193.31:0/3836873511 <== mon.0 v2:10.20.193.31:3300/0 1 ==== mon_map magic: 0 ==== 205+0+0 (secure 0 0 0) 0x7f2b3403c070 con 0x7f2b4010bac0
2026-02-17T19:59:09.504 INFO:teuthology.orchestra.run.trial031.stdout:/usr/bin/ceph: stderr
2026-02-17T19:59:08.486+0000 7f2b277fe640 1 -- 10.20.193.31:0/3836873511 <== mon.0 v2:10.20.193.31:3300/0 2 ==== config(25 keys) ==== 1038+0+0 (secure 0 0 0) 0x7f2b34035d70 con 0x7f2b4010bac0
2026-02-17T19:59:09.504 INFO:teuthology.orchestra.run.trial031.stdout:/usr/bin/ceph: stderr
2026-02-17T19:59:08.486+0000 7f2b44c0a640 1 -- 10.20.193.31:0/3836873511 --> [v2:10.20.193.31:3300/0,v1:10.20.193.31:6789/0] -- mon_subscribe({mgrmap=0+}) -- 0x7f2b401a0aa0 con 0x7f2b4010bac0
2026-02-17T19:59:09.504 INFO:teuthology.orchestra.run.trial031.stdout:/usr/bin/ceph: stderr
2026-02-17T19:59:08.486+0000 7f2b277fe640 1 -- 10.20.193.31:0/3836873511 <== mon.0 v2:10.20.193.31:3300/0 3 ==== mon_map magic: 0 ==== 205+0+0 (secure 0 0 0) 0x7f2b34042db0 con 0x7f2b4010bac0
2026-02-17T19:59:09.504 INFO:teuthology.orchestra.run.trial031.stdout:/usr/bin/ceph: stderr
2026-02-17T19:59:08.486+0000 7f2b44c0a640 1 -- 10.20.193.31:0/3836873511 --> [v2:10.20.193.31:3300/0,v1:10.20.193.31:6789/0] -- mon_subscribe({osdmap=0}) -- 0x7f2b401a3790 con 0x7f2b4010bac0
2026-02-17T19:59:09.504 INFO:teuthology.orchestra.run.trial031.stdout:/usr/bin/ceph: stderr
2026-02-17T19:59:08.487+0000 7f2b44c0a640 1 -- 10.20.193.31:0/3836873511 --> [v2:10.20.193.31:3300/0,v1:10.20.193.31:6789/0] -- mon_command({"prefix": "get_command_descriptions"} v 0) -- 0x7f2b4010bec0 con 0x7f2b4010bac0
2026-02-17T19:59:09.504 INFO:teuthology.orchestra.run.trial031.stdout:/usr/bin/ceph: stderr
2026-02-17T19:59:08.487+0000 7f2b277fe640 1 -- 10.20.193.31:0/3836873511 <== mon.0 v2:10.20.193.31:3300/0 4 ==== mgrmap(e 8) ==== 50247+0+0 (secure 0 0 0) 0x7f2b34041470 con 0x7f2b4010bac0
2026-02-17T19:59:09.505 INFO:teuthology.orchestra.run.trial031.stdout:/usr/bin/ceph: stderr
2026-02-17T19:59:08.487+0000 7f2b277fe640 1 --2- 10.20.193.31:0/3836873511 >> [v2:10.20.193.31:6800/3244832212,v1:10.20.193.31:6801/3244832212] conn(0x7f2b1803db90 0x7f2b18040050 unknown :-1 s=NONE pgs=0 cs=0 l=1 rev1=0 crypto rx=0 tx=0 comp rx=0 tx=0).connect
2026-02-17T19:59:09.505 INFO:teuthology.orchestra.run.trial031.stdout:/usr/bin/ceph: stderr
2026-02-17T19:59:08.487+0000 7f2b277fe640 1 -- 10.20.193.31:0/3836873511 <== mon.0 v2:10.20.193.31:3300/0 5 ==== osd_map(2..2 src has 1..2) ==== 940+0+0 (secure 0 0 0) 0x7f2b34076700 con 0x7f2b4010bac0
2026-02-17T19:59:09.505 INFO:teuthology.orchestra.run.trial031.stdout:/usr/bin/ceph: stderr
2026-02-17T19:59:08.487+0000 7f2b3dd74640 1 --2- 10.20.193.31:0/3836873511 >> [v2:10.20.193.31:6800/3244832212,v1:10.20.193.31:6801/3244832212] conn(0x7f2b1803db90 0x7f2b18040050 unknown :-1 s=BANNER_CONNECTING pgs=0 cs=0 l=1 rev1=0 crypto rx=0 tx=0 comp rx=0 tx=0)._handle_peer_banner_payload supported=3 required=0
2026-02-17T19:59:09.505 INFO:teuthology.orchestra.run.trial031.stdout:/usr/bin/ceph: stderr
2026-02-17T19:59:08.487+0000 7f2b3dd74640 1 --2- 10.20.193.31:0/3836873511 >> [v2:10.20.193.31:6800/3244832212,v1:10.20.193.31:6801/3244832212] conn(0x7f2b1803db90 0x7f2b18040050 secure :-1 s=READY pgs=16 cs=0 l=1 rev1=1 crypto rx=0x7f2b280099c0 tx=0x7f2b28006eb0 comp rx=0 tx=0).ready entity=mgr.14118 client_cookie=0 server_cookie=0 in_seq=0 out_seq=0
2026-02-17T19:59:09.505 INFO:teuthology.orchestra.run.trial031.stdout:/usr/bin/ceph: stderr
2026-02-17T19:59:08.490+0000 7f2b277fe640 1 -- 10.20.193.31:0/3836873511 <== mon.0 v2:10.20.193.31:3300/0 6 ==== mon_command_ack([{"prefix": "get_command_descriptions"}]=0 v0) ==== 72+0+195034 (secure 0 0 0) 0x7f2b340461c0 con 0x7f2b4010bac0
2026-02-17T19:59:09.505 INFO:teuthology.orchestra.run.trial031.stdout:/usr/bin/ceph: stderr
2026-02-17T19:59:08.594+0000 7f2b44c0a640 1 -- 10.20.193.31:0/3836873511 --> [v2:10.20.193.31:3300/0,v1:10.20.193.31:6789/0] -- mon_command({"prefix": "mgr module enable", "module": "dashboard"} v 0) -- 0x7f2b401a3e30 con 0x7f2b4010bac0
2026-02-17T19:59:09.505 INFO:teuthology.orchestra.run.trial031.stdout:/usr/bin/ceph: stderr
2026-02-17T19:59:09.469+0000 7f2b277fe640 1 -- 10.20.193.31:0/3836873511 <== mon.0 v2:10.20.193.31:3300/0 7 ==== mon_command_ack([{"prefix": "mgr module enable", "module": "dashboard"}]=0 v9) ==== 88+0+0 (secure 0 0 0) 0x7f2b34042560 con 0x7f2b4010bac0
2026-02-17T19:59:09.505 INFO:teuthology.orchestra.run.trial031.stdout:/usr/bin/ceph: stderr
2026-02-17T19:59:09.471+0000 7f2b277fe640 1 -- 10.20.193.31:0/3836873511 <== mon.0 v2:10.20.193.31:3300/0 8 ==== mgrmap(e 9) ==== 50260+0+0 (secure 0 0 0) 0x7f2b3404a360 con 0x7f2b4010bac0
2026-02-17T19:59:09.505 INFO:teuthology.orchestra.run.trial031.stdout:/usr/bin/ceph: stderr
2026-02-17T19:59:09.473+0000 7f2b44c0a640 1 -- 10.20.193.31:0/3836873511 >> [v2:10.20.193.31:6800/3244832212,v1:10.20.193.31:6801/3244832212] conn(0x7f2b1803db90 msgr2=0x7f2b18040050 secure :-1 s=STATE_CONNECTION_ESTABLISHED l=1).mark_down
2026-02-17T19:59:09.505 INFO:teuthology.orchestra.run.trial031.stdout:/usr/bin/ceph: stderr
2026-02-17T19:59:09.473+0000 7f2b44c0a640 1 --2- 10.20.193.31:0/3836873511 >> [v2:10.20.193.31:6800/3244832212,v1:10.20.193.31:6801/3244832212] conn(0x7f2b1803db90 0x7f2b18040050 secure :-1 s=READY pgs=16 cs=0 l=1 rev1=1 crypto rx=0x7f2b280099c0 tx=0x7f2b28006eb0 comp rx=0 tx=0).stop
2026-02-17T19:59:09.505 INFO:teuthology.orchestra.run.trial031.stdout:/usr/bin/ceph: stderr
2026-02-17T19:59:09.473+0000 7f2b44c0a640 1 -- 10.20.193.31:0/3836873511 >> [v2:10.20.193.31:3300/0,v1:10.20.193.31:6789/0] conn(0x7f2b4010bac0 msgr2=0x7f2b401a02d0 secure :-1 s=STATE_CONNECTION_ESTABLISHED l=1).mark_down
2026-02-17T19:59:09.506 INFO:teuthology.orchestra.run.trial031.stdout:/usr/bin/ceph: stderr
2026-02-17T19:59:09.473+0000 7f2b44c0a640 1 --2- 10.20.193.31:0/3836873511 >> [v2:10.20.193.31:3300/0,v1:10.20.193.31:6789/0] conn(0x7f2b4010bac0 0x7f2b401a02d0 secure :-1 s=READY pgs=54 cs=0 l=1 rev1=1 crypto rx=0x7f2b34009a50 tx=0x7f2b34037820 comp rx=0 tx=0).stop
2026-02-17T19:59:09.506 INFO:teuthology.orchestra.run.trial031.stdout:/usr/bin/ceph: stderr
2026-02-17T19:59:09.473+0000 7f2b44c0a640 1 -- 10.20.193.31:0/3836873511 shutdown_connections
2026-02-17T19:59:09.506 INFO:teuthology.orchestra.run.trial031.stdout:/usr/bin/ceph: stderr
2026-02-17T19:59:09.473+0000 7f2b44c0a640 1 --2- 10.20.193.31:0/3836873511 >> [v2:10.20.193.31:6800/3244832212,v1:10.20.193.31:6801/3244832212] conn(0x7f2b1803db90 0x7f2b18040050 unknown :-1 s=CLOSED pgs=16 cs=0 l=1 rev1=1 crypto rx=0 tx=0 comp rx=0 tx=0).stop
2026-02-17T19:59:09.506 INFO:teuthology.orchestra.run.trial031.stdout:/usr/bin/ceph: stderr
2026-02-17T19:59:09.473+0000 7f2b44c0a640 1 --2- 10.20.193.31:0/3836873511 >> [v2:10.20.193.31:3300/0,v1:10.20.193.31:6789/0] conn(0x7f2b4010bac0 0x7f2b401a02d0 unknown :-1 s=CLOSED pgs=54 cs=0 l=1 rev1=1 crypto rx=0 tx=0 comp rx=0 tx=0).stop
2026-02-17T19:59:09.506 INFO:teuthology.orchestra.run.trial031.stdout:/usr/bin/ceph: stderr
2026-02-17T19:59:09.473+0000 7f2b44c0a640 1 -- 10.20.193.31:0/3836873511 >> 10.20.193.31:0/3836873511 conn(0x7f2b4007db50 msgr2=0x7f2b40108610 unknown :-1 s=STATE_NONE l=0).mark_down
2026-02-17T19:59:09.506 INFO:teuthology.orchestra.run.trial031.stdout:/usr/bin/ceph: stderr
2026-02-17T19:59:09.473+0000 7f2b44c0a640 1 -- 10.20.193.31:0/3836873511 shutdown_connections
2026-02-17T19:59:09.506 INFO:teuthology.orchestra.run.trial031.stdout:/usr/bin/ceph: stderr
2026-02-17T19:59:09.473+0000 7f2b44c0a640 1 -- 10.20.193.31:0/3836873511 wait complete.
2026-02-17T19:59:09.722 INFO:journalctl@ceph.mgr.x.trial031.stdout:Feb 17 19:59:09 trial031 ceph-0f42900d-0c3b-11f1-9886-d404e6e7d460-mgr-x[24439]: ignoring --setuser ceph since I am not root
2026-02-17T19:59:09.722 INFO:journalctl@ceph.mgr.x.trial031.stdout:Feb 17 19:59:09 trial031 ceph-0f42900d-0c3b-11f1-9886-d404e6e7d460-mgr-x[24439]: ignoring --setgroup ceph since I am not root
2026-02-17T19:59:09.739 INFO:teuthology.orchestra.run.trial031.stdout:/usr/bin/ceph: stdout {
2026-02-17T19:59:09.740 INFO:teuthology.orchestra.run.trial031.stdout:/usr/bin/ceph: stdout "epoch": 9,
2026-02-17T19:59:09.740 INFO:teuthology.orchestra.run.trial031.stdout:/usr/bin/ceph: stdout "available": true,
2026-02-17T19:59:09.740 INFO:teuthology.orchestra.run.trial031.stdout:/usr/bin/ceph: stdout "active_name": "x",
2026-02-17T19:59:09.740 INFO:teuthology.orchestra.run.trial031.stdout:/usr/bin/ceph: stdout "num_standby": 0
2026-02-17T19:59:09.740 INFO:teuthology.orchestra.run.trial031.stdout:/usr/bin/ceph: stdout }
2026-02-17T19:59:09.740 INFO:teuthology.orchestra.run.trial031.stdout:/usr/bin/ceph: stderr
2026-02-17T19:59:09.601+0000 7f1427227640 1 Processor -- start
2026-02-17T19:59:09.740 INFO:teuthology.orchestra.run.trial031.stdout:/usr/bin/ceph: stderr
2026-02-17T19:59:09.601+0000 7f1427227640 1 -- start start
2026-02-17T19:59:09.740 INFO:teuthology.orchestra.run.trial031.stdout:/usr/bin/ceph: stderr
2026-02-17T19:59:09.601+0000 7f1427227640 1 --2- >> [v2:10.20.193.31:3300/0,v1:10.20.193.31:6789/0] conn(0x7f142007ef50 0x7f142007d340 unknown :-1 s=NONE pgs=0 cs=0 l=0 rev1=0 crypto rx=0 tx=0 comp rx=0 tx=0).connect
2026-02-17T19:59:09.740 INFO:teuthology.orchestra.run.trial031.stdout:/usr/bin/ceph: stderr
2026-02-17T19:59:09.601+0000 7f1427227640 1 -- --> [v2:10.20.193.31:3300/0,v1:10.20.193.31:6789/0] -- mon_getmap magic: 0 -- 0x7f142007d910 con 0x7f142007ef50
2026-02-17T19:59:09.741 INFO:teuthology.orchestra.run.trial031.stdout:/usr/bin/ceph: stderr
2026-02-17T19:59:09.601+0000 7f1424f9c640 1 --2- >> [v2:10.20.193.31:3300/0,v1:10.20.193.31:6789/0] conn(0x7f142007ef50 0x7f142007d340 unknown :-1 s=BANNER_CONNECTING pgs=0 cs=0 l=0 rev1=0 crypto rx=0 tx=0 comp rx=0 tx=0)._handle_peer_banner_payload supported=3 required=0
2026-02-17T19:59:09.741 INFO:teuthology.orchestra.run.trial031.stdout:/usr/bin/ceph: stderr
2026-02-17T19:59:09.601+0000 7f1424f9c640 1 --2- >> [v2:10.20.193.31:3300/0,v1:10.20.193.31:6789/0] conn(0x7f142007ef50 0x7f142007d340 unknown :-1 s=HELLO_CONNECTING pgs=0 cs=0 l=0 rev1=1 crypto rx=0 tx=0 comp rx=0 tx=0).handle_hello peer v2:10.20.193.31:3300/0 says I am v2:10.20.193.31:47250/0 (socket says 10.20.193.31:47250)
2026-02-17T19:59:09.741 INFO:teuthology.orchestra.run.trial031.stdout:/usr/bin/ceph: stderr
2026-02-17T19:59:09.601+0000 7f1424f9c640 1 -- 10.20.193.31:0/3019655645 learned_addr learned my addr 10.20.193.31:0/3019655645 (peer_addr_for_me v2:10.20.193.31:0/0)
2026-02-17T19:59:09.741 INFO:teuthology.orchestra.run.trial031.stdout:/usr/bin/ceph: stderr
2026-02-17T19:59:09.601+0000 7f1424f9c640 1 -- 10.20.193.31:0/3019655645 --> [v2:10.20.193.31:3300/0,v1:10.20.193.31:6789/0] -- mon_subscribe({config=0+,monmap=0+}) -- 0x7f142007da90 con 0x7f142007ef50
2026-02-17T19:59:09.741 INFO:teuthology.orchestra.run.trial031.stdout:/usr/bin/ceph: stderr
2026-02-17T19:59:09.602+0000 7f1424f9c640 1 --2- 10.20.193.31:0/3019655645 >> [v2:10.20.193.31:3300/0,v1:10.20.193.31:6789/0] conn(0x7f142007ef50 0x7f142007d340 secure :-1 s=READY pgs=57 cs=0 l=1 rev1=1 crypto rx=0x7f1410009920 tx=0x7f141002ef20 comp rx=0 tx=0).ready entity=mon.0 client_cookie=dbce971041088e3a server_cookie=0 in_seq=0 out_seq=0
2026-02-17T19:59:09.741 INFO:teuthology.orchestra.run.trial031.stdout:/usr/bin/ceph: stderr
2026-02-17T19:59:09.602+0000 7f14177fe640 1 -- 10.20.193.31:0/3019655645 <== mon.0 v2:10.20.193.31:3300/0 1 ==== mon_map magic: 0 ==== 205+0+0 (secure 0 0 0) 0x7f141003c070 con 0x7f142007ef50
2026-02-17T19:59:09.741 INFO:teuthology.orchestra.run.trial031.stdout:/usr/bin/ceph: stderr
2026-02-17T19:59:09.602+0000 7f14177fe640 1 -- 10.20.193.31:0/3019655645 <== mon.0 v2:10.20.193.31:3300/0 2 ==== config(25 keys) ==== 1038+0+0 (secure 0 0 0) 0x7f1410037440 con 0x7f142007ef50
2026-02-17T19:59:09.741 INFO:teuthology.orchestra.run.trial031.stdout:/usr/bin/ceph: stderr
2026-02-17T19:59:09.602+0000 7f14177fe640 1 -- 10.20.193.31:0/3019655645 <== mon.0 v2:10.20.193.31:3300/0 3 ==== mon_map magic: 0 ==== 205+0+0 (secure 0 0 0) 0x7f14100354d0 con 0x7f142007ef50
2026-02-17T19:59:09.741 INFO:teuthology.orchestra.run.trial031.stdout:/usr/bin/ceph: stderr
2026-02-17T19:59:09.602+0000 7f1427227640 1 -- 10.20.193.31:0/3019655645 >> [v2:10.20.193.31:3300/0,v1:10.20.193.31:6789/0] conn(0x7f142007ef50 msgr2=0x7f142007d340 secure :-1 s=STATE_CONNECTION_ESTABLISHED l=1).mark_down
2026-02-17T19:59:09.741 INFO:teuthology.orchestra.run.trial031.stdout:/usr/bin/ceph: stderr
2026-02-17T19:59:09.602+0000 7f1427227640 1 --2- 10.20.193.31:0/3019655645 >> [v2:10.20.193.31:3300/0,v1:10.20.193.31:6789/0] conn(0x7f142007ef50 0x7f142007d340 secure :-1 s=READY pgs=57 cs=0 l=1 rev1=1 crypto rx=0x7f1410009920 tx=0x7f141002ef20 comp rx=0 tx=0).stop
2026-02-17T19:59:09.741 INFO:teuthology.orchestra.run.trial031.stdout:/usr/bin/ceph: stderr
2026-02-17T19:59:09.602+0000 7f1427227640 1 -- 10.20.193.31:0/3019655645 shutdown_connections
2026-02-17T19:59:09.741 INFO:teuthology.orchestra.run.trial031.stdout:/usr/bin/ceph: stderr
2026-02-17T19:59:09.602+0000 7f1427227640 1 --2- 10.20.193.31:0/3019655645 >> [v2:10.20.193.31:3300/0,v1:10.20.193.31:6789/0] conn(0x7f142007ef50 0x7f142007d340 unknown :-1 s=CLOSED pgs=57 cs=0 l=1 rev1=1 crypto rx=0 tx=0 comp rx=0 tx=0).stop
2026-02-17T19:59:09.742 INFO:teuthology.orchestra.run.trial031.stdout:/usr/bin/ceph: stderr
2026-02-17T19:59:09.602+0000 7f1427227640 1 -- 10.20.193.31:0/3019655645 >> 10.20.193.31:0/3019655645 conn(0x7f1420103950 msgr2=0x7f1420105d90 unknown :-1 s=STATE_NONE l=0).mark_down
2026-02-17T19:59:09.742 INFO:teuthology.orchestra.run.trial031.stdout:/usr/bin/ceph: stderr
2026-02-17T19:59:09.602+0000 7f1427227640 1 -- 10.20.193.31:0/3019655645 shutdown_connections
2026-02-17T19:59:09.742 INFO:teuthology.orchestra.run.trial031.stdout:/usr/bin/ceph: stderr
2026-02-17T19:59:09.602+0000 7f1427227640 1 -- 10.20.193.31:0/3019655645 wait complete.
2026-02-17T19:59:09.742 INFO:teuthology.orchestra.run.trial031.stdout:/usr/bin/ceph: stderr
2026-02-17T19:59:09.603+0000 7f1427227640 1 Processor -- start
2026-02-17T19:59:09.742 INFO:teuthology.orchestra.run.trial031.stdout:/usr/bin/ceph: stderr
2026-02-17T19:59:09.603+0000 7f1427227640 1 -- start start
2026-02-17T19:59:09.742 INFO:teuthology.orchestra.run.trial031.stdout:/usr/bin/ceph: stderr
2026-02-17T19:59:09.603+0000 7f1427227640 1 --2- >> [v2:10.20.193.31:3300/0,v1:10.20.193.31:6789/0] conn(0x7f142007ef50 0x7f14201a0240 unknown :-1 s=NONE pgs=0 cs=0 l=1 rev1=0 crypto rx=0 tx=0 comp rx=0 tx=0).connect
2026-02-17T19:59:09.742 INFO:teuthology.orchestra.run.trial031.stdout:/usr/bin/ceph: stderr
2026-02-17T19:59:09.603+0000 7f1427227640 1 -- --> [v2:10.20.193.31:3300/0,v1:10.20.193.31:6789/0] -- mon_getmap magic: 0 -- 0x7f142010e7c0 con 0x7f142007ef50
2026-02-17T19:59:09.742 INFO:teuthology.orchestra.run.trial031.stdout:/usr/bin/ceph: stderr
2026-02-17T19:59:09.603+0000 7f1424f9c640 1 --2- >> [v2:10.20.193.31:3300/0,v1:10.20.193.31:6789/0] conn(0x7f142007ef50 0x7f14201a0240 unknown :-1 s=BANNER_CONNECTING pgs=0 cs=0 l=1 rev1=0 crypto rx=0 tx=0 comp rx=0 tx=0)._handle_peer_banner_payload supported=3 required=0
2026-02-17T19:59:09.742 INFO:teuthology.orchestra.run.trial031.stdout:/usr/bin/ceph: stderr
2026-02-17T19:59:09.603+0000 7f1424f9c640 1 --2- >> [v2:10.20.193.31:3300/0,v1:10.20.193.31:6789/0] conn(0x7f142007ef50 0x7f14201a0240 unknown :-1 s=HELLO_CONNECTING pgs=0 cs=0 l=1 rev1=1 crypto rx=0 tx=0 comp rx=0 tx=0).handle_hello peer v2:10.20.193.31:3300/0 says I am v2:10.20.193.31:47262/0 (socket says 10.20.193.31:47262)
2026-02-17T19:59:09.742 INFO:teuthology.orchestra.run.trial031.stdout:/usr/bin/ceph: stderr
2026-02-17T19:59:09.603+0000 7f1424f9c640 1 -- 10.20.193.31:0/3110598714 learned_addr learned my addr 10.20.193.31:0/3110598714 (peer_addr_for_me v2:10.20.193.31:0/0)
2026-02-17T19:59:09.742 INFO:teuthology.orchestra.run.trial031.stdout:/usr/bin/ceph: stderr
2026-02-17T19:59:09.603+0000 7f1424f9c640 1 -- 10.20.193.31:0/3110598714 --> [v2:10.20.193.31:3300/0,v1:10.20.193.31:6789/0] -- mon_subscribe({config=0+,monmap=0+}) -- 0x7f14201a0780 con 0x7f142007ef50
2026-02-17T19:59:09.742 INFO:teuthology.orchestra.run.trial031.stdout:/usr/bin/ceph: stderr
2026-02-17T19:59:09.603+0000 7f1424f9c640 1 --2- 10.20.193.31:0/3110598714 >> [v2:10.20.193.31:3300/0,v1:10.20.193.31:6789/0] conn(0x7f142007ef50 0x7f14201a0240 secure :-1 s=READY pgs=58 cs=0 l=1 rev1=1 crypto rx=0x7f1410037850 tx=0x7f1410037880 comp rx=0 tx=0).ready entity=mon.0 client_cookie=0 server_cookie=0 in_seq=0 out_seq=0
2026-02-17T19:59:09.743 INFO:teuthology.orchestra.run.trial031.stdout:/usr/bin/ceph: stderr
2026-02-17T19:59:09.603+0000 7f1415ffb640 1 -- 10.20.193.31:0/3110598714 <== mon.0 v2:10.20.193.31:3300/0 1 ==== mon_map magic: 0 ==== 205+0+0 (secure 0 0 0) 0x7f141003c070 con 0x7f142007ef50
2026-02-17T19:59:09.743 INFO:teuthology.orchestra.run.trial031.stdout:/usr/bin/ceph: stderr
