2026-02-17T20:01:40.901+0000 7f2c03fff640 1 --2- 10.20.193.136:0/3169551593 >> [v2:10.20.193.136:6800/3777195325,v1:10.20.193.136:6801/3777195325] conn(0x7f2be803dc40 0x7f2be8040100 unknown :-1 s=START_CONNECT pgs=0 cs=0 l=1 rev1=0 crypto rx=0 tx=0 comp rx=0 tx=0)._fault waiting 0.400000
2026-02-17T20:01:43.573 INFO:teuthology.orchestra.run.trial136.stdout:/usr/bin/ceph: stderr
2026-02-17T20:01:41.302+0000 7f2c03fff640 1 -- 10.20.193.136:0/3169551593 >> [v2:10.20.193.136:6800/3777195325,v1:10.20.193.136:6801/3777195325] conn(0x7f2be803dc40 msgr2=0x7f2be8040100 unknown :-1 s=STATE_CONNECTING_RE l=1).process reconnect failed to v2:10.20.193.136:6800/3777195325
2026-02-17T20:01:43.573 INFO:teuthology.orchestra.run.trial136.stdout:/usr/bin/ceph: stderr
2026-02-17T20:01:41.302+0000 7f2c03fff640 1 --2- 10.20.193.136:0/3169551593 >> [v2:10.20.193.136:6800/3777195325,v1:10.20.193.136:6801/3777195325] conn(0x7f2be803dc40 0x7f2be8040100 unknown :-1 s=START_CONNECT pgs=0 cs=0 l=1 rev1=0 crypto rx=0 tx=0 comp rx=0 tx=0)._fault waiting 0.800000
2026-02-17T20:01:43.573 INFO:teuthology.orchestra.run.trial136.stdout:/usr/bin/ceph: stderr
2026-02-17T20:01:42.103+0000 7f2c03fff640 1 -- 10.20.193.136:0/3169551593 >> [v2:10.20.193.136:6800/3777195325,v1:10.20.193.136:6801/3777195325] conn(0x7f2be803dc40 msgr2=0x7f2be8040100 unknown :-1 s=STATE_CONNECTING_RE l=1).process reconnect failed to v2:10.20.193.136:6800/3777195325
2026-02-17T20:01:43.573 INFO:teuthology.orchestra.run.trial136.stdout:/usr/bin/ceph: stderr
2026-02-17T20:01:42.103+0000 7f2c03fff640 1 --2- 10.20.193.136:0/3169551593 >> [v2:10.20.193.136:6800/3777195325,v1:10.20.193.136:6801/3777195325] conn(0x7f2be803dc40 0x7f2be8040100 unknown :-1 s=START_CONNECT pgs=0 cs=0 l=1 rev1=0 crypto rx=0 tx=0 comp rx=0 tx=0)._fault waiting 1.600000
2026-02-17T20:01:43.573 INFO:teuthology.orchestra.run.trial136.stdout:/usr/bin/ceph: stderr
2026-02-17T20:01:42.532+0000 7f2c01ffb640 1 -- 10.20.193.136:0/3169551593 <== mon.0 v2:10.20.193.136:3300/0 6 ==== mgrmap(e 10) ==== 50041+0+0 (secure 0 0 0) 0x7f2bfc075130 con 0x7f2c0c109880
2026-02-17T20:01:43.573 INFO:teuthology.orchestra.run.trial136.stdout:/usr/bin/ceph: stderr
2026-02-17T20:01:42.532+0000 7f2c01ffb640 1 -- 10.20.193.136:0/3169551593 >> [v2:10.20.193.136:6800/3777195325,v1:10.20.193.136:6801/3777195325] conn(0x7f2be803dc40 msgr2=0x7f2be8040100 unknown :-1 s=STATE_CONNECTING l=1).mark_down
2026-02-17T20:01:43.573 INFO:teuthology.orchestra.run.trial136.stdout:/usr/bin/ceph: stderr
2026-02-17T20:01:42.532+0000 7f2c01ffb640 1 --2- 10.20.193.136:0/3169551593 >> [v2:10.20.193.136:6800/3777195325,v1:10.20.193.136:6801/3777195325] conn(0x7f2be803dc40 0x7f2be8040100 unknown :-1 s=START_CONNECT pgs=0 cs=0 l=1 rev1=0 crypto rx=0 tx=0 comp rx=0 tx=0).stop
2026-02-17T20:01:43.573 INFO:teuthology.orchestra.run.trial136.stdout:/usr/bin/ceph: stderr
2026-02-17T20:01:43.533+0000 7f2c01ffb640 1 -- 10.20.193.136:0/3169551593 <== mon.0 v2:10.20.193.136:3300/0 7 ==== mgrmap(e 11) ==== 50168+0+0 (secure 0 0 0) 0x7f2bfc077aa0 con 0x7f2c0c109880
2026-02-17T20:01:43.573 INFO:teuthology.orchestra.run.trial136.stdout:/usr/bin/ceph: stderr
2026-02-17T20:01:43.533+0000 7f2c01ffb640 1 --2- 10.20.193.136:0/3169551593 >> [v2:10.20.193.136:6800/147929557,v1:10.20.193.136:6801/147929557] conn(0x7f2be8041720 0x7f2be8043b10 unknown :-1 s=NONE pgs=0 cs=0 l=1 rev1=0 crypto rx=0 tx=0 comp rx=0 tx=0).connect
2026-02-17T20:01:43.574 INFO:teuthology.orchestra.run.trial136.stdout:/usr/bin/ceph: stderr
2026-02-17T20:01:43.533+0000 7f2c01ffb640 1 -- 10.20.193.136:0/3169551593 --> [v2:10.20.193.136:6800/147929557,v1:10.20.193.136:6801/147929557] -- command(tid 0: {"prefix": "get_command_descriptions"}) -- 0x7f2be8040810 con 0x7f2be8041720
2026-02-17T20:01:43.574 INFO:teuthology.orchestra.run.trial136.stdout:/usr/bin/ceph: stderr
2026-02-17T20:01:43.533+0000 7f2c03fff640 1 --2- 10.20.193.136:0/3169551593 >> [v2:10.20.193.136:6800/147929557,v1:10.20.193.136:6801/147929557] conn(0x7f2be8041720 0x7f2be8043b10 unknown :-1 s=BANNER_CONNECTING pgs=0 cs=0 l=1 rev1=0 crypto rx=0 tx=0 comp rx=0 tx=0)._handle_peer_banner_payload supported=3 required=0
2026-02-17T20:01:43.574 INFO:teuthology.orchestra.run.trial136.stdout:/usr/bin/ceph: stderr
2026-02-17T20:01:43.534+0000 7f2c03fff640 1 --2- 10.20.193.136:0/3169551593 >> [v2:10.20.193.136:6800/147929557,v1:10.20.193.136:6801/147929557] conn(0x7f2be8041720 0x7f2be8043b10 secure :-1 s=READY pgs=2 cs=0 l=1 rev1=1 crypto rx=0x7f2bf4003a80 tx=0x7f2bf40092b0 comp rx=0 tx=0).ready entity=mgr.14162 client_cookie=0 server_cookie=0 in_seq=0 out_seq=0
2026-02-17T20:01:43.574 INFO:teuthology.orchestra.run.trial136.stdout:/usr/bin/ceph: stderr
2026-02-17T20:01:43.534+0000 7f2c01ffb640 1 -- 10.20.193.136:0/3169551593 <== mgr.14162 v2:10.20.193.136:6800/147929557 1 ==== command_reply(tid 0: 0 ) ==== 8+0+8901 (secure 0 0 0) 0x7f2be8040810 con 0x7f2be8041720
2026-02-17T20:01:43.574 INFO:teuthology.orchestra.run.trial136.stdout:/usr/bin/ceph: stderr
2026-02-17T20:01:43.538+0000 7f2c12b0f640 1 -- 10.20.193.136:0/3169551593 --> [v2:10.20.193.136:6800/147929557,v1:10.20.193.136:6801/147929557] -- command(tid 1: {"prefix": "mgr_status"}) -- 0x7f2c0c109d00 con 0x7f2be8041720
2026-02-17T20:01:43.574 INFO:teuthology.orchestra.run.trial136.stdout:/usr/bin/ceph: stderr
2026-02-17T20:01:43.538+0000 7f2c01ffb640 1 -- 10.20.193.136:0/3169551593 <== mgr.14162 v2:10.20.193.136:6800/147929557 2 ==== command_reply(tid 1: 0 ) ==== 8+0+52 (secure 0 0 0) 0x7f2c0c109d00 con 0x7f2be8041720
2026-02-17T20:01:43.574 INFO:teuthology.orchestra.run.trial136.stdout:/usr/bin/ceph: stderr
2026-02-17T20:01:43.538+0000 7f2c12b0f640 1 -- 10.20.193.136:0/3169551593 >> [v2:10.20.193.136:6800/147929557,v1:10.20.193.136:6801/147929557] conn(0x7f2be8041720 msgr2=0x7f2be8043b10 secure :-1 s=STATE_CONNECTION_ESTABLISHED l=1).mark_down
2026-02-17T20:01:43.574 INFO:teuthology.orchestra.run.trial136.stdout:/usr/bin/ceph: stderr
2026-02-17T20:01:43.538+0000 7f2c12b0f640 1 --2- 10.20.193.136:0/3169551593 >> [v2:10.20.193.136:6800/147929557,v1:10.20.193.136:6801/147929557] conn(0x7f2be8041720 0x7f2be8043b10 secure :-1 s=READY pgs=2 cs=0 l=1 rev1=1 crypto rx=0x7f2bf4003a80 tx=0x7f2bf40092b0 comp rx=0 tx=0).stop
2026-02-17T20:01:43.574 INFO:teuthology.orchestra.run.trial136.stdout:/usr/bin/ceph: stderr
2026-02-17T20:01:43.538+0000 7f2c12b0f640 1 -- 10.20.193.136:0/3169551593 >> [v2:10.20.193.136:3300/0,v1:10.20.193.136:6789/0] conn(0x7f2c0c109880 msgr2=0x7f2c0c19f700 secure :-1 s=STATE_CONNECTION_ESTABLISHED l=1).mark_down
2026-02-17T20:01:43.574 INFO:teuthology.orchestra.run.trial136.stdout:/usr/bin/ceph: stderr
2026-02-17T20:01:43.538+0000 7f2c12b0f640 1 --2- 10.20.193.136:0/3169551593 >> [v2:10.20.193.136:3300/0,v1:10.20.193.136:6789/0] conn(0x7f2c0c109880 0x7f2c0c19f700 secure :-1 s=READY pgs=72 cs=0 l=1 rev1=1 crypto rx=0x7f2bfc002410 tx=0x7f2bfc0379e0 comp rx=0 tx=0).stop
2026-02-17T20:01:43.574 INFO:teuthology.orchestra.run.trial136.stdout:/usr/bin/ceph: stderr
2026-02-17T20:01:43.538+0000 7f2c12b0f640 1 -- 10.20.193.136:0/3169551593 shutdown_connections
2026-02-17T20:01:43.574 INFO:teuthology.orchestra.run.trial136.stdout:/usr/bin/ceph: stderr
2026-02-17T20:01:43.538+0000 7f2c12b0f640 1 --2- 10.20.193.136:0/3169551593 >> [v2:10.20.193.136:6800/147929557,v1:10.20.193.136:6801/147929557] conn(0x7f2be8041720 0x7f2be8043b10 unknown :-1 s=CLOSED pgs=2 cs=0 l=1 rev1=1 crypto rx=0 tx=0 comp rx=0 tx=0).stop
2026-02-17T20:01:43.575 INFO:teuthology.orchestra.run.trial136.stdout:/usr/bin/ceph: stderr
2026-02-17T20:01:43.538+0000 7f2c12b0f640 1 --2- 10.20.193.136:0/3169551593 >> [v2:10.20.193.136:6800/3777195325,v1:10.20.193.136:6801/3777195325] conn(0x7f2be803dc40 0x7f2be8040100 unknown :-1 s=CLOSED pgs=0 cs=0 l=1 rev1=0 crypto rx=0 tx=0 comp rx=0 tx=0).stop
2026-02-17T20:01:43.575 INFO:teuthology.orchestra.run.trial136.stdout:/usr/bin/ceph: stderr
2026-02-17T20:01:43.538+0000 7f2c12b0f640 1 --2- 10.20.193.136:0/3169551593 >> [v2:10.20.193.136:3300/0,v1:10.20.193.136:6789/0] conn(0x7f2c0c109880 0x7f2c0c19f700 unknown :-1 s=CLOSED pgs=72 cs=0 l=1 rev1=1 crypto rx=0 tx=0 comp rx=0 tx=0).stop
2026-02-17T20:01:43.575 INFO:teuthology.orchestra.run.trial136.stdout:/usr/bin/ceph: stderr
2026-02-17T20:01:43.538+0000 7f2c12b0f640 1 -- 10.20.193.136:0/3169551593 >> 10.20.193.136:0/3169551593 conn(0x7f2c0c07ce10 msgr2=0x7f2c0c106fd0 unknown :-1 s=STATE_NONE l=0).mark_down
2026-02-17T20:01:43.575 INFO:teuthology.orchestra.run.trial136.stdout:/usr/bin/ceph: stderr
2026-02-17T20:01:43.538+0000 7f2c12b0f640 1 -- 10.20.193.136:0/3169551593 shutdown_connections
2026-02-17T20:01:43.575 INFO:teuthology.orchestra.run.trial136.stdout:/usr/bin/ceph: stderr
2026-02-17T20:01:43.538+0000 7f2c12b0f640 1 -- 10.20.193.136:0/3169551593 wait complete.
2026-02-17T20:01:43.575 INFO:teuthology.orchestra.run.trial136.stdout:mgr epoch 9 is available
2026-02-17T20:01:43.575 INFO:teuthology.orchestra.run.trial136.stdout:Generating a dashboard self-signed certificate...
2026-02-17T20:01:43.841 INFO:teuthology.orchestra.run.trial136.stdout:/usr/bin/ceph: stdout Self-signed certificate created
2026-02-17T20:01:43.841 INFO:teuthology.orchestra.run.trial136.stdout:/usr/bin/ceph: stderr
2026-02-17T20:01:43.657+0000 7f65a716a640 1 Processor -- start
2026-02-17T20:01:43.841 INFO:teuthology.orchestra.run.trial136.stdout:/usr/bin/ceph: stderr
2026-02-17T20:01:43.657+0000 7f65a716a640 1 -- start start
2026-02-17T20:01:43.841 INFO:teuthology.orchestra.run.trial136.stdout:/usr/bin/ceph: stderr
2026-02-17T20:01:43.657+0000 7f65a716a640 1 --2- >> [v2:10.20.193.136:3300/0,v1:10.20.193.136:6789/0] conn(0x7f65a0109880 0x7f65a0109c80 unknown :-1 s=NONE pgs=0 cs=0 l=0 rev1=0 crypto rx=0 tx=0 comp rx=0 tx=0).connect
2026-02-17T20:01:43.842 INFO:teuthology.orchestra.run.trial136.stdout:/usr/bin/ceph: stderr
2026-02-17T20:01:43.657+0000 7f65a716a640 1 -- --> [v2:10.20.193.136:3300/0,v1:10.20.193.136:6789/0] -- mon_getmap magic: 0 -- 0x7f65a010a250 con 0x7f65a0109880
2026-02-17T20:01:43.842 INFO:teuthology.orchestra.run.trial136.stdout:/usr/bin/ceph: stderr
2026-02-17T20:01:43.657+0000 7f65a4edf640 1 --2- >> [v2:10.20.193.136:3300/0,v1:10.20.193.136:6789/0] conn(0x7f65a0109880 0x7f65a0109c80 unknown :-1 s=BANNER_CONNECTING pgs=0 cs=0 l=0 rev1=0 crypto rx=0 tx=0 comp rx=0 tx=0)._handle_peer_banner_payload supported=3 required=0
2026-02-17T20:01:43.842 INFO:teuthology.orchestra.run.trial136.stdout:/usr/bin/ceph: stderr
2026-02-17T20:01:43.658+0000 7f65a4edf640 1 --2- >> [v2:10.20.193.136:3300/0,v1:10.20.193.136:6789/0] conn(0x7f65a0109880 0x7f65a0109c80 unknown :-1 s=HELLO_CONNECTING pgs=0 cs=0 l=0 rev1=1 crypto rx=0 tx=0 comp rx=0 tx=0).handle_hello peer v2:10.20.193.136:3300/0 says I am v2:10.20.193.136:40240/0 (socket says 10.20.193.136:40240)
2026-02-17T20:01:43.842 INFO:teuthology.orchestra.run.trial136.stdout:/usr/bin/ceph: stderr
2026-02-17T20:01:43.658+0000 7f65a4edf640 1 -- 10.20.193.136:0/3995304408 learned_addr learned my addr 10.20.193.136:0/3995304408 (peer_addr_for_me v2:10.20.193.136:0/0)
2026-02-17T20:01:43.842 INFO:teuthology.orchestra.run.trial136.stdout:/usr/bin/ceph: stderr
2026-02-17T20:01:43.658+0000 7f65a4edf640 1 -- 10.20.193.136:0/3995304408 --> [v2:10.20.193.136:3300/0,v1:10.20.193.136:6789/0] -- mon_subscribe({config=0+,monmap=0+}) -- 0x7f65a010aa80 con 0x7f65a0109880
2026-02-17T20:01:43.842 INFO:teuthology.orchestra.run.trial136.stdout:/usr/bin/ceph: stderr
2026-02-17T20:01:43.658+0000 7f65a4edf640 1 --2- 10.20.193.136:0/3995304408 >> [v2:10.20.193.136:3300/0,v1:10.20.193.136:6789/0] conn(0x7f65a0109880 0x7f65a0109c80 secure :-1 s=READY pgs=80 cs=0 l=1 rev1=1 crypto rx=0x7f6590009920 tx=0x7f659002ef20 comp rx=0 tx=0).ready entity=mon.0 client_cookie=c83a9ccedf329eb6 server_cookie=0 in_seq=0 out_seq=0
2026-02-17T20:01:43.842 INFO:teuthology.orchestra.run.trial136.stdout:/usr/bin/ceph: stderr
2026-02-17T20:01:43.658+0000 7f65977fe640 1 -- 10.20.193.136:0/3995304408 <== mon.0 v2:10.20.193.136:3300/0 1 ==== mon_map magic: 0 ==== 226+0+0 (secure 0 0 0) 0x7f659003c070 con 0x7f65a0109880
2026-02-17T20:01:43.842 INFO:teuthology.orchestra.run.trial136.stdout:/usr/bin/ceph: stderr
2026-02-17T20:01:43.658+0000 7f65977fe640 1 -- 10.20.193.136:0/3995304408 <== mon.0 v2:10.20.193.136:3300/0 2 ==== config(25 keys) ==== 1038+0+0 (secure 0 0 0) 0x7f659002fe20 con 0x7f65a0109880
2026-02-17T20:01:43.842 INFO:teuthology.orchestra.run.trial136.stdout:/usr/bin/ceph: stderr
2026-02-17T20:01:43.658+0000 7f65977fe640 1 -- 10.20.193.136:0/3995304408 <== mon.0 v2:10.20.193.136:3300/0 3 ==== mon_map magic: 0 ==== 226+0+0 (secure 0 0 0) 0x7f6590035340 con 0x7f65a0109880
2026-02-17T20:01:43.842 INFO:teuthology.orchestra.run.trial136.stdout:/usr/bin/ceph: stderr
2026-02-17T20:01:43.659+0000 7f65a716a640 1 -- 10.20.193.136:0/3995304408 >> [v2:10.20.193.136:3300/0,v1:10.20.193.136:6789/0] conn(0x7f65a0109880 msgr2=0x7f65a0109c80 secure :-1 s=STATE_CONNECTION_ESTABLISHED l=1).mark_down
2026-02-17T20:01:43.842 INFO:teuthology.orchestra.run.trial136.stdout:/usr/bin/ceph: stderr
2026-02-17T20:01:43.659+0000 7f65a716a640 1 --2- 10.20.193.136:0/3995304408 >> [v2:10.20.193.136:3300/0,v1:10.20.193.136:6789/0] conn(0x7f65a0109880 0x7f65a0109c80 secure :-1 s=READY pgs=80 cs=0 l=1 rev1=1 crypto rx=0x7f6590009920 tx=0x7f659002ef20 comp rx=0 tx=0).stop
2026-02-17T20:01:43.843 INFO:teuthology.orchestra.run.trial136.stdout:/usr/bin/ceph: stderr
2026-02-17T20:01:43.659+0000 7f65a716a640 1 -- 10.20.193.136:0/3995304408 shutdown_connections
2026-02-17T20:01:43.843 INFO:teuthology.orchestra.run.trial136.stdout:/usr/bin/ceph: stderr
2026-02-17T20:01:43.659+0000 7f65a716a640 1 --2- 10.20.193.136:0/3995304408 >> [v2:10.20.193.136:3300/0,v1:10.20.193.136:6789/0] conn(0x7f65a0109880 0x7f65a0109c80 unknown :-1 s=CLOSED pgs=80 cs=0 l=1 rev1=1 crypto rx=0 tx=0 comp rx=0 tx=0).stop
2026-02-17T20:01:43.843 INFO:teuthology.orchestra.run.trial136.stdout:/usr/bin/ceph: stderr
2026-02-17T20:01:43.659+0000 7f65a716a640 1 -- 10.20.193.136:0/3995304408 >> 10.20.193.136:0/3995304408 conn(0x7f65a007ce10 msgr2=0x7f65a007d220 unknown :-1 s=STATE_NONE l=0).mark_down
2026-02-17T20:01:43.843 INFO:teuthology.orchestra.run.trial136.stdout:/usr/bin/ceph: stderr
2026-02-17T20:01:43.659+0000 7f65a716a640 1 -- 10.20.193.136:0/3995304408 shutdown_connections
2026-02-17T20:01:43.843 INFO:teuthology.orchestra.run.trial136.stdout:/usr/bin/ceph: stderr
2026-02-17T20:01:43.659+0000 7f65a716a640 1 -- 10.20.193.136:0/3995304408 wait complete.
2026-02-17T20:01:43.843 INFO:teuthology.orchestra.run.trial136.stdout:/usr/bin/ceph: stderr
2026-02-17T20:01:43.659+0000 7f65a716a640 1 Processor -- start
2026-02-17T20:01:43.843 INFO:teuthology.orchestra.run.trial136.stdout:/usr/bin/ceph: stderr
2026-02-17T20:01:43.659+0000 7f65a716a640 1 -- start start
2026-02-17T20:01:43.843 INFO:teuthology.orchestra.run.trial136.stdout:/usr/bin/ceph: stderr
2026-02-17T20:01:43.659+0000 7f65a716a640 1 --2- >> [v2:10.20.193.136:3300/0,v1:10.20.193.136:6789/0] conn(0x7f65a0109880 0x7f65a019f6d0 unknown :-1 s=NONE pgs=0 cs=0 l=1 rev1=0 crypto rx=0 tx=0 comp rx=0 tx=0).connect
2026-02-17T20:01:43.843 INFO:teuthology.orchestra.run.trial136.stdout:/usr/bin/ceph: stderr
2026-02-17T20:01:43.659+0000 7f65a716a640 1 -- --> [v2:10.20.193.136:3300/0,v1:10.20.193.136:6789/0] -- mon_getmap magic: 0 -- 0x7f65a010dcb0 con 0x7f65a0109880
2026-02-17T20:01:43.843 INFO:teuthology.orchestra.run.trial136.stdout:/usr/bin/ceph: stderr
2026-02-17T20:01:43.659+0000 7f65a4edf640 1 --2- >> [v2:10.20.193.136:3300/0,v1:10.20.193.136:6789/0] conn(0x7f65a0109880 0x7f65a019f6d0 unknown :-1 s=BANNER_CONNECTING pgs=0 cs=0 l=1 rev1=0 crypto rx=0 tx=0 comp rx=0 tx=0)._handle_peer_banner_payload supported=3 required=0
2026-02-17T20:01:43.844 INFO:teuthology.orchestra.run.trial136.stdout:/usr/bin/ceph: stderr
2026-02-17T20:01:43.659+0000 7f65a4edf640 1 --2- >> [v2:10.20.193.136:3300/0,v1:10.20.193.136:6789/0] conn(0x7f65a0109880 0x7f65a019f6d0 unknown :-1 s=HELLO_CONNECTING pgs=0 cs=0 l=1 rev1=1 crypto rx=0 tx=0 comp rx=0 tx=0).handle_hello peer v2:10.20.193.136:3300/0 says I am v2:10.20.193.136:40250/0 (socket says 10.20.193.136:40250)
2026-02-17T20:01:43.844 INFO:teuthology.orchestra.run.trial136.stdout:/usr/bin/ceph: stderr
2026-02-17T20:01:43.659+0000 7f65a4edf640 1 -- 10.20.193.136:0/3069256453 learned_addr learned my addr 10.20.193.136:0/3069256453 (peer_addr_for_me v2:10.20.193.136:0/0)
2026-02-17T20:01:43.844 INFO:teuthology.orchestra.run.trial136.stdout:/usr/bin/ceph: stderr
2026-02-17T20:01:43.659+0000 7f65a4edf640 1 -- 10.20.193.136:0/3069256453 --> [v2:10.20.193.136:3300/0,v1:10.20.193.136:6789/0] -- mon_subscribe({config=0+,monmap=0+}) -- 0x7f65a019fc10 con 0x7f65a0109880
2026-02-17T20:01:43.844 INFO:teuthology.orchestra.run.trial136.stdout:/usr/bin/ceph: stderr
2026-02-17T20:01:43.660+0000 7f65a4edf640 1 --2- 10.20.193.136:0/3069256453 >> [v2:10.20.193.136:3300/0,v1:10.20.193.136:6789/0] conn(0x7f65a0109880 0x7f65a019f6d0 secure :-1 s=READY pgs=81 cs=0 l=1 rev1=1 crypto rx=0x7f65900091b0 tx=0x7f6590037a50 comp rx=0 tx=0).ready entity=mon.0 client_cookie=0 server_cookie=0 in_seq=0 out_seq=0
2026-02-17T20:01:43.844 INFO:teuthology.orchestra.run.trial136.stdout:/usr/bin/ceph: stderr
2026-02-17T20:01:43.660+0000 7f6595ffb640 1 -- 10.20.193.136:0/3069256453 <== mon.0 v2:10.20.193.136:3300/0 1 ==== mon_map magic: 0 ==== 226+0+0 (secure 0 0 0) 0x7f65900359a0 con 0x7f65a0109880
2026-02-17T20:01:43.844 INFO:teuthology.orchestra.run.trial136.stdout:/usr/bin/ceph: stderr
2026-02-17T20:01:43.660+0000 7f6595ffb640 1 -- 10.20.193.136:0/3069256453 <== mon.0 v2:10.20.193.136:3300/0 2 ==== config(25 keys) ==== 1038+0+0 (secure 0 0 0) 0x7f6590043430 con 0x7f65a0109880
2026-02-17T20:01:43.844 INFO:teuthology.orchestra.run.trial136.stdout:/usr/bin/ceph: stderr
2026-02-17T20:01:43.660+0000 7f65a716a640 1 -- 10.20.193.136:0/3069256453 --> [v2:10.20.193.136:3300/0,v1:10.20.193.136:6789/0] -- mon_subscribe({mgrmap=0+}) -- 0x7f65a019fea0 con 0x7f65a0109880
2026-02-17T20:01:43.844 INFO:teuthology.orchestra.run.trial136.stdout:/usr/bin/ceph: stderr
2026-02-17T20:01:43.660+0000 7f6595ffb640 1 -- 10.20.193.136:0/3069256453 <== mon.0 v2:10.20.193.136:3300/0 3 ==== mon_map magic: 0 ==== 226+0+0 (secure 0 0 0) 0x7f6590042590 con 0x7f65a0109880
2026-02-17T20:01:43.844 INFO:teuthology.orchestra.run.trial136.stdout:/usr/bin/ceph: stderr
2026-02-17T20:01:43.660+0000 7f65a716a640 1 -- 10.20.193.136:0/3069256453 --> [v2:10.20.193.136:3300/0,v1:10.20.193.136:6789/0] -- mon_subscribe({osdmap=0}) -- 0x7f65a01a2b90 con 0x7f65a0109880
2026-02-17T20:01:43.844 INFO:teuthology.orchestra.run.trial136.stdout:/usr/bin/ceph: stderr
2026-02-17T20:01:43.660+0000 7f65a716a640 1 -- 10.20.193.136:0/3069256453 --> [v2:10.20.193.136:3300/0,v1:10.20.193.136:6789/0] -- mon_command({"prefix": "get_command_descriptions"} v 0) -- 0x7f65a01a0380 con 0x7f65a0109880
2026-02-17T20:01:43.845 INFO:teuthology.orchestra.run.trial136.stdout:/usr/bin/ceph: stderr
2026-02-17T20:01:43.660+0000 7f6595ffb640 1 -- 10.20.193.136:0/3069256453 <== mon.0 v2:10.20.193.136:3300/0 4 ==== mgrmap(e 11) ==== 50168+0+0 (secure 0 0 0) 0x7f6590035b40 con 0x7f65a0109880
2026-02-17T20:01:43.845 INFO:teuthology.orchestra.run.trial136.stdout:/usr/bin/ceph: stderr
2026-02-17T20:01:43.661+0000 7f6595ffb640 1 --2- 10.20.193.136:0/3069256453 >> [v2:10.20.193.136:6800/147929557,v1:10.20.193.136:6801/147929557] conn(0x7f657c03dad0 0x7f657c03ff90 unknown :-1 s=NONE pgs=0 cs=0 l=1 rev1=0 crypto rx=0 tx=0 comp rx=0 tx=0).connect
2026-02-17T20:01:43.845 INFO:teuthology.orchestra.run.trial136.stdout:/usr/bin/ceph: stderr
2026-02-17T20:01:43.661+0000 7f6595ffb640 1 -- 10.20.193.136:0/3069256453 <== mon.0 v2:10.20.193.136:3300/0 5 ==== osd_map(3..3 src has 1..3) ==== 1155+0+0 (secure 0 0 0) 0x7f65900766a0 con 0x7f65a0109880
2026-02-17T20:01:43.845 INFO:teuthology.orchestra.run.trial136.stdout:/usr/bin/ceph: stderr
2026-02-17T20:01:43.661+0000 7f6597fff640 1 --2- 10.20.193.136:0/3069256453 >> [v2:10.20.193.136:6800/147929557,v1:10.20.193.136:6801/147929557] conn(0x7f657c03dad0 0x7f657c03ff90 unknown :-1 s=BANNER_CONNECTING pgs=0 cs=0 l=1 rev1=0 crypto rx=0 tx=0 comp rx=0 tx=0)._handle_peer_banner_payload supported=3 required=0
2026-02-17T20:01:43.845 INFO:teuthology.orchestra.run.trial136.stdout:/usr/bin/ceph: stderr
2026-02-17T20:01:43.661+0000 7f6597fff640 1 --2- 10.20.193.136:0/3069256453 >> [v2:10.20.193.136:6800/147929557,v1:10.20.193.136:6801/147929557] conn(0x7f657c03dad0 0x7f657c03ff90 secure :-1 s=READY pgs=7 cs=0 l=1 rev1=1 crypto rx=0x7f65880099c0 tx=0x7f6588006eb0 comp rx=0 tx=0).ready entity=mgr.14162 client_cookie=0 server_cookie=0 in_seq=0 out_seq=0
2026-02-17T20:01:43.845 INFO:teuthology.orchestra.run.trial136.stdout:/usr/bin/ceph: stderr
2026-02-17T20:01:43.663+0000 7f6595ffb640 1 -- 10.20.193.136:0/3069256453 <== mon.0 v2:10.20.193.136:3300/0 6 ==== mon_command_ack([{"prefix": "get_command_descriptions"}]=0 v0) ==== 72+0+195034 (secure 0 0 0) 0x7f65a01a0380 con 0x7f65a0109880
2026-02-17T20:01:43.845 INFO:teuthology.orchestra.run.trial136.stdout:/usr/bin/ceph: stderr
2026-02-17T20:01:43.748+0000 7f65a716a640 1 -- 10.20.193.136:0/3069256453 --> [v2:10.20.193.136:6800/147929557,v1:10.20.193.136:6801/147929557] -- mgr_command(tid 0: {"prefix": "dashboard create-self-signed-cert", "target": ["mon-mgr", ""]}) -- 0x7f65a01076e0 con 0x7f657c03dad0
2026-02-17T20:01:43.845 INFO:teuthology.orchestra.run.trial136.stdout:/usr/bin/ceph: stderr
2026-02-17T20:01:43.812+0000 7f6595ffb640 1 -- 10.20.193.136:0/3069256453 <== mgr.14162 v2:10.20.193.136:6800/147929557 1 ==== mgr_command_reply(tid 0: 0 ) ==== 8+0+32 (secure 0 0 0) 0x7f65a01076e0 con 0x7f657c03dad0
2026-02-17T20:01:43.845 INFO:teuthology.orchestra.run.trial136.stdout:/usr/bin/ceph: stderr
2026-02-17T20:01:43.813+0000 7f65a716a640 1 -- 10.20.193.136:0/3069256453 >> [v2:10.20.193.136:6800/147929557,v1:10.20.193.136:6801/147929557] conn(0x7f657c03dad0 msgr2=0x7f657c03ff90 secure :-1 s=STATE_CONNECTION_ESTABLISHED l=1).mark_down
2026-02-17T20:01:43.845 INFO:teuthology.orchestra.run.trial136.stdout:/usr/bin/ceph: stderr
2026-02-17T20:01:43.813+0000 7f65a716a640 1 --2- 10.20.193.136:0/3069256453 >> [v2:10.20.193.136:6800/147929557,v1:10.20.193.136:6801/147929557] conn(0x7f657c03dad0 0x7f657c03ff90 secure :-1 s=READY pgs=7 cs=0 l=1 rev1=1 crypto rx=0x7f65880099c0 tx=0x7f6588006eb0 comp rx=0 tx=0).stop
2026-02-17T20:01:43.846 INFO:teuthology.orchestra.run.trial136.stdout:/usr/bin/ceph: stderr
2026-02-17T20:01:43.813+0000 7f65a716a640 1 -- 10.20.193.136:0/3069256453 >> [v2:10.20.193.136:3300/0,v1:10.20.193.136:6789/0] conn(0x7f65a0109880 msgr2=0x7f65a019f6d0 secure :-1 s=STATE_CONNECTION_ESTABLISHED l=1).mark_down
2026-02-17T20:01:43.846 INFO:teuthology.orchestra.run.trial136.stdout:/usr/bin/ceph: stderr
2026-02-17T20:01:43.813+0000 7f65a716a640 1 --2- 10.20.193.136:0/3069256453 >> [v2:10.20.193.136:3300/0,v1:10.20.193.136:6789/0] conn(0x7f65a0109880 0x7f65a019f6d0 secure :-1 s=READY pgs=81 cs=0 l=1 rev1=1 crypto rx=0x7f65900091b0 tx=0x7f6590037a50 comp rx=0 tx=0).stop
2026-02-17T20:01:43.846 INFO:teuthology.orchestra.run.trial136.stdout:/usr/bin/ceph: stderr
2026-02-17T20:01:43.813+0000 7f65a716a640 1 -- 10.20.193.136:0/3069256453 shutdown_connections
2026-02-17T20:01:43.846 INFO:teuthology.orchestra.run.trial136.stdout:/usr/bin/ceph: stderr
2026-02-17T20:01:43.813+0000 7f65a716a640 1 --2- 10.20.193.136:0/3069256453 >> [v2:10.20.193.136:6800/147929557,v1:10.20.193.136:6801/147929557] conn(0x7f657c03dad0 0x7f657c03ff90 unknown :-1 s=CLOSED pgs=7 cs=0 l=1 rev1=1 crypto rx=0 tx=0 comp rx=0 tx=0).stop
2026-02-17T20:01:43.846 INFO:teuthology.orchestra.run.trial136.stdout:/usr/bin/ceph: stderr
2026-02-17T20:01:43.813+0000 7f65a716a640 1 --2- 10.20.193.136:0/3069256453 >> [v2:10.20.193.136:3300/0,v1:10.20.193.136:6789/0] conn(0x7f65a0109880 0x7f65a019f6d0 unknown :-1 s=CLOSED pgs=81 cs=0 l=1 rev1=1 crypto rx=0 tx=0 comp rx=0 tx=0).stop
2026-02-17T20:01:43.846 INFO:teuthology.orchestra.run.trial136.stdout:/usr/bin/ceph: stderr
2026-02-17T20:01:43.813+0000 7f65a716a640 1 -- 10.20.193.136:0/3069256453 >> 10.20.193.136:0/3069256453 conn(0x7f65a007ce10 msgr2=0x7f65a0106fd0 unknown :-1 s=STATE_NONE l=0).mark_down
2026-02-17T20:01:43.846 INFO:teuthology.orchestra.run.trial136.stdout:/usr/bin/ceph: stderr
2026-02-17T20:01:43.813+0000 7f65a716a640 1 -- 10.20.193.136:0/3069256453 shutdown_connections
2026-02-17T20:01:43.846 INFO:teuthology.orchestra.run.trial136.stdout:/usr/bin/ceph: stderr
2026-02-17T20:01:43.813+0000 7f65a716a640 1 -- 10.20.193.136:0/3069256453 wait complete.
2026-02-17T20:01:43.846 INFO:teuthology.orchestra.run.trial136.stdout:Creating initial admin user...
2026-02-17T20:01:44.169 INFO:journalctl@ceph.mon.trial136.trial136.stdout:Feb 17 20:01:43 trial136 ceph-mon[20580]: from='mgr.14162 10.20.193.136:0/2843201758' entity='mgr.trial136.habgdx'
2026-02-17T20:01:44.169 INFO:journalctl@ceph.mon.trial136.trial136.stdout:Feb 17 20:01:43 trial136 ceph-mon[20580]: [17/Feb/2026:20:01:43] ENGINE Bus STARTING
2026-02-17T20:01:44.169 INFO:journalctl@ceph.mon.trial136.trial136.stdout:Feb 17 20:01:43 trial136 ceph-mon[20580]: from='mgr.14162 10.20.193.136:0/2843201758' entity='mgr.trial136.habgdx'
2026-02-17T20:01:44.169 INFO:journalctl@ceph.mon.trial136.trial136.stdout:Feb 17 20:01:43 trial136 ceph-mon[20580]: [17/Feb/2026:20:01:43] ENGINE Serving on https://10.20.193.136:7150
2026-02-17T20:01:44.169 INFO:journalctl@ceph.mon.trial136.trial136.stdout:Feb 17 20:01:43 trial136 ceph-mon[20580]: [17/Feb/2026:20:01:43] ENGINE Client ('10.20.193.136', 56382) lost — peer dropped the TLS connection suddenly, during handshake: (6, 'TLS/SSL connection has been closed (EOF) (_ssl.c:1147)')
2026-02-17T20:01:44.169 INFO:journalctl@ceph.mon.trial136.trial136.stdout:Feb 17 20:01:43 trial136 ceph-mon[20580]: [17/Feb/2026:20:01:43] ENGINE Serving on http://10.20.193.136:8765
2026-02-17T20:01:44.169 INFO:journalctl@ceph.mon.trial136.trial136.stdout:Feb 17 20:01:43 trial136 ceph-mon[20580]: [17/Feb/2026:20:01:43] ENGINE Bus STARTED
2026-02-17T20:01:44.169 INFO:journalctl@ceph.mon.trial136.trial136.stdout:Feb 17 20:01:43 trial136 ceph-mon[20580]: from='client.14166 -' entity='client.admin' cmd=[{"prefix": "get_command_descriptions"}]: dispatch
2026-02-17T20:01:44.169 INFO:journalctl@ceph.mon.trial136.trial136.stdout:Feb 17 20:01:43 trial136 ceph-mon[20580]: mgrmap e11: trial136.habgdx(active, since 1.00479s)
2026-02-17T20:01:44.170 INFO:journalctl@ceph.mon.trial136.trial136.stdout:Feb 17 20:01:43 trial136 ceph-mon[20580]: from='client.14166 -' entity='client.admin' cmd=[{"prefix": "mgr_status"}]: dispatch
2026-02-17T20:01:44.170 INFO:journalctl@ceph.mon.trial136.trial136.stdout:Feb 17 20:01:43 trial136 ceph-mon[20580]: from='client.14174 -' entity='client.admin' cmd=[{"prefix": "dashboard create-self-signed-cert", "target": ["mon-mgr", ""]}]: dispatch
2026-02-17T20:01:44.170 INFO:journalctl@ceph.mon.trial136.trial136.stdout:Feb 17 20:01:43 trial136 ceph-mon[20580]: from='mgr.14162 10.20.193.136:0/2843201758' entity='mgr.trial136.habgdx'
2026-02-17T20:01:44.170 INFO:journalctl@ceph.mon.trial136.trial136.stdout:Feb 17 20:01:43 trial136 ceph-mon[20580]: from='mgr.14162 10.20.193.136:0/2843201758' entity='mgr.trial136.habgdx'
2026-02-17T20:01:44.193 INFO:teuthology.orchestra.run.trial136.stdout:/usr/bin/ceph: stdout {"username": "admin", "password": "$2b$12$aeSUUPdOfd6YIui9qJ0TauX19jgXJYnPtfK8cfD98aUNOR1gZsCDC", "roles": ["administrator"], "name": null, "email": null, "lastUpdate": 1771358504, "enabled": true, "pwdExpirationDate": null, "pwdUpdateRequired": true}
2026-02-17T20:01:44.193 INFO:teuthology.orchestra.run.trial136.stdout:/usr/bin/ceph: stderr
2026-02-17T20:01:43.928+0000 7fe56e5a4640 1 Processor -- start
2026-02-17T20:01:44.193 INFO:teuthology.orchestra.run.trial136.stdout:/usr/bin/ceph: stderr
2026-02-17T20:01:43.928+0000 7fe56e5a4640 1 -- start start
2026-02-17T20:01:44.193 INFO:teuthology.orchestra.run.trial136.stdout:/usr/bin/ceph: stderr
2026-02-17T20:01:43.928+0000 7fe56e5a4640 1 --2- >> [v2:10.20.193.136:3300/0,v1:10.20.193.136:6789/0] conn(0x7fe568107600 0x7fe568107a00 unknown :-1 s=NONE pgs=0 cs=0 l=0 rev1=0 crypto rx=0 tx=0 comp rx=0 tx=0).connect
2026-02-17T20:01:44.193 INFO:teuthology.orchestra.run.trial136.stdout:/usr/bin/ceph: stderr
2026-02-17T20:01:43.928+0000 7fe56e5a4640 1 -- --> [v2:10.20.193.136:3300/0,v1:10.20.193.136:6789/0] -- mon_getmap magic: 0 -- 0x7fe568107fd0 con 0x7fe568107600
2026-02-17T20:01:44.193 INFO:teuthology.orchestra.run.trial136.stdout:/usr/bin/ceph: stderr
2026-02-17T20:01:43.929+0000 7fe567fff640 1 --2- >> [v2:10.20.193.136:3300/0,v1:10.20.193.136:6789/0] conn(0x7fe568107600 0x7fe568107a00 unknown :-1 s=BANNER_CONNECTING pgs=0 cs=0 l=0 rev1=0 crypto rx=0 tx=0 comp rx=0 tx=0)._handle_peer_banner_payload supported=3 required=0
2026-02-17T20:01:44.194 INFO:teuthology.orchestra.run.trial136.stdout:/usr/bin/ceph: stderr
2026-02-17T20:01:43.929+0000 7fe567fff640 1 --2- >> [v2:10.20.193.136:3300/0,v1:10.20.193.136:6789/0] conn(0x7fe568107600 0x7fe568107a00 unknown :-1 s=HELLO_CONNECTING pgs=0 cs=0 l=0 rev1=1 crypto rx=0 tx=0 comp rx=0 tx=0).handle_hello peer v2:10.20.193.136:3300/0 says I am v2:10.20.193.136:40260/0 (socket says 10.20.193.136:40260)
2026-02-17T20:01:44.194 INFO:teuthology.orchestra.run.trial136.stdout:/usr/bin/ceph: stderr
2026-02-17T20:01:43.929+0000 7fe567fff640 1 -- 10.20.193.136:0/472448614 learned_addr learned my addr 10.20.193.136:0/472448614 (peer_addr_for_me v2:10.20.193.136:0/0)
2026-02-17T20:01:44.194 INFO:teuthology.orchestra.run.trial136.stdout:/usr/bin/ceph: stderr
2026-02-17T20:01:43.929+0000 7fe567fff640 1 -- 10.20.193.136:0/472448614 --> [v2:10.20.193.136:3300/0,v1:10.20.193.136:6789/0] -- mon_subscribe({config=0+,monmap=0+}) -- 0x7fe568108800 con 0x7fe568107600
2026-02-17T20:01:44.194 INFO:teuthology.orchestra.run.trial136.stdout:/usr/bin/ceph: stderr
2026-02-17T20:01:43.929+0000 7fe567fff640 1 --2- 10.20.193.136:0/472448614 >> [v2:10.20.193.136:3300/0,v1:10.20.193.136:6789/0] conn(0x7fe568107600 0x7fe568107a00 secure :-1 s=READY pgs=82 cs=0 l=1 rev1=1 crypto rx=0x7fe554009920 tx=0x7fe55402ef20 comp rx=0 tx=0).ready entity=mon.0 client_cookie=7f44850c59e5a5e7 server_cookie=0 in_seq=0 out_seq=0
2026-02-17T20:01:44.194 INFO:teuthology.orchestra.run.trial136.stdout:/usr/bin/ceph: stderr
2026-02-17T20:01:43.929+0000 7fe566ffd640 1 -- 10.20.193.136:0/472448614 <== mon.0 v2:10.20.193.136:3300/0 1 ==== mon_map magic: 0 ==== 226+0+0 (secure 0 0 0) 0x7fe55403c070 con 0x7fe568107600
2026-02-17T20:01:44.194 INFO:teuthology.orchestra.run.trial136.stdout:/usr/bin/ceph: stderr
2026-02-17T20:01:43.929+0000 7fe566ffd640 1 -- 10.20.193.136:0/472448614 <== mon.0 v2:10.20.193.136:3300/0 2 ==== config(25 keys) ==== 1038+0+0 (secure 0 0 0) 0x7fe55402fe20 con 0x7fe568107600
2026-02-17T20:01:44.194 INFO:teuthology.orchestra.run.trial136.stdout:/usr/bin/ceph: stderr
2026-02-17T20:01:43.929+0000 7fe566ffd640 1 -- 10.20.193.136:0/472448614 <== mon.0 v2:10.20.193.136:3300/0 3 ==== mon_map magic: 0 ==== 226+0+0 (secure 0 0 0) 0x7fe554035340 con 0x7fe568107600
2026-02-17T20:01:44.194 INFO:teuthology.orchestra.run.trial136.stdout:/usr/bin/ceph: stderr
2026-02-17T20:01:43.930+0000 7fe56e5a4640 1 -- 10.20.193.136:0/472448614 >> [v2:10.20.193.136:3300/0,v1:10.20.193.136:6789/0] conn(0x7fe568107600 msgr2=0x7fe568107a00 secure :-1 s=STATE_CONNECTION_ESTABLISHED l=1).mark_down
2026-02-17T20:01:44.194 INFO:teuthology.orchestra.run.trial136.stdout:/usr/bin/ceph: stderr
2026-02-17T20:01:43.930+0000 7fe56e5a4640 1 --2- 10.20.193.136:0/472448614 >> [v2:10.20.193.136:3300/0,v1:10.20.193.136:6789/0] conn(0x7fe568107600 0x7fe568107a00 secure :-1 s=READY pgs=82 cs=0 l=1 rev1=1 crypto rx=0x7fe554009920 tx=0x7fe55402ef20 comp rx=0 tx=0).stop
2026-02-17T20:01:44.194 INFO:teuthology.orchestra.run.trial136.stdout:/usr/bin/ceph: stderr
2026-02-17T20:01:43.930+0000 7fe56e5a4640 1 -- 10.20.193.136:0/472448614 shutdown_connections
2026-02-17T20:01:44.194 INFO:teuthology.orchestra.run.trial136.stdout:/usr/bin/ceph: stderr
2026-02-17T20:01:43.930+0000 7fe56e5a4640 1 --2- 10.20.193.136:0/472448614 >> [v2:10.20.193.136:3300/0,v1:10.20.193.136:6789/0] conn(0x7fe568107600 0x7fe568107a00 unknown :-1 s=CLOSED pgs=82 cs=0 l=1 rev1=1 crypto rx=0 tx=0 comp rx=0 tx=0).stop
2026-02-17T20:01:44.195 INFO:teuthology.orchestra.run.trial136.stdout:/usr/bin/ceph: stderr
2026-02-17T20:01:43.930+0000 7fe56e5a4640 1 -- 10.20.193.136:0/472448614 >> 10.20.193.136:0/472448614 conn(0x7fe568102dd0 msgr2=0x7fe5681051f0 unknown :-1 s=STATE_NONE l=0).mark_down
2026-02-17T20:01:44.195 INFO:teuthology.orchestra.run.trial136.stdout:/usr/bin/ceph: stderr
2026-02-17T20:01:43.930+0000 7fe56e5a4640 1 -- 10.20.193.136:0/472448614 shutdown_connections
2026-02-17T20:01:44.195 INFO:teuthology.orchestra.run.trial136.stdout:/usr/bin/ceph: stderr
2026-02-17T20:01:43.930+0000 7fe56e5a4640 1 -- 10.20.193.136:0/472448614 wait complete.
2026-02-17T20:01:44.195 INFO:teuthology.orchestra.run.trial136.stdout:/usr/bin/ceph: stderr
2026-02-17T20:01:43.930+0000 7fe56e5a4640 1 Processor -- start
2026-02-17T20:01:44.195 INFO:teuthology.orchestra.run.trial136.stdout:/usr/bin/ceph: stderr
2026-02-17T20:01:43.930+0000 7fe56e5a4640 1 -- start start
2026-02-17T20:01:44.195 INFO:teuthology.orchestra.run.trial136.stdout:/usr/bin/ceph: stderr
2026-02-17T20:01:43.930+0000 7fe56e5a4640 1 --2- >> [v2:10.20.193.136:3300/0,v1:10.20.193.136:6789/0] conn(0x7fe568107600 0x7fe56819d490 unknown :-1 s=NONE pgs=0 cs=0 l=1 rev1=0 crypto rx=0 tx=0 comp rx=0 tx=0).connect
2026-02-17T20:01:44.195 INFO:teuthology.orchestra.run.trial136.stdout:/usr/bin/ceph: stderr
2026-02-17T20:01:43.930+0000 7fe56e5a4640 1 -- --> [v2:10.20.193.136:3300/0,v1:10.20.193.136:6789/0] -- mon_getmap magic: 0 -- 0x7fe56810ba30 con 0x7fe568107600
2026-02-17T20:01:44.195 INFO:teuthology.orchestra.run.trial136.stdout:/usr/bin/ceph: stderr
2026-02-17T20:01:43.930+0000 7fe567fff640 1 --2- >> [v2:10.20.193.136:3300/0,v1:10.20.193.136:6789/0] conn(0x7fe568107600 0x7fe56819d490 unknown :-1 s=BANNER_CONNECTING pgs=0 cs=0 l=1 rev1=0 crypto rx=0 tx=0 comp rx=0 tx=0)._handle_peer_banner_payload supported=3 required=0
2026-02-17T20:01:44.195 INFO:teuthology.orchestra.run.trial136.stdout:/usr/bin/ceph: stderr
2026-02-17T20:01:43.930+0000 7fe567fff640 1 --2- >> [v2:10.20.193.136:3300/0,v1:10.20.193.136:6789/0] conn(0x7fe568107600 0x7fe56819d490 unknown :-1 s=HELLO_CONNECTING pgs=0 cs=0 l=1 rev1=1 crypto rx=0 tx=0 comp rx=0 tx=0).handle_hello peer v2:10.20.193.136:3300/0 says I am v2:10.20.193.136:40270/0 (socket says 10.20.193.136:40270)
2026-02-17T20:01:44.195 INFO:teuthology.orchestra.run.trial136.stdout:/usr/bin/ceph: stderr
2026-02-17T20:01:43.930+0000 7fe567fff640 1 -- 10.20.193.136:0/1483602491 learned_addr learned my addr 10.20.193.136:0/1483602491 (peer_addr_for_me v2:10.20.193.136:0/0)
2026-02-17T20:01:44.195 INFO:teuthology.orchestra.run.trial136.stdout:/usr/bin/ceph: stderr
2026-02-17T20:01:43.931+0000 7fe567fff640 1 -- 10.20.193.136:0/1483602491 --> [v2:10.20.193.136:3300/0,v1:10.20.193.136:6789/0] -- mon_subscribe({config=0+,monmap=0+}) -- 0x7fe56819d9d0 con 0x7fe568107600
2026-02-17T20:01:44.195 INFO:teuthology.orchestra.run.trial136.stdout:/usr/bin/ceph: stderr
2026-02-17T20:01:43.931+0000 7fe567fff640 1 --2- 10.20.193.136:0/1483602491 >> [v2:10.20.193.136:3300/0,v1:10.20.193.136:6789/0] conn(0x7fe568107600 0x7fe56819d490 secure :-1 s=READY pgs=83 cs=0 l=1 rev1=1 crypto rx=0x7fe5540091b0 tx=0x7fe554037a50 comp rx=0 tx=0).ready entity=mon.0 client_cookie=0 server_cookie=0 in_seq=0 out_seq=0
2026-02-17T20:01:44.196 INFO:teuthology.orchestra.run.trial136.stdout:/usr/bin/ceph: stderr
2026-02-17T20:01:43.931+0000 7fe5657fa640 1 -- 10.20.193.136:0/1483602491 <== mon.0 v2:10.20.193.136:3300/0 1 ==== mon_map magic: 0 ==== 226+0+0 (secure 0 0 0) 0x7fe5540359a0 con 0x7fe568107600
2026-02-17T20:01:44.196 INFO:teuthology.orchestra.run.trial136.stdout:/usr/bin/ceph: stderr
2026-02-17T20:01:43.931+0000 7fe5657fa640 1 -- 10.20.193.136:0/1483602491 <== mon.0 v2:10.20.193.136:3300/0 2 ==== config(25 keys) ==== 1038+0+0 (secure 0 0 0) 0x7fe554043430 con 0x7fe568107600
2026-02-17T20:01:44.196 INFO:teuthology.orchestra.run.trial136.stdout:/usr/bin/ceph: stderr
2026-02-17T20:01:43.931+0000 7fe56e5a4640 1 -- 10.20.193.136:0/1483602491 --> [v2:10.20.193.136:3300/0,v1:10.20.193.136:6789/0] -- mon_subscribe({mgrmap=0+}) -- 0x7fe56819dc60 con 0x7fe568107600
2026-02-17T20:01:44.196 INFO:teuthology.orchestra.run.trial136.stdout:/usr/bin/ceph: stderr
2026-02-17T20:01:43.931+0000 7fe5657fa640 1 -- 10.20.193.136:0/1483602491 <== mon.0 v2:10.20.193.136:3300/0 3 ==== mon_map magic: 0 ==== 226+0+0 (secure 0 0 0) 0x7fe554042590 con 0x7fe568107600
2026-02-17T20:01:44.196 INFO:teuthology.orchestra.run.trial136.stdout:/usr/bin/ceph: stderr
2026-02-17T20:01:43.931+0000 7fe56e5a4640 1 -- 10.20.193.136:0/1483602491 --> [v2:10.20.193.136:3300/0,v1:10.20.193.136:6789/0] -- mon_subscribe({osdmap=0}) -- 0x7fe5681a0950 con 0x7fe568107600
2026-02-17T20:01:44.196 INFO:teuthology.orchestra.run.trial136.stdout:/usr/bin/ceph: stderr
2026-02-17T20:01:43.931+0000 7fe56e5a4640 1 -- 10.20.193.136:0/1483602491 --> [v2:10.20.193.136:3300/0,v1:10.20.193.136:6789/0] -- mon_command({"prefix": "get_command_descriptions"} v 0) -- 0x7fe568107a80 con 0x7fe568107600
2026-02-17T20:01:44.196 INFO:teuthology.orchestra.run.trial136.stdout:/usr/bin/ceph: stderr
2026-02-17T20:01:43.931+0000 7fe5657fa640 1 -- 10.20.193.136:0/1483602491 <== mon.0 v2:10.20.193.136:3300/0 4 ==== mgrmap(e 11) ==== 50168+0+0 (secure 0 0 0) 0x7fe554035b40 con 0x7fe568107600
2026-02-17T20:01:44.196 INFO:teuthology.orchestra.run.trial136.stdout:/usr/bin/ceph: stderr
2026-02-17T20:01:43.932+0000 7fe5657fa640 1 --2- 10.20.193.136:0/1483602491 >> [v2:10.20.193.136:6800/147929557,v1:10.20.193.136:6801/147929557] conn(0x7fe53c03db20 0x7fe53c03ffe0 unknown :-1 s=NONE pgs=0 cs=0 l=1 rev1=0 crypto rx=0 tx=0 comp rx=0 tx=0).connect
2026-02-17T20:01:44.196 INFO:teuthology.orchestra.run.trial136.stdout:/usr/bin/ceph: stderr
2026-02-17T20:01:43.932+0000 7fe5657fa640 1 -- 10.20.193.136:0/1483602491 <== mon.0 v2:10.20.193.136:3300/0 5 ==== osd_map(3..3 src has 1..3) ==== 1155+0+0 (secure 0 0 0) 0x7fe554076640 con 0x7fe568107600
2026-02-17T20:01:44.196 INFO:teuthology.orchestra.run.trial136.stdout:/usr/bin/ceph: stderr
2026-02-17T20:01:43.932+0000 7fe5677fe640 1 --2- 10.20.193.136:0/1483602491 >> [v2:10.20.193.136:6800/147929557,v1:10.20.193.136:6801/147929557] conn(0x7fe53c03db20 0x7fe53c03ffe0 unknown :-1 s=BANNER_CONNECTING pgs=0 cs=0 l=1 rev1=0 crypto rx=0 tx=0 comp rx=0 tx=0)._handle_peer_banner_payload supported=3 required=0
2026-02-17T20:01:44.196 INFO:teuthology.orchestra.run.trial136.stdout:/usr/bin/ceph: stderr
2026-02-17T20:01:43.932+0000 7fe5677fe640 1 --2- 10.20.193.136:0/1483602491 >> [v2:10.20.193.136:6800/147929557,v1:10.20.193.136:6801/147929557] conn(0x7fe53c03db20 0x7fe53c03ffe0 secure :-1 s=READY pgs=8 cs=0 l=1 rev1=1 crypto rx=0x7fe5580099c0 tx=0x7fe558006eb0 comp rx=0 tx=0).ready entity=mgr.14162 client_cookie=0 server_cookie=0 in_seq=0 out_seq=0
2026-02-17T20:01:44.196 INFO:teuthology.orchestra.run.trial136.stdout:/usr/bin/ceph: stderr
2026-02-17T20:01:43.934+0000 7fe5657fa640 1 -- 10.20.193.136:0/1483602491 <== mon.0 v2:10.20.193.136:3300/0 6 ==== mon_command_ack([{"prefix": "get_command_descriptions"}]=0 v0) ==== 72+0+195034 (secure 0 0 0) 0x7fe55402fdf0 con 0x7fe568107600
2026-02-17T20:01:44.197 INFO:teuthology.orchestra.run.trial136.stdout:/usr/bin/ceph: stderr
2026-02-17T20:01:44.024+0000 7fe56e5a4640 1 -- 10.20.193.136:0/1483602491 --> [v2:10.20.193.136:6800/147929557,v1:10.20.193.136:6801/147929557] -- mgr_command(tid 0: {"prefix": "dashboard ac-user-create", "username": "admin", "rolename": "administrator", "force_password": true, "pwd_update_required": true, "target": ["mon-mgr", ""]}) -- 0x7fe568104050 con 0x7fe53c03db20
2026-02-17T20:01:44.197 INFO:teuthology.orchestra.run.trial136.stdout:/usr/bin/ceph: stderr
2026-02-17T20:01:44.165+0000 7fe5657fa640 1 -- 10.20.193.136:0/1483602491 <== mgr.14162 v2:10.20.193.136:6800/147929557 1 ==== mgr_command_reply(tid 0: 0 ) ==== 8+0+252 (secure 0 0 0) 0x7fe568104050 con 0x7fe53c03db20
2026-02-17T20:01:44.197 INFO:teuthology.orchestra.run.trial136.stdout:/usr/bin/ceph: stderr
2026-02-17T20:01:44.166+0000 7fe56e5a4640 1 -- 10.20.193.136:0/1483602491 >> [v2:10.20.193.136:6800/147929557,v1:10.20.193.136:6801/147929557] conn(0x7fe53c03db20 msgr2=0x7fe53c03ffe0 secure :-1 s=STATE_CONNECTION_ESTABLISHED l=1).mark_down
2026-02-17T20:01:44.197 INFO:teuthology.orchestra.run.trial136.stdout:/usr/bin/ceph: stderr
2026-02-17T20:01:44.166+0000 7fe56e5a4640 1 --2- 10.20.193.136:0/1483602491 >> [v2:10.20.193.136:6800/147929557,v1:10.20.193.136:6801/147929557] conn(0x7fe53c03db20 0x7fe53c03ffe0 secure :-1 s=READY pgs=8 cs=0 l=1 rev1=1 crypto rx=0x7fe5580099c0 tx=0x7fe558006eb0 comp rx=0 tx=0).stop
2026-02-17T20:01:44.197 INFO:teuthology.orchestra.run.trial136.stdout:/usr/bin/ceph: stderr
2026-02-17T20:01:44.166+0000 7fe56e5a4640 1 -- 10.20.193.136:0/1483602491 >> [v2:10.20.193.136:3300/0,v1:10.20.193.136:6789/0] conn(0x7fe568107600 msgr2=0x7fe56819d490 secure :-1 s=STATE_CONNECTION_ESTABLISHED l=1).mark_down
2026-02-17T20:01:44.197 INFO:teuthology.orchestra.run.trial136.stdout:/usr/bin/ceph: stderr
2026-02-17T20:01:44.166+0000 7fe56e5a4640 1 --2- 10.20.193.136:0/1483602491 >> [v2:10.20.193.136:3300/0,v1:10.20.193.136:6789/0] conn(0x7fe568107600 0x7fe56819d490 secure :-1 s=READY pgs=83 cs=0 l=1 rev1=1 crypto rx=0x7fe5540091b0 tx=0x7fe554037a50 comp rx=0 tx=0).stop
2026-02-17T20:01:44.197 INFO:teuthology.orchestra.run.trial136.stdout:/usr/bin/ceph: stderr
2026-02-17T20:01:44.166+0000 7fe56e5a4640 1 -- 10.20.193.136:0/1483602491 shutdown_connections
2026-02-17T20:01:44.197 INFO:teuthology.orchestra.run.trial136.stdout:/usr/bin/ceph: stderr
2026-02-17T20:01:44.166+0000 7fe56e5a4640 1 --2- 10.20.193.136:0/1483602491 >> [v2:10.20.193.136:6800/147929557,v1:10.20.193.136:6801/147929557] conn(0x7fe53c03db20 0x7fe53c03ffe0 unknown :-1 s=CLOSED pgs=8 cs=0 l=1 rev1=1 crypto rx=0 tx=0 comp rx=0 tx=0).stop
2026-02-17T20:01:44.197 INFO:teuthology.orchestra.run.trial136.stdout:/usr/bin/ceph: stderr
2026-02-17T20:01:44.166+0000 7fe56e5a4640 1 --2- 10.20.193.136:0/1483602491 >> [v2:10.20.193.136:3300/0,v1:10.20.193.136:6789/0] conn(0x7fe568107600 0x7fe56819d490 unknown :-1 s=CLOSED pgs=83 cs=0 l=1 rev1=1 crypto rx=0 tx=0 comp rx=0 tx=0).stop
2026-02-17T20:01:44.198 INFO:teuthology.orchestra.run.trial136.stdout:/usr/bin/ceph: stderr
2026-02-17T20:01:44.166+0000 7fe56e5a4640 1 -- 10.20.193.136:0/1483602491 >> 10.20.193.136:0/1483602491 conn(0x7fe568102dd0 msgr2=0x7fe568103940 unknown :-1 s=STATE_NONE l=0).mark_down
2026-02-17T20:01:44.198 INFO:teuthology.orchestra.run.trial136.stdout:/usr/bin/ceph: stderr
2026-02-17T20:01:44.166+0000 7fe56e5a4640 1 -- 10.20.193.136:0/1483602491 shutdown_connections
2026-02-17T20:01:44.198 INFO:teuthology.orchestra.run.trial136.stdout:/usr/bin/ceph: stderr
2026-02-17T20:01:44.166+0000 7fe56e5a4640 1 -- 10.20.193.136:0/1483602491 wait complete.
2026-02-17T20:01:44.198 INFO:teuthology.orchestra.run.trial136.stdout:Fetching dashboard port number...
2026-02-17T20:01:44.401 INFO:teuthology.orchestra.run.trial136.stdout:/usr/bin/ceph: stdout 8443
2026-02-17T20:01:44.401 INFO:teuthology.orchestra.run.trial136.stdout:/usr/bin/ceph: stderr
2026-02-17T20:01:44.285+0000 7f18b340e640 1 Processor -- start
2026-02-17T20:01:44.402 INFO:teuthology.orchestra.run.trial136.stdout:/usr/bin/ceph: stderr
2026-02-17T20:01:44.285+0000 7f18b340e640 1 -- start start
2026-02-17T20:01:44.402 INFO:teuthology.orchestra.run.trial136.stdout:/usr/bin/ceph: stderr
2026-02-17T20:01:44.285+0000 7f18b340e640 1 --2- >> [v2:10.20.193.136:3300/0,v1:10.20.193.136:6789/0] conn(0x7f18ac109880 0x7f18ac109c80 unknown :-1 s=NONE pgs=0 cs=0 l=0 rev1=0 crypto rx=0 tx=0 comp rx=0 tx=0).connect
2026-02-17T20:01:44.402 INFO:teuthology.orchestra.run.trial136.stdout:/usr/bin/ceph: stderr
2026-02-17T20:01:44.285+0000 7f18b340e640 1 -- --> [v2:10.20.193.136:3300/0,v1:10.20.193.136:6789/0] -- mon_getmap magic: 0 -- 0x7f18ac10a250 con 0x7f18ac109880
2026-02-17T20:01:44.402 INFO:teuthology.orchestra.run.trial136.stdout:/usr/bin/ceph: stderr
2026-02-17T20:01:44.285+0000 7f18b1183640 1 --2- >> [v2:10.20.193.136:3300/0,v1:10.20.193.136:6789/0] conn(0x7f18ac109880 0x7f18ac109c80 unknown :-1 s=BANNER_CONNECTING pgs=0 cs=0 l=0 rev1=0 crypto rx=0 tx=0 comp rx=0 tx=0)._handle_peer_banner_payload supported=3 required=0
2026-02-17T20:01:44.402 INFO:teuthology.orchestra.run.trial136.stdout:/usr/bin/ceph: stderr
2026-02-17T20:01:44.285+0000 7f18b1183640 1 --2- >> [v2:10.20.193.136:3300/0,v1:10.20.193.136:6789/0] conn(0x7f18ac109880 0x7f18ac109c80 unknown :-1 s=HELLO_CONNECTING pgs=0 cs=0 l=0 rev1=1 crypto rx=0 tx=0 comp rx=0 tx=0).handle_hello peer v2:10.20.193.136:3300/0 says I am v2:10.20.193.136:40286/0 (socket says 10.20.193.136:40286)
2026-02-17T20:01:44.402 INFO:teuthology.orchestra.run.trial136.stdout:/usr/bin/ceph: stderr
2026-02-17T20:01:44.285+0000 7f18b1183640 1 -- 10.20.193.136:0/1137374337 learned_addr learned my addr 10.20.193.136:0/1137374337 (peer_addr_for_me v2:10.20.193.136:0/0)
2026-02-17T20:01:44.402 INFO:teuthology.orchestra.run.trial136.stdout:/usr/bin/ceph: stderr
2026-02-17T20:01:44.285+0000 7f18b1183640 1 -- 10.20.193.136:0/1137374337 --> [v2:10.20.193.136:3300/0,v1:10.20.193.136:6789/0] -- mon_subscribe({config=0+,monmap=0+}) -- 0x7f18ac10aa80 con 0x7f18ac109880
2026-02-17T20:01:44.402 INFO:teuthology.orchestra.run.trial136.stdout:/usr/bin/ceph: stderr
2026-02-17T20:01:44.286+0000 7f18b1183640 1 --2- 10.20.193.136:0/1137374337 >> [v2:10.20.193.136:3300/0,v1:10.20.193.136:6789/0] conn(0x7f18ac109880 0x7f18ac109c80 secure :-1 s=READY pgs=84 cs=0 l=1 rev1=1 crypto rx=0x7f189c009920 tx=0x7f189c02ef20 comp rx=0 tx=0).ready entity=mon.0 client_cookie=ae8ca580ed5b9a86 server_cookie=0 in_seq=0 out_seq=0
2026-02-17T20:01:44.402 INFO:teuthology.orchestra.run.trial136.stdout:/usr/bin/ceph: stderr
2026-02-17T20:01:44.286+0000 7f189bfff640 1 -- 10.20.193.136:0/1137374337 <== mon.0 v2:10.20.193.136:3300/0 1 ==== mon_map magic: 0 ==== 226+0+0 (secure 0 0 0) 0x7f189c03c070 con 0x7f18ac109880
2026-02-17T20:01:44.403 INFO:teuthology.orchestra.run.trial136.stdout:/usr/bin/ceph: stderr
2026-02-17T20:01:44.286+0000 7f189bfff640 1 -- 10.20.193.136:0/1137374337 <== mon.0 v2:10.20.193.136:3300/0 2 ==== config(25 keys) ==== 1038+0+0 (secure 0 0 0) 0x7f189c02fe20 con 0x7f18ac109880
2026-02-17T20:01:44.403 INFO:teuthology.orchestra.run.trial136.stdout:/usr/bin/ceph: stderr
2026-02-17T20:01:44.286+0000 7f189bfff640 1 -- 10.20.193.136:0/1137374337 <== mon.0 v2:10.20.193.136:3300/0 3 ==== mon_map magic: 0 ==== 226+0+0 (secure 0 0 0) 0x7f189c035340 con 0x7f18ac109880
2026-02-17T20:01:44.403 INFO:teuthology.orchestra.run.trial136.stdout:/usr/bin/ceph: stderr
2026-02-17T20:01:44.286+0000 7f18b340e640 1 -- 10.20.193.136:0/1137374337 >> [v2:10.20.193.136:3300/0,v1:10.20.193.136:6789/0] conn(0x7f18ac109880 msgr2=0x7f18ac109c80 secure :-1 s=STATE_CONNECTION_ESTABLISHED l=1).mark_down
2026-02-17T20:01:44.403 INFO:teuthology.orchestra.run.trial136.stdout:/usr/bin/ceph: stderr
2026-02-17T20:01:44.286+0000 7f18b340e640 1 --2- 10.20.193.136:0/1137374337 >> [v2:10.20.193.136:3300/0,v1:10.20.193.136:6789/0] conn(0x7f18ac109880 0x7f18ac109c80 secure :-1 s=READY pgs=84 cs=0 l=1 rev1=1 crypto rx=0x7f189c009920 tx=0x7f189c02ef20 comp rx=0 tx=0).stop
2026-02-17T20:01:44.403 INFO:teuthology.orchestra.run.trial136.stdout:/usr/bin/ceph: stderr
2026-02-17T20:01:44.286+0000 7f18b340e640 1 -- 10.20.193.136:0/1137374337 shutdown_connections
2026-02-17T20:01:44.403 INFO:teuthology.orchestra.run.trial136.stdout:/usr/bin/ceph: stderr
2026-02-17T20:01:44.286+0000 7f18b340e640 1 --2- 10.20.193.136:0/1137374337 >> [v2:10.20.193.136:3300/0,v1:10.20.193.136:6789/0] conn(0x7f18ac109880 0x7f18ac109c80 unknown :-1 s=CLOSED pgs=84 cs=0 l=1 rev1=1 crypto rx=0 tx=0 comp rx=0 tx=0).stop
2026-02-17T20:01:44.403 INFO:teuthology.orchestra.run.trial136.stdout:/usr/bin/ceph: stderr
2026-02-17T20:01:44.286+0000 7f18b340e640 1 -- 10.20.193.136:0/1137374337 >> 10.20.193.136:0/1137374337 conn(0x7f18ac07cf00 msgr2=0x7f18ac07d310 unknown :-1 s=STATE_NONE l=0).mark_down
2026-02-17T20:01:44.403 INFO:teuthology.orchestra.run.trial136.stdout:/usr/bin/ceph: stderr
2026-02-17T20:01:44.286+0000 7f18b340e640 1 -- 10.20.193.136:0/1137374337 shutdown_connections
2026-02-17T20:01:44.403 INFO:teuthology.orchestra.run.trial136.stdout:/usr/bin/ceph: stderr
2026-02-17T20:01:44.286+0000 7f18b340e640 1 -- 10.20.193.136:0/1137374337 wait complete.
2026-02-17T20:01:44.403 INFO:teuthology.orchestra.run.trial136.stdout:/usr/bin/ceph: stderr
2026-02-17T20:01:44.287+0000 7f18b340e640 1 Processor -- start
2026-02-17T20:01:44.404 INFO:teuthology.orchestra.run.trial136.stdout:/usr/bin/ceph: stderr
2026-02-17T20:01:44.287+0000 7f18b340e640 1 -- start start
2026-02-17T20:01:44.404 INFO:teuthology.orchestra.run.trial136.stdout:/usr/bin/ceph: stderr
2026-02-17T20:01:44.287+0000 7f18b340e640 1 --2- >> [v2:10.20.193.136:3300/0,v1:10.20.193.136:6789/0] conn(0x7f18ac109880 0x7f18ac19f770 unknown :-1 s=NONE pgs=0 cs=0 l=1 rev1=0 crypto rx=0 tx=0 comp rx=0 tx=0).connect
2026-02-17T20:01:44.404 INFO:teuthology.orchestra.run.trial136.stdout:/usr/bin/ceph: stderr
2026-02-17T20:01:44.287+0000 7f18b340e640 1 -- --> [v2:10.20.193.136:3300/0,v1:10.20.193.136:6789/0] -- mon_getmap magic: 0 -- 0x7f18ac10dcb0 con 0x7f18ac109880
2026-02-17T20:01:44.404 INFO:teuthology.orchestra.run.trial136.stdout:/usr/bin/ceph: stderr
