2026-02-17T20:01:33.953+0000 7f916affd640 1 -- 10.20.193.136:0/2724214425 <== mgr.14118 v2:10.20.193.136:6800/3777195325 2 ==== command_reply(tid 1: 0 ) ==== 8+0+51 (secure 0 0 0) 0x7f917c109d00 con 0x7f9158041540
2026-02-17T20:01:33.985 INFO:teuthology.orchestra.run.trial136.stdout:/usr/bin/ceph: stderr
2026-02-17T20:01:33.953+0000 7f9183df3640 1 -- 10.20.193.136:0/2724214425 >> [v2:10.20.193.136:6800/3777195325,v1:10.20.193.136:6801/3777195325] conn(0x7f9158041540 msgr2=0x7f9158043930 secure :-1 s=STATE_CONNECTION_ESTABLISHED l=1).mark_down
2026-02-17T20:01:33.985 INFO:teuthology.orchestra.run.trial136.stdout:/usr/bin/ceph: stderr
2026-02-17T20:01:33.953+0000 7f9183df3640 1 --2- 10.20.193.136:0/2724214425 >> [v2:10.20.193.136:6800/3777195325,v1:10.20.193.136:6801/3777195325] conn(0x7f9158041540 0x7f9158043930 secure :-1 s=READY pgs=1 cs=0 l=1 rev1=1 crypto rx=0x7f9170003a80 tx=0x7f91700092b0 comp rx=0 tx=0).stop
2026-02-17T20:01:33.985 INFO:teuthology.orchestra.run.trial136.stdout:/usr/bin/ceph: stderr
2026-02-17T20:01:33.953+0000 7f9183df3640 1 -- 10.20.193.136:0/2724214425 >> [v2:10.20.193.136:3300/0,v1:10.20.193.136:6789/0] conn(0x7f917c109880 msgr2=0x7f917c19f730 secure :-1 s=STATE_CONNECTION_ESTABLISHED l=1).mark_down
2026-02-17T20:01:33.985 INFO:teuthology.orchestra.run.trial136.stdout:/usr/bin/ceph: stderr
2026-02-17T20:01:33.953+0000 7f9183df3640 1 --2- 10.20.193.136:0/2724214425 >> [v2:10.20.193.136:3300/0,v1:10.20.193.136:6789/0] conn(0x7f917c109880 0x7f917c19f730 secure :-1 s=READY pgs=27 cs=0 l=1 rev1=1 crypto rx=0x7f916c037b20 tx=0x7f916c0358c0 comp rx=0 tx=0).stop
2026-02-17T20:01:33.985 INFO:teuthology.orchestra.run.trial136.stdout:/usr/bin/ceph: stderr
2026-02-17T20:01:33.953+0000 7f9183df3640 1 -- 10.20.193.136:0/2724214425 shutdown_connections
2026-02-17T20:01:33.986 INFO:teuthology.orchestra.run.trial136.stdout:/usr/bin/ceph: stderr
2026-02-17T20:01:33.953+0000 7f9183df3640 1 --2- 10.20.193.136:0/2724214425 >> [v2:10.20.193.136:6800/3777195325,v1:10.20.193.136:6801/3777195325] conn(0x7f9158041540 0x7f9158043930 unknown :-1 s=CLOSED pgs=1 cs=0 l=1 rev1=1 crypto rx=0 tx=0 comp rx=0 tx=0).stop
2026-02-17T20:01:33.986 INFO:teuthology.orchestra.run.trial136.stdout:/usr/bin/ceph: stderr
2026-02-17T20:01:33.953+0000 7f9183df3640 1 --2- 10.20.193.136:0/2724214425 >> [v2:10.20.193.136:6800/1260822860,v1:10.20.193.136:6801/1260822860] conn(0x7f915803dbf0 0x7f91580400b0 unknown :-1 s=CLOSED pgs=0 cs=0 l=1 rev1=0 crypto rx=0 tx=0 comp rx=0 tx=0).stop
2026-02-17T20:01:33.986 INFO:teuthology.orchestra.run.trial136.stdout:/usr/bin/ceph: stderr
2026-02-17T20:01:33.953+0000 7f9183df3640 1 --2- 10.20.193.136:0/2724214425 >> [v2:10.20.193.136:3300/0,v1:10.20.193.136:6789/0] conn(0x7f917c109880 0x7f917c19f730 unknown :-1 s=CLOSED pgs=27 cs=0 l=1 rev1=1 crypto rx=0 tx=0 comp rx=0 tx=0).stop
2026-02-17T20:01:33.986 INFO:teuthology.orchestra.run.trial136.stdout:/usr/bin/ceph: stderr
2026-02-17T20:01:33.953+0000 7f9183df3640 1 -- 10.20.193.136:0/2724214425 >> 10.20.193.136:0/2724214425 conn(0x7f917c07ce10 msgr2=0x7f917c107090 unknown :-1 s=STATE_NONE l=0).mark_down
2026-02-17T20:01:33.986 INFO:teuthology.orchestra.run.trial136.stdout:/usr/bin/ceph: stderr
2026-02-17T20:01:33.953+0000 7f9183df3640 1 -- 10.20.193.136:0/2724214425 shutdown_connections
2026-02-17T20:01:33.986 INFO:teuthology.orchestra.run.trial136.stdout:/usr/bin/ceph: stderr
2026-02-17T20:01:33.953+0000 7f9183df3640 1 -- 10.20.193.136:0/2724214425 wait complete.
2026-02-17T20:01:33.986 INFO:teuthology.orchestra.run.trial136.stdout:mgr epoch 5 is available
2026-02-17T20:01:33.986 INFO:teuthology.orchestra.run.trial136.stdout:Setting orchestrator backend to cephadm...
2026-02-17T20:01:34.192 INFO:teuthology.orchestra.run.trial136.stdout:/usr/bin/ceph: stderr
2026-02-17T20:01:34.066+0000 7fc4156c7640 1 Processor -- start
2026-02-17T20:01:34.192 INFO:teuthology.orchestra.run.trial136.stdout:/usr/bin/ceph: stderr
2026-02-17T20:01:34.066+0000 7fc4156c7640 1 -- start start
2026-02-17T20:01:34.192 INFO:teuthology.orchestra.run.trial136.stdout:/usr/bin/ceph: stderr
2026-02-17T20:01:34.066+0000 7fc4156c7640 1 --2- >> [v2:10.20.193.136:3300/0,v1:10.20.193.136:6789/0] conn(0x7fc4101075d0 0x7fc4101079d0 unknown :-1 s=NONE pgs=0 cs=0 l=0 rev1=0 crypto rx=0 tx=0 comp rx=0 tx=0).connect
2026-02-17T20:01:34.192 INFO:teuthology.orchestra.run.trial136.stdout:/usr/bin/ceph: stderr
2026-02-17T20:01:34.066+0000 7fc4156c7640 1 -- --> [v2:10.20.193.136:3300/0,v1:10.20.193.136:6789/0] -- mon_getmap magic: 0 -- 0x7fc410107fa0 con 0x7fc4101075d0
2026-02-17T20:01:34.192 INFO:teuthology.orchestra.run.trial136.stdout:/usr/bin/ceph: stderr
2026-02-17T20:01:34.066+0000 7fc40effd640 1 --2- >> [v2:10.20.193.136:3300/0,v1:10.20.193.136:6789/0] conn(0x7fc4101075d0 0x7fc4101079d0 unknown :-1 s=BANNER_CONNECTING pgs=0 cs=0 l=0 rev1=0 crypto rx=0 tx=0 comp rx=0 tx=0)._handle_peer_banner_payload supported=3 required=0
2026-02-17T20:01:34.192 INFO:teuthology.orchestra.run.trial136.stdout:/usr/bin/ceph: stderr
2026-02-17T20:01:34.066+0000 7fc40effd640 1 --2- >> [v2:10.20.193.136:3300/0,v1:10.20.193.136:6789/0] conn(0x7fc4101075d0 0x7fc4101079d0 unknown :-1 s=HELLO_CONNECTING pgs=0 cs=0 l=0 rev1=1 crypto rx=0 tx=0 comp rx=0 tx=0).handle_hello peer v2:10.20.193.136:3300/0 says I am v2:10.20.193.136:43278/0 (socket says 10.20.193.136:43278)
2026-02-17T20:01:34.193 INFO:teuthology.orchestra.run.trial136.stdout:/usr/bin/ceph: stderr
2026-02-17T20:01:34.066+0000 7fc40effd640 1 -- 10.20.193.136:0/2765920689 learned_addr learned my addr 10.20.193.136:0/2765920689 (peer_addr_for_me v2:10.20.193.136:0/0)
2026-02-17T20:01:34.193 INFO:teuthology.orchestra.run.trial136.stdout:/usr/bin/ceph: stderr
2026-02-17T20:01:34.066+0000 7fc40effd640 1 -- 10.20.193.136:0/2765920689 --> [v2:10.20.193.136:3300/0,v1:10.20.193.136:6789/0] -- mon_subscribe({config=0+,monmap=0+}) -- 0x7fc4101087d0 con 0x7fc4101075d0
2026-02-17T20:01:34.193 INFO:teuthology.orchestra.run.trial136.stdout:/usr/bin/ceph: stderr
2026-02-17T20:01:34.067+0000 7fc40effd640 1 --2- 10.20.193.136:0/2765920689 >> [v2:10.20.193.136:3300/0,v1:10.20.193.136:6789/0] conn(0x7fc4101075d0 0x7fc4101079d0 secure :-1 s=READY pgs=35 cs=0 l=1 rev1=1 crypto rx=0x7fc404009920 tx=0x7fc40402ef20 comp rx=0 tx=0).ready entity=mon.0 client_cookie=233be516d58b6371 server_cookie=0 in_seq=0 out_seq=0
2026-02-17T20:01:34.193 INFO:teuthology.orchestra.run.trial136.stdout:/usr/bin/ceph: stderr
2026-02-17T20:01:34.067+0000 7fc40dffb640 1 -- 10.20.193.136:0/2765920689 <== mon.0 v2:10.20.193.136:3300/0 1 ==== mon_map magic: 0 ==== 226+0+0 (secure 0 0 0) 0x7fc40403c070 con 0x7fc4101075d0
2026-02-17T20:01:34.193 INFO:teuthology.orchestra.run.trial136.stdout:/usr/bin/ceph: stderr
2026-02-17T20:01:34.067+0000 7fc40dffb640 1 -- 10.20.193.136:0/2765920689 <== mon.0 v2:10.20.193.136:3300/0 2 ==== config(25 keys) ==== 1007+0+0 (secure 0 0 0) 0x7fc40402fe00 con 0x7fc4101075d0
2026-02-17T20:01:34.193 INFO:teuthology.orchestra.run.trial136.stdout:/usr/bin/ceph: stderr
2026-02-17T20:01:34.067+0000 7fc40dffb640 1 -- 10.20.193.136:0/2765920689 <== mon.0 v2:10.20.193.136:3300/0 3 ==== mon_map magic: 0 ==== 226+0+0 (secure 0 0 0) 0x7fc404035340 con 0x7fc4101075d0
2026-02-17T20:01:34.193 INFO:teuthology.orchestra.run.trial136.stdout:/usr/bin/ceph: stderr
2026-02-17T20:01:34.067+0000 7fc4156c7640 1 -- 10.20.193.136:0/2765920689 >> [v2:10.20.193.136:3300/0,v1:10.20.193.136:6789/0] conn(0x7fc4101075d0 msgr2=0x7fc4101079d0 secure :-1 s=STATE_CONNECTION_ESTABLISHED l=1).mark_down
2026-02-17T20:01:34.193 INFO:teuthology.orchestra.run.trial136.stdout:/usr/bin/ceph: stderr
2026-02-17T20:01:34.067+0000 7fc4156c7640 1 --2- 10.20.193.136:0/2765920689 >> [v2:10.20.193.136:3300/0,v1:10.20.193.136:6789/0] conn(0x7fc4101075d0 0x7fc4101079d0 secure :-1 s=READY pgs=35 cs=0 l=1 rev1=1 crypto rx=0x7fc404009920 tx=0x7fc40402ef20 comp rx=0 tx=0).stop
2026-02-17T20:01:34.193 INFO:teuthology.orchestra.run.trial136.stdout:/usr/bin/ceph: stderr
2026-02-17T20:01:34.067+0000 7fc4156c7640 1 -- 10.20.193.136:0/2765920689 shutdown_connections
2026-02-17T20:01:34.193 INFO:teuthology.orchestra.run.trial136.stdout:/usr/bin/ceph: stderr
2026-02-17T20:01:34.067+0000 7fc4156c7640 1 --2- 10.20.193.136:0/2765920689 >> [v2:10.20.193.136:3300/0,v1:10.20.193.136:6789/0] conn(0x7fc4101075d0 0x7fc4101079d0 unknown :-1 s=CLOSED pgs=35 cs=0 l=1 rev1=1 crypto rx=0 tx=0 comp rx=0 tx=0).stop
2026-02-17T20:01:34.193 INFO:teuthology.orchestra.run.trial136.stdout:/usr/bin/ceph: stderr
2026-02-17T20:01:34.067+0000 7fc4156c7640 1 -- 10.20.193.136:0/2765920689 >> 10.20.193.136:0/2765920689 conn(0x7fc410102d80 msgr2=0x7fc4101051a0 unknown :-1 s=STATE_NONE l=0).mark_down
2026-02-17T20:01:34.194 INFO:teuthology.orchestra.run.trial136.stdout:/usr/bin/ceph: stderr
2026-02-17T20:01:34.067+0000 7fc4156c7640 1 -- 10.20.193.136:0/2765920689 shutdown_connections
2026-02-17T20:01:34.194 INFO:teuthology.orchestra.run.trial136.stdout:/usr/bin/ceph: stderr
2026-02-17T20:01:34.067+0000 7fc4156c7640 1 -- 10.20.193.136:0/2765920689 wait complete.
2026-02-17T20:01:34.194 INFO:teuthology.orchestra.run.trial136.stdout:/usr/bin/ceph: stderr
2026-02-17T20:01:34.068+0000 7fc4156c7640 1 Processor -- start
2026-02-17T20:01:34.194 INFO:teuthology.orchestra.run.trial136.stdout:/usr/bin/ceph: stderr
2026-02-17T20:01:34.068+0000 7fc4156c7640 1 -- start start
2026-02-17T20:01:34.194 INFO:teuthology.orchestra.run.trial136.stdout:/usr/bin/ceph: stderr
2026-02-17T20:01:34.068+0000 7fc4156c7640 1 --2- >> [v2:10.20.193.136:3300/0,v1:10.20.193.136:6789/0] conn(0x7fc4101075d0 0x7fc41007d460 unknown :-1 s=NONE pgs=0 cs=0 l=1 rev1=0 crypto rx=0 tx=0 comp rx=0 tx=0).connect
2026-02-17T20:01:34.194 INFO:teuthology.orchestra.run.trial136.stdout:/usr/bin/ceph: stderr
2026-02-17T20:01:34.068+0000 7fc4156c7640 1 -- --> [v2:10.20.193.136:3300/0,v1:10.20.193.136:6789/0] -- mon_getmap magic: 0 -- 0x7fc41010ba00 con 0x7fc4101075d0
2026-02-17T20:01:34.194 INFO:teuthology.orchestra.run.trial136.stdout:/usr/bin/ceph: stderr
2026-02-17T20:01:34.068+0000 7fc40effd640 1 --2- >> [v2:10.20.193.136:3300/0,v1:10.20.193.136:6789/0] conn(0x7fc4101075d0 0x7fc41007d460 unknown :-1 s=BANNER_CONNECTING pgs=0 cs=0 l=1 rev1=0 crypto rx=0 tx=0 comp rx=0 tx=0)._handle_peer_banner_payload supported=3 required=0
2026-02-17T20:01:34.194 INFO:teuthology.orchestra.run.trial136.stdout:/usr/bin/ceph: stderr
2026-02-17T20:01:34.068+0000 7fc40effd640 1 --2- >> [v2:10.20.193.136:3300/0,v1:10.20.193.136:6789/0] conn(0x7fc4101075d0 0x7fc41007d460 unknown :-1 s=HELLO_CONNECTING pgs=0 cs=0 l=1 rev1=1 crypto rx=0 tx=0 comp rx=0 tx=0).handle_hello peer v2:10.20.193.136:3300/0 says I am v2:10.20.193.136:43280/0 (socket says 10.20.193.136:43280)
2026-02-17T20:01:34.194 INFO:teuthology.orchestra.run.trial136.stdout:/usr/bin/ceph: stderr
2026-02-17T20:01:34.068+0000 7fc40effd640 1 -- 10.20.193.136:0/3863921782 learned_addr learned my addr 10.20.193.136:0/3863921782 (peer_addr_for_me v2:10.20.193.136:0/0)
2026-02-17T20:01:34.194 INFO:teuthology.orchestra.run.trial136.stdout:/usr/bin/ceph: stderr
2026-02-17T20:01:34.068+0000 7fc40effd640 1 -- 10.20.193.136:0/3863921782 --> [v2:10.20.193.136:3300/0,v1:10.20.193.136:6789/0] -- mon_subscribe({config=0+,monmap=0+}) -- 0x7fc41007d9a0 con 0x7fc4101075d0
2026-02-17T20:01:34.194 INFO:teuthology.orchestra.run.trial136.stdout:/usr/bin/ceph: stderr
2026-02-17T20:01:34.068+0000 7fc40effd640 1 --2- 10.20.193.136:0/3863921782 >> [v2:10.20.193.136:3300/0,v1:10.20.193.136:6789/0] conn(0x7fc4101075d0 0x7fc41007d460 secure :-1 s=READY pgs=36 cs=0 l=1 rev1=1 crypto rx=0x7fc404037b20 tx=0x7fc4040358c0 comp rx=0 tx=0).ready entity=mon.0 client_cookie=0 server_cookie=0 in_seq=0 out_seq=0
2026-02-17T20:01:34.194 INFO:teuthology.orchestra.run.trial136.stdout:/usr/bin/ceph: stderr
2026-02-17T20:01:34.068+0000 7fc3effff640 1 -- 10.20.193.136:0/3863921782 <== mon.0 v2:10.20.193.136:3300/0 1 ==== mon_map magic: 0 ==== 226+0+0 (secure 0 0 0) 0x7fc404035c10 con 0x7fc4101075d0
2026-02-17T20:01:34.194 INFO:teuthology.orchestra.run.trial136.stdout:/usr/bin/ceph: stderr
2026-02-17T20:01:34.068+0000 7fc3effff640 1 -- 10.20.193.136:0/3863921782 <== mon.0 v2:10.20.193.136:3300/0 2 ==== config(25 keys) ==== 1007+0+0 (secure 0 0 0) 0x7fc404035db0 con 0x7fc4101075d0
2026-02-17T20:01:34.195 INFO:teuthology.orchestra.run.trial136.stdout:/usr/bin/ceph: stderr
2026-02-17T20:01:34.068+0000 7fc4156c7640 1 -- 10.20.193.136:0/3863921782 --> [v2:10.20.193.136:3300/0,v1:10.20.193.136:6789/0] -- mon_subscribe({mgrmap=0+}) -- 0x7fc41007bb90 con 0x7fc4101075d0
2026-02-17T20:01:34.195 INFO:teuthology.orchestra.run.trial136.stdout:/usr/bin/ceph: stderr
2026-02-17T20:01:34.068+0000 7fc3effff640 1 -- 10.20.193.136:0/3863921782 <== mon.0 v2:10.20.193.136:3300/0 3 ==== mon_map magic: 0 ==== 226+0+0 (secure 0 0 0) 0x7fc4040413a0 con 0x7fc4101075d0
2026-02-17T20:01:34.195 INFO:teuthology.orchestra.run.trial136.stdout:/usr/bin/ceph: stderr
2026-02-17T20:01:34.068+0000 7fc4156c7640 1 -- 10.20.193.136:0/3863921782 --> [v2:10.20.193.136:3300/0,v1:10.20.193.136:6789/0] -- mon_subscribe({osdmap=0}) -- 0x7fc41007c010 con 0x7fc4101075d0
2026-02-17T20:01:34.195 INFO:teuthology.orchestra.run.trial136.stdout:/usr/bin/ceph: stderr
2026-02-17T20:01:34.069+0000 7fc3effff640 1 -- 10.20.193.136:0/3863921782 <== mon.0 v2:10.20.193.136:3300/0 4 ==== mgrmap(e 7) ==== 50155+0+0 (secure 0 0 0) 0x7fc4040423f0 con 0x7fc4101075d0
2026-02-17T20:01:34.195 INFO:teuthology.orchestra.run.trial136.stdout:/usr/bin/ceph: stderr
2026-02-17T20:01:34.069+0000 7fc4156c7640 1 -- 10.20.193.136:0/3863921782 --> [v2:10.20.193.136:3300/0,v1:10.20.193.136:6789/0] -- mon_command({"prefix": "get_command_descriptions"} v 0) -- 0x7fc410107a50 con 0x7fc4101075d0
2026-02-17T20:01:34.195 INFO:teuthology.orchestra.run.trial136.stdout:/usr/bin/ceph: stderr
2026-02-17T20:01:34.069+0000 7fc3effff640 1 --2- 10.20.193.136:0/3863921782 >> [v2:10.20.193.136:6800/3777195325,v1:10.20.193.136:6801/3777195325] conn(0x7fc3e403da80 0x7fc3e403ff40 unknown :-1 s=NONE pgs=0 cs=0 l=1 rev1=0 crypto rx=0 tx=0 comp rx=0 tx=0).connect
2026-02-17T20:01:34.195 INFO:teuthology.orchestra.run.trial136.stdout:/usr/bin/ceph: stderr
2026-02-17T20:01:34.069+0000 7fc3effff640 1 -- 10.20.193.136:0/3863921782 <== mon.0 v2:10.20.193.136:3300/0 5 ==== osd_map(2..2 src has 1..2) ==== 940+0+0 (secure 0 0 0) 0x7fc4040765f0 con 0x7fc4101075d0
2026-02-17T20:01:34.195 INFO:teuthology.orchestra.run.trial136.stdout:/usr/bin/ceph: stderr
2026-02-17T20:01:34.069+0000 7fc40e7fc640 1 --2- 10.20.193.136:0/3863921782 >> [v2:10.20.193.136:6800/3777195325,v1:10.20.193.136:6801/3777195325] conn(0x7fc3e403da80 0x7fc3e403ff40 unknown :-1 s=BANNER_CONNECTING pgs=0 cs=0 l=1 rev1=0 crypto rx=0 tx=0 comp rx=0 tx=0)._handle_peer_banner_payload supported=3 required=0
2026-02-17T20:01:34.195 INFO:teuthology.orchestra.run.trial136.stdout:/usr/bin/ceph: stderr
2026-02-17T20:01:34.069+0000 7fc40e7fc640 1 --2- 10.20.193.136:0/3863921782 >> [v2:10.20.193.136:6800/3777195325,v1:10.20.193.136:6801/3777195325] conn(0x7fc3e403da80 0x7fc3e403ff40 secure :-1 s=READY pgs=7 cs=0 l=1 rev1=1 crypto rx=0x7fc3f80099c0 tx=0x7fc3f8006eb0 comp rx=0 tx=0).ready entity=mgr.14118 client_cookie=0 server_cookie=0 in_seq=0 out_seq=0
2026-02-17T20:01:34.195 INFO:teuthology.orchestra.run.trial136.stdout:/usr/bin/ceph: stderr
2026-02-17T20:01:34.071+0000 7fc3effff640 1 -- 10.20.193.136:0/3863921782 <== mon.0 v2:10.20.193.136:3300/0 6 ==== mon_command_ack([{"prefix": "get_command_descriptions"}]=0 v0) ==== 72+0+195034 (secure 0 0 0) 0x7fc40403e200 con 0x7fc4101075d0
2026-02-17T20:01:34.195 INFO:teuthology.orchestra.run.trial136.stdout:/usr/bin/ceph: stderr
2026-02-17T20:01:34.162+0000 7fc4156c7640 1 -- 10.20.193.136:0/3863921782 --> [v2:10.20.193.136:6800/3777195325,v1:10.20.193.136:6801/3777195325] -- mgr_command(tid 0: {"prefix": "orch set backend", "module_name": "cephadm", "target": ["mon-mgr", ""]}) -- 0x7fc41007c950 con 0x7fc3e403da80
2026-02-17T20:01:34.196 INFO:teuthology.orchestra.run.trial136.stdout:/usr/bin/ceph: stderr
2026-02-17T20:01:34.165+0000 7fc3effff640 1 -- 10.20.193.136:0/3863921782 <== mgr.14118 v2:10.20.193.136:6800/3777195325 1 ==== mgr_command_reply(tid 0: 0 ) ==== 8+0+0 (secure 0 0 0) 0x7fc41007c950 con 0x7fc3e403da80
2026-02-17T20:01:34.196 INFO:teuthology.orchestra.run.trial136.stdout:/usr/bin/ceph: stderr
2026-02-17T20:01:34.166+0000 7fc4156c7640 1 -- 10.20.193.136:0/3863921782 >> [v2:10.20.193.136:6800/3777195325,v1:10.20.193.136:6801/3777195325] conn(0x7fc3e403da80 msgr2=0x7fc3e403ff40 secure :-1 s=STATE_CONNECTION_ESTABLISHED l=1).mark_down
2026-02-17T20:01:34.196 INFO:teuthology.orchestra.run.trial136.stdout:/usr/bin/ceph: stderr
2026-02-17T20:01:34.166+0000 7fc4156c7640 1 --2- 10.20.193.136:0/3863921782 >> [v2:10.20.193.136:6800/3777195325,v1:10.20.193.136:6801/3777195325] conn(0x7fc3e403da80 0x7fc3e403ff40 secure :-1 s=READY pgs=7 cs=0 l=1 rev1=1 crypto rx=0x7fc3f80099c0 tx=0x7fc3f8006eb0 comp rx=0 tx=0).stop
2026-02-17T20:01:34.196 INFO:teuthology.orchestra.run.trial136.stdout:/usr/bin/ceph: stderr
2026-02-17T20:01:34.166+0000 7fc4156c7640 1 -- 10.20.193.136:0/3863921782 >> [v2:10.20.193.136:3300/0,v1:10.20.193.136:6789/0] conn(0x7fc4101075d0 msgr2=0x7fc41007d460 secure :-1 s=STATE_CONNECTION_ESTABLISHED l=1).mark_down
2026-02-17T20:01:34.196 INFO:teuthology.orchestra.run.trial136.stdout:/usr/bin/ceph: stderr
2026-02-17T20:01:34.166+0000 7fc4156c7640 1 --2- 10.20.193.136:0/3863921782 >> [v2:10.20.193.136:3300/0,v1:10.20.193.136:6789/0] conn(0x7fc4101075d0 0x7fc41007d460 secure :-1 s=READY pgs=36 cs=0 l=1 rev1=1 crypto rx=0x7fc404037b20 tx=0x7fc4040358c0 comp rx=0 tx=0).stop
2026-02-17T20:01:34.196 INFO:teuthology.orchestra.run.trial136.stdout:/usr/bin/ceph: stderr
2026-02-17T20:01:34.166+0000 7fc4156c7640 1 -- 10.20.193.136:0/3863921782 shutdown_connections
2026-02-17T20:01:34.196 INFO:teuthology.orchestra.run.trial136.stdout:/usr/bin/ceph: stderr
2026-02-17T20:01:34.166+0000 7fc4156c7640 1 --2- 10.20.193.136:0/3863921782 >> [v2:10.20.193.136:6800/3777195325,v1:10.20.193.136:6801/3777195325] conn(0x7fc3e403da80 0x7fc3e403ff40 unknown :-1 s=CLOSED pgs=7 cs=0 l=1 rev1=1 crypto rx=0 tx=0 comp rx=0 tx=0).stop
2026-02-17T20:01:34.196 INFO:teuthology.orchestra.run.trial136.stdout:/usr/bin/ceph: stderr
2026-02-17T20:01:34.166+0000 7fc4156c7640 1 --2- 10.20.193.136:0/3863921782 >> [v2:10.20.193.136:3300/0,v1:10.20.193.136:6789/0] conn(0x7fc4101075d0 0x7fc41007d460 unknown :-1 s=CLOSED pgs=36 cs=0 l=1 rev1=1 crypto rx=0 tx=0 comp rx=0 tx=0).stop
2026-02-17T20:01:34.196 INFO:teuthology.orchestra.run.trial136.stdout:/usr/bin/ceph: stderr
2026-02-17T20:01:34.166+0000 7fc4156c7640 1 -- 10.20.193.136:0/3863921782 >> 10.20.193.136:0/3863921782 conn(0x7fc410102d80 msgr2=0x7fc4101039b0 unknown :-1 s=STATE_NONE l=0).mark_down
2026-02-17T20:01:34.196 INFO:teuthology.orchestra.run.trial136.stdout:/usr/bin/ceph: stderr
2026-02-17T20:01:34.166+0000 7fc4156c7640 1 -- 10.20.193.136:0/3863921782 shutdown_connections
2026-02-17T20:01:34.196 INFO:teuthology.orchestra.run.trial136.stdout:/usr/bin/ceph: stderr
2026-02-17T20:01:34.166+0000 7fc4156c7640 1 -- 10.20.193.136:0/3863921782 wait complete.
2026-02-17T20:01:34.211 INFO:journalctl@ceph.mon.trial136.trial136.stdout:Feb 17 20:01:33 trial136 ceph-mon[20580]: Found migration_current of "None". Setting to last migration.
2026-02-17T20:01:34.211 INFO:journalctl@ceph.mon.trial136.trial136.stdout:Feb 17 20:01:33 trial136 ceph-mon[20580]: from='mgr.14118 10.20.193.136:0/535733949' entity='mgr.trial136.habgdx'
2026-02-17T20:01:34.211 INFO:journalctl@ceph.mon.trial136.trial136.stdout:Feb 17 20:01:33 trial136 ceph-mon[20580]: from='mgr.14118 10.20.193.136:0/535733949' entity='mgr.trial136.habgdx'
2026-02-17T20:01:34.211 INFO:journalctl@ceph.mon.trial136.trial136.stdout:Feb 17 20:01:33 trial136 ceph-mon[20580]: mgrmap e7: trial136.habgdx(active, since 1.00327s)
2026-02-17T20:01:34.492 INFO:teuthology.orchestra.run.trial136.stdout:/usr/bin/ceph: stdout value unchanged
2026-02-17T20:01:34.492 INFO:teuthology.orchestra.run.trial136.stdout:/usr/bin/ceph: stderr
2026-02-17T20:01:34.276+0000 7fa67f9fe640 1 Processor -- start
2026-02-17T20:01:34.492 INFO:teuthology.orchestra.run.trial136.stdout:/usr/bin/ceph: stderr
2026-02-17T20:01:34.276+0000 7fa67f9fe640 1 -- start start
2026-02-17T20:01:34.492 INFO:teuthology.orchestra.run.trial136.stdout:/usr/bin/ceph: stderr
2026-02-17T20:01:34.276+0000 7fa67f9fe640 1 --2- >> [v2:10.20.193.136:3300/0,v1:10.20.193.136:6789/0] conn(0x7fa6781075f0 0x7fa6781079f0 unknown :-1 s=NONE pgs=0 cs=0 l=0 rev1=0 crypto rx=0 tx=0 comp rx=0 tx=0).connect
2026-02-17T20:01:34.492 INFO:teuthology.orchestra.run.trial136.stdout:/usr/bin/ceph: stderr
2026-02-17T20:01:34.276+0000 7fa67f9fe640 1 -- --> [v2:10.20.193.136:3300/0,v1:10.20.193.136:6789/0] -- mon_getmap magic: 0 -- 0x7fa678107fc0 con 0x7fa6781075f0
2026-02-17T20:01:34.492 INFO:teuthology.orchestra.run.trial136.stdout:/usr/bin/ceph: stderr
2026-02-17T20:01:34.277+0000 7fa67d773640 1 --2- >> [v2:10.20.193.136:3300/0,v1:10.20.193.136:6789/0] conn(0x7fa6781075f0 0x7fa6781079f0 unknown :-1 s=BANNER_CONNECTING pgs=0 cs=0 l=0 rev1=0 crypto rx=0 tx=0 comp rx=0 tx=0)._handle_peer_banner_payload supported=3 required=0
2026-02-17T20:01:34.492 INFO:teuthology.orchestra.run.trial136.stdout:/usr/bin/ceph: stderr
2026-02-17T20:01:34.277+0000 7fa67d773640 1 --2- >> [v2:10.20.193.136:3300/0,v1:10.20.193.136:6789/0] conn(0x7fa6781075f0 0x7fa6781079f0 unknown :-1 s=HELLO_CONNECTING pgs=0 cs=0 l=0 rev1=1 crypto rx=0 tx=0 comp rx=0 tx=0).handle_hello peer v2:10.20.193.136:3300/0 says I am v2:10.20.193.136:43282/0 (socket says 10.20.193.136:43282)
2026-02-17T20:01:34.493 INFO:teuthology.orchestra.run.trial136.stdout:/usr/bin/ceph: stderr
2026-02-17T20:01:34.277+0000 7fa67d773640 1 -- 10.20.193.136:0/2005077577 learned_addr learned my addr 10.20.193.136:0/2005077577 (peer_addr_for_me v2:10.20.193.136:0/0)
2026-02-17T20:01:34.493 INFO:teuthology.orchestra.run.trial136.stdout:/usr/bin/ceph: stderr
2026-02-17T20:01:34.277+0000 7fa67d773640 1 -- 10.20.193.136:0/2005077577 --> [v2:10.20.193.136:3300/0,v1:10.20.193.136:6789/0] -- mon_subscribe({config=0+,monmap=0+}) -- 0x7fa6781087f0 con 0x7fa6781075f0
2026-02-17T20:01:34.493 INFO:teuthology.orchestra.run.trial136.stdout:/usr/bin/ceph: stderr
2026-02-17T20:01:34.277+0000 7fa67d773640 1 --2- 10.20.193.136:0/2005077577 >> [v2:10.20.193.136:3300/0,v1:10.20.193.136:6789/0] conn(0x7fa6781075f0 0x7fa6781079f0 secure :-1 s=READY pgs=37 cs=0 l=1 rev1=1 crypto rx=0x7fa668009920 tx=0x7fa66802ef20 comp rx=0 tx=0).ready entity=mon.0 client_cookie=e3c6bdc30a915f25 server_cookie=0 in_seq=0 out_seq=0
2026-02-17T20:01:34.493 INFO:teuthology.orchestra.run.trial136.stdout:/usr/bin/ceph: stderr
2026-02-17T20:01:34.277+0000 7fa667fff640 1 -- 10.20.193.136:0/2005077577 <== mon.0 v2:10.20.193.136:3300/0 1 ==== mon_map magic: 0 ==== 226+0+0 (secure 0 0 0) 0x7fa66803c070 con 0x7fa6781075f0
2026-02-17T20:01:34.493 INFO:teuthology.orchestra.run.trial136.stdout:/usr/bin/ceph: stderr
2026-02-17T20:01:34.277+0000 7fa667fff640 1 -- 10.20.193.136:0/2005077577 <== mon.0 v2:10.20.193.136:3300/0 2 ==== config(25 keys) ==== 1007+0+0 (secure 0 0 0) 0x7fa66802fe00 con 0x7fa6781075f0
2026-02-17T20:01:34.493 INFO:teuthology.orchestra.run.trial136.stdout:/usr/bin/ceph: stderr
2026-02-17T20:01:34.277+0000 7fa667fff640 1 -- 10.20.193.136:0/2005077577 <== mon.0 v2:10.20.193.136:3300/0 3 ==== mon_map magic: 0 ==== 226+0+0 (secure 0 0 0) 0x7fa668035340 con 0x7fa6781075f0
2026-02-17T20:01:34.493 INFO:teuthology.orchestra.run.trial136.stdout:/usr/bin/ceph: stderr
2026-02-17T20:01:34.278+0000 7fa67f9fe640 1 -- 10.20.193.136:0/2005077577 >> [v2:10.20.193.136:3300/0,v1:10.20.193.136:6789/0] conn(0x7fa6781075f0 msgr2=0x7fa6781079f0 secure :-1 s=STATE_CONNECTION_ESTABLISHED l=1).mark_down
2026-02-17T20:01:34.493 INFO:teuthology.orchestra.run.trial136.stdout:/usr/bin/ceph: stderr
2026-02-17T20:01:34.278+0000 7fa67f9fe640 1 --2- 10.20.193.136:0/2005077577 >> [v2:10.20.193.136:3300/0,v1:10.20.193.136:6789/0] conn(0x7fa6781075f0 0x7fa6781079f0 secure :-1 s=READY pgs=37 cs=0 l=1 rev1=1 crypto rx=0x7fa668009920 tx=0x7fa66802ef20 comp rx=0 tx=0).stop
2026-02-17T20:01:34.493 INFO:teuthology.orchestra.run.trial136.stdout:/usr/bin/ceph: stderr
2026-02-17T20:01:34.278+0000 7fa67f9fe640 1 -- 10.20.193.136:0/2005077577 shutdown_connections
2026-02-17T20:01:34.493 INFO:teuthology.orchestra.run.trial136.stdout:/usr/bin/ceph: stderr
2026-02-17T20:01:34.278+0000 7fa67f9fe640 1 --2- 10.20.193.136:0/2005077577 >> [v2:10.20.193.136:3300/0,v1:10.20.193.136:6789/0] conn(0x7fa6781075f0 0x7fa6781079f0 unknown :-1 s=CLOSED pgs=37 cs=0 l=1 rev1=1 crypto rx=0 tx=0 comp rx=0 tx=0).stop
2026-02-17T20:01:34.493 INFO:teuthology.orchestra.run.trial136.stdout:/usr/bin/ceph: stderr
2026-02-17T20:01:34.278+0000 7fa67f9fe640 1 -- 10.20.193.136:0/2005077577 >> 10.20.193.136:0/2005077577 conn(0x7fa678102da0 msgr2=0x7fa6781051c0 unknown :-1 s=STATE_NONE l=0).mark_down
2026-02-17T20:01:34.494 INFO:teuthology.orchestra.run.trial136.stdout:/usr/bin/ceph: stderr
2026-02-17T20:01:34.278+0000 7fa67f9fe640 1 -- 10.20.193.136:0/2005077577 shutdown_connections
2026-02-17T20:01:34.494 INFO:teuthology.orchestra.run.trial136.stdout:/usr/bin/ceph: stderr
2026-02-17T20:01:34.278+0000 7fa67f9fe640 1 -- 10.20.193.136:0/2005077577 wait complete.
2026-02-17T20:01:34.494 INFO:teuthology.orchestra.run.trial136.stdout:/usr/bin/ceph: stderr
2026-02-17T20:01:34.278+0000 7fa67f9fe640 1 Processor -- start
2026-02-17T20:01:34.494 INFO:teuthology.orchestra.run.trial136.stdout:/usr/bin/ceph: stderr
2026-02-17T20:01:34.278+0000 7fa67f9fe640 1 -- start start
2026-02-17T20:01:34.494 INFO:teuthology.orchestra.run.trial136.stdout:/usr/bin/ceph: stderr
2026-02-17T20:01:34.278+0000 7fa67f9fe640 1 --2- >> [v2:10.20.193.136:3300/0,v1:10.20.193.136:6789/0] conn(0x7fa6781075f0 0x7fa67807d460 unknown :-1 s=NONE pgs=0 cs=0 l=1 rev1=0 crypto rx=0 tx=0 comp rx=0 tx=0).connect
2026-02-17T20:01:34.494 INFO:teuthology.orchestra.run.trial136.stdout:/usr/bin/ceph: stderr
2026-02-17T20:01:34.278+0000 7fa67f9fe640 1 -- --> [v2:10.20.193.136:3300/0,v1:10.20.193.136:6789/0] -- mon_getmap magic: 0 -- 0x7fa67810ba20 con 0x7fa6781075f0
2026-02-17T20:01:34.494 INFO:teuthology.orchestra.run.trial136.stdout:/usr/bin/ceph: stderr
2026-02-17T20:01:34.278+0000 7fa67d773640 1 --2- >> [v2:10.20.193.136:3300/0,v1:10.20.193.136:6789/0] conn(0x7fa6781075f0 0x7fa67807d460 unknown :-1 s=BANNER_CONNECTING pgs=0 cs=0 l=1 rev1=0 crypto rx=0 tx=0 comp rx=0 tx=0)._handle_peer_banner_payload supported=3 required=0
2026-02-17T20:01:34.494 INFO:teuthology.orchestra.run.trial136.stdout:/usr/bin/ceph: stderr
2026-02-17T20:01:34.278+0000 7fa67d773640 1 --2- >> [v2:10.20.193.136:3300/0,v1:10.20.193.136:6789/0] conn(0x7fa6781075f0 0x7fa67807d460 unknown :-1 s=HELLO_CONNECTING pgs=0 cs=0 l=1 rev1=1 crypto rx=0 tx=0 comp rx=0 tx=0).handle_hello peer v2:10.20.193.136:3300/0 says I am v2:10.20.193.136:43292/0 (socket says 10.20.193.136:43292)
2026-02-17T20:01:34.494 INFO:teuthology.orchestra.run.trial136.stdout:/usr/bin/ceph: stderr
2026-02-17T20:01:34.278+0000 7fa67d773640 1 -- 10.20.193.136:0/641609249 learned_addr learned my addr 10.20.193.136:0/641609249 (peer_addr_for_me v2:10.20.193.136:0/0)
2026-02-17T20:01:34.494 INFO:teuthology.orchestra.run.trial136.stdout:/usr/bin/ceph: stderr
2026-02-17T20:01:34.278+0000 7fa67d773640 1 -- 10.20.193.136:0/641609249 --> [v2:10.20.193.136:3300/0,v1:10.20.193.136:6789/0] -- mon_subscribe({config=0+,monmap=0+}) -- 0x7fa67807d9a0 con 0x7fa6781075f0
2026-02-17T20:01:34.494 INFO:teuthology.orchestra.run.trial136.stdout:/usr/bin/ceph: stderr
2026-02-17T20:01:34.278+0000 7fa67d773640 1 --2- 10.20.193.136:0/641609249 >> [v2:10.20.193.136:3300/0,v1:10.20.193.136:6789/0] conn(0x7fa6781075f0 0x7fa67807d460 secure :-1 s=READY pgs=38 cs=0 l=1 rev1=1 crypto rx=0x7fa668037b20 tx=0x7fa6680358c0 comp rx=0 tx=0).ready entity=mon.0 client_cookie=0 server_cookie=0 in_seq=0 out_seq=0
2026-02-17T20:01:34.494 INFO:teuthology.orchestra.run.trial136.stdout:/usr/bin/ceph: stderr
2026-02-17T20:01:34.279+0000 7fa6667fc640 1 -- 10.20.193.136:0/641609249 <== mon.0 v2:10.20.193.136:3300/0 1 ==== mon_map magic: 0 ==== 226+0+0 (secure 0 0 0) 0x7fa668035c10 con 0x7fa6781075f0
2026-02-17T20:01:34.494 INFO:teuthology.orchestra.run.trial136.stdout:/usr/bin/ceph: stderr
2026-02-17T20:01:34.279+0000 7fa6667fc640 1 -- 10.20.193.136:0/641609249 <== mon.0 v2:10.20.193.136:3300/0 2 ==== config(25 keys) ==== 1007+0+0 (secure 0 0 0) 0x7fa668035db0 con 0x7fa6781075f0
2026-02-17T20:01:34.495 INFO:teuthology.orchestra.run.trial136.stdout:/usr/bin/ceph: stderr
2026-02-17T20:01:34.279+0000 7fa67f9fe640 1 -- 10.20.193.136:0/641609249 --> [v2:10.20.193.136:3300/0,v1:10.20.193.136:6789/0] -- mon_subscribe({mgrmap=0+}) -- 0x7fa67807bb90 con 0x7fa6781075f0
2026-02-17T20:01:34.495 INFO:teuthology.orchestra.run.trial136.stdout:/usr/bin/ceph: stderr
2026-02-17T20:01:34.279+0000 7fa6667fc640 1 -- 10.20.193.136:0/641609249 <== mon.0 v2:10.20.193.136:3300/0 3 ==== mon_map magic: 0 ==== 226+0+0 (secure 0 0 0) 0x7fa6680413a0 con 0x7fa6781075f0
2026-02-17T20:01:34.495 INFO:teuthology.orchestra.run.trial136.stdout:/usr/bin/ceph: stderr
2026-02-17T20:01:34.279+0000 7fa67f9fe640 1 -- 10.20.193.136:0/641609249 --> [v2:10.20.193.136:3300/0,v1:10.20.193.136:6789/0] -- mon_subscribe({osdmap=0}) -- 0x7fa67807c010 con 0x7fa6781075f0
2026-02-17T20:01:34.495 INFO:teuthology.orchestra.run.trial136.stdout:/usr/bin/ceph: stderr
2026-02-17T20:01:34.279+0000 7fa67f9fe640 1 -- 10.20.193.136:0/641609249 --> [v2:10.20.193.136:3300/0,v1:10.20.193.136:6789/0] -- mon_command({"prefix": "get_command_descriptions"} v 0) -- 0x7fa678107a70 con 0x7fa6781075f0
2026-02-17T20:01:34.495 INFO:teuthology.orchestra.run.trial136.stdout:/usr/bin/ceph: stderr
2026-02-17T20:01:34.279+0000 7fa6667fc640 1 -- 10.20.193.136:0/641609249 <== mon.0 v2:10.20.193.136:3300/0 4 ==== mgrmap(e 7) ==== 50155+0+0 (secure 0 0 0) 0x7fa6680423f0 con 0x7fa6781075f0
2026-02-17T20:01:34.495 INFO:teuthology.orchestra.run.trial136.stdout:/usr/bin/ceph: stderr
2026-02-17T20:01:34.279+0000 7fa6667fc640 1 --2- 10.20.193.136:0/641609249 >> [v2:10.20.193.136:6800/3777195325,v1:10.20.193.136:6801/3777195325] conn(0x7fa65403da80 0x7fa65403ff40 unknown :-1 s=NONE pgs=0 cs=0 l=1 rev1=0 crypto rx=0 tx=0 comp rx=0 tx=0).connect
2026-02-17T20:01:34.495 INFO:teuthology.orchestra.run.trial136.stdout:/usr/bin/ceph: stderr
2026-02-17T20:01:34.279+0000 7fa6667fc640 1 -- 10.20.193.136:0/641609249 <== mon.0 v2:10.20.193.136:3300/0 5 ==== osd_map(2..2 src has 1..2) ==== 940+0+0 (secure 0 0 0) 0x7fa668076560 con 0x7fa6781075f0
2026-02-17T20:01:34.495 INFO:teuthology.orchestra.run.trial136.stdout:/usr/bin/ceph: stderr
2026-02-17T20:01:34.279+0000 7fa67cf72640 1 --2- 10.20.193.136:0/641609249 >> [v2:10.20.193.136:6800/3777195325,v1:10.20.193.136:6801/3777195325] conn(0x7fa65403da80 0x7fa65403ff40 unknown :-1 s=BANNER_CONNECTING pgs=0 cs=0 l=1 rev1=0 crypto rx=0 tx=0 comp rx=0 tx=0)._handle_peer_banner_payload supported=3 required=0
2026-02-17T20:01:34.495 INFO:teuthology.orchestra.run.trial136.stdout:/usr/bin/ceph: stderr
2026-02-17T20:01:34.280+0000 7fa67cf72640 1 --2- 10.20.193.136:0/641609249 >> [v2:10.20.193.136:6800/3777195325,v1:10.20.193.136:6801/3777195325] conn(0x7fa65403da80 0x7fa65403ff40 secure :-1 s=READY pgs=8 cs=0 l=1 rev1=1 crypto rx=0x7fa66c0099c0 tx=0x7fa66c006eb0 comp rx=0 tx=0).ready entity=mgr.14118 client_cookie=0 server_cookie=0 in_seq=0 out_seq=0
2026-02-17T20:01:34.495 INFO:teuthology.orchestra.run.trial136.stdout:/usr/bin/ceph: stderr
2026-02-17T20:01:34.282+0000 7fa6667fc640 1 -- 10.20.193.136:0/641609249 <== mon.0 v2:10.20.193.136:3300/0 6 ==== mon_command_ack([{"prefix": "get_command_descriptions"}]=0 v0) ==== 72+0+195034 (secure 0 0 0) 0x7fa668036e50 con 0x7fa6781075f0
2026-02-17T20:01:34.495 INFO:teuthology.orchestra.run.trial136.stdout:/usr/bin/ceph: stderr
2026-02-17T20:01:34.368+0000 7fa67f9fe640 1 -- 10.20.193.136:0/641609249 --> [v2:10.20.193.136:6800/3777195325,v1:10.20.193.136:6801/3777195325] -- mgr_command(tid 0: {"prefix": "cephadm set-user", "user": "root", "target": ["mon-mgr", ""]}) -- 0x7fa67807c960 con 0x7fa65403da80
2026-02-17T20:01:34.496 INFO:teuthology.orchestra.run.trial136.stdout:/usr/bin/ceph: stderr
2026-02-17T20:01:34.368+0000 7fa6667fc640 1 -- 10.20.193.136:0/641609249 <== mgr.14118 v2:10.20.193.136:6800/3777195325 1 ==== mgr_command_reply(tid 0: 0 ) ==== 8+0+16 (secure 0 0 0) 0x7fa67807c960 con 0x7fa65403da80
2026-02-17T20:01:34.496 INFO:teuthology.orchestra.run.trial136.stdout:/usr/bin/ceph: stderr
2026-02-17T20:01:34.369+0000 7fa67f9fe640 1 -- 10.20.193.136:0/641609249 >> [v2:10.20.193.136:6800/3777195325,v1:10.20.193.136:6801/3777195325] conn(0x7fa65403da80 msgr2=0x7fa65403ff40 secure :-1 s=STATE_CONNECTION_ESTABLISHED l=1).mark_down
2026-02-17T20:01:34.496 INFO:teuthology.orchestra.run.trial136.stdout:/usr/bin/ceph: stderr
2026-02-17T20:01:34.369+0000 7fa67f9fe640 1 --2- 10.20.193.136:0/641609249 >> [v2:10.20.193.136:6800/3777195325,v1:10.20.193.136:6801/3777195325] conn(0x7fa65403da80 0x7fa65403ff40 secure :-1 s=READY pgs=8 cs=0 l=1 rev1=1 crypto rx=0x7fa66c0099c0 tx=0x7fa66c006eb0 comp rx=0 tx=0).stop
2026-02-17T20:01:34.496 INFO:teuthology.orchestra.run.trial136.stdout:/usr/bin/ceph: stderr
2026-02-17T20:01:34.369+0000 7fa67f9fe640 1 -- 10.20.193.136:0/641609249 >> [v2:10.20.193.136:3300/0,v1:10.20.193.136:6789/0] conn(0x7fa6781075f0 msgr2=0x7fa67807d460 secure :-1 s=STATE_CONNECTION_ESTABLISHED l=1).mark_down
2026-02-17T20:01:34.496 INFO:teuthology.orchestra.run.trial136.stdout:/usr/bin/ceph: stderr
2026-02-17T20:01:34.369+0000 7fa67f9fe640 1 --2- 10.20.193.136:0/641609249 >> [v2:10.20.193.136:3300/0,v1:10.20.193.136:6789/0] conn(0x7fa6781075f0 0x7fa67807d460 secure :-1 s=READY pgs=38 cs=0 l=1 rev1=1 crypto rx=0x7fa668037b20 tx=0x7fa6680358c0 comp rx=0 tx=0).stop
2026-02-17T20:01:34.496 INFO:teuthology.orchestra.run.trial136.stdout:/usr/bin/ceph: stderr
2026-02-17T20:01:34.369+0000 7fa67f9fe640 1 -- 10.20.193.136:0/641609249 shutdown_connections
2026-02-17T20:01:34.496 INFO:teuthology.orchestra.run.trial136.stdout:/usr/bin/ceph: stderr
2026-02-17T20:01:34.369+0000 7fa67f9fe640 1 --2- 10.20.193.136:0/641609249 >> [v2:10.20.193.136:6800/3777195325,v1:10.20.193.136:6801/3777195325] conn(0x7fa65403da80 0x7fa65403ff40 unknown :-1 s=CLOSED pgs=8 cs=0 l=1 rev1=1 crypto rx=0 tx=0 comp rx=0 tx=0).stop
2026-02-17T20:01:34.496 INFO:teuthology.orchestra.run.trial136.stdout:/usr/bin/ceph: stderr
2026-02-17T20:01:34.369+0000 7fa67f9fe640 1 --2- 10.20.193.136:0/641609249 >> [v2:10.20.193.136:3300/0,v1:10.20.193.136:6789/0] conn(0x7fa6781075f0 0x7fa67807d460 unknown :-1 s=CLOSED pgs=38 cs=0 l=1 rev1=1 crypto rx=0 tx=0 comp rx=0 tx=0).stop
2026-02-17T20:01:34.496 INFO:teuthology.orchestra.run.trial136.stdout:/usr/bin/ceph: stderr
2026-02-17T20:01:34.369+0000 7fa67f9fe640 1 -- 10.20.193.136:0/641609249 >> 10.20.193.136:0/641609249 conn(0x7fa678102da0 msgr2=0x7fa6781039a0 unknown :-1 s=STATE_NONE l=0).mark_down
2026-02-17T20:01:34.496 INFO:teuthology.orchestra.run.trial136.stdout:/usr/bin/ceph: stderr
2026-02-17T20:01:34.369+0000 7fa67f9fe640 1 -- 10.20.193.136:0/641609249 shutdown_connections
2026-02-17T20:01:34.496 INFO:teuthology.orchestra.run.trial136.stdout:/usr/bin/ceph: stderr
2026-02-17T20:01:34.369+0000 7fa67f9fe640 1 -- 10.20.193.136:0/641609249 wait complete.
2026-02-17T20:01:34.496 INFO:teuthology.orchestra.run.trial136.stdout:Generating ssh key...
2026-02-17T20:01:34.726 INFO:teuthology.orchestra.run.trial136.stdout:/usr/bin/ceph: stderr
2026-02-17T20:01:34.588+0000 7fb4d004a640 1 Processor -- start
2026-02-17T20:01:34.726 INFO:teuthology.orchestra.run.trial136.stdout:/usr/bin/ceph: stderr
2026-02-17T20:01:34.588+0000 7fb4d004a640 1 -- start start
2026-02-17T20:01:34.726 INFO:teuthology.orchestra.run.trial136.stdout:/usr/bin/ceph: stderr
2026-02-17T20:01:34.588+0000 7fb4d004a640 1 --2- >> [v2:10.20.193.136:3300/0,v1:10.20.193.136:6789/0] conn(0x7fb4c8109880 0x7fb4c8109c80 unknown :-1 s=NONE pgs=0 cs=0 l=0 rev1=0 crypto rx=0 tx=0 comp rx=0 tx=0).connect
2026-02-17T20:01:34.726 INFO:teuthology.orchestra.run.trial136.stdout:/usr/bin/ceph: stderr
2026-02-17T20:01:34.588+0000 7fb4d004a640 1 -- --> [v2:10.20.193.136:3300/0,v1:10.20.193.136:6789/0] -- mon_getmap magic: 0 -- 0x7fb4c810a250 con 0x7fb4c8109880
2026-02-17T20:01:34.726 INFO:teuthology.orchestra.run.trial136.stdout:/usr/bin/ceph: stderr
2026-02-17T20:01:34.588+0000 7fb4cddbf640 1 --2- >> [v2:10.20.193.136:3300/0,v1:10.20.193.136:6789/0] conn(0x7fb4c8109880 0x7fb4c8109c80 unknown :-1 s=BANNER_CONNECTING pgs=0 cs=0 l=0 rev1=0 crypto rx=0 tx=0 comp rx=0 tx=0)._handle_peer_banner_payload supported=3 required=0
2026-02-17T20:01:34.727 INFO:teuthology.orchestra.run.trial136.stdout:/usr/bin/ceph: stderr
2026-02-17T20:01:34.588+0000 7fb4cddbf640 1 --2- >> [v2:10.20.193.136:3300/0,v1:10.20.193.136:6789/0] conn(0x7fb4c8109880 0x7fb4c8109c80 unknown :-1 s=HELLO_CONNECTING pgs=0 cs=0 l=0 rev1=1 crypto rx=0 tx=0 comp rx=0 tx=0).handle_hello peer v2:10.20.193.136:3300/0 says I am v2:10.20.193.136:43308/0 (socket says 10.20.193.136:43308)
2026-02-17T20:01:34.727 INFO:teuthology.orchestra.run.trial136.stdout:/usr/bin/ceph: stderr
2026-02-17T20:01:34.588+0000 7fb4cddbf640 1 -- 10.20.193.136:0/4167500440 learned_addr learned my addr 10.20.193.136:0/4167500440 (peer_addr_for_me v2:10.20.193.136:0/0)
2026-02-17T20:01:34.727 INFO:teuthology.orchestra.run.trial136.stdout:/usr/bin/ceph: stderr
2026-02-17T20:01:34.588+0000 7fb4cddbf640 1 -- 10.20.193.136:0/4167500440 --> [v2:10.20.193.136:3300/0,v1:10.20.193.136:6789/0] -- mon_subscribe({config=0+,monmap=0+}) -- 0x7fb4c810aa80 con 0x7fb4c8109880
2026-02-17T20:01:34.727 INFO:teuthology.orchestra.run.trial136.stdout:/usr/bin/ceph: stderr
2026-02-17T20:01:34.589+0000 7fb4cddbf640 1 --2- 10.20.193.136:0/4167500440 >> [v2:10.20.193.136:3300/0,v1:10.20.193.136:6789/0] conn(0x7fb4c8109880 0x7fb4c8109c80 secure :-1 s=READY pgs=39 cs=0 l=1 rev1=1 crypto rx=0x7fb4b8009920 tx=0x7fb4b802ef20 comp rx=0 tx=0).ready entity=mon.0 client_cookie=52750cd7bb69999e server_cookie=0 in_seq=0 out_seq=0
2026-02-17T20:01:34.727 INFO:teuthology.orchestra.run.trial136.stdout:/usr/bin/ceph: stderr
2026-02-17T20:01:34.589+0000 7fb4ccdbd640 1 -- 10.20.193.136:0/4167500440 <== mon.0 v2:10.20.193.136:3300/0 1 ==== mon_map magic: 0 ==== 226+0+0 (secure 0 0 0) 0x7fb4b803c070 con 0x7fb4c8109880
2026-02-17T20:01:34.727 INFO:teuthology.orchestra.run.trial136.stdout:/usr/bin/ceph: stderr
2026-02-17T20:01:34.589+0000 7fb4ccdbd640 1 -- 10.20.193.136:0/4167500440 <== mon.0 v2:10.20.193.136:3300/0 2 ==== config(25 keys) ==== 1007+0+0 (secure 0 0 0) 0x7fb4b802fe00 con 0x7fb4c8109880
2026-02-17T20:01:34.727 INFO:teuthology.orchestra.run.trial136.stdout:/usr/bin/ceph: stderr
2026-02-17T20:01:34.589+0000 7fb4ccdbd640 1 -- 10.20.193.136:0/4167500440 <== mon.0 v2:10.20.193.136:3300/0 3 ==== mon_map magic: 0 ==== 226+0+0 (secure 0 0 0) 0x7fb4b8035340 con 0x7fb4c8109880
2026-02-17T20:01:34.727 INFO:teuthology.orchestra.run.trial136.stdout:/usr/bin/ceph: stderr
2026-02-17T20:01:34.589+0000 7fb4d004a640 1 -- 10.20.193.136:0/4167500440 >> [v2:10.20.193.136:3300/0,v1:10.20.193.136:6789/0] conn(0x7fb4c8109880 msgr2=0x7fb4c8109c80 secure :-1 s=STATE_CONNECTION_ESTABLISHED l=1).mark_down
2026-02-17T20:01:34.727 INFO:teuthology.orchestra.run.trial136.stdout:/usr/bin/ceph: stderr
2026-02-17T20:01:34.589+0000 7fb4d004a640 1 --2- 10.20.193.136:0/4167500440 >> [v2:10.20.193.136:3300/0,v1:10.20.193.136:6789/0] conn(0x7fb4c8109880 0x7fb4c8109c80 secure :-1 s=READY pgs=39 cs=0 l=1 rev1=1 crypto rx=0x7fb4b8009920 tx=0x7fb4b802ef20 comp rx=0 tx=0).stop
2026-02-17T20:01:34.727 INFO:teuthology.orchestra.run.trial136.stdout:/usr/bin/ceph: stderr
2026-02-17T20:01:34.589+0000 7fb4d004a640 1 -- 10.20.193.136:0/4167500440 shutdown_connections
2026-02-17T20:01:34.727 INFO:teuthology.orchestra.run.trial136.stdout:/usr/bin/ceph: stderr
2026-02-17T20:01:34.589+0000 7fb4d004a640 1 --2- 10.20.193.136:0/4167500440 >> [v2:10.20.193.136:3300/0,v1:10.20.193.136:6789/0] conn(0x7fb4c8109880 0x7fb4c8109c80 unknown :-1 s=CLOSED pgs=39 cs=0 l=1 rev1=1 crypto rx=0 tx=0 comp rx=0 tx=0).stop
2026-02-17T20:01:34.728 INFO:teuthology.orchestra.run.trial136.stdout:/usr/bin/ceph: stderr
2026-02-17T20:01:34.589+0000 7fb4d004a640 1 -- 10.20.193.136:0/4167500440 >> 10.20.193.136:0/4167500440 conn(0x7fb4c807cf00 msgr2=0x7fb4c807d310 unknown :-1 s=STATE_NONE l=0).mark_down
2026-02-17T20:01:34.728 INFO:teuthology.orchestra.run.trial136.stdout:/usr/bin/ceph: stderr
2026-02-17T20:01:34.589+0000 7fb4d004a640 1 -- 10.20.193.136:0/4167500440 shutdown_connections
2026-02-17T20:01:34.728 INFO:teuthology.orchestra.run.trial136.stdout:/usr/bin/ceph: stderr
2026-02-17T20:01:34.589+0000 7fb4d004a640 1 -- 10.20.193.136:0/4167500440 wait complete.
2026-02-17T20:01:34.728 INFO:teuthology.orchestra.run.trial136.stdout:/usr/bin/ceph: stderr
2026-02-17T20:01:34.590+0000 7fb4d004a640 1 Processor -- start
2026-02-17T20:01:34.728 INFO:teuthology.orchestra.run.trial136.stdout:/usr/bin/ceph: stderr
2026-02-17T20:01:34.590+0000 7fb4d004a640 1 -- start start
2026-02-17T20:01:34.728 INFO:teuthology.orchestra.run.trial136.stdout:/usr/bin/ceph: stderr
2026-02-17T20:01:34.590+0000 7fb4d004a640 1 --2- >> [v2:10.20.193.136:3300/0,v1:10.20.193.136:6789/0] conn(0x7fb4c8109880 0x7fb4c819f7a0 unknown :-1 s=NONE pgs=0 cs=0 l=1 rev1=0 crypto rx=0 tx=0 comp rx=0 tx=0).connect
2026-02-17T20:01:34.728 INFO:teuthology.orchestra.run.trial136.stdout:/usr/bin/ceph: stderr
2026-02-17T20:01:34.590+0000 7fb4d004a640 1 -- --> [v2:10.20.193.136:3300/0,v1:10.20.193.136:6789/0] -- mon_getmap magic: 0 -- 0x7fb4c810dcb0 con 0x7fb4c8109880
2026-02-17T20:01:34.728 INFO:teuthology.orchestra.run.trial136.stdout:/usr/bin/ceph: stderr
2026-02-17T20:01:34.590+0000 7fb4cddbf640 1 --2- >> [v2:10.20.193.136:3300/0,v1:10.20.193.136:6789/0] conn(0x7fb4c8109880 0x7fb4c819f7a0 unknown :-1 s=BANNER_CONNECTING pgs=0 cs=0 l=1 rev1=0 crypto rx=0 tx=0 comp rx=0 tx=0)._handle_peer_banner_payload supported=3 required=0
2026-02-17T20:01:34.728 INFO:teuthology.orchestra.run.trial136.stdout:/usr/bin/ceph: stderr
2026-02-17T20:01:34.590+0000 7fb4cddbf640 1 --2- >> [v2:10.20.193.136:3300/0,v1:10.20.193.136:6789/0] conn(0x7fb4c8109880 0x7fb4c819f7a0 unknown :-1 s=HELLO_CONNECTING pgs=0 cs=0 l=1 rev1=1 crypto rx=0 tx=0 comp rx=0 tx=0).handle_hello peer v2:10.20.193.136:3300/0 says I am v2:10.20.193.136:43312/0 (socket says 10.20.193.136:43312)
2026-02-17T20:01:34.728 INFO:teuthology.orchestra.run.trial136.stdout:/usr/bin/ceph: stderr
2026-02-17T20:01:34.590+0000 7fb4cddbf640 1 -- 10.20.193.136:0/3883775494 learned_addr learned my addr 10.20.193.136:0/3883775494 (peer_addr_for_me v2:10.20.193.136:0/0)
2026-02-17T20:01:34.728 INFO:teuthology.orchestra.run.trial136.stdout:/usr/bin/ceph: stderr
2026-02-17T20:01:34.590+0000 7fb4cddbf640 1 -- 10.20.193.136:0/3883775494 --> [v2:10.20.193.136:3300/0,v1:10.20.193.136:6789/0] -- mon_subscribe({config=0+,monmap=0+}) -- 0x7fb4c819fce0 con 0x7fb4c8109880
2026-02-17T20:01:34.728 INFO:teuthology.orchestra.run.trial136.stdout:/usr/bin/ceph: stderr
2026-02-17T20:01:34.590+0000 7fb4cddbf640 1 --2- 10.20.193.136:0/3883775494 >> [v2:10.20.193.136:3300/0,v1:10.20.193.136:6789/0] conn(0x7fb4c8109880 0x7fb4c819f7a0 secure :-1 s=READY pgs=40 cs=0 l=1 rev1=1 crypto rx=0x7fb4b8037b20 tx=0x7fb4b80358c0 comp rx=0 tx=0).ready entity=mon.0 client_cookie=0 server_cookie=0 in_seq=0 out_seq=0
2026-02-17T20:01:34.729 INFO:teuthology.orchestra.run.trial136.stdout:/usr/bin/ceph: stderr
2026-02-17T20:01:34.590+0000 7fb4b6ffd640 1 -- 10.20.193.136:0/3883775494 <== mon.0 v2:10.20.193.136:3300/0 1 ==== mon_map magic: 0 ==== 226+0+0 (secure 0 0 0) 0x7fb4b8035c10 con 0x7fb4c8109880
2026-02-17T20:01:34.729 INFO:teuthology.orchestra.run.trial136.stdout:/usr/bin/ceph: stderr
2026-02-17T20:01:34.590+0000 7fb4b6ffd640 1 -- 10.20.193.136:0/3883775494 <== mon.0 v2:10.20.193.136:3300/0 2 ==== config(25 keys) ==== 1007+0+0 (secure 0 0 0) 0x7fb4b8035db0 con 0x7fb4c8109880
2026-02-17T20:01:34.729 INFO:teuthology.orchestra.run.trial136.stdout:/usr/bin/ceph: stderr
2026-02-17T20:01:34.590+0000 7fb4b6ffd640 1 -- 10.20.193.136:0/3883775494 <== mon.0 v2:10.20.193.136:3300/0 3 ==== mon_map magic: 0 ==== 226+0+0 (secure 0 0 0) 0x7fb4b80413a0 con 0x7fb4c8109880
2026-02-17T20:01:34.729 INFO:teuthology.orchestra.run.trial136.stdout:/usr/bin/ceph: stderr
2026-02-17T20:01:34.590+0000 7fb4d004a640 1 -- 10.20.193.136:0/3883775494 --> [v2:10.20.193.136:3300/0,v1:10.20.193.136:6789/0] -- mon_subscribe({mgrmap=0+}) -- 0x7fb4c819ff70 con 0x7fb4c8109880
2026-02-17T20:01:34.729 INFO:teuthology.orchestra.run.trial136.stdout:/usr/bin/ceph: stderr
2026-02-17T20:01:34.590+0000 7fb4d004a640 1 -- 10.20.193.136:0/3883775494 --> [v2:10.20.193.136:3300/0,v1:10.20.193.136:6789/0] -- mon_subscribe({osdmap=0}) -- 0x7fb4c81a2c60 con 0x7fb4c8109880
2026-02-17T20:01:34.729 INFO:teuthology.orchestra.run.trial136.stdout:/usr/bin/ceph: stderr
2026-02-17T20:01:34.591+0000 7fb4d004a640 1 -- 10.20.193.136:0/3883775494 --> [v2:10.20.193.136:3300/0,v1:10.20.193.136:6789/0] -- mon_command({"prefix": "get_command_descriptions"} v 0) -- 0x7fb4c8109d00 con 0x7fb4c8109880
2026-02-17T20:01:34.729 INFO:teuthology.orchestra.run.trial136.stdout:/usr/bin/ceph: stderr
2026-02-17T20:01:34.591+0000 7fb4b6ffd640 1 -- 10.20.193.136:0/3883775494 <== mon.0 v2:10.20.193.136:3300/0 4 ==== mgrmap(e 7) ==== 50155+0+0 (secure 0 0 0) 0x7fb4b8041650 con 0x7fb4c8109880
2026-02-17T20:01:34.729 INFO:teuthology.orchestra.run.trial136.stdout:/usr/bin/ceph: stderr
2026-02-17T20:01:34.591+0000 7fb4b6ffd640 1 --2- 10.20.193.136:0/3883775494 >> [v2:10.20.193.136:6800/3777195325,v1:10.20.193.136:6801/3777195325] conn(0x7fb4a403dad0 0x7fb4a403ff90 unknown :-1 s=NONE pgs=0 cs=0 l=1 rev1=0 crypto rx=0 tx=0 comp rx=0 tx=0).connect
2026-02-17T20:01:34.729 INFO:teuthology.orchestra.run.trial136.stdout:/usr/bin/ceph: stderr
2026-02-17T20:01:34.591+0000 7fb4b6ffd640 1 -- 10.20.193.136:0/3883775494 <== mon.0 v2:10.20.193.136:3300/0 5 ==== osd_map(2..2 src has 1..2) ==== 940+0+0 (secure 0 0 0) 0x7fb4b8076540 con 0x7fb4c8109880
2026-02-17T20:01:34.729 INFO:teuthology.orchestra.run.trial136.stdout:/usr/bin/ceph: stderr
2026-02-17T20:01:34.591+0000 7fb4cd5be640 1 --2- 10.20.193.136:0/3883775494 >> [v2:10.20.193.136:6800/3777195325,v1:10.20.193.136:6801/3777195325] conn(0x7fb4a403dad0 0x7fb4a403ff90 unknown :-1 s=BANNER_CONNECTING pgs=0 cs=0 l=1 rev1=0 crypto rx=0 tx=0 comp rx=0 tx=0)._handle_peer_banner_payload supported=3 required=0
2026-02-17T20:01:34.729 INFO:teuthology.orchestra.run.trial136.stdout:/usr/bin/ceph: stderr
2026-02-17T20:01:34.591+0000 7fb4cd5be640 1 --2- 10.20.193.136:0/3883775494 >> [v2:10.20.193.136:6800/3777195325,v1:10.20.193.136:6801/3777195325] conn(0x7fb4a403dad0 0x7fb4a403ff90 secure :-1 s=READY pgs=9 cs=0 l=1 rev1=1 crypto rx=0x7fb4bc0099c0 tx=0x7fb4bc006eb0 comp rx=0 tx=0).ready entity=mgr.14118 client_cookie=0 server_cookie=0 in_seq=0 out_seq=0
2026-02-17T20:01:34.729 INFO:teuthology.orchestra.run.trial136.stdout:/usr/bin/ceph: stderr
2026-02-17T20:01:34.594+0000 7fb4b6ffd640 1 -- 10.20.193.136:0/3883775494 <== mon.0 v2:10.20.193.136:3300/0 6 ==== mon_command_ack([{"prefix": "get_command_descriptions"}]=0 v0) ==== 72+0+195034 (secure 0 0 0) 0x7fb4b80423f0 con 0x7fb4c8109880
2026-02-17T20:01:34.730 INFO:teuthology.orchestra.run.trial136.stdout:/usr/bin/ceph: stderr
2026-02-17T20:01:34.678+0000 7fb4d004a640 1 -- 10.20.193.136:0/3883775494 --> [v2:10.20.193.136:6800/3777195325,v1:10.20.193.136:6801/3777195325] -- mgr_command(tid 0: {"prefix": "cephadm generate-key", "target": ["mon-mgr", ""]}) -- 0x7fb4c81077d0 con 0x7fb4a403dad0
2026-02-17T20:01:34.730 INFO:teuthology.orchestra.run.trial136.stdout:/usr/bin/ceph: stderr
2026-02-17T20:01:34.698+0000 7fb4b6ffd640 1 -- 10.20.193.136:0/3883775494 <== mgr.14118 v2:10.20.193.136:6800/3777195325 1 ==== mgr_command_reply(tid 0: 0 ) ==== 8+0+0 (secure 0 0 0) 0x7fb4c81077d0 con 0x7fb4a403dad0
2026-02-17T20:01:34.730 INFO:teuthology.orchestra.run.trial136.stdout:/usr/bin/ceph: stderr
2026-02-17T20:01:34.699+0000 7fb4d004a640 1 -- 10.20.193.136:0/3883775494 >> [v2:10.20.193.136:6800/3777195325,v1:10.20.193.136:6801/3777195325] conn(0x7fb4a403dad0 msgr2=0x7fb4a403ff90 secure :-1 s=STATE_CONNECTION_ESTABLISHED l=1).mark_down
2026-02-17T20:01:34.730 INFO:teuthology.orchestra.run.trial136.stdout:/usr/bin/ceph: stderr
2026-02-17T20:01:34.699+0000 7fb4d004a640 1 --2- 10.20.193.136:0/3883775494 >> [v2:10.20.193.136:6800/3777195325,v1:10.20.193.136:6801/3777195325] conn(0x7fb4a403dad0 0x7fb4a403ff90 secure :-1 s=READY pgs=9 cs=0 l=1 rev1=1 crypto rx=0x7fb4bc0099c0 tx=0x7fb4bc006eb0 comp rx=0 tx=0).stop
2026-02-17T20:01:34.730 INFO:teuthology.orchestra.run.trial136.stdout:/usr/bin/ceph: stderr
2026-02-17T20:01:34.699+0000 7fb4d004a640 1 -- 10.20.193.136:0/3883775494 >> [v2:10.20.193.136:3300/0,v1:10.20.193.136:6789/0] conn(0x7fb4c8109880 msgr2=0x7fb4c819f7a0 secure :-1 s=STATE_CONNECTION_ESTABLISHED l=1).mark_down
2026-02-17T20:01:34.730 INFO:teuthology.orchestra.run.trial136.stdout:/usr/bin/ceph: stderr
2026-02-17T20:01:34.699+0000 7fb4d004a640 1 --2- 10.20.193.136:0/3883775494 >> [v2:10.20.193.136:3300/0,v1:10.20.193.136:6789/0] conn(0x7fb4c8109880 0x7fb4c819f7a0 secure :-1 s=READY pgs=40 cs=0 l=1 rev1=1 crypto rx=0x7fb4b8037b20 tx=0x7fb4b80358c0 comp rx=0 tx=0).stop
2026-02-17T20:01:34.730 INFO:teuthology.orchestra.run.trial136.stdout:/usr/bin/ceph: stderr
2026-02-17T20:01:34.699+0000 7fb4d004a640 1 -- 10.20.193.136:0/3883775494 shutdown_connections
2026-02-17T20:01:34.730 INFO:teuthology.orchestra.run.trial136.stdout:/usr/bin/ceph: stderr
