2026-02-17T20:01:38.447 INFO:journalctl@ceph.mon.trial136.trial136.stdout:Feb 17 20:01:38 trial136 ceph-mon[20580]: from='client.14142 -' entity='client.admin' cmd=[{"prefix": "orch apply", "service_type": "mgr", "target": ["mon-mgr", ""]}]: dispatch
2026-02-17T20:01:38.447 INFO:journalctl@ceph.mon.trial136.trial136.stdout:Feb 17 20:01:38 trial136 ceph-mon[20580]: Saving service mgr spec with placement count:2
2026-02-17T20:01:38.447 INFO:journalctl@ceph.mon.trial136.trial136.stdout:Feb 17 20:01:38 trial136 ceph-mon[20580]: from='mgr.14118 10.20.193.136:0/535733949' entity='mgr.trial136.habgdx'
2026-02-17T20:01:38.447 INFO:journalctl@ceph.mon.trial136.trial136.stdout:Feb 17 20:01:38 trial136 ceph-mon[20580]: from='client.14144 -' entity='client.admin' cmd=[{"prefix": "orch apply", "service_type": "crash", "target": ["mon-mgr", ""]}]: dispatch
2026-02-17T20:01:38.447 INFO:journalctl@ceph.mon.trial136.trial136.stdout:Feb 17 20:01:38 trial136 ceph-mon[20580]: Saving service crash spec with placement *
2026-02-17T20:01:38.447 INFO:journalctl@ceph.mon.trial136.trial136.stdout:Feb 17 20:01:38 trial136 ceph-mon[20580]: from='mgr.14118 10.20.193.136:0/535733949' entity='mgr.trial136.habgdx'
2026-02-17T20:01:38.447 INFO:journalctl@ceph.mon.trial136.trial136.stdout:Feb 17 20:01:38 trial136 ceph-mon[20580]: from='mgr.14118 10.20.193.136:0/535733949' entity='mgr.trial136.habgdx'
2026-02-17T20:01:38.447 INFO:journalctl@ceph.mon.trial136.trial136.stdout:Feb 17 20:01:38 trial136 ceph-mon[20580]: from='mgr.14118 10.20.193.136:0/535733949' entity='mgr.trial136.habgdx'
2026-02-17T20:01:38.448 INFO:journalctl@ceph.mon.trial136.trial136.stdout:Feb 17 20:01:38 trial136 ceph-mon[20580]: from='mgr.14118 10.20.193.136:0/535733949' entity='mgr.trial136.habgdx'
2026-02-17T20:01:38.448 INFO:journalctl@ceph.mon.trial136.trial136.stdout:Feb 17 20:01:38 trial136 ceph-mon[20580]: from='mgr.14118 10.20.193.136:0/535733949' entity='mgr.trial136.habgdx'
2026-02-17T20:01:38.448 INFO:journalctl@ceph.mon.trial136.trial136.stdout:Feb 17 20:01:38 trial136 ceph-mon[20580]: from='mgr.14118 10.20.193.136:0/535733949' entity='mgr.trial136.habgdx'
2026-02-17T20:01:38.448 INFO:journalctl@ceph.mon.trial136.trial136.stdout:Feb 17 20:01:38 trial136 ceph-mon[20580]: from='mgr.14118 10.20.193.136:0/535733949' entity='mgr.trial136.habgdx'
2026-02-17T20:01:38.480 INFO:teuthology.orchestra.run.trial136.stdout:/usr/bin/ceph: stdout Scheduled alertmanager update...
2026-02-17T20:01:38.480 INFO:teuthology.orchestra.run.trial136.stdout:/usr/bin/ceph: stderr
2026-02-17T20:01:38.354+0000 7febf0800640 1 Processor -- start
2026-02-17T20:01:38.481 INFO:teuthology.orchestra.run.trial136.stdout:/usr/bin/ceph: stderr
2026-02-17T20:01:38.354+0000 7febf0800640 1 -- start start
2026-02-17T20:01:38.481 INFO:teuthology.orchestra.run.trial136.stdout:/usr/bin/ceph: stderr
2026-02-17T20:01:38.354+0000 7febf0800640 1 --2- >> [v2:10.20.193.136:3300/0,v1:10.20.193.136:6789/0] conn(0x7febe8109880 0x7febe8109c80 unknown :-1 s=NONE pgs=0 cs=0 l=0 rev1=0 crypto rx=0 tx=0 comp rx=0 tx=0).connect
2026-02-17T20:01:38.481 INFO:teuthology.orchestra.run.trial136.stdout:/usr/bin/ceph: stderr
2026-02-17T20:01:38.354+0000 7febf0800640 1 -- --> [v2:10.20.193.136:3300/0,v1:10.20.193.136:6789/0] -- mon_getmap magic: 0 -- 0x7febe810a250 con 0x7febe8109880
2026-02-17T20:01:38.481 INFO:teuthology.orchestra.run.trial136.stdout:/usr/bin/ceph: stderr
2026-02-17T20:01:38.354+0000 7febee575640 1 --2- >> [v2:10.20.193.136:3300/0,v1:10.20.193.136:6789/0] conn(0x7febe8109880 0x7febe8109c80 unknown :-1 s=BANNER_CONNECTING pgs=0 cs=0 l=0 rev1=0 crypto rx=0 tx=0 comp rx=0 tx=0)._handle_peer_banner_payload supported=3 required=0
2026-02-17T20:01:38.481 INFO:teuthology.orchestra.run.trial136.stdout:/usr/bin/ceph: stderr
2026-02-17T20:01:38.354+0000 7febee575640 1 --2- >> [v2:10.20.193.136:3300/0,v1:10.20.193.136:6789/0] conn(0x7febe8109880 0x7febe8109c80 unknown :-1 s=HELLO_CONNECTING pgs=0 cs=0 l=0 rev1=1 crypto rx=0 tx=0 comp rx=0 tx=0).handle_hello peer v2:10.20.193.136:3300/0 says I am v2:10.20.193.136:43476/0 (socket says 10.20.193.136:43476)
2026-02-17T20:01:38.481 INFO:teuthology.orchestra.run.trial136.stdout:/usr/bin/ceph: stderr
2026-02-17T20:01:38.354+0000 7febee575640 1 -- 10.20.193.136:0/314587040 learned_addr learned my addr 10.20.193.136:0/314587040 (peer_addr_for_me v2:10.20.193.136:0/0)
2026-02-17T20:01:38.481 INFO:teuthology.orchestra.run.trial136.stdout:/usr/bin/ceph: stderr
2026-02-17T20:01:38.355+0000 7febee575640 1 -- 10.20.193.136:0/314587040 --> [v2:10.20.193.136:3300/0,v1:10.20.193.136:6789/0] -- mon_subscribe({config=0+,monmap=0+}) -- 0x7febe810aa80 con 0x7febe8109880
2026-02-17T20:01:38.481 INFO:teuthology.orchestra.run.trial136.stdout:/usr/bin/ceph: stderr
2026-02-17T20:01:38.355+0000 7febee575640 1 --2- 10.20.193.136:0/314587040 >> [v2:10.20.193.136:3300/0,v1:10.20.193.136:6789/0] conn(0x7febe8109880 0x7febe8109c80 secure :-1 s=READY pgs=59 cs=0 l=1 rev1=1 crypto rx=0x7febe0009920 tx=0x7febe002ef20 comp rx=0 tx=0).ready entity=mon.0 client_cookie=4a16f25fa8aa40b3 server_cookie=0 in_seq=0 out_seq=0
2026-02-17T20:01:38.481 INFO:teuthology.orchestra.run.trial136.stdout:/usr/bin/ceph: stderr
2026-02-17T20:01:38.355+0000 7febed573640 1 -- 10.20.193.136:0/314587040 <== mon.0 v2:10.20.193.136:3300/0 1 ==== mon_map magic: 0 ==== 226+0+0 (secure 0 0 0) 0x7febe003c070 con 0x7febe8109880
2026-02-17T20:01:38.481 INFO:teuthology.orchestra.run.trial136.stdout:/usr/bin/ceph: stderr
2026-02-17T20:01:38.355+0000 7febed573640 1 -- 10.20.193.136:0/314587040 <== mon.0 v2:10.20.193.136:3300/0 2 ==== config(25 keys) ==== 1038+0+0 (secure 0 0 0) 0x7febe002fe20 con 0x7febe8109880
2026-02-17T20:01:38.482 INFO:teuthology.orchestra.run.trial136.stdout:/usr/bin/ceph: stderr
2026-02-17T20:01:38.355+0000 7febed573640 1 -- 10.20.193.136:0/314587040 <== mon.0 v2:10.20.193.136:3300/0 3 ==== mon_map magic: 0 ==== 226+0+0 (secure 0 0 0) 0x7febe0035340 con 0x7febe8109880
2026-02-17T20:01:38.482 INFO:teuthology.orchestra.run.trial136.stdout:/usr/bin/ceph: stderr
2026-02-17T20:01:38.355+0000 7febf0800640 1 -- 10.20.193.136:0/314587040 >> [v2:10.20.193.136:3300/0,v1:10.20.193.136:6789/0] conn(0x7febe8109880 msgr2=0x7febe8109c80 secure :-1 s=STATE_CONNECTION_ESTABLISHED l=1).mark_down
2026-02-17T20:01:38.482 INFO:teuthology.orchestra.run.trial136.stdout:/usr/bin/ceph: stderr
2026-02-17T20:01:38.355+0000 7febf0800640 1 --2- 10.20.193.136:0/314587040 >> [v2:10.20.193.136:3300/0,v1:10.20.193.136:6789/0] conn(0x7febe8109880 0x7febe8109c80 secure :-1 s=READY pgs=59 cs=0 l=1 rev1=1 crypto rx=0x7febe0009920 tx=0x7febe002ef20 comp rx=0 tx=0).stop
2026-02-17T20:01:38.482 INFO:teuthology.orchestra.run.trial136.stdout:/usr/bin/ceph: stderr
2026-02-17T20:01:38.355+0000 7febf0800640 1 -- 10.20.193.136:0/314587040 shutdown_connections
2026-02-17T20:01:38.482 INFO:teuthology.orchestra.run.trial136.stdout:/usr/bin/ceph: stderr
2026-02-17T20:01:38.355+0000 7febf0800640 1 --2- 10.20.193.136:0/314587040 >> [v2:10.20.193.136:3300/0,v1:10.20.193.136:6789/0] conn(0x7febe8109880 0x7febe8109c80 unknown :-1 s=CLOSED pgs=59 cs=0 l=1 rev1=1 crypto rx=0 tx=0 comp rx=0 tx=0).stop
2026-02-17T20:01:38.482 INFO:teuthology.orchestra.run.trial136.stdout:/usr/bin/ceph: stderr
2026-02-17T20:01:38.355+0000 7febf0800640 1 -- 10.20.193.136:0/314587040 >> 10.20.193.136:0/314587040 conn(0x7febe807ce10 msgr2=0x7febe807d220 unknown :-1 s=STATE_NONE l=0).mark_down
2026-02-17T20:01:38.482 INFO:teuthology.orchestra.run.trial136.stdout:/usr/bin/ceph: stderr
2026-02-17T20:01:38.355+0000 7febf0800640 1 -- 10.20.193.136:0/314587040 shutdown_connections
2026-02-17T20:01:38.482 INFO:teuthology.orchestra.run.trial136.stdout:/usr/bin/ceph: stderr
2026-02-17T20:01:38.355+0000 7febf0800640 1 -- 10.20.193.136:0/314587040 wait complete.
2026-02-17T20:01:38.482 INFO:teuthology.orchestra.run.trial136.stdout:/usr/bin/ceph: stderr
2026-02-17T20:01:38.356+0000 7febf0800640 1 Processor -- start
2026-02-17T20:01:38.482 INFO:teuthology.orchestra.run.trial136.stdout:/usr/bin/ceph: stderr
2026-02-17T20:01:38.356+0000 7febf0800640 1 -- start start
2026-02-17T20:01:38.482 INFO:teuthology.orchestra.run.trial136.stdout:/usr/bin/ceph: stderr
2026-02-17T20:01:38.356+0000 7febf0800640 1 --2- >> [v2:10.20.193.136:3300/0,v1:10.20.193.136:6789/0] conn(0x7febe8109880 0x7febe819f700 unknown :-1 s=NONE pgs=0 cs=0 l=1 rev1=0 crypto rx=0 tx=0 comp rx=0 tx=0).connect
2026-02-17T20:01:38.483 INFO:teuthology.orchestra.run.trial136.stdout:/usr/bin/ceph: stderr
2026-02-17T20:01:38.356+0000 7febf0800640 1 -- --> [v2:10.20.193.136:3300/0,v1:10.20.193.136:6789/0] -- mon_getmap magic: 0 -- 0x7febe810dcb0 con 0x7febe8109880
2026-02-17T20:01:38.483 INFO:teuthology.orchestra.run.trial136.stdout:/usr/bin/ceph: stderr
2026-02-17T20:01:38.356+0000 7febee575640 1 --2- >> [v2:10.20.193.136:3300/0,v1:10.20.193.136:6789/0] conn(0x7febe8109880 0x7febe819f700 unknown :-1 s=BANNER_CONNECTING pgs=0 cs=0 l=1 rev1=0 crypto rx=0 tx=0 comp rx=0 tx=0)._handle_peer_banner_payload supported=3 required=0
2026-02-17T20:01:38.483 INFO:teuthology.orchestra.run.trial136.stdout:/usr/bin/ceph: stderr
2026-02-17T20:01:38.356+0000 7febee575640 1 --2- >> [v2:10.20.193.136:3300/0,v1:10.20.193.136:6789/0] conn(0x7febe8109880 0x7febe819f700 unknown :-1 s=HELLO_CONNECTING pgs=0 cs=0 l=1 rev1=1 crypto rx=0 tx=0 comp rx=0 tx=0).handle_hello peer v2:10.20.193.136:3300/0 says I am v2:10.20.193.136:43478/0 (socket says 10.20.193.136:43478)
2026-02-17T20:01:38.483 INFO:teuthology.orchestra.run.trial136.stdout:/usr/bin/ceph: stderr
2026-02-17T20:01:38.356+0000 7febee575640 1 -- 10.20.193.136:0/3255169849 learned_addr learned my addr 10.20.193.136:0/3255169849 (peer_addr_for_me v2:10.20.193.136:0/0)
2026-02-17T20:01:38.483 INFO:teuthology.orchestra.run.trial136.stdout:/usr/bin/ceph: stderr
2026-02-17T20:01:38.356+0000 7febee575640 1 -- 10.20.193.136:0/3255169849 --> [v2:10.20.193.136:3300/0,v1:10.20.193.136:6789/0] -- mon_subscribe({config=0+,monmap=0+}) -- 0x7febe819fc40 con 0x7febe8109880
2026-02-17T20:01:38.483 INFO:teuthology.orchestra.run.trial136.stdout:/usr/bin/ceph: stderr
2026-02-17T20:01:38.356+0000 7febee575640 1 --2- 10.20.193.136:0/3255169849 >> [v2:10.20.193.136:3300/0,v1:10.20.193.136:6789/0] conn(0x7febe8109880 0x7febe819f700 secure :-1 s=READY pgs=60 cs=0 l=1 rev1=1 crypto rx=0x7febe0002410 tx=0x7febe00379e0 comp rx=0 tx=0).ready entity=mon.0 client_cookie=0 server_cookie=0 in_seq=0 out_seq=0
2026-02-17T20:01:38.483 INFO:teuthology.orchestra.run.trial136.stdout:/usr/bin/ceph: stderr
2026-02-17T20:01:38.356+0000 7febd37fe640 1 -- 10.20.193.136:0/3255169849 <== mon.0 v2:10.20.193.136:3300/0 1 ==== mon_map magic: 0 ==== 226+0+0 (secure 0 0 0) 0x7febe00358d0 con 0x7febe8109880
2026-02-17T20:01:38.483 INFO:teuthology.orchestra.run.trial136.stdout:/usr/bin/ceph: stderr
2026-02-17T20:01:38.356+0000 7febd37fe640 1 -- 10.20.193.136:0/3255169849 <== mon.0 v2:10.20.193.136:3300/0 2 ==== config(25 keys) ==== 1038+0+0 (secure 0 0 0) 0x7febe0043430 con 0x7febe8109880
2026-02-17T20:01:38.483 INFO:teuthology.orchestra.run.trial136.stdout:/usr/bin/ceph: stderr
2026-02-17T20:01:38.356+0000 7febf0800640 1 -- 10.20.193.136:0/3255169849 --> [v2:10.20.193.136:3300/0,v1:10.20.193.136:6789/0] -- mon_subscribe({mgrmap=0+}) -- 0x7febe819fed0 con 0x7febe8109880
2026-02-17T20:01:38.483 INFO:teuthology.orchestra.run.trial136.stdout:/usr/bin/ceph: stderr
2026-02-17T20:01:38.356+0000 7febd37fe640 1 -- 10.20.193.136:0/3255169849 <== mon.0 v2:10.20.193.136:3300/0 3 ==== mon_map magic: 0 ==== 226+0+0 (secure 0 0 0) 0x7febe00423e0 con 0x7febe8109880
2026-02-17T20:01:38.483 INFO:teuthology.orchestra.run.trial136.stdout:/usr/bin/ceph: stderr
2026-02-17T20:01:38.356+0000 7febf0800640 1 -- 10.20.193.136:0/3255169849 --> [v2:10.20.193.136:3300/0,v1:10.20.193.136:6789/0] -- mon_subscribe({osdmap=0}) -- 0x7febe81a2bc0 con 0x7febe8109880
2026-02-17T20:01:38.483 INFO:teuthology.orchestra.run.trial136.stdout:/usr/bin/ceph: stderr
2026-02-17T20:01:38.357+0000 7febf0800640 1 -- 10.20.193.136:0/3255169849 --> [v2:10.20.193.136:3300/0,v1:10.20.193.136:6789/0] -- mon_command({"prefix": "get_command_descriptions"} v 0) -- 0x7febe81a03b0 con 0x7febe8109880
2026-02-17T20:01:38.483 INFO:teuthology.orchestra.run.trial136.stdout:/usr/bin/ceph: stderr
2026-02-17T20:01:38.357+0000 7febd37fe640 1 -- 10.20.193.136:0/3255169849 <== mon.0 v2:10.20.193.136:3300/0 4 ==== mgrmap(e 8) ==== 50261+0+0 (secure 0 0 0) 0x7febe0042580 con 0x7febe8109880
2026-02-17T20:01:38.484 INFO:teuthology.orchestra.run.trial136.stdout:/usr/bin/ceph: stderr
2026-02-17T20:01:38.357+0000 7febd37fe640 1 --2- 10.20.193.136:0/3255169849 >> [v2:10.20.193.136:6800/3777195325,v1:10.20.193.136:6801/3777195325] conn(0x7febc403dbf0 0x7febc40400b0 unknown :-1 s=NONE pgs=0 cs=0 l=1 rev1=0 crypto rx=0 tx=0 comp rx=0 tx=0).connect
2026-02-17T20:01:38.484 INFO:teuthology.orchestra.run.trial136.stdout:/usr/bin/ceph: stderr
2026-02-17T20:01:38.357+0000 7febd37fe640 1 -- 10.20.193.136:0/3255169849 <== mon.0 v2:10.20.193.136:3300/0 5 ==== osd_map(2..2 src has 1..2) ==== 940+0+0 (secure 0 0 0) 0x7febe00763d0 con 0x7febe8109880
2026-02-17T20:01:38.484 INFO:teuthology.orchestra.run.trial136.stdout:/usr/bin/ceph: stderr
2026-02-17T20:01:38.357+0000 7febedd74640 1 --2- 10.20.193.136:0/3255169849 >> [v2:10.20.193.136:6800/3777195325,v1:10.20.193.136:6801/3777195325] conn(0x7febc403dbf0 0x7febc40400b0 unknown :-1 s=BANNER_CONNECTING pgs=0 cs=0 l=1 rev1=0 crypto rx=0 tx=0 comp rx=0 tx=0)._handle_peer_banner_payload supported=3 required=0
2026-02-17T20:01:38.484 INFO:teuthology.orchestra.run.trial136.stdout:/usr/bin/ceph: stderr
2026-02-17T20:01:38.357+0000 7febedd74640 1 --2- 10.20.193.136:0/3255169849 >> [v2:10.20.193.136:6800/3777195325,v1:10.20.193.136:6801/3777195325] conn(0x7febc403dbf0 0x7febc40400b0 secure :-1 s=READY pgs=19 cs=0 l=1 rev1=1 crypto rx=0x7febd40099c0 tx=0x7febd4006eb0 comp rx=0 tx=0).ready entity=mgr.14118 client_cookie=0 server_cookie=0 in_seq=0 out_seq=0
2026-02-17T20:01:38.484 INFO:teuthology.orchestra.run.trial136.stdout:/usr/bin/ceph: stderr
2026-02-17T20:01:38.360+0000 7febd37fe640 1 -- 10.20.193.136:0/3255169849 <== mon.0 v2:10.20.193.136:3300/0 6 ==== mon_command_ack([{"prefix": "get_command_descriptions"}]=0 v0) ==== 72+0+195034 (secure 0 0 0) 0x7febe81a03b0 con 0x7febe8109880
2026-02-17T20:01:38.484 INFO:teuthology.orchestra.run.trial136.stdout:/usr/bin/ceph: stderr
2026-02-17T20:01:38.449+0000 7febf0800640 1 -- 10.20.193.136:0/3255169849 --> [v2:10.20.193.136:6800/3777195325,v1:10.20.193.136:6801/3777195325] -- mgr_command(tid 0: {"prefix": "orch apply", "service_type": "alertmanager", "target": ["mon-mgr", ""]}) -- 0x7febe81076e0 con 0x7febc403dbf0
2026-02-17T20:01:38.484 INFO:teuthology.orchestra.run.trial136.stdout:/usr/bin/ceph: stderr
2026-02-17T20:01:38.452+0000 7febd37fe640 1 -- 10.20.193.136:0/3255169849 <== mgr.14118 v2:10.20.193.136:6800/3777195325 1 ==== mgr_command_reply(tid 0: 0 ) ==== 8+0+33 (secure 0 0 0) 0x7febe81076e0 con 0x7febc403dbf0
2026-02-17T20:01:38.484 INFO:teuthology.orchestra.run.trial136.stdout:/usr/bin/ceph: stderr
2026-02-17T20:01:38.453+0000 7febf0800640 1 -- 10.20.193.136:0/3255169849 >> [v2:10.20.193.136:6800/3777195325,v1:10.20.193.136:6801/3777195325] conn(0x7febc403dbf0 msgr2=0x7febc40400b0 secure :-1 s=STATE_CONNECTION_ESTABLISHED l=1).mark_down
2026-02-17T20:01:38.484 INFO:teuthology.orchestra.run.trial136.stdout:/usr/bin/ceph: stderr
2026-02-17T20:01:38.453+0000 7febf0800640 1 --2- 10.20.193.136:0/3255169849 >> [v2:10.20.193.136:6800/3777195325,v1:10.20.193.136:6801/3777195325] conn(0x7febc403dbf0 0x7febc40400b0 secure :-1 s=READY pgs=19 cs=0 l=1 rev1=1 crypto rx=0x7febd40099c0 tx=0x7febd4006eb0 comp rx=0 tx=0).stop
2026-02-17T20:01:38.484 INFO:teuthology.orchestra.run.trial136.stdout:/usr/bin/ceph: stderr
2026-02-17T20:01:38.453+0000 7febf0800640 1 -- 10.20.193.136:0/3255169849 >> [v2:10.20.193.136:3300/0,v1:10.20.193.136:6789/0] conn(0x7febe8109880 msgr2=0x7febe819f700 secure :-1 s=STATE_CONNECTION_ESTABLISHED l=1).mark_down
2026-02-17T20:01:38.484 INFO:teuthology.orchestra.run.trial136.stdout:/usr/bin/ceph: stderr
2026-02-17T20:01:38.453+0000 7febf0800640 1 --2- 10.20.193.136:0/3255169849 >> [v2:10.20.193.136:3300/0,v1:10.20.193.136:6789/0] conn(0x7febe8109880 0x7febe819f700 secure :-1 s=READY pgs=60 cs=0 l=1 rev1=1 crypto rx=0x7febe0002410 tx=0x7febe00379e0 comp rx=0 tx=0).stop
2026-02-17T20:01:38.485 INFO:teuthology.orchestra.run.trial136.stdout:/usr/bin/ceph: stderr
2026-02-17T20:01:38.453+0000 7febf0800640 1 -- 10.20.193.136:0/3255169849 shutdown_connections
2026-02-17T20:01:38.485 INFO:teuthology.orchestra.run.trial136.stdout:/usr/bin/ceph: stderr
2026-02-17T20:01:38.453+0000 7febf0800640 1 --2- 10.20.193.136:0/3255169849 >> [v2:10.20.193.136:6800/3777195325,v1:10.20.193.136:6801/3777195325] conn(0x7febc403dbf0 0x7febc40400b0 unknown :-1 s=CLOSED pgs=19 cs=0 l=1 rev1=1 crypto rx=0 tx=0 comp rx=0 tx=0).stop
2026-02-17T20:01:38.485 INFO:teuthology.orchestra.run.trial136.stdout:/usr/bin/ceph: stderr
2026-02-17T20:01:38.453+0000 7febf0800640 1 --2- 10.20.193.136:0/3255169849 >> [v2:10.20.193.136:3300/0,v1:10.20.193.136:6789/0] conn(0x7febe8109880 0x7febe819f700 unknown :-1 s=CLOSED pgs=60 cs=0 l=1 rev1=1 crypto rx=0 tx=0 comp rx=0 tx=0).stop
2026-02-17T20:01:38.485 INFO:teuthology.orchestra.run.trial136.stdout:/usr/bin/ceph: stderr
2026-02-17T20:01:38.453+0000 7febf0800640 1 -- 10.20.193.136:0/3255169849 >> 10.20.193.136:0/3255169849 conn(0x7febe807ce10 msgr2=0x7febe8106fd0 unknown :-1 s=STATE_NONE l=0).mark_down
2026-02-17T20:01:38.485 INFO:teuthology.orchestra.run.trial136.stdout:/usr/bin/ceph: stderr
2026-02-17T20:01:38.453+0000 7febf0800640 1 -- 10.20.193.136:0/3255169849 shutdown_connections
2026-02-17T20:01:38.485 INFO:teuthology.orchestra.run.trial136.stdout:/usr/bin/ceph: stderr
2026-02-17T20:01:38.453+0000 7febf0800640 1 -- 10.20.193.136:0/3255169849 wait complete.
2026-02-17T20:01:38.686 INFO:teuthology.orchestra.run.trial136.stdout:/usr/bin/ceph: stderr
2026-02-17T20:01:38.571+0000 7f8f4516f640 1 Processor -- start
2026-02-17T20:01:38.687 INFO:teuthology.orchestra.run.trial136.stdout:/usr/bin/ceph: stderr
2026-02-17T20:01:38.571+0000 7f8f4516f640 1 -- start start
2026-02-17T20:01:38.687 INFO:teuthology.orchestra.run.trial136.stdout:/usr/bin/ceph: stderr
2026-02-17T20:01:38.571+0000 7f8f4516f640 1 --2- >> [v2:10.20.193.136:3300/0,v1:10.20.193.136:6789/0] conn(0x7f8f40109880 0x7f8f40109c80 unknown :-1 s=NONE pgs=0 cs=0 l=0 rev1=0 crypto rx=0 tx=0 comp rx=0 tx=0).connect
2026-02-17T20:01:38.687 INFO:teuthology.orchestra.run.trial136.stdout:/usr/bin/ceph: stderr
2026-02-17T20:01:38.572+0000 7f8f4516f640 1 -- --> [v2:10.20.193.136:3300/0,v1:10.20.193.136:6789/0] -- mon_getmap magic: 0 -- 0x7f8f4010a250 con 0x7f8f40109880
2026-02-17T20:01:38.687 INFO:teuthology.orchestra.run.trial136.stdout:/usr/bin/ceph: stderr
2026-02-17T20:01:38.572+0000 7f8f3ed76640 1 --2- >> [v2:10.20.193.136:3300/0,v1:10.20.193.136:6789/0] conn(0x7f8f40109880 0x7f8f40109c80 unknown :-1 s=BANNER_CONNECTING pgs=0 cs=0 l=0 rev1=0 crypto rx=0 tx=0 comp rx=0 tx=0)._handle_peer_banner_payload supported=3 required=0
2026-02-17T20:01:38.687 INFO:teuthology.orchestra.run.trial136.stdout:/usr/bin/ceph: stderr
2026-02-17T20:01:38.572+0000 7f8f3ed76640 1 --2- >> [v2:10.20.193.136:3300/0,v1:10.20.193.136:6789/0] conn(0x7f8f40109880 0x7f8f40109c80 unknown :-1 s=HELLO_CONNECTING pgs=0 cs=0 l=0 rev1=1 crypto rx=0 tx=0 comp rx=0 tx=0).handle_hello peer v2:10.20.193.136:3300/0 says I am v2:10.20.193.136:43480/0 (socket says 10.20.193.136:43480)
2026-02-17T20:01:38.687 INFO:teuthology.orchestra.run.trial136.stdout:/usr/bin/ceph: stderr
2026-02-17T20:01:38.572+0000 7f8f3ed76640 1 -- 10.20.193.136:0/1247313752 learned_addr learned my addr 10.20.193.136:0/1247313752 (peer_addr_for_me v2:10.20.193.136:0/0)
2026-02-17T20:01:38.687 INFO:teuthology.orchestra.run.trial136.stdout:/usr/bin/ceph: stderr
2026-02-17T20:01:38.572+0000 7f8f3ed76640 1 -- 10.20.193.136:0/1247313752 --> [v2:10.20.193.136:3300/0,v1:10.20.193.136:6789/0] -- mon_subscribe({config=0+,monmap=0+}) -- 0x7f8f4010aa80 con 0x7f8f40109880
2026-02-17T20:01:38.687 INFO:teuthology.orchestra.run.trial136.stdout:/usr/bin/ceph: stderr
2026-02-17T20:01:38.572+0000 7f8f3ed76640 1 --2- 10.20.193.136:0/1247313752 >> [v2:10.20.193.136:3300/0,v1:10.20.193.136:6789/0] conn(0x7f8f40109880 0x7f8f40109c80 secure :-1 s=READY pgs=61 cs=0 l=1 rev1=1 crypto rx=0x7f8f34009920 tx=0x7f8f3402ef20 comp rx=0 tx=0).ready entity=mon.0 client_cookie=df66dc7ab6922233 server_cookie=0 in_seq=0 out_seq=0
2026-02-17T20:01:38.688 INFO:teuthology.orchestra.run.trial136.stdout:/usr/bin/ceph: stderr
2026-02-17T20:01:38.572+0000 7f8f3dd74640 1 -- 10.20.193.136:0/1247313752 <== mon.0 v2:10.20.193.136:3300/0 1 ==== mon_map magic: 0 ==== 226+0+0 (secure 0 0 0) 0x7f8f3403c070 con 0x7f8f40109880
2026-02-17T20:01:38.688 INFO:teuthology.orchestra.run.trial136.stdout:/usr/bin/ceph: stderr
2026-02-17T20:01:38.572+0000 7f8f3dd74640 1 -- 10.20.193.136:0/1247313752 <== mon.0 v2:10.20.193.136:3300/0 2 ==== config(25 keys) ==== 1038+0+0 (secure 0 0 0) 0x7f8f3402fe20 con 0x7f8f40109880
2026-02-17T20:01:38.688 INFO:teuthology.orchestra.run.trial136.stdout:/usr/bin/ceph: stderr
2026-02-17T20:01:38.572+0000 7f8f3dd74640 1 -- 10.20.193.136:0/1247313752 <== mon.0 v2:10.20.193.136:3300/0 3 ==== mon_map magic: 0 ==== 226+0+0 (secure 0 0 0) 0x7f8f34035340 con 0x7f8f40109880
2026-02-17T20:01:38.688 INFO:teuthology.orchestra.run.trial136.stdout:/usr/bin/ceph: stderr
2026-02-17T20:01:38.572+0000 7f8f4516f640 1 -- 10.20.193.136:0/1247313752 >> [v2:10.20.193.136:3300/0,v1:10.20.193.136:6789/0] conn(0x7f8f40109880 msgr2=0x7f8f40109c80 secure :-1 s=STATE_CONNECTION_ESTABLISHED l=1).mark_down
2026-02-17T20:01:38.688 INFO:teuthology.orchestra.run.trial136.stdout:/usr/bin/ceph: stderr
2026-02-17T20:01:38.572+0000 7f8f4516f640 1 --2- 10.20.193.136:0/1247313752 >> [v2:10.20.193.136:3300/0,v1:10.20.193.136:6789/0] conn(0x7f8f40109880 0x7f8f40109c80 secure :-1 s=READY pgs=61 cs=0 l=1 rev1=1 crypto rx=0x7f8f34009920 tx=0x7f8f3402ef20 comp rx=0 tx=0).stop
2026-02-17T20:01:38.688 INFO:teuthology.orchestra.run.trial136.stdout:/usr/bin/ceph: stderr
2026-02-17T20:01:38.573+0000 7f8f4516f640 1 -- 10.20.193.136:0/1247313752 shutdown_connections
2026-02-17T20:01:38.688 INFO:teuthology.orchestra.run.trial136.stdout:/usr/bin/ceph: stderr
2026-02-17T20:01:38.573+0000 7f8f4516f640 1 --2- 10.20.193.136:0/1247313752 >> [v2:10.20.193.136:3300/0,v1:10.20.193.136:6789/0] conn(0x7f8f40109880 0x7f8f40109c80 unknown :-1 s=CLOSED pgs=61 cs=0 l=1 rev1=1 crypto rx=0 tx=0 comp rx=0 tx=0).stop
2026-02-17T20:01:38.688 INFO:teuthology.orchestra.run.trial136.stdout:/usr/bin/ceph: stderr
2026-02-17T20:01:38.573+0000 7f8f4516f640 1 -- 10.20.193.136:0/1247313752 >> 10.20.193.136:0/1247313752 conn(0x7f8f4007ce10 msgr2=0x7f8f4007d220 unknown :-1 s=STATE_NONE l=0).mark_down
2026-02-17T20:01:38.688 INFO:teuthology.orchestra.run.trial136.stdout:/usr/bin/ceph: stderr
2026-02-17T20:01:38.573+0000 7f8f4516f640 1 -- 10.20.193.136:0/1247313752 shutdown_connections
2026-02-17T20:01:38.688 INFO:teuthology.orchestra.run.trial136.stdout:/usr/bin/ceph: stderr
2026-02-17T20:01:38.573+0000 7f8f4516f640 1 -- 10.20.193.136:0/1247313752 wait complete.
2026-02-17T20:01:38.688 INFO:teuthology.orchestra.run.trial136.stdout:/usr/bin/ceph: stderr
2026-02-17T20:01:38.573+0000 7f8f4516f640 1 Processor -- start
2026-02-17T20:01:38.688 INFO:teuthology.orchestra.run.trial136.stdout:/usr/bin/ceph: stderr
2026-02-17T20:01:38.573+0000 7f8f4516f640 1 -- start start
2026-02-17T20:01:38.689 INFO:teuthology.orchestra.run.trial136.stdout:/usr/bin/ceph: stderr
2026-02-17T20:01:38.573+0000 7f8f4516f640 1 --2- >> [v2:10.20.193.136:3300/0,v1:10.20.193.136:6789/0] conn(0x7f8f40109880 0x7f8f4019f730 unknown :-1 s=NONE pgs=0 cs=0 l=1 rev1=0 crypto rx=0 tx=0 comp rx=0 tx=0).connect
2026-02-17T20:01:38.689 INFO:teuthology.orchestra.run.trial136.stdout:/usr/bin/ceph: stderr
2026-02-17T20:01:38.573+0000 7f8f4516f640 1 -- --> [v2:10.20.193.136:3300/0,v1:10.20.193.136:6789/0] -- mon_getmap magic: 0 -- 0x7f8f4010dcb0 con 0x7f8f40109880
2026-02-17T20:01:38.689 INFO:teuthology.orchestra.run.trial136.stdout:/usr/bin/ceph: stderr
2026-02-17T20:01:38.573+0000 7f8f3ed76640 1 --2- >> [v2:10.20.193.136:3300/0,v1:10.20.193.136:6789/0] conn(0x7f8f40109880 0x7f8f4019f730 unknown :-1 s=BANNER_CONNECTING pgs=0 cs=0 l=1 rev1=0 crypto rx=0 tx=0 comp rx=0 tx=0)._handle_peer_banner_payload supported=3 required=0
2026-02-17T20:01:38.689 INFO:teuthology.orchestra.run.trial136.stdout:/usr/bin/ceph: stderr
2026-02-17T20:01:38.573+0000 7f8f3ed76640 1 --2- >> [v2:10.20.193.136:3300/0,v1:10.20.193.136:6789/0] conn(0x7f8f40109880 0x7f8f4019f730 unknown :-1 s=HELLO_CONNECTING pgs=0 cs=0 l=1 rev1=1 crypto rx=0 tx=0 comp rx=0 tx=0).handle_hello peer v2:10.20.193.136:3300/0 says I am v2:10.20.193.136:43490/0 (socket says 10.20.193.136:43490)
2026-02-17T20:01:38.689 INFO:teuthology.orchestra.run.trial136.stdout:/usr/bin/ceph: stderr
2026-02-17T20:01:38.573+0000 7f8f3ed76640 1 -- 10.20.193.136:0/4084948870 learned_addr learned my addr 10.20.193.136:0/4084948870 (peer_addr_for_me v2:10.20.193.136:0/0)
2026-02-17T20:01:38.689 INFO:teuthology.orchestra.run.trial136.stdout:/usr/bin/ceph: stderr
2026-02-17T20:01:38.573+0000 7f8f3ed76640 1 -- 10.20.193.136:0/4084948870 --> [v2:10.20.193.136:3300/0,v1:10.20.193.136:6789/0] -- mon_subscribe({config=0+,monmap=0+}) -- 0x7f8f4019fc70 con 0x7f8f40109880
2026-02-17T20:01:38.689 INFO:teuthology.orchestra.run.trial136.stdout:/usr/bin/ceph: stderr
2026-02-17T20:01:38.573+0000 7f8f3ed76640 1 --2- 10.20.193.136:0/4084948870 >> [v2:10.20.193.136:3300/0,v1:10.20.193.136:6789/0] conn(0x7f8f40109880 0x7f8f4019f730 secure :-1 s=READY pgs=62 cs=0 l=1 rev1=1 crypto rx=0x7f8f34002410 tx=0x7f8f340379e0 comp rx=0 tx=0).ready entity=mon.0 client_cookie=0 server_cookie=0 in_seq=0 out_seq=0
2026-02-17T20:01:38.689 INFO:teuthology.orchestra.run.trial136.stdout:/usr/bin/ceph: stderr
2026-02-17T20:01:38.573+0000 7f8f1ffff640 1 -- 10.20.193.136:0/4084948870 <== mon.0 v2:10.20.193.136:3300/0 1 ==== mon_map magic: 0 ==== 226+0+0 (secure 0 0 0) 0x7f8f340358d0 con 0x7f8f40109880
2026-02-17T20:01:38.689 INFO:teuthology.orchestra.run.trial136.stdout:/usr/bin/ceph: stderr
2026-02-17T20:01:38.574+0000 7f8f4516f640 1 -- 10.20.193.136:0/4084948870 --> [v2:10.20.193.136:3300/0,v1:10.20.193.136:6789/0] -- mon_subscribe({mgrmap=0+}) -- 0x7f8f4019ff00 con 0x7f8f40109880
2026-02-17T20:01:38.689 INFO:teuthology.orchestra.run.trial136.stdout:/usr/bin/ceph: stderr
2026-02-17T20:01:38.574+0000 7f8f1ffff640 1 -- 10.20.193.136:0/4084948870 <== mon.0 v2:10.20.193.136:3300/0 2 ==== config(25 keys) ==== 1038+0+0 (secure 0 0 0) 0x7f8f34043430 con 0x7f8f40109880
2026-02-17T20:01:38.689 INFO:teuthology.orchestra.run.trial136.stdout:/usr/bin/ceph: stderr
2026-02-17T20:01:38.574+0000 7f8f1ffff640 1 -- 10.20.193.136:0/4084948870 <== mon.0 v2:10.20.193.136:3300/0 3 ==== mon_map magic: 0 ==== 226+0+0 (secure 0 0 0) 0x7f8f340423e0 con 0x7f8f40109880
2026-02-17T20:01:38.689 INFO:teuthology.orchestra.run.trial136.stdout:/usr/bin/ceph: stderr
2026-02-17T20:01:38.574+0000 7f8f4516f640 1 -- 10.20.193.136:0/4084948870 --> [v2:10.20.193.136:3300/0,v1:10.20.193.136:6789/0] -- mon_subscribe({osdmap=0}) -- 0x7f8f401a2bf0 con 0x7f8f40109880
2026-02-17T20:01:38.689 INFO:teuthology.orchestra.run.trial136.stdout:/usr/bin/ceph: stderr
2026-02-17T20:01:38.574+0000 7f8f4516f640 1 -- 10.20.193.136:0/4084948870 --> [v2:10.20.193.136:3300/0,v1:10.20.193.136:6789/0] -- mon_command({"prefix": "get_command_descriptions"} v 0) -- 0x7f8f40109d00 con 0x7f8f40109880
2026-02-17T20:01:38.690 INFO:teuthology.orchestra.run.trial136.stdout:/usr/bin/ceph: stderr
2026-02-17T20:01:38.574+0000 7f8f1ffff640 1 -- 10.20.193.136:0/4084948870 <== mon.0 v2:10.20.193.136:3300/0 4 ==== mgrmap(e 8) ==== 50261+0+0 (secure 0 0 0) 0x7f8f34043990 con 0x7f8f40109880
2026-02-17T20:01:38.690 INFO:teuthology.orchestra.run.trial136.stdout:/usr/bin/ceph: stderr
2026-02-17T20:01:38.574+0000 7f8f1ffff640 1 --2- 10.20.193.136:0/4084948870 >> [v2:10.20.193.136:6800/3777195325,v1:10.20.193.136:6801/3777195325] conn(0x7f8f1403dba0 0x7f8f14040060 unknown :-1 s=NONE pgs=0 cs=0 l=1 rev1=0 crypto rx=0 tx=0 comp rx=0 tx=0).connect
2026-02-17T20:01:38.690 INFO:teuthology.orchestra.run.trial136.stdout:/usr/bin/ceph: stderr
2026-02-17T20:01:38.574+0000 7f8f1ffff640 1 -- 10.20.193.136:0/4084948870 <== mon.0 v2:10.20.193.136:3300/0 5 ==== osd_map(2..2 src has 1..2) ==== 940+0+0 (secure 0 0 0) 0x7f8f34076350 con 0x7f8f40109880
2026-02-17T20:01:38.690 INFO:teuthology.orchestra.run.trial136.stdout:/usr/bin/ceph: stderr
2026-02-17T20:01:38.574+0000 7f8f3e575640 1 --2- 10.20.193.136:0/4084948870 >> [v2:10.20.193.136:6800/3777195325,v1:10.20.193.136:6801/3777195325] conn(0x7f8f1403dba0 0x7f8f14040060 unknown :-1 s=BANNER_CONNECTING pgs=0 cs=0 l=1 rev1=0 crypto rx=0 tx=0 comp rx=0 tx=0)._handle_peer_banner_payload supported=3 required=0
2026-02-17T20:01:38.690 INFO:teuthology.orchestra.run.trial136.stdout:/usr/bin/ceph: stderr
2026-02-17T20:01:38.575+0000 7f8f3e575640 1 --2- 10.20.193.136:0/4084948870 >> [v2:10.20.193.136:6800/3777195325,v1:10.20.193.136:6801/3777195325] conn(0x7f8f1403dba0 0x7f8f14040060 secure :-1 s=READY pgs=20 cs=0 l=1 rev1=1 crypto rx=0x7f8f280099c0 tx=0x7f8f28006eb0 comp rx=0 tx=0).ready entity=mgr.14118 client_cookie=0 server_cookie=0 in_seq=0 out_seq=0
2026-02-17T20:01:38.690 INFO:teuthology.orchestra.run.trial136.stdout:/usr/bin/ceph: stderr
2026-02-17T20:01:38.576+0000 7f8f1ffff640 1 -- 10.20.193.136:0/4084948870 <== mon.0 v2:10.20.193.136:3300/0 6 ==== mon_command_ack([{"prefix": "get_command_descriptions"}]=0 v0) ==== 72+0+195034 (secure 0 0 0) 0x7f8f34033200 con 0x7f8f40109880
2026-02-17T20:01:38.690 INFO:teuthology.orchestra.run.trial136.stdout:/usr/bin/ceph: stderr
2026-02-17T20:01:38.658+0000 7f8f4516f640 1 -- 10.20.193.136:0/4084948870 --> [v2:10.20.193.136:3300/0,v1:10.20.193.136:6789/0] -- mon_command([{prefix=config set, name=mgr/cephadm/container_init}] v 0) -- 0x7f8f401a32e0 con 0x7f8f40109880
2026-02-17T20:01:38.690 INFO:teuthology.orchestra.run.trial136.stdout:/usr/bin/ceph: stderr
2026-02-17T20:01:38.660+0000 7f8f1ffff640 1 -- 10.20.193.136:0/4084948870 <== mon.0 v2:10.20.193.136:3300/0 7 ==== mon_command_ack([{prefix=config set, name=mgr/cephadm/container_init}]=0 v7)=0 v7) ==== 142+0+0 (secure 0 0 0) 0x7f8f340760b0 con 0x7f8f40109880
2026-02-17T20:01:38.690 INFO:teuthology.orchestra.run.trial136.stdout:/usr/bin/ceph: stderr
2026-02-17T20:01:38.661+0000 7f8f4516f640 1 -- 10.20.193.136:0/4084948870 >> [v2:10.20.193.136:6800/3777195325,v1:10.20.193.136:6801/3777195325] conn(0x7f8f1403dba0 msgr2=0x7f8f14040060 secure :-1 s=STATE_CONNECTION_ESTABLISHED l=1).mark_down
2026-02-17T20:01:38.690 INFO:teuthology.orchestra.run.trial136.stdout:/usr/bin/ceph: stderr
2026-02-17T20:01:38.661+0000 7f8f4516f640 1 --2- 10.20.193.136:0/4084948870 >> [v2:10.20.193.136:6800/3777195325,v1:10.20.193.136:6801/3777195325] conn(0x7f8f1403dba0 0x7f8f14040060 secure :-1 s=READY pgs=20 cs=0 l=1 rev1=1 crypto rx=0x7f8f280099c0 tx=0x7f8f28006eb0 comp rx=0 tx=0).stop
2026-02-17T20:01:38.690 INFO:teuthology.orchestra.run.trial136.stdout:/usr/bin/ceph: stderr
2026-02-17T20:01:38.661+0000 7f8f4516f640 1 -- 10.20.193.136:0/4084948870 >> [v2:10.20.193.136:3300/0,v1:10.20.193.136:6789/0] conn(0x7f8f40109880 msgr2=0x7f8f4019f730 secure :-1 s=STATE_CONNECTION_ESTABLISHED l=1).mark_down
2026-02-17T20:01:38.691 INFO:teuthology.orchestra.run.trial136.stdout:/usr/bin/ceph: stderr
2026-02-17T20:01:38.661+0000 7f8f4516f640 1 --2- 10.20.193.136:0/4084948870 >> [v2:10.20.193.136:3300/0,v1:10.20.193.136:6789/0] conn(0x7f8f40109880 0x7f8f4019f730 secure :-1 s=READY pgs=62 cs=0 l=1 rev1=1 crypto rx=0x7f8f34002410 tx=0x7f8f340379e0 comp rx=0 tx=0).stop
2026-02-17T20:01:38.691 INFO:teuthology.orchestra.run.trial136.stdout:/usr/bin/ceph: stderr
2026-02-17T20:01:38.661+0000 7f8f4516f640 1 -- 10.20.193.136:0/4084948870 shutdown_connections
2026-02-17T20:01:38.691 INFO:teuthology.orchestra.run.trial136.stdout:/usr/bin/ceph: stderr
2026-02-17T20:01:38.661+0000 7f8f4516f640 1 --2- 10.20.193.136:0/4084948870 >> [v2:10.20.193.136:6800/3777195325,v1:10.20.193.136:6801/3777195325] conn(0x7f8f1403dba0 0x7f8f14040060 unknown :-1 s=CLOSED pgs=20 cs=0 l=1 rev1=1 crypto rx=0 tx=0 comp rx=0 tx=0).stop
2026-02-17T20:01:38.691 INFO:teuthology.orchestra.run.trial136.stdout:/usr/bin/ceph: stderr
2026-02-17T20:01:38.661+0000 7f8f4516f640 1 --2- 10.20.193.136:0/4084948870 >> [v2:10.20.193.136:3300/0,v1:10.20.193.136:6789/0] conn(0x7f8f40109880 0x7f8f4019f730 unknown :-1 s=CLOSED pgs=62 cs=0 l=1 rev1=1 crypto rx=0 tx=0 comp rx=0 tx=0).stop
2026-02-17T20:01:38.691 INFO:teuthology.orchestra.run.trial136.stdout:/usr/bin/ceph: stderr
2026-02-17T20:01:38.661+0000 7f8f4516f640 1 -- 10.20.193.136:0/4084948870 >> 10.20.193.136:0/4084948870 conn(0x7f8f4007ce10 msgr2=0x7f8f40106fb0 unknown :-1 s=STATE_NONE l=0).mark_down
2026-02-17T20:01:38.691 INFO:teuthology.orchestra.run.trial136.stdout:/usr/bin/ceph: stderr
2026-02-17T20:01:38.661+0000 7f8f4516f640 1 -- 10.20.193.136:0/4084948870 shutdown_connections
2026-02-17T20:01:38.691 INFO:teuthology.orchestra.run.trial136.stdout:/usr/bin/ceph: stderr
2026-02-17T20:01:38.661+0000 7f8f4516f640 1 -- 10.20.193.136:0/4084948870 wait complete.
2026-02-17T20:01:38.892 INFO:teuthology.orchestra.run.trial136.stdout:/usr/bin/ceph: stderr
2026-02-17T20:01:38.772+0000 7f441a118640 1 Processor -- start
2026-02-17T20:01:38.892 INFO:teuthology.orchestra.run.trial136.stdout:/usr/bin/ceph: stderr
2026-02-17T20:01:38.772+0000 7f441a118640 1 -- start start
2026-02-17T20:01:38.892 INFO:teuthology.orchestra.run.trial136.stdout:/usr/bin/ceph: stderr
2026-02-17T20:01:38.772+0000 7f441a118640 1 --2- >> [v2:10.20.193.136:3300/0,v1:10.20.193.136:6789/0] conn(0x7f4414109880 0x7f4414109c80 unknown :-1 s=NONE pgs=0 cs=0 l=0 rev1=0 crypto rx=0 tx=0 comp rx=0 tx=0).connect
2026-02-17T20:01:38.892 INFO:teuthology.orchestra.run.trial136.stdout:/usr/bin/ceph: stderr
2026-02-17T20:01:38.772+0000 7f441a118640 1 -- --> [v2:10.20.193.136:3300/0,v1:10.20.193.136:6789/0] -- mon_getmap magic: 0 -- 0x7f441410a250 con 0x7f4414109880
2026-02-17T20:01:38.892 INFO:teuthology.orchestra.run.trial136.stdout:/usr/bin/ceph: stderr
2026-02-17T20:01:38.772+0000 7f44137fe640 1 --2- >> [v2:10.20.193.136:3300/0,v1:10.20.193.136:6789/0] conn(0x7f4414109880 0x7f4414109c80 unknown :-1 s=BANNER_CONNECTING pgs=0 cs=0 l=0 rev1=0 crypto rx=0 tx=0 comp rx=0 tx=0)._handle_peer_banner_payload supported=3 required=0
2026-02-17T20:01:38.892 INFO:teuthology.orchestra.run.trial136.stdout:/usr/bin/ceph: stderr
2026-02-17T20:01:38.772+0000 7f44137fe640 1 --2- >> [v2:10.20.193.136:3300/0,v1:10.20.193.136:6789/0] conn(0x7f4414109880 0x7f4414109c80 unknown :-1 s=HELLO_CONNECTING pgs=0 cs=0 l=0 rev1=1 crypto rx=0 tx=0 comp rx=0 tx=0).handle_hello peer v2:10.20.193.136:3300/0 says I am v2:10.20.193.136:43498/0 (socket says 10.20.193.136:43498)
2026-02-17T20:01:38.892 INFO:teuthology.orchestra.run.trial136.stdout:/usr/bin/ceph: stderr
2026-02-17T20:01:38.772+0000 7f44137fe640 1 -- 10.20.193.136:0/2384155598 learned_addr learned my addr 10.20.193.136:0/2384155598 (peer_addr_for_me v2:10.20.193.136:0/0)
2026-02-17T20:01:38.892 INFO:teuthology.orchestra.run.trial136.stdout:/usr/bin/ceph: stderr
2026-02-17T20:01:38.772+0000 7f44137fe640 1 -- 10.20.193.136:0/2384155598 --> [v2:10.20.193.136:3300/0,v1:10.20.193.136:6789/0] -- mon_subscribe({config=0+,monmap=0+}) -- 0x7f441410aa80 con 0x7f4414109880
2026-02-17T20:01:38.893 INFO:teuthology.orchestra.run.trial136.stdout:/usr/bin/ceph: stderr
2026-02-17T20:01:38.773+0000 7f44137fe640 1 --2- 10.20.193.136:0/2384155598 >> [v2:10.20.193.136:3300/0,v1:10.20.193.136:6789/0] conn(0x7f4414109880 0x7f4414109c80 secure :-1 s=READY pgs=63 cs=0 l=1 rev1=1 crypto rx=0x7f4400009920 tx=0x7f440002ef20 comp rx=0 tx=0).ready entity=mon.0 client_cookie=6f6e94a1cc079760 server_cookie=0 in_seq=0 out_seq=0
2026-02-17T20:01:38.893 INFO:teuthology.orchestra.run.trial136.stdout:/usr/bin/ceph: stderr
2026-02-17T20:01:38.773+0000 7f44127fc640 1 -- 10.20.193.136:0/2384155598 <== mon.0 v2:10.20.193.136:3300/0 1 ==== mon_map magic: 0 ==== 226+0+0 (secure 0 0 0) 0x7f440003c070 con 0x7f4414109880
2026-02-17T20:01:38.893 INFO:teuthology.orchestra.run.trial136.stdout:/usr/bin/ceph: stderr
2026-02-17T20:01:38.773+0000 7f44127fc640 1 -- 10.20.193.136:0/2384155598 <== mon.0 v2:10.20.193.136:3300/0 2 ==== config(25 keys) ==== 1038+0+0 (secure 0 0 0) 0x7f440002fe20 con 0x7f4414109880
2026-02-17T20:01:38.893 INFO:teuthology.orchestra.run.trial136.stdout:/usr/bin/ceph: stderr
2026-02-17T20:01:38.773+0000 7f44127fc640 1 -- 10.20.193.136:0/2384155598 <== mon.0 v2:10.20.193.136:3300/0 3 ==== mon_map magic: 0 ==== 226+0+0 (secure 0 0 0) 0x7f4400035340 con 0x7f4414109880
2026-02-17T20:01:38.893 INFO:teuthology.orchestra.run.trial136.stdout:/usr/bin/ceph: stderr
2026-02-17T20:01:38.773+0000 7f441a118640 1 -- 10.20.193.136:0/2384155598 >> [v2:10.20.193.136:3300/0,v1:10.20.193.136:6789/0] conn(0x7f4414109880 msgr2=0x7f4414109c80 secure :-1 s=STATE_CONNECTION_ESTABLISHED l=1).mark_down
2026-02-17T20:01:38.893 INFO:teuthology.orchestra.run.trial136.stdout:/usr/bin/ceph: stderr
2026-02-17T20:01:38.773+0000 7f441a118640 1 --2- 10.20.193.136:0/2384155598 >> [v2:10.20.193.136:3300/0,v1:10.20.193.136:6789/0] conn(0x7f4414109880 0x7f4414109c80 secure :-1 s=READY pgs=63 cs=0 l=1 rev1=1 crypto rx=0x7f4400009920 tx=0x7f440002ef20 comp rx=0 tx=0).stop
2026-02-17T20:01:38.893 INFO:teuthology.orchestra.run.trial136.stdout:/usr/bin/ceph: stderr
2026-02-17T20:01:38.773+0000 7f441a118640 1 -- 10.20.193.136:0/2384155598 shutdown_connections
2026-02-17T20:01:38.893 INFO:teuthology.orchestra.run.trial136.stdout:/usr/bin/ceph: stderr
2026-02-17T20:01:38.773+0000 7f441a118640 1 --2- 10.20.193.136:0/2384155598 >> [v2:10.20.193.136:3300/0,v1:10.20.193.136:6789/0] conn(0x7f4414109880 0x7f4414109c80 unknown :-1 s=CLOSED pgs=63 cs=0 l=1 rev1=1 crypto rx=0 tx=0 comp rx=0 tx=0).stop
2026-02-17T20:01:38.893 INFO:teuthology.orchestra.run.trial136.stdout:/usr/bin/ceph: stderr
2026-02-17T20:01:38.773+0000 7f441a118640 1 -- 10.20.193.136:0/2384155598 >> 10.20.193.136:0/2384155598 conn(0x7f441407ce10 msgr2=0x7f441407d220 unknown :-1 s=STATE_NONE l=0).mark_down
2026-02-17T20:01:38.893 INFO:teuthology.orchestra.run.trial136.stdout:/usr/bin/ceph: stderr
2026-02-17T20:01:38.773+0000 7f441a118640 1 -- 10.20.193.136:0/2384155598 shutdown_connections
2026-02-17T20:01:38.893 INFO:teuthology.orchestra.run.trial136.stdout:/usr/bin/ceph: stderr
2026-02-17T20:01:38.773+0000 7f441a118640 1 -- 10.20.193.136:0/2384155598 wait complete.
2026-02-17T20:01:38.893 INFO:teuthology.orchestra.run.trial136.stdout:/usr/bin/ceph: stderr
2026-02-17T20:01:38.773+0000 7f441a118640 1 Processor -- start
2026-02-17T20:01:38.894 INFO:teuthology.orchestra.run.trial136.stdout:/usr/bin/ceph: stderr
2026-02-17T20:01:38.773+0000 7f441a118640 1 -- start start
2026-02-17T20:01:38.894 INFO:teuthology.orchestra.run.trial136.stdout:/usr/bin/ceph: stderr
2026-02-17T20:01:38.773+0000 7f441a118640 1 --2- >> [v2:10.20.193.136:3300/0,v1:10.20.193.136:6789/0] conn(0x7f4414109880 0x7f441419f6d0 unknown :-1 s=NONE pgs=0 cs=0 l=1 rev1=0 crypto rx=0 tx=0 comp rx=0 tx=0).connect
2026-02-17T20:01:38.894 INFO:teuthology.orchestra.run.trial136.stdout:/usr/bin/ceph: stderr
2026-02-17T20:01:38.773+0000 7f441a118640 1 -- --> [v2:10.20.193.136:3300/0,v1:10.20.193.136:6789/0] -- mon_getmap magic: 0 -- 0x7f441410dcb0 con 0x7f4414109880
2026-02-17T20:01:38.894 INFO:teuthology.orchestra.run.trial136.stdout:/usr/bin/ceph: stderr
2026-02-17T20:01:38.773+0000 7f44137fe640 1 --2- >> [v2:10.20.193.136:3300/0,v1:10.20.193.136:6789/0] conn(0x7f4414109880 0x7f441419f6d0 unknown :-1 s=BANNER_CONNECTING pgs=0 cs=0 l=1 rev1=0 crypto rx=0 tx=0 comp rx=0 tx=0)._handle_peer_banner_payload supported=3 required=0
2026-02-17T20:01:38.894 INFO:teuthology.orchestra.run.trial136.stdout:/usr/bin/ceph: stderr
2026-02-17T20:01:38.773+0000 7f44137fe640 1 --2- >> [v2:10.20.193.136:3300/0,v1:10.20.193.136:6789/0] conn(0x7f4414109880 0x7f441419f6d0 unknown :-1 s=HELLO_CONNECTING pgs=0 cs=0 l=1 rev1=1 crypto rx=0 tx=0 comp rx=0 tx=0).handle_hello peer v2:10.20.193.136:3300/0 says I am v2:10.20.193.136:43502/0 (socket says 10.20.193.136:43502)
2026-02-17T20:01:38.894 INFO:teuthology.orchestra.run.trial136.stdout:/usr/bin/ceph: stderr
2026-02-17T20:01:38.773+0000 7f44137fe640 1 -- 10.20.193.136:0/502143732 learned_addr learned my addr 10.20.193.136:0/502143732 (peer_addr_for_me v2:10.20.193.136:0/0)
2026-02-17T20:01:38.894 INFO:teuthology.orchestra.run.trial136.stdout:/usr/bin/ceph: stderr
2026-02-17T20:01:38.774+0000 7f44137fe640 1 -- 10.20.193.136:0/502143732 --> [v2:10.20.193.136:3300/0,v1:10.20.193.136:6789/0] -- mon_subscribe({config=0+,monmap=0+}) -- 0x7f441419fc10 con 0x7f4414109880
2026-02-17T20:01:38.894 INFO:teuthology.orchestra.run.trial136.stdout:/usr/bin/ceph: stderr
2026-02-17T20:01:38.774+0000 7f44137fe640 1 --2- 10.20.193.136:0/502143732 >> [v2:10.20.193.136:3300/0,v1:10.20.193.136:6789/0] conn(0x7f4414109880 0x7f441419f6d0 secure :-1 s=READY pgs=64 cs=0 l=1 rev1=1 crypto rx=0x7f4400002410 tx=0x7f44000379e0 comp rx=0 tx=0).ready entity=mon.0 client_cookie=0 server_cookie=0 in_seq=0 out_seq=0
2026-02-17T20:01:38.894 INFO:teuthology.orchestra.run.trial136.stdout:/usr/bin/ceph: stderr
2026-02-17T20:01:38.774+0000 7f4410ff9640 1 -- 10.20.193.136:0/502143732 <== mon.0 v2:10.20.193.136:3300/0 1 ==== mon_map magic: 0 ==== 226+0+0 (secure 0 0 0) 0x7f44000358d0 con 0x7f4414109880
2026-02-17T20:01:38.894 INFO:teuthology.orchestra.run.trial136.stdout:/usr/bin/ceph: stderr
2026-02-17T20:01:38.774+0000 7f4410ff9640 1 -- 10.20.193.136:0/502143732 <== mon.0 v2:10.20.193.136:3300/0 2 ==== config(25 keys) ==== 1038+0+0 (secure 0 0 0) 0x7f4400043430 con 0x7f4414109880
2026-02-17T20:01:38.894 INFO:teuthology.orchestra.run.trial136.stdout:/usr/bin/ceph: stderr
2026-02-17T20:01:38.774+0000 7f441a118640 1 -- 10.20.193.136:0/502143732 --> [v2:10.20.193.136:3300/0,v1:10.20.193.136:6789/0] -- mon_subscribe({mgrmap=0+}) -- 0x7f441419fea0 con 0x7f4414109880
2026-02-17T20:01:38.894 INFO:teuthology.orchestra.run.trial136.stdout:/usr/bin/ceph: stderr
2026-02-17T20:01:38.774+0000 7f4410ff9640 1 -- 10.20.193.136:0/502143732 <== mon.0 v2:10.20.193.136:3300/0 3 ==== mon_map magic: 0 ==== 226+0+0 (secure 0 0 0) 0x7f44000423e0 con 0x7f4414109880
2026-02-17T20:01:38.895 INFO:teuthology.orchestra.run.trial136.stdout:/usr/bin/ceph: stderr
2026-02-17T20:01:38.774+0000 7f441a118640 1 -- 10.20.193.136:0/502143732 --> [v2:10.20.193.136:3300/0,v1:10.20.193.136:6789/0] -- mon_subscribe({osdmap=0}) -- 0x7f44141a2b90 con 0x7f4414109880
2026-02-17T20:01:38.895 INFO:teuthology.orchestra.run.trial136.stdout:/usr/bin/ceph: stderr
2026-02-17T20:01:38.774+0000 7f4410ff9640 1 -- 10.20.193.136:0/502143732 <== mon.0 v2:10.20.193.136:3300/0 4 ==== mgrmap(e 8) ==== 50261+0+0 (secure 0 0 0) 0x7f4400042580 con 0x7f4414109880
2026-02-17T20:01:38.895 INFO:teuthology.orchestra.run.trial136.stdout:/usr/bin/ceph: stderr
2026-02-17T20:01:38.774+0000 7f441a118640 1 -- 10.20.193.136:0/502143732 --> [v2:10.20.193.136:3300/0,v1:10.20.193.136:6789/0] -- mon_command({"prefix": "get_command_descriptions"} v 0) -- 0x7f4414109d00 con 0x7f4414109880
2026-02-17T20:01:38.895 INFO:teuthology.orchestra.run.trial136.stdout:/usr/bin/ceph: stderr
2026-02-17T20:01:38.774+0000 7f4410ff9640 1 --2- 10.20.193.136:0/502143732 >> [v2:10.20.193.136:6800/3777195325,v1:10.20.193.136:6801/3777195325] conn(0x7f43e803dbf0 0x7f43e80400b0 unknown :-1 s=NONE pgs=0 cs=0 l=1 rev1=0 crypto rx=0 tx=0 comp rx=0 tx=0).connect
2026-02-17T20:01:38.895 INFO:teuthology.orchestra.run.trial136.stdout:/usr/bin/ceph: stderr
2026-02-17T20:01:38.775+0000 7f4410ff9640 1 -- 10.20.193.136:0/502143732 <== mon.0 v2:10.20.193.136:3300/0 5 ==== osd_map(2..2 src has 1..2) ==== 940+0+0 (secure 0 0 0) 0x7f44000762d0 con 0x7f4414109880
2026-02-17T20:01:38.895 INFO:teuthology.orchestra.run.trial136.stdout:/usr/bin/ceph: stderr
2026-02-17T20:01:38.775+0000 7f4412ffd640 1 --2- 10.20.193.136:0/502143732 >> [v2:10.20.193.136:6800/3777195325,v1:10.20.193.136:6801/3777195325] conn(0x7f43e803dbf0 0x7f43e80400b0 unknown :-1 s=BANNER_CONNECTING pgs=0 cs=0 l=1 rev1=0 crypto rx=0 tx=0 comp rx=0 tx=0)._handle_peer_banner_payload supported=3 required=0
2026-02-17T20:01:38.895 INFO:teuthology.orchestra.run.trial136.stdout:/usr/bin/ceph: stderr
2026-02-17T20:01:38.775+0000 7f4412ffd640 1 --2- 10.20.193.136:0/502143732 >> [v2:10.20.193.136:6800/3777195325,v1:10.20.193.136:6801/3777195325] conn(0x7f43e803dbf0 0x7f43e80400b0 secure :-1 s=READY pgs=21 cs=0 l=1 rev1=1 crypto rx=0x7f44040099c0 tx=0x7f4404006eb0 comp rx=0 tx=0).ready entity=mgr.14118 client_cookie=0 server_cookie=0 in_seq=0 out_seq=0
2026-02-17T20:01:38.895 INFO:teuthology.orchestra.run.trial136.stdout:/usr/bin/ceph: stderr
2026-02-17T20:01:38.777+0000 7f4410ff9640 1 -- 10.20.193.136:0/502143732 <== mon.0 v2:10.20.193.136:3300/0 6 ==== mon_command_ack([{"prefix": "get_command_descriptions"}]=0 v0) ==== 72+0+195034 (secure 0 0 0) 0x7f440003e1a0 con 0x7f4414109880
2026-02-17T20:01:38.895 INFO:teuthology.orchestra.run.trial136.stdout:/usr/bin/ceph: stderr
2026-02-17T20:01:38.863+0000 7f441a118640 1 -- 10.20.193.136:0/502143732 --> [v2:10.20.193.136:3300/0,v1:10.20.193.136:6789/0] -- mon_command([{prefix=config set, name=mgr/dashboard/ssl_server_port}] v 0) -- 0x7f44141a3360 con 0x7f4414109880
2026-02-17T20:01:38.895 INFO:teuthology.orchestra.run.trial136.stdout:/usr/bin/ceph: stderr
2026-02-17T20:01:38.865+0000 7f4410ff9640 1 -- 10.20.193.136:0/502143732 <== mon.0 v2:10.20.193.136:3300/0 7 ==== mon_command_ack([{prefix=config set, name=mgr/dashboard/ssl_server_port}]=0 v8)=0 v8) ==== 130+0+0 (secure 0 0 0) 0x7f4400076030 con 0x7f4414109880
2026-02-17T20:01:38.895 INFO:teuthology.orchestra.run.trial136.stdout:/usr/bin/ceph: stderr
2026-02-17T20:01:38.866+0000 7f441a118640 1 -- 10.20.193.136:0/502143732 >> [v2:10.20.193.136:6800/3777195325,v1:10.20.193.136:6801/3777195325] conn(0x7f43e803dbf0 msgr2=0x7f43e80400b0 secure :-1 s=STATE_CONNECTION_ESTABLISHED l=1).mark_down
2026-02-17T20:01:38.895 INFO:teuthology.orchestra.run.trial136.stdout:/usr/bin/ceph: stderr
2026-02-17T20:01:38.866+0000 7f441a118640 1 --2- 10.20.193.136:0/502143732 >> [v2:10.20.193.136:6800/3777195325,v1:10.20.193.136:6801/3777195325] conn(0x7f43e803dbf0 0x7f43e80400b0 secure :-1 s=READY pgs=21 cs=0 l=1 rev1=1 crypto rx=0x7f44040099c0 tx=0x7f4404006eb0 comp rx=0 tx=0).stop
2026-02-17T20:01:38.896 INFO:teuthology.orchestra.run.trial136.stdout:/usr/bin/ceph: stderr
2026-02-17T20:01:38.866+0000 7f441a118640 1 -- 10.20.193.136:0/502143732 >> [v2:10.20.193.136:3300/0,v1:10.20.193.136:6789/0] conn(0x7f4414109880 msgr2=0x7f441419f6d0 secure :-1 s=STATE_CONNECTION_ESTABLISHED l=1).mark_down
2026-02-17T20:01:38.896 INFO:teuthology.orchestra.run.trial136.stdout:/usr/bin/ceph: stderr
2026-02-17T20:01:38.866+0000 7f441a118640 1 --2- 10.20.193.136:0/502143732 >> [v2:10.20.193.136:3300/0,v1:10.20.193.136:6789/0] conn(0x7f4414109880 0x7f441419f6d0 secure :-1 s=READY pgs=64 cs=0 l=1 rev1=1 crypto rx=0x7f4400002410 tx=0x7f44000379e0 comp rx=0 tx=0).stop
2026-02-17T20:01:38.896 INFO:teuthology.orchestra.run.trial136.stdout:/usr/bin/ceph: stderr
2026-02-17T20:01:38.866+0000 7f441a118640 1 -- 10.20.193.136:0/502143732 shutdown_connections
2026-02-17T20:01:38.896 INFO:teuthology.orchestra.run.trial136.stdout:/usr/bin/ceph: stderr
2026-02-17T20:01:38.866+0000 7f441a118640 1 --2- 10.20.193.136:0/502143732 >> [v2:10.20.193.136:6800/3777195325,v1:10.20.193.136:6801/3777195325] conn(0x7f43e803dbf0 0x7f43e80400b0 unknown :-1 s=CLOSED pgs=21 cs=0 l=1 rev1=1 crypto rx=0 tx=0 comp rx=0 tx=0).stop
2026-02-17T20:01:38.896 INFO:teuthology.orchestra.run.trial136.stdout:/usr/bin/ceph: stderr
2026-02-17T20:01:38.866+0000 7f441a118640 1 --2- 10.20.193.136:0/502143732 >> [v2:10.20.193.136:3300/0,v1:10.20.193.136:6789/0] conn(0x7f4414109880 0x7f441419f6d0 unknown :-1 s=CLOSED pgs=64 cs=0 l=1 rev1=1 crypto rx=0 tx=0 comp rx=0 tx=0).stop
2026-02-17T20:01:38.896 INFO:teuthology.orchestra.run.trial136.stdout:/usr/bin/ceph: stderr
2026-02-17T20:01:38.866+0000 7f441a118640 1 -- 10.20.193.136:0/502143732 >> 10.20.193.136:0/502143732 conn(0x7f441407ce10 msgr2=0x7f4414106fd0 unknown :-1 s=STATE_NONE l=0).mark_down
2026-02-17T20:01:38.896 INFO:teuthology.orchestra.run.trial136.stdout:/usr/bin/ceph: stderr
2026-02-17T20:01:38.866+0000 7f441a118640 1 -- 10.20.193.136:0/502143732 shutdown_connections
2026-02-17T20:01:38.896 INFO:teuthology.orchestra.run.trial136.stdout:/usr/bin/ceph: stderr
2026-02-17T20:01:38.866+0000 7f441a118640 1 -- 10.20.193.136:0/502143732 wait complete.
2026-02-17T20:01:38.896 INFO:teuthology.orchestra.run.trial136.stdout:Enabling the dashboard module...
2026-02-17T20:01:39.696 INFO:journalctl@ceph.mon.trial136.trial136.stdout:Feb 17 20:01:39 trial136 ceph-mon[20580]: from='client.14146 -' entity='client.admin' cmd=[{"prefix": "orch apply", "service_type": "ceph-exporter", "target": ["mon-mgr", ""]}]: dispatch
2026-02-17T20:01:39.697 INFO:journalctl@ceph.mon.trial136.trial136.stdout:Feb 17 20:01:39 trial136 ceph-mon[20580]: Saving service ceph-exporter spec with placement *
2026-02-17T20:01:39.697 INFO:journalctl@ceph.mon.trial136.trial136.stdout:Feb 17 20:01:39 trial136 ceph-mon[20580]: from='client.14148 -' entity='client.admin' cmd=[{"prefix": "orch apply", "service_type": "prometheus", "target": ["mon-mgr", ""]}]: dispatch
2026-02-17T20:01:39.697 INFO:journalctl@ceph.mon.trial136.trial136.stdout:Feb 17 20:01:39 trial136 ceph-mon[20580]: Saving service prometheus spec with placement count:1
