2026-02-17T20:01:37.580 INFO:teuthology.orchestra.run.trial136.stdout:/usr/bin/ceph: stderr
2026-02-17T20:01:37.555+0000 7f2537f3e640 1 --2- 10.20.193.136:0/3237192703 >> [v2:10.20.193.136:3300/0,v1:10.20.193.136:6789/0] conn(0x7f2530109880 0x7f253019f6d0 secure :-1 s=READY pgs=52 cs=0 l=1 rev1=1 crypto rx=0x7f25200091b0 tx=0x7f2520037a50 comp rx=0 tx=0).stop
2026-02-17T20:01:37.580 INFO:teuthology.orchestra.run.trial136.stdout:/usr/bin/ceph: stderr
2026-02-17T20:01:37.555+0000 7f2537f3e640 1 -- 10.20.193.136:0/3237192703 shutdown_connections
2026-02-17T20:01:37.580 INFO:teuthology.orchestra.run.trial136.stdout:/usr/bin/ceph: stderr
2026-02-17T20:01:37.555+0000 7f2537f3e640 1 --2- 10.20.193.136:0/3237192703 >> [v2:10.20.193.136:6800/3777195325,v1:10.20.193.136:6801/3777195325] conn(0x7f250c03dbf0 0x7f250c0400b0 unknown :-1 s=CLOSED pgs=15 cs=0 l=1 rev1=1 crypto rx=0 tx=0 comp rx=0 tx=0).stop
2026-02-17T20:01:37.580 INFO:teuthology.orchestra.run.trial136.stdout:/usr/bin/ceph: stderr
2026-02-17T20:01:37.555+0000 7f2537f3e640 1 --2- 10.20.193.136:0/3237192703 >> [v2:10.20.193.136:3300/0,v1:10.20.193.136:6789/0] conn(0x7f2530109880 0x7f253019f6d0 unknown :-1 s=CLOSED pgs=52 cs=0 l=1 rev1=1 crypto rx=0 tx=0 comp rx=0 tx=0).stop
2026-02-17T20:01:37.580 INFO:teuthology.orchestra.run.trial136.stdout:/usr/bin/ceph: stderr
2026-02-17T20:01:37.555+0000 7f2537f3e640 1 -- 10.20.193.136:0/3237192703 >> 10.20.193.136:0/3237192703 conn(0x7f253007ce10 msgr2=0x7f2530106fd0 unknown :-1 s=STATE_NONE l=0).mark_down
2026-02-17T20:01:37.580 INFO:teuthology.orchestra.run.trial136.stdout:/usr/bin/ceph: stderr
2026-02-17T20:01:37.555+0000 7f2537f3e640 1 -- 10.20.193.136:0/3237192703 shutdown_connections
2026-02-17T20:01:37.580 INFO:teuthology.orchestra.run.trial136.stdout:/usr/bin/ceph: stderr
2026-02-17T20:01:37.555+0000 7f2537f3e640 1 -- 10.20.193.136:0/3237192703 wait complete.
2026-02-17T20:01:37.580 INFO:teuthology.orchestra.run.trial136.stdout:Deploying prometheus service with default placement...
2026-02-17T20:01:37.820 INFO:teuthology.orchestra.run.trial136.stdout:/usr/bin/ceph: stdout Scheduled prometheus update...
2026-02-17T20:01:37.820 INFO:teuthology.orchestra.run.trial136.stdout:/usr/bin/ceph: stderr
2026-02-17T20:01:37.676+0000 7fdcc0126640 1 Processor -- start
2026-02-17T20:01:37.820 INFO:teuthology.orchestra.run.trial136.stdout:/usr/bin/ceph: stderr
2026-02-17T20:01:37.676+0000 7fdcc0126640 1 -- start start
2026-02-17T20:01:37.820 INFO:teuthology.orchestra.run.trial136.stdout:/usr/bin/ceph: stderr
2026-02-17T20:01:37.676+0000 7fdcc0126640 1 --2- >> [v2:10.20.193.136:3300/0,v1:10.20.193.136:6789/0] conn(0x7fdcb807d770 0x7fdcb807bbd0 unknown :-1 s=NONE pgs=0 cs=0 l=0 rev1=0 crypto rx=0 tx=0 comp rx=0 tx=0).connect
2026-02-17T20:01:37.820 INFO:teuthology.orchestra.run.trial136.stdout:/usr/bin/ceph: stderr
2026-02-17T20:01:37.676+0000 7fdcc0126640 1 -- --> [v2:10.20.193.136:3300/0,v1:10.20.193.136:6789/0] -- mon_getmap magic: 0 -- 0x7fdcb807c110 con 0x7fdcb807d770
2026-02-17T20:01:37.820 INFO:teuthology.orchestra.run.trial136.stdout:/usr/bin/ceph: stderr
2026-02-17T20:01:37.676+0000 7fdcbde9b640 1 --2- >> [v2:10.20.193.136:3300/0,v1:10.20.193.136:6789/0] conn(0x7fdcb807d770 0x7fdcb807bbd0 unknown :-1 s=BANNER_CONNECTING pgs=0 cs=0 l=0 rev1=0 crypto rx=0 tx=0 comp rx=0 tx=0)._handle_peer_banner_payload supported=3 required=0
2026-02-17T20:01:37.820 INFO:teuthology.orchestra.run.trial136.stdout:/usr/bin/ceph: stderr
2026-02-17T20:01:37.676+0000 7fdcbde9b640 1 --2- >> [v2:10.20.193.136:3300/0,v1:10.20.193.136:6789/0] conn(0x7fdcb807d770 0x7fdcb807bbd0 unknown :-1 s=HELLO_CONNECTING pgs=0 cs=0 l=0 rev1=1 crypto rx=0 tx=0 comp rx=0 tx=0).handle_hello peer v2:10.20.193.136:3300/0 says I am v2:10.20.193.136:43434/0 (socket says 10.20.193.136:43434)
2026-02-17T20:01:37.820 INFO:teuthology.orchestra.run.trial136.stdout:/usr/bin/ceph: stderr
2026-02-17T20:01:37.676+0000 7fdcbde9b640 1 -- 10.20.193.136:0/3984174086 learned_addr learned my addr 10.20.193.136:0/3984174086 (peer_addr_for_me v2:10.20.193.136:0/0)
2026-02-17T20:01:37.820 INFO:teuthology.orchestra.run.trial136.stdout:/usr/bin/ceph: stderr
2026-02-17T20:01:37.677+0000 7fdcbde9b640 1 -- 10.20.193.136:0/3984174086 --> [v2:10.20.193.136:3300/0,v1:10.20.193.136:6789/0] -- mon_subscribe({config=0+,monmap=0+}) -- 0x7fdcb807c290 con 0x7fdcb807d770
2026-02-17T20:01:37.820 INFO:teuthology.orchestra.run.trial136.stdout:/usr/bin/ceph: stderr
2026-02-17T20:01:37.677+0000 7fdcbde9b640 1 --2- 10.20.193.136:0/3984174086 >> [v2:10.20.193.136:3300/0,v1:10.20.193.136:6789/0] conn(0x7fdcb807d770 0x7fdcb807bbd0 secure :-1 s=READY pgs=53 cs=0 l=1 rev1=1 crypto rx=0x7fdca8009920 tx=0x7fdca802ef20 comp rx=0 tx=0).ready entity=mon.0 client_cookie=f24f3a4d15c00bf1 server_cookie=0 in_seq=0 out_seq=0
2026-02-17T20:01:37.820 INFO:teuthology.orchestra.run.trial136.stdout:/usr/bin/ceph: stderr
2026-02-17T20:01:37.677+0000 7fdcbce99640 1 -- 10.20.193.136:0/3984174086 <== mon.0 v2:10.20.193.136:3300/0 1 ==== mon_map magic: 0 ==== 226+0+0 (secure 0 0 0) 0x7fdca803c070 con 0x7fdcb807d770
2026-02-17T20:01:37.820 INFO:teuthology.orchestra.run.trial136.stdout:/usr/bin/ceph: stderr
2026-02-17T20:01:37.677+0000 7fdcbce99640 1 -- 10.20.193.136:0/3984174086 <== mon.0 v2:10.20.193.136:3300/0 2 ==== config(25 keys) ==== 1038+0+0 (secure 0 0 0) 0x7fdca802fe20 con 0x7fdcb807d770
2026-02-17T20:01:37.820 INFO:teuthology.orchestra.run.trial136.stdout:/usr/bin/ceph: stderr
2026-02-17T20:01:37.677+0000 7fdcbce99640 1 -- 10.20.193.136:0/3984174086 <== mon.0 v2:10.20.193.136:3300/0 3 ==== mon_map magic: 0 ==== 226+0+0 (secure 0 0 0) 0x7fdca8035340 con 0x7fdcb807d770
2026-02-17T20:01:37.820 INFO:teuthology.orchestra.run.trial136.stdout:/usr/bin/ceph: stderr
2026-02-17T20:01:37.677+0000 7fdcc0126640 1 -- 10.20.193.136:0/3984174086 >> [v2:10.20.193.136:3300/0,v1:10.20.193.136:6789/0] conn(0x7fdcb807d770 msgr2=0x7fdcb807bbd0 secure :-1 s=STATE_CONNECTION_ESTABLISHED l=1).mark_down
2026-02-17T20:01:37.820 INFO:teuthology.orchestra.run.trial136.stdout:/usr/bin/ceph: stderr
2026-02-17T20:01:37.677+0000 7fdcc0126640 1 --2- 10.20.193.136:0/3984174086 >> [v2:10.20.193.136:3300/0,v1:10.20.193.136:6789/0] conn(0x7fdcb807d770 0x7fdcb807bbd0 secure :-1 s=READY pgs=53 cs=0 l=1 rev1=1 crypto rx=0x7fdca8009920 tx=0x7fdca802ef20 comp rx=0 tx=0).stop
2026-02-17T20:01:37.820 INFO:teuthology.orchestra.run.trial136.stdout:/usr/bin/ceph: stderr
2026-02-17T20:01:37.678+0000 7fdcc0126640 1 -- 10.20.193.136:0/3984174086 shutdown_connections
2026-02-17T20:01:37.820 INFO:teuthology.orchestra.run.trial136.stdout:/usr/bin/ceph: stderr
2026-02-17T20:01:37.678+0000 7fdcc0126640 1 --2- 10.20.193.136:0/3984174086 >> [v2:10.20.193.136:3300/0,v1:10.20.193.136:6789/0] conn(0x7fdcb807d770 0x7fdcb807bbd0 unknown :-1 s=CLOSED pgs=53 cs=0 l=1 rev1=1 crypto rx=0 tx=0 comp rx=0 tx=0).stop
2026-02-17T20:01:37.820 INFO:teuthology.orchestra.run.trial136.stdout:/usr/bin/ceph: stderr
2026-02-17T20:01:37.678+0000 7fdcc0126640 1 -- 10.20.193.136:0/3984174086 >> 10.20.193.136:0/3984174086 conn(0x7fdcb8102d80 msgr2=0x7fdcb81051a0 unknown :-1 s=STATE_NONE l=0).mark_down
2026-02-17T20:01:37.820 INFO:teuthology.orchestra.run.trial136.stdout:/usr/bin/ceph: stderr
2026-02-17T20:01:37.678+0000 7fdcc0126640 1 -- 10.20.193.136:0/3984174086 shutdown_connections
2026-02-17T20:01:37.820 INFO:teuthology.orchestra.run.trial136.stdout:/usr/bin/ceph: stderr
2026-02-17T20:01:37.678+0000 7fdcc0126640 1 -- 10.20.193.136:0/3984174086 wait complete.
2026-02-17T20:01:37.820 INFO:teuthology.orchestra.run.trial136.stdout:/usr/bin/ceph: stderr
2026-02-17T20:01:37.678+0000 7fdcc0126640 1 Processor -- start
2026-02-17T20:01:37.820 INFO:teuthology.orchestra.run.trial136.stdout:/usr/bin/ceph: stderr
2026-02-17T20:01:37.678+0000 7fdcc0126640 1 -- start start
2026-02-17T20:01:37.821 INFO:teuthology.orchestra.run.trial136.stdout:/usr/bin/ceph: stderr
2026-02-17T20:01:37.678+0000 7fdcc0126640 1 --2- >> [v2:10.20.193.136:3300/0,v1:10.20.193.136:6789/0] conn(0x7fdcb807d770 0x7fdcb819f6d0 unknown :-1 s=NONE pgs=0 cs=0 l=1 rev1=0 crypto rx=0 tx=0 comp rx=0 tx=0).connect
2026-02-17T20:01:37.821 INFO:teuthology.orchestra.run.trial136.stdout:/usr/bin/ceph: stderr
2026-02-17T20:01:37.678+0000 7fdcc0126640 1 -- --> [v2:10.20.193.136:3300/0,v1:10.20.193.136:6789/0] -- mon_getmap magic: 0 -- 0x7fdcb810db70 con 0x7fdcb807d770
2026-02-17T20:01:37.821 INFO:teuthology.orchestra.run.trial136.stdout:/usr/bin/ceph: stderr
2026-02-17T20:01:37.678+0000 7fdcbde9b640 1 --2- >> [v2:10.20.193.136:3300/0,v1:10.20.193.136:6789/0] conn(0x7fdcb807d770 0x7fdcb819f6d0 unknown :-1 s=BANNER_CONNECTING pgs=0 cs=0 l=1 rev1=0 crypto rx=0 tx=0 comp rx=0 tx=0)._handle_peer_banner_payload supported=3 required=0
2026-02-17T20:01:37.821 INFO:teuthology.orchestra.run.trial136.stdout:/usr/bin/ceph: stderr
2026-02-17T20:01:37.678+0000 7fdcbde9b640 1 --2- >> [v2:10.20.193.136:3300/0,v1:10.20.193.136:6789/0] conn(0x7fdcb807d770 0x7fdcb819f6d0 unknown :-1 s=HELLO_CONNECTING pgs=0 cs=0 l=1 rev1=1 crypto rx=0 tx=0 comp rx=0 tx=0).handle_hello peer v2:10.20.193.136:3300/0 says I am v2:10.20.193.136:43436/0 (socket says 10.20.193.136:43436)
2026-02-17T20:01:37.821 INFO:teuthology.orchestra.run.trial136.stdout:/usr/bin/ceph: stderr
2026-02-17T20:01:37.678+0000 7fdcbde9b640 1 -- 10.20.193.136:0/1907587061 learned_addr learned my addr 10.20.193.136:0/1907587061 (peer_addr_for_me v2:10.20.193.136:0/0)
2026-02-17T20:01:37.821 INFO:teuthology.orchestra.run.trial136.stdout:/usr/bin/ceph: stderr
2026-02-17T20:01:37.678+0000 7fdcbde9b640 1 -- 10.20.193.136:0/1907587061 --> [v2:10.20.193.136:3300/0,v1:10.20.193.136:6789/0] -- mon_subscribe({config=0+,monmap=0+}) -- 0x7fdcb819fc10 con 0x7fdcb807d770
2026-02-17T20:01:37.821 INFO:teuthology.orchestra.run.trial136.stdout:/usr/bin/ceph: stderr
2026-02-17T20:01:37.678+0000 7fdcbde9b640 1 --2- 10.20.193.136:0/1907587061 >> [v2:10.20.193.136:3300/0,v1:10.20.193.136:6789/0] conn(0x7fdcb807d770 0x7fdcb819f6d0 secure :-1 s=READY pgs=54 cs=0 l=1 rev1=1 crypto rx=0x7fdca80091b0 tx=0x7fdca8037a50 comp rx=0 tx=0).ready entity=mon.0 client_cookie=0 server_cookie=0 in_seq=0 out_seq=0
2026-02-17T20:01:37.821 INFO:teuthology.orchestra.run.trial136.stdout:/usr/bin/ceph: stderr
2026-02-17T20:01:37.679+0000 7fdca6ffd640 1 -- 10.20.193.136:0/1907587061 <== mon.0 v2:10.20.193.136:3300/0 1 ==== mon_map magic: 0 ==== 226+0+0 (secure 0 0 0) 0x7fdca80359a0 con 0x7fdcb807d770
2026-02-17T20:01:37.821 INFO:teuthology.orchestra.run.trial136.stdout:/usr/bin/ceph: stderr
2026-02-17T20:01:37.679+0000 7fdca6ffd640 1 -- 10.20.193.136:0/1907587061 <== mon.0 v2:10.20.193.136:3300/0 2 ==== config(25 keys) ==== 1038+0+0 (secure 0 0 0) 0x7fdca8043430 con 0x7fdcb807d770
2026-02-17T20:01:37.821 INFO:teuthology.orchestra.run.trial136.stdout:/usr/bin/ceph: stderr
2026-02-17T20:01:37.679+0000 7fdcc0126640 1 -- 10.20.193.136:0/1907587061 --> [v2:10.20.193.136:3300/0,v1:10.20.193.136:6789/0] -- mon_subscribe({mgrmap=0+}) -- 0x7fdcb819fea0 con 0x7fdcb807d770
2026-02-17T20:01:37.821 INFO:teuthology.orchestra.run.trial136.stdout:/usr/bin/ceph: stderr
2026-02-17T20:01:37.679+0000 7fdca6ffd640 1 -- 10.20.193.136:0/1907587061 <== mon.0 v2:10.20.193.136:3300/0 3 ==== mon_map magic: 0 ==== 226+0+0 (secure 0 0 0) 0x7fdca8042590 con 0x7fdcb807d770
2026-02-17T20:01:37.821 INFO:teuthology.orchestra.run.trial136.stdout:/usr/bin/ceph: stderr
2026-02-17T20:01:37.679+0000 7fdcc0126640 1 -- 10.20.193.136:0/1907587061 --> [v2:10.20.193.136:3300/0,v1:10.20.193.136:6789/0] -- mon_subscribe({osdmap=0}) -- 0x7fdcb81a2b90 con 0x7fdcb807d770
2026-02-17T20:01:37.821 INFO:teuthology.orchestra.run.trial136.stdout:/usr/bin/ceph: stderr
2026-02-17T20:01:37.679+0000 7fdcc0126640 1 -- 10.20.193.136:0/1907587061 --> [v2:10.20.193.136:3300/0,v1:10.20.193.136:6789/0] -- mon_command({"prefix": "get_command_descriptions"} v 0) -- 0x7fdcb807bc50 con 0x7fdcb807d770
2026-02-17T20:01:37.821 INFO:teuthology.orchestra.run.trial136.stdout:/usr/bin/ceph: stderr
2026-02-17T20:01:37.679+0000 7fdca6ffd640 1 -- 10.20.193.136:0/1907587061 <== mon.0 v2:10.20.193.136:3300/0 4 ==== mgrmap(e 8) ==== 50261+0+0 (secure 0 0 0) 0x7fdca8035b40 con 0x7fdcb807d770
2026-02-17T20:01:37.821 INFO:teuthology.orchestra.run.trial136.stdout:/usr/bin/ceph: stderr
2026-02-17T20:01:37.679+0000 7fdca6ffd640 1 --2- 10.20.193.136:0/1907587061 >> [v2:10.20.193.136:6800/3777195325,v1:10.20.193.136:6801/3777195325] conn(0x7fdc9403dbf0 0x7fdc940400b0 unknown :-1 s=NONE pgs=0 cs=0 l=1 rev1=0 crypto rx=0 tx=0 comp rx=0 tx=0).connect
2026-02-17T20:01:37.821 INFO:teuthology.orchestra.run.trial136.stdout:/usr/bin/ceph: stderr
2026-02-17T20:01:37.679+0000 7fdca6ffd640 1 -- 10.20.193.136:0/1907587061 <== mon.0 v2:10.20.193.136:3300/0 5 ==== osd_map(2..2 src has 1..2) ==== 940+0+0 (secure 0 0 0) 0x7fdca80763d0 con 0x7fdcb807d770
2026-02-17T20:01:37.821 INFO:teuthology.orchestra.run.trial136.stdout:/usr/bin/ceph: stderr
2026-02-17T20:01:37.680+0000 7fdcbd69a640 1 --2- 10.20.193.136:0/1907587061 >> [v2:10.20.193.136:6800/3777195325,v1:10.20.193.136:6801/3777195325] conn(0x7fdc9403dbf0 0x7fdc940400b0 unknown :-1 s=BANNER_CONNECTING pgs=0 cs=0 l=1 rev1=0 crypto rx=0 tx=0 comp rx=0 tx=0)._handle_peer_banner_payload supported=3 required=0
2026-02-17T20:01:37.821 INFO:teuthology.orchestra.run.trial136.stdout:/usr/bin/ceph: stderr
2026-02-17T20:01:37.680+0000 7fdcbd69a640 1 --2- 10.20.193.136:0/1907587061 >> [v2:10.20.193.136:6800/3777195325,v1:10.20.193.136:6801/3777195325] conn(0x7fdc9403dbf0 0x7fdc940400b0 secure :-1 s=READY pgs=16 cs=0 l=1 rev1=1 crypto rx=0x7fdcac0099c0 tx=0x7fdcac006eb0 comp rx=0 tx=0).ready entity=mgr.14118 client_cookie=0 server_cookie=0 in_seq=0 out_seq=0
2026-02-17T20:01:37.821 INFO:teuthology.orchestra.run.trial136.stdout:/usr/bin/ceph: stderr
2026-02-17T20:01:37.682+0000 7fdca6ffd640 1 -- 10.20.193.136:0/1907587061 <== mon.0 v2:10.20.193.136:3300/0 6 ==== mon_command_ack([{"prefix": "get_command_descriptions"}]=0 v0) ==== 72+0+195034 (secure 0 0 0) 0x7fdca804be10 con 0x7fdcb807d770
2026-02-17T20:01:37.821 INFO:teuthology.orchestra.run.trial136.stdout:/usr/bin/ceph: stderr
2026-02-17T20:01:37.772+0000 7fdcc0126640 1 -- 10.20.193.136:0/1907587061 --> [v2:10.20.193.136:6800/3777195325,v1:10.20.193.136:6801/3777195325] -- mgr_command(tid 0: {"prefix": "orch apply", "service_type": "prometheus", "target": ["mon-mgr", ""]}) -- 0x7fdcb8104070 con 0x7fdc9403dbf0
2026-02-17T20:01:37.821 INFO:teuthology.orchestra.run.trial136.stdout:/usr/bin/ceph: stderr
2026-02-17T20:01:37.775+0000 7fdca6ffd640 1 -- 10.20.193.136:0/1907587061 <== mgr.14118 v2:10.20.193.136:6800/3777195325 1 ==== mgr_command_reply(tid 0: 0 ) ==== 8+0+31 (secure 0 0 0) 0x7fdcb8104070 con 0x7fdc9403dbf0
2026-02-17T20:01:37.821 INFO:teuthology.orchestra.run.trial136.stdout:/usr/bin/ceph: stderr
2026-02-17T20:01:37.776+0000 7fdcc0126640 1 -- 10.20.193.136:0/1907587061 >> [v2:10.20.193.136:6800/3777195325,v1:10.20.193.136:6801/3777195325] conn(0x7fdc9403dbf0 msgr2=0x7fdc940400b0 secure :-1 s=STATE_CONNECTION_ESTABLISHED l=1).mark_down
2026-02-17T20:01:37.821 INFO:teuthology.orchestra.run.trial136.stdout:/usr/bin/ceph: stderr
2026-02-17T20:01:37.776+0000 7fdcc0126640 1 --2- 10.20.193.136:0/1907587061 >> [v2:10.20.193.136:6800/3777195325,v1:10.20.193.136:6801/3777195325] conn(0x7fdc9403dbf0 0x7fdc940400b0 secure :-1 s=READY pgs=16 cs=0 l=1 rev1=1 crypto rx=0x7fdcac0099c0 tx=0x7fdcac006eb0 comp rx=0 tx=0).stop
2026-02-17T20:01:37.821 INFO:teuthology.orchestra.run.trial136.stdout:/usr/bin/ceph: stderr
2026-02-17T20:01:37.776+0000 7fdcc0126640 1 -- 10.20.193.136:0/1907587061 >> [v2:10.20.193.136:3300/0,v1:10.20.193.136:6789/0] conn(0x7fdcb807d770 msgr2=0x7fdcb819f6d0 secure :-1 s=STATE_CONNECTION_ESTABLISHED l=1).mark_down
2026-02-17T20:01:37.821 INFO:teuthology.orchestra.run.trial136.stdout:/usr/bin/ceph: stderr
2026-02-17T20:01:37.776+0000 7fdcc0126640 1 --2- 10.20.193.136:0/1907587061 >> [v2:10.20.193.136:3300/0,v1:10.20.193.136:6789/0] conn(0x7fdcb807d770 0x7fdcb819f6d0 secure :-1 s=READY pgs=54 cs=0 l=1 rev1=1 crypto rx=0x7fdca80091b0 tx=0x7fdca8037a50 comp rx=0 tx=0).stop
2026-02-17T20:01:37.821 INFO:teuthology.orchestra.run.trial136.stdout:/usr/bin/ceph: stderr
2026-02-17T20:01:37.776+0000 7fdcc0126640 1 -- 10.20.193.136:0/1907587061 shutdown_connections
2026-02-17T20:01:37.821 INFO:teuthology.orchestra.run.trial136.stdout:/usr/bin/ceph: stderr
2026-02-17T20:01:37.776+0000 7fdcc0126640 1 --2- 10.20.193.136:0/1907587061 >> [v2:10.20.193.136:6800/3777195325,v1:10.20.193.136:6801/3777195325] conn(0x7fdc9403dbf0 0x7fdc940400b0 unknown :-1 s=CLOSED pgs=16 cs=0 l=1 rev1=1 crypto rx=0 tx=0 comp rx=0 tx=0).stop
2026-02-17T20:01:37.821 INFO:teuthology.orchestra.run.trial136.stdout:/usr/bin/ceph: stderr
2026-02-17T20:01:37.776+0000 7fdcc0126640 1 --2- 10.20.193.136:0/1907587061 >> [v2:10.20.193.136:3300/0,v1:10.20.193.136:6789/0] conn(0x7fdcb807d770 0x7fdcb819f6d0 unknown :-1 s=CLOSED pgs=54 cs=0 l=1 rev1=1 crypto rx=0 tx=0 comp rx=0 tx=0).stop
2026-02-17T20:01:37.821 INFO:teuthology.orchestra.run.trial136.stdout:/usr/bin/ceph: stderr
2026-02-17T20:01:37.776+0000 7fdcc0126640 1 -- 10.20.193.136:0/1907587061 >> 10.20.193.136:0/1907587061 conn(0x7fdcb8102d80 msgr2=0x7fdcb8103960 unknown :-1 s=STATE_NONE l=0).mark_down
2026-02-17T20:01:37.821 INFO:teuthology.orchestra.run.trial136.stdout:/usr/bin/ceph: stderr
2026-02-17T20:01:37.776+0000 7fdcc0126640 1 -- 10.20.193.136:0/1907587061 shutdown_connections
2026-02-17T20:01:37.821 INFO:teuthology.orchestra.run.trial136.stdout:/usr/bin/ceph: stderr
2026-02-17T20:01:37.776+0000 7fdcc0126640 1 -- 10.20.193.136:0/1907587061 wait complete.
2026-02-17T20:01:37.821 INFO:teuthology.orchestra.run.trial136.stdout:Deploying grafana service with default placement...
2026-02-17T20:01:38.037 INFO:teuthology.orchestra.run.trial136.stdout:/usr/bin/ceph: stdout Scheduled grafana update...
2026-02-17T20:01:38.037 INFO:teuthology.orchestra.run.trial136.stdout:/usr/bin/ceph: stderr
2026-02-17T20:01:37.916+0000 7fa2a4139640 1 Processor -- start
2026-02-17T20:01:38.037 INFO:teuthology.orchestra.run.trial136.stdout:/usr/bin/ceph: stderr
2026-02-17T20:01:37.916+0000 7fa2a4139640 1 -- start start
2026-02-17T20:01:38.037 INFO:teuthology.orchestra.run.trial136.stdout:/usr/bin/ceph: stderr
2026-02-17T20:01:37.916+0000 7fa2a4139640 1 --2- >> [v2:10.20.193.136:3300/0,v1:10.20.193.136:6789/0] conn(0x7fa29c109880 0x7fa29c109c80 unknown :-1 s=NONE pgs=0 cs=0 l=0 rev1=0 crypto rx=0 tx=0 comp rx=0 tx=0).connect
2026-02-17T20:01:38.037 INFO:teuthology.orchestra.run.trial136.stdout:/usr/bin/ceph: stderr
2026-02-17T20:01:37.916+0000 7fa2a4139640 1 -- --> [v2:10.20.193.136:3300/0,v1:10.20.193.136:6789/0] -- mon_getmap magic: 0 -- 0x7fa29c10a250 con 0x7fa29c109880
2026-02-17T20:01:38.037 INFO:teuthology.orchestra.run.trial136.stdout:/usr/bin/ceph: stderr
2026-02-17T20:01:37.917+0000 7fa2a1eae640 1 --2- >> [v2:10.20.193.136:3300/0,v1:10.20.193.136:6789/0] conn(0x7fa29c109880 0x7fa29c109c80 unknown :-1 s=BANNER_CONNECTING pgs=0 cs=0 l=0 rev1=0 crypto rx=0 tx=0 comp rx=0 tx=0)._handle_peer_banner_payload supported=3 required=0
2026-02-17T20:01:38.037 INFO:teuthology.orchestra.run.trial136.stdout:/usr/bin/ceph: stderr
2026-02-17T20:01:37.917+0000 7fa2a1eae640 1 --2- >> [v2:10.20.193.136:3300/0,v1:10.20.193.136:6789/0] conn(0x7fa29c109880 0x7fa29c109c80 unknown :-1 s=HELLO_CONNECTING pgs=0 cs=0 l=0 rev1=1 crypto rx=0 tx=0 comp rx=0 tx=0).handle_hello peer v2:10.20.193.136:3300/0 says I am v2:10.20.193.136:43448/0 (socket says 10.20.193.136:43448)
2026-02-17T20:01:38.037 INFO:teuthology.orchestra.run.trial136.stdout:/usr/bin/ceph: stderr
2026-02-17T20:01:37.917+0000 7fa2a1eae640 1 -- 10.20.193.136:0/2046336881 learned_addr learned my addr 10.20.193.136:0/2046336881 (peer_addr_for_me v2:10.20.193.136:0/0)
2026-02-17T20:01:38.038 INFO:teuthology.orchestra.run.trial136.stdout:/usr/bin/ceph: stderr
2026-02-17T20:01:37.917+0000 7fa2a1eae640 1 -- 10.20.193.136:0/2046336881 --> [v2:10.20.193.136:3300/0,v1:10.20.193.136:6789/0] -- mon_subscribe({config=0+,monmap=0+}) -- 0x7fa29c10aa80 con 0x7fa29c109880
2026-02-17T20:01:38.038 INFO:teuthology.orchestra.run.trial136.stdout:/usr/bin/ceph: stderr
2026-02-17T20:01:37.917+0000 7fa2a1eae640 1 --2- 10.20.193.136:0/2046336881 >> [v2:10.20.193.136:3300/0,v1:10.20.193.136:6789/0] conn(0x7fa29c109880 0x7fa29c109c80 secure :-1 s=READY pgs=55 cs=0 l=1 rev1=1 crypto rx=0x7fa28c009920 tx=0x7fa28c02ef20 comp rx=0 tx=0).ready entity=mon.0 client_cookie=5d5b7acbcc494954 server_cookie=0 in_seq=0 out_seq=0
2026-02-17T20:01:38.038 INFO:teuthology.orchestra.run.trial136.stdout:/usr/bin/ceph: stderr
2026-02-17T20:01:37.917+0000 7fa2a0eac640 1 -- 10.20.193.136:0/2046336881 <== mon.0 v2:10.20.193.136:3300/0 1 ==== mon_map magic: 0 ==== 226+0+0 (secure 0 0 0) 0x7fa28c03c070 con 0x7fa29c109880
2026-02-17T20:01:38.038 INFO:teuthology.orchestra.run.trial136.stdout:/usr/bin/ceph: stderr
2026-02-17T20:01:37.917+0000 7fa2a0eac640 1 -- 10.20.193.136:0/2046336881 <== mon.0 v2:10.20.193.136:3300/0 2 ==== config(25 keys) ==== 1038+0+0 (secure 0 0 0) 0x7fa28c02fe20 con 0x7fa29c109880
2026-02-17T20:01:38.038 INFO:teuthology.orchestra.run.trial136.stdout:/usr/bin/ceph: stderr
2026-02-17T20:01:37.917+0000 7fa2a0eac640 1 -- 10.20.193.136:0/2046336881 <== mon.0 v2:10.20.193.136:3300/0 3 ==== mon_map magic: 0 ==== 226+0+0 (secure 0 0 0) 0x7fa28c035340 con 0x7fa29c109880
2026-02-17T20:01:38.038 INFO:teuthology.orchestra.run.trial136.stdout:/usr/bin/ceph: stderr
2026-02-17T20:01:37.918+0000 7fa2a4139640 1 -- 10.20.193.136:0/2046336881 >> [v2:10.20.193.136:3300/0,v1:10.20.193.136:6789/0] conn(0x7fa29c109880 msgr2=0x7fa29c109c80 secure :-1 s=STATE_CONNECTION_ESTABLISHED l=1).mark_down
2026-02-17T20:01:38.038 INFO:teuthology.orchestra.run.trial136.stdout:/usr/bin/ceph: stderr
2026-02-17T20:01:37.918+0000 7fa2a4139640 1 --2- 10.20.193.136:0/2046336881 >> [v2:10.20.193.136:3300/0,v1:10.20.193.136:6789/0] conn(0x7fa29c109880 0x7fa29c109c80 secure :-1 s=READY pgs=55 cs=0 l=1 rev1=1 crypto rx=0x7fa28c009920 tx=0x7fa28c02ef20 comp rx=0 tx=0).stop
2026-02-17T20:01:38.038 INFO:teuthology.orchestra.run.trial136.stdout:/usr/bin/ceph: stderr
2026-02-17T20:01:37.918+0000 7fa2a4139640 1 -- 10.20.193.136:0/2046336881 shutdown_connections
2026-02-17T20:01:38.038 INFO:teuthology.orchestra.run.trial136.stdout:/usr/bin/ceph: stderr
2026-02-17T20:01:37.918+0000 7fa2a4139640 1 --2- 10.20.193.136:0/2046336881 >> [v2:10.20.193.136:3300/0,v1:10.20.193.136:6789/0] conn(0x7fa29c109880 0x7fa29c109c80 unknown :-1 s=CLOSED pgs=55 cs=0 l=1 rev1=1 crypto rx=0 tx=0 comp rx=0 tx=0).stop
2026-02-17T20:01:38.038 INFO:teuthology.orchestra.run.trial136.stdout:/usr/bin/ceph: stderr
2026-02-17T20:01:37.918+0000 7fa2a4139640 1 -- 10.20.193.136:0/2046336881 >> 10.20.193.136:0/2046336881 conn(0x7fa29c07cf00 msgr2=0x7fa29c07d310 unknown :-1 s=STATE_NONE l=0).mark_down
2026-02-17T20:01:38.038 INFO:teuthology.orchestra.run.trial136.stdout:/usr/bin/ceph: stderr
2026-02-17T20:01:37.918+0000 7fa2a4139640 1 -- 10.20.193.136:0/2046336881 shutdown_connections
2026-02-17T20:01:38.038 INFO:teuthology.orchestra.run.trial136.stdout:/usr/bin/ceph: stderr
2026-02-17T20:01:37.918+0000 7fa2a4139640 1 -- 10.20.193.136:0/2046336881 wait complete.
2026-02-17T20:01:38.038 INFO:teuthology.orchestra.run.trial136.stdout:/usr/bin/ceph: stderr
2026-02-17T20:01:37.918+0000 7fa2a4139640 1 Processor -- start
2026-02-17T20:01:38.038 INFO:teuthology.orchestra.run.trial136.stdout:/usr/bin/ceph: stderr
2026-02-17T20:01:37.918+0000 7fa2a4139640 1 -- start start
2026-02-17T20:01:38.038 INFO:teuthology.orchestra.run.trial136.stdout:/usr/bin/ceph: stderr
2026-02-17T20:01:37.918+0000 7fa2a4139640 1 --2- >> [v2:10.20.193.136:3300/0,v1:10.20.193.136:6789/0] conn(0x7fa29c109880 0x7fa29c19f770 unknown :-1 s=NONE pgs=0 cs=0 l=1 rev1=0 crypto rx=0 tx=0 comp rx=0 tx=0).connect
2026-02-17T20:01:38.038 INFO:teuthology.orchestra.run.trial136.stdout:/usr/bin/ceph: stderr
2026-02-17T20:01:37.918+0000 7fa2a4139640 1 -- --> [v2:10.20.193.136:3300/0,v1:10.20.193.136:6789/0] -- mon_getmap magic: 0 -- 0x7fa29c10dcb0 con 0x7fa29c109880
2026-02-17T20:01:38.038 INFO:teuthology.orchestra.run.trial136.stdout:/usr/bin/ceph: stderr
2026-02-17T20:01:37.918+0000 7fa2a1eae640 1 --2- >> [v2:10.20.193.136:3300/0,v1:10.20.193.136:6789/0] conn(0x7fa29c109880 0x7fa29c19f770 unknown :-1 s=BANNER_CONNECTING pgs=0 cs=0 l=1 rev1=0 crypto rx=0 tx=0 comp rx=0 tx=0)._handle_peer_banner_payload supported=3 required=0
2026-02-17T20:01:38.038 INFO:teuthology.orchestra.run.trial136.stdout:/usr/bin/ceph: stderr
2026-02-17T20:01:37.918+0000 7fa2a1eae640 1 --2- >> [v2:10.20.193.136:3300/0,v1:10.20.193.136:6789/0] conn(0x7fa29c109880 0x7fa29c19f770 unknown :-1 s=HELLO_CONNECTING pgs=0 cs=0 l=1 rev1=1 crypto rx=0 tx=0 comp rx=0 tx=0).handle_hello peer v2:10.20.193.136:3300/0 says I am v2:10.20.193.136:43460/0 (socket says 10.20.193.136:43460)
2026-02-17T20:01:38.038 INFO:teuthology.orchestra.run.trial136.stdout:/usr/bin/ceph: stderr
2026-02-17T20:01:37.918+0000 7fa2a1eae640 1 -- 10.20.193.136:0/1570951184 learned_addr learned my addr 10.20.193.136:0/1570951184 (peer_addr_for_me v2:10.20.193.136:0/0)
2026-02-17T20:01:38.038 INFO:teuthology.orchestra.run.trial136.stdout:/usr/bin/ceph: stderr
2026-02-17T20:01:37.918+0000 7fa2a1eae640 1 -- 10.20.193.136:0/1570951184 --> [v2:10.20.193.136:3300/0,v1:10.20.193.136:6789/0] -- mon_subscribe({config=0+,monmap=0+}) -- 0x7fa29c19fcb0 con 0x7fa29c109880
2026-02-17T20:01:38.038 INFO:teuthology.orchestra.run.trial136.stdout:/usr/bin/ceph: stderr
2026-02-17T20:01:37.918+0000 7fa2a1eae640 1 --2- 10.20.193.136:0/1570951184 >> [v2:10.20.193.136:3300/0,v1:10.20.193.136:6789/0] conn(0x7fa29c109880 0x7fa29c19f770 secure :-1 s=READY pgs=56 cs=0 l=1 rev1=1 crypto rx=0x7fa28c002410 tx=0x7fa28c0379e0 comp rx=0 tx=0).ready entity=mon.0 client_cookie=0 server_cookie=0 in_seq=0 out_seq=0
2026-02-17T20:01:38.038 INFO:teuthology.orchestra.run.trial136.stdout:/usr/bin/ceph: stderr
2026-02-17T20:01:37.919+0000 7fa28affd640 1 -- 10.20.193.136:0/1570951184 <== mon.0 v2:10.20.193.136:3300/0 1 ==== mon_map magic: 0 ==== 226+0+0 (secure 0 0 0) 0x7fa28c0358d0 con 0x7fa29c109880
2026-02-17T20:01:38.038 INFO:teuthology.orchestra.run.trial136.stdout:/usr/bin/ceph: stderr
2026-02-17T20:01:37.919+0000 7fa28affd640 1 -- 10.20.193.136:0/1570951184 <== mon.0 v2:10.20.193.136:3300/0 2 ==== config(25 keys) ==== 1038+0+0 (secure 0 0 0) 0x7fa28c043430 con 0x7fa29c109880
2026-02-17T20:01:38.038 INFO:teuthology.orchestra.run.trial136.stdout:/usr/bin/ceph: stderr
2026-02-17T20:01:37.919+0000 7fa2a4139640 1 -- 10.20.193.136:0/1570951184 --> [v2:10.20.193.136:3300/0,v1:10.20.193.136:6789/0] -- mon_subscribe({mgrmap=0+}) -- 0x7fa29c19ff40 con 0x7fa29c109880
2026-02-17T20:01:38.038 INFO:teuthology.orchestra.run.trial136.stdout:/usr/bin/ceph: stderr
2026-02-17T20:01:37.919+0000 7fa28affd640 1 -- 10.20.193.136:0/1570951184 <== mon.0 v2:10.20.193.136:3300/0 3 ==== mon_map magic: 0 ==== 226+0+0 (secure 0 0 0) 0x7fa28c0423e0 con 0x7fa29c109880
2026-02-17T20:01:38.038 INFO:teuthology.orchestra.run.trial136.stdout:/usr/bin/ceph: stderr
2026-02-17T20:01:37.919+0000 7fa2a4139640 1 -- 10.20.193.136:0/1570951184 --> [v2:10.20.193.136:3300/0,v1:10.20.193.136:6789/0] -- mon_subscribe({osdmap=0}) -- 0x7fa29c1a2c30 con 0x7fa29c109880
2026-02-17T20:01:38.038 INFO:teuthology.orchestra.run.trial136.stdout:/usr/bin/ceph: stderr
2026-02-17T20:01:37.919+0000 7fa2a4139640 1 -- 10.20.193.136:0/1570951184 --> [v2:10.20.193.136:3300/0,v1:10.20.193.136:6789/0] -- mon_command({"prefix": "get_command_descriptions"} v 0) -- 0x7fa29c109d00 con 0x7fa29c109880
2026-02-17T20:01:38.038 INFO:teuthology.orchestra.run.trial136.stdout:/usr/bin/ceph: stderr
2026-02-17T20:01:37.919+0000 7fa28affd640 1 -- 10.20.193.136:0/1570951184 <== mon.0 v2:10.20.193.136:3300/0 4 ==== mgrmap(e 8) ==== 50261+0+0 (secure 0 0 0) 0x7fa28c043990 con 0x7fa29c109880
2026-02-17T20:01:38.038 INFO:teuthology.orchestra.run.trial136.stdout:/usr/bin/ceph: stderr
2026-02-17T20:01:37.919+0000 7fa28affd640 1 --2- 10.20.193.136:0/1570951184 >> [v2:10.20.193.136:6800/3777195325,v1:10.20.193.136:6801/3777195325] conn(0x7fa27803dbf0 0x7fa2780400b0 unknown :-1 s=NONE pgs=0 cs=0 l=1 rev1=0 crypto rx=0 tx=0 comp rx=0 tx=0).connect
2026-02-17T20:01:38.038 INFO:teuthology.orchestra.run.trial136.stdout:/usr/bin/ceph: stderr
2026-02-17T20:01:37.919+0000 7fa28affd640 1 -- 10.20.193.136:0/1570951184 <== mon.0 v2:10.20.193.136:3300/0 5 ==== osd_map(2..2 src has 1..2) ==== 940+0+0 (secure 0 0 0) 0x7fa28c0762d0 con 0x7fa29c109880
2026-02-17T20:01:38.038 INFO:teuthology.orchestra.run.trial136.stdout:/usr/bin/ceph: stderr
2026-02-17T20:01:37.919+0000 7fa2a16ad640 1 --2- 10.20.193.136:0/1570951184 >> [v2:10.20.193.136:6800/3777195325,v1:10.20.193.136:6801/3777195325] conn(0x7fa27803dbf0 0x7fa2780400b0 unknown :-1 s=BANNER_CONNECTING pgs=0 cs=0 l=1 rev1=0 crypto rx=0 tx=0 comp rx=0 tx=0)._handle_peer_banner_payload supported=3 required=0
2026-02-17T20:01:38.038 INFO:teuthology.orchestra.run.trial136.stdout:/usr/bin/ceph: stderr
2026-02-17T20:01:37.920+0000 7fa2a16ad640 1 --2- 10.20.193.136:0/1570951184 >> [v2:10.20.193.136:6800/3777195325,v1:10.20.193.136:6801/3777195325] conn(0x7fa27803dbf0 0x7fa2780400b0 secure :-1 s=READY pgs=17 cs=0 l=1 rev1=1 crypto rx=0x7fa2900099c0 tx=0x7fa290006eb0 comp rx=0 tx=0).ready entity=mgr.14118 client_cookie=0 server_cookie=0 in_seq=0 out_seq=0
2026-02-17T20:01:38.038 INFO:teuthology.orchestra.run.trial136.stdout:/usr/bin/ceph: stderr
2026-02-17T20:01:37.922+0000 7fa28affd640 1 -- 10.20.193.136:0/1570951184 <== mon.0 v2:10.20.193.136:3300/0 6 ==== mon_command_ack([{"prefix": "get_command_descriptions"}]=0 v0) ==== 72+0+195034 (secure 0 0 0) 0x7fa28c033200 con 0x7fa29c109880
2026-02-17T20:01:38.038 INFO:teuthology.orchestra.run.trial136.stdout:/usr/bin/ceph: stderr
2026-02-17T20:01:38.010+0000 7fa2a4139640 1 -- 10.20.193.136:0/1570951184 --> [v2:10.20.193.136:6800/3777195325,v1:10.20.193.136:6801/3777195325] -- mgr_command(tid 0: {"prefix": "orch apply", "service_type": "grafana", "target": ["mon-mgr", ""]}) -- 0x7fa29c107750 con 0x7fa27803dbf0
2026-02-17T20:01:38.038 INFO:teuthology.orchestra.run.trial136.stdout:/usr/bin/ceph: stderr
2026-02-17T20:01:38.012+0000 7fa28affd640 1 -- 10.20.193.136:0/1570951184 <== mgr.14118 v2:10.20.193.136:6800/3777195325 1 ==== mgr_command_reply(tid 0: 0 ) ==== 8+0+28 (secure 0 0 0) 0x7fa29c107750 con 0x7fa27803dbf0
2026-02-17T20:01:38.038 INFO:teuthology.orchestra.run.trial136.stdout:/usr/bin/ceph: stderr
2026-02-17T20:01:38.014+0000 7fa2a4139640 1 -- 10.20.193.136:0/1570951184 >> [v2:10.20.193.136:6800/3777195325,v1:10.20.193.136:6801/3777195325] conn(0x7fa27803dbf0 msgr2=0x7fa2780400b0 secure :-1 s=STATE_CONNECTION_ESTABLISHED l=1).mark_down
2026-02-17T20:01:38.038 INFO:teuthology.orchestra.run.trial136.stdout:/usr/bin/ceph: stderr
2026-02-17T20:01:38.014+0000 7fa2a4139640 1 --2- 10.20.193.136:0/1570951184 >> [v2:10.20.193.136:6800/3777195325,v1:10.20.193.136:6801/3777195325] conn(0x7fa27803dbf0 0x7fa2780400b0 secure :-1 s=READY pgs=17 cs=0 l=1 rev1=1 crypto rx=0x7fa2900099c0 tx=0x7fa290006eb0 comp rx=0 tx=0).stop
2026-02-17T20:01:38.038 INFO:teuthology.orchestra.run.trial136.stdout:/usr/bin/ceph: stderr
2026-02-17T20:01:38.014+0000 7fa2a4139640 1 -- 10.20.193.136:0/1570951184 >> [v2:10.20.193.136:3300/0,v1:10.20.193.136:6789/0] conn(0x7fa29c109880 msgr2=0x7fa29c19f770 secure :-1 s=STATE_CONNECTION_ESTABLISHED l=1).mark_down
2026-02-17T20:01:38.038 INFO:teuthology.orchestra.run.trial136.stdout:/usr/bin/ceph: stderr
2026-02-17T20:01:38.014+0000 7fa2a4139640 1 --2- 10.20.193.136:0/1570951184 >> [v2:10.20.193.136:3300/0,v1:10.20.193.136:6789/0] conn(0x7fa29c109880 0x7fa29c19f770 secure :-1 s=READY pgs=56 cs=0 l=1 rev1=1 crypto rx=0x7fa28c002410 tx=0x7fa28c0379e0 comp rx=0 tx=0).stop
2026-02-17T20:01:38.038 INFO:teuthology.orchestra.run.trial136.stdout:/usr/bin/ceph: stderr
2026-02-17T20:01:38.014+0000 7fa2a4139640 1 -- 10.20.193.136:0/1570951184 shutdown_connections
2026-02-17T20:01:38.038 INFO:teuthology.orchestra.run.trial136.stdout:/usr/bin/ceph: stderr
2026-02-17T20:01:38.014+0000 7fa2a4139640 1 --2- 10.20.193.136:0/1570951184 >> [v2:10.20.193.136:6800/3777195325,v1:10.20.193.136:6801/3777195325] conn(0x7fa27803dbf0 0x7fa2780400b0 unknown :-1 s=CLOSED pgs=17 cs=0 l=1 rev1=1 crypto rx=0 tx=0 comp rx=0 tx=0).stop
2026-02-17T20:01:38.038 INFO:teuthology.orchestra.run.trial136.stdout:/usr/bin/ceph: stderr
2026-02-17T20:01:38.014+0000 7fa2a4139640 1 --2- 10.20.193.136:0/1570951184 >> [v2:10.20.193.136:3300/0,v1:10.20.193.136:6789/0] conn(0x7fa29c109880 0x7fa29c19f770 unknown :-1 s=CLOSED pgs=56 cs=0 l=1 rev1=1 crypto rx=0 tx=0 comp rx=0 tx=0).stop
2026-02-17T20:01:38.038 INFO:teuthology.orchestra.run.trial136.stdout:/usr/bin/ceph: stderr
2026-02-17T20:01:38.014+0000 7fa2a4139640 1 -- 10.20.193.136:0/1570951184 >> 10.20.193.136:0/1570951184 conn(0x7fa29c07cf00 msgr2=0x7fa29c107040 unknown :-1 s=STATE_NONE l=0).mark_down
2026-02-17T20:01:38.039 INFO:teuthology.orchestra.run.trial136.stdout:/usr/bin/ceph: stderr
2026-02-17T20:01:38.014+0000 7fa2a4139640 1 -- 10.20.193.136:0/1570951184 shutdown_connections
2026-02-17T20:01:38.039 INFO:teuthology.orchestra.run.trial136.stdout:/usr/bin/ceph: stderr
2026-02-17T20:01:38.014+0000 7fa2a4139640 1 -- 10.20.193.136:0/1570951184 wait complete.
2026-02-17T20:01:38.039 INFO:teuthology.orchestra.run.trial136.stdout:Deploying node-exporter service with default placement...
2026-02-17T20:01:38.261 INFO:teuthology.orchestra.run.trial136.stdout:/usr/bin/ceph: stdout Scheduled node-exporter update...
2026-02-17T20:01:38.261 INFO:teuthology.orchestra.run.trial136.stdout:/usr/bin/ceph: stderr
2026-02-17T20:01:38.135+0000 7ff611a2f640 1 Processor -- start
2026-02-17T20:01:38.261 INFO:teuthology.orchestra.run.trial136.stdout:/usr/bin/ceph: stderr
2026-02-17T20:01:38.136+0000 7ff611a2f640 1 -- start start
2026-02-17T20:01:38.261 INFO:teuthology.orchestra.run.trial136.stdout:/usr/bin/ceph: stderr
2026-02-17T20:01:38.136+0000 7ff611a2f640 1 --2- >> [v2:10.20.193.136:3300/0,v1:10.20.193.136:6789/0] conn(0x7ff60c07d760 0x7ff60c07bc10 unknown :-1 s=NONE pgs=0 cs=0 l=0 rev1=0 crypto rx=0 tx=0 comp rx=0 tx=0).connect
2026-02-17T20:01:38.261 INFO:teuthology.orchestra.run.trial136.stdout:/usr/bin/ceph: stderr
2026-02-17T20:01:38.136+0000 7ff611a2f640 1 -- --> [v2:10.20.193.136:3300/0,v1:10.20.193.136:6789/0] -- mon_getmap magic: 0 -- 0x7ff60c07c150 con 0x7ff60c07d760
2026-02-17T20:01:38.261 INFO:teuthology.orchestra.run.trial136.stdout:/usr/bin/ceph: stderr
2026-02-17T20:01:38.136+0000 7ff610a2d640 1 --2- >> [v2:10.20.193.136:3300/0,v1:10.20.193.136:6789/0] conn(0x7ff60c07d760 0x7ff60c07bc10 unknown :-1 s=BANNER_CONNECTING pgs=0 cs=0 l=0 rev1=0 crypto rx=0 tx=0 comp rx=0 tx=0)._handle_peer_banner_payload supported=3 required=0
2026-02-17T20:01:38.261 INFO:teuthology.orchestra.run.trial136.stdout:/usr/bin/ceph: stderr
2026-02-17T20:01:38.136+0000 7ff610a2d640 1 --2- >> [v2:10.20.193.136:3300/0,v1:10.20.193.136:6789/0] conn(0x7ff60c07d760 0x7ff60c07bc10 unknown :-1 s=HELLO_CONNECTING pgs=0 cs=0 l=0 rev1=1 crypto rx=0 tx=0 comp rx=0 tx=0).handle_hello peer v2:10.20.193.136:3300/0 says I am v2:10.20.193.136:43466/0 (socket says 10.20.193.136:43466)
2026-02-17T20:01:38.261 INFO:teuthology.orchestra.run.trial136.stdout:/usr/bin/ceph: stderr
2026-02-17T20:01:38.136+0000 7ff610a2d640 1 -- 10.20.193.136:0/4282626073 learned_addr learned my addr 10.20.193.136:0/4282626073 (peer_addr_for_me v2:10.20.193.136:0/0)
2026-02-17T20:01:38.261 INFO:teuthology.orchestra.run.trial136.stdout:/usr/bin/ceph: stderr
2026-02-17T20:01:38.136+0000 7ff610a2d640 1 -- 10.20.193.136:0/4282626073 --> [v2:10.20.193.136:3300/0,v1:10.20.193.136:6789/0] -- mon_subscribe({config=0+,monmap=0+}) -- 0x7ff60c07c2d0 con 0x7ff60c07d760
2026-02-17T20:01:38.261 INFO:teuthology.orchestra.run.trial136.stdout:/usr/bin/ceph: stderr
2026-02-17T20:01:38.137+0000 7ff610a2d640 1 --2- 10.20.193.136:0/4282626073 >> [v2:10.20.193.136:3300/0,v1:10.20.193.136:6789/0] conn(0x7ff60c07d760 0x7ff60c07bc10 secure :-1 s=READY pgs=57 cs=0 l=1 rev1=1 crypto rx=0x7ff5fc009920 tx=0x7ff5fc02ef20 comp rx=0 tx=0).ready entity=mon.0 client_cookie=62761707e3ed2be8 server_cookie=0 in_seq=0 out_seq=0
2026-02-17T20:01:38.261 INFO:teuthology.orchestra.run.trial136.stdout:/usr/bin/ceph: stderr
2026-02-17T20:01:38.137+0000 7ff6037fe640 1 -- 10.20.193.136:0/4282626073 <== mon.0 v2:10.20.193.136:3300/0 1 ==== mon_map magic: 0 ==== 226+0+0 (secure 0 0 0) 0x7ff5fc03c070 con 0x7ff60c07d760
2026-02-17T20:01:38.262 INFO:teuthology.orchestra.run.trial136.stdout:/usr/bin/ceph: stderr
2026-02-17T20:01:38.137+0000 7ff6037fe640 1 -- 10.20.193.136:0/4282626073 <== mon.0 v2:10.20.193.136:3300/0 2 ==== config(25 keys) ==== 1038+0+0 (secure 0 0 0) 0x7ff5fc02fe20 con 0x7ff60c07d760
2026-02-17T20:01:38.262 INFO:teuthology.orchestra.run.trial136.stdout:/usr/bin/ceph: stderr
2026-02-17T20:01:38.137+0000 7ff6037fe640 1 -- 10.20.193.136:0/4282626073 <== mon.0 v2:10.20.193.136:3300/0 3 ==== mon_map magic: 0 ==== 226+0+0 (secure 0 0 0) 0x7ff5fc035340 con 0x7ff60c07d760
2026-02-17T20:01:38.262 INFO:teuthology.orchestra.run.trial136.stdout:/usr/bin/ceph: stderr
2026-02-17T20:01:38.137+0000 7ff611a2f640 1 -- 10.20.193.136:0/4282626073 >> [v2:10.20.193.136:3300/0,v1:10.20.193.136:6789/0] conn(0x7ff60c07d760 msgr2=0x7ff60c07bc10 secure :-1 s=STATE_CONNECTION_ESTABLISHED l=1).mark_down
2026-02-17T20:01:38.262 INFO:teuthology.orchestra.run.trial136.stdout:/usr/bin/ceph: stderr
2026-02-17T20:01:38.137+0000 7ff611a2f640 1 --2- 10.20.193.136:0/4282626073 >> [v2:10.20.193.136:3300/0,v1:10.20.193.136:6789/0] conn(0x7ff60c07d760 0x7ff60c07bc10 secure :-1 s=READY pgs=57 cs=0 l=1 rev1=1 crypto rx=0x7ff5fc009920 tx=0x7ff5fc02ef20 comp rx=0 tx=0).stop
2026-02-17T20:01:38.262 INFO:teuthology.orchestra.run.trial136.stdout:/usr/bin/ceph: stderr
2026-02-17T20:01:38.137+0000 7ff611a2f640 1 -- 10.20.193.136:0/4282626073 shutdown_connections
2026-02-17T20:01:38.262 INFO:teuthology.orchestra.run.trial136.stdout:/usr/bin/ceph: stderr
2026-02-17T20:01:38.137+0000 7ff611a2f640 1 --2- 10.20.193.136:0/4282626073 >> [v2:10.20.193.136:3300/0,v1:10.20.193.136:6789/0] conn(0x7ff60c07d760 0x7ff60c07bc10 unknown :-1 s=CLOSED pgs=57 cs=0 l=1 rev1=1 crypto rx=0 tx=0 comp rx=0 tx=0).stop
2026-02-17T20:01:38.262 INFO:teuthology.orchestra.run.trial136.stdout:/usr/bin/ceph: stderr
2026-02-17T20:01:38.137+0000 7ff611a2f640 1 -- 10.20.193.136:0/4282626073 >> 10.20.193.136:0/4282626073 conn(0x7ff60c102c50 msgr2=0x7ff60c105070 unknown :-1 s=STATE_NONE l=0).mark_down
2026-02-17T20:01:38.262 INFO:teuthology.orchestra.run.trial136.stdout:/usr/bin/ceph: stderr
2026-02-17T20:01:38.137+0000 7ff611a2f640 1 -- 10.20.193.136:0/4282626073 shutdown_connections
2026-02-17T20:01:38.262 INFO:teuthology.orchestra.run.trial136.stdout:/usr/bin/ceph: stderr
2026-02-17T20:01:38.137+0000 7ff611a2f640 1 -- 10.20.193.136:0/4282626073 wait complete.
2026-02-17T20:01:38.262 INFO:teuthology.orchestra.run.trial136.stdout:/usr/bin/ceph: stderr
2026-02-17T20:01:38.137+0000 7ff611a2f640 1 Processor -- start
2026-02-17T20:01:38.262 INFO:teuthology.orchestra.run.trial136.stdout:/usr/bin/ceph: stderr
2026-02-17T20:01:38.138+0000 7ff611a2f640 1 -- start start
2026-02-17T20:01:38.262 INFO:teuthology.orchestra.run.trial136.stdout:/usr/bin/ceph: stderr
2026-02-17T20:01:38.138+0000 7ff611a2f640 1 --2- >> [v2:10.20.193.136:3300/0,v1:10.20.193.136:6789/0] conn(0x7ff60c07d760 0x7ff60c19f540 unknown :-1 s=NONE pgs=0 cs=0 l=1 rev1=0 crypto rx=0 tx=0 comp rx=0 tx=0).connect
2026-02-17T20:01:38.262 INFO:teuthology.orchestra.run.trial136.stdout:/usr/bin/ceph: stderr
2026-02-17T20:01:38.138+0000 7ff611a2f640 1 -- --> [v2:10.20.193.136:3300/0,v1:10.20.193.136:6789/0] -- mon_getmap magic: 0 -- 0x7ff60c10da00 con 0x7ff60c07d760
2026-02-17T20:01:38.262 INFO:teuthology.orchestra.run.trial136.stdout:/usr/bin/ceph: stderr
2026-02-17T20:01:38.138+0000 7ff610a2d640 1 --2- >> [v2:10.20.193.136:3300/0,v1:10.20.193.136:6789/0] conn(0x7ff60c07d760 0x7ff60c19f540 unknown :-1 s=BANNER_CONNECTING pgs=0 cs=0 l=1 rev1=0 crypto rx=0 tx=0 comp rx=0 tx=0)._handle_peer_banner_payload supported=3 required=0
2026-02-17T20:01:38.262 INFO:teuthology.orchestra.run.trial136.stdout:/usr/bin/ceph: stderr
2026-02-17T20:01:38.138+0000 7ff610a2d640 1 --2- >> [v2:10.20.193.136:3300/0,v1:10.20.193.136:6789/0] conn(0x7ff60c07d760 0x7ff60c19f540 unknown :-1 s=HELLO_CONNECTING pgs=0 cs=0 l=1 rev1=1 crypto rx=0 tx=0 comp rx=0 tx=0).handle_hello peer v2:10.20.193.136:3300/0 says I am v2:10.20.193.136:43468/0 (socket says 10.20.193.136:43468)
2026-02-17T20:01:38.262 INFO:teuthology.orchestra.run.trial136.stdout:/usr/bin/ceph: stderr
2026-02-17T20:01:38.138+0000 7ff610a2d640 1 -- 10.20.193.136:0/1978041490 learned_addr learned my addr 10.20.193.136:0/1978041490 (peer_addr_for_me v2:10.20.193.136:0/0)
2026-02-17T20:01:38.262 INFO:teuthology.orchestra.run.trial136.stdout:/usr/bin/ceph: stderr
2026-02-17T20:01:38.138+0000 7ff610a2d640 1 -- 10.20.193.136:0/1978041490 --> [v2:10.20.193.136:3300/0,v1:10.20.193.136:6789/0] -- mon_subscribe({config=0+,monmap=0+}) -- 0x7ff60c19fa80 con 0x7ff60c07d760
2026-02-17T20:01:38.262 INFO:teuthology.orchestra.run.trial136.stdout:/usr/bin/ceph: stderr
2026-02-17T20:01:38.138+0000 7ff610a2d640 1 --2- 10.20.193.136:0/1978041490 >> [v2:10.20.193.136:3300/0,v1:10.20.193.136:6789/0] conn(0x7ff60c07d760 0x7ff60c19f540 secure :-1 s=READY pgs=58 cs=0 l=1 rev1=1 crypto rx=0x7ff5fc006fd0 tx=0x7ff5fc0379e0 comp rx=0 tx=0).ready entity=mon.0 client_cookie=0 server_cookie=0 in_seq=0 out_seq=0
2026-02-17T20:01:38.262 INFO:teuthology.orchestra.run.trial136.stdout:/usr/bin/ceph: stderr
2026-02-17T20:01:38.138+0000 7ff601ffb640 1 -- 10.20.193.136:0/1978041490 <== mon.0 v2:10.20.193.136:3300/0 1 ==== mon_map magic: 0 ==== 226+0+0 (secure 0 0 0) 0x7ff5fc0358d0 con 0x7ff60c07d760
2026-02-17T20:01:38.262 INFO:teuthology.orchestra.run.trial136.stdout:/usr/bin/ceph: stderr
2026-02-17T20:01:38.138+0000 7ff601ffb640 1 -- 10.20.193.136:0/1978041490 <== mon.0 v2:10.20.193.136:3300/0 2 ==== config(25 keys) ==== 1038+0+0 (secure 0 0 0) 0x7ff5fc0423e0 con 0x7ff60c07d760
2026-02-17T20:01:38.262 INFO:teuthology.orchestra.run.trial136.stdout:/usr/bin/ceph: stderr
2026-02-17T20:01:38.138+0000 7ff611a2f640 1 -- 10.20.193.136:0/1978041490 --> [v2:10.20.193.136:3300/0,v1:10.20.193.136:6789/0] -- mon_subscribe({mgrmap=0+}) -- 0x7ff60c19fd10 con 0x7ff60c07d760
2026-02-17T20:01:38.262 INFO:teuthology.orchestra.run.trial136.stdout:/usr/bin/ceph: stderr
2026-02-17T20:01:38.138+0000 7ff601ffb640 1 -- 10.20.193.136:0/1978041490 <== mon.0 v2:10.20.193.136:3300/0 3 ==== mon_map magic: 0 ==== 226+0+0 (secure 0 0 0) 0x7ff5fc0363a0 con 0x7ff60c07d760
2026-02-17T20:01:38.262 INFO:teuthology.orchestra.run.trial136.stdout:/usr/bin/ceph: stderr
2026-02-17T20:01:38.138+0000 7ff611a2f640 1 -- 10.20.193.136:0/1978041490 --> [v2:10.20.193.136:3300/0,v1:10.20.193.136:6789/0] -- mon_subscribe({osdmap=0}) -- 0x7ff60c1a2a00 con 0x7ff60c07d760
2026-02-17T20:01:38.262 INFO:teuthology.orchestra.run.trial136.stdout:/usr/bin/ceph: stderr
2026-02-17T20:01:38.139+0000 7ff601ffb640 1 -- 10.20.193.136:0/1978041490 <== mon.0 v2:10.20.193.136:3300/0 4 ==== mgrmap(e 8) ==== 50261+0+0 (secure 0 0 0) 0x7ff5fc042590 con 0x7ff60c07d760
2026-02-17T20:01:38.262 INFO:teuthology.orchestra.run.trial136.stdout:/usr/bin/ceph: stderr
2026-02-17T20:01:38.139+0000 7ff611a2f640 1 -- 10.20.193.136:0/1978041490 --> [v2:10.20.193.136:3300/0,v1:10.20.193.136:6789/0] -- mon_command({"prefix": "get_command_descriptions"} v 0) -- 0x7ff60c07bc90 con 0x7ff60c07d760
2026-02-17T20:01:38.262 INFO:teuthology.orchestra.run.trial136.stdout:/usr/bin/ceph: stderr
2026-02-17T20:01:38.139+0000 7ff601ffb640 1 --2- 10.20.193.136:0/1978041490 >> [v2:10.20.193.136:6800/3777195325,v1:10.20.193.136:6801/3777195325] conn(0x7ff5e803dba0 0x7ff5e8040060 unknown :-1 s=NONE pgs=0 cs=0 l=1 rev1=0 crypto rx=0 tx=0 comp rx=0 tx=0).connect
2026-02-17T20:01:38.262 INFO:teuthology.orchestra.run.trial136.stdout:/usr/bin/ceph: stderr
2026-02-17T20:01:38.139+0000 7ff601ffb640 1 -- 10.20.193.136:0/1978041490 <== mon.0 v2:10.20.193.136:3300/0 5 ==== osd_map(2..2 src has 1..2) ==== 940+0+0 (secure 0 0 0) 0x7ff5fc076350 con 0x7ff60c07d760
2026-02-17T20:01:38.262 INFO:teuthology.orchestra.run.trial136.stdout:/usr/bin/ceph: stderr
2026-02-17T20:01:38.139+0000 7ff603fff640 1 --2- 10.20.193.136:0/1978041490 >> [v2:10.20.193.136:6800/3777195325,v1:10.20.193.136:6801/3777195325] conn(0x7ff5e803dba0 0x7ff5e8040060 unknown :-1 s=BANNER_CONNECTING pgs=0 cs=0 l=1 rev1=0 crypto rx=0 tx=0 comp rx=0 tx=0)._handle_peer_banner_payload supported=3 required=0
2026-02-17T20:01:38.262 INFO:teuthology.orchestra.run.trial136.stdout:/usr/bin/ceph: stderr
2026-02-17T20:01:38.139+0000 7ff603fff640 1 --2- 10.20.193.136:0/1978041490 >> [v2:10.20.193.136:6800/3777195325,v1:10.20.193.136:6801/3777195325] conn(0x7ff5e803dba0 0x7ff5e8040060 secure :-1 s=READY pgs=18 cs=0 l=1 rev1=1 crypto rx=0x7ff5f40099c0 tx=0x7ff5f4006eb0 comp rx=0 tx=0).ready entity=mgr.14118 client_cookie=0 server_cookie=0 in_seq=0 out_seq=0
2026-02-17T20:01:38.262 INFO:teuthology.orchestra.run.trial136.stdout:/usr/bin/ceph: stderr
2026-02-17T20:01:38.141+0000 7ff601ffb640 1 -- 10.20.193.136:0/1978041490 <== mon.0 v2:10.20.193.136:3300/0 6 ==== mon_command_ack([{"prefix": "get_command_descriptions"}]=0 v0) ==== 72+0+195034 (secure 0 0 0) 0x7ff5fc0429d0 con 0x7ff60c07d760
2026-02-17T20:01:38.262 INFO:teuthology.orchestra.run.trial136.stdout:/usr/bin/ceph: stderr
2026-02-17T20:01:38.234+0000 7ff611a2f640 1 -- 10.20.193.136:0/1978041490 --> [v2:10.20.193.136:6800/3777195325,v1:10.20.193.136:6801/3777195325] -- mgr_command(tid 0: {"prefix": "orch apply", "service_type": "node-exporter", "target": ["mon-mgr", ""]}) -- 0x7ff60c103f00 con 0x7ff5e803dba0
2026-02-17T20:01:38.262 INFO:teuthology.orchestra.run.trial136.stdout:/usr/bin/ceph: stderr
2026-02-17T20:01:38.237+0000 7ff601ffb640 1 -- 10.20.193.136:0/1978041490 <== mgr.14118 v2:10.20.193.136:6800/3777195325 1 ==== mgr_command_reply(tid 0: 0 ) ==== 8+0+34 (secure 0 0 0) 0x7ff60c103f00 con 0x7ff5e803dba0
2026-02-17T20:01:38.262 INFO:teuthology.orchestra.run.trial136.stdout:/usr/bin/ceph: stderr
2026-02-17T20:01:38.239+0000 7ff611a2f640 1 -- 10.20.193.136:0/1978041490 >> [v2:10.20.193.136:6800/3777195325,v1:10.20.193.136:6801/3777195325] conn(0x7ff5e803dba0 msgr2=0x7ff5e8040060 secure :-1 s=STATE_CONNECTION_ESTABLISHED l=1).mark_down
2026-02-17T20:01:38.262 INFO:teuthology.orchestra.run.trial136.stdout:/usr/bin/ceph: stderr
2026-02-17T20:01:38.239+0000 7ff611a2f640 1 --2- 10.20.193.136:0/1978041490 >> [v2:10.20.193.136:6800/3777195325,v1:10.20.193.136:6801/3777195325] conn(0x7ff5e803dba0 0x7ff5e8040060 secure :-1 s=READY pgs=18 cs=0 l=1 rev1=1 crypto rx=0x7ff5f40099c0 tx=0x7ff5f4006eb0 comp rx=0 tx=0).stop
2026-02-17T20:01:38.262 INFO:teuthology.orchestra.run.trial136.stdout:/usr/bin/ceph: stderr
2026-02-17T20:01:38.239+0000 7ff611a2f640 1 -- 10.20.193.136:0/1978041490 >> [v2:10.20.193.136:3300/0,v1:10.20.193.136:6789/0] conn(0x7ff60c07d760 msgr2=0x7ff60c19f540 secure :-1 s=STATE_CONNECTION_ESTABLISHED l=1).mark_down
2026-02-17T20:01:38.262 INFO:teuthology.orchestra.run.trial136.stdout:/usr/bin/ceph: stderr
2026-02-17T20:01:38.239+0000 7ff611a2f640 1 --2- 10.20.193.136:0/1978041490 >> [v2:10.20.193.136:3300/0,v1:10.20.193.136:6789/0] conn(0x7ff60c07d760 0x7ff60c19f540 secure :-1 s=READY pgs=58 cs=0 l=1 rev1=1 crypto rx=0x7ff5fc006fd0 tx=0x7ff5fc0379e0 comp rx=0 tx=0).stop
2026-02-17T20:01:38.262 INFO:teuthology.orchestra.run.trial136.stdout:/usr/bin/ceph: stderr
2026-02-17T20:01:38.239+0000 7ff611a2f640 1 -- 10.20.193.136:0/1978041490 shutdown_connections
2026-02-17T20:01:38.262 INFO:teuthology.orchestra.run.trial136.stdout:/usr/bin/ceph: stderr
2026-02-17T20:01:38.239+0000 7ff611a2f640 1 --2- 10.20.193.136:0/1978041490 >> [v2:10.20.193.136:6800/3777195325,v1:10.20.193.136:6801/3777195325] conn(0x7ff5e803dba0 0x7ff5e8040060 unknown :-1 s=CLOSED pgs=18 cs=0 l=1 rev1=1 crypto rx=0 tx=0 comp rx=0 tx=0).stop
2026-02-17T20:01:38.262 INFO:teuthology.orchestra.run.trial136.stdout:/usr/bin/ceph: stderr
2026-02-17T20:01:38.239+0000 7ff611a2f640 1 --2- 10.20.193.136:0/1978041490 >> [v2:10.20.193.136:3300/0,v1:10.20.193.136:6789/0] conn(0x7ff60c07d760 0x7ff60c19f540 unknown :-1 s=CLOSED pgs=58 cs=0 l=1 rev1=1 crypto rx=0 tx=0 comp rx=0 tx=0).stop
2026-02-17T20:01:38.262 INFO:teuthology.orchestra.run.trial136.stdout:/usr/bin/ceph: stderr
2026-02-17T20:01:38.239+0000 7ff611a2f640 1 -- 10.20.193.136:0/1978041490 >> 10.20.193.136:0/1978041490 conn(0x7ff60c102c50 msgr2=0x7ff60c1037f0 unknown :-1 s=STATE_NONE l=0).mark_down
2026-02-17T20:01:38.262 INFO:teuthology.orchestra.run.trial136.stdout:/usr/bin/ceph: stderr
2026-02-17T20:01:38.239+0000 7ff611a2f640 1 -- 10.20.193.136:0/1978041490 shutdown_connections
2026-02-17T20:01:38.262 INFO:teuthology.orchestra.run.trial136.stdout:/usr/bin/ceph: stderr
2026-02-17T20:01:38.239+0000 7ff611a2f640 1 -- 10.20.193.136:0/1978041490 wait complete.
2026-02-17T20:01:38.262 INFO:teuthology.orchestra.run.trial136.stdout:Deploying alertmanager service with default placement...
2026-02-17T20:01:38.446 INFO:journalctl@ceph.mon.trial136.trial136.stdout:Feb 17 20:01:38 trial136 ceph-mon[20580]: Added host trial136
2026-02-17T20:01:38.447 INFO:journalctl@ceph.mon.trial136.trial136.stdout:Feb 17 20:01:38 trial136 ceph-mon[20580]: from='client.14140 -' entity='client.admin' cmd=[{"prefix": "orch apply", "service_type": "mon", "target": ["mon-mgr", ""]}]: dispatch
2026-02-17T20:01:38.447 INFO:journalctl@ceph.mon.trial136.trial136.stdout:Feb 17 20:01:38 trial136 ceph-mon[20580]: Saving service mon spec with placement count:5
