2026-02-17T20:06:28.597+0000 7f0ff22de640 1 --2- >> [v2:10.20.193.97:3300/0,v1:10.20.193.97:6789/0] conn(0x7f0fec10a550 0x7f0fec1a00d0 unknown :-1 s=NONE pgs=0 cs=0 l=1 rev1=0 crypto rx=0 tx=0 comp rx=0 tx=0).connect
2026-02-17T20:06:28.736 INFO:teuthology.orchestra.run.trial097.stdout:/usr/bin/ceph: stderr
2026-02-17T20:06:28.597+0000 7f0ff22de640 1 -- --> [v2:10.20.193.97:3300/0,v1:10.20.193.97:6789/0] -- mon_getmap magic: 0 -- 0x7f0fec10c2e0 con 0x7f0fec10a550
2026-02-17T20:06:28.736 INFO:teuthology.orchestra.run.trial097.stdout:/usr/bin/ceph: stderr
2026-02-17T20:06:28.597+0000 7f0febfff640 1 --2- >> [v2:10.20.193.97:3300/0,v1:10.20.193.97:6789/0] conn(0x7f0fec10a550 0x7f0fec1a00d0 unknown :-1 s=BANNER_CONNECTING pgs=0 cs=0 l=1 rev1=0 crypto rx=0 tx=0 comp rx=0 tx=0)._handle_peer_banner_payload supported=3 required=0
2026-02-17T20:06:28.736 INFO:teuthology.orchestra.run.trial097.stdout:/usr/bin/ceph: stderr
2026-02-17T20:06:28.597+0000 7f0febfff640 1 --2- >> [v2:10.20.193.97:3300/0,v1:10.20.193.97:6789/0] conn(0x7f0fec10a550 0x7f0fec1a00d0 unknown :-1 s=HELLO_CONNECTING pgs=0 cs=0 l=1 rev1=1 crypto rx=0 tx=0 comp rx=0 tx=0).handle_hello peer v2:10.20.193.97:3300/0 says I am v2:10.20.193.97:52074/0 (socket says 10.20.193.97:52074)
2026-02-17T20:06:28.736 INFO:teuthology.orchestra.run.trial097.stdout:/usr/bin/ceph: stderr
2026-02-17T20:06:28.597+0000 7f0febfff640 1 -- 10.20.193.97:0/2549578513 learned_addr learned my addr 10.20.193.97:0/2549578513 (peer_addr_for_me v2:10.20.193.97:0/0)
2026-02-17T20:06:28.736 INFO:teuthology.orchestra.run.trial097.stdout:/usr/bin/ceph: stderr
2026-02-17T20:06:28.597+0000 7f0febfff640 1 -- 10.20.193.97:0/2549578513 --> [v2:10.20.193.97:3300/0,v1:10.20.193.97:6789/0] -- mon_subscribe({config=0+,monmap=0+}) -- 0x7f0fec1a0610 con 0x7f0fec10a550
2026-02-17T20:06:28.736 INFO:teuthology.orchestra.run.trial097.stdout:/usr/bin/ceph: stderr
2026-02-17T20:06:28.597+0000 7f0febfff640 1 --2- 10.20.193.97:0/2549578513 >> [v2:10.20.193.97:3300/0,v1:10.20.193.97:6789/0] conn(0x7f0fec10a550 0x7f0fec1a00d0 secure :-1 s=READY pgs=17 cs=0 l=1 rev1=1 crypto rx=0x7f0fe0039040 tx=0x7f0fe002ff50 comp rx=0 tx=0).ready entity=mon.0 client_cookie=0 server_cookie=0 in_seq=0 out_seq=0
2026-02-17T20:06:28.737 INFO:teuthology.orchestra.run.trial097.stdout:/usr/bin/ceph: stderr
2026-02-17T20:06:28.597+0000 7f0fe97fa640 1 -- 10.20.193.97:0/2549578513 <== mon.0 v2:10.20.193.97:3300/0 1 ==== mon_map magic: 0 ==== 205+0+0 (secure 0 0 0) 0x7f0fe0045020 con 0x7f0fec10a550
2026-02-17T20:06:28.737 INFO:teuthology.orchestra.run.trial097.stdout:/usr/bin/ceph: stderr
2026-02-17T20:06:28.597+0000 7f0fe97fa640 1 -- 10.20.193.97:0/2549578513 <== mon.0 v2:10.20.193.97:3300/0 2 ==== config(26 keys) ==== 1045+0+0 (secure 0 0 0) 0x7f0fe0037c30 con 0x7f0fec10a550
2026-02-17T20:06:28.737 INFO:teuthology.orchestra.run.trial097.stdout:/usr/bin/ceph: stderr
2026-02-17T20:06:28.597+0000 7f0ff22de640 1 -- 10.20.193.97:0/2549578513 --> [v2:10.20.193.97:3300/0,v1:10.20.193.97:6789/0] -- mon_subscribe({mgrmap=0+}) -- 0x7f0fec1a08a0 con 0x7f0fec10a550
2026-02-17T20:06:28.737 INFO:teuthology.orchestra.run.trial097.stdout:/usr/bin/ceph: stderr
2026-02-17T20:06:28.597+0000 7f0fe97fa640 1 -- 10.20.193.97:0/2549578513 <== mon.0 v2:10.20.193.97:3300/0 3 ==== mon_map magic: 0 ==== 205+0+0 (secure 0 0 0) 0x7f0fe003f3d0 con 0x7f0fec10a550
2026-02-17T20:06:28.737 INFO:teuthology.orchestra.run.trial097.stdout:/usr/bin/ceph: stderr
2026-02-17T20:06:28.597+0000 7f0ff22de640 1 -- 10.20.193.97:0/2549578513 --> [v2:10.20.193.97:3300/0,v1:10.20.193.97:6789/0] -- mon_subscribe({osdmap=0}) -- 0x7f0fec1a3590 con 0x7f0fec10a550
2026-02-17T20:06:28.737 INFO:teuthology.orchestra.run.trial097.stdout:/usr/bin/ceph: stderr
2026-02-17T20:06:28.598+0000 7f0ff22de640 1 -- 10.20.193.97:0/2549578513 --> [v2:10.20.193.97:3300/0,v1:10.20.193.97:6789/0] -- mon_command({"prefix": "get_command_descriptions"} v 0) -- 0x7f0fec10a9d0 con 0x7f0fec10a550
2026-02-17T20:06:28.737 INFO:teuthology.orchestra.run.trial097.stdout:/usr/bin/ceph: stderr
2026-02-17T20:06:28.598+0000 7f0fe97fa640 1 -- 10.20.193.97:0/2549578513 <== mon.0 v2:10.20.193.97:3300/0 4 ==== mgrmap(e 3) ==== 50130+0+0 (secure 0 0 0) 0x7f0fe0041400 con 0x7f0fec10a550
2026-02-17T20:06:28.737 INFO:teuthology.orchestra.run.trial097.stdout:/usr/bin/ceph: stderr
2026-02-17T20:06:28.598+0000 7f0fe97fa640 1 --2- 10.20.193.97:0/2549578513 >> [v2:10.20.193.97:6800/1079989628,v1:10.20.193.97:6801/1079989628] conn(0x7f0fc003da80 0x7f0fc003ff40 unknown :-1 s=NONE pgs=0 cs=0 l=1 rev1=0 crypto rx=0 tx=0 comp rx=0 tx=0).connect
2026-02-17T20:06:28.737 INFO:teuthology.orchestra.run.trial097.stdout:/usr/bin/ceph: stderr
2026-02-17T20:06:28.598+0000 7f0fe97fa640 1 -- 10.20.193.97:0/2549578513 <== mon.0 v2:10.20.193.97:3300/0 5 ==== osd_map(1..1 src has 1..1) ==== 725+0+0 (secure 0 0 0) 0x7f0fe00776d0 con 0x7f0fec10a550
2026-02-17T20:06:28.737 INFO:teuthology.orchestra.run.trial097.stdout:/usr/bin/ceph: stderr
2026-02-17T20:06:28.598+0000 7f0feb7fe640 1 --2- 10.20.193.97:0/2549578513 >> [v2:10.20.193.97:6800/1079989628,v1:10.20.193.97:6801/1079989628] conn(0x7f0fc003da80 0x7f0fc003ff40 unknown :-1 s=BANNER_CONNECTING pgs=0 cs=0 l=1 rev1=0 crypto rx=0 tx=0 comp rx=0 tx=0)._handle_peer_banner_payload supported=3 required=0
2026-02-17T20:06:28.737 INFO:teuthology.orchestra.run.trial097.stdout:/usr/bin/ceph: stderr
2026-02-17T20:06:28.598+0000 7f0feb7fe640 1 --2- 10.20.193.97:0/2549578513 >> [v2:10.20.193.97:6800/1079989628,v1:10.20.193.97:6801/1079989628] conn(0x7f0fc003da80 0x7f0fc003ff40 secure :-1 s=READY pgs=6 cs=0 l=1 rev1=1 crypto rx=0x7f0fd80099c0 tx=0x7f0fd8006eb0 comp rx=0 tx=0).ready entity=mgr.14100 client_cookie=0 server_cookie=0 in_seq=0 out_seq=0
2026-02-17T20:06:28.737 INFO:teuthology.orchestra.run.trial097.stdout:/usr/bin/ceph: stderr
2026-02-17T20:06:28.601+0000 7f0fe97fa640 1 -- 10.20.193.97:0/2549578513 <== mon.0 v2:10.20.193.97:3300/0 6 ==== mon_command_ack([{"prefix": "get_command_descriptions"}]=0 v0) ==== 72+0+195034 (secure 0 0 0) 0x7f0fe004f020 con 0x7f0fec10a550
2026-02-17T20:06:28.737 INFO:teuthology.orchestra.run.trial097.stdout:/usr/bin/ceph: stderr
2026-02-17T20:06:28.713+0000 7f0ff22de640 1 -- 10.20.193.97:0/2549578513 --> [v2:10.20.193.97:3300/0,v1:10.20.193.97:6789/0] -- mon_command({"prefix": "status", "format": "json-pretty"} v 0) -- 0x7f0fec1a3c10 con 0x7f0fec10a550
2026-02-17T20:06:28.738 INFO:teuthology.orchestra.run.trial097.stdout:/usr/bin/ceph: stderr
2026-02-17T20:06:28.713+0000 7f0fe97fa640 1 -- 10.20.193.97:0/2549578513 <== mon.0 v2:10.20.193.97:3300/0 7 ==== mon_command_ack([{"prefix": "status", "format": "json-pretty"}]=0 v0) ==== 79+0+1290 (secure 0 0 0) 0x7f0fe00342a0 con 0x7f0fec10a550
2026-02-17T20:06:28.738 INFO:teuthology.orchestra.run.trial097.stdout:/usr/bin/ceph: stderr
2026-02-17T20:06:28.714+0000 7f0ff22de640 1 -- 10.20.193.97:0/2549578513 >> [v2:10.20.193.97:6800/1079989628,v1:10.20.193.97:6801/1079989628] conn(0x7f0fc003da80 msgr2=0x7f0fc003ff40 secure :-1 s=STATE_CONNECTION_ESTABLISHED l=1).mark_down
2026-02-17T20:06:28.738 INFO:teuthology.orchestra.run.trial097.stdout:/usr/bin/ceph: stderr
2026-02-17T20:06:28.714+0000 7f0ff22de640 1 --2- 10.20.193.97:0/2549578513 >> [v2:10.20.193.97:6800/1079989628,v1:10.20.193.97:6801/1079989628] conn(0x7f0fc003da80 0x7f0fc003ff40 secure :-1 s=READY pgs=6 cs=0 l=1 rev1=1 crypto rx=0x7f0fd80099c0 tx=0x7f0fd8006eb0 comp rx=0 tx=0).stop
2026-02-17T20:06:28.738 INFO:teuthology.orchestra.run.trial097.stdout:/usr/bin/ceph: stderr
2026-02-17T20:06:28.714+0000 7f0ff22de640 1 -- 10.20.193.97:0/2549578513 >> [v2:10.20.193.97:3300/0,v1:10.20.193.97:6789/0] conn(0x7f0fec10a550 msgr2=0x7f0fec1a00d0 secure :-1 s=STATE_CONNECTION_ESTABLISHED l=1).mark_down
2026-02-17T20:06:28.738 INFO:teuthology.orchestra.run.trial097.stdout:/usr/bin/ceph: stderr
2026-02-17T20:06:28.714+0000 7f0ff22de640 1 --2- 10.20.193.97:0/2549578513 >> [v2:10.20.193.97:3300/0,v1:10.20.193.97:6789/0] conn(0x7f0fec10a550 0x7f0fec1a00d0 secure :-1 s=READY pgs=17 cs=0 l=1 rev1=1 crypto rx=0x7f0fe0039040 tx=0x7f0fe002ff50 comp rx=0 tx=0).stop
2026-02-17T20:06:28.738 INFO:teuthology.orchestra.run.trial097.stdout:/usr/bin/ceph: stderr
2026-02-17T20:06:28.714+0000 7f0ff22de640 1 -- 10.20.193.97:0/2549578513 shutdown_connections
2026-02-17T20:06:28.738 INFO:teuthology.orchestra.run.trial097.stdout:/usr/bin/ceph: stderr
2026-02-17T20:06:28.714+0000 7f0ff22de640 1 --2- 10.20.193.97:0/2549578513 >> [v2:10.20.193.97:6800/1079989628,v1:10.20.193.97:6801/1079989628] conn(0x7f0fc003da80 0x7f0fc003ff40 unknown :-1 s=CLOSED pgs=6 cs=0 l=1 rev1=1 crypto rx=0 tx=0 comp rx=0 tx=0).stop
2026-02-17T20:06:28.738 INFO:teuthology.orchestra.run.trial097.stdout:/usr/bin/ceph: stderr
2026-02-17T20:06:28.714+0000 7f0ff22de640 1 --2- 10.20.193.97:0/2549578513 >> [v2:10.20.193.97:3300/0,v1:10.20.193.97:6789/0] conn(0x7f0fec10a550 0x7f0fec1a00d0 unknown :-1 s=CLOSED pgs=17 cs=0 l=1 rev1=1 crypto rx=0 tx=0 comp rx=0 tx=0).stop
2026-02-17T20:06:28.738 INFO:teuthology.orchestra.run.trial097.stdout:/usr/bin/ceph: stderr
2026-02-17T20:06:28.714+0000 7f0ff22de640 1 -- 10.20.193.97:0/2549578513 >> 10.20.193.97:0/2549578513 conn(0x7f0fec07de30 msgr2=0x7f0fec107d50 unknown :-1 s=STATE_NONE l=0).mark_down
2026-02-17T20:06:28.738 INFO:teuthology.orchestra.run.trial097.stdout:/usr/bin/ceph: stderr
2026-02-17T20:06:28.714+0000 7f0ff22de640 1 -- 10.20.193.97:0/2549578513 shutdown_connections
2026-02-17T20:06:28.738 INFO:teuthology.orchestra.run.trial097.stdout:/usr/bin/ceph: stderr
2026-02-17T20:06:28.714+0000 7f0ff22de640 1 -- 10.20.193.97:0/2549578513 wait complete.
2026-02-17T20:06:28.738 INFO:teuthology.orchestra.run.trial097.stdout:mgr is available
2026-02-17T20:06:28.938 INFO:teuthology.orchestra.run.trial097.stdout:/usr/bin/ceph: stdout
2026-02-17T20:06:28.938 INFO:teuthology.orchestra.run.trial097.stdout:/usr/bin/ceph: stdout [global]
2026-02-17T20:06:28.938 INFO:teuthology.orchestra.run.trial097.stdout:/usr/bin/ceph: stdout fsid = 19351699-0c3c-11f1-9c17-d404e6e7d460
2026-02-17T20:06:28.938 INFO:teuthology.orchestra.run.trial097.stdout:/usr/bin/ceph: stdout mon_cluster_log_file_level = debug
2026-02-17T20:06:28.939 INFO:teuthology.orchestra.run.trial097.stdout:/usr/bin/ceph: stdout mon_host = [v2:10.20.193.97:3300,v1:10.20.193.97:6789]
2026-02-17T20:06:28.939 INFO:teuthology.orchestra.run.trial097.stdout:/usr/bin/ceph: stdout mon_osd_allow_pg_remap = true
2026-02-17T20:06:28.939 INFO:teuthology.orchestra.run.trial097.stdout:/usr/bin/ceph: stdout mon_osd_allow_primary_affinity = true
2026-02-17T20:06:28.939 INFO:teuthology.orchestra.run.trial097.stdout:/usr/bin/ceph: stdout mon_warn_on_no_sortbitwise = false
2026-02-17T20:06:28.939 INFO:teuthology.orchestra.run.trial097.stdout:/usr/bin/ceph: stdout osd_crush_chooseleaf_type = 0
2026-02-17T20:06:28.939 INFO:teuthology.orchestra.run.trial097.stdout:/usr/bin/ceph: stdout
2026-02-17T20:06:28.939 INFO:teuthology.orchestra.run.trial097.stdout:/usr/bin/ceph: stdout [mgr]
2026-02-17T20:06:28.939 INFO:teuthology.orchestra.run.trial097.stdout:/usr/bin/ceph: stdout mgr/telemetry/nag = false
2026-02-17T20:06:28.939 INFO:teuthology.orchestra.run.trial097.stdout:/usr/bin/ceph: stdout
2026-02-17T20:06:28.939 INFO:teuthology.orchestra.run.trial097.stdout:/usr/bin/ceph: stdout [osd]
2026-02-17T20:06:28.939 INFO:teuthology.orchestra.run.trial097.stdout:/usr/bin/ceph: stdout mon_osd_backfillfull_ratio = 0.85
2026-02-17T20:06:28.939 INFO:teuthology.orchestra.run.trial097.stdout:/usr/bin/ceph: stdout mon_osd_full_ratio = 0.9
2026-02-17T20:06:28.940 INFO:teuthology.orchestra.run.trial097.stdout:/usr/bin/ceph: stdout mon_osd_nearfull_ratio = 0.8
2026-02-17T20:06:28.940 INFO:teuthology.orchestra.run.trial097.stdout:/usr/bin/ceph: stdout osd_map_max_advance = 10
2026-02-17T20:06:28.940 INFO:teuthology.orchestra.run.trial097.stdout:/usr/bin/ceph: stdout osd_sloppy_crc = true
2026-02-17T20:06:28.940 INFO:teuthology.orchestra.run.trial097.stdout:/usr/bin/ceph: stderr
2026-02-17T20:06:28.833+0000 7f1fd7c37640 1 Processor -- start
2026-02-17T20:06:28.940 INFO:teuthology.orchestra.run.trial097.stdout:/usr/bin/ceph: stderr
2026-02-17T20:06:28.833+0000 7f1fd7c37640 1 -- start start
2026-02-17T20:06:28.940 INFO:teuthology.orchestra.run.trial097.stdout:/usr/bin/ceph: stderr
2026-02-17T20:06:28.833+0000 7f1fd7c37640 1 --2- >> [v2:10.20.193.97:3300/0,v1:10.20.193.97:6789/0] conn(0x7f1fd0108180 0x7f1fd0108580 unknown :-1 s=NONE pgs=0 cs=0 l=0 rev1=0 crypto rx=0 tx=0 comp rx=0 tx=0).connect
2026-02-17T20:06:28.940 INFO:teuthology.orchestra.run.trial097.stdout:/usr/bin/ceph: stderr
2026-02-17T20:06:28.833+0000 7f1fd7c37640 1 -- --> [v2:10.20.193.97:3300/0,v1:10.20.193.97:6789/0] -- mon_getmap magic: 0 -- 0x7f1fd0108b50 con 0x7f1fd0108180
2026-02-17T20:06:28.940 INFO:teuthology.orchestra.run.trial097.stdout:/usr/bin/ceph: stderr
2026-02-17T20:06:28.834+0000 7f1fd59ac640 1 --2- >> [v2:10.20.193.97:3300/0,v1:10.20.193.97:6789/0] conn(0x7f1fd0108180 0x7f1fd0108580 unknown :-1 s=BANNER_CONNECTING pgs=0 cs=0 l=0 rev1=0 crypto rx=0 tx=0 comp rx=0 tx=0)._handle_peer_banner_payload supported=3 required=0
2026-02-17T20:06:28.940 INFO:teuthology.orchestra.run.trial097.stdout:/usr/bin/ceph: stderr
2026-02-17T20:06:28.834+0000 7f1fd59ac640 1 --2- >> [v2:10.20.193.97:3300/0,v1:10.20.193.97:6789/0] conn(0x7f1fd0108180 0x7f1fd0108580 unknown :-1 s=HELLO_CONNECTING pgs=0 cs=0 l=0 rev1=1 crypto rx=0 tx=0 comp rx=0 tx=0).handle_hello peer v2:10.20.193.97:3300/0 says I am v2:10.20.193.97:52086/0 (socket says 10.20.193.97:52086)
2026-02-17T20:06:28.940 INFO:teuthology.orchestra.run.trial097.stdout:/usr/bin/ceph: stderr
2026-02-17T20:06:28.834+0000 7f1fd59ac640 1 -- 10.20.193.97:0/3555150284 learned_addr learned my addr 10.20.193.97:0/3555150284 (peer_addr_for_me v2:10.20.193.97:0/0)
2026-02-17T20:06:28.940 INFO:teuthology.orchestra.run.trial097.stdout:/usr/bin/ceph: stderr
2026-02-17T20:06:28.834+0000 7f1fd59ac640 1 -- 10.20.193.97:0/3555150284 --> [v2:10.20.193.97:3300/0,v1:10.20.193.97:6789/0] -- mon_subscribe({config=0+,monmap=0+}) -- 0x7f1fd01092e0 con 0x7f1fd0108180
2026-02-17T20:06:28.940 INFO:teuthology.orchestra.run.trial097.stdout:/usr/bin/ceph: stderr
2026-02-17T20:06:28.834+0000 7f1fd59ac640 1 --2- 10.20.193.97:0/3555150284 >> [v2:10.20.193.97:3300/0,v1:10.20.193.97:6789/0] conn(0x7f1fd0108180 0x7f1fd0108580 secure :-1 s=READY pgs=18 cs=0 l=1 rev1=1 crypto rx=0x7f1fc0009920 tx=0x7f1fc002ef20 comp rx=0 tx=0).ready entity=mon.0 client_cookie=935c27d2c106deb1 server_cookie=0 in_seq=0 out_seq=0
2026-02-17T20:06:28.941 INFO:teuthology.orchestra.run.trial097.stdout:/usr/bin/ceph: stderr
2026-02-17T20:06:28.834+0000 7f1fd49aa640 1 -- 10.20.193.97:0/3555150284 <== mon.0 v2:10.20.193.97:3300/0 1 ==== mon_map magic: 0 ==== 205+0+0 (secure 0 0 0) 0x7f1fc003c070 con 0x7f1fd0108180
2026-02-17T20:06:28.941 INFO:teuthology.orchestra.run.trial097.stdout:/usr/bin/ceph: stderr
2026-02-17T20:06:28.834+0000 7f1fd49aa640 1 -- 10.20.193.97:0/3555150284 <== mon.0 v2:10.20.193.97:3300/0 2 ==== config(26 keys) ==== 1045+0+0 (secure 0 0 0) 0x7f1fc0037440 con 0x7f1fd0108180
2026-02-17T20:06:28.941 INFO:teuthology.orchestra.run.trial097.stdout:/usr/bin/ceph: stderr
2026-02-17T20:06:28.834+0000 7f1fd49aa640 1 -- 10.20.193.97:0/3555150284 <== mon.0 v2:10.20.193.97:3300/0 3 ==== mon_map magic: 0 ==== 205+0+0 (secure 0 0 0) 0x7f1fc00354b0 con 0x7f1fd0108180
2026-02-17T20:06:28.941 INFO:teuthology.orchestra.run.trial097.stdout:/usr/bin/ceph: stderr
2026-02-17T20:06:28.835+0000 7f1fd7c37640 1 -- 10.20.193.97:0/3555150284 >> [v2:10.20.193.97:3300/0,v1:10.20.193.97:6789/0] conn(0x7f1fd0108180 msgr2=0x7f1fd0108580 secure :-1 s=STATE_CONNECTION_ESTABLISHED l=1).mark_down
2026-02-17T20:06:28.941 INFO:teuthology.orchestra.run.trial097.stdout:/usr/bin/ceph: stderr
2026-02-17T20:06:28.835+0000 7f1fd7c37640 1 --2- 10.20.193.97:0/3555150284 >> [v2:10.20.193.97:3300/0,v1:10.20.193.97:6789/0] conn(0x7f1fd0108180 0x7f1fd0108580 secure :-1 s=READY pgs=18 cs=0 l=1 rev1=1 crypto rx=0x7f1fc0009920 tx=0x7f1fc002ef20 comp rx=0 tx=0).stop
2026-02-17T20:06:28.941 INFO:teuthology.orchestra.run.trial097.stdout:/usr/bin/ceph: stderr
2026-02-17T20:06:28.835+0000 7f1fd7c37640 1 -- 10.20.193.97:0/3555150284 shutdown_connections
2026-02-17T20:06:28.941 INFO:teuthology.orchestra.run.trial097.stdout:/usr/bin/ceph: stderr
2026-02-17T20:06:28.835+0000 7f1fd7c37640 1 --2- 10.20.193.97:0/3555150284 >> [v2:10.20.193.97:3300/0,v1:10.20.193.97:6789/0] conn(0x7f1fd0108180 0x7f1fd0108580 unknown :-1 s=CLOSED pgs=18 cs=0 l=1 rev1=1 crypto rx=0 tx=0 comp rx=0 tx=0).stop
2026-02-17T20:06:28.941 INFO:teuthology.orchestra.run.trial097.stdout:/usr/bin/ceph: stderr
2026-02-17T20:06:28.835+0000 7f1fd7c37640 1 -- 10.20.193.97:0/3555150284 >> 10.20.193.97:0/3555150284 conn(0x7f1fd0103950 msgr2=0x7f1fd0105d70 unknown :-1 s=STATE_NONE l=0).mark_down
2026-02-17T20:06:28.941 INFO:teuthology.orchestra.run.trial097.stdout:/usr/bin/ceph: stderr
2026-02-17T20:06:28.835+0000 7f1fd7c37640 1 -- 10.20.193.97:0/3555150284 shutdown_connections
2026-02-17T20:06:28.941 INFO:teuthology.orchestra.run.trial097.stdout:/usr/bin/ceph: stderr
2026-02-17T20:06:28.835+0000 7f1fd7c37640 1 -- 10.20.193.97:0/3555150284 wait complete.
2026-02-17T20:06:28.941 INFO:teuthology.orchestra.run.trial097.stdout:/usr/bin/ceph: stderr
2026-02-17T20:06:28.835+0000 7f1fd7c37640 1 Processor -- start
2026-02-17T20:06:28.941 INFO:teuthology.orchestra.run.trial097.stdout:/usr/bin/ceph: stderr
2026-02-17T20:06:28.835+0000 7f1fd7c37640 1 -- start start
2026-02-17T20:06:28.942 INFO:teuthology.orchestra.run.trial097.stdout:/usr/bin/ceph: stderr
2026-02-17T20:06:28.835+0000 7f1fd7c37640 1 --2- >> [v2:10.20.193.97:3300/0,v1:10.20.193.97:6789/0] conn(0x7f1fd0108180 0x7f1fd019df00 unknown :-1 s=NONE pgs=0 cs=0 l=1 rev1=0 crypto rx=0 tx=0 comp rx=0 tx=0).connect
2026-02-17T20:06:28.942 INFO:teuthology.orchestra.run.trial097.stdout:/usr/bin/ceph: stderr
2026-02-17T20:06:28.835+0000 7f1fd7c37640 1 -- --> [v2:10.20.193.97:3300/0,v1:10.20.193.97:6789/0] -- mon_getmap magic: 0 -- 0x7f1fd010c510 con 0x7f1fd0108180
2026-02-17T20:06:28.942 INFO:teuthology.orchestra.run.trial097.stdout:/usr/bin/ceph: stderr
2026-02-17T20:06:28.835+0000 7f1fd59ac640 1 --2- >> [v2:10.20.193.97:3300/0,v1:10.20.193.97:6789/0] conn(0x7f1fd0108180 0x7f1fd019df00 unknown :-1 s=BANNER_CONNECTING pgs=0 cs=0 l=1 rev1=0 crypto rx=0 tx=0 comp rx=0 tx=0)._handle_peer_banner_payload supported=3 required=0
2026-02-17T20:06:28.942 INFO:teuthology.orchestra.run.trial097.stdout:/usr/bin/ceph: stderr
2026-02-17T20:06:28.835+0000 7f1fd59ac640 1 --2- >> [v2:10.20.193.97:3300/0,v1:10.20.193.97:6789/0] conn(0x7f1fd0108180 0x7f1fd019df00 unknown :-1 s=HELLO_CONNECTING pgs=0 cs=0 l=1 rev1=1 crypto rx=0 tx=0 comp rx=0 tx=0).handle_hello peer v2:10.20.193.97:3300/0 says I am v2:10.20.193.97:52100/0 (socket says 10.20.193.97:52100)
2026-02-17T20:06:28.942 INFO:teuthology.orchestra.run.trial097.stdout:/usr/bin/ceph: stderr
2026-02-17T20:06:28.835+0000 7f1fd59ac640 1 -- 10.20.193.97:0/3707244004 learned_addr learned my addr 10.20.193.97:0/3707244004 (peer_addr_for_me v2:10.20.193.97:0/0)
2026-02-17T20:06:28.942 INFO:teuthology.orchestra.run.trial097.stdout:/usr/bin/ceph: stderr
2026-02-17T20:06:28.835+0000 7f1fd59ac640 1 -- 10.20.193.97:0/3707244004 --> [v2:10.20.193.97:3300/0,v1:10.20.193.97:6789/0] -- mon_subscribe({config=0+,monmap=0+}) -- 0x7f1fd019e440 con 0x7f1fd0108180
2026-02-17T20:06:28.942 INFO:teuthology.orchestra.run.trial097.stdout:/usr/bin/ceph: stderr
2026-02-17T20:06:28.836+0000 7f1fd59ac640 1 --2- 10.20.193.97:0/3707244004 >> [v2:10.20.193.97:3300/0,v1:10.20.193.97:6789/0] conn(0x7f1fd0108180 0x7f1fd019df00 secure :-1 s=READY pgs=19 cs=0 l=1 rev1=1 crypto rx=0x7f1fc0006fd0 tx=0x7f1fc0037bb0 comp rx=0 tx=0).ready entity=mon.0 client_cookie=0 server_cookie=0 in_seq=0 out_seq=0
2026-02-17T20:06:28.942 INFO:teuthology.orchestra.run.trial097.stdout:/usr/bin/ceph: stderr
2026-02-17T20:06:28.836+0000 7f1fbeffd640 1 -- 10.20.193.97:0/3707244004 <== mon.0 v2:10.20.193.97:3300/0 1 ==== mon_map magic: 0 ==== 205+0+0 (secure 0 0 0) 0x7f1fc0045070 con 0x7f1fd0108180
2026-02-17T20:06:28.942 INFO:teuthology.orchestra.run.trial097.stdout:/usr/bin/ceph: stderr
2026-02-17T20:06:28.836+0000 7f1fd7c37640 1 -- 10.20.193.97:0/3707244004 --> [v2:10.20.193.97:3300/0,v1:10.20.193.97:6789/0] -- mon_subscribe({mgrmap=0+}) -- 0x7f1fd019e6d0 con 0x7f1fd0108180
2026-02-17T20:06:28.942 INFO:teuthology.orchestra.run.trial097.stdout:/usr/bin/ceph: stderr
2026-02-17T20:06:28.836+0000 7f1fbeffd640 1 -- 10.20.193.97:0/3707244004 <== mon.0 v2:10.20.193.97:3300/0 2 ==== config(26 keys) ==== 1045+0+0 (secure 0 0 0) 0x7f1fc0040450 con 0x7f1fd0108180
2026-02-17T20:06:28.942 INFO:teuthology.orchestra.run.trial097.stdout:/usr/bin/ceph: stderr
2026-02-17T20:06:28.836+0000 7f1fbeffd640 1 -- 10.20.193.97:0/3707244004 <== mon.0 v2:10.20.193.97:3300/0 3 ==== mon_map magic: 0 ==== 205+0+0 (secure 0 0 0) 0x7f1fc003c070 con 0x7f1fd0108180
2026-02-17T20:06:28.942 INFO:teuthology.orchestra.run.trial097.stdout:/usr/bin/ceph: stderr
2026-02-17T20:06:28.836+0000 7f1fd7c37640 1 -- 10.20.193.97:0/3707244004 --> [v2:10.20.193.97:3300/0,v1:10.20.193.97:6789/0] -- mon_subscribe({osdmap=0}) -- 0x7f1fd01a13c0 con 0x7f1fd0108180
2026-02-17T20:06:28.942 INFO:teuthology.orchestra.run.trial097.stdout:/usr/bin/ceph: stderr
2026-02-17T20:06:28.836+0000 7f1fbeffd640 1 -- 10.20.193.97:0/3707244004 <== mon.0 v2:10.20.193.97:3300/0 4 ==== mgrmap(e 4) ==== 50236+0+0 (secure 0 0 0) 0x7f1fc0040900 con 0x7f1fd0108180
2026-02-17T20:06:28.943 INFO:teuthology.orchestra.run.trial097.stdout:/usr/bin/ceph: stderr
2026-02-17T20:06:28.836+0000 7f1fd7c37640 1 -- 10.20.193.97:0/3707244004 --> [v2:10.20.193.97:3300/0,v1:10.20.193.97:6789/0] -- mon_command({"prefix": "get_command_descriptions"} v 0) -- 0x7f1fd0108600 con 0x7f1fd0108180
2026-02-17T20:06:28.943 INFO:teuthology.orchestra.run.trial097.stdout:/usr/bin/ceph: stderr
2026-02-17T20:06:28.836+0000 7f1fbeffd640 1 --2- 10.20.193.97:0/3707244004 >> [v2:10.20.193.97:6800/1079989628,v1:10.20.193.97:6801/1079989628] conn(0x7f1fac03db00 0x7f1fac03ffc0 unknown :-1 s=NONE pgs=0 cs=0 l=1 rev1=0 crypto rx=0 tx=0 comp rx=0 tx=0).connect
2026-02-17T20:06:28.943 INFO:teuthology.orchestra.run.trial097.stdout:/usr/bin/ceph: stderr
2026-02-17T20:06:28.836+0000 7f1fbeffd640 1 -- 10.20.193.97:0/3707244004 <== mon.0 v2:10.20.193.97:3300/0 5 ==== osd_map(1..1 src has 1..1) ==== 725+0+0 (secure 0 0 0) 0x7f1fc00765e0 con 0x7f1fd0108180
2026-02-17T20:06:28.943 INFO:teuthology.orchestra.run.trial097.stdout:/usr/bin/ceph: stderr
2026-02-17T20:06:28.836+0000 7f1fd51ab640 1 --2- 10.20.193.97:0/3707244004 >> [v2:10.20.193.97:6800/1079989628,v1:10.20.193.97:6801/1079989628] conn(0x7f1fac03db00 0x7f1fac03ffc0 unknown :-1 s=BANNER_CONNECTING pgs=0 cs=0 l=1 rev1=0 crypto rx=0 tx=0 comp rx=0 tx=0)._handle_peer_banner_payload supported=3 required=0
2026-02-17T20:06:28.943 INFO:teuthology.orchestra.run.trial097.stdout:/usr/bin/ceph: stderr
2026-02-17T20:06:28.837+0000 7f1fd51ab640 1 --2- 10.20.193.97:0/3707244004 >> [v2:10.20.193.97:6800/1079989628,v1:10.20.193.97:6801/1079989628] conn(0x7f1fac03db00 0x7f1fac03ffc0 secure :-1 s=READY pgs=7 cs=0 l=1 rev1=1 crypto rx=0x7f1fc40099c0 tx=0x7f1fc4006eb0 comp rx=0 tx=0).ready entity=mgr.14100 client_cookie=0 server_cookie=0 in_seq=0 out_seq=0
2026-02-17T20:06:28.943 INFO:teuthology.orchestra.run.trial097.stdout:/usr/bin/ceph: stderr
2026-02-17T20:06:28.839+0000 7f1fbeffd640 1 -- 10.20.193.97:0/3707244004 <== mon.0 v2:10.20.193.97:3300/0 6 ==== mon_command_ack([{"prefix": "get_command_descriptions"}]=0 v0) ==== 72+0+195034 (secure 0 0 0) 0x7f1fc0033200 con 0x7f1fd0108180
2026-02-17T20:06:28.943 INFO:teuthology.orchestra.run.trial097.stdout:/usr/bin/ceph: stderr
2026-02-17T20:06:28.922+0000 7f1fd7c37640 1 -- 10.20.193.97:0/3707244004 --> [v2:10.20.193.97:3300/0,v1:10.20.193.97:6789/0] -- mon_command({"prefix": "config assimilate-conf"} v 0) -- 0x7f1fd01a2bc0 con 0x7f1fd0108180
2026-02-17T20:06:28.943 INFO:teuthology.orchestra.run.trial097.stdout:/usr/bin/ceph: stderr
2026-02-17T20:06:28.923+0000 7f1fbeffd640 1 -- 10.20.193.97:0/3707244004 <== mon.0 v2:10.20.193.97:3300/0 7 ==== mon_command_ack([{"prefix": "config assimilate-conf"}]=0 v3) ==== 70+0+465 (secure 0 0 0) 0x7f1fc0035e20 con 0x7f1fd0108180
2026-02-17T20:06:28.943 INFO:teuthology.orchestra.run.trial097.stdout:/usr/bin/ceph: stderr
2026-02-17T20:06:28.923+0000 7f1fd7c37640 1 -- 10.20.193.97:0/3707244004 >> [v2:10.20.193.97:6800/1079989628,v1:10.20.193.97:6801/1079989628] conn(0x7f1fac03db00 msgr2=0x7f1fac03ffc0 secure :-1 s=STATE_CONNECTION_ESTABLISHED l=1).mark_down
2026-02-17T20:06:28.943 INFO:teuthology.orchestra.run.trial097.stdout:/usr/bin/ceph: stderr
2026-02-17T20:06:28.923+0000 7f1fd7c37640 1 --2- 10.20.193.97:0/3707244004 >> [v2:10.20.193.97:6800/1079989628,v1:10.20.193.97:6801/1079989628] conn(0x7f1fac03db00 0x7f1fac03ffc0 secure :-1 s=READY pgs=7 cs=0 l=1 rev1=1 crypto rx=0x7f1fc40099c0 tx=0x7f1fc4006eb0 comp rx=0 tx=0).stop
2026-02-17T20:06:28.943 INFO:teuthology.orchestra.run.trial097.stdout:/usr/bin/ceph: stderr
2026-02-17T20:06:28.923+0000 7f1fd7c37640 1 -- 10.20.193.97:0/3707244004 >> [v2:10.20.193.97:3300/0,v1:10.20.193.97:6789/0] conn(0x7f1fd0108180 msgr2=0x7f1fd019df00 secure :-1 s=STATE_CONNECTION_ESTABLISHED l=1).mark_down
2026-02-17T20:06:28.944 INFO:teuthology.orchestra.run.trial097.stdout:/usr/bin/ceph: stderr
2026-02-17T20:06:28.923+0000 7f1fd7c37640 1 --2- 10.20.193.97:0/3707244004 >> [v2:10.20.193.97:3300/0,v1:10.20.193.97:6789/0] conn(0x7f1fd0108180 0x7f1fd019df00 secure :-1 s=READY pgs=19 cs=0 l=1 rev1=1 crypto rx=0x7f1fc0006fd0 tx=0x7f1fc0037bb0 comp rx=0 tx=0).stop
2026-02-17T20:06:28.944 INFO:teuthology.orchestra.run.trial097.stdout:/usr/bin/ceph: stderr
2026-02-17T20:06:28.923+0000 7f1fd7c37640 1 -- 10.20.193.97:0/3707244004 shutdown_connections
2026-02-17T20:06:28.944 INFO:teuthology.orchestra.run.trial097.stdout:/usr/bin/ceph: stderr
2026-02-17T20:06:28.923+0000 7f1fd7c37640 1 --2- 10.20.193.97:0/3707244004 >> [v2:10.20.193.97:6800/1079989628,v1:10.20.193.97:6801/1079989628] conn(0x7f1fac03db00 0x7f1fac03ffc0 unknown :-1 s=CLOSED pgs=7 cs=0 l=1 rev1=1 crypto rx=0 tx=0 comp rx=0 tx=0).stop
2026-02-17T20:06:28.944 INFO:teuthology.orchestra.run.trial097.stdout:/usr/bin/ceph: stderr
2026-02-17T20:06:28.923+0000 7f1fd7c37640 1 --2- 10.20.193.97:0/3707244004 >> [v2:10.20.193.97:3300/0,v1:10.20.193.97:6789/0] conn(0x7f1fd0108180 0x7f1fd019df00 unknown :-1 s=CLOSED pgs=19 cs=0 l=1 rev1=1 crypto rx=0 tx=0 comp rx=0 tx=0).stop
2026-02-17T20:06:28.944 INFO:teuthology.orchestra.run.trial097.stdout:/usr/bin/ceph: stderr
2026-02-17T20:06:28.923+0000 7f1fd7c37640 1 -- 10.20.193.97:0/3707244004 >> 10.20.193.97:0/3707244004 conn(0x7f1fd0103950 msgr2=0x7f1fd01044b0 unknown :-1 s=STATE_NONE l=0).mark_down
2026-02-17T20:06:28.944 INFO:teuthology.orchestra.run.trial097.stdout:/usr/bin/ceph: stderr
2026-02-17T20:06:28.923+0000 7f1fd7c37640 1 -- 10.20.193.97:0/3707244004 shutdown_connections
2026-02-17T20:06:28.944 INFO:teuthology.orchestra.run.trial097.stdout:/usr/bin/ceph: stderr
2026-02-17T20:06:28.923+0000 7f1fd7c37640 1 -- 10.20.193.97:0/3707244004 wait complete.
2026-02-17T20:06:28.944 INFO:teuthology.orchestra.run.trial097.stdout:Enabling cephadm module...
2026-02-17T20:06:29.030 INFO:journalctl@ceph.mon.a.trial097.stdout:Feb 17 20:06:28 trial097 ceph-mon[24678]: mgrmap e3: x(active, since 1.00532s)
2026-02-17T20:06:29.030 INFO:journalctl@ceph.mon.a.trial097.stdout:Feb 17 20:06:28 trial097 ceph-mon[24678]: from='client.? 10.20.193.97:0/2549578513' entity='client.admin' cmd=[{"prefix": "status", "format": "json-pretty"}]: dispatch
2026-02-17T20:06:29.806 INFO:teuthology.orchestra.run.trial097.stdout:/usr/bin/ceph: stderr
2026-02-17T20:06:29.039+0000 7f7cb51c1640 1 Processor -- start
2026-02-17T20:06:29.806 INFO:teuthology.orchestra.run.trial097.stdout:/usr/bin/ceph: stderr
2026-02-17T20:06:29.039+0000 7f7cb51c1640 1 -- start start
2026-02-17T20:06:29.806 INFO:teuthology.orchestra.run.trial097.stdout:/usr/bin/ceph: stderr
2026-02-17T20:06:29.039+0000 7f7cb51c1640 1 --2- >> [v2:10.20.193.97:3300/0,v1:10.20.193.97:6789/0] conn(0x7f7cb007de40 0x7f7cb007c340 unknown :-1 s=NONE pgs=0 cs=0 l=0 rev1=0 crypto rx=0 tx=0 comp rx=0 tx=0).connect
2026-02-17T20:06:29.806 INFO:teuthology.orchestra.run.trial097.stdout:/usr/bin/ceph: stderr
2026-02-17T20:06:29.039+0000 7f7cb51c1640 1 -- --> [v2:10.20.193.97:3300/0,v1:10.20.193.97:6789/0] -- mon_getmap magic: 0 -- 0x7f7cb007c880 con 0x7f7cb007de40
2026-02-17T20:06:29.806 INFO:teuthology.orchestra.run.trial097.stdout:/usr/bin/ceph: stderr
2026-02-17T20:06:29.039+0000 7f7caed76640 1 --2- >> [v2:10.20.193.97:3300/0,v1:10.20.193.97:6789/0] conn(0x7f7cb007de40 0x7f7cb007c340 unknown :-1 s=BANNER_CONNECTING pgs=0 cs=0 l=0 rev1=0 crypto rx=0 tx=0 comp rx=0 tx=0)._handle_peer_banner_payload supported=3 required=0
2026-02-17T20:06:29.806 INFO:teuthology.orchestra.run.trial097.stdout:/usr/bin/ceph: stderr
2026-02-17T20:06:29.039+0000 7f7caed76640 1 --2- >> [v2:10.20.193.97:3300/0,v1:10.20.193.97:6789/0] conn(0x7f7cb007de40 0x7f7cb007c340 unknown :-1 s=HELLO_CONNECTING pgs=0 cs=0 l=0 rev1=1 crypto rx=0 tx=0 comp rx=0 tx=0).handle_hello peer v2:10.20.193.97:3300/0 says I am v2:10.20.193.97:52106/0 (socket says 10.20.193.97:52106)
2026-02-17T20:06:29.806 INFO:teuthology.orchestra.run.trial097.stdout:/usr/bin/ceph: stderr
2026-02-17T20:06:29.039+0000 7f7caed76640 1 -- 10.20.193.97:0/733994043 learned_addr learned my addr 10.20.193.97:0/733994043 (peer_addr_for_me v2:10.20.193.97:0/0)
2026-02-17T20:06:29.806 INFO:teuthology.orchestra.run.trial097.stdout:/usr/bin/ceph: stderr
2026-02-17T20:06:29.040+0000 7f7caed76640 1 -- 10.20.193.97:0/733994043 --> [v2:10.20.193.97:3300/0,v1:10.20.193.97:6789/0] -- mon_subscribe({config=0+,monmap=0+}) -- 0x7f7cb007ca00 con 0x7f7cb007de40
2026-02-17T20:06:29.807 INFO:teuthology.orchestra.run.trial097.stdout:/usr/bin/ceph: stderr
2026-02-17T20:06:29.040+0000 7f7caed76640 1 --2- 10.20.193.97:0/733994043 >> [v2:10.20.193.97:3300/0,v1:10.20.193.97:6789/0] conn(0x7f7cb007de40 0x7f7cb007c340 secure :-1 s=READY pgs=20 cs=0 l=1 rev1=1 crypto rx=0x7f7ca4009920 tx=0x7f7ca402ef20 comp rx=0 tx=0).ready entity=mon.0 client_cookie=cf43c9b319d24bd5 server_cookie=0 in_seq=0 out_seq=0
2026-02-17T20:06:29.807 INFO:teuthology.orchestra.run.trial097.stdout:/usr/bin/ceph: stderr
2026-02-17T20:06:29.040+0000 7f7cadd74640 1 -- 10.20.193.97:0/733994043 <== mon.0 v2:10.20.193.97:3300/0 1 ==== mon_map magic: 0 ==== 205+0+0 (secure 0 0 0) 0x7f7ca403c070 con 0x7f7cb007de40
2026-02-17T20:06:29.807 INFO:teuthology.orchestra.run.trial097.stdout:/usr/bin/ceph: stderr
2026-02-17T20:06:29.040+0000 7f7cadd74640 1 -- 10.20.193.97:0/733994043 <== mon.0 v2:10.20.193.97:3300/0 2 ==== config(26 keys) ==== 1045+0+0 (secure 0 0 0) 0x7f7ca4037440 con 0x7f7cb007de40
2026-02-17T20:06:29.807 INFO:teuthology.orchestra.run.trial097.stdout:/usr/bin/ceph: stderr
2026-02-17T20:06:29.040+0000 7f7cadd74640 1 -- 10.20.193.97:0/733994043 <== mon.0 v2:10.20.193.97:3300/0 3 ==== mon_map magic: 0 ==== 205+0+0 (secure 0 0 0) 0x7f7ca40354b0 con 0x7f7cb007de40
2026-02-17T20:06:29.807 INFO:teuthology.orchestra.run.trial097.stdout:/usr/bin/ceph: stderr
2026-02-17T20:06:29.040+0000 7f7cb51c1640 1 -- 10.20.193.97:0/733994043 >> [v2:10.20.193.97:3300/0,v1:10.20.193.97:6789/0] conn(0x7f7cb007de40 msgr2=0x7f7cb007c340 secure :-1 s=STATE_CONNECTION_ESTABLISHED l=1).mark_down
2026-02-17T20:06:29.807 INFO:teuthology.orchestra.run.trial097.stdout:/usr/bin/ceph: stderr
2026-02-17T20:06:29.040+0000 7f7cb51c1640 1 --2- 10.20.193.97:0/733994043 >> [v2:10.20.193.97:3300/0,v1:10.20.193.97:6789/0] conn(0x7f7cb007de40 0x7f7cb007c340 secure :-1 s=READY pgs=20 cs=0 l=1 rev1=1 crypto rx=0x7f7ca4009920 tx=0x7f7ca402ef20 comp rx=0 tx=0).stop
2026-02-17T20:06:29.807 INFO:teuthology.orchestra.run.trial097.stdout:/usr/bin/ceph: stderr
2026-02-17T20:06:29.041+0000 7f7cb51c1640 1 -- 10.20.193.97:0/733994043 shutdown_connections
2026-02-17T20:06:29.807 INFO:teuthology.orchestra.run.trial097.stdout:/usr/bin/ceph: stderr
2026-02-17T20:06:29.041+0000 7f7cb51c1640 1 --2- 10.20.193.97:0/733994043 >> [v2:10.20.193.97:3300/0,v1:10.20.193.97:6789/0] conn(0x7f7cb007de40 0x7f7cb007c340 unknown :-1 s=CLOSED pgs=20 cs=0 l=1 rev1=1 crypto rx=0 tx=0 comp rx=0 tx=0).stop
2026-02-17T20:06:29.807 INFO:teuthology.orchestra.run.trial097.stdout:/usr/bin/ceph: stderr
2026-02-17T20:06:29.041+0000 7f7cb51c1640 1 -- 10.20.193.97:0/733994043 >> 10.20.193.97:0/733994043 conn(0x7f7cb0103950 msgr2=0x7f7cb0105d70 unknown :-1 s=STATE_NONE l=0).mark_down
2026-02-17T20:06:29.807 INFO:teuthology.orchestra.run.trial097.stdout:/usr/bin/ceph: stderr
2026-02-17T20:06:29.041+0000 7f7cb51c1640 1 -- 10.20.193.97:0/733994043 shutdown_connections
2026-02-17T20:06:29.807 INFO:teuthology.orchestra.run.trial097.stdout:/usr/bin/ceph: stderr
2026-02-17T20:06:29.041+0000 7f7cb51c1640 1 -- 10.20.193.97:0/733994043 wait complete.
2026-02-17T20:06:29.807 INFO:teuthology.orchestra.run.trial097.stdout:/usr/bin/ceph: stderr
2026-02-17T20:06:29.041+0000 7f7cb51c1640 1 Processor -- start
2026-02-17T20:06:29.808 INFO:teuthology.orchestra.run.trial097.stdout:/usr/bin/ceph: stderr
2026-02-17T20:06:29.041+0000 7f7cb51c1640 1 -- start start
2026-02-17T20:06:29.808 INFO:teuthology.orchestra.run.trial097.stdout:/usr/bin/ceph: stderr
2026-02-17T20:06:29.041+0000 7f7cb51c1640 1 --2- >> [v2:10.20.193.97:3300/0,v1:10.20.193.97:6789/0] conn(0x7f7cb007de40 0x7f7cb01a01a0 unknown :-1 s=NONE pgs=0 cs=0 l=1 rev1=0 crypto rx=0 tx=0 comp rx=0 tx=0).connect
2026-02-17T20:06:29.808 INFO:teuthology.orchestra.run.trial097.stdout:/usr/bin/ceph: stderr
2026-02-17T20:06:29.041+0000 7f7cb51c1640 1 -- --> [v2:10.20.193.97:3300/0,v1:10.20.193.97:6789/0] -- mon_getmap magic: 0 -- 0x7f7cb010e650 con 0x7f7cb007de40
2026-02-17T20:06:29.808 INFO:teuthology.orchestra.run.trial097.stdout:/usr/bin/ceph: stderr
2026-02-17T20:06:29.041+0000 7f7caed76640 1 --2- >> [v2:10.20.193.97:3300/0,v1:10.20.193.97:6789/0] conn(0x7f7cb007de40 0x7f7cb01a01a0 unknown :-1 s=BANNER_CONNECTING pgs=0 cs=0 l=1 rev1=0 crypto rx=0 tx=0 comp rx=0 tx=0)._handle_peer_banner_payload supported=3 required=0
2026-02-17T20:06:29.808 INFO:teuthology.orchestra.run.trial097.stdout:/usr/bin/ceph: stderr
2026-02-17T20:06:29.041+0000 7f7caed76640 1 --2- >> [v2:10.20.193.97:3300/0,v1:10.20.193.97:6789/0] conn(0x7f7cb007de40 0x7f7cb01a01a0 unknown :-1 s=HELLO_CONNECTING pgs=0 cs=0 l=1 rev1=1 crypto rx=0 tx=0 comp rx=0 tx=0).handle_hello peer v2:10.20.193.97:3300/0 says I am v2:10.20.193.97:52108/0 (socket says 10.20.193.97:52108)
2026-02-17T20:06:29.808 INFO:teuthology.orchestra.run.trial097.stdout:/usr/bin/ceph: stderr
2026-02-17T20:06:29.041+0000 7f7caed76640 1 -- 10.20.193.97:0/3949307111 learned_addr learned my addr 10.20.193.97:0/3949307111 (peer_addr_for_me v2:10.20.193.97:0/0)
2026-02-17T20:06:29.808 INFO:teuthology.orchestra.run.trial097.stdout:/usr/bin/ceph: stderr
2026-02-17T20:06:29.041+0000 7f7caed76640 1 -- 10.20.193.97:0/3949307111 --> [v2:10.20.193.97:3300/0,v1:10.20.193.97:6789/0] -- mon_subscribe({config=0+,monmap=0+}) -- 0x7f7cb01a06e0 con 0x7f7cb007de40
2026-02-17T20:06:29.808 INFO:teuthology.orchestra.run.trial097.stdout:/usr/bin/ceph: stderr
2026-02-17T20:06:29.041+0000 7f7caed76640 1 --2- 10.20.193.97:0/3949307111 >> [v2:10.20.193.97:3300/0,v1:10.20.193.97:6789/0] conn(0x7f7cb007de40 0x7f7cb01a01a0 secure :-1 s=READY pgs=21 cs=0 l=1 rev1=1 crypto rx=0x7f7ca4006fd0 tx=0x7f7ca4037bb0 comp rx=0 tx=0).ready entity=mon.0 client_cookie=0 server_cookie=0 in_seq=0 out_seq=0
2026-02-17T20:06:29.808 INFO:teuthology.orchestra.run.trial097.stdout:/usr/bin/ceph: stderr
2026-02-17T20:06:29.041+0000 7f7c8ffff640 1 -- 10.20.193.97:0/3949307111 <== mon.0 v2:10.20.193.97:3300/0 1 ==== mon_map magic: 0 ==== 205+0+0 (secure 0 0 0) 0x7f7ca4045070 con 0x7f7cb007de40
2026-02-17T20:06:29.808 INFO:teuthology.orchestra.run.trial097.stdout:/usr/bin/ceph: stderr
2026-02-17T20:06:29.041+0000 7f7c8ffff640 1 -- 10.20.193.97:0/3949307111 <== mon.0 v2:10.20.193.97:3300/0 2 ==== config(26 keys) ==== 1045+0+0 (secure 0 0 0) 0x7f7ca4040450 con 0x7f7cb007de40
2026-02-17T20:06:29.808 INFO:teuthology.orchestra.run.trial097.stdout:/usr/bin/ceph: stderr
2026-02-17T20:06:29.041+0000 7f7cb51c1640 1 -- 10.20.193.97:0/3949307111 --> [v2:10.20.193.97:3300/0,v1:10.20.193.97:6789/0] -- mon_subscribe({mgrmap=0+}) -- 0x7f7cb01a0970 con 0x7f7cb007de40
2026-02-17T20:06:29.808 INFO:teuthology.orchestra.run.trial097.stdout:/usr/bin/ceph: stderr
2026-02-17T20:06:29.041+0000 7f7c8ffff640 1 -- 10.20.193.97:0/3949307111 <== mon.0 v2:10.20.193.97:3300/0 3 ==== mon_map magic: 0 ==== 205+0+0 (secure 0 0 0) 0x7f7ca403c070 con 0x7f7cb007de40
2026-02-17T20:06:29.808 INFO:teuthology.orchestra.run.trial097.stdout:/usr/bin/ceph: stderr
2026-02-17T20:06:29.041+0000 7f7cb51c1640 1 -- 10.20.193.97:0/3949307111 --> [v2:10.20.193.97:3300/0,v1:10.20.193.97:6789/0] -- mon_subscribe({osdmap=0}) -- 0x7f7cb01a3660 con 0x7f7cb007de40
2026-02-17T20:06:29.809 INFO:teuthology.orchestra.run.trial097.stdout:/usr/bin/ceph: stderr
2026-02-17T20:06:29.042+0000 7f7cb51c1640 1 -- 10.20.193.97:0/3949307111 --> [v2:10.20.193.97:3300/0,v1:10.20.193.97:6789/0] -- mon_command({"prefix": "get_command_descriptions"} v 0) -- 0x7f7cb007c3c0 con 0x7f7cb007de40
2026-02-17T20:06:29.809 INFO:teuthology.orchestra.run.trial097.stdout:/usr/bin/ceph: stderr
2026-02-17T20:06:29.042+0000 7f7c8ffff640 1 -- 10.20.193.97:0/3949307111 <== mon.0 v2:10.20.193.97:3300/0 4 ==== mgrmap(e 4) ==== 50236+0+0 (secure 0 0 0) 0x7f7ca4040600 con 0x7f7cb007de40
2026-02-17T20:06:29.809 INFO:teuthology.orchestra.run.trial097.stdout:/usr/bin/ceph: stderr
2026-02-17T20:06:29.042+0000 7f7c8ffff640 1 --2- 10.20.193.97:0/3949307111 >> [v2:10.20.193.97:6800/1079989628,v1:10.20.193.97:6801/1079989628] conn(0x7f7c8403dab0 0x7f7c8403ff70 unknown :-1 s=NONE pgs=0 cs=0 l=1 rev1=0 crypto rx=0 tx=0 comp rx=0 tx=0).connect
2026-02-17T20:06:29.809 INFO:teuthology.orchestra.run.trial097.stdout:/usr/bin/ceph: stderr
2026-02-17T20:06:29.042+0000 7f7c8ffff640 1 -- 10.20.193.97:0/3949307111 <== mon.0 v2:10.20.193.97:3300/0 5 ==== osd_map(1..1 src has 1..1) ==== 725+0+0 (secure 0 0 0) 0x7f7ca4076630 con 0x7f7cb007de40
2026-02-17T20:06:29.809 INFO:teuthology.orchestra.run.trial097.stdout:/usr/bin/ceph: stderr
2026-02-17T20:06:29.042+0000 7f7cae575640 1 --2- 10.20.193.97:0/3949307111 >> [v2:10.20.193.97:6800/1079989628,v1:10.20.193.97:6801/1079989628] conn(0x7f7c8403dab0 0x7f7c8403ff70 unknown :-1 s=BANNER_CONNECTING pgs=0 cs=0 l=1 rev1=0 crypto rx=0 tx=0 comp rx=0 tx=0)._handle_peer_banner_payload supported=3 required=0
2026-02-17T20:06:29.809 INFO:teuthology.orchestra.run.trial097.stdout:/usr/bin/ceph: stderr
2026-02-17T20:06:29.043+0000 7f7cae575640 1 --2- 10.20.193.97:0/3949307111 >> [v2:10.20.193.97:6800/1079989628,v1:10.20.193.97:6801/1079989628] conn(0x7f7c8403dab0 0x7f7c8403ff70 secure :-1 s=READY pgs=8 cs=0 l=1 rev1=1 crypto rx=0x7f7c980099c0 tx=0x7f7c98006eb0 comp rx=0 tx=0).ready entity=mgr.14100 client_cookie=0 server_cookie=0 in_seq=0 out_seq=0
2026-02-17T20:06:29.809 INFO:teuthology.orchestra.run.trial097.stdout:/usr/bin/ceph: stderr
2026-02-17T20:06:29.045+0000 7f7c8ffff640 1 -- 10.20.193.97:0/3949307111 <== mon.0 v2:10.20.193.97:3300/0 6 ==== mon_command_ack([{"prefix": "get_command_descriptions"}]=0 v0) ==== 72+0+195034 (secure 0 0 0) 0x7f7ca4033200 con 0x7f7cb007de40
2026-02-17T20:06:29.809 INFO:teuthology.orchestra.run.trial097.stdout:/usr/bin/ceph: stderr
2026-02-17T20:06:29.152+0000 7f7cb51c1640 1 -- 10.20.193.97:0/3949307111 --> [v2:10.20.193.97:3300/0,v1:10.20.193.97:6789/0] -- mon_command({"prefix": "mgr module enable", "module": "cephadm"} v 0) -- 0x7f7cb01a3d00 con 0x7f7cb007de40
2026-02-17T20:06:29.809 INFO:teuthology.orchestra.run.trial097.stdout:/usr/bin/ceph: stderr
2026-02-17T20:06:29.787+0000 7f7c8ffff640 1 -- 10.20.193.97:0/3949307111 <== mon.0 v2:10.20.193.97:3300/0 7 ==== mon_command_ack([{"prefix": "mgr module enable", "module": "cephadm"}]=0 v5) ==== 86+0+0 (secure 0 0 0) 0x7f7ca4076050 con 0x7f7cb007de40
2026-02-17T20:06:29.809 INFO:teuthology.orchestra.run.trial097.stdout:/usr/bin/ceph: stderr
2026-02-17T20:06:29.788+0000 7f7cb51c1640 1 -- 10.20.193.97:0/3949307111 >> [v2:10.20.193.97:6800/1079989628,v1:10.20.193.97:6801/1079989628] conn(0x7f7c8403dab0 msgr2=0x7f7c8403ff70 secure :-1 s=STATE_CONNECTION_ESTABLISHED l=1).mark_down
2026-02-17T20:06:29.809 INFO:teuthology.orchestra.run.trial097.stdout:/usr/bin/ceph: stderr
2026-02-17T20:06:29.788+0000 7f7cb51c1640 1 --2- 10.20.193.97:0/3949307111 >> [v2:10.20.193.97:6800/1079989628,v1:10.20.193.97:6801/1079989628] conn(0x7f7c8403dab0 0x7f7c8403ff70 secure :-1 s=READY pgs=8 cs=0 l=1 rev1=1 crypto rx=0x7f7c980099c0 tx=0x7f7c98006eb0 comp rx=0 tx=0).stop
2026-02-17T20:06:29.810 INFO:teuthology.orchestra.run.trial097.stdout:/usr/bin/ceph: stderr
2026-02-17T20:06:29.788+0000 7f7cb51c1640 1 -- 10.20.193.97:0/3949307111 >> [v2:10.20.193.97:3300/0,v1:10.20.193.97:6789/0] conn(0x7f7cb007de40 msgr2=0x7f7cb01a01a0 secure :-1 s=STATE_CONNECTION_ESTABLISHED l=1).mark_down
2026-02-17T20:06:29.810 INFO:teuthology.orchestra.run.trial097.stdout:/usr/bin/ceph: stderr
2026-02-17T20:06:29.788+0000 7f7cb51c1640 1 --2- 10.20.193.97:0/3949307111 >> [v2:10.20.193.97:3300/0,v1:10.20.193.97:6789/0] conn(0x7f7cb007de40 0x7f7cb01a01a0 secure :-1 s=READY pgs=21 cs=0 l=1 rev1=1 crypto rx=0x7f7ca4006fd0 tx=0x7f7ca4037bb0 comp rx=0 tx=0).stop
2026-02-17T20:06:29.810 INFO:teuthology.orchestra.run.trial097.stdout:/usr/bin/ceph: stderr
2026-02-17T20:06:29.789+0000 7f7cb51c1640 1 -- 10.20.193.97:0/3949307111 shutdown_connections
2026-02-17T20:06:29.810 INFO:teuthology.orchestra.run.trial097.stdout:/usr/bin/ceph: stderr
2026-02-17T20:06:29.789+0000 7f7cb51c1640 1 --2- 10.20.193.97:0/3949307111 >> [v2:10.20.193.97:6800/1079989628,v1:10.20.193.97:6801/1079989628] conn(0x7f7c8403dab0 0x7f7c8403ff70 unknown :-1 s=CLOSED pgs=8 cs=0 l=1 rev1=1 crypto rx=0 tx=0 comp rx=0 tx=0).stop
2026-02-17T20:06:29.810 INFO:teuthology.orchestra.run.trial097.stdout:/usr/bin/ceph: stderr
2026-02-17T20:06:29.789+0000 7f7cb51c1640 1 --2- 10.20.193.97:0/3949307111 >> [v2:10.20.193.97:3300/0,v1:10.20.193.97:6789/0] conn(0x7f7cb007de40 0x7f7cb01a01a0 unknown :-1 s=CLOSED pgs=21 cs=0 l=1 rev1=1 crypto rx=0 tx=0 comp rx=0 tx=0).stop
2026-02-17T20:06:29.810 INFO:teuthology.orchestra.run.trial097.stdout:/usr/bin/ceph: stderr
2026-02-17T20:06:29.789+0000 7f7cb51c1640 1 -- 10.20.193.97:0/3949307111 >> 10.20.193.97:0/3949307111 conn(0x7f7cb0103950 msgr2=0x7f7cb0104500 unknown :-1 s=STATE_NONE l=0).mark_down
2026-02-17T20:06:29.810 INFO:teuthology.orchestra.run.trial097.stdout:/usr/bin/ceph: stderr
2026-02-17T20:06:29.789+0000 7f7cb51c1640 1 -- 10.20.193.97:0/3949307111 shutdown_connections
2026-02-17T20:06:29.810 INFO:teuthology.orchestra.run.trial097.stdout:/usr/bin/ceph: stderr
2026-02-17T20:06:29.789+0000 7f7cb51c1640 1 -- 10.20.193.97:0/3949307111 wait complete.
2026-02-17T20:06:30.031 INFO:journalctl@ceph.mon.a.trial097.stdout:Feb 17 20:06:29 trial097 ceph-mon[24678]: mgrmap e4: x(active, since 2s)
2026-02-17T20:06:30.032 INFO:journalctl@ceph.mon.a.trial097.stdout:Feb 17 20:06:29 trial097 ceph-mon[24678]: from='client.? 10.20.193.97:0/3707244004' entity='client.admin' cmd=[{"prefix": "config assimilate-conf"}]: dispatch
2026-02-17T20:06:30.032 INFO:journalctl@ceph.mon.a.trial097.stdout:Feb 17 20:06:29 trial097 ceph-mon[24678]: from='client.? 10.20.193.97:0/3949307111' entity='client.admin' cmd=[{"prefix": "mgr module enable", "module": "cephadm"}]: dispatch
2026-02-17T20:06:30.032 INFO:journalctl@ceph.mgr.x.trial097.stdout:Feb 17 20:06:29 trial097 ceph-19351699-0c3c-11f1-9c17-d404e6e7d460-mgr-x[24934]: ignoring --setuser ceph since I am not root
2026-02-17T20:06:30.032 INFO:journalctl@ceph.mgr.x.trial097.stdout:Feb 17 20:06:29 trial097 ceph-19351699-0c3c-11f1-9c17-d404e6e7d460-mgr-x[24934]: ignoring --setgroup ceph since I am not root
2026-02-17T20:06:30.041 INFO:teuthology.orchestra.run.trial097.stdout:/usr/bin/ceph: stdout {
2026-02-17T20:06:30.041 INFO:teuthology.orchestra.run.trial097.stdout:/usr/bin/ceph: stdout "epoch": 5,
2026-02-17T20:06:30.042 INFO:teuthology.orchestra.run.trial097.stdout:/usr/bin/ceph: stdout "available": true,
2026-02-17T20:06:30.042 INFO:teuthology.orchestra.run.trial097.stdout:/usr/bin/ceph: stdout "active_name": "x",
2026-02-17T20:06:30.042 INFO:teuthology.orchestra.run.trial097.stdout:/usr/bin/ceph: stdout "num_standby": 0
2026-02-17T20:06:30.042 INFO:teuthology.orchestra.run.trial097.stdout:/usr/bin/ceph: stdout }
2026-02-17T20:06:30.042 INFO:teuthology.orchestra.run.trial097.stdout:/usr/bin/ceph: stderr
2026-02-17T20:06:29.914+0000 7fa805bcc640 1 Processor -- start
2026-02-17T20:06:30.042 INFO:teuthology.orchestra.run.trial097.stdout:/usr/bin/ceph: stderr
2026-02-17T20:06:29.914+0000 7fa805bcc640 1 -- start start
2026-02-17T20:06:30.042 INFO:teuthology.orchestra.run.trial097.stdout:/usr/bin/ceph: stderr
2026-02-17T20:06:29.914+0000 7fa805bcc640 1 --2- >> [v2:10.20.193.97:3300/0,v1:10.20.193.97:6789/0] conn(0x7fa80007de40 0x7fa80007c340 unknown :-1 s=NONE pgs=0 cs=0 l=0 rev1=0 crypto rx=0 tx=0 comp rx=0 tx=0).connect
2026-02-17T20:06:30.042 INFO:teuthology.orchestra.run.trial097.stdout:/usr/bin/ceph: stderr
2026-02-17T20:06:29.914+0000 7fa805bcc640 1 -- --> [v2:10.20.193.97:3300/0,v1:10.20.193.97:6789/0] -- mon_getmap magic: 0 -- 0x7fa80007c880 con 0x7fa80007de40
2026-02-17T20:06:30.042 INFO:teuthology.orchestra.run.trial097.stdout:/usr/bin/ceph: stderr
2026-02-17T20:06:29.914+0000 7fa7ff7fe640 1 --2- >> [v2:10.20.193.97:3300/0,v1:10.20.193.97:6789/0] conn(0x7fa80007de40 0x7fa80007c340 unknown :-1 s=BANNER_CONNECTING pgs=0 cs=0 l=0 rev1=0 crypto rx=0 tx=0 comp rx=0 tx=0)._handle_peer_banner_payload supported=3 required=0
2026-02-17T20:06:30.042 INFO:teuthology.orchestra.run.trial097.stdout:/usr/bin/ceph: stderr
2026-02-17T20:06:29.914+0000 7fa7ff7fe640 1 --2- >> [v2:10.20.193.97:3300/0,v1:10.20.193.97:6789/0] conn(0x7fa80007de40 0x7fa80007c340 unknown :-1 s=HELLO_CONNECTING pgs=0 cs=0 l=0 rev1=1 crypto rx=0 tx=0 comp rx=0 tx=0).handle_hello peer v2:10.20.193.97:3300/0 says I am v2:10.20.193.97:52138/0 (socket says 10.20.193.97:52138)
2026-02-17T20:06:30.042 INFO:teuthology.orchestra.run.trial097.stdout:/usr/bin/ceph: stderr
2026-02-17T20:06:29.914+0000 7fa7ff7fe640 1 -- 10.20.193.97:0/980883278 learned_addr learned my addr 10.20.193.97:0/980883278 (peer_addr_for_me v2:10.20.193.97:0/0)
2026-02-17T20:06:30.043 INFO:teuthology.orchestra.run.trial097.stdout:/usr/bin/ceph: stderr
2026-02-17T20:06:29.914+0000 7fa7ff7fe640 1 -- 10.20.193.97:0/980883278 --> [v2:10.20.193.97:3300/0,v1:10.20.193.97:6789/0] -- mon_subscribe({config=0+,monmap=0+}) -- 0x7fa80007ca00 con 0x7fa80007de40
2026-02-17T20:06:30.043 INFO:teuthology.orchestra.run.trial097.stdout:/usr/bin/ceph: stderr
2026-02-17T20:06:29.914+0000 7fa7ff7fe640 1 --2- 10.20.193.97:0/980883278 >> [v2:10.20.193.97:3300/0,v1:10.20.193.97:6789/0] conn(0x7fa80007de40 0x7fa80007c340 secure :-1 s=READY pgs=24 cs=0 l=1 rev1=1 crypto rx=0x7fa7ec009920 tx=0x7fa7ec02ef20 comp rx=0 tx=0).ready entity=mon.0 client_cookie=3646f3847f1fecc6 server_cookie=0 in_seq=0 out_seq=0
2026-02-17T20:06:30.043 INFO:teuthology.orchestra.run.trial097.stdout:/usr/bin/ceph: stderr
2026-02-17T20:06:29.915+0000 7fa7fe7fc640 1 -- 10.20.193.97:0/980883278 <== mon.0 v2:10.20.193.97:3300/0 1 ==== mon_map magic: 0 ==== 205+0+0 (secure 0 0 0) 0x7fa7ec03c070 con 0x7fa80007de40
2026-02-17T20:06:30.043 INFO:teuthology.orchestra.run.trial097.stdout:/usr/bin/ceph: stderr
2026-02-17T20:06:29.915+0000 7fa7fe7fc640 1 -- 10.20.193.97:0/980883278 <== mon.0 v2:10.20.193.97:3300/0 2 ==== config(26 keys) ==== 1045+0+0 (secure 0 0 0) 0x7fa7ec037440 con 0x7fa80007de40
2026-02-17T20:06:30.043 INFO:teuthology.orchestra.run.trial097.stdout:/usr/bin/ceph: stderr
2026-02-17T20:06:29.915+0000 7fa7fe7fc640 1 -- 10.20.193.97:0/980883278 <== mon.0 v2:10.20.193.97:3300/0 3 ==== mon_map magic: 0 ==== 205+0+0 (secure 0 0 0) 0x7fa7ec0354b0 con 0x7fa80007de40
2026-02-17T20:06:30.043 INFO:teuthology.orchestra.run.trial097.stdout:/usr/bin/ceph: stderr
2026-02-17T20:06:29.915+0000 7fa805bcc640 1 -- 10.20.193.97:0/980883278 >> [v2:10.20.193.97:3300/0,v1:10.20.193.97:6789/0] conn(0x7fa80007de40 msgr2=0x7fa80007c340 secure :-1 s=STATE_CONNECTION_ESTABLISHED l=1).mark_down
2026-02-17T20:06:30.043 INFO:teuthology.orchestra.run.trial097.stdout:/usr/bin/ceph: stderr
2026-02-17T20:06:29.915+0000 7fa805bcc640 1 --2- 10.20.193.97:0/980883278 >> [v2:10.20.193.97:3300/0,v1:10.20.193.97:6789/0] conn(0x7fa80007de40 0x7fa80007c340 secure :-1 s=READY pgs=24 cs=0 l=1 rev1=1 crypto rx=0x7fa7ec009920 tx=0x7fa7ec02ef20 comp rx=0 tx=0).stop
2026-02-17T20:06:30.043 INFO:teuthology.orchestra.run.trial097.stdout:/usr/bin/ceph: stderr
2026-02-17T20:06:29.915+0000 7fa805bcc640 1 -- 10.20.193.97:0/980883278 shutdown_connections
2026-02-17T20:06:30.043 INFO:teuthology.orchestra.run.trial097.stdout:/usr/bin/ceph: stderr
2026-02-17T20:06:29.915+0000 7fa805bcc640 1 --2- 10.20.193.97:0/980883278 >> [v2:10.20.193.97:3300/0,v1:10.20.193.97:6789/0] conn(0x7fa80007de40 0x7fa80007c340 unknown :-1 s=CLOSED pgs=24 cs=0 l=1 rev1=1 crypto rx=0 tx=0 comp rx=0 tx=0).stop
2026-02-17T20:06:30.043 INFO:teuthology.orchestra.run.trial097.stdout:/usr/bin/ceph: stderr
2026-02-17T20:06:29.915+0000 7fa805bcc640 1 -- 10.20.193.97:0/980883278 >> 10.20.193.97:0/980883278 conn(0x7fa800103950 msgr2=0x7fa800105d70 unknown :-1 s=STATE_NONE l=0).mark_down
2026-02-17T20:06:30.043 INFO:teuthology.orchestra.run.trial097.stdout:/usr/bin/ceph: stderr
2026-02-17T20:06:29.915+0000 7fa805bcc640 1 -- 10.20.193.97:0/980883278 shutdown_connections
2026-02-17T20:06:30.043 INFO:teuthology.orchestra.run.trial097.stdout:/usr/bin/ceph: stderr
