2026-02-17T20:06:36.374+0000 7fb13a0a6640 1 -- --> [v2:10.20.193.97:3300/0,v1:10.20.193.97:6789/0] -- mon_getmap magic: 0 -- 0x7fb13410e7b0 con 0x7fb13410a3d0
2026-02-17T20:06:36.489 INFO:teuthology.orchestra.run.trial097.stdout:/usr/bin/ceph: stderr
2026-02-17T20:06:36.374+0000 7fb1337fe640 1 --2- >> [v2:10.20.193.97:3300/0,v1:10.20.193.97:6789/0] conn(0x7fb13410a3d0 0x7fb1341a01d0 unknown :-1 s=BANNER_CONNECTING pgs=0 cs=0 l=1 rev1=0 crypto rx=0 tx=0 comp rx=0 tx=0)._handle_peer_banner_payload supported=3 required=0
2026-02-17T20:06:36.489 INFO:teuthology.orchestra.run.trial097.stdout:/usr/bin/ceph: stderr
2026-02-17T20:06:36.374+0000 7fb1337fe640 1 --2- >> [v2:10.20.193.97:3300/0,v1:10.20.193.97:6789/0] conn(0x7fb13410a3d0 0x7fb1341a01d0 unknown :-1 s=HELLO_CONNECTING pgs=0 cs=0 l=1 rev1=1 crypto rx=0 tx=0 comp rx=0 tx=0).handle_hello peer v2:10.20.193.97:3300/0 says I am v2:10.20.193.97:48432/0 (socket says 10.20.193.97:48432)
2026-02-17T20:06:36.489 INFO:teuthology.orchestra.run.trial097.stdout:/usr/bin/ceph: stderr
2026-02-17T20:06:36.374+0000 7fb1337fe640 1 -- 10.20.193.97:0/1550905316 learned_addr learned my addr 10.20.193.97:0/1550905316 (peer_addr_for_me v2:10.20.193.97:0/0)
2026-02-17T20:06:36.489 INFO:teuthology.orchestra.run.trial097.stdout:/usr/bin/ceph: stderr
2026-02-17T20:06:36.374+0000 7fb1337fe640 1 -- 10.20.193.97:0/1550905316 --> [v2:10.20.193.97:3300/0,v1:10.20.193.97:6789/0] -- mon_subscribe({config=0+,monmap=0+}) -- 0x7fb1341a0710 con 0x7fb13410a3d0
2026-02-17T20:06:36.489 INFO:teuthology.orchestra.run.trial097.stdout:/usr/bin/ceph: stderr
2026-02-17T20:06:36.374+0000 7fb1337fe640 1 --2- 10.20.193.97:0/1550905316 >> [v2:10.20.193.97:3300/0,v1:10.20.193.97:6789/0] conn(0x7fb13410a3d0 0x7fb1341a01d0 secure :-1 s=READY pgs=48 cs=0 l=1 rev1=1 crypto rx=0x7fb120006fd0 tx=0x7fb120037bb0 comp rx=0 tx=0).ready entity=mon.0 client_cookie=0 server_cookie=0 in_seq=0 out_seq=0
2026-02-17T20:06:36.489 INFO:teuthology.orchestra.run.trial097.stdout:/usr/bin/ceph: stderr
2026-02-17T20:06:36.374+0000 7fb130ff9640 1 -- 10.20.193.97:0/1550905316 <== mon.0 v2:10.20.193.97:3300/0 1 ==== mon_map magic: 0 ==== 205+0+0 (secure 0 0 0) 0x7fb120045070 con 0x7fb13410a3d0
2026-02-17T20:06:36.489 INFO:teuthology.orchestra.run.trial097.stdout:/usr/bin/ceph: stderr
2026-02-17T20:06:36.374+0000 7fb13a0a6640 1 -- 10.20.193.97:0/1550905316 --> [v2:10.20.193.97:3300/0,v1:10.20.193.97:6789/0] -- mon_subscribe({mgrmap=0+}) -- 0x7fb1341a09a0 con 0x7fb13410a3d0
2026-02-17T20:06:36.490 INFO:teuthology.orchestra.run.trial097.stdout:/usr/bin/ceph: stderr
2026-02-17T20:06:36.374+0000 7fb130ff9640 1 -- 10.20.193.97:0/1550905316 <== mon.0 v2:10.20.193.97:3300/0 2 ==== config(26 keys) ==== 1045+0+0 (secure 0 0 0) 0x7fb120040450 con 0x7fb13410a3d0
2026-02-17T20:06:36.490 INFO:teuthology.orchestra.run.trial097.stdout:/usr/bin/ceph: stderr
2026-02-17T20:06:36.374+0000 7fb130ff9640 1 -- 10.20.193.97:0/1550905316 <== mon.0 v2:10.20.193.97:3300/0 3 ==== mon_map magic: 0 ==== 205+0+0 (secure 0 0 0) 0x7fb12003c070 con 0x7fb13410a3d0
2026-02-17T20:06:36.490 INFO:teuthology.orchestra.run.trial097.stdout:/usr/bin/ceph: stderr
2026-02-17T20:06:36.374+0000 7fb13a0a6640 1 -- 10.20.193.97:0/1550905316 --> [v2:10.20.193.97:3300/0,v1:10.20.193.97:6789/0] -- mon_subscribe({osdmap=0}) -- 0x7fb1341a3690 con 0x7fb13410a3d0
2026-02-17T20:06:36.490 INFO:teuthology.orchestra.run.trial097.stdout:/usr/bin/ceph: stderr
2026-02-17T20:06:36.374+0000 7fb13a0a6640 1 -- 10.20.193.97:0/1550905316 --> [v2:10.20.193.97:3300/0,v1:10.20.193.97:6789/0] -- mon_command({"prefix": "get_command_descriptions"} v 0) -- 0x7fb13410a850 con 0x7fb13410a3d0
2026-02-17T20:06:36.490 INFO:teuthology.orchestra.run.trial097.stdout:/usr/bin/ceph: stderr
2026-02-17T20:06:36.375+0000 7fb130ff9640 1 -- 10.20.193.97:0/1550905316 <== mon.0 v2:10.20.193.97:3300/0 4 ==== mgrmap(e 8) ==== 50247+0+0 (secure 0 0 0) 0x7fb120035af0 con 0x7fb13410a3d0
2026-02-17T20:06:36.490 INFO:teuthology.orchestra.run.trial097.stdout:/usr/bin/ceph: stderr
2026-02-17T20:06:36.375+0000 7fb130ff9640 1 --2- 10.20.193.97:0/1550905316 >> [v2:10.20.193.97:6800/1755328834,v1:10.20.193.97:6801/1755328834] conn(0x7fb10803db50 0x7fb108040010 unknown :-1 s=NONE pgs=0 cs=0 l=1 rev1=0 crypto rx=0 tx=0 comp rx=0 tx=0).connect
2026-02-17T20:06:36.490 INFO:teuthology.orchestra.run.trial097.stdout:/usr/bin/ceph: stderr
2026-02-17T20:06:36.375+0000 7fb130ff9640 1 -- 10.20.193.97:0/1550905316 <== mon.0 v2:10.20.193.97:3300/0 5 ==== osd_map(2..2 src has 1..2) ==== 940+0+0 (secure 0 0 0) 0x7fb120076650 con 0x7fb13410a3d0
2026-02-17T20:06:36.490 INFO:teuthology.orchestra.run.trial097.stdout:/usr/bin/ceph: stderr
2026-02-17T20:06:36.375+0000 7fb132ffd640 1 --2- 10.20.193.97:0/1550905316 >> [v2:10.20.193.97:6800/1755328834,v1:10.20.193.97:6801/1755328834] conn(0x7fb10803db50 0x7fb108040010 unknown :-1 s=BANNER_CONNECTING pgs=0 cs=0 l=1 rev1=0 crypto rx=0 tx=0 comp rx=0 tx=0)._handle_peer_banner_payload supported=3 required=0
2026-02-17T20:06:36.490 INFO:teuthology.orchestra.run.trial097.stdout:/usr/bin/ceph: stderr
2026-02-17T20:06:36.375+0000 7fb132ffd640 1 --2- 10.20.193.97:0/1550905316 >> [v2:10.20.193.97:6800/1755328834,v1:10.20.193.97:6801/1755328834] conn(0x7fb10803db50 0x7fb108040010 secure :-1 s=READY pgs=13 cs=0 l=1 rev1=1 crypto rx=0x7fb1240099c0 tx=0x7fb124006eb0 comp rx=0 tx=0).ready entity=mgr.14118 client_cookie=0 server_cookie=0 in_seq=0 out_seq=0
2026-02-17T20:06:36.490 INFO:teuthology.orchestra.run.trial097.stdout:/usr/bin/ceph: stderr
2026-02-17T20:06:36.377+0000 7fb130ff9640 1 -- 10.20.193.97:0/1550905316 <== mon.0 v2:10.20.193.97:3300/0 6 ==== mon_command_ack([{"prefix": "get_command_descriptions"}]=0 v0) ==== 72+0+195034 (secure 0 0 0) 0x7fb120033200 con 0x7fb13410a3d0
2026-02-17T20:06:36.490 INFO:teuthology.orchestra.run.trial097.stdout:/usr/bin/ceph: stderr
2026-02-17T20:06:36.467+0000 7fb13a0a6640 1 -- 10.20.193.97:0/1550905316 --> [v2:10.20.193.97:6800/1755328834,v1:10.20.193.97:6801/1755328834] -- mgr_command(tid 0: {"prefix": "orch apply", "service_type": "mgr", "unmanaged": true, "target": ["mon-mgr", ""]}) -- 0x7fb134108600 con 0x7fb10803db50
2026-02-17T20:06:36.490 INFO:teuthology.orchestra.run.trial097.stdout:/usr/bin/ceph: stderr
2026-02-17T20:06:36.470+0000 7fb130ff9640 1 -- 10.20.193.97:0/1550905316 <== mgr.14118 v2:10.20.193.97:6800/1755328834 1 ==== mgr_command_reply(tid 0: 0 ) ==== 8+0+24 (secure 0 0 0) 0x7fb134108600 con 0x7fb10803db50
2026-02-17T20:06:36.491 INFO:teuthology.orchestra.run.trial097.stdout:/usr/bin/ceph: stderr
2026-02-17T20:06:36.471+0000 7fb13a0a6640 1 -- 10.20.193.97:0/1550905316 >> [v2:10.20.193.97:6800/1755328834,v1:10.20.193.97:6801/1755328834] conn(0x7fb10803db50 msgr2=0x7fb108040010 secure :-1 s=STATE_CONNECTION_ESTABLISHED l=1).mark_down
2026-02-17T20:06:36.491 INFO:teuthology.orchestra.run.trial097.stdout:/usr/bin/ceph: stderr
2026-02-17T20:06:36.471+0000 7fb13a0a6640 1 --2- 10.20.193.97:0/1550905316 >> [v2:10.20.193.97:6800/1755328834,v1:10.20.193.97:6801/1755328834] conn(0x7fb10803db50 0x7fb108040010 secure :-1 s=READY pgs=13 cs=0 l=1 rev1=1 crypto rx=0x7fb1240099c0 tx=0x7fb124006eb0 comp rx=0 tx=0).stop
2026-02-17T20:06:36.491 INFO:teuthology.orchestra.run.trial097.stdout:/usr/bin/ceph: stderr
2026-02-17T20:06:36.471+0000 7fb13a0a6640 1 -- 10.20.193.97:0/1550905316 >> [v2:10.20.193.97:3300/0,v1:10.20.193.97:6789/0] conn(0x7fb13410a3d0 msgr2=0x7fb1341a01d0 secure :-1 s=STATE_CONNECTION_ESTABLISHED l=1).mark_down
2026-02-17T20:06:36.491 INFO:teuthology.orchestra.run.trial097.stdout:/usr/bin/ceph: stderr
2026-02-17T20:06:36.471+0000 7fb13a0a6640 1 --2- 10.20.193.97:0/1550905316 >> [v2:10.20.193.97:3300/0,v1:10.20.193.97:6789/0] conn(0x7fb13410a3d0 0x7fb1341a01d0 secure :-1 s=READY pgs=48 cs=0 l=1 rev1=1 crypto rx=0x7fb120006fd0 tx=0x7fb120037bb0 comp rx=0 tx=0).stop
2026-02-17T20:06:36.491 INFO:teuthology.orchestra.run.trial097.stdout:/usr/bin/ceph: stderr
2026-02-17T20:06:36.471+0000 7fb13a0a6640 1 -- 10.20.193.97:0/1550905316 shutdown_connections
2026-02-17T20:06:36.491 INFO:teuthology.orchestra.run.trial097.stdout:/usr/bin/ceph: stderr
2026-02-17T20:06:36.471+0000 7fb13a0a6640 1 --2- 10.20.193.97:0/1550905316 >> [v2:10.20.193.97:6800/1755328834,v1:10.20.193.97:6801/1755328834] conn(0x7fb10803db50 0x7fb108040010 unknown :-1 s=CLOSED pgs=13 cs=0 l=1 rev1=1 crypto rx=0 tx=0 comp rx=0 tx=0).stop
2026-02-17T20:06:36.491 INFO:teuthology.orchestra.run.trial097.stdout:/usr/bin/ceph: stderr
2026-02-17T20:06:36.471+0000 7fb13a0a6640 1 --2- 10.20.193.97:0/1550905316 >> [v2:10.20.193.97:3300/0,v1:10.20.193.97:6789/0] conn(0x7fb13410a3d0 0x7fb1341a01d0 unknown :-1 s=CLOSED pgs=48 cs=0 l=1 rev1=1 crypto rx=0 tx=0 comp rx=0 tx=0).stop
2026-02-17T20:06:36.491 INFO:teuthology.orchestra.run.trial097.stdout:/usr/bin/ceph: stderr
2026-02-17T20:06:36.471+0000 7fb13a0a6640 1 -- 10.20.193.97:0/1550905316 >> 10.20.193.97:0/1550905316 conn(0x7fb13407d9e0 msgr2=0x7fb134107ef0 unknown :-1 s=STATE_NONE l=0).mark_down
2026-02-17T20:06:36.491 INFO:teuthology.orchestra.run.trial097.stdout:/usr/bin/ceph: stderr
2026-02-17T20:06:36.471+0000 7fb13a0a6640 1 -- 10.20.193.97:0/1550905316 shutdown_connections
2026-02-17T20:06:36.491 INFO:teuthology.orchestra.run.trial097.stdout:/usr/bin/ceph: stderr
2026-02-17T20:06:36.471+0000 7fb13a0a6640 1 -- 10.20.193.97:0/1550905316 wait complete.
2026-02-17T20:06:36.707 INFO:teuthology.orchestra.run.trial097.stdout:/usr/bin/ceph: stderr
2026-02-17T20:06:36.596+0000 7f3493120640 1 Processor -- start
2026-02-17T20:06:36.707 INFO:teuthology.orchestra.run.trial097.stdout:/usr/bin/ceph: stderr
2026-02-17T20:06:36.596+0000 7f3493120640 1 -- start start
2026-02-17T20:06:36.707 INFO:teuthology.orchestra.run.trial097.stdout:/usr/bin/ceph: stderr
2026-02-17T20:06:36.596+0000 7f3493120640 1 --2- >> [v2:10.20.193.97:3300/0,v1:10.20.193.97:6789/0] conn(0x7f348c10a250 0x7f348c10a650 unknown :-1 s=NONE pgs=0 cs=0 l=0 rev1=0 crypto rx=0 tx=0 comp rx=0 tx=0).connect
2026-02-17T20:06:36.707 INFO:teuthology.orchestra.run.trial097.stdout:/usr/bin/ceph: stderr
2026-02-17T20:06:36.596+0000 7f3493120640 1 -- --> [v2:10.20.193.97:3300/0,v1:10.20.193.97:6789/0] -- mon_getmap magic: 0 -- 0x7f348c10ac20 con 0x7f348c10a250
2026-02-17T20:06:36.707 INFO:teuthology.orchestra.run.trial097.stdout:/usr/bin/ceph: stderr
2026-02-17T20:06:36.597+0000 7f349211e640 1 --2- >> [v2:10.20.193.97:3300/0,v1:10.20.193.97:6789/0] conn(0x7f348c10a250 0x7f348c10a650 unknown :-1 s=BANNER_CONNECTING pgs=0 cs=0 l=0 rev1=0 crypto rx=0 tx=0 comp rx=0 tx=0)._handle_peer_banner_payload supported=3 required=0
2026-02-17T20:06:36.708 INFO:teuthology.orchestra.run.trial097.stdout:/usr/bin/ceph: stderr
2026-02-17T20:06:36.597+0000 7f349211e640 1 --2- >> [v2:10.20.193.97:3300/0,v1:10.20.193.97:6789/0] conn(0x7f348c10a250 0x7f348c10a650 unknown :-1 s=HELLO_CONNECTING pgs=0 cs=0 l=0 rev1=1 crypto rx=0 tx=0 comp rx=0 tx=0).handle_hello peer v2:10.20.193.97:3300/0 says I am v2:10.20.193.97:48440/0 (socket says 10.20.193.97:48440)
2026-02-17T20:06:36.708 INFO:teuthology.orchestra.run.trial097.stdout:/usr/bin/ceph: stderr
2026-02-17T20:06:36.597+0000 7f349211e640 1 -- 10.20.193.97:0/2316306870 learned_addr learned my addr 10.20.193.97:0/2316306870 (peer_addr_for_me v2:10.20.193.97:0/0)
2026-02-17T20:06:36.708 INFO:teuthology.orchestra.run.trial097.stdout:/usr/bin/ceph: stderr
2026-02-17T20:06:36.597+0000 7f349211e640 1 -- 10.20.193.97:0/2316306870 --> [v2:10.20.193.97:3300/0,v1:10.20.193.97:6789/0] -- mon_subscribe({config=0+,monmap=0+}) -- 0x7f348c10b3a0 con 0x7f348c10a250
2026-02-17T20:06:36.708 INFO:teuthology.orchestra.run.trial097.stdout:/usr/bin/ceph: stderr
2026-02-17T20:06:36.597+0000 7f349211e640 1 --2- 10.20.193.97:0/2316306870 >> [v2:10.20.193.97:3300/0,v1:10.20.193.97:6789/0] conn(0x7f348c10a250 0x7f348c10a650 secure :-1 s=READY pgs=49 cs=0 l=1 rev1=1 crypto rx=0x7f347c009920 tx=0x7f347c02ef20 comp rx=0 tx=0).ready entity=mon.0 client_cookie=ef36a8071dcbee88 server_cookie=0 in_seq=0 out_seq=0
2026-02-17T20:06:36.708 INFO:teuthology.orchestra.run.trial097.stdout:/usr/bin/ceph: stderr
2026-02-17T20:06:36.597+0000 7f349111c640 1 -- 10.20.193.97:0/2316306870 <== mon.0 v2:10.20.193.97:3300/0 1 ==== mon_map magic: 0 ==== 205+0+0 (secure 0 0 0) 0x7f347c03c070 con 0x7f348c10a250
2026-02-17T20:06:36.708 INFO:teuthology.orchestra.run.trial097.stdout:/usr/bin/ceph: stderr
2026-02-17T20:06:36.597+0000 7f349111c640 1 -- 10.20.193.97:0/2316306870 <== mon.0 v2:10.20.193.97:3300/0 2 ==== config(26 keys) ==== 1076+0+0 (secure 0 0 0) 0x7f347c037440 con 0x7f348c10a250
2026-02-17T20:06:36.708 INFO:teuthology.orchestra.run.trial097.stdout:/usr/bin/ceph: stderr
2026-02-17T20:06:36.597+0000 7f349111c640 1 -- 10.20.193.97:0/2316306870 <== mon.0 v2:10.20.193.97:3300/0 3 ==== mon_map magic: 0 ==== 205+0+0 (secure 0 0 0) 0x7f347c0354d0 con 0x7f348c10a250
2026-02-17T20:06:36.708 INFO:teuthology.orchestra.run.trial097.stdout:/usr/bin/ceph: stderr
2026-02-17T20:06:36.598+0000 7f3493120640 1 -- 10.20.193.97:0/2316306870 >> [v2:10.20.193.97:3300/0,v1:10.20.193.97:6789/0] conn(0x7f348c10a250 msgr2=0x7f348c10a650 secure :-1 s=STATE_CONNECTION_ESTABLISHED l=1).mark_down
2026-02-17T20:06:36.708 INFO:teuthology.orchestra.run.trial097.stdout:/usr/bin/ceph: stderr
2026-02-17T20:06:36.598+0000 7f3493120640 1 --2- 10.20.193.97:0/2316306870 >> [v2:10.20.193.97:3300/0,v1:10.20.193.97:6789/0] conn(0x7f348c10a250 0x7f348c10a650 secure :-1 s=READY pgs=49 cs=0 l=1 rev1=1 crypto rx=0x7f347c009920 tx=0x7f347c02ef20 comp rx=0 tx=0).stop
2026-02-17T20:06:36.708 INFO:teuthology.orchestra.run.trial097.stdout:/usr/bin/ceph: stderr
2026-02-17T20:06:36.598+0000 7f3493120640 1 -- 10.20.193.97:0/2316306870 shutdown_connections
2026-02-17T20:06:36.708 INFO:teuthology.orchestra.run.trial097.stdout:/usr/bin/ceph: stderr
2026-02-17T20:06:36.598+0000 7f3493120640 1 --2- 10.20.193.97:0/2316306870 >> [v2:10.20.193.97:3300/0,v1:10.20.193.97:6789/0] conn(0x7f348c10a250 0x7f348c10a650 unknown :-1 s=CLOSED pgs=49 cs=0 l=1 rev1=1 crypto rx=0 tx=0 comp rx=0 tx=0).stop
2026-02-17T20:06:36.708 INFO:teuthology.orchestra.run.trial097.stdout:/usr/bin/ceph: stderr
2026-02-17T20:06:36.598+0000 7f3493120640 1 -- 10.20.193.97:0/2316306870 >> 10.20.193.97:0/2316306870 conn(0x7f348c07da10 msgr2=0x7f348c1086b0 unknown :-1 s=STATE_NONE l=0).mark_down
2026-02-17T20:06:36.709 INFO:teuthology.orchestra.run.trial097.stdout:/usr/bin/ceph: stderr
2026-02-17T20:06:36.598+0000 7f3493120640 1 -- 10.20.193.97:0/2316306870 shutdown_connections
2026-02-17T20:06:36.709 INFO:teuthology.orchestra.run.trial097.stdout:/usr/bin/ceph: stderr
2026-02-17T20:06:36.598+0000 7f3493120640 1 -- 10.20.193.97:0/2316306870 wait complete.
2026-02-17T20:06:36.709 INFO:teuthology.orchestra.run.trial097.stdout:/usr/bin/ceph: stderr
2026-02-17T20:06:36.598+0000 7f3493120640 1 Processor -- start
2026-02-17T20:06:36.709 INFO:teuthology.orchestra.run.trial097.stdout:/usr/bin/ceph: stderr
2026-02-17T20:06:36.598+0000 7f3493120640 1 -- start start
2026-02-17T20:06:36.709 INFO:teuthology.orchestra.run.trial097.stdout:/usr/bin/ceph: stderr
2026-02-17T20:06:36.598+0000 7f3493120640 1 --2- >> [v2:10.20.193.97:3300/0,v1:10.20.193.97:6789/0] conn(0x7f348c10a250 0x7f348c19ffb0 unknown :-1 s=NONE pgs=0 cs=0 l=1 rev1=0 crypto rx=0 tx=0 comp rx=0 tx=0).connect
2026-02-17T20:06:36.709 INFO:teuthology.orchestra.run.trial097.stdout:/usr/bin/ceph: stderr
2026-02-17T20:06:36.598+0000 7f3493120640 1 -- --> [v2:10.20.193.97:3300/0,v1:10.20.193.97:6789/0] -- mon_getmap magic: 0 -- 0x7f348c10e5d0 con 0x7f348c10a250
2026-02-17T20:06:36.709 INFO:teuthology.orchestra.run.trial097.stdout:/usr/bin/ceph: stderr
2026-02-17T20:06:36.598+0000 7f349211e640 1 --2- >> [v2:10.20.193.97:3300/0,v1:10.20.193.97:6789/0] conn(0x7f348c10a250 0x7f348c19ffb0 unknown :-1 s=BANNER_CONNECTING pgs=0 cs=0 l=1 rev1=0 crypto rx=0 tx=0 comp rx=0 tx=0)._handle_peer_banner_payload supported=3 required=0
2026-02-17T20:06:36.709 INFO:teuthology.orchestra.run.trial097.stdout:/usr/bin/ceph: stderr
2026-02-17T20:06:36.598+0000 7f349211e640 1 --2- >> [v2:10.20.193.97:3300/0,v1:10.20.193.97:6789/0] conn(0x7f348c10a250 0x7f348c19ffb0 unknown :-1 s=HELLO_CONNECTING pgs=0 cs=0 l=1 rev1=1 crypto rx=0 tx=0 comp rx=0 tx=0).handle_hello peer v2:10.20.193.97:3300/0 says I am v2:10.20.193.97:48454/0 (socket says 10.20.193.97:48454)
2026-02-17T20:06:36.709 INFO:teuthology.orchestra.run.trial097.stdout:/usr/bin/ceph: stderr
2026-02-17T20:06:36.598+0000 7f349211e640 1 -- 10.20.193.97:0/2442161420 learned_addr learned my addr 10.20.193.97:0/2442161420 (peer_addr_for_me v2:10.20.193.97:0/0)
2026-02-17T20:06:36.709 INFO:teuthology.orchestra.run.trial097.stdout:/usr/bin/ceph: stderr
2026-02-17T20:06:36.598+0000 7f349211e640 1 -- 10.20.193.97:0/2442161420 --> [v2:10.20.193.97:3300/0,v1:10.20.193.97:6789/0] -- mon_subscribe({config=0+,monmap=0+}) -- 0x7f348c1a04f0 con 0x7f348c10a250
2026-02-17T20:06:36.709 INFO:teuthology.orchestra.run.trial097.stdout:/usr/bin/ceph: stderr
2026-02-17T20:06:36.599+0000 7f349211e640 1 --2- 10.20.193.97:0/2442161420 >> [v2:10.20.193.97:3300/0,v1:10.20.193.97:6789/0] conn(0x7f348c10a250 0x7f348c19ffb0 secure :-1 s=READY pgs=50 cs=0 l=1 rev1=1 crypto rx=0x7f347c009a50 tx=0x7f347c037820 comp rx=0 tx=0).ready entity=mon.0 client_cookie=0 server_cookie=0 in_seq=0 out_seq=0
2026-02-17T20:06:36.709 INFO:teuthology.orchestra.run.trial097.stdout:/usr/bin/ceph: stderr
2026-02-17T20:06:36.599+0000 7f34737fe640 1 -- 10.20.193.97:0/2442161420 <== mon.0 v2:10.20.193.97:3300/0 1 ==== mon_map magic: 0 ==== 205+0+0 (secure 0 0 0) 0x7f347c047070 con 0x7f348c10a250
2026-02-17T20:06:36.710 INFO:teuthology.orchestra.run.trial097.stdout:/usr/bin/ceph: stderr
2026-02-17T20:06:36.599+0000 7f34737fe640 1 -- 10.20.193.97:0/2442161420 <== mon.0 v2:10.20.193.97:3300/0 2 ==== config(26 keys) ==== 1076+0+0 (secure 0 0 0) 0x7f347c035da0 con 0x7f348c10a250
2026-02-17T20:06:36.710 INFO:teuthology.orchestra.run.trial097.stdout:/usr/bin/ceph: stderr
2026-02-17T20:06:36.599+0000 7f3493120640 1 -- 10.20.193.97:0/2442161420 --> [v2:10.20.193.97:3300/0,v1:10.20.193.97:6789/0] -- mon_subscribe({mgrmap=0+}) -- 0x7f348c1a0780 con 0x7f348c10a250
2026-02-17T20:06:36.710 INFO:teuthology.orchestra.run.trial097.stdout:/usr/bin/ceph: stderr
2026-02-17T20:06:36.599+0000 7f34737fe640 1 -- 10.20.193.97:0/2442161420 <== mon.0 v2:10.20.193.97:3300/0 3 ==== mon_map magic: 0 ==== 205+0+0 (secure 0 0 0) 0x7f347c03c070 con 0x7f348c10a250
2026-02-17T20:06:36.710 INFO:teuthology.orchestra.run.trial097.stdout:/usr/bin/ceph: stderr
2026-02-17T20:06:36.599+0000 7f3493120640 1 -- 10.20.193.97:0/2442161420 --> [v2:10.20.193.97:3300/0,v1:10.20.193.97:6789/0] -- mon_subscribe({osdmap=0}) -- 0x7f348c1a3470 con 0x7f348c10a250
2026-02-17T20:06:36.710 INFO:teuthology.orchestra.run.trial097.stdout:/usr/bin/ceph: stderr
2026-02-17T20:06:36.599+0000 7f3493120640 1 -- 10.20.193.97:0/2442161420 --> [v2:10.20.193.97:3300/0,v1:10.20.193.97:6789/0] -- mon_command({"prefix": "get_command_descriptions"} v 0) -- 0x7f348c10a6d0 con 0x7f348c10a250
2026-02-17T20:06:36.710 INFO:teuthology.orchestra.run.trial097.stdout:/usr/bin/ceph: stderr
2026-02-17T20:06:36.599+0000 7f34737fe640 1 -- 10.20.193.97:0/2442161420 <== mon.0 v2:10.20.193.97:3300/0 4 ==== mgrmap(e 8) ==== 50247+0+0 (secure 0 0 0) 0x7f347c0426a0 con 0x7f348c10a250
2026-02-17T20:06:36.710 INFO:teuthology.orchestra.run.trial097.stdout:/usr/bin/ceph: stderr
2026-02-17T20:06:36.599+0000 7f34737fe640 1 --2- 10.20.193.97:0/2442161420 >> [v2:10.20.193.97:6800/1755328834,v1:10.20.193.97:6801/1755328834] conn(0x7f346803dbf0 0x7f34680400b0 unknown :-1 s=NONE pgs=0 cs=0 l=1 rev1=0 crypto rx=0 tx=0 comp rx=0 tx=0).connect
2026-02-17T20:06:36.710 INFO:teuthology.orchestra.run.trial097.stdout:/usr/bin/ceph: stderr
2026-02-17T20:06:36.599+0000 7f34737fe640 1 -- 10.20.193.97:0/2442161420 <== mon.0 v2:10.20.193.97:3300/0 5 ==== osd_map(2..2 src has 1..2) ==== 940+0+0 (secure 0 0 0) 0x7f347c076bb0 con 0x7f348c10a250
2026-02-17T20:06:36.710 INFO:teuthology.orchestra.run.trial097.stdout:/usr/bin/ceph: stderr
2026-02-17T20:06:36.600+0000 7f349191d640 1 --2- 10.20.193.97:0/2442161420 >> [v2:10.20.193.97:6800/1755328834,v1:10.20.193.97:6801/1755328834] conn(0x7f346803dbf0 0x7f34680400b0 unknown :-1 s=BANNER_CONNECTING pgs=0 cs=0 l=1 rev1=0 crypto rx=0 tx=0 comp rx=0 tx=0)._handle_peer_banner_payload supported=3 required=0
2026-02-17T20:06:36.710 INFO:teuthology.orchestra.run.trial097.stdout:/usr/bin/ceph: stderr
2026-02-17T20:06:36.600+0000 7f349191d640 1 --2- 10.20.193.97:0/2442161420 >> [v2:10.20.193.97:6800/1755328834,v1:10.20.193.97:6801/1755328834] conn(0x7f346803dbf0 0x7f34680400b0 secure :-1 s=READY pgs=14 cs=0 l=1 rev1=1 crypto rx=0x7f34800099c0 tx=0x7f3480006eb0 comp rx=0 tx=0).ready entity=mgr.14118 client_cookie=0 server_cookie=0 in_seq=0 out_seq=0
2026-02-17T20:06:36.710 INFO:teuthology.orchestra.run.trial097.stdout:/usr/bin/ceph: stderr
2026-02-17T20:06:36.602+0000 7f34737fe640 1 -- 10.20.193.97:0/2442161420 <== mon.0 v2:10.20.193.97:3300/0 6 ==== mon_command_ack([{"prefix": "get_command_descriptions"}]=0 v0) ==== 72+0+195034 (secure 0 0 0) 0x7f347c0342a0 con 0x7f348c10a250
2026-02-17T20:06:36.710 INFO:teuthology.orchestra.run.trial097.stdout:/usr/bin/ceph: stderr
2026-02-17T20:06:36.687+0000 7f3493120640 1 -- 10.20.193.97:0/2442161420 --> [v2:10.20.193.97:3300/0,v1:10.20.193.97:6789/0] -- mon_command([{prefix=config set, name=mgr/cephadm/container_init}] v 0) -- 0x7f348c1a3b10 con 0x7f348c10a250
2026-02-17T20:06:36.711 INFO:teuthology.orchestra.run.trial097.stdout:/usr/bin/ceph: stderr
2026-02-17T20:06:36.689+0000 7f34737fe640 1 -- 10.20.193.97:0/2442161420 <== mon.0 v2:10.20.193.97:3300/0 7 ==== mon_command_ack([{prefix=config set, name=mgr/cephadm/container_init}]=0 v7)=0 v7) ==== 142+0+0 (secure 0 0 0) 0x7f347c033c90 con 0x7f348c10a250
2026-02-17T20:06:36.711 INFO:teuthology.orchestra.run.trial097.stdout:/usr/bin/ceph: stderr
2026-02-17T20:06:36.691+0000 7f3493120640 1 -- 10.20.193.97:0/2442161420 >> [v2:10.20.193.97:6800/1755328834,v1:10.20.193.97:6801/1755328834] conn(0x7f346803dbf0 msgr2=0x7f34680400b0 secure :-1 s=STATE_CONNECTION_ESTABLISHED l=1).mark_down
2026-02-17T20:06:36.711 INFO:teuthology.orchestra.run.trial097.stdout:/usr/bin/ceph: stderr
2026-02-17T20:06:36.691+0000 7f3493120640 1 --2- 10.20.193.97:0/2442161420 >> [v2:10.20.193.97:6800/1755328834,v1:10.20.193.97:6801/1755328834] conn(0x7f346803dbf0 0x7f34680400b0 secure :-1 s=READY pgs=14 cs=0 l=1 rev1=1 crypto rx=0x7f34800099c0 tx=0x7f3480006eb0 comp rx=0 tx=0).stop
2026-02-17T20:06:36.711 INFO:teuthology.orchestra.run.trial097.stdout:/usr/bin/ceph: stderr
2026-02-17T20:06:36.691+0000 7f3493120640 1 -- 10.20.193.97:0/2442161420 >> [v2:10.20.193.97:3300/0,v1:10.20.193.97:6789/0] conn(0x7f348c10a250 msgr2=0x7f348c19ffb0 secure :-1 s=STATE_CONNECTION_ESTABLISHED l=1).mark_down
2026-02-17T20:06:36.711 INFO:teuthology.orchestra.run.trial097.stdout:/usr/bin/ceph: stderr
2026-02-17T20:06:36.691+0000 7f3493120640 1 --2- 10.20.193.97:0/2442161420 >> [v2:10.20.193.97:3300/0,v1:10.20.193.97:6789/0] conn(0x7f348c10a250 0x7f348c19ffb0 secure :-1 s=READY pgs=50 cs=0 l=1 rev1=1 crypto rx=0x7f347c009a50 tx=0x7f347c037820 comp rx=0 tx=0).stop
2026-02-17T20:06:36.711 INFO:teuthology.orchestra.run.trial097.stdout:/usr/bin/ceph: stderr
2026-02-17T20:06:36.691+0000 7f3493120640 1 -- 10.20.193.97:0/2442161420 shutdown_connections
2026-02-17T20:06:36.711 INFO:teuthology.orchestra.run.trial097.stdout:/usr/bin/ceph: stderr
2026-02-17T20:06:36.691+0000 7f3493120640 1 --2- 10.20.193.97:0/2442161420 >> [v2:10.20.193.97:6800/1755328834,v1:10.20.193.97:6801/1755328834] conn(0x7f346803dbf0 0x7f34680400b0 unknown :-1 s=CLOSED pgs=14 cs=0 l=1 rev1=1 crypto rx=0 tx=0 comp rx=0 tx=0).stop
2026-02-17T20:06:36.711 INFO:teuthology.orchestra.run.trial097.stdout:/usr/bin/ceph: stderr
2026-02-17T20:06:36.691+0000 7f3493120640 1 --2- 10.20.193.97:0/2442161420 >> [v2:10.20.193.97:3300/0,v1:10.20.193.97:6789/0] conn(0x7f348c10a250 0x7f348c19ffb0 unknown :-1 s=CLOSED pgs=50 cs=0 l=1 rev1=1 crypto rx=0 tx=0 comp rx=0 tx=0).stop
2026-02-17T20:06:36.711 INFO:teuthology.orchestra.run.trial097.stdout:/usr/bin/ceph: stderr
2026-02-17T20:06:36.691+0000 7f3493120640 1 -- 10.20.193.97:0/2442161420 >> 10.20.193.97:0/2442161420 conn(0x7f348c07da10 msgr2=0x7f348c107dc0 unknown :-1 s=STATE_NONE l=0).mark_down
2026-02-17T20:06:36.711 INFO:teuthology.orchestra.run.trial097.stdout:/usr/bin/ceph: stderr
2026-02-17T20:06:36.691+0000 7f3493120640 1 -- 10.20.193.97:0/2442161420 shutdown_connections
2026-02-17T20:06:36.711 INFO:teuthology.orchestra.run.trial097.stdout:/usr/bin/ceph: stderr
2026-02-17T20:06:36.691+0000 7f3493120640 1 -- 10.20.193.97:0/2442161420 wait complete.
2026-02-17T20:06:36.758 INFO:journalctl@ceph.mon.a.trial097.stdout:Feb 17 20:06:36 trial097 ceph-mon[24678]: Deploying cephadm binary to trial097
2026-02-17T20:06:36.758 INFO:journalctl@ceph.mon.a.trial097.stdout:Feb 17 20:06:36 trial097 ceph-mon[24678]: from='mgr.14118 10.20.193.97:0/2778069685' entity='mgr.x'
2026-02-17T20:06:36.758 INFO:journalctl@ceph.mon.a.trial097.stdout:Feb 17 20:06:36 trial097 ceph-mon[24678]: from='mgr.14118 10.20.193.97:0/2778069685' entity='mgr.x' cmd=[{"prefix": "config dump", "format": "json"}]: dispatch
2026-02-17T20:06:36.759 INFO:journalctl@ceph.mon.a.trial097.stdout:Feb 17 20:06:36 trial097 ceph-mon[24678]: from='mgr.14118 10.20.193.97:0/2778069685' entity='mgr.x'
2026-02-17T20:06:36.759 INFO:journalctl@ceph.mon.a.trial097.stdout:Feb 17 20:06:36 trial097 ceph-mon[24678]: from='mgr.14118 10.20.193.97:0/2778069685' entity='mgr.x'
2026-02-17T20:06:36.759 INFO:journalctl@ceph.mon.a.trial097.stdout:Feb 17 20:06:36 trial097 ceph-mon[24678]: from='mgr.14118 10.20.193.97:0/2778069685' entity='mgr.x'
2026-02-17T20:06:36.759 INFO:journalctl@ceph.mon.a.trial097.stdout:Feb 17 20:06:36 trial097 ceph-mon[24678]: from='mgr.14118 10.20.193.97:0/2778069685' entity='mgr.x'
2026-02-17T20:06:36.759 INFO:journalctl@ceph.mon.a.trial097.stdout:Feb 17 20:06:36 trial097 ceph-mon[24678]: from='client.? 10.20.193.97:0/2442161420' entity='client.admin'
2026-02-17T20:06:36.936 INFO:teuthology.orchestra.run.trial097.stdout:/usr/bin/ceph: stderr
2026-02-17T20:06:36.812+0000 7fcd097d4640 1 Processor -- start
2026-02-17T20:06:36.936 INFO:teuthology.orchestra.run.trial097.stdout:/usr/bin/ceph: stderr
2026-02-17T20:06:36.812+0000 7fcd097d4640 1 -- start start
2026-02-17T20:06:36.936 INFO:teuthology.orchestra.run.trial097.stdout:/usr/bin/ceph: stderr
2026-02-17T20:06:36.812+0000 7fcd097d4640 1 --2- >> [v2:10.20.193.97:3300/0,v1:10.20.193.97:6789/0] conn(0x7fcd0410a3d0 0x7fcd0410a7d0 unknown :-1 s=NONE pgs=0 cs=0 l=0 rev1=0 crypto rx=0 tx=0 comp rx=0 tx=0).connect
2026-02-17T20:06:36.936 INFO:teuthology.orchestra.run.trial097.stdout:/usr/bin/ceph: stderr
2026-02-17T20:06:36.812+0000 7fcd097d4640 1 -- --> [v2:10.20.193.97:3300/0,v1:10.20.193.97:6789/0] -- mon_getmap magic: 0 -- 0x7fcd0410ada0 con 0x7fcd0410a3d0
2026-02-17T20:06:36.936 INFO:teuthology.orchestra.run.trial097.stdout:/usr/bin/ceph: stderr
2026-02-17T20:06:36.812+0000 7fcd02ffd640 1 --2- >> [v2:10.20.193.97:3300/0,v1:10.20.193.97:6789/0] conn(0x7fcd0410a3d0 0x7fcd0410a7d0 unknown :-1 s=BANNER_CONNECTING pgs=0 cs=0 l=0 rev1=0 crypto rx=0 tx=0 comp rx=0 tx=0)._handle_peer_banner_payload supported=3 required=0
2026-02-17T20:06:36.936 INFO:teuthology.orchestra.run.trial097.stdout:/usr/bin/ceph: stderr
2026-02-17T20:06:36.812+0000 7fcd02ffd640 1 --2- >> [v2:10.20.193.97:3300/0,v1:10.20.193.97:6789/0] conn(0x7fcd0410a3d0 0x7fcd0410a7d0 unknown :-1 s=HELLO_CONNECTING pgs=0 cs=0 l=0 rev1=1 crypto rx=0 tx=0 comp rx=0 tx=0).handle_hello peer v2:10.20.193.97:3300/0 says I am v2:10.20.193.97:48468/0 (socket says 10.20.193.97:48468)
2026-02-17T20:06:36.936 INFO:teuthology.orchestra.run.trial097.stdout:/usr/bin/ceph: stderr
2026-02-17T20:06:36.812+0000 7fcd02ffd640 1 -- 10.20.193.97:0/3750345451 learned_addr learned my addr 10.20.193.97:0/3750345451 (peer_addr_for_me v2:10.20.193.97:0/0)
2026-02-17T20:06:36.936 INFO:teuthology.orchestra.run.trial097.stdout:/usr/bin/ceph: stderr
2026-02-17T20:06:36.813+0000 7fcd02ffd640 1 -- 10.20.193.97:0/3750345451 --> [v2:10.20.193.97:3300/0,v1:10.20.193.97:6789/0] -- mon_subscribe({config=0+,monmap=0+}) -- 0x7fcd0410b580 con 0x7fcd0410a3d0
2026-02-17T20:06:36.937 INFO:teuthology.orchestra.run.trial097.stdout:/usr/bin/ceph: stderr
2026-02-17T20:06:36.813+0000 7fcd02ffd640 1 --2- 10.20.193.97:0/3750345451 >> [v2:10.20.193.97:3300/0,v1:10.20.193.97:6789/0] conn(0x7fcd0410a3d0 0x7fcd0410a7d0 secure :-1 s=READY pgs=51 cs=0 l=1 rev1=1 crypto rx=0x7fccf8009920 tx=0x7fccf802ef20 comp rx=0 tx=0).ready entity=mon.0 client_cookie=1d7498872dc1cd89 server_cookie=0 in_seq=0 out_seq=0
2026-02-17T20:06:36.937 INFO:teuthology.orchestra.run.trial097.stdout:/usr/bin/ceph: stderr
2026-02-17T20:06:36.813+0000 7fcd01ffb640 1 -- 10.20.193.97:0/3750345451 <== mon.0 v2:10.20.193.97:3300/0 1 ==== mon_map magic: 0 ==== 205+0+0 (secure 0 0 0) 0x7fccf803c070 con 0x7fcd0410a3d0
2026-02-17T20:06:36.937 INFO:teuthology.orchestra.run.trial097.stdout:/usr/bin/ceph: stderr
2026-02-17T20:06:36.813+0000 7fcd01ffb640 1 -- 10.20.193.97:0/3750345451 <== mon.0 v2:10.20.193.97:3300/0 2 ==== config(26 keys) ==== 1076+0+0 (secure 0 0 0) 0x7fccf8037440 con 0x7fcd0410a3d0
2026-02-17T20:06:36.937 INFO:teuthology.orchestra.run.trial097.stdout:/usr/bin/ceph: stderr
2026-02-17T20:06:36.813+0000 7fcd01ffb640 1 -- 10.20.193.97:0/3750345451 <== mon.0 v2:10.20.193.97:3300/0 3 ==== mon_map magic: 0 ==== 205+0+0 (secure 0 0 0) 0x7fccf80354d0 con 0x7fcd0410a3d0
2026-02-17T20:06:36.937 INFO:teuthology.orchestra.run.trial097.stdout:/usr/bin/ceph: stderr
2026-02-17T20:06:36.814+0000 7fcd097d4640 1 -- 10.20.193.97:0/3750345451 >> [v2:10.20.193.97:3300/0,v1:10.20.193.97:6789/0] conn(0x7fcd0410a3d0 msgr2=0x7fcd0410a7d0 secure :-1 s=STATE_CONNECTION_ESTABLISHED l=1).mark_down
2026-02-17T20:06:36.937 INFO:teuthology.orchestra.run.trial097.stdout:/usr/bin/ceph: stderr
2026-02-17T20:06:36.814+0000 7fcd097d4640 1 --2- 10.20.193.97:0/3750345451 >> [v2:10.20.193.97:3300/0,v1:10.20.193.97:6789/0] conn(0x7fcd0410a3d0 0x7fcd0410a7d0 secure :-1 s=READY pgs=51 cs=0 l=1 rev1=1 crypto rx=0x7fccf8009920 tx=0x7fccf802ef20 comp rx=0 tx=0).stop
2026-02-17T20:06:36.937 INFO:teuthology.orchestra.run.trial097.stdout:/usr/bin/ceph: stderr
2026-02-17T20:06:36.814+0000 7fcd097d4640 1 -- 10.20.193.97:0/3750345451 shutdown_connections
2026-02-17T20:06:36.937 INFO:teuthology.orchestra.run.trial097.stdout:/usr/bin/ceph: stderr
2026-02-17T20:06:36.814+0000 7fcd097d4640 1 --2- 10.20.193.97:0/3750345451 >> [v2:10.20.193.97:3300/0,v1:10.20.193.97:6789/0] conn(0x7fcd0410a3d0 0x7fcd0410a7d0 unknown :-1 s=CLOSED pgs=51 cs=0 l=1 rev1=1 crypto rx=0 tx=0 comp rx=0 tx=0).stop
2026-02-17T20:06:36.937 INFO:teuthology.orchestra.run.trial097.stdout:/usr/bin/ceph: stderr
2026-02-17T20:06:36.814+0000 7fcd097d4640 1 -- 10.20.193.97:0/3750345451 >> 10.20.193.97:0/3750345451 conn(0x7fcd0407d9e0 msgr2=0x7fcd041086b0 unknown :-1 s=STATE_NONE l=0).mark_down
2026-02-17T20:06:36.937 INFO:teuthology.orchestra.run.trial097.stdout:/usr/bin/ceph: stderr
2026-02-17T20:06:36.814+0000 7fcd097d4640 1 -- 10.20.193.97:0/3750345451 shutdown_connections
2026-02-17T20:06:36.937 INFO:teuthology.orchestra.run.trial097.stdout:/usr/bin/ceph: stderr
2026-02-17T20:06:36.814+0000 7fcd097d4640 1 -- 10.20.193.97:0/3750345451 wait complete.
2026-02-17T20:06:36.937 INFO:teuthology.orchestra.run.trial097.stdout:/usr/bin/ceph: stderr
2026-02-17T20:06:36.814+0000 7fcd097d4640 1 Processor -- start
2026-02-17T20:06:36.938 INFO:teuthology.orchestra.run.trial097.stdout:/usr/bin/ceph: stderr
2026-02-17T20:06:36.814+0000 7fcd097d4640 1 -- start start
2026-02-17T20:06:36.938 INFO:teuthology.orchestra.run.trial097.stdout:/usr/bin/ceph: stderr
2026-02-17T20:06:36.814+0000 7fcd097d4640 1 --2- >> [v2:10.20.193.97:3300/0,v1:10.20.193.97:6789/0] conn(0x7fcd0410a3d0 0x7fcd041a0170 unknown :-1 s=NONE pgs=0 cs=0 l=1 rev1=0 crypto rx=0 tx=0 comp rx=0 tx=0).connect
2026-02-17T20:06:36.938 INFO:teuthology.orchestra.run.trial097.stdout:/usr/bin/ceph: stderr
2026-02-17T20:06:36.814+0000 7fcd097d4640 1 -- --> [v2:10.20.193.97:3300/0,v1:10.20.193.97:6789/0] -- mon_getmap magic: 0 -- 0x7fcd0410e7b0 con 0x7fcd0410a3d0
2026-02-17T20:06:36.938 INFO:teuthology.orchestra.run.trial097.stdout:/usr/bin/ceph: stderr
2026-02-17T20:06:36.814+0000 7fcd02ffd640 1 --2- >> [v2:10.20.193.97:3300/0,v1:10.20.193.97:6789/0] conn(0x7fcd0410a3d0 0x7fcd041a0170 unknown :-1 s=BANNER_CONNECTING pgs=0 cs=0 l=1 rev1=0 crypto rx=0 tx=0 comp rx=0 tx=0)._handle_peer_banner_payload supported=3 required=0
2026-02-17T20:06:36.938 INFO:teuthology.orchestra.run.trial097.stdout:/usr/bin/ceph: stderr
2026-02-17T20:06:36.814+0000 7fcd02ffd640 1 --2- >> [v2:10.20.193.97:3300/0,v1:10.20.193.97:6789/0] conn(0x7fcd0410a3d0 0x7fcd041a0170 unknown :-1 s=HELLO_CONNECTING pgs=0 cs=0 l=1 rev1=1 crypto rx=0 tx=0 comp rx=0 tx=0).handle_hello peer v2:10.20.193.97:3300/0 says I am v2:10.20.193.97:48476/0 (socket says 10.20.193.97:48476)
2026-02-17T20:06:36.938 INFO:teuthology.orchestra.run.trial097.stdout:/usr/bin/ceph: stderr
2026-02-17T20:06:36.814+0000 7fcd02ffd640 1 -- 10.20.193.97:0/3915100877 learned_addr learned my addr 10.20.193.97:0/3915100877 (peer_addr_for_me v2:10.20.193.97:0/0)
2026-02-17T20:06:36.938 INFO:teuthology.orchestra.run.trial097.stdout:/usr/bin/ceph: stderr
2026-02-17T20:06:36.815+0000 7fcd02ffd640 1 -- 10.20.193.97:0/3915100877 --> [v2:10.20.193.97:3300/0,v1:10.20.193.97:6789/0] -- mon_subscribe({config=0+,monmap=0+}) -- 0x7fcd041a06b0 con 0x7fcd0410a3d0
2026-02-17T20:06:36.938 INFO:teuthology.orchestra.run.trial097.stdout:/usr/bin/ceph: stderr
2026-02-17T20:06:36.815+0000 7fcd02ffd640 1 --2- 10.20.193.97:0/3915100877 >> [v2:10.20.193.97:3300/0,v1:10.20.193.97:6789/0] conn(0x7fcd0410a3d0 0x7fcd041a0170 secure :-1 s=READY pgs=52 cs=0 l=1 rev1=1 crypto rx=0x7fccf8039000 tx=0x7fccf8037820 comp rx=0 tx=0).ready entity=mon.0 client_cookie=0 server_cookie=0 in_seq=0 out_seq=0
2026-02-17T20:06:36.938 INFO:teuthology.orchestra.run.trial097.stdout:/usr/bin/ceph: stderr
2026-02-17T20:06:36.815+0000 7fcce3fff640 1 -- 10.20.193.97:0/3915100877 <== mon.0 v2:10.20.193.97:3300/0 1 ==== mon_map magic: 0 ==== 205+0+0 (secure 0 0 0) 0x7fccf8047070 con 0x7fcd0410a3d0
2026-02-17T20:06:36.938 INFO:teuthology.orchestra.run.trial097.stdout:/usr/bin/ceph: stderr
2026-02-17T20:06:36.815+0000 7fcd097d4640 1 -- 10.20.193.97:0/3915100877 --> [v2:10.20.193.97:3300/0,v1:10.20.193.97:6789/0] -- mon_subscribe({mgrmap=0+}) -- 0x7fcd041a0940 con 0x7fcd0410a3d0
2026-02-17T20:06:36.938 INFO:teuthology.orchestra.run.trial097.stdout:/usr/bin/ceph: stderr
2026-02-17T20:06:36.815+0000 7fcce3fff640 1 -- 10.20.193.97:0/3915100877 <== mon.0 v2:10.20.193.97:3300/0 2 ==== config(26 keys) ==== 1076+0+0 (secure 0 0 0) 0x7fccf8035df0 con 0x7fcd0410a3d0
2026-02-17T20:06:36.938 INFO:teuthology.orchestra.run.trial097.stdout:/usr/bin/ceph: stderr
2026-02-17T20:06:36.815+0000 7fcce3fff640 1 -- 10.20.193.97:0/3915100877 <== mon.0 v2:10.20.193.97:3300/0 3 ==== mon_map magic: 0 ==== 205+0+0 (secure 0 0 0) 0x7fccf803c070 con 0x7fcd0410a3d0
2026-02-17T20:06:36.939 INFO:teuthology.orchestra.run.trial097.stdout:/usr/bin/ceph: stderr
2026-02-17T20:06:36.815+0000 7fcd097d4640 1 -- 10.20.193.97:0/3915100877 --> [v2:10.20.193.97:3300/0,v1:10.20.193.97:6789/0] -- mon_subscribe({osdmap=0}) -- 0x7fcd041a3630 con 0x7fcd0410a3d0
2026-02-17T20:06:36.939 INFO:teuthology.orchestra.run.trial097.stdout:/usr/bin/ceph: stderr
2026-02-17T20:06:36.815+0000 7fcd097d4640 1 -- 10.20.193.97:0/3915100877 --> [v2:10.20.193.97:3300/0,v1:10.20.193.97:6789/0] -- mon_command({"prefix": "get_command_descriptions"} v 0) -- 0x7fcd0410a850 con 0x7fcd0410a3d0
2026-02-17T20:06:36.939 INFO:teuthology.orchestra.run.trial097.stdout:/usr/bin/ceph: stderr
2026-02-17T20:06:36.815+0000 7fcce3fff640 1 -- 10.20.193.97:0/3915100877 <== mon.0 v2:10.20.193.97:3300/0 4 ==== mgrmap(e 8) ==== 50247+0+0 (secure 0 0 0) 0x7fccf8042640 con 0x7fcd0410a3d0
2026-02-17T20:06:36.939 INFO:teuthology.orchestra.run.trial097.stdout:/usr/bin/ceph: stderr
2026-02-17T20:06:36.816+0000 7fcce3fff640 1 --2- 10.20.193.97:0/3915100877 >> [v2:10.20.193.97:6800/1755328834,v1:10.20.193.97:6801/1755328834] conn(0x7fccd803dba0 0x7fccd8040060 unknown :-1 s=NONE pgs=0 cs=0 l=1 rev1=0 crypto rx=0 tx=0 comp rx=0 tx=0).connect
2026-02-17T20:06:36.939 INFO:teuthology.orchestra.run.trial097.stdout:/usr/bin/ceph: stderr
2026-02-17T20:06:36.816+0000 7fcce3fff640 1 -- 10.20.193.97:0/3915100877 <== mon.0 v2:10.20.193.97:3300/0 5 ==== osd_map(2..2 src has 1..2) ==== 940+0+0 (secure 0 0 0) 0x7fccf8076770 con 0x7fcd0410a3d0
2026-02-17T20:06:36.939 INFO:teuthology.orchestra.run.trial097.stdout:/usr/bin/ceph: stderr
2026-02-17T20:06:36.816+0000 7fcd027fc640 1 --2- 10.20.193.97:0/3915100877 >> [v2:10.20.193.97:6800/1755328834,v1:10.20.193.97:6801/1755328834] conn(0x7fccd803dba0 0x7fccd8040060 unknown :-1 s=BANNER_CONNECTING pgs=0 cs=0 l=1 rev1=0 crypto rx=0 tx=0 comp rx=0 tx=0)._handle_peer_banner_payload supported=3 required=0
2026-02-17T20:06:36.939 INFO:teuthology.orchestra.run.trial097.stdout:/usr/bin/ceph: stderr
2026-02-17T20:06:36.816+0000 7fcd027fc640 1 --2- 10.20.193.97:0/3915100877 >> [v2:10.20.193.97:6800/1755328834,v1:10.20.193.97:6801/1755328834] conn(0x7fccd803dba0 0x7fccd8040060 secure :-1 s=READY pgs=15 cs=0 l=1 rev1=1 crypto rx=0x7fccec0099c0 tx=0x7fccec006eb0 comp rx=0 tx=0).ready entity=mgr.14118 client_cookie=0 server_cookie=0 in_seq=0 out_seq=0
2026-02-17T20:06:36.939 INFO:teuthology.orchestra.run.trial097.stdout:/usr/bin/ceph: stderr
2026-02-17T20:06:36.818+0000 7fcce3fff640 1 -- 10.20.193.97:0/3915100877 <== mon.0 v2:10.20.193.97:3300/0 6 ==== mon_command_ack([{"prefix": "get_command_descriptions"}]=0 v0) ==== 72+0+195034 (secure 0 0 0) 0x7fccf8033c90 con 0x7fcd0410a3d0
2026-02-17T20:06:36.939 INFO:teuthology.orchestra.run.trial097.stdout:/usr/bin/ceph: stderr
2026-02-17T20:06:36.904+0000 7fcd097d4640 1 -- 10.20.193.97:0/3915100877 --> [v2:10.20.193.97:3300/0,v1:10.20.193.97:6789/0] -- mon_command([{prefix=config set, name=mgr/dashboard/ssl_server_port}] v 0) -- 0x7fcd041a3d20 con 0x7fcd0410a3d0
2026-02-17T20:06:36.939 INFO:teuthology.orchestra.run.trial097.stdout:/usr/bin/ceph: stderr
2026-02-17T20:06:36.906+0000 7fcce3fff640 1 -- 10.20.193.97:0/3915100877 <== mon.0 v2:10.20.193.97:3300/0 7 ==== mon_command_ack([{prefix=config set, name=mgr/dashboard/ssl_server_port}]=0 v8)=0 v8) ==== 130+0+0 (secure 0 0 0) 0x7fccf80764d0 con 0x7fcd0410a3d0
2026-02-17T20:06:36.939 INFO:teuthology.orchestra.run.trial097.stdout:/usr/bin/ceph: stderr
2026-02-17T20:06:36.908+0000 7fcd097d4640 1 -- 10.20.193.97:0/3915100877 >> [v2:10.20.193.97:6800/1755328834,v1:10.20.193.97:6801/1755328834] conn(0x7fccd803dba0 msgr2=0x7fccd8040060 secure :-1 s=STATE_CONNECTION_ESTABLISHED l=1).mark_down
2026-02-17T20:06:36.939 INFO:teuthology.orchestra.run.trial097.stdout:/usr/bin/ceph: stderr
2026-02-17T20:06:36.908+0000 7fcd097d4640 1 --2- 10.20.193.97:0/3915100877 >> [v2:10.20.193.97:6800/1755328834,v1:10.20.193.97:6801/1755328834] conn(0x7fccd803dba0 0x7fccd8040060 secure :-1 s=READY pgs=15 cs=0 l=1 rev1=1 crypto rx=0x7fccec0099c0 tx=0x7fccec006eb0 comp rx=0 tx=0).stop
2026-02-17T20:06:36.940 INFO:teuthology.orchestra.run.trial097.stdout:/usr/bin/ceph: stderr
2026-02-17T20:06:36.908+0000 7fcd097d4640 1 -- 10.20.193.97:0/3915100877 >> [v2:10.20.193.97:3300/0,v1:10.20.193.97:6789/0] conn(0x7fcd0410a3d0 msgr2=0x7fcd041a0170 secure :-1 s=STATE_CONNECTION_ESTABLISHED l=1).mark_down
2026-02-17T20:06:36.940 INFO:teuthology.orchestra.run.trial097.stdout:/usr/bin/ceph: stderr
2026-02-17T20:06:36.908+0000 7fcd097d4640 1 --2- 10.20.193.97:0/3915100877 >> [v2:10.20.193.97:3300/0,v1:10.20.193.97:6789/0] conn(0x7fcd0410a3d0 0x7fcd041a0170 secure :-1 s=READY pgs=52 cs=0 l=1 rev1=1 crypto rx=0x7fccf8039000 tx=0x7fccf8037820 comp rx=0 tx=0).stop
2026-02-17T20:06:36.940 INFO:teuthology.orchestra.run.trial097.stdout:/usr/bin/ceph: stderr
2026-02-17T20:06:36.908+0000 7fcd097d4640 1 -- 10.20.193.97:0/3915100877 shutdown_connections
2026-02-17T20:06:36.940 INFO:teuthology.orchestra.run.trial097.stdout:/usr/bin/ceph: stderr
2026-02-17T20:06:36.908+0000 7fcd097d4640 1 --2- 10.20.193.97:0/3915100877 >> [v2:10.20.193.97:6800/1755328834,v1:10.20.193.97:6801/1755328834] conn(0x7fccd803dba0 0x7fccd8040060 unknown :-1 s=CLOSED pgs=15 cs=0 l=1 rev1=1 crypto rx=0 tx=0 comp rx=0 tx=0).stop
2026-02-17T20:06:36.940 INFO:teuthology.orchestra.run.trial097.stdout:/usr/bin/ceph: stderr
2026-02-17T20:06:36.908+0000 7fcd097d4640 1 --2- 10.20.193.97:0/3915100877 >> [v2:10.20.193.97:3300/0,v1:10.20.193.97:6789/0] conn(0x7fcd0410a3d0 0x7fcd041a0170 unknown :-1 s=CLOSED pgs=52 cs=0 l=1 rev1=1 crypto rx=0 tx=0 comp rx=0 tx=0).stop
2026-02-17T20:06:36.940 INFO:teuthology.orchestra.run.trial097.stdout:/usr/bin/ceph: stderr
2026-02-17T20:06:36.908+0000 7fcd097d4640 1 -- 10.20.193.97:0/3915100877 >> 10.20.193.97:0/3915100877 conn(0x7fcd0407d9e0 msgr2=0x7fcd04107e80 unknown :-1 s=STATE_NONE l=0).mark_down
2026-02-17T20:06:36.940 INFO:teuthology.orchestra.run.trial097.stdout:/usr/bin/ceph: stderr
2026-02-17T20:06:36.908+0000 7fcd097d4640 1 -- 10.20.193.97:0/3915100877 shutdown_connections
2026-02-17T20:06:36.940 INFO:teuthology.orchestra.run.trial097.stdout:/usr/bin/ceph: stderr
2026-02-17T20:06:36.908+0000 7fcd097d4640 1 -- 10.20.193.97:0/3915100877 wait complete.
2026-02-17T20:06:36.940 INFO:teuthology.orchestra.run.trial097.stdout:Enabling the dashboard module...
2026-02-17T20:06:37.941 INFO:journalctl@ceph.mon.a.trial097.stdout:Feb 17 20:06:37 trial097 ceph-mon[24678]: Added host trial097
2026-02-17T20:06:37.941 INFO:journalctl@ceph.mon.a.trial097.stdout:Feb 17 20:06:37 trial097 ceph-mon[24678]: from='client.14140 -' entity='client.admin' cmd=[{"prefix": "orch apply", "service_type": "mon", "unmanaged": true, "target": ["mon-mgr", ""]}]: dispatch
2026-02-17T20:06:37.941 INFO:journalctl@ceph.mon.a.trial097.stdout:Feb 17 20:06:37 trial097 ceph-mon[24678]: Saving service mon spec with placement count:5
2026-02-17T20:06:37.941 INFO:journalctl@ceph.mon.a.trial097.stdout:Feb 17 20:06:37 trial097 ceph-mon[24678]: from='client.14142 -' entity='client.admin' cmd=[{"prefix": "orch apply", "service_type": "mgr", "unmanaged": true, "target": ["mon-mgr", ""]}]: dispatch
2026-02-17T20:06:37.942 INFO:journalctl@ceph.mon.a.trial097.stdout:Feb 17 20:06:37 trial097 ceph-mon[24678]: Saving service mgr spec with placement count:2
2026-02-17T20:06:37.942 INFO:journalctl@ceph.mon.a.trial097.stdout:Feb 17 20:06:37 trial097 ceph-mon[24678]: from='client.? 10.20.193.97:0/3915100877' entity='client.admin'
2026-02-17T20:06:37.942 INFO:journalctl@ceph.mon.a.trial097.stdout:Feb 17 20:06:37 trial097 ceph-mon[24678]: from='mgr.14118 10.20.193.97:0/2778069685' entity='mgr.x'
2026-02-17T20:06:37.942 INFO:journalctl@ceph.mon.a.trial097.stdout:Feb 17 20:06:37 trial097 ceph-mon[24678]: from='client.? 10.20.193.97:0/1542959277' entity='client.admin' cmd=[{"prefix": "mgr module enable", "module": "dashboard"}]: dispatch
2026-02-17T20:06:37.942 INFO:journalctl@ceph.mon.a.trial097.stdout:Feb 17 20:06:37 trial097 ceph-mon[24678]: from='mgr.14118 10.20.193.97:0/2778069685' entity='mgr.x'
2026-02-17T20:06:38.058 INFO:teuthology.orchestra.run.trial097.stdout:/usr/bin/ceph: stderr
2026-02-17T20:06:37.049+0000 7f9da1080640 1 Processor -- start
2026-02-17T20:06:38.059 INFO:teuthology.orchestra.run.trial097.stdout:/usr/bin/ceph: stderr
2026-02-17T20:06:37.049+0000 7f9da1080640 1 -- start start
2026-02-17T20:06:38.059 INFO:teuthology.orchestra.run.trial097.stdout:/usr/bin/ceph: stderr
2026-02-17T20:06:37.049+0000 7f9da1080640 1 --2- >> [v2:10.20.193.97:3300/0,v1:10.20.193.97:6789/0] conn(0x7f9d9c10a3d0 0x7f9d9c10a7d0 unknown :-1 s=NONE pgs=0 cs=0 l=0 rev1=0 crypto rx=0 tx=0 comp rx=0 tx=0).connect
2026-02-17T20:06:38.059 INFO:teuthology.orchestra.run.trial097.stdout:/usr/bin/ceph: stderr
2026-02-17T20:06:37.049+0000 7f9da1080640 1 -- --> [v2:10.20.193.97:3300/0,v1:10.20.193.97:6789/0] -- mon_getmap magic: 0 -- 0x7f9d9c10ada0 con 0x7f9d9c10a3d0
2026-02-17T20:06:38.059 INFO:teuthology.orchestra.run.trial097.stdout:/usr/bin/ceph: stderr
2026-02-17T20:06:37.050+0000 7f9d9ad76640 1 --2- >> [v2:10.20.193.97:3300/0,v1:10.20.193.97:6789/0] conn(0x7f9d9c10a3d0 0x7f9d9c10a7d0 unknown :-1 s=BANNER_CONNECTING pgs=0 cs=0 l=0 rev1=0 crypto rx=0 tx=0 comp rx=0 tx=0)._handle_peer_banner_payload supported=3 required=0
2026-02-17T20:06:38.059 INFO:teuthology.orchestra.run.trial097.stdout:/usr/bin/ceph: stderr
2026-02-17T20:06:37.050+0000 7f9d9ad76640 1 --2- >> [v2:10.20.193.97:3300/0,v1:10.20.193.97:6789/0] conn(0x7f9d9c10a3d0 0x7f9d9c10a7d0 unknown :-1 s=HELLO_CONNECTING pgs=0 cs=0 l=0 rev1=1 crypto rx=0 tx=0 comp rx=0 tx=0).handle_hello peer v2:10.20.193.97:3300/0 says I am v2:10.20.193.97:48480/0 (socket says 10.20.193.97:48480)
2026-02-17T20:06:38.059 INFO:teuthology.orchestra.run.trial097.stdout:/usr/bin/ceph: stderr
2026-02-17T20:06:37.050+0000 7f9d9ad76640 1 -- 10.20.193.97:0/3849606196 learned_addr learned my addr 10.20.193.97:0/3849606196 (peer_addr_for_me v2:10.20.193.97:0/0)
2026-02-17T20:06:38.059 INFO:teuthology.orchestra.run.trial097.stdout:/usr/bin/ceph: stderr
2026-02-17T20:06:37.050+0000 7f9d9ad76640 1 -- 10.20.193.97:0/3849606196 --> [v2:10.20.193.97:3300/0,v1:10.20.193.97:6789/0] -- mon_subscribe({config=0+,monmap=0+}) -- 0x7f9d9c10b580 con 0x7f9d9c10a3d0
2026-02-17T20:06:38.059 INFO:teuthology.orchestra.run.trial097.stdout:/usr/bin/ceph: stderr
2026-02-17T20:06:37.050+0000 7f9d9ad76640 1 --2- 10.20.193.97:0/3849606196 >> [v2:10.20.193.97:3300/0,v1:10.20.193.97:6789/0] conn(0x7f9d9c10a3d0 0x7f9d9c10a7d0 secure :-1 s=READY pgs=53 cs=0 l=1 rev1=1 crypto rx=0x7f9d90009920 tx=0x7f9d9002ef20 comp rx=0 tx=0).ready entity=mon.0 client_cookie=a69cc32a6131a03b server_cookie=0 in_seq=0 out_seq=0
2026-02-17T20:06:38.059 INFO:teuthology.orchestra.run.trial097.stdout:/usr/bin/ceph: stderr
2026-02-17T20:06:37.050+0000 7f9d99d74640 1 -- 10.20.193.97:0/3849606196 <== mon.0 v2:10.20.193.97:3300/0 1 ==== mon_map magic: 0 ==== 205+0+0 (secure 0 0 0) 0x7f9d9003c070 con 0x7f9d9c10a3d0
2026-02-17T20:06:38.060 INFO:teuthology.orchestra.run.trial097.stdout:/usr/bin/ceph: stderr
2026-02-17T20:06:37.050+0000 7f9d99d74640 1 -- 10.20.193.97:0/3849606196 <== mon.0 v2:10.20.193.97:3300/0 2 ==== config(26 keys) ==== 1076+0+0 (secure 0 0 0) 0x7f9d90037440 con 0x7f9d9c10a3d0
2026-02-17T20:06:38.060 INFO:teuthology.orchestra.run.trial097.stdout:/usr/bin/ceph: stderr
2026-02-17T20:06:37.050+0000 7f9d99d74640 1 -- 10.20.193.97:0/3849606196 <== mon.0 v2:10.20.193.97:3300/0 3 ==== mon_map magic: 0 ==== 205+0+0 (secure 0 0 0) 0x7f9d900354d0 con 0x7f9d9c10a3d0
2026-02-17T20:06:38.060 INFO:teuthology.orchestra.run.trial097.stdout:/usr/bin/ceph: stderr
2026-02-17T20:06:37.051+0000 7f9da1080640 1 -- 10.20.193.97:0/3849606196 >> [v2:10.20.193.97:3300/0,v1:10.20.193.97:6789/0] conn(0x7f9d9c10a3d0 msgr2=0x7f9d9c10a7d0 secure :-1 s=STATE_CONNECTION_ESTABLISHED l=1).mark_down
2026-02-17T20:06:38.060 INFO:teuthology.orchestra.run.trial097.stdout:/usr/bin/ceph: stderr
2026-02-17T20:06:37.051+0000 7f9da1080640 1 --2- 10.20.193.97:0/3849606196 >> [v2:10.20.193.97:3300/0,v1:10.20.193.97:6789/0] conn(0x7f9d9c10a3d0 0x7f9d9c10a7d0 secure :-1 s=READY pgs=53 cs=0 l=1 rev1=1 crypto rx=0x7f9d90009920 tx=0x7f9d9002ef20 comp rx=0 tx=0).stop
2026-02-17T20:06:38.060 INFO:teuthology.orchestra.run.trial097.stdout:/usr/bin/ceph: stderr
2026-02-17T20:06:37.051+0000 7f9da1080640 1 -- 10.20.193.97:0/3849606196 shutdown_connections
2026-02-17T20:06:38.060 INFO:teuthology.orchestra.run.trial097.stdout:/usr/bin/ceph: stderr
2026-02-17T20:06:37.051+0000 7f9da1080640 1 --2- 10.20.193.97:0/3849606196 >> [v2:10.20.193.97:3300/0,v1:10.20.193.97:6789/0] conn(0x7f9d9c10a3d0 0x7f9d9c10a7d0 unknown :-1 s=CLOSED pgs=53 cs=0 l=1 rev1=1 crypto rx=0 tx=0 comp rx=0 tx=0).stop
2026-02-17T20:06:38.060 INFO:teuthology.orchestra.run.trial097.stdout:/usr/bin/ceph: stderr
2026-02-17T20:06:37.051+0000 7f9da1080640 1 -- 10.20.193.97:0/3849606196 >> 10.20.193.97:0/3849606196 conn(0x7f9d9c07d9e0 msgr2=0x7f9d9c1086b0 unknown :-1 s=STATE_NONE l=0).mark_down
2026-02-17T20:06:38.060 INFO:teuthology.orchestra.run.trial097.stdout:/usr/bin/ceph: stderr
2026-02-17T20:06:37.051+0000 7f9da1080640 1 -- 10.20.193.97:0/3849606196 shutdown_connections
2026-02-17T20:06:38.060 INFO:teuthology.orchestra.run.trial097.stdout:/usr/bin/ceph: stderr
2026-02-17T20:06:37.051+0000 7f9da1080640 1 -- 10.20.193.97:0/3849606196 wait complete.
2026-02-17T20:06:38.060 INFO:teuthology.orchestra.run.trial097.stdout:/usr/bin/ceph: stderr
2026-02-17T20:06:37.051+0000 7f9da1080640 1 Processor -- start
2026-02-17T20:06:38.060 INFO:teuthology.orchestra.run.trial097.stdout:/usr/bin/ceph: stderr
2026-02-17T20:06:37.051+0000 7f9da1080640 1 -- start start
2026-02-17T20:06:38.060 INFO:teuthology.orchestra.run.trial097.stdout:/usr/bin/ceph: stderr
2026-02-17T20:06:37.051+0000 7f9da1080640 1 --2- >> [v2:10.20.193.97:3300/0,v1:10.20.193.97:6789/0] conn(0x7f9d9c10a3d0 0x7f9d9c1a0170 unknown :-1 s=NONE pgs=0 cs=0 l=1 rev1=0 crypto rx=0 tx=0 comp rx=0 tx=0).connect
2026-02-17T20:06:38.061 INFO:teuthology.orchestra.run.trial097.stdout:/usr/bin/ceph: stderr
2026-02-17T20:06:37.051+0000 7f9da1080640 1 -- --> [v2:10.20.193.97:3300/0,v1:10.20.193.97:6789/0] -- mon_getmap magic: 0 -- 0x7f9d9c10e7b0 con 0x7f9d9c10a3d0
2026-02-17T20:06:38.061 INFO:teuthology.orchestra.run.trial097.stdout:/usr/bin/ceph: stderr
2026-02-17T20:06:37.051+0000 7f9d9ad76640 1 --2- >> [v2:10.20.193.97:3300/0,v1:10.20.193.97:6789/0] conn(0x7f9d9c10a3d0 0x7f9d9c1a0170 unknown :-1 s=BANNER_CONNECTING pgs=0 cs=0 l=1 rev1=0 crypto rx=0 tx=0 comp rx=0 tx=0)._handle_peer_banner_payload supported=3 required=0
2026-02-17T20:06:38.061 INFO:teuthology.orchestra.run.trial097.stdout:/usr/bin/ceph: stderr
