2026-02-17T20:10:31.474+0000 7feb567fc640 1 --2- 10.20.193.126:0/193632936 >> [v2:10.20.193.126:6800/2395414701,v1:10.20.193.126:6801/2395414701] conn(0x7feb2c03dbf0 0x7feb2c0400b0 unknown :-1 s=BANNER_CONNECTING pgs=0 cs=0 l=1 rev1=0 crypto rx=0 tx=0 comp rx=0 tx=0)._handle_peer_banner_payload supported=3 required=0
2026-02-17T20:10:31.693 INFO:teuthology.orchestra.run.trial126.stdout:/usr/bin/ceph: stderr
2026-02-17T20:10:31.475+0000 7feb567fc640 1 --2- 10.20.193.126:0/193632936 >> [v2:10.20.193.126:6800/2395414701,v1:10.20.193.126:6801/2395414701] conn(0x7feb2c03dbf0 0x7feb2c0400b0 secure :-1 s=READY pgs=14 cs=0 l=1 rev1=1 crypto rx=0x7feb400099c0 tx=0x7feb40006eb0 comp rx=0 tx=0).ready entity=mgr.14118 client_cookie=0 server_cookie=0 in_seq=0 out_seq=0
2026-02-17T20:10:31.693 INFO:teuthology.orchestra.run.trial126.stdout:/usr/bin/ceph: stderr
2026-02-17T20:10:31.476+0000 7feb5ca42640 1 -- 10.20.193.126:0/193632936 <== mon.0 v2:10.20.193.126:3300/0 6 ==== mon_command_ack([{"prefix": "get_command_descriptions"}]=0 v0) ==== 72+0+195034 (secure 0 0 0) 0x7feb4c0342a0 con 0x7feb58073740
2026-02-17T20:10:31.693 INFO:teuthology.orchestra.run.trial126.stdout:/usr/bin/ceph: stderr
2026-02-17T20:10:31.568+0000 7feb5da44640 1 -- 10.20.193.126:0/193632936 --> [v2:10.20.193.126:3300/0,v1:10.20.193.126:6789/0] -- mon_command([{prefix=config set, name=mgr/cephadm/container_init}] v 0) -- 0x7feb581a7290 con 0x7feb58073740
2026-02-17T20:10:31.694 INFO:teuthology.orchestra.run.trial126.stdout:/usr/bin/ceph: stderr
2026-02-17T20:10:31.570+0000 7feb5ca42640 1 -- 10.20.193.126:0/193632936 <== mon.0 v2:10.20.193.126:3300/0 7 ==== mon_command_ack([{prefix=config set, name=mgr/cephadm/container_init}]=0 v7)=0 v7) ==== 142+0+0 (secure 0 0 0) 0x7feb4c033c90 con 0x7feb58073740
2026-02-17T20:10:31.694 INFO:teuthology.orchestra.run.trial126.stdout:/usr/bin/ceph: stderr
2026-02-17T20:10:31.571+0000 7feb5da44640 1 -- 10.20.193.126:0/193632936 >> [v2:10.20.193.126:6800/2395414701,v1:10.20.193.126:6801/2395414701] conn(0x7feb2c03dbf0 msgr2=0x7feb2c0400b0 secure :-1 s=STATE_CONNECTION_ESTABLISHED l=1).mark_down
2026-02-17T20:10:31.694 INFO:teuthology.orchestra.run.trial126.stdout:/usr/bin/ceph: stderr
2026-02-17T20:10:31.571+0000 7feb5da44640 1 --2- 10.20.193.126:0/193632936 >> [v2:10.20.193.126:6800/2395414701,v1:10.20.193.126:6801/2395414701] conn(0x7feb2c03dbf0 0x7feb2c0400b0 secure :-1 s=READY pgs=14 cs=0 l=1 rev1=1 crypto rx=0x7feb400099c0 tx=0x7feb40006eb0 comp rx=0 tx=0).stop
2026-02-17T20:10:31.694 INFO:teuthology.orchestra.run.trial126.stdout:/usr/bin/ceph: stderr
2026-02-17T20:10:31.571+0000 7feb5da44640 1 -- 10.20.193.126:0/193632936 >> [v2:10.20.193.126:3300/0,v1:10.20.193.126:6789/0] conn(0x7feb58073740 msgr2=0x7feb581ad500 secure :-1 s=STATE_CONNECTION_ESTABLISHED l=1).mark_down
2026-02-17T20:10:31.694 INFO:teuthology.orchestra.run.trial126.stdout:/usr/bin/ceph: stderr
2026-02-17T20:10:31.571+0000 7feb5da44640 1 --2- 10.20.193.126:0/193632936 >> [v2:10.20.193.126:3300/0,v1:10.20.193.126:6789/0] conn(0x7feb58073740 0x7feb581ad500 secure :-1 s=READY pgs=50 cs=0 l=1 rev1=1 crypto rx=0x7feb4c002410 tx=0x7feb4c037820 comp rx=0 tx=0).stop
2026-02-17T20:10:31.694 INFO:teuthology.orchestra.run.trial126.stdout:/usr/bin/ceph: stderr
2026-02-17T20:10:31.572+0000 7feb5da44640 1 -- 10.20.193.126:0/193632936 shutdown_connections
2026-02-17T20:10:31.694 INFO:teuthology.orchestra.run.trial126.stdout:/usr/bin/ceph: stderr
2026-02-17T20:10:31.572+0000 7feb5da44640 1 --2- 10.20.193.126:0/193632936 >> [v2:10.20.193.126:6800/2395414701,v1:10.20.193.126:6801/2395414701] conn(0x7feb2c03dbf0 0x7feb2c0400b0 unknown :-1 s=CLOSED pgs=14 cs=0 l=1 rev1=1 crypto rx=0 tx=0 comp rx=0 tx=0).stop
2026-02-17T20:10:31.694 INFO:teuthology.orchestra.run.trial126.stdout:/usr/bin/ceph: stderr
2026-02-17T20:10:31.572+0000 7feb5da44640 1 --2- 10.20.193.126:0/193632936 >> [v2:10.20.193.126:3300/0,v1:10.20.193.126:6789/0] conn(0x7feb58073740 0x7feb581ad500 unknown :-1 s=CLOSED pgs=50 cs=0 l=1 rev1=1 crypto rx=0 tx=0 comp rx=0 tx=0).stop
2026-02-17T20:10:31.694 INFO:teuthology.orchestra.run.trial126.stdout:/usr/bin/ceph: stderr
2026-02-17T20:10:31.572+0000 7feb5da44640 1 -- 10.20.193.126:0/193632936 >> 10.20.193.126:0/193632936 conn(0x7feb5806f670 msgr2=0x7feb580703c0 unknown :-1 s=STATE_NONE l=0).mark_down
2026-02-17T20:10:31.694 INFO:teuthology.orchestra.run.trial126.stdout:/usr/bin/ceph: stderr
2026-02-17T20:10:31.572+0000 7feb5da44640 1 -- 10.20.193.126:0/193632936 shutdown_connections
2026-02-17T20:10:31.694 INFO:teuthology.orchestra.run.trial126.stdout:/usr/bin/ceph: stderr
2026-02-17T20:10:31.572+0000 7feb5da44640 1 -- 10.20.193.126:0/193632936 wait complete.
2026-02-17T20:10:32.048 INFO:teuthology.orchestra.run.trial126.stdout:/usr/bin/ceph: stderr
2026-02-17T20:10:31.860+0000 7efea3fff640 1 Processor -- start
2026-02-17T20:10:32.048 INFO:teuthology.orchestra.run.trial126.stdout:/usr/bin/ceph: stderr
2026-02-17T20:10:31.860+0000 7efea3fff640 1 -- start start
2026-02-17T20:10:32.048 INFO:teuthology.orchestra.run.trial126.stdout:/usr/bin/ceph: stderr
2026-02-17T20:10:31.861+0000 7efea3fff640 1 --2- >> [v2:10.20.193.126:3300/0,v1:10.20.193.126:6789/0] conn(0x7efea41101c0 0x7efea41125b0 unknown :-1 s=NONE pgs=0 cs=0 l=0 rev1=0 crypto rx=0 tx=0 comp rx=0 tx=0).connect
2026-02-17T20:10:32.048 INFO:teuthology.orchestra.run.trial126.stdout:/usr/bin/ceph: stderr
2026-02-17T20:10:31.861+0000 7efea3fff640 1 -- --> [v2:10.20.193.126:3300/0,v1:10.20.193.126:6789/0] -- mon_getmap magic: 0 -- 0x7efea4112af0 con 0x7efea41101c0
2026-02-17T20:10:32.048 INFO:teuthology.orchestra.run.trial126.stdout:/usr/bin/ceph: stderr
2026-02-17T20:10:31.861+0000 7efea2ffd640 1 --2- >> [v2:10.20.193.126:3300/0,v1:10.20.193.126:6789/0] conn(0x7efea41101c0 0x7efea41125b0 unknown :-1 s=BANNER_CONNECTING pgs=0 cs=0 l=0 rev1=0 crypto rx=0 tx=0 comp rx=0 tx=0)._handle_peer_banner_payload supported=3 required=0
2026-02-17T20:10:32.048 INFO:teuthology.orchestra.run.trial126.stdout:/usr/bin/ceph: stderr
2026-02-17T20:10:31.861+0000 7efea2ffd640 1 --2- >> [v2:10.20.193.126:3300/0,v1:10.20.193.126:6789/0] conn(0x7efea41101c0 0x7efea41125b0 unknown :-1 s=HELLO_CONNECTING pgs=0 cs=0 l=0 rev1=1 crypto rx=0 tx=0 comp rx=0 tx=0).handle_hello peer v2:10.20.193.126:3300/0 says I am v2:10.20.193.126:47578/0 (socket says 10.20.193.126:47578)
2026-02-17T20:10:32.049 INFO:teuthology.orchestra.run.trial126.stdout:/usr/bin/ceph: stderr
2026-02-17T20:10:31.861+0000 7efea2ffd640 1 -- 10.20.193.126:0/2240536392 learned_addr learned my addr 10.20.193.126:0/2240536392 (peer_addr_for_me v2:10.20.193.126:0/0)
2026-02-17T20:10:32.049 INFO:teuthology.orchestra.run.trial126.stdout:/usr/bin/ceph: stderr
2026-02-17T20:10:31.861+0000 7efea2ffd640 1 -- 10.20.193.126:0/2240536392 --> [v2:10.20.193.126:3300/0,v1:10.20.193.126:6789/0] -- mon_subscribe({config=0+,monmap=0+}) -- 0x7efea4112c70 con 0x7efea41101c0
2026-02-17T20:10:32.049 INFO:teuthology.orchestra.run.trial126.stdout:/usr/bin/ceph: stderr
2026-02-17T20:10:31.862+0000 7efea2ffd640 1 --2- 10.20.193.126:0/2240536392 >> [v2:10.20.193.126:3300/0,v1:10.20.193.126:6789/0] conn(0x7efea41101c0 0x7efea41125b0 secure :-1 s=READY pgs=51 cs=0 l=1 rev1=1 crypto rx=0x7efe98009920 tx=0x7efe9802ef20 comp rx=0 tx=0).ready entity=mon.0 client_cookie=6751119759710cde server_cookie=0 in_seq=0 out_seq=0
2026-02-17T20:10:32.049 INFO:teuthology.orchestra.run.trial126.stdout:/usr/bin/ceph: stderr
2026-02-17T20:10:31.862+0000 7efea1ffb640 1 -- 10.20.193.126:0/2240536392 <== mon.0 v2:10.20.193.126:3300/0 1 ==== mon_map magic: 0 ==== 205+0+0 (secure 0 0 0) 0x7efe9803c070 con 0x7efea41101c0
2026-02-17T20:10:32.049 INFO:teuthology.orchestra.run.trial126.stdout:/usr/bin/ceph: stderr
2026-02-17T20:10:31.862+0000 7efea1ffb640 1 -- 10.20.193.126:0/2240536392 <== mon.0 v2:10.20.193.126:3300/0 2 ==== config(26 keys) ==== 1076+0+0 (secure 0 0 0) 0x7efe98037440 con 0x7efea41101c0
2026-02-17T20:10:32.049 INFO:teuthology.orchestra.run.trial126.stdout:/usr/bin/ceph: stderr
2026-02-17T20:10:31.862+0000 7efea1ffb640 1 -- 10.20.193.126:0/2240536392 <== mon.0 v2:10.20.193.126:3300/0 3 ==== mon_map magic: 0 ==== 205+0+0 (secure 0 0 0) 0x7efe980354d0 con 0x7efea41101c0
2026-02-17T20:10:32.049 INFO:teuthology.orchestra.run.trial126.stdout:/usr/bin/ceph: stderr
2026-02-17T20:10:31.862+0000 7efea3fff640 1 -- 10.20.193.126:0/2240536392 >> [v2:10.20.193.126:3300/0,v1:10.20.193.126:6789/0] conn(0x7efea41101c0 msgr2=0x7efea41125b0 secure :-1 s=STATE_CONNECTION_ESTABLISHED l=1).mark_down
2026-02-17T20:10:32.049 INFO:teuthology.orchestra.run.trial126.stdout:/usr/bin/ceph: stderr
2026-02-17T20:10:31.862+0000 7efea3fff640 1 --2- 10.20.193.126:0/2240536392 >> [v2:10.20.193.126:3300/0,v1:10.20.193.126:6789/0] conn(0x7efea41101c0 0x7efea41125b0 secure :-1 s=READY pgs=51 cs=0 l=1 rev1=1 crypto rx=0x7efe98009920 tx=0x7efe9802ef20 comp rx=0 tx=0).stop
2026-02-17T20:10:32.049 INFO:teuthology.orchestra.run.trial126.stdout:/usr/bin/ceph: stderr
2026-02-17T20:10:31.863+0000 7efea3fff640 1 -- 10.20.193.126:0/2240536392 shutdown_connections
2026-02-17T20:10:32.049 INFO:teuthology.orchestra.run.trial126.stdout:/usr/bin/ceph: stderr
2026-02-17T20:10:31.863+0000 7efea3fff640 1 --2- 10.20.193.126:0/2240536392 >> [v2:10.20.193.126:3300/0,v1:10.20.193.126:6789/0] conn(0x7efea41101c0 0x7efea41125b0 unknown :-1 s=CLOSED pgs=51 cs=0 l=1 rev1=1 crypto rx=0 tx=0 comp rx=0 tx=0).stop
2026-02-17T20:10:32.049 INFO:teuthology.orchestra.run.trial126.stdout:/usr/bin/ceph: stderr
2026-02-17T20:10:31.863+0000 7efea3fff640 1 -- 10.20.193.126:0/2240536392 >> 10.20.193.126:0/2240536392 conn(0x7efea406f6d0 msgr2=0x7efea4071b10 unknown :-1 s=STATE_NONE l=0).mark_down
2026-02-17T20:10:32.049 INFO:teuthology.orchestra.run.trial126.stdout:/usr/bin/ceph: stderr
2026-02-17T20:10:31.863+0000 7efea3fff640 1 -- 10.20.193.126:0/2240536392 shutdown_connections
2026-02-17T20:10:32.050 INFO:teuthology.orchestra.run.trial126.stdout:/usr/bin/ceph: stderr
2026-02-17T20:10:31.863+0000 7efea3fff640 1 -- 10.20.193.126:0/2240536392 wait complete.
2026-02-17T20:10:32.050 INFO:teuthology.orchestra.run.trial126.stdout:/usr/bin/ceph: stderr
2026-02-17T20:10:31.863+0000 7efea3fff640 1 Processor -- start
2026-02-17T20:10:32.050 INFO:teuthology.orchestra.run.trial126.stdout:/usr/bin/ceph: stderr
2026-02-17T20:10:31.863+0000 7efea3fff640 1 -- start start
2026-02-17T20:10:32.050 INFO:teuthology.orchestra.run.trial126.stdout:/usr/bin/ceph: stderr
2026-02-17T20:10:31.864+0000 7efea3fff640 1 --2- >> [v2:10.20.193.126:3300/0,v1:10.20.193.126:6789/0] conn(0x7efea41101c0 0x7efea41a8e20 unknown :-1 s=NONE pgs=0 cs=0 l=1 rev1=0 crypto rx=0 tx=0 comp rx=0 tx=0).connect
2026-02-17T20:10:32.050 INFO:teuthology.orchestra.run.trial126.stdout:/usr/bin/ceph: stderr
2026-02-17T20:10:31.864+0000 7efea3fff640 1 -- --> [v2:10.20.193.126:3300/0,v1:10.20.193.126:6789/0] -- mon_getmap magic: 0 -- 0x7efea4074c10 con 0x7efea41101c0
2026-02-17T20:10:32.050 INFO:teuthology.orchestra.run.trial126.stdout:/usr/bin/ceph: stderr
2026-02-17T20:10:31.864+0000 7efea2ffd640 1 --2- >> [v2:10.20.193.126:3300/0,v1:10.20.193.126:6789/0] conn(0x7efea41101c0 0x7efea41a8e20 unknown :-1 s=BANNER_CONNECTING pgs=0 cs=0 l=1 rev1=0 crypto rx=0 tx=0 comp rx=0 tx=0)._handle_peer_banner_payload supported=3 required=0
2026-02-17T20:10:32.050 INFO:teuthology.orchestra.run.trial126.stdout:/usr/bin/ceph: stderr
2026-02-17T20:10:31.864+0000 7efea2ffd640 1 --2- >> [v2:10.20.193.126:3300/0,v1:10.20.193.126:6789/0] conn(0x7efea41101c0 0x7efea41a8e20 unknown :-1 s=HELLO_CONNECTING pgs=0 cs=0 l=1 rev1=1 crypto rx=0 tx=0 comp rx=0 tx=0).handle_hello peer v2:10.20.193.126:3300/0 says I am v2:10.20.193.126:47580/0 (socket says 10.20.193.126:47580)
2026-02-17T20:10:32.050 INFO:teuthology.orchestra.run.trial126.stdout:/usr/bin/ceph: stderr
2026-02-17T20:10:31.864+0000 7efea2ffd640 1 -- 10.20.193.126:0/70389013 learned_addr learned my addr 10.20.193.126:0/70389013 (peer_addr_for_me v2:10.20.193.126:0/0)
2026-02-17T20:10:32.050 INFO:teuthology.orchestra.run.trial126.stdout:/usr/bin/ceph: stderr
2026-02-17T20:10:31.864+0000 7efea2ffd640 1 -- 10.20.193.126:0/70389013 --> [v2:10.20.193.126:3300/0,v1:10.20.193.126:6789/0] -- mon_subscribe({config=0+,monmap=0+}) -- 0x7efea41a9360 con 0x7efea41101c0
2026-02-17T20:10:32.050 INFO:teuthology.orchestra.run.trial126.stdout:/usr/bin/ceph: stderr
2026-02-17T20:10:31.864+0000 7efea2ffd640 1 --2- 10.20.193.126:0/70389013 >> [v2:10.20.193.126:3300/0,v1:10.20.193.126:6789/0] conn(0x7efea41101c0 0x7efea41a8e20 secure :-1 s=READY pgs=52 cs=0 l=1 rev1=1 crypto rx=0x7efe98002410 tx=0x7efe98037820 comp rx=0 tx=0).ready entity=mon.0 client_cookie=0 server_cookie=0 in_seq=0 out_seq=0
2026-02-17T20:10:32.050 INFO:teuthology.orchestra.run.trial126.stdout:/usr/bin/ceph: stderr
2026-02-17T20:10:31.864+0000 7efe83fff640 1 -- 10.20.193.126:0/70389013 <== mon.0 v2:10.20.193.126:3300/0 1 ==== mon_map magic: 0 ==== 205+0+0 (secure 0 0 0) 0x7efe98047070 con 0x7efea41101c0
2026-02-17T20:10:32.051 INFO:teuthology.orchestra.run.trial126.stdout:/usr/bin/ceph: stderr
2026-02-17T20:10:31.864+0000 7efe83fff640 1 -- 10.20.193.126:0/70389013 <== mon.0 v2:10.20.193.126:3300/0 2 ==== config(26 keys) ==== 1076+0+0 (secure 0 0 0) 0x7efe98035e80 con 0x7efea41101c0
2026-02-17T20:10:32.051 INFO:teuthology.orchestra.run.trial126.stdout:/usr/bin/ceph: stderr
2026-02-17T20:10:31.864+0000 7efe83fff640 1 -- 10.20.193.126:0/70389013 <== mon.0 v2:10.20.193.126:3300/0 3 ==== mon_map magic: 0 ==== 205+0+0 (secure 0 0 0) 0x7efe9803c070 con 0x7efea41101c0
2026-02-17T20:10:32.051 INFO:teuthology.orchestra.run.trial126.stdout:/usr/bin/ceph: stderr
2026-02-17T20:10:31.864+0000 7efea3fff640 1 -- 10.20.193.126:0/70389013 --> [v2:10.20.193.126:3300/0,v1:10.20.193.126:6789/0] -- mon_subscribe({mgrmap=0+}) -- 0x7efea41a9650 con 0x7efea41101c0
2026-02-17T20:10:32.051 INFO:teuthology.orchestra.run.trial126.stdout:/usr/bin/ceph: stderr
2026-02-17T20:10:31.864+0000 7efea3fff640 1 -- 10.20.193.126:0/70389013 --> [v2:10.20.193.126:3300/0,v1:10.20.193.126:6789/0] -- mon_subscribe({osdmap=0}) -- 0x7efea41ac2e0 con 0x7efea41101c0
2026-02-17T20:10:32.051 INFO:teuthology.orchestra.run.trial126.stdout:/usr/bin/ceph: stderr
2026-02-17T20:10:31.865+0000 7efea3fff640 1 -- 10.20.193.126:0/70389013 --> [v2:10.20.193.126:3300/0,v1:10.20.193.126:6789/0] -- mon_command({"prefix": "get_command_descriptions"} v 0) -- 0x7efea4110620 con 0x7efea41101c0
2026-02-17T20:10:32.051 INFO:teuthology.orchestra.run.trial126.stdout:/usr/bin/ceph: stderr
2026-02-17T20:10:31.867+0000 7efe83fff640 1 -- 10.20.193.126:0/70389013 <== mon.0 v2:10.20.193.126:3300/0 4 ==== mgrmap(e 7) ==== 50247+0+0 (secure 0 0 0) 0x7efe98042660 con 0x7efea41101c0
2026-02-17T20:10:32.051 INFO:teuthology.orchestra.run.trial126.stdout:/usr/bin/ceph: stderr
2026-02-17T20:10:31.867+0000 7efe83fff640 1 --2- 10.20.193.126:0/70389013 >> [v2:10.20.193.126:6800/2395414701,v1:10.20.193.126:6801/2395414701] conn(0x7efe7403dbf0 0x7efe740400b0 unknown :-1 s=NONE pgs=0 cs=0 l=1 rev1=0 crypto rx=0 tx=0 comp rx=0 tx=0).connect
2026-02-17T20:10:32.051 INFO:teuthology.orchestra.run.trial126.stdout:/usr/bin/ceph: stderr
2026-02-17T20:10:31.867+0000 7efe83fff640 1 -- 10.20.193.126:0/70389013 <== mon.0 v2:10.20.193.126:3300/0 5 ==== osd_map(2..2 src has 1..2) ==== 940+0+0 (secure 0 0 0) 0x7efe980768b0 con 0x7efea41101c0
2026-02-17T20:10:32.051 INFO:teuthology.orchestra.run.trial126.stdout:/usr/bin/ceph: stderr
2026-02-17T20:10:31.867+0000 7efea27fc640 1 --2- 10.20.193.126:0/70389013 >> [v2:10.20.193.126:6800/2395414701,v1:10.20.193.126:6801/2395414701] conn(0x7efe7403dbf0 0x7efe740400b0 unknown :-1 s=BANNER_CONNECTING pgs=0 cs=0 l=1 rev1=0 crypto rx=0 tx=0 comp rx=0 tx=0)._handle_peer_banner_payload supported=3 required=0
2026-02-17T20:10:32.051 INFO:teuthology.orchestra.run.trial126.stdout:/usr/bin/ceph: stderr
2026-02-17T20:10:31.868+0000 7efea27fc640 1 --2- 10.20.193.126:0/70389013 >> [v2:10.20.193.126:6800/2395414701,v1:10.20.193.126:6801/2395414701] conn(0x7efe7403dbf0 0x7efe740400b0 secure :-1 s=READY pgs=15 cs=0 l=1 rev1=1 crypto rx=0x7efe8c0099c0 tx=0x7efe8c006eb0 comp rx=0 tx=0).ready entity=mgr.14118 client_cookie=0 server_cookie=0 in_seq=0 out_seq=0
2026-02-17T20:10:32.051 INFO:teuthology.orchestra.run.trial126.stdout:/usr/bin/ceph: stderr
2026-02-17T20:10:31.869+0000 7efe83fff640 1 -- 10.20.193.126:0/70389013 <== mon.0 v2:10.20.193.126:3300/0 6 ==== mon_command_ack([{"prefix": "get_command_descriptions"}]=0 v0) ==== 72+0+195034 (secure 0 0 0) 0x7efe98033c90 con 0x7efea41101c0
2026-02-17T20:10:32.051 INFO:teuthology.orchestra.run.trial126.stdout:/usr/bin/ceph: stderr
2026-02-17T20:10:31.961+0000 7efea3fff640 1 -- 10.20.193.126:0/70389013 --> [v2:10.20.193.126:3300/0,v1:10.20.193.126:6789/0] -- mon_command([{prefix=config set, name=mgr/dashboard/ssl_server_port}] v 0) -- 0x7efea40767e0 con 0x7efea41101c0
2026-02-17T20:10:32.052 INFO:teuthology.orchestra.run.trial126.stdout:/usr/bin/ceph: stderr
2026-02-17T20:10:31.963+0000 7efe83fff640 1 -- 10.20.193.126:0/70389013 <== mon.0 v2:10.20.193.126:3300/0 7 ==== mon_command_ack([{prefix=config set, name=mgr/dashboard/ssl_server_port}]=0 v8)=0 v8) ==== 130+0+0 (secure 0 0 0) 0x7efe98076610 con 0x7efea41101c0
2026-02-17T20:10:32.052 INFO:teuthology.orchestra.run.trial126.stdout:/usr/bin/ceph: stderr
2026-02-17T20:10:31.964+0000 7efea3fff640 1 -- 10.20.193.126:0/70389013 >> [v2:10.20.193.126:6800/2395414701,v1:10.20.193.126:6801/2395414701] conn(0x7efe7403dbf0 msgr2=0x7efe740400b0 secure :-1 s=STATE_CONNECTION_ESTABLISHED l=1).mark_down
2026-02-17T20:10:32.052 INFO:teuthology.orchestra.run.trial126.stdout:/usr/bin/ceph: stderr
2026-02-17T20:10:31.964+0000 7efea3fff640 1 --2- 10.20.193.126:0/70389013 >> [v2:10.20.193.126:6800/2395414701,v1:10.20.193.126:6801/2395414701] conn(0x7efe7403dbf0 0x7efe740400b0 secure :-1 s=READY pgs=15 cs=0 l=1 rev1=1 crypto rx=0x7efe8c0099c0 tx=0x7efe8c006eb0 comp rx=0 tx=0).stop
2026-02-17T20:10:32.052 INFO:teuthology.orchestra.run.trial126.stdout:/usr/bin/ceph: stderr
2026-02-17T20:10:31.964+0000 7efea3fff640 1 -- 10.20.193.126:0/70389013 >> [v2:10.20.193.126:3300/0,v1:10.20.193.126:6789/0] conn(0x7efea41101c0 msgr2=0x7efea41a8e20 secure :-1 s=STATE_CONNECTION_ESTABLISHED l=1).mark_down
2026-02-17T20:10:32.052 INFO:teuthology.orchestra.run.trial126.stdout:/usr/bin/ceph: stderr
2026-02-17T20:10:31.964+0000 7efea3fff640 1 --2- 10.20.193.126:0/70389013 >> [v2:10.20.193.126:3300/0,v1:10.20.193.126:6789/0] conn(0x7efea41101c0 0x7efea41a8e20 secure :-1 s=READY pgs=52 cs=0 l=1 rev1=1 crypto rx=0x7efe98002410 tx=0x7efe98037820 comp rx=0 tx=0).stop
2026-02-17T20:10:32.052 INFO:teuthology.orchestra.run.trial126.stdout:/usr/bin/ceph: stderr
2026-02-17T20:10:31.965+0000 7efea3fff640 1 -- 10.20.193.126:0/70389013 shutdown_connections
2026-02-17T20:10:32.052 INFO:teuthology.orchestra.run.trial126.stdout:/usr/bin/ceph: stderr
2026-02-17T20:10:31.965+0000 7efea3fff640 1 --2- 10.20.193.126:0/70389013 >> [v2:10.20.193.126:6800/2395414701,v1:10.20.193.126:6801/2395414701] conn(0x7efe7403dbf0 0x7efe740400b0 unknown :-1 s=CLOSED pgs=15 cs=0 l=1 rev1=1 crypto rx=0 tx=0 comp rx=0 tx=0).stop
2026-02-17T20:10:32.052 INFO:teuthology.orchestra.run.trial126.stdout:/usr/bin/ceph: stderr
2026-02-17T20:10:31.965+0000 7efea3fff640 1 --2- 10.20.193.126:0/70389013 >> [v2:10.20.193.126:3300/0,v1:10.20.193.126:6789/0] conn(0x7efea41101c0 0x7efea41a8e20 unknown :-1 s=CLOSED pgs=52 cs=0 l=1 rev1=1 crypto rx=0 tx=0 comp rx=0 tx=0).stop
2026-02-17T20:10:32.052 INFO:teuthology.orchestra.run.trial126.stdout:/usr/bin/ceph: stderr
2026-02-17T20:10:31.965+0000 7efea3fff640 1 -- 10.20.193.126:0/70389013 >> 10.20.193.126:0/70389013 conn(0x7efea406f6d0 msgr2=0x7efea4071420 unknown :-1 s=STATE_NONE l=0).mark_down
2026-02-17T20:10:32.052 INFO:teuthology.orchestra.run.trial126.stdout:/usr/bin/ceph: stderr
2026-02-17T20:10:31.965+0000 7efea3fff640 1 -- 10.20.193.126:0/70389013 shutdown_connections
2026-02-17T20:10:32.052 INFO:teuthology.orchestra.run.trial126.stdout:/usr/bin/ceph: stderr
2026-02-17T20:10:31.965+0000 7efea3fff640 1 -- 10.20.193.126:0/70389013 wait complete.
2026-02-17T20:10:32.052 INFO:teuthology.orchestra.run.trial126.stdout:Enabling the dashboard module...
2026-02-17T20:10:32.116 INFO:journalctl@ceph.mon.a.trial126.stdout:Feb 17 20:10:31 trial126 ceph-mon[22662]: Added host trial126
2026-02-17T20:10:32.116 INFO:journalctl@ceph.mon.a.trial126.stdout:Feb 17 20:10:31 trial126 ceph-mon[22662]: from='client.14140 -' entity='client.admin' cmd=[{"prefix": "orch apply", "service_type": "mon", "unmanaged": true, "target": ["mon-mgr", ""]}]: dispatch
2026-02-17T20:10:32.116 INFO:journalctl@ceph.mon.a.trial126.stdout:Feb 17 20:10:31 trial126 ceph-mon[22662]: Saving service mon spec with placement count:5
2026-02-17T20:10:32.116 INFO:journalctl@ceph.mon.a.trial126.stdout:Feb 17 20:10:31 trial126 ceph-mon[22662]: from='mgr.14118 10.20.193.126:0/2327817280' entity='mgr.x'
2026-02-17T20:10:32.117 INFO:journalctl@ceph.mon.a.trial126.stdout:Feb 17 20:10:31 trial126 ceph-mon[22662]: from='mgr.14118 10.20.193.126:0/2327817280' entity='mgr.x'
2026-02-17T20:10:32.117 INFO:journalctl@ceph.mon.a.trial126.stdout:Feb 17 20:10:31 trial126 ceph-mon[22662]: from='mgr.14118 10.20.193.126:0/2327817280' entity='mgr.x'
2026-02-17T20:10:32.117 INFO:journalctl@ceph.mon.a.trial126.stdout:Feb 17 20:10:31 trial126 ceph-mon[22662]: from='client.? 10.20.193.126:0/193632936' entity='client.admin'
2026-02-17T20:10:33.219 INFO:journalctl@ceph.mon.a.trial126.stdout:Feb 17 20:10:32 trial126 ceph-mon[22662]: from='client.14142 -' entity='client.admin' cmd=[{"prefix": "orch apply", "service_type": "mgr", "unmanaged": true, "target": ["mon-mgr", ""]}]: dispatch
2026-02-17T20:10:33.219 INFO:journalctl@ceph.mon.a.trial126.stdout:Feb 17 20:10:32 trial126 ceph-mon[22662]: Saving service mgr spec with placement count:2
2026-02-17T20:10:33.219 INFO:journalctl@ceph.mon.a.trial126.stdout:Feb 17 20:10:32 trial126 ceph-mon[22662]: from='client.? 10.20.193.126:0/70389013' entity='client.admin'
2026-02-17T20:10:33.219 INFO:journalctl@ceph.mon.a.trial126.stdout:Feb 17 20:10:32 trial126 ceph-mon[22662]: from='mgr.14118 10.20.193.126:0/2327817280' entity='mgr.x'
2026-02-17T20:10:33.219 INFO:journalctl@ceph.mon.a.trial126.stdout:Feb 17 20:10:32 trial126 ceph-mon[22662]: from='client.? 10.20.193.126:0/3994288992' entity='client.admin' cmd=[{"prefix": "mgr module enable", "module": "dashboard"}]: dispatch
2026-02-17T20:10:33.247 INFO:teuthology.orchestra.run.trial126.stdout:/usr/bin/ceph: stderr
2026-02-17T20:10:32.207+0000 7fa0e7577640 1 Processor -- start
2026-02-17T20:10:33.248 INFO:teuthology.orchestra.run.trial126.stdout:/usr/bin/ceph: stderr
2026-02-17T20:10:32.207+0000 7fa0e7577640 1 -- start start
2026-02-17T20:10:33.248 INFO:teuthology.orchestra.run.trial126.stdout:/usr/bin/ceph: stderr
2026-02-17T20:10:32.208+0000 7fa0e7577640 1 --2- >> [v2:10.20.193.126:3300/0,v1:10.20.193.126:6789/0] conn(0x7fa0e807e940 0x7fa0e807ed40 unknown :-1 s=NONE pgs=0 cs=0 l=0 rev1=0 crypto rx=0 tx=0 comp rx=0 tx=0).connect
2026-02-17T20:10:33.248 INFO:teuthology.orchestra.run.trial126.stdout:/usr/bin/ceph: stderr
2026-02-17T20:10:32.208+0000 7fa0e7577640 1 -- --> [v2:10.20.193.126:3300/0,v1:10.20.193.126:6789/0] -- mon_getmap magic: 0 -- 0x7fa0e807f310 con 0x7fa0e807e940
2026-02-17T20:10:33.248 INFO:teuthology.orchestra.run.trial126.stdout:/usr/bin/ceph: stderr
2026-02-17T20:10:32.208+0000 7fa0e6575640 1 --2- >> [v2:10.20.193.126:3300/0,v1:10.20.193.126:6789/0] conn(0x7fa0e807e940 0x7fa0e807ed40 unknown :-1 s=BANNER_CONNECTING pgs=0 cs=0 l=0 rev1=0 crypto rx=0 tx=0 comp rx=0 tx=0)._handle_peer_banner_payload supported=3 required=0
2026-02-17T20:10:33.248 INFO:teuthology.orchestra.run.trial126.stdout:/usr/bin/ceph: stderr
2026-02-17T20:10:32.208+0000 7fa0e6575640 1 --2- >> [v2:10.20.193.126:3300/0,v1:10.20.193.126:6789/0] conn(0x7fa0e807e940 0x7fa0e807ed40 unknown :-1 s=HELLO_CONNECTING pgs=0 cs=0 l=0 rev1=1 crypto rx=0 tx=0 comp rx=0 tx=0).handle_hello peer v2:10.20.193.126:3300/0 says I am v2:10.20.193.126:47586/0 (socket says 10.20.193.126:47586)
2026-02-17T20:10:33.248 INFO:teuthology.orchestra.run.trial126.stdout:/usr/bin/ceph: stderr
2026-02-17T20:10:32.208+0000 7fa0e6575640 1 -- 10.20.193.126:0/2440074887 learned_addr learned my addr 10.20.193.126:0/2440074887 (peer_addr_for_me v2:10.20.193.126:0/0)
2026-02-17T20:10:33.248 INFO:teuthology.orchestra.run.trial126.stdout:/usr/bin/ceph: stderr
2026-02-17T20:10:32.208+0000 7fa0e6575640 1 -- 10.20.193.126:0/2440074887 --> [v2:10.20.193.126:3300/0,v1:10.20.193.126:6789/0] -- mon_subscribe({config=0+,monmap=0+}) -- 0x7fa0e807fb90 con 0x7fa0e807e940
2026-02-17T20:10:33.248 INFO:teuthology.orchestra.run.trial126.stdout:/usr/bin/ceph: stderr
2026-02-17T20:10:32.209+0000 7fa0e6575640 1 --2- 10.20.193.126:0/2440074887 >> [v2:10.20.193.126:3300/0,v1:10.20.193.126:6789/0] conn(0x7fa0e807e940 0x7fa0e807ed40 secure :-1 s=READY pgs=53 cs=0 l=1 rev1=1 crypto rx=0x7fa0dc009920 tx=0x7fa0dc02ef20 comp rx=0 tx=0).ready entity=mon.0 client_cookie=483de4b90df0192d server_cookie=0 in_seq=0 out_seq=0
2026-02-17T20:10:33.248 INFO:teuthology.orchestra.run.trial126.stdout:/usr/bin/ceph: stderr
2026-02-17T20:10:32.209+0000 7fa0e5573640 1 -- 10.20.193.126:0/2440074887 <== mon.0 v2:10.20.193.126:3300/0 1 ==== mon_map magic: 0 ==== 205+0+0 (secure 0 0 0) 0x7fa0dc03c070 con 0x7fa0e807e940
2026-02-17T20:10:33.248 INFO:teuthology.orchestra.run.trial126.stdout:/usr/bin/ceph: stderr
2026-02-17T20:10:32.209+0000 7fa0e5573640 1 -- 10.20.193.126:0/2440074887 <== mon.0 v2:10.20.193.126:3300/0 2 ==== config(26 keys) ==== 1076+0+0 (secure 0 0 0) 0x7fa0dc037440 con 0x7fa0e807e940
2026-02-17T20:10:33.249 INFO:teuthology.orchestra.run.trial126.stdout:/usr/bin/ceph: stderr
2026-02-17T20:10:32.209+0000 7fa0e5573640 1 -- 10.20.193.126:0/2440074887 <== mon.0 v2:10.20.193.126:3300/0 3 ==== mon_map magic: 0 ==== 205+0+0 (secure 0 0 0) 0x7fa0dc0354d0 con 0x7fa0e807e940
2026-02-17T20:10:33.249 INFO:teuthology.orchestra.run.trial126.stdout:/usr/bin/ceph: stderr
2026-02-17T20:10:32.209+0000 7fa0e7577640 1 -- 10.20.193.126:0/2440074887 >> [v2:10.20.193.126:3300/0,v1:10.20.193.126:6789/0] conn(0x7fa0e807e940 msgr2=0x7fa0e807ed40 secure :-1 s=STATE_CONNECTION_ESTABLISHED l=1).mark_down
2026-02-17T20:10:33.249 INFO:teuthology.orchestra.run.trial126.stdout:/usr/bin/ceph: stderr
2026-02-17T20:10:32.209+0000 7fa0e7577640 1 --2- 10.20.193.126:0/2440074887 >> [v2:10.20.193.126:3300/0,v1:10.20.193.126:6789/0] conn(0x7fa0e807e940 0x7fa0e807ed40 secure :-1 s=READY pgs=53 cs=0 l=1 rev1=1 crypto rx=0x7fa0dc009920 tx=0x7fa0dc02ef20 comp rx=0 tx=0).stop
2026-02-17T20:10:33.249 INFO:teuthology.orchestra.run.trial126.stdout:/usr/bin/ceph: stderr
2026-02-17T20:10:32.210+0000 7fa0e7577640 1 -- 10.20.193.126:0/2440074887 shutdown_connections
2026-02-17T20:10:33.249 INFO:teuthology.orchestra.run.trial126.stdout:/usr/bin/ceph: stderr
2026-02-17T20:10:32.210+0000 7fa0e7577640 1 --2- 10.20.193.126:0/2440074887 >> [v2:10.20.193.126:3300/0,v1:10.20.193.126:6789/0] conn(0x7fa0e807e940 0x7fa0e807ed40 unknown :-1 s=CLOSED pgs=53 cs=0 l=1 rev1=1 crypto rx=0 tx=0 comp rx=0 tx=0).stop
2026-02-17T20:10:33.249 INFO:teuthology.orchestra.run.trial126.stdout:/usr/bin/ceph: stderr
2026-02-17T20:10:32.210+0000 7fa0e7577640 1 -- 10.20.193.126:0/2440074887 >> 10.20.193.126:0/2440074887 conn(0x7fa0e807d760 msgr2=0x7fa0e807db70 unknown :-1 s=STATE_NONE l=0).mark_down
2026-02-17T20:10:33.249 INFO:teuthology.orchestra.run.trial126.stdout:/usr/bin/ceph: stderr
2026-02-17T20:10:32.210+0000 7fa0e7577640 1 -- 10.20.193.126:0/2440074887 shutdown_connections
2026-02-17T20:10:33.249 INFO:teuthology.orchestra.run.trial126.stdout:/usr/bin/ceph: stderr
2026-02-17T20:10:32.210+0000 7fa0e7577640 1 -- 10.20.193.126:0/2440074887 wait complete.
2026-02-17T20:10:33.249 INFO:teuthology.orchestra.run.trial126.stdout:/usr/bin/ceph: stderr
2026-02-17T20:10:32.210+0000 7fa0e7577640 1 Processor -- start
2026-02-17T20:10:33.249 INFO:teuthology.orchestra.run.trial126.stdout:/usr/bin/ceph: stderr
2026-02-17T20:10:32.210+0000 7fa0e7577640 1 -- start start
2026-02-17T20:10:33.249 INFO:teuthology.orchestra.run.trial126.stdout:/usr/bin/ceph: stderr
2026-02-17T20:10:32.211+0000 7fa0e7577640 1 --2- >> [v2:10.20.193.126:3300/0,v1:10.20.193.126:6789/0] conn(0x7fa0e807e940 0x7fa0e81a4930 unknown :-1 s=NONE pgs=0 cs=0 l=1 rev1=0 crypto rx=0 tx=0 comp rx=0 tx=0).connect
2026-02-17T20:10:33.249 INFO:teuthology.orchestra.run.trial126.stdout:/usr/bin/ceph: stderr
2026-02-17T20:10:32.211+0000 7fa0e7577640 1 -- --> [v2:10.20.193.126:3300/0,v1:10.20.193.126:6789/0] -- mon_getmap magic: 0 -- 0x7fa0e8080f50 con 0x7fa0e807e940
2026-02-17T20:10:33.250 INFO:teuthology.orchestra.run.trial126.stdout:/usr/bin/ceph: stderr
2026-02-17T20:10:32.211+0000 7fa0e6575640 1 --2- >> [v2:10.20.193.126:3300/0,v1:10.20.193.126:6789/0] conn(0x7fa0e807e940 0x7fa0e81a4930 unknown :-1 s=BANNER_CONNECTING pgs=0 cs=0 l=1 rev1=0 crypto rx=0 tx=0 comp rx=0 tx=0)._handle_peer_banner_payload supported=3 required=0
2026-02-17T20:10:33.250 INFO:teuthology.orchestra.run.trial126.stdout:/usr/bin/ceph: stderr
2026-02-17T20:10:32.211+0000 7fa0e6575640 1 --2- >> [v2:10.20.193.126:3300/0,v1:10.20.193.126:6789/0] conn(0x7fa0e807e940 0x7fa0e81a4930 unknown :-1 s=HELLO_CONNECTING pgs=0 cs=0 l=1 rev1=1 crypto rx=0 tx=0 comp rx=0 tx=0).handle_hello peer v2:10.20.193.126:3300/0 says I am v2:10.20.193.126:47592/0 (socket says 10.20.193.126:47592)
2026-02-17T20:10:33.250 INFO:teuthology.orchestra.run.trial126.stdout:/usr/bin/ceph: stderr
2026-02-17T20:10:32.211+0000 7fa0e6575640 1 -- 10.20.193.126:0/3994288992 learned_addr learned my addr 10.20.193.126:0/3994288992 (peer_addr_for_me v2:10.20.193.126:0/0)
2026-02-17T20:10:33.250 INFO:teuthology.orchestra.run.trial126.stdout:/usr/bin/ceph: stderr
2026-02-17T20:10:32.211+0000 7fa0e6575640 1 -- 10.20.193.126:0/3994288992 --> [v2:10.20.193.126:3300/0,v1:10.20.193.126:6789/0] -- mon_subscribe({config=0+,monmap=0+}) -- 0x7fa0e81a4e70 con 0x7fa0e807e940
2026-02-17T20:10:33.250 INFO:teuthology.orchestra.run.trial126.stdout:/usr/bin/ceph: stderr
2026-02-17T20:10:32.211+0000 7fa0e6575640 1 --2- 10.20.193.126:0/3994288992 >> [v2:10.20.193.126:3300/0,v1:10.20.193.126:6789/0] conn(0x7fa0e807e940 0x7fa0e81a4930 secure :-1 s=READY pgs=54 cs=0 l=1 rev1=1 crypto rx=0x7fa0dc002410 tx=0x7fa0dc037820 comp rx=0 tx=0).ready entity=mon.0 client_cookie=0 server_cookie=0 in_seq=0 out_seq=0
2026-02-17T20:10:33.250 INFO:teuthology.orchestra.run.trial126.stdout:/usr/bin/ceph: stderr
2026-02-17T20:10:32.211+0000 7fa0cf7fe640 1 -- 10.20.193.126:0/3994288992 <== mon.0 v2:10.20.193.126:3300/0 1 ==== mon_map magic: 0 ==== 205+0+0 (secure 0 0 0) 0x7fa0dc047070 con 0x7fa0e807e940
2026-02-17T20:10:33.250 INFO:teuthology.orchestra.run.trial126.stdout:/usr/bin/ceph: stderr
2026-02-17T20:10:32.211+0000 7fa0cf7fe640 1 -- 10.20.193.126:0/3994288992 <== mon.0 v2:10.20.193.126:3300/0 2 ==== config(26 keys) ==== 1076+0+0 (secure 0 0 0) 0x7fa0dc035da0 con 0x7fa0e807e940
2026-02-17T20:10:33.250 INFO:teuthology.orchestra.run.trial126.stdout:/usr/bin/ceph: stderr
2026-02-17T20:10:32.211+0000 7fa0cf7fe640 1 -- 10.20.193.126:0/3994288992 <== mon.0 v2:10.20.193.126:3300/0 3 ==== mon_map magic: 0 ==== 205+0+0 (secure 0 0 0) 0x7fa0dc03c070 con 0x7fa0e807e940
2026-02-17T20:10:33.250 INFO:teuthology.orchestra.run.trial126.stdout:/usr/bin/ceph: stderr
2026-02-17T20:10:32.211+0000 7fa0e7577640 1 -- 10.20.193.126:0/3994288992 --> [v2:10.20.193.126:3300/0,v1:10.20.193.126:6789/0] -- mon_subscribe({mgrmap=0+}) -- 0x7fa0e81a5100 con 0x7fa0e807e940
2026-02-17T20:10:33.250 INFO:teuthology.orchestra.run.trial126.stdout:/usr/bin/ceph: stderr
2026-02-17T20:10:32.211+0000 7fa0e7577640 1 -- 10.20.193.126:0/3994288992 --> [v2:10.20.193.126:3300/0,v1:10.20.193.126:6789/0] -- mon_subscribe({osdmap=0}) -- 0x7fa0e81a7df0 con 0x7fa0e807e940
2026-02-17T20:10:33.250 INFO:teuthology.orchestra.run.trial126.stdout:/usr/bin/ceph: stderr
2026-02-17T20:10:32.212+0000 7fa0e7577640 1 -- 10.20.193.126:0/3994288992 --> [v2:10.20.193.126:3300/0,v1:10.20.193.126:6789/0] -- mon_command({"prefix": "get_command_descriptions"} v 0) -- 0x7fa0e807ed40 con 0x7fa0e807e940
2026-02-17T20:10:33.250 INFO:teuthology.orchestra.run.trial126.stdout:/usr/bin/ceph: stderr
2026-02-17T20:10:32.212+0000 7fa0cf7fe640 1 -- 10.20.193.126:0/3994288992 <== mon.0 v2:10.20.193.126:3300/0 4 ==== mgrmap(e 7) ==== 50247+0+0 (secure 0 0 0) 0x7fa0dc042660 con 0x7fa0e807e940
2026-02-17T20:10:33.251 INFO:teuthology.orchestra.run.trial126.stdout:/usr/bin/ceph: stderr
2026-02-17T20:10:32.213+0000 7fa0cf7fe640 1 --2- 10.20.193.126:0/3994288992 >> [v2:10.20.193.126:6800/2395414701,v1:10.20.193.126:6801/2395414701] conn(0x7fa0c003dbf0 0x7fa0c00400b0 unknown :-1 s=NONE pgs=0 cs=0 l=1 rev1=0 crypto rx=0 tx=0 comp rx=0 tx=0).connect
2026-02-17T20:10:33.251 INFO:teuthology.orchestra.run.trial126.stdout:/usr/bin/ceph: stderr
2026-02-17T20:10:32.213+0000 7fa0cf7fe640 1 -- 10.20.193.126:0/3994288992 <== mon.0 v2:10.20.193.126:3300/0 5 ==== osd_map(2..2 src has 1..2) ==== 940+0+0 (secure 0 0 0) 0x7fa0dc0767e0 con 0x7fa0e807e940
2026-02-17T20:10:33.251 INFO:teuthology.orchestra.run.trial126.stdout:/usr/bin/ceph: stderr
2026-02-17T20:10:32.214+0000 7fa0e5d74640 1 --2- 10.20.193.126:0/3994288992 >> [v2:10.20.193.126:6800/2395414701,v1:10.20.193.126:6801/2395414701] conn(0x7fa0c003dbf0 0x7fa0c00400b0 unknown :-1 s=BANNER_CONNECTING pgs=0 cs=0 l=1 rev1=0 crypto rx=0 tx=0 comp rx=0 tx=0)._handle_peer_banner_payload supported=3 required=0
2026-02-17T20:10:33.251 INFO:teuthology.orchestra.run.trial126.stdout:/usr/bin/ceph: stderr
2026-02-17T20:10:32.214+0000 7fa0e5d74640 1 --2- 10.20.193.126:0/3994288992 >> [v2:10.20.193.126:6800/2395414701,v1:10.20.193.126:6801/2395414701] conn(0x7fa0c003dbf0 0x7fa0c00400b0 secure :-1 s=READY pgs=16 cs=0 l=1 rev1=1 crypto rx=0x7fa0d00099c0 tx=0x7fa0d0006eb0 comp rx=0 tx=0).ready entity=mgr.14118 client_cookie=0 server_cookie=0 in_seq=0 out_seq=0
2026-02-17T20:10:33.251 INFO:teuthology.orchestra.run.trial126.stdout:/usr/bin/ceph: stderr
2026-02-17T20:10:32.215+0000 7fa0cf7fe640 1 -- 10.20.193.126:0/3994288992 <== mon.0 v2:10.20.193.126:3300/0 6 ==== mon_command_ack([{"prefix": "get_command_descriptions"}]=0 v0) ==== 72+0+195034 (secure 0 0 0) 0x7fa0dc03c210 con 0x7fa0e807e940
2026-02-17T20:10:33.251 INFO:teuthology.orchestra.run.trial126.stdout:/usr/bin/ceph: stderr
2026-02-17T20:10:32.328+0000 7fa0e7577640 1 -- 10.20.193.126:0/3994288992 --> [v2:10.20.193.126:3300/0,v1:10.20.193.126:6789/0] -- mon_command({"prefix": "mgr module enable", "module": "dashboard"} v 0) -- 0x7fa0e819de00 con 0x7fa0e807e940
2026-02-17T20:10:33.251 INFO:teuthology.orchestra.run.trial126.stdout:/usr/bin/ceph: stderr
2026-02-17T20:10:33.116+0000 7fa0cf7fe640 1 -- 10.20.193.126:0/3994288992 <== mon.0 v2:10.20.193.126:3300/0 7 ==== mon_command_ack([{"prefix": "mgr module enable", "module": "dashboard"}]=0 v8) ==== 88+0+0 (secure 0 0 0) 0x7fa0dc076540 con 0x7fa0e807e940
2026-02-17T20:10:33.251 INFO:teuthology.orchestra.run.trial126.stdout:/usr/bin/ceph: stderr
2026-02-17T20:10:33.118+0000 7fa0cf7fe640 1 -- 10.20.193.126:0/3994288992 <== mon.0 v2:10.20.193.126:3300/0 8 ==== mgrmap(e 8) ==== 50260+0+0 (secure 0 0 0) 0x7fa0dc035900 con 0x7fa0e807e940
2026-02-17T20:10:33.251 INFO:teuthology.orchestra.run.trial126.stdout:/usr/bin/ceph: stderr
2026-02-17T20:10:33.119+0000 7fa0e7577640 1 -- 10.20.193.126:0/3994288992 >> [v2:10.20.193.126:6800/2395414701,v1:10.20.193.126:6801/2395414701] conn(0x7fa0c003dbf0 msgr2=0x7fa0c00400b0 secure :-1 s=STATE_CONNECTION_ESTABLISHED l=1).mark_down
2026-02-17T20:10:33.251 INFO:teuthology.orchestra.run.trial126.stdout:/usr/bin/ceph: stderr
2026-02-17T20:10:33.119+0000 7fa0e7577640 1 --2- 10.20.193.126:0/3994288992 >> [v2:10.20.193.126:6800/2395414701,v1:10.20.193.126:6801/2395414701] conn(0x7fa0c003dbf0 0x7fa0c00400b0 secure :-1 s=READY pgs=16 cs=0 l=1 rev1=1 crypto rx=0x7fa0d00099c0 tx=0x7fa0d0006eb0 comp rx=0 tx=0).stop
2026-02-17T20:10:33.251 INFO:teuthology.orchestra.run.trial126.stdout:/usr/bin/ceph: stderr
2026-02-17T20:10:33.119+0000 7fa0e7577640 1 -- 10.20.193.126:0/3994288992 >> [v2:10.20.193.126:3300/0,v1:10.20.193.126:6789/0] conn(0x7fa0e807e940 msgr2=0x7fa0e81a4930 secure :-1 s=STATE_CONNECTION_ESTABLISHED l=1).mark_down
2026-02-17T20:10:33.251 INFO:teuthology.orchestra.run.trial126.stdout:/usr/bin/ceph: stderr
2026-02-17T20:10:33.119+0000 7fa0e7577640 1 --2- 10.20.193.126:0/3994288992 >> [v2:10.20.193.126:3300/0,v1:10.20.193.126:6789/0] conn(0x7fa0e807e940 0x7fa0e81a4930 secure :-1 s=READY pgs=54 cs=0 l=1 rev1=1 crypto rx=0x7fa0dc002410 tx=0x7fa0dc037820 comp rx=0 tx=0).stop
2026-02-17T20:10:33.252 INFO:teuthology.orchestra.run.trial126.stdout:/usr/bin/ceph: stderr
2026-02-17T20:10:33.119+0000 7fa0e7577640 1 -- 10.20.193.126:0/3994288992 shutdown_connections
2026-02-17T20:10:33.252 INFO:teuthology.orchestra.run.trial126.stdout:/usr/bin/ceph: stderr
2026-02-17T20:10:33.119+0000 7fa0e7577640 1 --2- 10.20.193.126:0/3994288992 >> [v2:10.20.193.126:6800/2395414701,v1:10.20.193.126:6801/2395414701] conn(0x7fa0c003dbf0 0x7fa0c00400b0 unknown :-1 s=CLOSED pgs=16 cs=0 l=1 rev1=1 crypto rx=0 tx=0 comp rx=0 tx=0).stop
2026-02-17T20:10:33.252 INFO:teuthology.orchestra.run.trial126.stdout:/usr/bin/ceph: stderr
2026-02-17T20:10:33.119+0000 7fa0e7577640 1 --2- 10.20.193.126:0/3994288992 >> [v2:10.20.193.126:3300/0,v1:10.20.193.126:6789/0] conn(0x7fa0e807e940 0x7fa0e81a4930 unknown :-1 s=CLOSED pgs=54 cs=0 l=1 rev1=1 crypto rx=0 tx=0 comp rx=0 tx=0).stop
2026-02-17T20:10:33.252 INFO:teuthology.orchestra.run.trial126.stdout:/usr/bin/ceph: stderr
2026-02-17T20:10:33.119+0000 7fa0e7577640 1 -- 10.20.193.126:0/3994288992 >> 10.20.193.126:0/3994288992 conn(0x7fa0e807d760 msgr2=0x7fa0e819b3a0 unknown :-1 s=STATE_NONE l=0).mark_down
2026-02-17T20:10:33.252 INFO:teuthology.orchestra.run.trial126.stdout:/usr/bin/ceph: stderr
2026-02-17T20:10:33.119+0000 7fa0e7577640 1 -- 10.20.193.126:0/3994288992 shutdown_connections
2026-02-17T20:10:33.252 INFO:teuthology.orchestra.run.trial126.stdout:/usr/bin/ceph: stderr
2026-02-17T20:10:33.119+0000 7fa0e7577640 1 -- 10.20.193.126:0/3994288992 wait complete.
2026-02-17T20:10:33.470 INFO:journalctl@ceph.mgr.x.trial126.stdout:Feb 17 20:10:33 trial126 ceph-9e214001-0c3c-11f1-8cad-d404e6e7d460-mgr-x[22884]: ignoring --setuser ceph since I am not root
2026-02-17T20:10:33.470 INFO:journalctl@ceph.mgr.x.trial126.stdout:Feb 17 20:10:33 trial126 ceph-9e214001-0c3c-11f1-8cad-d404e6e7d460-mgr-x[22884]: ignoring --setgroup ceph since I am not root
2026-02-17T20:10:33.634 INFO:teuthology.orchestra.run.trial126.stdout:/usr/bin/ceph: stdout {
2026-02-17T20:10:33.634 INFO:teuthology.orchestra.run.trial126.stdout:/usr/bin/ceph: stdout "epoch": 8,
2026-02-17T20:10:33.634 INFO:teuthology.orchestra.run.trial126.stdout:/usr/bin/ceph: stdout "available": true,
2026-02-17T20:10:33.634 INFO:teuthology.orchestra.run.trial126.stdout:/usr/bin/ceph: stdout "active_name": "x",
2026-02-17T20:10:33.634 INFO:teuthology.orchestra.run.trial126.stdout:/usr/bin/ceph: stdout "num_standby": 0
2026-02-17T20:10:33.635 INFO:teuthology.orchestra.run.trial126.stdout:/usr/bin/ceph: stdout }
2026-02-17T20:10:33.635 INFO:teuthology.orchestra.run.trial126.stdout:/usr/bin/ceph: stderr
2026-02-17T20:10:33.415+0000 7f7b49717640 1 Processor -- start
2026-02-17T20:10:33.635 INFO:teuthology.orchestra.run.trial126.stdout:/usr/bin/ceph: stderr
2026-02-17T20:10:33.416+0000 7f7b49717640 1 -- start start
2026-02-17T20:10:33.635 INFO:teuthology.orchestra.run.trial126.stdout:/usr/bin/ceph: stderr
2026-02-17T20:10:33.416+0000 7f7b49717640 1 --2- >> [v2:10.20.193.126:3300/0,v1:10.20.193.126:6789/0] conn(0x7f7b44073630 0x7f7b44073a30 unknown :-1 s=NONE pgs=0 cs=0 l=0 rev1=0 crypto rx=0 tx=0 comp rx=0 tx=0).connect
2026-02-17T20:10:33.635 INFO:teuthology.orchestra.run.trial126.stdout:/usr/bin/ceph: stderr
2026-02-17T20:10:33.416+0000 7f7b49717640 1 -- --> [v2:10.20.193.126:3300/0,v1:10.20.193.126:6789/0] -- mon_getmap magic: 0 -- 0x7f7b44074e20 con 0x7f7b44073630
2026-02-17T20:10:33.635 INFO:teuthology.orchestra.run.trial126.stdout:/usr/bin/ceph: stderr
2026-02-17T20:10:33.416+0000 7f7b43fff640 1 --2- >> [v2:10.20.193.126:3300/0,v1:10.20.193.126:6789/0] conn(0x7f7b44073630 0x7f7b44073a30 unknown :-1 s=BANNER_CONNECTING pgs=0 cs=0 l=0 rev1=0 crypto rx=0 tx=0 comp rx=0 tx=0)._handle_peer_banner_payload supported=3 required=0
2026-02-17T20:10:33.635 INFO:teuthology.orchestra.run.trial126.stdout:/usr/bin/ceph: stderr
2026-02-17T20:10:33.416+0000 7f7b43fff640 1 --2- >> [v2:10.20.193.126:3300/0,v1:10.20.193.126:6789/0] conn(0x7f7b44073630 0x7f7b44073a30 unknown :-1 s=HELLO_CONNECTING pgs=0 cs=0 l=0 rev1=1 crypto rx=0 tx=0 comp rx=0 tx=0).handle_hello peer v2:10.20.193.126:3300/0 says I am v2:10.20.193.126:47620/0 (socket says 10.20.193.126:47620)
2026-02-17T20:10:33.635 INFO:teuthology.orchestra.run.trial126.stdout:/usr/bin/ceph: stderr
2026-02-17T20:10:33.416+0000 7f7b43fff640 1 -- 10.20.193.126:0/4081200353 learned_addr learned my addr 10.20.193.126:0/4081200353 (peer_addr_for_me v2:10.20.193.126:0/0)
2026-02-17T20:10:33.635 INFO:teuthology.orchestra.run.trial126.stdout:/usr/bin/ceph: stderr
2026-02-17T20:10:33.417+0000 7f7b43fff640 1 -- 10.20.193.126:0/4081200353 --> [v2:10.20.193.126:3300/0,v1:10.20.193.126:6789/0] -- mon_subscribe({config=0+,monmap=0+}) -- 0x7f7b44073f70 con 0x7f7b44073630
2026-02-17T20:10:33.635 INFO:teuthology.orchestra.run.trial126.stdout:/usr/bin/ceph: stderr
2026-02-17T20:10:33.417+0000 7f7b43fff640 1 --2- 10.20.193.126:0/4081200353 >> [v2:10.20.193.126:3300/0,v1:10.20.193.126:6789/0] conn(0x7f7b44073630 0x7f7b44073a30 secure :-1 s=READY pgs=57 cs=0 l=1 rev1=1 crypto rx=0x7f7b30009b80 tx=0x7f7b3002f190 comp rx=0 tx=0).ready entity=mon.0 client_cookie=c0f011d81e8a06d5 server_cookie=0 in_seq=0 out_seq=0
2026-02-17T20:10:33.635 INFO:teuthology.orchestra.run.trial126.stdout:/usr/bin/ceph: stderr
2026-02-17T20:10:33.418+0000 7f7b42ffd640 1 -- 10.20.193.126:0/4081200353 <== mon.0 v2:10.20.193.126:3300/0 1 ==== mon_map magic: 0 ==== 205+0+0 (secure 0 0 0) 0x7f7b3003c070 con 0x7f7b44073630
2026-02-17T20:10:33.635 INFO:teuthology.orchestra.run.trial126.stdout:/usr/bin/ceph: stderr
2026-02-17T20:10:33.418+0000 7f7b42ffd640 1 -- 10.20.193.126:0/4081200353 <== mon.0 v2:10.20.193.126:3300/0 2 ==== config(26 keys) ==== 1076+0+0 (secure 0 0 0) 0x7f7b30037440 con 0x7f7b44073630
2026-02-17T20:10:33.636 INFO:teuthology.orchestra.run.trial126.stdout:/usr/bin/ceph: stderr
2026-02-17T20:10:33.418+0000 7f7b42ffd640 1 -- 10.20.193.126:0/4081200353 <== mon.0 v2:10.20.193.126:3300/0 3 ==== mon_map magic: 0 ==== 205+0+0 (secure 0 0 0) 0x7f7b30035510 con 0x7f7b44073630
2026-02-17T20:10:33.636 INFO:teuthology.orchestra.run.trial126.stdout:/usr/bin/ceph: stderr
2026-02-17T20:10:33.418+0000 7f7b49717640 1 -- 10.20.193.126:0/4081200353 >> [v2:10.20.193.126:3300/0,v1:10.20.193.126:6789/0] conn(0x7f7b44073630 msgr2=0x7f7b44073a30 secure :-1 s=STATE_CONNECTION_ESTABLISHED l=1).mark_down
2026-02-17T20:10:33.636 INFO:teuthology.orchestra.run.trial126.stdout:/usr/bin/ceph: stderr
2026-02-17T20:10:33.418+0000 7f7b49717640 1 --2- 10.20.193.126:0/4081200353 >> [v2:10.20.193.126:3300/0,v1:10.20.193.126:6789/0] conn(0x7f7b44073630 0x7f7b44073a30 secure :-1 s=READY pgs=57 cs=0 l=1 rev1=1 crypto rx=0x7f7b30009b80 tx=0x7f7b3002f190 comp rx=0 tx=0).stop
2026-02-17T20:10:33.636 INFO:teuthology.orchestra.run.trial126.stdout:/usr/bin/ceph: stderr
2026-02-17T20:10:33.418+0000 7f7b49717640 1 -- 10.20.193.126:0/4081200353 shutdown_connections
2026-02-17T20:10:33.636 INFO:teuthology.orchestra.run.trial126.stdout:/usr/bin/ceph: stderr
2026-02-17T20:10:33.418+0000 7f7b49717640 1 --2- 10.20.193.126:0/4081200353 >> [v2:10.20.193.126:3300/0,v1:10.20.193.126:6789/0] conn(0x7f7b44073630 0x7f7b44073a30 unknown :-1 s=CLOSED pgs=57 cs=0 l=1 rev1=1 crypto rx=0 tx=0 comp rx=0 tx=0).stop
2026-02-17T20:10:33.636 INFO:teuthology.orchestra.run.trial126.stdout:/usr/bin/ceph: stderr
2026-02-17T20:10:33.418+0000 7f7b49717640 1 -- 10.20.193.126:0/4081200353 >> 10.20.193.126:0/4081200353 conn(0x7f7b4406f6d0 msgr2=0x7f7b44071b10 unknown :-1 s=STATE_NONE l=0).mark_down
2026-02-17T20:10:33.636 INFO:teuthology.orchestra.run.trial126.stdout:/usr/bin/ceph: stderr
2026-02-17T20:10:33.418+0000 7f7b49717640 1 -- 10.20.193.126:0/4081200353 shutdown_connections
2026-02-17T20:10:33.636 INFO:teuthology.orchestra.run.trial126.stdout:/usr/bin/ceph: stderr
2026-02-17T20:10:33.418+0000 7f7b49717640 1 -- 10.20.193.126:0/4081200353 wait complete.
2026-02-17T20:10:33.636 INFO:teuthology.orchestra.run.trial126.stdout:/usr/bin/ceph: stderr
2026-02-17T20:10:33.419+0000 7f7b49717640 1 Processor -- start
2026-02-17T20:10:33.636 INFO:teuthology.orchestra.run.trial126.stdout:/usr/bin/ceph: stderr
2026-02-17T20:10:33.419+0000 7f7b49717640 1 -- start start
2026-02-17T20:10:33.636 INFO:teuthology.orchestra.run.trial126.stdout:/usr/bin/ceph: stderr
2026-02-17T20:10:33.419+0000 7f7b49717640 1 --2- >> [v2:10.20.193.126:3300/0,v1:10.20.193.126:6789/0] conn(0x7f7b44073630 0x7f7b441ad380 unknown :-1 s=NONE pgs=0 cs=0 l=1 rev1=0 crypto rx=0 tx=0 comp rx=0 tx=0).connect
2026-02-17T20:10:33.636 INFO:teuthology.orchestra.run.trial126.stdout:/usr/bin/ceph: stderr
2026-02-17T20:10:33.419+0000 7f7b49717640 1 -- --> [v2:10.20.193.126:3300/0,v1:10.20.193.126:6789/0] -- mon_getmap magic: 0 -- 0x7f7b44112ad0 con 0x7f7b44073630
2026-02-17T20:10:33.637 INFO:teuthology.orchestra.run.trial126.stdout:/usr/bin/ceph: stderr
2026-02-17T20:10:33.419+0000 7f7b43fff640 1 --2- >> [v2:10.20.193.126:3300/0,v1:10.20.193.126:6789/0] conn(0x7f7b44073630 0x7f7b441ad380 unknown :-1 s=BANNER_CONNECTING pgs=0 cs=0 l=1 rev1=0 crypto rx=0 tx=0 comp rx=0 tx=0)._handle_peer_banner_payload supported=3 required=0
2026-02-17T20:10:33.637 INFO:teuthology.orchestra.run.trial126.stdout:/usr/bin/ceph: stderr
2026-02-17T20:10:33.419+0000 7f7b43fff640 1 --2- >> [v2:10.20.193.126:3300/0,v1:10.20.193.126:6789/0] conn(0x7f7b44073630 0x7f7b441ad380 unknown :-1 s=HELLO_CONNECTING pgs=0 cs=0 l=1 rev1=1 crypto rx=0 tx=0 comp rx=0 tx=0).handle_hello peer v2:10.20.193.126:3300/0 says I am v2:10.20.193.126:47622/0 (socket says 10.20.193.126:47622)
2026-02-17T20:10:33.637 INFO:teuthology.orchestra.run.trial126.stdout:/usr/bin/ceph: stderr
2026-02-17T20:10:33.419+0000 7f7b43fff640 1 -- 10.20.193.126:0/1248467951 learned_addr learned my addr 10.20.193.126:0/1248467951 (peer_addr_for_me v2:10.20.193.126:0/0)
2026-02-17T20:10:33.637 INFO:teuthology.orchestra.run.trial126.stdout:/usr/bin/ceph: stderr
2026-02-17T20:10:33.419+0000 7f7b43fff640 1 -- 10.20.193.126:0/1248467951 --> [v2:10.20.193.126:3300/0,v1:10.20.193.126:6789/0] -- mon_subscribe({config=0+,monmap=0+}) -- 0x7f7b441ad8c0 con 0x7f7b44073630
2026-02-17T20:10:33.637 INFO:teuthology.orchestra.run.trial126.stdout:/usr/bin/ceph: stderr
2026-02-17T20:10:33.420+0000 7f7b43fff640 1 --2- 10.20.193.126:0/1248467951 >> [v2:10.20.193.126:3300/0,v1:10.20.193.126:6789/0] conn(0x7f7b44073630 0x7f7b441ad380 secure :-1 s=READY pgs=58 cs=0 l=1 rev1=1 crypto rx=0x7f7b30037fd0 tx=0x7f7b30037820 comp rx=0 tx=0).ready entity=mon.0 client_cookie=0 server_cookie=0 in_seq=0 out_seq=0
2026-02-17T20:10:33.637 INFO:teuthology.orchestra.run.trial126.stdout:/usr/bin/ceph: stderr
2026-02-17T20:10:33.420+0000 7f7b417fa640 1 -- 10.20.193.126:0/1248467951 <== mon.0 v2:10.20.193.126:3300/0 1 ==== mon_map magic: 0 ==== 205+0+0 (secure 0 0 0) 0x7f7b30047070 con 0x7f7b44073630
2026-02-17T20:10:33.637 INFO:teuthology.orchestra.run.trial126.stdout:/usr/bin/ceph: stderr
2026-02-17T20:10:33.420+0000 7f7b417fa640 1 -- 10.20.193.126:0/1248467951 <== mon.0 v2:10.20.193.126:3300/0 2 ==== config(26 keys) ==== 1076+0+0 (secure 0 0 0) 0x7f7b30035de0 con 0x7f7b44073630
2026-02-17T20:10:33.637 INFO:teuthology.orchestra.run.trial126.stdout:/usr/bin/ceph: stderr
2026-02-17T20:10:33.420+0000 7f7b417fa640 1 -- 10.20.193.126:0/1248467951 <== mon.0 v2:10.20.193.126:3300/0 3 ==== mon_map magic: 0 ==== 205+0+0 (secure 0 0 0) 0x7f7b3003c070 con 0x7f7b44073630
2026-02-17T20:10:33.637 INFO:teuthology.orchestra.run.trial126.stdout:/usr/bin/ceph: stderr
2026-02-17T20:10:33.420+0000 7f7b49717640 1 -- 10.20.193.126:0/1248467951 --> [v2:10.20.193.126:3300/0,v1:10.20.193.126:6789/0] -- mon_subscribe({mgrmap=0+}) -- 0x7f7b441adb50 con 0x7f7b44073630
2026-02-17T20:10:33.637 INFO:teuthology.orchestra.run.trial126.stdout:/usr/bin/ceph: stderr
2026-02-17T20:10:33.420+0000 7f7b49717640 1 -- 10.20.193.126:0/1248467951 --> [v2:10.20.193.126:3300/0,v1:10.20.193.126:6789/0] -- mon_subscribe({osdmap=0}) -- 0x7f7b441b0840 con 0x7f7b44073630
2026-02-17T20:10:33.637 INFO:teuthology.orchestra.run.trial126.stdout:/usr/bin/ceph: stderr
2026-02-17T20:10:33.421+0000 7f7b417fa640 1 -- 10.20.193.126:0/1248467951 <== mon.0 v2:10.20.193.126:3300/0 4 ==== mgrmap(e 8) ==== 50260+0+0 (secure 0 0 0) 0x7f7b300425f0 con 0x7f7b44073630
2026-02-17T20:10:33.637 INFO:teuthology.orchestra.run.trial126.stdout:/usr/bin/ceph: stderr
2026-02-17T20:10:33.421+0000 7f7b49717640 1 -- 10.20.193.126:0/1248467951 --> [v2:10.20.193.126:3300/0,v1:10.20.193.126:6789/0] -- mon_command({"prefix": "get_command_descriptions"} v 0) -- 0x7f7b44073ab0 con 0x7f7b44073630
2026-02-17T20:10:33.638 INFO:teuthology.orchestra.run.trial126.stdout:/usr/bin/ceph: stderr
2026-02-17T20:10:33.421+0000 7f7b417fa640 1 --2- 10.20.193.126:0/1248467951 >> [v2:10.20.193.126:6800/2395414701,v1:10.20.193.126:6801/2395414701] conn(0x7f7b1803dc40 0x7f7b18040100 unknown :-1 s=NONE pgs=0 cs=0 l=1 rev1=0 crypto rx=0 tx=0 comp rx=0 tx=0).connect
2026-02-17T20:10:33.638 INFO:teuthology.orchestra.run.trial126.stdout:/usr/bin/ceph: stderr
